12-30 11:03:25.474   398   464 I vw-vhal : CanSignalsAdapter::notifyVehicleProperty: solvedValue = {.timestamp = 8741296785373, .areaId = 0, .prop = 557850763, .status = AVAILABLE, .value = {.int32Values = [1]{0}, .floatValues = [0]{}, .int64Values = [0]{}, .bytes = [0]{}, .stringValue = ""}}
12-30 11:03:25.475   398   464 I VehiclePropertyStore: begin to write value to Store: {.timestamp = 8741296785373, .areaId = 0, .prop = 557850763, .status = AVAILABLE, .value = {.int32Values = [1]{0}, .floatValues = [0]{}, .int64Values = [0]{}, .bytes = [0]{}, .stringValue = ""}}
12-30 11:03:25.475   398   464 I DefaultVehicleHal_v2_0: DefaultVehicleHal::onPropertyValue, value:{.timestamp = 8741296785373, .areaId = 0, .prop = 557850763, .status = AVAILABLE, .value = {.int32Values = [1]{0}, .floatValues = [0]{}, .int64Values = [0]{}, .bytes = [0]{}, .stringValue = ""}}
12-30 11:03:25.475   398   464 D DiagPropHandler: is not DiagnosticConfig: 0x2140208b
12-30 11:03:25.475   398   464 I VehiclePropertyStore: begin to write value to Store: {.timestamp = 8741296785373, .areaId = 0, .prop = 557850763, .status = AVAILABLE, .value = {.int32Values = [1]{0}, .floatValues = [0]{}, .int64Values = [0]{}, .bytes = [0]{}, .stringValue = ""}}
12-30 11:03:25.475   398   464 D adayocomadapter-CommunicationManager: onUpstreamReceive mPropertyId 0x2140208b
12-30 11:03:25.475   398   464 D adayocomadapter-CommunicationManager: onUpstreamReceive mPropertyId 0x21402193
12-30 11:03:25.475   398   464 D adayocomadapter-CommunicationManager: convertBytesToInt32Memcpy  0
12-30 11:03:25.475   398   464 I vw-vhal : notifyVehicleProperty, propId = 0x21402193, data = {status: 2, int32Values: [0]}
12-30 11:03:25.475   398   464 I vw-vhal : CanSignalsAdapter::notifyVehicleProperty: solvedValue = {.timestamp = 8741297471706, .areaId = 0, .prop = 557851027, .status = AVAILABLE, .value = {.int32Values = [1]{0}, .floatValues = [0]{}, .int64Values = [0]{}, .bytes = [0]{}, .stringValue = ""}}
12-30 11:03:25.475   398   464 I VehiclePropertyStore: begin to write value to Store: {.timestamp = 8741297471706, .areaId = 0, .prop = 557851027, .status = AVAILABLE, .value = {.int32Values = [1]{0}, .floatValues = [0]{}, .int64Values = [0]{}, .bytes = [0]{}, .stringValue = ""}}
12-30 11:03:25.475   398   464 I DefaultVehicleHal_v2_0: DefaultVehicleHal::onPropertyValue, value:{.timestamp = 8741297471706, .areaId = 0, .prop = 557851027, .status = AVAILABLE, .value = {.int32Values = [1]{0}, .floatValues = [0]{}, .int64Values = [0]{}, .bytes = [0]{}, .stringValue = ""}}
12-30 11:03:25.475   398   464 D DiagPropHandler: is not DiagnosticConfig: 0x21402193
12-30 11:03:25.475   398   464 I VehiclePropertyStore: begin to write value to Store: {.timestamp = 8741297471706, .areaId = 0, .prop = 557851027, .status = AVAILABLE, .value = {.int32Values = [1]{0}, .floatValues = [0]{}, .int64Values = [0]{}, .bytes = [0]{}, .stringValue = ""}}
12-30 11:03:25.476   398   464 D adayocomadapter-CommunicationManager: onUpstreamReceive mPropertyId 0x21402193
12-30 11:03:25.476   398   464 D adayocomadapter-CommunicationManager: onUpstreamReceive mPropertyId 0x2140208c
12-30 11:03:25.476   398   464 D adayocomadapter-CommunicationManager: convertBytesToInt32Memcpy  0
12-30 11:03:25.476   398   464 I vw-vhal : notifyVehicleProperty, propId = 0x2140208c, data = {status: 2, int32Values: [0]}
12-30 11:03:25.476   398   464 I vw-vhal : CanSignalsAdapter::notifyVehicleProperty: solvedValue = {.timestamp = 8741298128040, .areaId = 0, .prop = 557850764, .status = AVAILABLE, .value = {.int32Values = [1]{0}, .floatValues = [0]{}, .int64Values = [0]{}, .bytes = [0]{}, .stringValue = ""}}
12-30 11:03:25.476   398   464 I VehiclePropertyStore: begin to write value to Store: {.timestamp = 8741298128040, .areaId = 0, .prop = 557850764, .status = AVAILABLE, .value = {.int32Values = [1]{0}, .floatValues = [0]{}, .int64Values = [0]{}, .bytes = [0]{}, .stringValue = ""}}
12-30 11:03:25.476   398   464 I DefaultVehicleHal_v2_0: DefaultVehicleHal::onPropertyValue, value:{.timestamp = 8741298128040, .areaId = 0, .prop = 557850764, .status = AVAILABLE, .value = {.int32Values = [1]{0}, .floatValues = [0]{}, .int64Values = [0]{}, .bytes = [0]{}, .stringValue = ""}}
12-30 11:03:25.476   398   464 D DiagPropHandler: is not DiagnosticConfig: 0x2140208c
12-30 11:03:25.476   398   464 I VehiclePropertyStore: begin to write value to Store: {.timestamp = 8741298128040, .areaId = 0, .prop = 557850764, .status = AVAILABLE, .value = {.int32Values = [1]{0}, .floatValues = [0]{}, .int64Values = [0]{}, .bytes = [0]{}, .stringValue = ""}}
12-30 11:03:25.476   398   464 D adayocomadapter-CommunicationManager: onUpstreamReceive mPropertyId 0x2140208c
12-30 11:03:25.476   398   464 D adayocomadapter-CommunicationManager: onUpstreamReceive mPropertyId 0x21402194
12-30 11:03:25.476   398   464 D adayocomadapter-CommunicationManager: convertBytesToInt32Memcpy  0
12-30 11:03:25.476   398   464 I vw-vhal : notifyVehicleProperty, propId = 0x21402194, data = {status: 2, int32Values: [0]}
12-30 11:03:25.476   398   464 I vw-vhal : CanSignalsAdapter::notifyVehicleProperty: solvedValue = {.timestamp = 8741298784373, .areaId = 0, .prop = 557851028, .status = AVAILABLE, .value = {.int32Values = [1]{0}, .floatValues = [0]{}, .int64Values = [0]{}, .bytes = [0]{}, .stringValue = ""}}
12-30 11:03:25.477   398   464 I VehiclePropertyStore: begin to write value to Store: {.timestamp = 8741298784373, .areaId = 0, .prop = 557851028, .status = AVAILABLE, .value = {.int32Values = [1]{0}, .floatValues = [0]{}, .int64Values = [0]{}, .bytes = [0]{}, .stringValue = ""}}
12-30 11:03:25.477   398   464 I DefaultVehicleHal_v2_0: DefaultVehicleHal::onPropertyValue, value:{.timestamp = 8741298784373, .areaId = 0, .prop = 557851028, .status = AVAILABLE, .value = {.int32Values = [1]{0}, .floatValues = [0]{}, .int64Values = [0]{}, .bytes = [0]{}, .stringValue = ""}}
12-30 11:03:25.477   398   464 D DiagPropHandler: is not DiagnosticConfig: 0x21402194
12-30 11:03:25.477   398   464 I VehiclePropertyStore: begin to write value to Store: {.timestamp = 8741298784373, .areaId = 0, .prop = 557851028, .status = AVAILABLE, .value = {.int32Values = [1]{0}, .floatValues = [0]{}, .int64Values = [0]{}, .bytes = [0]{}, .stringValue = ""}}
12-30 11:03:25.477   398   464 D adayocomadapter-CommunicationManager: onUpstreamReceive mPropertyId 0x21402194
12-30 11:03:25.477   398   464 D adayocomadapter-CommunicationManager: onUpstreamReceive mPropertyId 0x2140208d
12-30 11:03:25.477   398   464 D adayocomadapter-CommunicationManager: convertBytesToInt32Memcpy  0
12-30 11:03:25.477   398   464 I vw-vhal : notifyVehicleProperty, propId = 0x2140208d, data = {status: 2, int32Values: [0]}
12-30 11:03:25.477   398   464 I vw-vhal : CanSignalsAdapter::notifyVehicleProperty: solvedValue = {.timestamp = 8741299439706, .areaId = 0, .prop = 557850765, .status = AVAILABLE, .value = {.int32Values = [1]{0}, .floatValues = [0]{}, .int64Values = [0]{}, .bytes = [0]{}, .stringValue = ""}}
12-30 11:03:25.477   398   464 I VehiclePropertyStore: begin to write value to Store: {.timestamp = 8741299439706, .areaId = 0, .prop = 557850765, .status = AVAILABLE, .value = {.int32Values = [1]{0}, .floatValues = [0]{}, .int64Values = [0]{}, .bytes = [0]{}, .stringValue = ""}}
12-30 11:03:25.477   398   464 I DefaultVehicleHal_v2_0: DefaultVehicleHal::onPropertyValue, value:{.timestamp = 8741299439706, .areaId = 0, .prop = 557850765, .status = AVAILABLE, .value = {.int32Values = [1]{0}, .floatValues = [0]{}, .int64Values = [0]{}, .bytes = [0]{}, .stringValue = ""}}
12-30 11:03:25.477   398   464 D DiagPropHandler: is not DiagnosticConfig: 0x2140208d
12-30 11:03:25.477   398   464 I VehiclePropertyStore: begin to write value to Store: {.timestamp = 8741299439706, .areaId = 0, .prop = 557850765, .status = AVAILABLE, .value = {.int32Values = [1]{0}, .floatValues = [0]{}, .int64Values = [0]{}, .bytes = [0]{}, .stringValue = ""}}
12-30 11:03:25.478   398   464 D adayocomadapter-CommunicationManager: onUpstreamReceive mPropertyId 0x2140208d
12-30 11:03:25.478   398   464 D adayocomadapter-CommunicationManager: onUpstreamReceive mPropertyId 0x21402195
12-30 11:03:25.478   398   464 D adayocomadapter-CommunicationManager: convertBytesToInt32Memcpy  0
12-30 11:03:25.478   398   464 I vw-vhal : notifyVehicleProperty, propId = 0x21402195, data = {status: 2, int32Values: [0]}
12-30 11:03:25.478   398   464 I vw-vhal : CanSignalsAdapter::notifyVehicleProperty: solvedValue = {.timestamp = 8741300125706, .areaId = 0, .prop = 557851029, .status = AVAILABLE, .value = {.int32Values = [1]{0}, .floatValues = [0]{}, .int64Values = [0]{}, .bytes = [0]{}, .stringValue = ""}}
12-30 11:03:25.478   398   464 I VehiclePropertyStore: begin to write value to Store: {.timestamp = 8741300125706, .areaId = 0, .prop = 557851029, .status = AVAILABLE, .value = {.int32Values = [1]{0}, .floatValues = [0]{}, .int64Values = [0]{}, .bytes = [0]{}, .stringValue = ""}}
12-30 11:03:25.478   398   464 I DefaultVehicleHal_v2_0: DefaultVehicleHal::onPropertyValue, value:{.timestamp = 8741300125706, .areaId = 0, .prop = 557851029, .status = AVAILABLE, .value = {.int32Values = [1]{0}, .floatValues = [0]{}, .int64Values = [0]{}, .bytes = [0]{}, .stringValue = ""}}
12-30 11:03:25.478   398   464 D DiagPropHandler: is not DiagnosticConfig: 0x21402195
12-30 11:03:25.478   398   464 I VehiclePropertyStore: begin to write value to Store: {.timestamp = 8741300125706, .areaId = 0, .prop = 557851029, .status = AVAILABLE, .value = {.int32Values = [1]{0}, .floatValues = [0]{}, .int64Values = [0]{}, .bytes = [0]{}, .stringValue = ""}}
12-30 11:03:25.478   398   464 D adayocomadapter-CommunicationManager: onUpstreamReceive mPropertyId 0x21402195
12-30 11:03:25.478   398   464 D adayocomadapter-CommunicationManager: onUpstreamReceive mPropertyId 0x21402192
12-30 11:03:25.478   398   464 D adayocomadapter-CommunicationManager: convertBytesToInt32Memcpy  0
12-30 11:03:25.478   398   464 I vw-vhal : notifyVehicleProperty, propId = 0x21402192, data = {status: 2, int32Values: [0]}
12-30 11:03:25.479   360   931 D EvsDriver: forwardFrame
12-30 11:03:25.479   360   931 D EvsDriver: forwardFrameDirect
12-30 11:03:25.478   398   464 I vw-vhal : CanSignalsAdapter::notifyVehicleProperty: solvedValue = {.timestamp = 8741300790706, .areaId = 0, .prop = 557851026, .status = AVAILABLE, .value = {.int32Values = [1]{0}, .floatValues = [0]{}, .int64Values = [0]{}, .bytes = [0]{}, .stringValue = ""}}
12-30 11:03:25.479   360   931 D EvsDriver: Delivered 0xb400e2ca9e40d090 as id 1
12-30 11:03:25.479   398   464 I VehiclePropertyStore: begin to write value to Store: {.timestamp = 8741300790706, .areaId = 0, .prop = 557851026, .status = AVAILABLE, .value = {.int32Values = [1]{0}, .floatValues = [0]{}, .int64Values = [0]{}, .bytes = [0]{}, .stringValue = ""}}
12-30 11:03:25.479   398   464 I DefaultVehicleHal_v2_0: DefaultVehicleHal::onPropertyValue, value:{.timestamp = 8741300790706, .areaId = 0, .prop = 557851026, .status = AVAILABLE, .value = {.int32Values = [1]{0}, .floatValues = [0]{}, .int64Values = [0]{}, .bytes = [0]{}, .stringValue = ""}}
12-30 11:03:25.479   359  2784 D evsmanagerd: /dev/video-evs0 forwarded the buffer #1 to 0xb400f125d2b26dd0 from 0xb400f125e2b20710
12-30 11:03:25.479   398   464 D DiagPropHandler: is not DiagnosticConfig: 0x21402192
12-30 11:03:25.479   398   464 I VehiclePropertyStore: begin to write value to Store: {.timestamp = 8741300790706, .areaId = 0, .prop = 557851026, .status = AVAILABLE, .value = {.int32Values = [1]{0}, .floatValues = [0]{}, .int64Values = [0]{}, .bytes = [0]{}, .stringValue = ""}}
12-30 11:03:25.479   398   464 D adayocomadapter-CommunicationManager: onUpstreamReceive mPropertyId 0x21402192
12-30 11:03:25.480   398   464 D adayocomadapter-CommunicationManager: onUpstreamReceive mPropertyId 0x2140208a
12-30 11:03:25.480   398   464 D adayocomadapter-CommunicationManager: convertBytesToInt32Memcpy  0
12-30 11:03:25.480   398   464 I vw-vhal : notifyVehicleProperty, propId = 0x2140208a, data = {status: 2, int32Values: [0]}
12-30 11:03:25.480   398   464 I vw-vhal : CanSignalsAdapter::notifyVehicleProperty: solvedValue = {.timestamp = 8741302080706, .areaId = 0, .prop = 557850762, .status = AVAILABLE, .value = {.int32Values = [1]{0}, .floatValues = [0]{}, .int64Values = [0]{}, .bytes = [0]{}, .stringValue = ""}}
12-30 11:03:25.480   398   464 I VehiclePropertyStore: begin to write value to Store: {.timestamp = 8741302080706, .areaId = 0, .prop = 557850762, .status = AVAILABLE, .value = {.int32Values = [1]{0}, .floatValues = [0]{}, .int64Values = [0]{}, .bytes = [0]{}, .stringValue = ""}}
12-30 11:03:25.480   398   464 I DefaultVehicleHal_v2_0: DefaultVehicleHal::onPropertyValue, value:{.timestamp = 8741302080706, .areaId = 0, .prop = 557850762, .status = AVAILABLE, .value = {.int32Values = [1]{0}, .floatValues = [0]{}, .int64Values = [0]{}, .bytes = [0]{}, .stringValue = ""}}
12-30 11:03:25.480   398   464 D DiagPropHandler: is not DiagnosticConfig: 0x2140208a
12-30 11:03:25.480   398   464 I VehiclePropertyStore: begin to write value to Store: {.timestamp = 8741302080706, .areaId = 0, .prop = 557850762, .status = AVAILABLE, .value = {.int32Values = [1]{0}, .floatValues = [0]{}, .int64Values = [0]{}, .bytes = [0]{}, .stringValue = ""}}
12-30 11:03:25.480   398   464 D adayocomadapter-CommunicationManager: onUpstreamReceive mPropertyId 0x2140208a
12-30 11:03:25.480   398   464 D adayocomadapter-CommunicationManager: onUpstreamReceive mPropertyId 0x21402196
12-30 11:03:25.480   398   464 D adayocomadapter-CommunicationManager: convertBytesToInt32Memcpy  0
12-30 11:03:25.480   398   464 I vw-vhal : notifyVehicleProperty, propId = 0x21402196, data = {status: 2, int32Values: [0]}
12-30 11:03:25.480   398   464 I vw-vhal : CanSignalsAdapter::notifyVehicleProperty: solvedValue = {.timestamp = 8741302759706, .areaId = 0, .prop = 557851030, .status = AVAILABLE, .value = {.int32Values = [1]{0}, .floatValues = [0]{}, .int64Values = [0]{}, .bytes = [0]{}, .stringValue = ""}}
12-30 11:03:25.481   398   464 I VehiclePropertyStore: begin to write value to Store: {.timestamp = 8741302759706, .areaId = 0, .prop = 557851030, .status = AVAILABLE, .value = {.int32Values = [1]{0}, .floatValues = [0]{}, .int64Values = [0]{}, .bytes = [0]{}, .stringValue = ""}}
12-30 11:03:25.481   398   464 I DefaultVehicleHal_v2_0: DefaultVehicleHal::onPropertyValue, value:{.timestamp = 8741302759706, .areaId = 0, .prop = 557851030, .status = AVAILABLE, .value = {.int32Values = [1]{0}, .floatValues = [0]{}, .int64Values = [0]{}, .bytes = [0]{}, .stringValue = ""}}
12-30 11:03:25.481   398   464 D DiagPropHandler: is not DiagnosticConfig: 0x21402196
12-30 11:03:25.481   398   464 I VehiclePropertyStore: begin to write value to Store: {.timestamp = 8741302759706, .areaId = 0, .prop = 557851030, .status = AVAILABLE, .value = {.int32Values = [1]{0}, .floatValues = [0]{}, .int64Values = [0]{}, .bytes = [0]{}, .stringValue = ""}}
12-30 11:03:25.481   398   464 D adayocomadapter-CommunicationManager: onUpstreamReceive mPropertyId 0x21402196
12-30 11:03:25.481   398   464 D adayocomadapter-CommunicationManager: onUpstreamReceive mPropertyId 0x21402197
12-30 11:03:25.481   398   464 D adayocomadapter-CommunicationManager: convertBytesToInt32Memcpy  0
12-30 11:03:25.481   398   464 I vw-vhal : notifyVehicleProperty, propId = 0x21402197, data = {status: 2, int32Values: [0]}
12-30 11:03:25.481   398   464 I vw-vhal : CanSignalsAdapter::notifyVehicleProperty: solvedValue = {.timestamp = 8741303423706, .areaId = 0, .prop = 557851031, .status = AVAILABLE, .value = {.int32Values = [1]{0}, .floatValues = [0]{}, .int64Values = [0]{}, .bytes = [0]{}, .stringValue = ""}}
12-30 11:03:25.481   398   464 I VehiclePropertyStore: begin to write value to Store: {.timestamp = 8741303423706, .areaId = 0, .prop = 557851031, .status = AVAILABLE, .value = {.int32Values = [1]{0}, .floatValues = [0]{}, .int64Values = [0]{}, .bytes = [0]{}, .stringValue = ""}}
12-30 11:03:25.481   398   464 I DefaultVehicleHal_v2_0: DefaultVehicleHal::onPropertyValue, value:{.timestamp = 8741303423706, .areaId = 0, .prop = 557851031, .status = AVAILABLE, .value = {.int32Values = [1]{0}, .floatValues = [0]{}, .int64Values = [0]{}, .bytes = [0]{}, .stringValue = ""}}
12-30 11:03:25.481   398   464 D DiagPropHandler: is not DiagnosticConfig: 0x21402197
12-30 11:03:25.481   398   464 I VehiclePropertyStore: begin to write value to Store: {.timestamp = 8741303423706, .areaId = 0, .prop = 557851031, .status = AVAILABLE, .value = {.int32Values = [1]{0}, .floatValues = [0]{}, .int64Values = [0]{}, .bytes = [0]{}, .stringValue = ""}}
12-30 11:03:25.482   398   464 D adayocomadapter-CommunicationManager: onUpstreamReceive mPropertyId 0x21402197
12-30 11:03:25.482   398   464 D adayocomadapter-CommunicationManager: onUpstreamReceive mPropertyId 0x21402199
12-30 11:03:25.482   398   464 D adayocomadapter-CommunicationManager: convertBytesToInt32Memcpy  0
12-30 11:03:25.482   398   464 I vw-vhal : notifyVehicleProperty, propId = 0x21402199, data = {status: 2, int32Values: [0]}
12-30 11:03:25.482   398   464 I vw-vhal : CanSignalsAdapter::notifyVehicleProperty: solvedValue = {.timestamp = 8741304309040, .areaId = 0, .prop = 557851033, .status = AVAILABLE, .value = {.int32Values = [1]{0}, .floatValues = [0]{}, .int64Values = [0]{}, .bytes = [0]{}, .stringValue = ""}}
12-30 11:03:25.482   398   464 I VehiclePropertyStore: begin to write value to Store: {.timestamp = 8741304309040, .areaId = 0, .prop = 557851033, .status = AVAILABLE, .value = {.int32Values = [1]{0}, .floatValues = [0]{}, .int64Values = [0]{}, .bytes = [0]{}, .stringValue = ""}}
12-30 11:03:25.482   360   458 D EvsDriver: doneWithFrame
12-30 11:03:25.482   398   464 I DefaultVehicleHal_v2_0: DefaultVehicleHal::onPropertyValue, value:{.timestamp = 8741304309040, .areaId = 0, .prop = 557851033, .status = AVAILABLE, .value = {.int32Values = [1]{0}, .floatValues = [0]{}, .int64Values = [0]{}, .bytes = [0]{}, .stringValue = ""}}
12-30 11:03:25.482   398   464 D DiagPropHandler: is not DiagnosticConfig: 0x21402199
12-30 11:03:25.482   398   464 I VehiclePropertyStore: begin to write value to Store: {.timestamp = 8741304309040, .areaId = 0, .prop = 557851033, .status = AVAILABLE, .value = {.int32Values = [1]{0}, .floatValues = [0]{}, .int64Values = [0]{}, .bytes = [0]{}, .stringValue = ""}}
12-30 11:03:25.482   398   464 D adayocomadapter-CommunicationManager: onUpstreamReceive mPropertyId 0x21402199
12-30 11:03:25.489   594  8666 D resolv  : retrying_poll: 12 retrying_poll timeout
12-30 11:03:25.489   594  8666 D resolv  : send_dg: timeout
12-30 11:03:25.489   594  8666 I resolv  : res_nsend: used send_dg 0 terrno: 110
12-30 11:03:25.489   594  8666 D resolv  : res_nsend: Querying server (# 2) address = 8.8.8.8:53
12-30 11:03:25.490   594  8666 D resolv  : get_timeout: using timeout of 5000 msec
12-30 11:03:25.490   594  8666 D resolv  : retrying_poll: 13 retrying_poll
12-30 11:03:25.497  2358  2623 D RcfController: Rcf proxy is not connected!
12-30 11:03:25.512   360   931 D EvsDriver: forwardFrame
12-30 11:03:25.512   360   931 D EvsDriver: forwardFrameDirect
12-30 11:03:25.512   360   931 D EvsDriver: Delivered 0xb400e2ca9e40e110 as id 0
12-30 11:03:25.513   359  2784 D evsmanagerd: /dev/video-evs0 forwarded the buffer #0 to 0xb400f125d2b26dd0 from 0xb400f125e2b20710
12-30 11:03:25.516   596  3076 E WifiHAL : Invalid data received from driver
12-30 11:03:25.516  3066  3066 D hostapd : nl80211: BSS Event 59 (NL80211_CMD_FRAME) received for wlan1
12-30 11:03:25.516  3066  3066 D hostapd : nl80211: RX frame da=ff:ff:ff:ff:ff:ff sa=16:a5:be:dc:88:df bssid=16:a5:be:dc:88:df freq=5745 ssi_signal=-9100 fc=0xd0 seq_ctrl=0xe80 stype=13 (WLAN_FC_STYPE_ACTION) len=42
12-30 11:03:25.516  3066  3066 D hostapd : wlan1: Event RX_MGMT (18) received
12-30 11:03:25.516  3066  3066 D hostapd : Receive wpa msg : Event RX_MGMT (18) received
12-30 11:03:25.523   360   458 D EvsDriver: doneWithFrame
12-30 11:03:25.537  3066  3066 D hostapd : nl80211: BSS Event 59 (NL80211_CMD_FRAME) received for wlan1
12-30 11:03:25.537  3066  3066 D hostapd : nl80211: RX frame da=ff:ff:ff:ff:ff:ff sa=16:a5:be:dc:88:df bssid=16:a5:be:dc:88:df freq=5745 ssi_signal=-9100 fc=0xd0 seq_ctrl=0xe90 stype=13 (WLAN_FC_STYPE_ACTION) len=42
12-30 11:03:25.537  3066  3066 D hostapd : wlan1: Event RX_MGMT (18) received
12-30 11:03:25.537  3066  3066 D hostapd : Receive wpa msg : Event RX_MGMT (18) received
12-30 11:03:25.545   360   931 D EvsDriver: forwardFrame
12-30 11:03:25.545   360   931 D EvsDriver: forwardFrameDirect
12-30 11:03:25.546   360   931 D EvsDriver: Delivered 0xb400e2ca9e40c7a0 as id 1
12-30 11:03:25.546   359  2784 D evsmanagerd: /dev/video-evs0 forwarded the buffer #1 to 0xb400f125d2b26dd0 from 0xb400f125e2b20710
12-30 11:03:25.547  2358  2623 D RcfController: Rcf proxy is not connected!
12-30 11:03:25.553   360   458 D EvsDriver: doneWithFrame
12-30 11:03:25.559   596  3076 E WifiHAL : Invalid data received from driver
12-30 11:03:25.579   360   931 D EvsDriver: forwardFrame
12-30 11:03:25.579   360   931 D EvsDriver: forwardFrameDirect
12-30 11:03:25.579   360   931 D EvsDriver: Delivered 0xb400e2ca9e40e270 as id 0
12-30 11:03:25.579   359  2784 D evsmanagerd: /dev/video-evs0 forwarded the buffer #0 to 0xb400f125d2b26dd0 from 0xb400f125e2b20710
12-30 11:03:25.583   360   458 D EvsDriver: doneWithFrame
12-30 11:03:25.597  2358  2623 D RcfController: Rcf proxy is not connected!
12-30 11:03:25.612   360   931 D EvsDriver: forwardFrame
12-30 11:03:25.612   360   931 D EvsDriver: forwardFrameDirect
12-30 11:03:25.612   360   931 D EvsDriver: Delivered 0xb400e2ca9e40d4b0 as id 1
12-30 11:03:25.612   359  2784 D evsmanagerd: /dev/video-evs0 forwarded the buffer #1 to 0xb400f125d2b26dd0 from 0xb400f125e2b20710
12-30 11:03:25.614   360   458 D EvsDriver: doneWithFrame
12-30 11:03:25.626   596  3076 E WifiHAL : Invalid data received from driver
12-30 11:03:25.629  1667  2410 I media_message_log->MediaMessageUserProxy: (SourceFile:1)b connectToService action bind
12-30 11:03:25.630   916  1847 W ActivityManager: Unable to start service Intent { cmp=com.adayo.server.mediamessagetransfer/.MediaMessTransferService (has extras) } U=0: not found
12-30 11:03:25.631  1667  2410 E media_message_log->MediaMessageUserProxy: (SourceFile:7)a bindServiceAsUser isBound = false
12-30 11:03:25.645   360   931 D EvsDriver: forwardFrame
12-30 11:03:25.645   360   931 D EvsDriver: forwardFrameDirect
12-30 11:03:25.646   360   931 D EvsDriver: Delivered 0xb400e2ca9e40c2d0 as id 0
12-30 11:03:25.646   359  2784 D evsmanagerd: /dev/video-evs0 forwarded the buffer #0 to 0xb400f125d2b26dd0 from 0xb400f125e2b20710
12-30 11:03:25.648  2358  2623 D RcfController: Rcf proxy is not connected!
12-30 11:03:25.649  3066  3066 D hostapd : nl80211: BSS Event 59 (NL80211_CMD_FRAME) received for wlan1
12-30 11:03:25.649  3066  3066 D hostapd : nl80211: RX frame da=ff:ff:ff:ff:ff:ff sa=16:a5:be:dc:88:df bssid=16:a5:be:dc:88:df freq=5745 ssi_signal=-9000 fc=0xd0 seq_ctrl=0xee0 stype=13 (WLAN_FC_STYPE_ACTION) len=42
12-30 11:03:25.649  3066  3066 D hostapd : wlan1: Event RX_MGMT (18) received
12-30 11:03:25.649  3066  3066 D hostapd : Receive wpa msg : Event RX_MGMT (18) received
12-30 11:03:25.654   360   458 D EvsDriver: doneWithFrame
12-30 11:03:25.662   798  8812 W adbd    : timed out while waiting for FUNCTIONFS_BIND, trying again
12-30 11:03:25.662   798  8812 I adbd    : UsbFfs: connection terminated: monitor thread finished
12-30 11:03:25.662   798   798 I adbd    : UsbFfs: already offline
12-30 11:03:25.662   798   798 I adbd    : destroying transport UsbFfs
12-30 11:03:25.662   798   798 I adbd    : UsbFfsConnection being destroyed
12-30 11:03:25.663  1628  1851 I CCarServiceManager: CarServiceManager->t()35:link:[48]     ---26:pool-2-thread-1
12-30 11:03:25.663  1628  1851 I CCarServiceManager: CarServiceManager->t()64:link 转换后:48     ---26:pool-2-thread-1
12-30 11:03:25.664  1628  1851 I CCarServiceManager: CarServiceManager->t()84:link 转换后:48     ---26:pool-2-thread-1
12-30 11:03:25.664  1628  1851 D CarPropertyManager: setProperty, propertyId: 0x2141400f, areaId: 0x0, class: class [Ljava.lang.Integer;, val: [Ljava.lang.Integer;@95b41ff
12-30 11:03:25.665  1365  2014 D CarPropertyService: mSyncGetSetPropertyOpCount: 1
12-30 11:03:25.666   398  2883 I DefaultVehicleHal_v2_0: DefaultVehicleHal::set, current value:{.timestamp = 0, .areaId = 0, .prop = 557924367, .status = AVAILABLE, .value = {.int32Values = [1]{0}, .floatValues = [0]{}, .int64Values = [0]{}, .bytes = [0]{}, .stringValue = ""}}
12-30 11:03:25.666   398  2883 I DefaultVehicleHalServer: onSetProperty(0x2141400f)
12-30 11:03:25.666   398  2883 D vw-vhal : CanSignalsAdapter::setVehicleProperty: propValue = {.timestamp = 0, .areaId = 0, .prop = 557924367, .status = AVAILABLE, .value = {.int32Values = [1]{1}, .floatValues = [0]{}, .int64Values = [0]{}, .bytes = [0]{}, .stringValue = ""}}
12-30 11:03:25.666   398  2883 D vw-vhal : CanSignalsAdapter::setVehicleProperty: propId = 0x2141400f, data = {status: 0, int32Values: [1]}
12-30 11:03:25.666   398  2883 D adayocomadapter-CommunicationManager: setProperty id=[557924367]
12-30 11:03:25.666   398  2883 D adayocomadapter-CommunicationManager: writeValue id=[557924367]
12-30 11:03:25.666   398  2883 D adayocomadapter-VehiclePropertyStore: writeValue id=[557924367]
12-30 11:03:25.666   398  2883 D adayocomadapter-CommunicationManager: sendToDownstream mPropertyId 0x2141400f
12-30 11:03:25.667   398  2883 D adayocomadapter-ParseProtocolFunc: printRaWMsg Name[sendToDownstream] len[4] data[00000000]
12-30 11:03:25.667   398  2883 D adayocomadapter-ParseProtocolFunc: printRaWMsg Name[sendToDownstream] len[4] data[2141400F]
12-30 11:03:25.667   398  2883 D adayocomadapter-ParseProtocolFunc: printRaWMsg Name[sendToDownstream] len[5] data[2141400F01]
12-30 11:03:25.667   398  2883 D adayocomadapter-CommunicationManager: sendToDownstream ret[0]   member[130] dataLength[1] timePoint[8741489] 
12-30 11:03:25.667   398  2883 D adayocomadapter-ParseProtocolFunc: printRaWMsg Name[sendToDownstream] len[5] data[2141400F01]
12-30 11:03:25.667   398  2883 D adayocomadapter-CommunicationManager: sendToDownstream  000 mPropertyId[0x557924367]  
12-30 11:03:25.667   398   698 D adayocomadapter-DownstreamHandler: processBeforePacket downSreamtProcessTimePoint[8741489] 
12-30 11:03:25.667   398   698 D adayocomadapter-DownstreamHandler: DownstreamHandler processPacket 
12-30 11:03:25.667   398   698 D adayocomadapter-DownstreamHandler: DownstreamHandler processPacket valueIndex 0x2141400f
12-30 11:03:25.667   398   698 D adayocomadapter-DownstreamHandler: DownstreamHandler processPacket 0002
12-30 11:03:25.667   398   698 D adayocomadapter-DownstreamHandler: DownstreamHandler processPacket sendMCUData2 
12-30 11:03:25.667  1365  2014 D CarPropertyService: mSyncGetSetPropertyOpCount: 0
12-30 11:03:25.667   398   698 D adayocomadapter-CommunicationManager: sendMCUData 
12-30 11:03:25.667   398   698 D adayocomadapter-MCUInterfaceHandler: sendToMCU start
12-30 11:03:25.668   650   730 D fgemcucomm: sd Uart data : 6AA6011A6500081202022141400F01B0
12-30 11:03:25.668   398   698 D adayocomadapter-ParseProtocolFunc: printRaWMsg Name[sendToMCU] len[8] data[1202022141400F01]
12-30 11:03:25.668  1628  1851 I CCarServiceManager: CarServiceManager->t()118:link:0     ---26:pool-2-thread-1
12-30 11:03:25.673   596  3076 E WifiHAL : Invalid data received from driver
12-30 11:03:25.675   650   730 D fgemcucomm: file = hardware/interfaces/fgemcucomm/1.0/default/mcucomm/src/mcuCommFunctionTimer.cpp, function = startTimer  start timer OK = 6757 
12-30 11:03:25.679   360   931 D EvsDriver: forwardFrame
12-30 11:03:25.679   360   931 D EvsDriver: forwardFrameDirect
12-30 11:03:25.679   360   931 D EvsDriver: Delivered 0xb400e2ca9e40d090 as id 1
12-30 11:03:25.679   359  2784 D evsmanagerd: /dev/video-evs0 forwarded the buffer #1 to 0xb400f125d2b26dd0 from 0xb400f125e2b20710
12-30 11:03:25.685   360   458 D EvsDriver: doneWithFrame
12-30 11:03:25.694   650   729 D fgemcucomm: file = hardware/interfaces/fgemcucomm/1.0/default/mcucomm/src/mcuCommFunctionTimer.cpp, func = stopTimer  stop timer = 6757 
12-30 11:03:25.694   650   729 D fgemcucomm: rev uart=72221,len=10, data : 6AA6821A6500021202E9
12-30 11:03:25.698  2358  2623 D RcfController: Rcf proxy is not connected!
12-30 11:03:25.698   798   838 I adbd    : opening control endpoint /dev/usb-ffs/adb/ep0
12-30 11:03:25.699   798   838 I adbd    : UsbFfsConnection constructed
12-30 11:03:25.700   798  8814 I adbd    : UsbFfs-monitor thread spawned
12-30 11:03:25.700  3066  3066 D hostapd : nl80211: BSS Event 59 (NL80211_CMD_FRAME) received for wlan1
12-30 11:03:25.700  3066  3066 D hostapd : nl80211: RX frame da=ff:ff:ff:ff:ff:ff sa=16:a5:be:dc:88:df bssid=16:a5:be:dc:88:df freq=5745 ssi_signal=-9100 fc=0xd0 seq_ctrl=0xf00 stype=13 (WLAN_FC_STYPE_ACTION) len=42
12-30 11:03:25.700  3066  3066 D hostapd : wlan1: Event RX_MGMT (18) received
12-30 11:03:25.700  3066  3066 D hostapd : Receive wpa msg : Event RX_MGMT (18) received
01-01 10:25:42.708   838   838 I         : read strings
12-30 11:03:25.712   360   931 D EvsDriver: forwardFrame
12-30 11:03:25.712   360   931 D EvsDriver: forwardFrameDirect
12-30 11:03:25.712   360   931 D EvsDriver: Delivered 0xb400e2ca9e40e110 as id 0
12-30 11:03:25.713   359  2784 D evsmanagerd: /dev/video-evs0 forwarded the buffer #0 to 0xb400f125d2b26dd0 from 0xb400f125e2b20710
12-30 11:03:25.715   360   458 D EvsDriver: doneWithFrame
12-30 11:03:25.721   596  3076 E WifiHAL : Invalid data received from driver
12-30 11:03:25.721  3066  3066 D hostapd : nl80211: BSS Event 59 (NL80211_CMD_FRAME) received for wlan1
12-30 11:03:25.721  3066  3066 D hostapd : nl80211: RX frame da=ff:ff:ff:ff:ff:ff sa=16:a5:be:dc:88:df bssid=16:a5:be:dc:88:df freq=5745 ssi_signal=-9000 fc=0xd0 seq_ctrl=0xf10 stype=13 (WLAN_FC_STYPE_ACTION) len=42
12-30 11:03:25.721  3066  3066 D hostapd : wlan1: Event RX_MGMT (18) received
12-30 11:03:25.721  3066  3066 D hostapd : Receive wpa msg : Event RX_MGMT (18) received
12-30 11:03:25.741  3066  3066 D hostapd : nl80211: BSS Event 59 (NL80211_CMD_FRAME) received for wlan1
12-30 11:03:25.741  3066  3066 D hostapd : nl80211: RX frame da=ff:ff:ff:ff:ff:ff sa=16:a5:be:dc:88:df bssid=16:a5:be:dc:88:df freq=5745 ssi_signal=-9000 fc=0xd0 seq_ctrl=0xf20 stype=13 (WLAN_FC_STYPE_ACTION) len=42
12-30 11:03:25.741  3066  3066 D hostapd : wlan1: Event RX_MGMT (18) received
12-30 11:03:25.741  3066  3066 D hostapd : Receive wpa msg : Event RX_MGMT (18) received
12-30 11:03:25.745   360   931 D EvsDriver: forwardFrame
12-30 11:03:25.745   360   931 D EvsDriver: forwardFrameDirect
12-30 11:03:25.746   360   931 D EvsDriver: Delivered 0xb400e2ca9e40c7a0 as id 1
12-30 11:03:25.746   359  2784 D evsmanagerd: /dev/video-evs0 forwarded the buffer #1 to 0xb400f125d2b26dd0 from 0xb400f125e2b20710
12-30 11:03:25.748  2358  2623 D RcfController: Rcf proxy is not connected!
12-30 11:03:25.754   650   729 D fgemcucomm: sd Uart data : 6AA60210CA000292028E
12-30 11:03:25.755   650   729 D fgemcucomm: rev uart=72222,len=15, data : 6AA68110CA00079202000200000008
12-30 11:03:25.755   398  2883 D adayocomadapter-ParseProtocolFunc: printRaWMsg Name[MCUToUPstream recv] len[7] data[92020002000000]
12-30 11:03:25.755   398  2883 D adayocomadapter-CommunicationManager: onUpstreamback   member[0] dataLength[4] timePoint[8741577]
12-30 11:03:25.755   398  2883 D adayocomadapter-ParseProtocolFunc: printRaWMsg Name[onUpstreamback] len[4] data[02000000]
12-30 11:03:25.755   398   464 D adayocomadapter-UpstreamHandler: processBeforePacket upSreamtProcessTimePoint[8741577] 
12-30 11:03:25.755   398   464 D adayocomadapter-UpstreamHandler: processPacket UPSTREAM_QUEUE_DATA_TIMEOUT
12-30 11:03:25.755   360   458 D EvsDriver: doneWithFrame
12-30 11:03:25.755   398   464 D adayocomadapter-ParseProtocolFunc: parseCommonIPCLBytes Processing tableNumber[2]
12-30 11:03:25.756   398   464 D adayocomadapter-ParseProtocolFunc: parseCommonIPCLBytes Processing tablename[Table-2] tableSize[4]
12-30 11:03:25.756   398   464 D adayocomadapter-ParseProtocolFunc: printRaWMsg Name[byteStream recv] len[4] data[02000000]
12-30 11:03:25.756   398   464 D adayocomadapter-ParseProtocolFunc: printRaWMsg Name[IPCLtoVHAL] len[6] data[214020490000]
12-30 11:03:25.756   398   464 D adayocomadapter-ParseProtocolFunc: printRaWMsg Name[IPCLtoVHAL] len[6] data[214021A20000]
12-30 11:03:25.756   398   464 D adayocomadapter-ParseProtocolFunc: printRaWMsg Name[IPCLtoVHAL] len[6] data[214020EA0000]
12-30 11:03:25.756   398   464 D adayocomadapter-CommunicationManager: onUpstreamReceive mPropertyId 0x21402049
12-30 11:03:25.756   398   464 D adayocomadapter-CommunicationManager: convertBytesToInt32Memcpy  0
12-30 11:03:25.756   398   464 I vw-vhal : notifyVehicleProperty, propId = 0x21402049, data = {status: 2, int32Values: [0]}
12-30 11:03:25.756   398   464 I vw-vhal : CanSignalsAdapter::notifyVehicleProperty: solvedValue = {.timestamp = 8741578379040, .areaId = 0, .prop = 557850697, .status = AVAILABLE, .value = {.int32Values = [1]{0}, .floatValues = [0]{}, .int64Values = [0]{}, .bytes = [0]{}, .stringValue = ""}}
12-30 11:03:25.756   398   464 I VehiclePropertyStore: begin to write value to Store: {.timestamp = 8741578379040, .areaId = 0, .prop = 557850697, .status = AVAILABLE, .value = {.int32Values = [1]{0}, .floatValues = [0]{}, .int64Values = [0]{}, .bytes = [0]{}, .stringValue = ""}}
12-30 11:03:25.756   398   464 I DefaultVehicleHal_v2_0: DefaultVehicleHal::onPropertyValue, value:{.timestamp = 8741578379040, .areaId = 0, .prop = 557850697, .status = AVAILABLE, .value = {.int32Values = [1]{0}, .floatValues = [0]{}, .int64Values = [0]{}, .bytes = [0]{}, .stringValue = ""}}
12-30 11:03:25.756   398   464 D DiagPropHandler: is not DiagnosticConfig: 0x21402049
12-30 11:03:25.756   398   464 I VehiclePropertyStore: begin to write value to Store: {.timestamp = 8741578379040, .areaId = 0, .prop = 557850697, .status = AVAILABLE, .value = {.int32Values = [1]{0}, .floatValues = [0]{}, .int64Values = [0]{}, .bytes = [0]{}, .stringValue = ""}}
12-30 11:03:25.757   398   464 D adayocomadapter-CommunicationManager: onUpstreamReceive mPropertyId 0x21402049
12-30 11:03:25.757   398   464 D adayocomadapter-CommunicationManager: onUpstreamReceive mPropertyId 0x214021a2
12-30 11:03:25.757   398   464 D adayocomadapter-CommunicationManager: convertBytesToInt32Memcpy  0
12-30 11:03:25.757   398   464 I vw-vhal : notifyVehicleProperty, propId = 0x214021a2, data = {status: 2, int32Values: [0]}
12-30 11:03:25.757   398   464 I vw-vhal : CanSignalsAdapter::notifyVehicleProperty: solvedValue = {.timestamp = 8741579126373, .areaId = 0, .prop = 557851042, .status = AVAILABLE, .value = {.int32Values = [1]{0}, .floatValues = [0]{}, .int64Values = [0]{}, .bytes = [0]{}, .stringValue = ""}}
12-30 11:03:25.757   398   464 I VehiclePropertyStore: begin to write value to Store: {.timestamp = 8741579126373, .areaId = 0, .prop = 557851042, .status = AVAILABLE, .value = {.int32Values = [1]{0}, .floatValues = [0]{}, .int64Values = [0]{}, .bytes = [0]{}, .stringValue = ""}}
12-30 11:03:25.757   398   464 I DefaultVehicleHal_v2_0: DefaultVehicleHal::onPropertyValue, value:{.timestamp = 8741579126373, .areaId = 0, .prop = 557851042, .status = AVAILABLE, .value = {.int32Values = [1]{0}, .floatValues = [0]{}, .int64Values = [0]{}, .bytes = [0]{}, .stringValue = ""}}
12-30 11:03:25.757   398   464 D DiagPropHandler: is not DiagnosticConfig: 0x214021a2
12-30 11:03:25.757   398   464 I VehiclePropertyStore: begin to write value to Store: {.timestamp = 8741579126373, .areaId = 0, .prop = 557851042, .status = AVAILABLE, .value = {.int32Values = [1]{0}, .floatValues = [0]{}, .int64Values = [0]{}, .bytes = [0]{}, .stringValue = ""}}
12-30 11:03:25.757   398   464 D adayocomadapter-CommunicationManager: onUpstreamReceive mPropertyId 0x214021a2
12-30 11:03:25.757   398   464 D adayocomadapter-CommunicationManager: onUpstreamReceive mPropertyId 0x214020ea
12-30 11:03:25.757   398   464 D adayocomadapter-CommunicationManager: convertBytesToInt32Memcpy  0
12-30 11:03:25.757   398   464 I vw-vhal : notifyVehicleProperty, propId = 0x214020ea, data = {status: 2, int32Values: [0]}
12-30 11:03:25.757   398   464 I vw-vhal : CanSignalsAdapter::notifyVehicleProperty: solvedValue = {.timestamp = 8741579799706, .areaId = 0, .prop = 557850858, .status = AVAILABLE, .value = {.int32Values = [1]{0}, .floatValues = [0]{}, .int64Values = [0]{}, .bytes = [0]{}, .stringValue = ""}}
12-30 11:03:25.758   398   464 I VehiclePropertyStore: begin to write value to Store: {.timestamp = 8741579799706, .areaId = 0, .prop = 557850858, .status = AVAILABLE, .value = {.int32Values = [1]{0}, .floatValues = [0]{}, .int64Values = [0]{}, .bytes = [0]{}, .stringValue = ""}}
12-30 11:03:25.758   398   464 I DefaultVehicleHal_v2_0: DefaultVehicleHal::onPropertyValue, value:{.timestamp = 8741579799706, .areaId = 0, .prop = 557850858, .status = AVAILABLE, .value = {.int32Values = [1]{0}, .floatValues = [0]{}, .int64Values = [0]{}, .bytes = [0]{}, .stringValue = ""}}
12-30 11:03:25.758   398   464 D DiagPropHandler: is not DiagnosticConfig: 0x214020ea
12-30 11:03:25.758   398   464 I VehiclePropertyStore: begin to write value to Store: {.timestamp = 8741579799706, .areaId = 0, .prop = 557850858, .status = AVAILABLE, .value = {.int32Values = [1]{0}, .floatValues = [0]{}, .int64Values = [0]{}, .bytes = [0]{}, .stringValue = ""}}
12-30 11:03:25.758   398   464 D adayocomadapter-CommunicationManager: onUpstreamReceive mPropertyId 0x214020ea
12-30 11:03:25.758   596  3076 E WifiHAL : Invalid data received from driver
12-30 11:03:25.768  1611  1611 I ADAYO_LOG_: handleMessage(UsbFunc.java:3)copyQnx = 0
12-30 11:03:25.768  1611  1611 I ADAYO_LOG_: handleMessage(UsbFunc.java:12)copyState = 2
12-30 11:03:25.775   650   729 D fgemcucomm: sd Uart data : 6AA60210CB000292028D
12-30 11:03:25.775   650   729 D fgemcucomm: rev uart=72223,len=18, data : 6AA68110CB000A9202000D000000000000F9
12-30 11:03:25.775   398  2883 D adayocomadapter-ParseProtocolFunc: printRaWMsg Name[MCUToUPstream recv] len[10] data[9202000D000000000000]
12-30 11:03:25.775   398  2883 D adayocomadapter-CommunicationManager: onUpstreamback   member[0] dataLength[7] timePoint[8741597]
12-30 11:03:25.775   398  2883 D adayocomadapter-ParseProtocolFunc: printRaWMsg Name[onUpstreamback] len[7] data[0D000000000000]
12-30 11:03:25.776   398   464 D adayocomadapter-UpstreamHandler: processBeforePacket upSreamtProcessTimePoint[8741597] 
12-30 11:03:25.776   398   464 D adayocomadapter-UpstreamHandler: processPacket UPSTREAM_QUEUE_DATA_TIMEOUT
12-30 11:03:25.776   398   464 D adayocomadapter-ParseProtocolFunc: parseCommonIPCLBytes Processing tableNumber[13]
12-30 11:03:25.776   398   464 D adayocomadapter-ParseProtocolFunc: parseCommonIPCLBytes Processing tablename[Table-13] tableSize[7]
12-30 11:03:25.776   398   464 D adayocomadapter-ParseProtocolFunc: printRaWMsg Name[byteStream recv] len[7] data[0D000000000000]
12-30 11:03:25.776   398   464 D adayocomadapter-ParseProtocolFunc: printRaWMsg Name[IPCLtoVHAL] len[6] data[214020BB0000]
12-30 11:03:25.776   398   464 D adayocomadapter-ParseProtocolFunc: printRaWMsg Name[IPCLtoVHAL] len[6] data[214020E30000]
12-30 11:03:25.776   398   464 D adayocomadapter-ParseProtocolFunc: printRaWMsg Name[IPCLtoVHAL] len[6] data[214020C70000]
12-30 11:03:25.776   398   464 D adayocomadapter-ParseProtocolFunc: printRaWMsg Name[IPCLtoVHAL] len[6] data[214020DD0000]
12-30 11:03:25.776   398   464 D adayocomadapter-ParseProtocolFunc: printRaWMsg Name[IPCLtoVHAL] len[6] data[214020DF0000]
12-30 11:03:25.776   398   464 D adayocomadapter-ParseProtocolFunc: printRaWMsg Name[IPCLtoVHAL] len[6] data[214020E40000]
12-30 11:03:25.776   398   464 D adayocomadapter-CommunicationManager: onUpstreamReceive mPropertyId 0x214020bb
12-30 11:03:25.776   398   464 D adayocomadapter-CommunicationManager: convertBytesToInt32Memcpy  0
12-30 11:03:25.776   398   464 I vw-vhal : notifyVehicleProperty, propId = 0x214020bb, data = {status: 2, int32Values: [0]}
12-30 11:03:25.777   398   464 I vw-vhal : CanSignalsAdapter::notifyVehicleProperty: solvedValue = {.timestamp = 8741598853706, .areaId = 0, .prop = 557850811, .status = AVAILABLE, .value = {.int32Values = [1]{0}, .floatValues = [0]{}, .int64Values = [0]{}, .bytes = [0]{}, .stringValue = ""}}
12-30 11:03:25.777   398   464 I VehiclePropertyStore: begin to write value to Store: {.timestamp = 8741598853706, .areaId = 0, .prop = 557850811, .status = AVAILABLE, .value = {.int32Values = [1]{0}, .floatValues = [0]{}, .int64Values = [0]{}, .bytes = [0]{}, .stringValue = ""}}
12-30 11:03:25.777   398   464 I DefaultVehicleHal_v2_0: DefaultVehicleHal::onPropertyValue, value:{.timestamp = 8741598853706, .areaId = 0, .prop = 557850811, .status = AVAILABLE, .value = {.int32Values = [1]{0}, .floatValues = [0]{}, .int64Values = [0]{}, .bytes = [0]{}, .stringValue = ""}}
12-30 11:03:25.777   398   464 D DiagPropHandler: is not DiagnosticConfig: 0x214020bb
12-30 11:03:25.777   398   464 I VehiclePropertyStore: begin to write value to Store: {.timestamp = 8741598853706, .areaId = 0, .prop = 557850811, .status = AVAILABLE, .value = {.int32Values = [1]{0}, .floatValues = [0]{}, .int64Values = [0]{}, .bytes = [0]{}, .stringValue = ""}}
12-30 11:03:25.777   398   464 D adayocomadapter-CommunicationManager: onUpstreamReceive mPropertyId 0x214020bb
12-30 11:03:25.777   398   464 D adayocomadapter-CommunicationManager: onUpstreamReceive mPropertyId 0x214020e3
12-30 11:03:25.777   398   464 D adayocomadapter-CommunicationManager: convertBytesToInt32Memcpy  0
12-30 11:03:25.777   398   464 I vw-vhal : notifyVehicleProperty, propId = 0x214020e3, data = {status: 2, int32Values: [0]}
12-30 11:03:25.777   398   464 I vw-vhal : CanSignalsAdapter::notifyVehicleProperty: solvedValue = {.timestamp = 8741599625373, .areaId = 0, .prop = 557850851, .status = AVAILABLE, .value = {.int32Values = [1]{0}, .floatValues = [0]{}, .int64Values = [0]{}, .bytes = [0]{}, .stringValue = ""}}
12-30 11:03:25.777   398   464 I VehiclePropertyStore: begin to write value to Store: {.timestamp = 8741599625373, .areaId = 0, .prop = 557850851, .status = AVAILABLE, .value = {.int32Values = [1]{0}, .floatValues = [0]{}, .int64Values = [0]{}, .bytes = [0]{}, .stringValue = ""}}
12-30 11:03:25.778   398   464 I DefaultVehicleHal_v2_0: DefaultVehicleHal::onPropertyValue, value:{.timestamp = 8741599625373, .areaId = 0, .prop = 557850851, .status = AVAILABLE, .value = {.int32Values = [1]{0}, .floatValues = [0]{}, .int64Values = [0]{}, .bytes = [0]{}, .stringValue = ""}}
12-30 11:03:25.778   398   464 D DiagPropHandler: is not DiagnosticConfig: 0x214020e3
12-30 11:03:25.778   398   464 I VehiclePropertyStore: begin to write value to Store: {.timestamp = 8741599625373, .areaId = 0, .prop = 557850851, .status = AVAILABLE, .value = {.int32Values = [1]{0}, .floatValues = [0]{}, .int64Values = [0]{}, .bytes = [0]{}, .stringValue = ""}}
12-30 11:03:25.778   398   464 D adayocomadapter-CommunicationManager: onUpstreamReceive mPropertyId 0x214020e3
12-30 11:03:25.778   398   464 D adayocomadapter-CommunicationManager: onUpstreamReceive mPropertyId 0x214020c7
12-30 11:03:25.778   398   464 D adayocomadapter-CommunicationManager: convertBytesToInt32Memcpy  0
12-30 11:03:25.778   398   464 I vw-vhal : notifyVehicleProperty, propId = 0x214020c7, data = {status: 2, int32Values: [0]}
12-30 11:03:25.778   398   464 I vw-vhal : CanSignalsAdapter::notifyVehicleProperty: solvedValue = {.timestamp = 8741600325706, .areaId = 0, .prop = 557850823, .status = AVAILABLE, .value = {.int32Values = [1]{0}, .floatValues = [0]{}, .int64Values = [0]{}, .bytes = [0]{}, .stringValue = ""}}
12-30 11:03:25.778   398   464 I VehiclePropertyStore: begin to write value to Store: {.timestamp = 8741600325706, .areaId = 0, .prop = 557850823, .status = AVAILABLE, .value = {.int32Values = [1]{0}, .floatValues = [0]{}, .int64Values = [0]{}, .bytes = [0]{}, .stringValue = ""}}
12-30 11:03:25.778   398   464 I DefaultVehicleHal_v2_0: DefaultVehicleHal::onPropertyValue, value:{.timestamp = 8741600325706, .areaId = 0, .prop = 557850823, .status = AVAILABLE, .value = {.int32Values = [1]{0}, .floatValues = [0]{}, .int64Values = [0]{}, .bytes = [0]{}, .stringValue = ""}}
12-30 11:03:25.778   398   464 D DiagPropHandler: is not DiagnosticConfig: 0x214020c7
12-30 11:03:25.778   398   464 I VehiclePropertyStore: begin to write value to Store: {.timestamp = 8741600325706, .areaId = 0, .prop = 557850823, .status = AVAILABLE, .value = {.int32Values = [1]{0}, .floatValues = [0]{}, .int64Values = [0]{}, .bytes = [0]{}, .stringValue = ""}}
12-30 11:03:25.778   398   464 D adayocomadapter-CommunicationManager: onUpstreamReceive mPropertyId 0x214020c7
12-30 11:03:25.778   398   464 D adayocomadapter-CommunicationManager: onUpstreamReceive mPropertyId 0x214020dd
12-30 11:03:25.778   398   464 D adayocomadapter-CommunicationManager: convertBytesToInt32Memcpy  0
12-30 11:03:25.779   398   464 I vw-vhal : notifyVehicleProperty, propId = 0x214020dd, data = {status: 2, int32Values: [0]}
12-30 11:03:25.779   398   464 I vw-vhal : CanSignalsAdapter::notifyVehicleProperty: solvedValue = {.timestamp = 8741600977706, .areaId = 0, .prop = 557850845, .status = AVAILABLE, .value = {.int32Values = [1]{0}, .floatValues = [0]{}, .int64Values = [0]{}, .bytes = [0]{}, .stringValue = ""}}
12-30 11:03:25.779   360   931 D EvsDriver: forwardFrame
12-30 11:03:25.779   398   464 I VehiclePropertyStore: begin to write value to Store: {.timestamp = 8741600977706, .areaId = 0, .prop = 557850845, .status = AVAILABLE, .value = {.int32Values = [1]{0}, .floatValues = [0]{}, .int64Values = [0]{}, .bytes = [0]{}, .stringValue = ""}}
12-30 11:03:25.779   398   464 I DefaultVehicleHal_v2_0: DefaultVehicleHal::onPropertyValue, value:{.timestamp = 8741600977706, .areaId = 0, .prop = 557850845, .status = AVAILABLE, .value = {.int32Values = [1]{0}, .floatValues = [0]{}, .int64Values = [0]{}, .bytes = [0]{}, .stringValue = ""}}
12-30 11:03:25.779   360   931 D EvsDriver: forwardFrameDirect
12-30 11:03:25.779   398   464 D DiagPropHandler: is not DiagnosticConfig: 0x214020dd
12-30 11:03:25.779   398   464 I VehiclePropertyStore: begin to write value to Store: {.timestamp = 8741600977706, .areaId = 0, .prop = 557850845, .status = AVAILABLE, .value = {.int32Values = [1]{0}, .floatValues = [0]{}, .int64Values = [0]{}, .bytes = [0]{}, .stringValue = ""}}
12-30 11:03:25.779   398   464 D adayocomadapter-CommunicationManager: onUpstreamReceive mPropertyId 0x214020dd
12-30 11:03:25.779   398   464 D adayocomadapter-CommunicationManager: onUpstreamReceive mPropertyId 0x214020df
12-30 11:03:25.779   398   464 D adayocomadapter-CommunicationManager: convertBytesToInt32Memcpy  0
12-30 11:03:25.779   360   931 D EvsDriver: Delivered 0xb400e2ca9e40e270 as id 0
12-30 11:03:25.779   398   464 I vw-vhal : notifyVehicleProperty, propId = 0x214020df, data = {status: 2, int32Values: [0]}
12-30 11:03:25.779   359  2784 D evsmanagerd: /dev/video-evs0 forwarded the buffer #0 to 0xb400f125d2b26dd0 from 0xb400f125e2b20710
12-30 11:03:25.779   398   464 I vw-vhal : CanSignalsAdapter::notifyVehicleProperty: solvedValue = {.timestamp = 8741601742706, .areaId = 0, .prop = 557850847, .status = AVAILABLE, .value = {.int32Values = [1]{0}, .floatValues = [0]{}, .int64Values = [0]{}, .bytes = [0]{}, .stringValue = ""}}
12-30 11:03:25.780   398   464 I VehiclePropertyStore: begin to write value to Store: {.timestamp = 8741601742706, .areaId = 0, .prop = 557850847, .status = AVAILABLE, .value = {.int32Values = [1]{0}, .floatValues = [0]{}, .int64Values = [0]{}, .bytes = [0]{}, .stringValue = ""}}
12-30 11:03:25.780   398   464 I DefaultVehicleHal_v2_0: DefaultVehicleHal::onPropertyValue, value:{.timestamp = 8741601742706, .areaId = 0, .prop = 557850847, .status = AVAILABLE, .value = {.int32Values = [1]{0}, .floatValues = [0]{}, .int64Values = [0]{}, .bytes = [0]{}, .stringValue = ""}}
12-30 11:03:25.780   398   464 D DiagPropHandler: is not DiagnosticConfig: 0x214020df
12-30 11:03:25.780   398   464 I VehiclePropertyStore: begin to write value to Store: {.timestamp = 8741601742706, .areaId = 0, .prop = 557850847, .status = AVAILABLE, .value = {.int32Values = [1]{0}, .floatValues = [0]{}, .int64Values = [0]{}, .bytes = [0]{}, .stringValue = ""}}
12-30 11:03:25.780   398   464 D adayocomadapter-CommunicationManager: onUpstreamReceive mPropertyId 0x214020df
12-30 11:03:25.780   398   464 D adayocomadapter-CommunicationManager: onUpstreamReceive mPropertyId 0x214020e4
12-30 11:03:25.780   398   464 D adayocomadapter-CommunicationManager: convertBytesToInt32Memcpy  0
12-30 11:03:25.780   398   464 I vw-vhal : notifyVehicleProperty, propId = 0x214020e4, data = {status: 2, int32Values: [0]}
12-30 11:03:25.780   398   464 I vw-vhal : CanSignalsAdapter::notifyVehicleProperty: solvedValue = {.timestamp = 8741602409040, .areaId = 0, .prop = 557850852, .status = AVAILABLE, .value = {.int32Values = [1]{0}, .floatValues = [0]{}, .int64Values = [0]{}, .bytes = [0]{}, .stringValue = ""}}
12-30 11:03:25.780   398   464 I VehiclePropertyStore: begin to write value to Store: {.timestamp = 8741602409040, .areaId = 0, .prop = 557850852, .status = AVAILABLE, .value = {.int32Values = [1]{0}, .floatValues = [0]{}, .int64Values = [0]{}, .bytes = [0]{}, .stringValue = ""}}
12-30 11:03:25.780   398   464 I DefaultVehicleHal_v2_0: DefaultVehicleHal::onPropertyValue, value:{.timestamp = 8741602409040, .areaId = 0, .prop = 557850852, .status = AVAILABLE, .value = {.int32Values = [1]{0}, .floatValues = [0]{}, .int64Values = [0]{}, .bytes = [0]{}, .stringValue = ""}}
