12-30 11:03:25.780   398   464 D DiagPropHandler: is not DiagnosticConfig: 0x214020e4
12-30 11:03:25.780   398   464 I VehiclePropertyStore: begin to write value to Store: {.timestamp = 8741602409040, .areaId = 0, .prop = 557850852, .status = AVAILABLE, .value = {.int32Values = [1]{0}, .floatValues = [0]{}, .int64Values = [0]{}, .bytes = [0]{}, .stringValue = ""}}
12-30 11:03:25.780   398   464 D adayocomadapter-CommunicationManager: onUpstreamReceive mPropertyId 0x214020e4
12-30 11:03:25.786   360   458 D EvsDriver: doneWithFrame
12-30 11:03:25.799  2358  2623 D RcfController: Rcf proxy is not connected!
12-30 11:03:25.812   360   931 I EvsDriver: /dev/video-evs0 VideoCapture fps 30.0004
12-30 11:03:25.812   360   931 D EvsDriver: forwardFrame
12-30 11:03:25.812   360   931 D EvsDriver: forwardFrameDirect
12-30 11:03:25.812   360   931 D EvsDriver: Delivered 0xb400e2ca9e40d4b0 as id 1
12-30 11:03:25.813   359  2784 D evsmanagerd: /dev/video-evs0 forwarded the buffer #1 to 0xb400f125d2b26dd0 from 0xb400f125e2b20710
12-30 11:03:25.813  3066  3066 D hostapd : nl80211: BSS Event 59 (NL80211_CMD_FRAME) received for wlan1
12-30 11:03:25.813   596  3076 E WifiHAL : Invalid data received from driver
12-30 11:03:25.813  3066  3066 D hostapd : nl80211: RX frame da=ff:ff:ff:ff:ff:ff sa=16:a5:be:dc:88:df bssid=16:a5:be:dc:88:df freq=5745 ssi_signal=-9100 fc=0xd0 seq_ctrl=0xf60 stype=13 (WLAN_FC_STYPE_ACTION) len=42
12-30 11:03:25.813  3066  3066 D hostapd : wlan1: Event RX_MGMT (18) received
12-30 11:03:25.813  3066  3066 D hostapd : Receive wpa msg : Event RX_MGMT (18) received
12-30 11:03:25.816   360   458 D EvsDriver: doneWithFrame
12-30 11:03:25.824  2475  2681 I TtsServiceAgent: check thread start checking, threadId = 29
12-30 11:03:25.824  2475  2681 D TtsServiceAgent: start bind service...
12-30 11:03:25.824  2475  2681 D TtsServiceAgent: ----->initService, usage = 16
12-30 11:03:25.824  2475  2681 W ContextImpl: Calling a method in the system process without a qualified user: android.app.ContextImpl.bindService:1988 android.content.ContextWrapper.bindService:861 com.iflytek.autofly.ttsaidl.ttsproxy.TtsServiceAgent.initService:189 com.iflytek.autofly.ttsaidl.ttsproxy.TtsServiceAgent.initService:133 com.iflytek.autofly.ttsaidl.ttsproxy.TtsServiceAgent$2.run:517 
12-30 11:03:25.825   650   729 D fgemcucomm: sd Uart data : 6AA60210CC000292028C
12-30 11:03:25.825   916  1847 W ActivityManager: Unable to start service Intent { act=com.iflytek.autofly.tts.ttsservice.TtsAdapterService cmp=com.iflytek.cutefly.speechclient.hmi/com.iflytek.autofly.tts.ttsservice.TtsAdapterService } U=0: not found
12-30 11:03:25.825   650   729 D fgemcucomm: rev uart=72224,len=20, data : 6AA68110CC000C920200080000000000000000FB
12-30 11:03:25.826   398  2883 D adayocomadapter-ParseProtocolFunc: printRaWMsg Name[MCUToUPstream recv] len[12] data[920200080000000000000000]
12-30 11:03:25.826   398  2883 D adayocomadapter-CommunicationManager: onUpstreamback   member[0] dataLength[9] timePoint[8741647]
12-30 11:03:25.826  2475  2681 D TtsServiceAgent: bindService: false
12-30 11:03:25.826   398  2883 D adayocomadapter-ParseProtocolFunc: printRaWMsg Name[onUpstreamback] len[9] data[080000000000000000]
12-30 11:03:25.826  2475  2681 D TtsServiceAgent: start reInitService
12-30 11:03:25.826  2475  2681 D TtsServiceAgent: aidlCheckThreadRunning = true
12-30 11:03:25.826  2475  2681 D TtsServiceAgent: ----->check connection status in 1000s...
12-30 11:03:25.826   398   464 D adayocomadapter-UpstreamHandler: processBeforePacket upSreamtProcessTimePoint[8741648] 
12-30 11:03:25.826   398   464 D adayocomadapter-UpstreamHandler: processPacket UPSTREAM_QUEUE_DATA_TIMEOUT
12-30 11:03:25.826   398   464 D adayocomadapter-ParseProtocolFunc: parseCommonIPCLBytes Processing tableNumber[8]
12-30 11:03:25.826   398   464 D adayocomadapter-ParseProtocolFunc: parseCommonIPCLBytes Processing tablename[Table-8] tableSize[9]
12-30 11:03:25.826   398   464 D adayocomadapter-ParseProtocolFunc: printRaWMsg Name[byteStream recv] len[9] data[080000000000000000]
12-30 11:03:25.826   398   464 D adayocomadapter-ParseProtocolFunc: printRaWMsg Name[IPCLtoVHAL] len[7] data[2141208F010000]
12-30 11:03:25.826   398   464 D adayocomadapter-ParseProtocolFunc: printRaWMsg Name[IPCLtoVHAL] len[7] data[21412090010000]
12-30 11:03:25.826   398   464 D adayocomadapter-ParseProtocolFunc: printRaWMsg Name[IPCLtoVHAL] len[7] data[21412091010000]
12-30 11:03:25.826   398   464 D adayocomadapter-ParseProtocolFunc: printRaWMsg Name[IPCLtoVHAL] len[7] data[21412092010000]
12-30 11:03:25.826   398   464 D adayocomadapter-CommunicationManager: onUpstreamReceive mPropertyId 0x2141208f
12-30 11:03:25.827   398   464 I vw-vhal : notifyVehicleProperty, propId = 0x2141208f, data = {status: 2, int32Values: [0, 0]}
12-30 11:03:25.827   398   464 I vw-vhal : CanSignalsAdapter::notifyVehicleProperty: solvedValue = {.timestamp = 8741648964373, .areaId = 0, .prop = 557916303, .status = AVAILABLE, .value = {.int32Values = [2]{0, 0}, .floatValues = [0]{}, .int64Values = [0]{}, .bytes = [0]{}, .stringValue = ""}}
12-30 11:03:25.827   398   464 I VehiclePropertyStore: begin to write value to Store: {.timestamp = 8741648964373, .areaId = 0, .prop = 557916303, .status = AVAILABLE, .value = {.int32Values = [2]{0, 0}, .floatValues = [0]{}, .int64Values = [0]{}, .bytes = [0]{}, .stringValue = ""}}
12-30 11:03:25.827   398   464 I DefaultVehicleHal_v2_0: DefaultVehicleHal::onPropertyValue, value:{.timestamp = 8741648964373, .areaId = 0, .prop = 557916303, .status = AVAILABLE, .value = {.int32Values = [2]{0, 0}, .floatValues = [0]{}, .int64Values = [0]{}, .bytes = [0]{}, .stringValue = ""}}
12-30 11:03:25.827   398   464 D DiagPropHandler: is not DiagnosticConfig: 0x2141208f
12-30 11:03:25.827   398   464 I VehiclePropertyStore: begin to write value to Store: {.timestamp = 8741648964373, .areaId = 0, .prop = 557916303, .status = AVAILABLE, .value = {.int32Values = [2]{0, 0}, .floatValues = [0]{}, .int64Values = [0]{}, .bytes = [0]{}, .stringValue = ""}}
12-30 11:03:25.827   398   464 D adayocomadapter-CommunicationManager: onUpstreamReceive mPropertyId 0x2141208f
12-30 11:03:25.827   398   464 D adayocomadapter-CommunicationManager: onUpstreamReceive mPropertyId 0x21412090
12-30 11:03:25.827   398   464 I vw-vhal : notifyVehicleProperty, propId = 0x21412090, data = {status: 2, int32Values: [0, 0]}
12-30 11:03:25.827   398   464 I vw-vhal : CanSignalsAdapter::notifyVehicleProperty: solvedValue = {.timestamp = 8741649665040, .areaId = 0, .prop = 557916304, .status = AVAILABLE, .value = {.int32Values = [2]{0, 0}, .floatValues = [0]{}, .int64Values = [0]{}, .bytes = [0]{}, .stringValue = ""}}
12-30 11:03:25.827   398   464 I VehiclePropertyStore: begin to write value to Store: {.timestamp = 8741649665040, .areaId = 0, .prop = 557916304, .status = AVAILABLE, .value = {.int32Values = [2]{0, 0}, .floatValues = [0]{}, .int64Values = [0]{}, .bytes = [0]{}, .stringValue = ""}}
12-30 11:03:25.828   398   464 I DefaultVehicleHal_v2_0: DefaultVehicleHal::onPropertyValue, value:{.timestamp = 8741649665040, .areaId = 0, .prop = 557916304, .status = AVAILABLE, .value = {.int32Values = [2]{0, 0}, .floatValues = [0]{}, .int64Values = [0]{}, .bytes = [0]{}, .stringValue = ""}}
12-30 11:03:25.828   398   464 D DiagPropHandler: is not DiagnosticConfig: 0x21412090
12-30 11:03:25.828   398   464 I VehiclePropertyStore: begin to write value to Store: {.timestamp = 8741649665040, .areaId = 0, .prop = 557916304, .status = AVAILABLE, .value = {.int32Values = [2]{0, 0}, .floatValues = [0]{}, .int64Values = [0]{}, .bytes = [0]{}, .stringValue = ""}}
12-30 11:03:25.828   398   464 D adayocomadapter-CommunicationManager: onUpstreamReceive mPropertyId 0x21412090
12-30 11:03:25.828   398   464 D adayocomadapter-CommunicationManager: onUpstreamReceive mPropertyId 0x21412091
12-30 11:03:25.828   398   464 I vw-vhal : notifyVehicleProperty, propId = 0x21412091, data = {status: 2, int32Values: [0, 0]}
12-30 11:03:25.828   398   464 I vw-vhal : CanSignalsAdapter::notifyVehicleProperty: solvedValue = {.timestamp = 8741650285706, .areaId = 0, .prop = 557916305, .status = AVAILABLE, .value = {.int32Values = [2]{0, 0}, .floatValues = [0]{}, .int64Values = [0]{}, .bytes = [0]{}, .stringValue = ""}}
12-30 11:03:25.828   398   464 I VehiclePropertyStore: begin to write value to Store: {.timestamp = 8741650285706, .areaId = 0, .prop = 557916305, .status = AVAILABLE, .value = {.int32Values = [2]{0, 0}, .floatValues = [0]{}, .int64Values = [0]{}, .bytes = [0]{}, .stringValue = ""}}
12-30 11:03:25.828   398   464 I DefaultVehicleHal_v2_0: DefaultVehicleHal::onPropertyValue, value:{.timestamp = 8741650285706, .areaId = 0, .prop = 557916305, .status = AVAILABLE, .value = {.int32Values = [2]{0, 0}, .floatValues = [0]{}, .int64Values = [0]{}, .bytes = [0]{}, .stringValue = ""}}
12-30 11:03:25.828   398   464 D DiagPropHandler: is not DiagnosticConfig: 0x21412091
12-30 11:03:25.828   398   464 I VehiclePropertyStore: begin to write value to Store: {.timestamp = 8741650285706, .areaId = 0, .prop = 557916305, .status = AVAILABLE, .value = {.int32Values = [2]{0, 0}, .floatValues = [0]{}, .int64Values = [0]{}, .bytes = [0]{}, .stringValue = ""}}
12-30 11:03:25.828   398   464 D adayocomadapter-CommunicationManager: onUpstreamReceive mPropertyId 0x21412091
12-30 11:03:25.828   398   464 D adayocomadapter-CommunicationManager: onUpstreamReceive mPropertyId 0x21412092
12-30 11:03:25.829   398   464 I vw-vhal : notifyVehicleProperty, propId = 0x21412092, data = {status: 2, int32Values: [0, 0]}
12-30 11:03:25.829   398   464 I vw-vhal : CanSignalsAdapter::notifyVehicleProperty: solvedValue = {.timestamp = 8741650912706, .areaId = 0, .prop = 557916306, .status = AVAILABLE, .value = {.int32Values = [2]{0, 0}, .floatValues = [0]{}, .int64Values = [0]{}, .bytes = [0]{}, .stringValue = ""}}
12-30 11:03:25.829   398   464 I VehiclePropertyStore: begin to write value to Store: {.timestamp = 8741650912706, .areaId = 0, .prop = 557916306, .status = AVAILABLE, .value = {.int32Values = [2]{0, 0}, .floatValues = [0]{}, .int64Values = [0]{}, .bytes = [0]{}, .stringValue = ""}}
12-30 11:03:25.829   398   464 I DefaultVehicleHal_v2_0: DefaultVehicleHal::onPropertyValue, value:{.timestamp = 8741650912706, .areaId = 0, .prop = 557916306, .status = AVAILABLE, .value = {.int32Values = [2]{0, 0}, .floatValues = [0]{}, .int64Values = [0]{}, .bytes = [0]{}, .stringValue = ""}}
12-30 11:03:25.829   398   464 D DiagPropHandler: is not DiagnosticConfig: 0x21412092
12-30 11:03:25.829   398   464 I VehiclePropertyStore: begin to write value to Store: {.timestamp = 8741650912706, .areaId = 0, .prop = 557916306, .status = AVAILABLE, .value = {.int32Values = [2]{0, 0}, .floatValues = [0]{}, .int64Values = [0]{}, .bytes = [0]{}, .stringValue = ""}}
12-30 11:03:25.829   398   464 D adayocomadapter-CommunicationManager: onUpstreamReceive mPropertyId 0x21412092
12-30 11:03:25.845   360   931 D EvsDriver: forwardFrame
12-30 11:03:25.845   360   931 D EvsDriver: forwardFrameDirect
12-30 11:03:25.846   360   931 D EvsDriver: Delivered 0xb400e2ca9e40c2d0 as id 0
12-30 11:03:25.846   359  2784 D evsmanagerd: /dev/video-evs0 forwarded the buffer #0 to 0xb400f125d2b26dd0 from 0xb400f125e2b20710
12-30 11:03:25.849  2358  2623 D RcfController: Rcf proxy is not connected!
12-30 11:03:25.857   360   458 D EvsDriver: doneWithFrame
12-30 11:03:25.866   596  3076 E WifiHAL : Invalid data received from driver
12-30 11:03:25.879   360   931 D EvsDriver: forwardFrame
12-30 11:03:25.879   360   931 D EvsDriver: forwardFrameDirect
12-30 11:03:25.879   360   931 D EvsDriver: Delivered 0xb400e2ca9e40d090 as id 1
12-30 11:03:25.879   359  2784 D evsmanagerd: /dev/video-evs0 forwarded the buffer #1 to 0xb400f125d2b26dd0 from 0xb400f125e2b20710
12-30 11:03:25.887   360   458 D EvsDriver: doneWithFrame
12-30 11:03:25.899  2358  2623 D RcfController: Rcf proxy is not connected!
12-30 11:03:25.912   360   931 D EvsDriver: forwardFrame
12-30 11:03:25.912   360   931 D EvsDriver: forwardFrameDirect
12-30 11:03:25.912   360   931 D EvsDriver: Delivered 0xb400e2ca9e40e110 as id 0
12-30 11:03:25.912   359  2784 D evsmanagerd: /dev/video-evs0 forwarded the buffer #0 to 0xb400f125d2b26dd0 from 0xb400f125e2b20710
12-30 11:03:25.917   360   458 D EvsDriver: doneWithFrame
12-30 11:03:25.940   596  3076 E WifiHAL : Invalid data received from driver
12-30 11:03:25.945   360   931 D EvsDriver: forwardFrame
12-30 11:03:25.945   360   931 D EvsDriver: forwardFrameDirect
12-30 11:03:25.946   360   931 D EvsDriver: Delivered 0xb400e2ca9e40c7a0 as id 1
12-30 11:03:25.946   359  2784 D evsmanagerd: /dev/video-evs0 forwarded the buffer #1 to 0xb400f125d2b26dd0 from 0xb400f125e2b20710
12-30 11:03:25.948   360   458 D EvsDriver: doneWithFrame
12-30 11:03:25.949  2358  2623 D RcfController: Rcf proxy is not connected!
12-30 11:03:25.952   650   729 D fgemcucomm: sd Uart data : 6AA60210CD000292028B
12-30 11:03:25.953   650   729 D fgemcucomm: rev uart=72225,len=57, data : 6AA68110CD003192020012000000000000000000000000000000000000000000000000000000000000000000000000000000000000000000CB
12-30 11:03:25.953   650   729 D fgemcucomm: sd Uart data : 6AA60210CE000292028A
12-30 11:03:25.953   398  2883 D adayocomadapter-ParseProtocolFunc: printRaWMsg Name[MCUToUPstream recv] len[49] data[92020012000000000000000000000000000000000000000000000000000000000000000000000000000000000000000000]
12-30 11:03:25.953   398  2883 D adayocomadapter-CommunicationManager: onUpstreamback   member[0] dataLength[46] timePoint[8741775]
12-30 11:03:25.953   398  2883 D adayocomadapter-ParseProtocolFunc: printRaWMsg Name[onUpstreamback] len[46] data[12000000000000000000000000000000000000000000000000000000000000000000000000000000000000000000]
12-30 11:03:25.953   650   729 D fgemcucomm: rev uart=72226,len=35, data : 6AA68110CE001B920202030000000000000000000000000000000000000000000000ED
12-30 11:03:25.953   650   729 D fgemcucomm: sd Uart data : 6AA60210CF0002800A93
12-30 11:03:25.953   398  2883 D adayocomadapter-ParseProtocolFunc: printRaWMsg Name[MCUToUPstream recv] len[27] data[920202030000000000000000000000000000000000000000000000]
12-30 11:03:25.953   398  2883 D adayocomadapter-CommunicationManager: onUpstreamback   member[2] dataLength[24] timePoint[8741775]
12-30 11:03:25.954   398  2883 D adayocomadapter-ParseProtocolFunc: printRaWMsg Name[onUpstreamback] len[24] data[030000000000000000000000000000000000000000000000]
12-30 11:03:25.954   398   464 D adayocomadapter-UpstreamHandler: processBeforePacket upSreamtProcessTimePoint[8741776] 
12-30 11:03:25.954   398   464 D adayocomadapter-UpstreamHandler: processPacket UPSTREAM_QUEUE_DATA_TIMEOUT
12-30 11:03:25.954   650   729 D fgemcucomm: rev uart=72227,len=13, data : 6AA68110CF0005800A0400000D
12-30 11:03:25.954   398   464 D adayocomadapter-ParseProtocolFunc: parseCommonIPCLBytes Processing tableNumber[18]
12-30 11:03:25.954   398   464 D adayocomadapter-ParseProtocolFunc: parseCommonIPCLBytes Processing tablename[Table-18] tableSize[46]
12-30 11:03:25.954   398   464 D adayocomadapter-ParseProtocolFunc: printRaWMsg Name[byteStream recv] len[46] data[12000000000000000000000000000000000000000000000000000000000000000000000000000000000000000000]
12-30 11:03:25.954   398   464 D adayocomadapter-ParseProtocolFunc: printRaWMsg Name[IPCLtoVHAL] len[6] data[214010020000]
12-30 11:03:25.954   398  2883 D adayocomadapter-ParseProtocolFunc: printRaWMsg Name[MCUToUPstream recv] len[4] data[800A0400]
12-30 11:03:25.954   398   464 D adayocomadapter-ParseProtocolFunc: printRaWMsg Name[IPCLtoVHAL] len[6] data[2140101A0000]
12-30 11:03:25.954   398  2883 D adayocomadapter-CommunicationManager: onUpstreamback   member[7] dataLength[2] timePoint[8741776]
12-30 11:03:25.954   398  2883 D adayocomadapter-ParseProtocolFunc: printRaWMsg Name[onUpstreamback] len[2] data[0400]
12-30 11:03:25.954   398   464 D adayocomadapter-ParseProtocolFunc: printRaWMsg Name[IPCLtoVHAL] len[6] data[2140100E0000]
12-30 11:03:25.954   398   464 D adayocomadapter-ParseProtocolFunc: printRaWMsg Name[IPCLtoVHAL] len[6] data[214021DD0000]
12-30 11:03:25.954   398   464 D adayocomadapter-ParseProtocolFunc: printRaWMsg Name[IPCLtoVHAL] len[6] data[2140103C0000]
12-30 11:03:25.954   398   464 D adayocomadapter-ParseProtocolFunc: printRaWMsg Name[IPCLtoVHAL] len[6] data[2140101E0000]
12-30 11:03:25.954   398   464 D adayocomadapter-ParseProtocolFunc: printRaWMsg Name[IPCLtoVHAL] len[6] data[214010350000]
12-30 11:03:25.955   398   464 D adayocomadapter-ParseProtocolFunc: printRaWMsg Name[IPCLtoVHAL] len[6] data[214022040000]
12-30 11:03:25.955   398   464 D adayocomadapter-ParseProtocolFunc: printRaWMsg Name[IPCLtoVHAL] len[6] data[214010120000]
12-30 11:03:25.955   398   464 D adayocomadapter-ParseProtocolFunc: printRaWMsg Name[IPCLtoVHAL] len[6] data[214010140000]
12-30 11:03:25.955   398   464 D adayocomadapter-ParseProtocolFunc: printRaWMsg Name[IPCLtoVHAL] len[6] data[214010430000]
12-30 11:03:25.955   398   464 D adayocomadapter-ParseProtocolFunc: printRaWMsg Name[IPCLtoVHAL] len[6] data[214010420000]
12-30 11:03:25.955   398   464 D adayocomadapter-ParseProtocolFunc: printRaWMsg Name[IPCLtoVHAL] len[6] data[214010160000]
12-30 11:03:25.955   398   464 D adayocomadapter-ParseProtocolFunc: printRaWMsg Name[IPCLtoVHAL] len[6] data[2140101C0000]
12-30 11:03:25.955   398   464 D adayocomadapter-ParseProtocolFunc: printRaWMsg Name[IPCLtoVHAL] len[6] data[214010330000]
12-30 11:03:25.955   398   464 D adayocomadapter-ParseProtocolFunc: printRaWMsg Name[IPCLtoVHAL] len[6] data[214010040000]
12-30 11:03:25.955   398   464 D adayocomadapter-ParseProtocolFunc: printRaWMsg Name[IPCLtoVHAL] len[6] data[214010200000]
12-30 11:03:25.955   398   464 D adayocomadapter-ParseProtocolFunc: printRaWMsg Name[IPCLtoVHAL] len[6] data[214021620000]
12-30 11:03:25.955   398   464 D adayocomadapter-ParseProtocolFunc: printRaWMsg Name[IPCLtoVHAL] len[6] data[214010370000]
12-30 11:03:25.955   596  3076 E WifiHAL : Invalid data received from driver
12-30 11:03:25.955   398   464 D adayocomadapter-ParseProtocolFunc: printRaWMsg Name[IPCLtoVHAL] len[6] data[214010080000]
12-30 11:03:25.955   596  3076 E WifiHAL : Invalid data received from driver
12-30 11:03:25.956   596  3076 E WifiHAL : Invalid data received from driver
12-30 11:03:25.956   596  3076 E WifiHAL : Invalid data received from driver
12-30 11:03:25.955   398   464 D adayocomadapter-ParseProtocolFunc: printRaWMsg Name[IPCLtoVHAL] len[6] data[214010220000]
12-30 11:03:25.956   596  3076 E WifiHAL : Invalid data received from driver
12-30 11:03:25.956   398   464 D adayocomadapter-ParseProtocolFunc: printRaWMsg Name[IPCLtoVHAL] len[6] data[214021640000]
12-30 11:03:25.956   398   464 D adayocomadapter-ParseProtocolFunc: printRaWMsg Name[IPCLtoVHAL] len[6] data[214010390000]
12-30 11:03:25.956   596  3076 E WifiHAL : Invalid data received from driver
12-30 11:03:25.956   398   464 D adayocomadapter-ParseProtocolFunc: printRaWMsg Name[IPCLtoVHAL] len[6] data[214021D90000]
12-30 11:03:25.956   398   464 D adayocomadapter-ParseProtocolFunc: printRaWMsg Name[IPCLtoVHAL] len[6] data[214010240000]
12-30 11:03:25.956   596  3076 E WifiHAL : Invalid data received from driver
12-30 11:03:25.956   398   464 D adayocomadapter-ParseProtocolFunc: printRaWMsg Name[IPCLtoVHAL] len[6] data[2140103B0000]
12-30 11:03:25.956   398   464 D adayocomadapter-ParseProtocolFunc: printRaWMsg Name[IPCLtoVHAL] len[6] data[2140100C0000]
12-30 11:03:25.956   398   464 D adayocomadapter-ParseProtocolFunc: printRaWMsg Name[IPCLtoVHAL] len[6] data[214021DB0000]
12-30 11:03:25.956   398   464 D adayocomadapter-ParseProtocolFunc: printRaWMsg Name[IPCLtoVHAL] len[6] data[214010260000]
12-30 11:03:25.956   398   464 D adayocomadapter-ParseProtocolFunc: printRaWMsg Name[IPCLtoVHAL] len[6] data[214021680000]
12-30 11:03:25.956   398   464 D adayocomadapter-ParseProtocolFunc: printRaWMsg Name[IPCLtoVHAL] len[6] data[2140103E0000]
12-30 11:03:25.956   398   464 D adayocomadapter-ParseProtocolFunc: printRaWMsg Name[IPCLtoVHAL] len[6] data[2140216A0000]
12-30 11:03:25.956   398   464 D adayocomadapter-ParseProtocolFunc: printRaWMsg Name[IPCLtoVHAL] len[6] data[2140216E0000]
12-30 11:03:25.956   398   464 D adayocomadapter-ParseProtocolFunc: printRaWMsg Name[IPCLtoVHAL] len[6] data[214021700000]
12-30 11:03:25.956   398   464 D adayocomadapter-ParseProtocolFunc: printRaWMsg Name[IPCLtoVHAL] len[6] data[214021720000]
12-30 11:03:25.957   398   464 D adayocomadapter-ParseProtocolFunc: printRaWMsg Name[IPCLtoVHAL] len[6] data[214021740000]
12-30 11:03:25.957   398   464 D adayocomadapter-ParseProtocolFunc: printRaWMsg Name[IPCLtoVHAL] len[6] data[214021760000]
12-30 11:03:25.957   398   464 D adayocomadapter-ParseProtocolFunc: printRaWMsg Name[IPCLtoVHAL] len[6] data[214021780000]
12-30 11:03:25.957   398   464 D adayocomadapter-ParseProtocolFunc: printRaWMsg Name[IPCLtoVHAL] len[6] data[2140205E0000]
12-30 11:03:25.957   398   464 D adayocomadapter-ParseProtocolFunc: printRaWMsg Name[IPCLtoVHAL] len[6] data[2140217A0000]
12-30 11:03:25.957   398   464 D adayocomadapter-ParseProtocolFunc: printRaWMsg Name[IPCLtoVHAL] len[6] data[214022070000]
12-30 11:03:25.957   398   464 D adayocomadapter-ParseProtocolFunc: printRaWMsg Name[IPCLtoVHAL] len[6] data[2140217C0000]
12-30 11:03:25.957   398   464 D adayocomadapter-ParseProtocolFunc: printRaWMsg Name[IPCLtoVHAL] len[6] data[2140219C0000]
12-30 11:03:25.957   398   464 D adayocomadapter-ParseProtocolFunc: printRaWMsg Name[IPCLtoVHAL] len[6] data[214021DF0000]
12-30 11:03:25.957   398   464 D adayocomadapter-CommunicationManager: onUpstreamReceive mPropertyId 0x21401002
12-30 11:03:25.957   398   464 D adayocomadapter-CommunicationManager: convertBytesToInt32Memcpy  0
12-30 11:03:25.957   398   464 I vw-vhal : notifyVehicleProperty, propId = 0x21401002, data = {status: 2, int32Values: [0]}
12-30 11:03:25.957   398   464 I vw-vhal : CanSignalsAdapter::notifyVehicleProperty: solvedValue = {.timestamp = 8741779603040, .areaId = 0, .prop = 557846530, .status = AVAILABLE, .value = {.int32Values = [1]{0}, .floatValues = [0]{}, .int64Values = [0]{}, .bytes = [0]{}, .stringValue = ""}}
12-30 11:03:25.957   398   464 I VehiclePropertyStore: begin to write value to Store: {.timestamp = 8741779603040, .areaId = 0, .prop = 557846530, .status = AVAILABLE, .value = {.int32Values = [1]{0}, .floatValues = [0]{}, .int64Values = [0]{}, .bytes = [0]{}, .stringValue = ""}}
12-30 11:03:25.957   398   464 I DefaultVehicleHal_v2_0: DefaultVehicleHal::onPropertyValue, value:{.timestamp = 8741779603040, .areaId = 0, .prop = 557846530, .status = AVAILABLE, .value = {.int32Values = [1]{0}, .floatValues = [0]{}, .int64Values = [0]{}, .bytes = [0]{}, .stringValue = ""}}
12-30 11:03:25.958   398   464 D DiagPropHandler: is not DiagnosticConfig: 0x21401002
12-30 11:03:25.958   398   464 I VehiclePropertyStore: begin to write value to Store: {.timestamp = 8741779603040, .areaId = 0, .prop = 557846530, .status = AVAILABLE, .value = {.int32Values = [1]{0}, .floatValues = [0]{}, .int64Values = [0]{}, .bytes = [0]{}, .stringValue = ""}}
12-30 11:03:25.958   398   464 D adayocomadapter-CommunicationManager: onUpstreamReceive mPropertyId 0x21401002
12-30 11:03:25.958   398   464 D adayocomadapter-CommunicationManager: onUpstreamReceive mPropertyId 0x2140101a
12-30 11:03:25.958   398   464 D adayocomadapter-CommunicationManager: convertBytesToInt32Memcpy  0
12-30 11:03:25.958   398   464 I vw-vhal : notifyVehicleProperty, propId = 0x2140101a, data = {status: 2, int32Values: [0]}
12-30 11:03:25.958   398   464 I vw-vhal : CanSignalsAdapter::notifyVehicleProperty: solvedValue = {.timestamp = 8741780391040, .areaId = 0, .prop = 557846554, .status = AVAILABLE, .value = {.int32Values = [1]{0}, .floatValues = [0]{}, .int64Values = [0]{}, .bytes = [0]{}, .stringValue = ""}}
12-30 11:03:25.958   398   464 I VehiclePropertyStore: begin to write value to Store: {.timestamp = 8741780391040, .areaId = 0, .prop = 557846554, .status = AVAILABLE, .value = {.int32Values = [1]{0}, .floatValues = [0]{}, .int64Values = [0]{}, .bytes = [0]{}, .stringValue = ""}}
12-30 11:03:25.958   398   464 I DefaultVehicleHal_v2_0: DefaultVehicleHal::onPropertyValue, value:{.timestamp = 8741780391040, .areaId = 0, .prop = 557846554, .status = AVAILABLE, .value = {.int32Values = [1]{0}, .floatValues = [0]{}, .int64Values = [0]{}, .bytes = [0]{}, .stringValue = ""}}
12-30 11:03:25.958   398   464 D DiagPropHandler: is not DiagnosticConfig: 0x2140101a
12-30 11:03:25.958   398   464 I VehiclePropertyStore: begin to write value to Store: {.timestamp = 8741780391040, .areaId = 0, .prop = 557846554, .status = AVAILABLE, .value = {.int32Values = [1]{0}, .floatValues = [0]{}, .int64Values = [0]{}, .bytes = [0]{}, .stringValue = ""}}
12-30 11:03:25.958   398   464 D adayocomadapter-CommunicationManager: onUpstreamReceive mPropertyId 0x2140101a
12-30 11:03:25.959   398   464 D adayocomadapter-CommunicationManager: onUpstreamReceive mPropertyId 0x2140100e
12-30 11:03:25.959   398   464 D adayocomadapter-CommunicationManager: convertBytesToInt32Memcpy  0
12-30 11:03:25.959   398   464 I vw-vhal : notifyVehicleProperty, propId = 0x2140100e, data = {status: 2, int32Values: [0]}
12-30 11:03:25.959   398   464 I vw-vhal : CanSignalsAdapter::notifyVehicleProperty: solvedValue = {.timestamp = 8741781040706, .areaId = 0, .prop = 557846542, .status = AVAILABLE, .value = {.int32Values = [1]{0}, .floatValues = [0]{}, .int64Values = [0]{}, .bytes = [0]{}, .stringValue = ""}}
12-30 11:03:25.959   398   464 I VehiclePropertyStore: begin to write value to Store: {.timestamp = 8741781040706, .areaId = 0, .prop = 557846542, .status = AVAILABLE, .value = {.int32Values = [1]{0}, .floatValues = [0]{}, .int64Values = [0]{}, .bytes = [0]{}, .stringValue = ""}}
12-30 11:03:25.959   398   464 I DefaultVehicleHal_v2_0: DefaultVehicleHal::onPropertyValue, value:{.timestamp = 8741781040706, .areaId = 0, .prop = 557846542, .status = AVAILABLE, .value = {.int32Values = [1]{0}, .floatValues = [0]{}, .int64Values = [0]{}, .bytes = [0]{}, .stringValue = ""}}
12-30 11:03:25.959   398   464 D DiagPropHandler: is not DiagnosticConfig: 0x2140100e
12-30 11:03:25.959   398   464 I VehiclePropertyStore: begin to write value to Store: {.timestamp = 8741781040706, .areaId = 0, .prop = 557846542, .status = AVAILABLE, .value = {.int32Values = [1]{0}, .floatValues = [0]{}, .int64Values = [0]{}, .bytes = [0]{}, .stringValue = ""}}
12-30 11:03:25.959   398   464 D adayocomadapter-CommunicationManager: onUpstreamReceive mPropertyId 0x2140100e
12-30 11:03:25.959   398   464 D adayocomadapter-CommunicationManager: onUpstreamReceive mPropertyId 0x214021dd
12-30 11:03:25.959   398   464 D adayocomadapter-CommunicationManager: convertBytesToInt32Memcpy  0
12-30 11:03:25.959   398   464 I vw-vhal : notifyVehicleProperty, propId = 0x214021dd, data = {status: 2, int32Values: [0]}
12-30 11:03:25.959   398   464 I vw-vhal : CanSignalsAdapter::notifyVehicleProperty: solvedValue = {.timestamp = 8741781715373, .areaId = 0, .prop = 557851101, .status = AVAILABLE, .value = {.int32Values = [1]{0}, .floatValues = [0]{}, .int64Values = [0]{}, .bytes = [0]{}, .stringValue = ""}}
12-30 11:03:25.959   398   464 I VehiclePropertyStore: begin to write value to Store: {.timestamp = 8741781715373, .areaId = 0, .prop = 557851101, .status = AVAILABLE, .value = {.int32Values = [1]{0}, .floatValues = [0]{}, .int64Values = [0]{}, .bytes = [0]{}, .stringValue = ""}}
12-30 11:03:25.960   398   464 I DefaultVehicleHal_v2_0: DefaultVehicleHal::onPropertyValue, value:{.timestamp = 8741781715373, .areaId = 0, .prop = 557851101, .status = AVAILABLE, .value = {.int32Values = [1]{0}, .floatValues = [0]{}, .int64Values = [0]{}, .bytes = [0]{}, .stringValue = ""}}
12-30 11:03:25.960   398   464 D DiagPropHandler: is not DiagnosticConfig: 0x214021dd
12-30 11:03:25.960   398   464 I VehiclePropertyStore: begin to write value to Store: {.timestamp = 8741781715373, .areaId = 0, .prop = 557851101, .status = AVAILABLE, .value = {.int32Values = [1]{0}, .floatValues = [0]{}, .int64Values = [0]{}, .bytes = [0]{}, .stringValue = ""}}
12-30 11:03:25.960   398   464 D adayocomadapter-CommunicationManager: onUpstreamReceive mPropertyId 0x214021dd
12-30 11:03:25.960   398   464 D adayocomadapter-CommunicationManager: onUpstreamReceive mPropertyId 0x2140103c
12-30 11:03:25.960   398   464 D adayocomadapter-CommunicationManager: convertBytesToInt32Memcpy  0
12-30 11:03:25.960   398   464 I vw-vhal : notifyVehicleProperty, propId = 0x2140103c, data = {status: 2, int32Values: [0]}
12-30 11:03:25.960   398   464 I vw-vhal : CanSignalsAdapter::notifyVehicleProperty: solvedValue = {.timestamp = 8741782362373, .areaId = 0, .prop = 557846588, .status = AVAILABLE, .value = {.int32Values = [1]{0}, .floatValues = [0]{}, .int64Values = [0]{}, .bytes = [0]{}, .stringValue = ""}}
12-30 11:03:25.960   398   464 I VehiclePropertyStore: begin to write value to Store: {.timestamp = 8741782362373, .areaId = 0, .prop = 557846588, .status = AVAILABLE, .value = {.int32Values = [1]{0}, .floatValues = [0]{}, .int64Values = [0]{}, .bytes = [0]{}, .stringValue = ""}}
12-30 11:03:25.960   398   464 I DefaultVehicleHal_v2_0: DefaultVehicleHal::onPropertyValue, value:{.timestamp = 8741782362373, .areaId = 0, .prop = 557846588, .status = AVAILABLE, .value = {.int32Values = [1]{0}, .floatValues = [0]{}, .int64Values = [0]{}, .bytes = [0]{}, .stringValue = ""}}
12-30 11:03:25.960   398   464 D DiagPropHandler: is not DiagnosticConfig: 0x2140103c
12-30 11:03:25.960   398   464 I VehiclePropertyStore: begin to write value to Store: {.timestamp = 8741782362373, .areaId = 0, .prop = 557846588, .status = AVAILABLE, .value = {.int32Values = [1]{0}, .floatValues = [0]{}, .int64Values = [0]{}, .bytes = [0]{}, .stringValue = ""}}
12-30 11:03:25.960   398   464 D adayocomadapter-CommunicationManager: onUpstreamReceive mPropertyId 0x2140103c
12-30 11:03:25.960   398   464 D adayocomadapter-CommunicationManager: onUpstreamReceive mPropertyId 0x2140101e
12-30 11:03:25.961   398   464 D adayocomadapter-CommunicationManager: convertBytesToInt32Memcpy  0
12-30 11:03:25.961   398   464 I vw-vhal : notifyVehicleProperty, propId = 0x2140101e, data = {status: 2, int32Values: [0]}
12-30 11:03:25.961   398   464 I vw-vhal : CanSignalsAdapter::notifyVehicleProperty: solvedValue = {.timestamp = 8741783025373, .areaId = 0, .prop = 557846558, .status = AVAILABLE, .value = {.int32Values = [1]{0}, .floatValues = [0]{}, .int64Values = [0]{}, .bytes = [0]{}, .stringValue = ""}}
12-30 11:03:25.961   398   464 I VehiclePropertyStore: begin to write value to Store: {.timestamp = 8741783025373, .areaId = 0, .prop = 557846558, .status = AVAILABLE, .value = {.int32Values = [1]{0}, .floatValues = [0]{}, .int64Values = [0]{}, .bytes = [0]{}, .stringValue = ""}}
12-30 11:03:25.961   398   464 I DefaultVehicleHal_v2_0: DefaultVehicleHal::onPropertyValue, value:{.timestamp = 8741783025373, .areaId = 0, .prop = 557846558, .status = AVAILABLE, .value = {.int32Values = [1]{0}, .floatValues = [0]{}, .int64Values = [0]{}, .bytes = [0]{}, .stringValue = ""}}
12-30 11:03:25.961   398   464 D DiagPropHandler: is not DiagnosticConfig: 0x2140101e
12-30 11:03:25.961   398   464 I VehiclePropertyStore: begin to write value to Store: {.timestamp = 8741783025373, .areaId = 0, .prop = 557846558, .status = AVAILABLE, .value = {.int32Values = [1]{0}, .floatValues = [0]{}, .int64Values = [0]{}, .bytes = [0]{}, .stringValue = ""}}
12-30 11:03:25.961   398   464 D adayocomadapter-CommunicationManager: onUpstreamReceive mPropertyId 0x2140101e
12-30 11:03:25.961   398   464 D adayocomadapter-CommunicationManager: onUpstreamReceive mPropertyId 0x21401035
12-30 11:03:25.961   398   464 D adayocomadapter-CommunicationManager: convertBytesToInt32Memcpy  0
12-30 11:03:25.961   398   464 I vw-vhal : notifyVehicleProperty, propId = 0x21401035, data = {status: 2, int32Values: [0]}
12-30 11:03:25.961   398   464 I vw-vhal : CanSignalsAdapter::notifyVehicleProperty: solvedValue = {.timestamp = 8741783688373, .areaId = 0, .prop = 557846581, .status = AVAILABLE, .value = {.int32Values = [1]{0}, .floatValues = [0]{}, .int64Values = [0]{}, .bytes = [0]{}, .stringValue = ""}}
12-30 11:03:25.961   398   464 I VehiclePropertyStore: begin to write value to Store: {.timestamp = 8741783688373, .areaId = 0, .prop = 557846581, .status = AVAILABLE, .value = {.int32Values = [1]{0}, .floatValues = [0]{}, .int64Values = [0]{}, .bytes = [0]{}, .stringValue = ""}}
12-30 11:03:25.962   398   464 I DefaultVehicleHal_v2_0: DefaultVehicleHal::onPropertyValue, value:{.timestamp = 8741783688373, .areaId = 0, .prop = 557846581, .status = AVAILABLE, .value = {.int32Values = [1]{0}, .floatValues = [0]{}, .int64Values = [0]{}, .bytes = [0]{}, .stringValue = ""}}
12-30 11:03:25.962   398   464 D DiagPropHandler: is not DiagnosticConfig: 0x21401035
12-30 11:03:25.962   398   464 I VehiclePropertyStore: begin to write value to Store: {.timestamp = 8741783688373, .areaId = 0, .prop = 557846581, .status = AVAILABLE, .value = {.int32Values = [1]{0}, .floatValues = [0]{}, .int64Values = [0]{}, .bytes = [0]{}, .stringValue = ""}}
12-30 11:03:25.962   398   464 D adayocomadapter-CommunicationManager: onUpstreamReceive mPropertyId 0x21401035
12-30 11:03:25.962   398   464 D adayocomadapter-CommunicationManager: onUpstreamReceive mPropertyId 0x21402204
12-30 11:03:25.962   398   464 D adayocomadapter-CommunicationManager: convertBytesToInt32Memcpy  0
12-30 11:03:25.962   398   464 I vw-vhal : notifyVehicleProperty, propId = 0x21402204, data = {status: 2, int32Values: [0]}
12-30 11:03:25.962   398   464 I vw-vhal : CanSignalsAdapter::notifyVehicleProperty: solvedValue = {.timestamp = 8741784408706, .areaId = 0, .prop = 557851140, .status = AVAILABLE, .value = {.int32Values = [1]{0}, .floatValues = [0]{}, .int64Values = [0]{}, .bytes = [0]{}, .stringValue = ""}}
12-30 11:03:25.962   398   464 I VehiclePropertyStore: begin to write value to Store: {.timestamp = 8741784408706, .areaId = 0, .prop = 557851140, .status = AVAILABLE, .value = {.int32Values = [1]{0}, .floatValues = [0]{}, .int64Values = [0]{}, .bytes = [0]{}, .stringValue = ""}}
12-30 11:03:25.962   398   464 I DefaultVehicleHal_v2_0: DefaultVehicleHal::onPropertyValue, value:{.timestamp = 8741784408706, .areaId = 0, .prop = 557851140, .status = AVAILABLE, .value = {.int32Values = [1]{0}, .floatValues = [0]{}, .int64Values = [0]{}, .bytes = [0]{}, .stringValue = ""}}
12-30 11:03:25.962   398   464 D DiagPropHandler: is not DiagnosticConfig: 0x21402204
12-30 11:03:25.962   398   464 I VehiclePropertyStore: begin to write value to Store: {.timestamp = 8741784408706, .areaId = 0, .prop = 557851140, .status = AVAILABLE, .value = {.int32Values = [1]{0}, .floatValues = [0]{}, .int64Values = [0]{}, .bytes = [0]{}, .stringValue = ""}}
12-30 11:03:25.962   398   464 D adayocomadapter-CommunicationManager: onUpstreamReceive mPropertyId 0x21402204
12-30 11:03:25.963   398   464 D adayocomadapter-CommunicationManager: onUpstreamReceive mPropertyId 0x21401012
12-30 11:03:25.963   398   464 D adayocomadapter-CommunicationManager: convertBytesToInt32Memcpy  0
12-30 11:03:25.963   398   464 I vw-vhal : notifyVehicleProperty, propId = 0x21401012, data = {status: 2, int32Values: [0]}
12-30 11:03:25.963   398   464 I vw-vhal : CanSignalsAdapter::notifyVehicleProperty: solvedValue = {.timestamp = 8741785046373, .areaId = 0, .prop = 557846546, .status = AVAILABLE, .value = {.int32Values = [1]{0}, .floatValues = [0]{}, .int64Values = [0]{}, .bytes = [0]{}, .stringValue = ""}}
12-30 11:03:25.963   398   464 I VehiclePropertyStore: begin to write value to Store: {.timestamp = 8741785046373, .areaId = 0, .prop = 557846546, .status = AVAILABLE, .value = {.int32Values = [1]{0}, .floatValues = [0]{}, .int64Values = [0]{}, .bytes = [0]{}, .stringValue = ""}}
12-30 11:03:25.963   398   464 I DefaultVehicleHal_v2_0: DefaultVehicleHal::onPropertyValue, value:{.timestamp = 8741785046373, .areaId = 0, .prop = 557846546, .status = AVAILABLE, .value = {.int32Values = [1]{0}, .floatValues = [0]{}, .int64Values = [0]{}, .bytes = [0]{}, .stringValue = ""}}
12-30 11:03:25.963   398   464 D DiagPropHandler: is not DiagnosticConfig: 0x21401012
12-30 11:03:25.963   398   464 I VehiclePropertyStore: begin to write value to Store: {.timestamp = 8741785046373, .areaId = 0, .prop = 557846546, .status = AVAILABLE, .value = {.int32Values = [1]{0}, .floatValues = [0]{}, .int64Values = [0]{}, .bytes = [0]{}, .stringValue = ""}}
12-30 11:03:25.963   398   464 D adayocomadapter-CommunicationManager: onUpstreamReceive mPropertyId 0x21401012
12-30 11:03:25.963   398   464 D adayocomadapter-CommunicationManager: onUpstreamReceive mPropertyId 0x21401014
12-30 11:03:25.963   398   464 D adayocomadapter-CommunicationManager: convertBytesToInt32Memcpy  0
12-30 11:03:25.963   398   464 I vw-vhal : notifyVehicleProperty, propId = 0x21401014, data = {status: 2, int32Values: [0]}
12-30 11:03:25.963   398   464 I vw-vhal : CanSignalsAdapter::notifyVehicleProperty: solvedValue = {.timestamp = 8741785696706, .areaId = 0, .prop = 557846548, .status = AVAILABLE, .value = {.int32Values = [1]{0}, .floatValues = [0]{}, .int64Values = [0]{}, .bytes = [0]{}, .stringValue = ""}}
12-30 11:03:25.963   398   464 I VehiclePropertyStore: begin to write value to Store: {.timestamp = 8741785696706, .areaId = 0, .prop = 557846548, .status = AVAILABLE, .value = {.int32Values = [1]{0}, .floatValues = [0]{}, .int64Values = [0]{}, .bytes = [0]{}, .stringValue = ""}}
12-30 11:03:25.964   398   464 I DefaultVehicleHal_v2_0: DefaultVehicleHal::onPropertyValue, value:{.timestamp = 8741785696706, .areaId = 0, .prop = 557846548, .status = AVAILABLE, .value = {.int32Values = [1]{0}, .floatValues = [0]{}, .int64Values = [0]{}, .bytes = [0]{}, .stringValue = ""}}
12-30 11:03:25.964   398   464 D DiagPropHandler: is not DiagnosticConfig: 0x21401014
12-30 11:03:25.964   398   464 I VehiclePropertyStore: begin to write value to Store: {.timestamp = 8741785696706, .areaId = 0, .prop = 557846548, .status = AVAILABLE, .value = {.int32Values = [1]{0}, .floatValues = [0]{}, .int64Values = [0]{}, .bytes = [0]{}, .stringValue = ""}}
12-30 11:03:25.964   398   464 D adayocomadapter-CommunicationManager: onUpstreamReceive mPropertyId 0x21401014
12-30 11:03:25.964   398   464 D adayocomadapter-CommunicationManager: onUpstreamReceive mPropertyId 0x21401043
12-30 11:03:25.964   398   464 D adayocomadapter-CommunicationManager: convertBytesToInt32Memcpy  0
12-30 11:03:25.964   398   464 I vw-vhal : notifyVehicleProperty, propId = 0x21401043, data = {status: 2, int32Values: [0]}
12-30 11:03:25.964   398   464 I vw-vhal : CanSignalsAdapter::notifyVehicleProperty: solvedValue = {.timestamp = 8741786331706, .areaId = 0, .prop = 557846595, .status = AVAILABLE, .value = {.int32Values = [1]{0}, .floatValues = [0]{}, .int64Values = [0]{}, .bytes = [0]{}, .stringValue = ""}}
12-30 11:03:25.964   398   464 I VehiclePropertyStore: begin to write value to Store: {.timestamp = 8741786331706, .areaId = 0, .prop = 557846595, .status = AVAILABLE, .value = {.int32Values = [1]{0}, .floatValues = [0]{}, .int64Values = [0]{}, .bytes = [0]{}, .stringValue = ""}}
12-30 11:03:25.964   398   464 I DefaultVehicleHal_v2_0: DefaultVehicleHal::onPropertyValue, value:{.timestamp = 8741786331706, .areaId = 0, .prop = 557846595, .status = AVAILABLE, .value = {.int32Values = [1]{0}, .floatValues = [0]{}, .int64Values = [0]{}, .bytes = [0]{}, .stringValue = ""}}
12-30 11:03:25.964   398   464 D DiagPropHandler: is not DiagnosticConfig: 0x21401043
12-30 11:03:25.964   398   464 I VehiclePropertyStore: begin to write value to Store: {.timestamp = 8741786331706, .areaId = 0, .prop = 557846595, .status = AVAILABLE, .value = {.int32Values = [1]{0}, .floatValues = [0]{}, .int64Values = [0]{}, .bytes = [0]{}, .stringValue = ""}}
12-30 11:03:25.964   398   464 D adayocomadapter-CommunicationManager: onUpstreamReceive mPropertyId 0x21401043
12-30 11:03:25.964   398   464 D adayocomadapter-CommunicationManager: onUpstreamReceive mPropertyId 0x21401042
12-30 11:03:25.964   398   464 D adayocomadapter-CommunicationManager: convertBytesToInt32Memcpy  0
12-30 11:03:25.965   398   464 I vw-vhal : notifyVehicleProperty, propId = 0x21401042, data = {status: 2, int32Values: [0]}
12-30 11:03:25.965   398   464 I vw-vhal : CanSignalsAdapter::notifyVehicleProperty: solvedValue = {.timestamp = 8741786972040, .areaId = 0, .prop = 557846594, .status = AVAILABLE, .value = {.int32Values = [1]{0}, .floatValues = [0]{}, .int64Values = [0]{}, .bytes = [0]{}, .stringValue = ""}}
12-30 11:03:25.965   398   464 I VehiclePropertyStore: begin to write value to Store: {.timestamp = 8741786972040, .areaId = 0, .prop = 557846594, .status = AVAILABLE, .value = {.int32Values = [1]{0}, .floatValues = [0]{}, .int64Values = [0]{}, .bytes = [0]{}, .stringValue = ""}}
12-30 11:03:25.965   398   464 I DefaultVehicleHal_v2_0: DefaultVehicleHal::onPropertyValue, value:{.timestamp = 8741786972040, .areaId = 0, .prop = 557846594, .status = AVAILABLE, .value = {.int32Values = [1]{0}, .floatValues = [0]{}, .int64Values = [0]{}, .bytes = [0]{}, .stringValue = ""}}
12-30 11:03:25.965   398   464 D DiagPropHandler: is not DiagnosticConfig: 0x21401042
12-30 11:03:25.965   398   464 I VehiclePropertyStore: begin to write value to Store: {.timestamp = 8741786972040, .areaId = 0, .prop = 557846594, .status = AVAILABLE, .value = {.int32Values = [1]{0}, .floatValues = [0]{}, .int64Values = [0]{}, .bytes = [0]{}, .stringValue = ""}}
12-30 11:03:25.965   398   464 D adayocomadapter-CommunicationManager: onUpstreamReceive mPropertyId 0x21401042
12-30 11:03:25.965   398   464 D adayocomadapter-CommunicationManager: onUpstreamReceive mPropertyId 0x21401016
12-30 11:03:25.965   398   464 D adayocomadapter-CommunicationManager: convertBytesToInt32Memcpy  0
12-30 11:03:25.965   398   464 I vw-vhal : notifyVehicleProperty, propId = 0x21401016, data = {status: 2, int32Values: [0]}
12-30 11:03:25.965   398   464 I vw-vhal : CanSignalsAdapter::notifyVehicleProperty: solvedValue = {.timestamp = 8741787615706, .areaId = 0, .prop = 557846550, .status = AVAILABLE, .value = {.int32Values = [1]{0}, .floatValues = [0]{}, .int64Values = [0]{}, .bytes = [0]{}, .stringValue = ""}}
12-30 11:03:25.965   398   464 I VehiclePropertyStore: begin to write value to Store: {.timestamp = 8741787615706, .areaId = 0, .prop = 557846550, .status = AVAILABLE, .value = {.int32Values = [1]{0}, .floatValues = [0]{}, .int64Values = [0]{}, .bytes = [0]{}, .stringValue = ""}}
12-30 11:03:25.965   398   464 I DefaultVehicleHal_v2_0: DefaultVehicleHal::onPropertyValue, value:{.timestamp = 8741787615706, .areaId = 0, .prop = 557846550, .status = AVAILABLE, .value = {.int32Values = [1]{0}, .floatValues = [0]{}, .int64Values = [0]{}, .bytes = [0]{}, .stringValue = ""}}
12-30 11:03:25.966   398   464 D DiagPropHandler: is not DiagnosticConfig: 0x21401016
12-30 11:03:25.966   398   464 I VehiclePropertyStore: begin to write value to Store: {.timestamp = 8741787615706, .areaId = 0, .prop = 557846550, .status = AVAILABLE, .value = {.int32Values = [1]{0}, .floatValues = [0]{}, .int64Values = [0]{}, .bytes = [0]{}, .stringValue = ""}}
12-30 11:03:25.966   398   464 D adayocomadapter-CommunicationManager: onUpstreamReceive mPropertyId 0x21401016
12-30 11:03:25.966   398   464 D adayocomadapter-CommunicationManager: onUpstreamReceive mPropertyId 0x2140101c
12-30 11:03:25.966   398   464 D adayocomadapter-CommunicationManager: convertBytesToInt32Memcpy  0
12-30 11:03:25.966   398   464 I vw-vhal : notifyVehicleProperty, propId = 0x2140101c, data = {status: 2, int32Values: [0]}
12-30 11:03:25.966   398   464 I vw-vhal : CanSignalsAdapter::notifyVehicleProperty: solvedValue = {.timestamp = 8741788309040, .areaId = 0, .prop = 557846556, .status = AVAILABLE, .value = {.int32Values = [1]{0}, .floatValues = [0]{}, .int64Values = [0]{}, .bytes = [0]{}, .stringValue = ""}}
12-30 11:03:25.966   398   464 I VehiclePropertyStore: begin to write value to Store: {.timestamp = 8741788309040, .areaId = 0, .prop = 557846556, .status = AVAILABLE, .value = {.int32Values = [1]{0}, .floatValues = [0]{}, .int64Values = [0]{}, .bytes = [0]{}, .stringValue = ""}}
12-30 11:03:25.966   398   464 I DefaultVehicleHal_v2_0: DefaultVehicleHal::onPropertyValue, value:{.timestamp = 8741788309040, .areaId = 0, .prop = 557846556, .status = AVAILABLE, .value = {.int32Values = [1]{0}, .floatValues = [0]{}, .int64Values = [0]{}, .bytes = [0]{}, .stringValue = ""}}
12-30 11:03:25.966   398   464 D DiagPropHandler: is not DiagnosticConfig: 0x2140101c
12-30 11:03:25.966   398   464 I VehiclePropertyStore: begin to write value to Store: {.timestamp = 8741788309040, .areaId = 0, .prop = 557846556, .status = AVAILABLE, .value = {.int32Values = [1]{0}, .floatValues = [0]{}, .int64Values = [0]{}, .bytes = [0]{}, .stringValue = ""}}
12-30 11:03:25.966   398   464 D adayocomadapter-CommunicationManager: onUpstreamReceive mPropertyId 0x2140101c
12-30 11:03:25.966   398   464 D adayocomadapter-CommunicationManager: onUpstreamReceive mPropertyId 0x21401033
12-30 11:03:25.966   398   464 D adayocomadapter-CommunicationManager: convertBytesToInt32Memcpy  0
12-30 11:03:25.967   398   464 I vw-vhal : notifyVehicleProperty, propId = 0x21401033, data = {status: 2, int32Values: [0]}
12-30 11:03:25.967   398   464 I vw-vhal : CanSignalsAdapter::notifyVehicleProperty: solvedValue = {.timestamp = 8741788966706, .areaId = 0, .prop = 557846579, .status = AVAILABLE, .value = {.int32Values = [1]{0}, .floatValues = [0]{}, .int64Values = [0]{}, .bytes = [0]{}, .stringValue = ""}}
12-30 11:03:25.967   398   464 I VehiclePropertyStore: begin to write value to Store: {.timestamp = 8741788966706, .areaId = 0, .prop = 557846579, .status = AVAILABLE, .value = {.int32Values = [1]{0}, .floatValues = [0]{}, .int64Values = [0]{}, .bytes = [0]{}, .stringValue = ""}}
12-30 11:03:25.967   398   464 I DefaultVehicleHal_v2_0: DefaultVehicleHal::onPropertyValue, value:{.timestamp = 8741788966706, .areaId = 0, .prop = 557846579, .status = AVAILABLE, .value = {.int32Values = [1]{0}, .floatValues = [0]{}, .int64Values = [0]{}, .bytes = [0]{}, .stringValue = ""}}
12-30 11:03:25.967   398   464 D DiagPropHandler: is not DiagnosticConfig: 0x21401033
12-30 11:03:25.967   398   464 I VehiclePropertyStore: begin to write value to Store: {.timestamp = 8741788966706, .areaId = 0, .prop = 557846579, .status = AVAILABLE, .value = {.int32Values = [1]{0}, .floatValues = [0]{}, .int64Values = [0]{}, .bytes = [0]{}, .stringValue = ""}}
12-30 11:03:25.967   398   464 D adayocomadapter-CommunicationManager: onUpstreamReceive mPropertyId 0x21401033
12-30 11:03:25.967   398   464 D adayocomadapter-CommunicationManager: onUpstreamReceive mPropertyId 0x21401004
12-30 11:03:25.967   398   464 D adayocomadapter-CommunicationManager: convertBytesToInt32Memcpy  0
12-30 11:03:25.967   398   464 I vw-vhal : notifyVehicleProperty, propId = 0x21401004, data = {status: 2, int32Values: [0]}
12-30 11:03:25.967   398   464 I vw-vhal : CanSignalsAdapter::notifyVehicleProperty: solvedValue = {.timestamp = 8741789604706, .areaId = 0, .prop = 557846532, .status = AVAILABLE, .value = {.int32Values = [1]{0}, .floatValues = [0]{}, .int64Values = [0]{}, .bytes = [0]{}, .stringValue = ""}}
12-30 11:03:25.967   398   464 I VehiclePropertyStore: begin to write value to Store: {.timestamp = 8741789604706, .areaId = 0, .prop = 557846532, .status = AVAILABLE, .value = {.int32Values = [1]{0}, .floatValues = [0]{}, .int64Values = [0]{}, .bytes = [0]{}, .stringValue = ""}}
12-30 11:03:25.967   398   464 I DefaultVehicleHal_v2_0: DefaultVehicleHal::onPropertyValue, value:{.timestamp = 8741789604706, .areaId = 0, .prop = 557846532, .status = AVAILABLE, .value = {.int32Values = [1]{0}, .floatValues = [0]{}, .int64Values = [0]{}, .bytes = [0]{}, .stringValue = ""}}
12-30 11:03:25.968   398   464 D DiagPropHandler: is not DiagnosticConfig: 0x21401004
12-30 11:03:25.968   398   464 I VehiclePropertyStore: begin to write value to Store: {.timestamp = 8741789604706, .areaId = 0, .prop = 557846532, .status = AVAILABLE, .value = {.int32Values = [1]{0}, .floatValues = [0]{}, .int64Values = [0]{}, .bytes = [0]{}, .stringValue = ""}}
12-30 11:03:25.968   398   464 D adayocomadapter-CommunicationManager: onUpstreamReceive mPropertyId 0x21401004
12-30 11:03:25.968   398   464 D adayocomadapter-CommunicationManager: onUpstreamReceive mPropertyId 0x21401020
12-30 11:03:25.968   398   464 D adayocomadapter-CommunicationManager: convertBytesToInt32Memcpy  0
12-30 11:03:25.968   398   464 I vw-vhal : notifyVehicleProperty, propId = 0x21401020, data = {status: 2, int32Values: [0]}
12-30 11:03:25.968   398   464 I vw-vhal : CanSignalsAdapter::notifyVehicleProperty: solvedValue = {.timestamp = 8741790258040, .areaId = 0, .prop = 557846560, .status = AVAILABLE, .value = {.int32Values = [1]{0}, .floatValues = [0]{}, .int64Values = [0]{}, .bytes = [0]{}, .stringValue = ""}}
12-30 11:03:25.968   398   464 I VehiclePropertyStore: begin to write value to Store: {.timestamp = 8741790258040, .areaId = 0, .prop = 557846560, .status = AVAILABLE, .value = {.int32Values = [1]{0}, .floatValues = [0]{}, .int64Values = [0]{}, .bytes = [0]{}, .stringValue = ""}}
12-30 11:03:25.968   398   464 I DefaultVehicleHal_v2_0: DefaultVehicleHal::onPropertyValue, value:{.timestamp = 8741790258040, .areaId = 0, .prop = 557846560, .status = AVAILABLE, .value = {.int32Values = [1]{0}, .floatValues = [0]{}, .int64Values = [0]{}, .bytes = [0]{}, .stringValue = ""}}
12-30 11:03:25.968   398   464 D DiagPropHandler: is not DiagnosticConfig: 0x21401020
