12-30 11:03:29.629   398   464 I vw-vhal : CanSignalsAdapter::notifyVehicleProperty: solvedValue = {.timestamp = 8745451158040, .areaId = 0, .prop = 557916305, .status = AVAILABLE, .value = {.int32Values = [2]{0, 0}, .floatValues = [0]{}, .int64Values = [0]{}, .bytes = [0]{}, .stringValue = ""}}
12-30 11:03:29.629   398   464 I VehiclePropertyStore: begin to write value to Store: {.timestamp = 8745451158040, .areaId = 0, .prop = 557916305, .status = AVAILABLE, .value = {.int32Values = [2]{0, 0}, .floatValues = [0]{}, .int64Values = [0]{}, .bytes = [0]{}, .stringValue = ""}}
12-30 11:03:29.629   398   464 I DefaultVehicleHal_v2_0: DefaultVehicleHal::onPropertyValue, value:{.timestamp = 8745451158040, .areaId = 0, .prop = 557916305, .status = AVAILABLE, .value = {.int32Values = [2]{0, 0}, .floatValues = [0]{}, .int64Values = [0]{}, .bytes = [0]{}, .stringValue = ""}}
12-30 11:03:29.629   398   464 D DiagPropHandler: is not DiagnosticConfig: 0x21412091
12-30 11:03:29.629   398   464 I VehiclePropertyStore: begin to write value to Store: {.timestamp = 8745451158040, .areaId = 0, .prop = 557916305, .status = AVAILABLE, .value = {.int32Values = [2]{0, 0}, .floatValues = [0]{}, .int64Values = [0]{}, .bytes = [0]{}, .stringValue = ""}}
12-30 11:03:29.629   398   464 D adayocomadapter-CommunicationManager: onUpstreamReceive mPropertyId 0x21412091
12-30 11:03:29.629   398   464 D adayocomadapter-CommunicationManager: onUpstreamReceive mPropertyId 0x21412092
12-30 11:03:29.629   398   464 I vw-vhal : notifyVehicleProperty, propId = 0x21412092, data = {status: 2, int32Values: [0, 0]}
12-30 11:03:29.630   398   464 I vw-vhal : CanSignalsAdapter::notifyVehicleProperty: solvedValue = {.timestamp = 8745451815373, .areaId = 0, .prop = 557916306, .status = AVAILABLE, .value = {.int32Values = [2]{0, 0}, .floatValues = [0]{}, .int64Values = [0]{}, .bytes = [0]{}, .stringValue = ""}}
12-30 11:03:29.630   398   464 I VehiclePropertyStore: begin to write value to Store: {.timestamp = 8745451815373, .areaId = 0, .prop = 557916306, .status = AVAILABLE, .value = {.int32Values = [2]{0, 0}, .floatValues = [0]{}, .int64Values = [0]{}, .bytes = [0]{}, .stringValue = ""}}
12-30 11:03:29.630   398   464 I DefaultVehicleHal_v2_0: DefaultVehicleHal::onPropertyValue, value:{.timestamp = 8745451815373, .areaId = 0, .prop = 557916306, .status = AVAILABLE, .value = {.int32Values = [2]{0, 0}, .floatValues = [0]{}, .int64Values = [0]{}, .bytes = [0]{}, .stringValue = ""}}
12-30 11:03:29.630   398   464 D DiagPropHandler: is not DiagnosticConfig: 0x21412092
12-30 11:03:29.630   398   464 I VehiclePropertyStore: begin to write value to Store: {.timestamp = 8745451815373, .areaId = 0, .prop = 557916306, .status = AVAILABLE, .value = {.int32Values = [2]{0, 0}, .floatValues = [0]{}, .int64Values = [0]{}, .bytes = [0]{}, .stringValue = ""}}
12-30 11:03:29.630   398   464 D adayocomadapter-CommunicationManager: onUpstreamReceive mPropertyId 0x21412092
12-30 11:03:29.638  1667  2410 I media_message_log->MediaMessageUserProxy: (SourceFile:1)b connectToService action bind
12-30 11:03:29.639   916  1847 W ActivityManager: Unable to start service Intent { cmp=com.adayo.server.mediamessagetransfer/.MediaMessTransferService (has extras) } U=0: not found
12-30 11:03:29.640  1667  2410 E media_message_log->MediaMessageUserProxy: (SourceFile:7)a bindServiceAsUser isBound = false
12-30 11:03:29.645   360   931 D EvsDriver: forwardFrame
12-30 11:03:29.645   360   931 D EvsDriver: forwardFrameDirect
12-30 11:03:29.646   360   931 D EvsDriver: Delivered 0xb400e2ca9e40c2d0 as id 0
12-30 11:03:29.646   359  2784 D evsmanagerd: /dev/video-evs0 forwarded the buffer #0 to 0xb400f125d2b26dd0 from 0xb400f125e2b20710
12-30 11:03:29.650   360   458 D EvsDriver: doneWithFrame
12-30 11:03:29.663  3066  3066 D hostapd : nl80211: BSS Event 59 (NL80211_CMD_FRAME) received for wlan1
12-30 11:03:29.663  3066  3066 D hostapd : nl80211: RX frame da=ff:ff:ff:ff:ff:ff sa=16:a5:be:dc:88:df bssid=16:a5:be:dc:88:df freq=5745 ssi_signal=-9200 fc=0xd0 seq_ctrl=0x1ab0 stype=13 (WLAN_FC_STYPE_ACTION) len=42
12-30 11:03:29.663  3066  3066 D hostapd : wlan1: Event RX_MGMT (18) received
12-30 11:03:29.663  3066  3066 D hostapd : Receive wpa msg : Event RX_MGMT (18) received
12-30 11:03:29.669  2358  2623 D RcfController: Rcf proxy is not connected!
12-30 11:03:29.679   360   931 D EvsDriver: forwardFrame
12-30 11:03:29.679   360   931 D EvsDriver: forwardFrameDirect
12-30 11:03:29.679   360   931 D EvsDriver: Delivered 0xb400e2ca9e40d090 as id 1
12-30 11:03:29.679   359  2784 D evsmanagerd: /dev/video-evs0 forwarded the buffer #1 to 0xb400f125d2b26dd0 from 0xb400f125e2b20710
12-30 11:03:29.680   360   458 D EvsDriver: doneWithFrame
12-30 11:03:29.683   596  3076 E WifiHAL : Invalid data received from driver
12-30 11:03:29.683  3066  3066 D hostapd : nl80211: BSS Event 59 (NL80211_CMD_FRAME) received for wlan1
12-30 11:03:29.684  3066  3066 D hostapd : nl80211: RX frame da=ff:ff:ff:ff:ff:ff sa=16:a5:be:dc:88:df bssid=16:a5:be:dc:88:df freq=5745 ssi_signal=-9000 fc=0xd0 seq_ctrl=0x1ac0 stype=13 (WLAN_FC_STYPE_ACTION) len=42
12-30 11:03:29.684  3066  3066 D hostapd : wlan1: Event RX_MGMT (18) received
12-30 11:03:29.684  3066  3066 D hostapd : Receive wpa msg : Event RX_MGMT (18) received
12-30 11:03:29.686   650   729 D fgemcucomm: sd Uart data : 6AA60210EC000292026C
12-30 11:03:29.686   650   729 D fgemcucomm: rev uart=72256,len=18, data : 6AA68110EC000A9202000D000000000000D8
12-30 11:03:29.687   398  2883 D adayocomadapter-ParseProtocolFunc: printRaWMsg Name[MCUToUPstream recv] len[10] data[9202000D000000000000]
12-30 11:03:29.687   398  2883 D adayocomadapter-CommunicationManager: onUpstreamback   member[0] dataLength[7] timePoint[8745508]
12-30 11:03:29.687   398  2883 D adayocomadapter-ParseProtocolFunc: printRaWMsg Name[onUpstreamback] len[7] data[0D000000000000]
12-30 11:03:29.687   398   464 D adayocomadapter-UpstreamHandler: processBeforePacket upSreamtProcessTimePoint[8745509] 
12-30 11:03:29.687   398   464 D adayocomadapter-UpstreamHandler: processPacket UPSTREAM_QUEUE_DATA_TIMEOUT
12-30 11:03:29.687   398   464 D adayocomadapter-ParseProtocolFunc: parseCommonIPCLBytes Processing tableNumber[13]
12-30 11:03:29.687   398   464 D adayocomadapter-ParseProtocolFunc: parseCommonIPCLBytes Processing tablename[Table-13] tableSize[7]
12-30 11:03:29.687   398   464 D adayocomadapter-ParseProtocolFunc: printRaWMsg Name[byteStream recv] len[7] data[0D000000000000]
12-30 11:03:29.687   398   464 D adayocomadapter-ParseProtocolFunc: printRaWMsg Name[IPCLtoVHAL] len[6] data[214020BB0000]
12-30 11:03:29.687   398   464 D adayocomadapter-ParseProtocolFunc: printRaWMsg Name[IPCLtoVHAL] len[6] data[214020E30000]
12-30 11:03:29.687   398   464 D adayocomadapter-ParseProtocolFunc: printRaWMsg Name[IPCLtoVHAL] len[6] data[214020C70000]
12-30 11:03:29.687   398   464 D adayocomadapter-ParseProtocolFunc: printRaWMsg Name[IPCLtoVHAL] len[6] data[214020DD0000]
12-30 11:03:29.687   398   464 D adayocomadapter-ParseProtocolFunc: printRaWMsg Name[IPCLtoVHAL] len[6] data[214020DF0000]
12-30 11:03:29.687   398   464 D adayocomadapter-ParseProtocolFunc: printRaWMsg Name[IPCLtoVHAL] len[6] data[214020E40000]
12-30 11:03:29.688   398   464 D adayocomadapter-CommunicationManager: onUpstreamReceive mPropertyId 0x214020bb
12-30 11:03:29.688   398   464 D adayocomadapter-CommunicationManager: convertBytesToInt32Memcpy  0
12-30 11:03:29.688   398   464 I vw-vhal : notifyVehicleProperty, propId = 0x214020bb, data = {status: 2, int32Values: [0]}
12-30 11:03:29.688   398   464 I vw-vhal : CanSignalsAdapter::notifyVehicleProperty: solvedValue = {.timestamp = 8745510096373, .areaId = 0, .prop = 557850811, .status = AVAILABLE, .value = {.int32Values = [1]{0}, .floatValues = [0]{}, .int64Values = [0]{}, .bytes = [0]{}, .stringValue = ""}}
12-30 11:03:29.688   398   464 I VehiclePropertyStore: begin to write value to Store: {.timestamp = 8745510096373, .areaId = 0, .prop = 557850811, .status = AVAILABLE, .value = {.int32Values = [1]{0}, .floatValues = [0]{}, .int64Values = [0]{}, .bytes = [0]{}, .stringValue = ""}}
12-30 11:03:29.688   398   464 I DefaultVehicleHal_v2_0: DefaultVehicleHal::onPropertyValue, value:{.timestamp = 8745510096373, .areaId = 0, .prop = 557850811, .status = AVAILABLE, .value = {.int32Values = [1]{0}, .floatValues = [0]{}, .int64Values = [0]{}, .bytes = [0]{}, .stringValue = ""}}
12-30 11:03:29.688   398   464 D DiagPropHandler: is not DiagnosticConfig: 0x214020bb
12-30 11:03:29.688   398   464 I VehiclePropertyStore: begin to write value to Store: {.timestamp = 8745510096373, .areaId = 0, .prop = 557850811, .status = AVAILABLE, .value = {.int32Values = [1]{0}, .floatValues = [0]{}, .int64Values = [0]{}, .bytes = [0]{}, .stringValue = ""}}
12-30 11:03:29.688   398   464 D adayocomadapter-CommunicationManager: onUpstreamReceive mPropertyId 0x214020bb
12-30 11:03:29.688   398   464 D adayocomadapter-CommunicationManager: onUpstreamReceive mPropertyId 0x214020e3
12-30 11:03:29.688   398   464 D adayocomadapter-CommunicationManager: convertBytesToInt32Memcpy  0
12-30 11:03:29.688   398   464 I vw-vhal : notifyVehicleProperty, propId = 0x214020e3, data = {status: 2, int32Values: [0]}
12-30 11:03:29.689   398   464 I vw-vhal : CanSignalsAdapter::notifyVehicleProperty: solvedValue = {.timestamp = 8745510808707, .areaId = 0, .prop = 557850851, .status = AVAILABLE, .value = {.int32Values = [1]{0}, .floatValues = [0]{}, .int64Values = [0]{}, .bytes = [0]{}, .stringValue = ""}}
12-30 11:03:29.689   398   464 I VehiclePropertyStore: begin to write value to Store: {.timestamp = 8745510808707, .areaId = 0, .prop = 557850851, .status = AVAILABLE, .value = {.int32Values = [1]{0}, .floatValues = [0]{}, .int64Values = [0]{}, .bytes = [0]{}, .stringValue = ""}}
12-30 11:03:29.689   398   464 I DefaultVehicleHal_v2_0: DefaultVehicleHal::onPropertyValue, value:{.timestamp = 8745510808707, .areaId = 0, .prop = 557850851, .status = AVAILABLE, .value = {.int32Values = [1]{0}, .floatValues = [0]{}, .int64Values = [0]{}, .bytes = [0]{}, .stringValue = ""}}
12-30 11:03:29.689   398   464 D DiagPropHandler: is not DiagnosticConfig: 0x214020e3
12-30 11:03:29.689   398   464 I VehiclePropertyStore: begin to write value to Store: {.timestamp = 8745510808707, .areaId = 0, .prop = 557850851, .status = AVAILABLE, .value = {.int32Values = [1]{0}, .floatValues = [0]{}, .int64Values = [0]{}, .bytes = [0]{}, .stringValue = ""}}
12-30 11:03:29.689   398   464 D adayocomadapter-CommunicationManager: onUpstreamReceive mPropertyId 0x214020e3
12-30 11:03:29.689   398   464 D adayocomadapter-CommunicationManager: onUpstreamReceive mPropertyId 0x214020c7
12-30 11:03:29.689   398   464 D adayocomadapter-CommunicationManager: convertBytesToInt32Memcpy  0
12-30 11:03:29.689   398   464 I vw-vhal : notifyVehicleProperty, propId = 0x214020c7, data = {status: 2, int32Values: [0]}
12-30 11:03:29.689   398   464 I vw-vhal : CanSignalsAdapter::notifyVehicleProperty: solvedValue = {.timestamp = 8745511786373, .areaId = 0, .prop = 557850823, .status = AVAILABLE, .value = {.int32Values = [1]{0}, .floatValues = [0]{}, .int64Values = [0]{}, .bytes = [0]{}, .stringValue = ""}}
12-30 11:03:29.690   398   464 I VehiclePropertyStore: begin to write value to Store: {.timestamp = 8745511786373, .areaId = 0, .prop = 557850823, .status = AVAILABLE, .value = {.int32Values = [1]{0}, .floatValues = [0]{}, .int64Values = [0]{}, .bytes = [0]{}, .stringValue = ""}}
12-30 11:03:29.690   398   464 I DefaultVehicleHal_v2_0: DefaultVehicleHal::onPropertyValue, value:{.timestamp = 8745511786373, .areaId = 0, .prop = 557850823, .status = AVAILABLE, .value = {.int32Values = [1]{0}, .floatValues = [0]{}, .int64Values = [0]{}, .bytes = [0]{}, .stringValue = ""}}
12-30 11:03:29.690   398   464 D DiagPropHandler: is not DiagnosticConfig: 0x214020c7
12-30 11:03:29.690   398   464 I VehiclePropertyStore: begin to write value to Store: {.timestamp = 8745511786373, .areaId = 0, .prop = 557850823, .status = AVAILABLE, .value = {.int32Values = [1]{0}, .floatValues = [0]{}, .int64Values = [0]{}, .bytes = [0]{}, .stringValue = ""}}
12-30 11:03:29.690   398   464 D adayocomadapter-CommunicationManager: onUpstreamReceive mPropertyId 0x214020c7
12-30 11:03:29.690   398   464 D adayocomadapter-CommunicationManager: onUpstreamReceive mPropertyId 0x214020dd
12-30 11:03:29.690   398   464 D adayocomadapter-CommunicationManager: convertBytesToInt32Memcpy  0
12-30 11:03:29.691   398   464 I vw-vhal : notifyVehicleProperty, propId = 0x214020dd, data = {status: 2, int32Values: [0]}
12-30 11:03:29.691   398   464 I vw-vhal : CanSignalsAdapter::notifyVehicleProperty: solvedValue = {.timestamp = 8745512942373, .areaId = 0, .prop = 557850845, .status = AVAILABLE, .value = {.int32Values = [1]{0}, .floatValues = [0]{}, .int64Values = [0]{}, .bytes = [0]{}, .stringValue = ""}}
12-30 11:03:29.691   398   464 I VehiclePropertyStore: begin to write value to Store: {.timestamp = 8745512942373, .areaId = 0, .prop = 557850845, .status = AVAILABLE, .value = {.int32Values = [1]{0}, .floatValues = [0]{}, .int64Values = [0]{}, .bytes = [0]{}, .stringValue = ""}}
12-30 11:03:29.691   398   464 I DefaultVehicleHal_v2_0: DefaultVehicleHal::onPropertyValue, value:{.timestamp = 8745512942373, .areaId = 0, .prop = 557850845, .status = AVAILABLE, .value = {.int32Values = [1]{0}, .floatValues = [0]{}, .int64Values = [0]{}, .bytes = [0]{}, .stringValue = ""}}
12-30 11:03:29.691   398   464 D DiagPropHandler: is not DiagnosticConfig: 0x214020dd
12-30 11:03:29.691   398   464 I VehiclePropertyStore: begin to write value to Store: {.timestamp = 8745512942373, .areaId = 0, .prop = 557850845, .status = AVAILABLE, .value = {.int32Values = [1]{0}, .floatValues = [0]{}, .int64Values = [0]{}, .bytes = [0]{}, .stringValue = ""}}
12-30 11:03:29.691   398   464 D adayocomadapter-CommunicationManager: onUpstreamReceive mPropertyId 0x214020dd
12-30 11:03:29.691   398   464 D adayocomadapter-CommunicationManager: onUpstreamReceive mPropertyId 0x214020df
12-30 11:03:29.691   398   464 D adayocomadapter-CommunicationManager: convertBytesToInt32Memcpy  0
12-30 11:03:29.691   398   464 I vw-vhal : notifyVehicleProperty, propId = 0x214020df, data = {status: 2, int32Values: [0]}
12-30 11:03:29.691   398   464 I vw-vhal : CanSignalsAdapter::notifyVehicleProperty: solvedValue = {.timestamp = 8745513614373, .areaId = 0, .prop = 557850847, .status = AVAILABLE, .value = {.int32Values = [1]{0}, .floatValues = [0]{}, .int64Values = [0]{}, .bytes = [0]{}, .stringValue = ""}}
12-30 11:03:29.691   398   464 I VehiclePropertyStore: begin to write value to Store: {.timestamp = 8745513614373, .areaId = 0, .prop = 557850847, .status = AVAILABLE, .value = {.int32Values = [1]{0}, .floatValues = [0]{}, .int64Values = [0]{}, .bytes = [0]{}, .stringValue = ""}}
12-30 11:03:29.691   398   464 I DefaultVehicleHal_v2_0: DefaultVehicleHal::onPropertyValue, value:{.timestamp = 8745513614373, .areaId = 0, .prop = 557850847, .status = AVAILABLE, .value = {.int32Values = [1]{0}, .floatValues = [0]{}, .int64Values = [0]{}, .bytes = [0]{}, .stringValue = ""}}
12-30 11:03:29.692   398   464 D DiagPropHandler: is not DiagnosticConfig: 0x214020df
12-30 11:03:29.692   398   464 I VehiclePropertyStore: begin to write value to Store: {.timestamp = 8745513614373, .areaId = 0, .prop = 557850847, .status = AVAILABLE, .value = {.int32Values = [1]{0}, .floatValues = [0]{}, .int64Values = [0]{}, .bytes = [0]{}, .stringValue = ""}}
12-30 11:03:29.692   398   464 D adayocomadapter-CommunicationManager: onUpstreamReceive mPropertyId 0x214020df
12-30 11:03:29.692   398   464 D adayocomadapter-CommunicationManager: onUpstreamReceive mPropertyId 0x214020e4
12-30 11:03:29.692   398   464 D adayocomadapter-CommunicationManager: convertBytesToInt32Memcpy  0
12-30 11:03:29.692   398   464 I vw-vhal : notifyVehicleProperty, propId = 0x214020e4, data = {status: 2, int32Values: [0]}
12-30 11:03:29.692   398   464 I vw-vhal : CanSignalsAdapter::notifyVehicleProperty: solvedValue = {.timestamp = 8745514274707, .areaId = 0, .prop = 557850852, .status = AVAILABLE, .value = {.int32Values = [1]{0}, .floatValues = [0]{}, .int64Values = [0]{}, .bytes = [0]{}, .stringValue = ""}}
12-30 11:03:29.692   398   464 I VehiclePropertyStore: begin to write value to Store: {.timestamp = 8745514274707, .areaId = 0, .prop = 557850852, .status = AVAILABLE, .value = {.int32Values = [1]{0}, .floatValues = [0]{}, .int64Values = [0]{}, .bytes = [0]{}, .stringValue = ""}}
12-30 11:03:29.692   398   464 I DefaultVehicleHal_v2_0: DefaultVehicleHal::onPropertyValue, value:{.timestamp = 8745514274707, .areaId = 0, .prop = 557850852, .status = AVAILABLE, .value = {.int32Values = [1]{0}, .floatValues = [0]{}, .int64Values = [0]{}, .bytes = [0]{}, .stringValue = ""}}
12-30 11:03:29.692   398   464 D DiagPropHandler: is not DiagnosticConfig: 0x214020e4
12-30 11:03:29.692   398   464 I VehiclePropertyStore: begin to write value to Store: {.timestamp = 8745514274707, .areaId = 0, .prop = 557850852, .status = AVAILABLE, .value = {.int32Values = [1]{0}, .floatValues = [0]{}, .int64Values = [0]{}, .bytes = [0]{}, .stringValue = ""}}
12-30 11:03:29.692   398   464 D adayocomadapter-CommunicationManager: onUpstreamReceive mPropertyId 0x214020e4
12-30 11:03:29.704  3066  3066 D hostapd : nl80211: BSS Event 59 (NL80211_CMD_FRAME) received for wlan1
12-30 11:03:29.704  3066  3066 D hostapd : nl80211: RX frame da=ff:ff:ff:ff:ff:ff sa=16:a5:be:dc:88:df bssid=16:a5:be:dc:88:df freq=5745 ssi_signal=-9100 fc=0xd0 seq_ctrl=0x1ad0 stype=13 (WLAN_FC_STYPE_ACTION) len=42
12-30 11:03:29.704  3066  3066 D hostapd : wlan1: Event RX_MGMT (18) received
12-30 11:03:29.704  3066  3066 D hostapd : Receive wpa msg : Event RX_MGMT (18) received
12-30 11:03:29.712   360   931 D EvsDriver: forwardFrame
12-30 11:03:29.712   360   931 D EvsDriver: forwardFrameDirect
12-30 11:03:29.712   360   931 D EvsDriver: Delivered 0xb400e2ca9e40e110 as id 0
12-30 11:03:29.712   359  2784 D evsmanagerd: /dev/video-evs0 forwarded the buffer #0 to 0xb400f125d2b26dd0 from 0xb400f125e2b20710
12-30 11:03:29.719  2358  2623 D RcfController: Rcf proxy is not connected!
12-30 11:03:29.721   360   458 D EvsDriver: doneWithFrame
12-30 11:03:29.722   596  3076 E WifiHAL : Invalid data received from driver
12-30 11:03:29.739   650   729 D fgemcucomm: sd Uart data : 6AA60210ED000292026B
12-30 11:03:29.739   650   729 D fgemcucomm: rev uart=72257,len=57, data : 6AA68110ED003192020012000000000000000000000000000000000000000000000000000000000000000000000000000000000000000000AB
12-30 11:03:29.740   398  2883 D adayocomadapter-ParseProtocolFunc: printRaWMsg Name[MCUToUPstream recv] len[49] data[92020012000000000000000000000000000000000000000000000000000000000000000000000000000000000000000000]
12-30 11:03:29.740   398  2883 D adayocomadapter-CommunicationManager: onUpstreamback   member[0] dataLength[46] timePoint[8745562]
12-30 11:03:29.740   398  2883 D adayocomadapter-ParseProtocolFunc: printRaWMsg Name[onUpstreamback] len[46] data[12000000000000000000000000000000000000000000000000000000000000000000000000000000000000000000]
12-30 11:03:29.740   398   464 D adayocomadapter-UpstreamHandler: processBeforePacket upSreamtProcessTimePoint[8745562] 
12-30 11:03:29.740   398   464 D adayocomadapter-UpstreamHandler: processPacket UPSTREAM_QUEUE_DATA_TIMEOUT
12-30 11:03:29.740   398   464 D adayocomadapter-ParseProtocolFunc: parseCommonIPCLBytes Processing tableNumber[18]
12-30 11:03:29.740   398   464 D adayocomadapter-ParseProtocolFunc: parseCommonIPCLBytes Processing tablename[Table-18] tableSize[46]
12-30 11:03:29.740   398   464 D adayocomadapter-ParseProtocolFunc: printRaWMsg Name[byteStream recv] len[46] data[12000000000000000000000000000000000000000000000000000000000000000000000000000000000000000000]
12-30 11:03:29.740   398   464 D adayocomadapter-ParseProtocolFunc: printRaWMsg Name[IPCLtoVHAL] len[6] data[214010020000]
12-30 11:03:29.741   398   464 D adayocomadapter-ParseProtocolFunc: printRaWMsg Name[IPCLtoVHAL] len[6] data[2140101A0000]
12-30 11:03:29.741   398   464 D adayocomadapter-ParseProtocolFunc: printRaWMsg Name[IPCLtoVHAL] len[6] data[2140100E0000]
12-30 11:03:29.741   398   464 D adayocomadapter-ParseProtocolFunc: printRaWMsg Name[IPCLtoVHAL] len[6] data[214021DD0000]
12-30 11:03:29.741   398   464 D adayocomadapter-ParseProtocolFunc: printRaWMsg Name[IPCLtoVHAL] len[6] data[2140103C0000]
12-30 11:03:29.741   398   464 D adayocomadapter-ParseProtocolFunc: printRaWMsg Name[IPCLtoVHAL] len[6] data[2140101E0000]
12-30 11:03:29.741   398   464 D adayocomadapter-ParseProtocolFunc: printRaWMsg Name[IPCLtoVHAL] len[6] data[214010350000]
12-30 11:03:29.741   398   464 D adayocomadapter-ParseProtocolFunc: printRaWMsg Name[IPCLtoVHAL] len[6] data[214022040000]
12-30 11:03:29.741   398   464 D adayocomadapter-ParseProtocolFunc: printRaWMsg Name[IPCLtoVHAL] len[6] data[214010120000]
12-30 11:03:29.741   398   464 D adayocomadapter-ParseProtocolFunc: printRaWMsg Name[IPCLtoVHAL] len[6] data[214010140000]
12-30 11:03:29.741   398   464 D adayocomadapter-ParseProtocolFunc: printRaWMsg Name[IPCLtoVHAL] len[6] data[214010430000]
12-30 11:03:29.741   398   464 D adayocomadapter-ParseProtocolFunc: printRaWMsg Name[IPCLtoVHAL] len[6] data[214010420000]
12-30 11:03:29.741   398   464 D adayocomadapter-ParseProtocolFunc: printRaWMsg Name[IPCLtoVHAL] len[6] data[214010160000]
12-30 11:03:29.741   398   464 D adayocomadapter-ParseProtocolFunc: printRaWMsg Name[IPCLtoVHAL] len[6] data[2140101C0000]
12-30 11:03:29.741   398   464 D adayocomadapter-ParseProtocolFunc: printRaWMsg Name[IPCLtoVHAL] len[6] data[214010330000]
12-30 11:03:29.741   398   464 D adayocomadapter-ParseProtocolFunc: printRaWMsg Name[IPCLtoVHAL] len[6] data[214010040000]
12-30 11:03:29.741   398   464 D adayocomadapter-ParseProtocolFunc: printRaWMsg Name[IPCLtoVHAL] len[6] data[214010200000]
12-30 11:03:29.741   398   464 D adayocomadapter-ParseProtocolFunc: printRaWMsg Name[IPCLtoVHAL] len[6] data[214021620000]
12-30 11:03:29.742   398   464 D adayocomadapter-ParseProtocolFunc: printRaWMsg Name[IPCLtoVHAL] len[6] data[214010370000]
12-30 11:03:29.742   398   464 D adayocomadapter-ParseProtocolFunc: printRaWMsg Name[IPCLtoVHAL] len[6] data[214010080000]
12-30 11:03:29.742   398   464 D adayocomadapter-ParseProtocolFunc: printRaWMsg Name[IPCLtoVHAL] len[6] data[214010220000]
12-30 11:03:29.742   398   464 D adayocomadapter-ParseProtocolFunc: printRaWMsg Name[IPCLtoVHAL] len[6] data[214021640000]
12-30 11:03:29.742   398   464 D adayocomadapter-ParseProtocolFunc: printRaWMsg Name[IPCLtoVHAL] len[6] data[214010390000]
12-30 11:03:29.742   398   464 D adayocomadapter-ParseProtocolFunc: printRaWMsg Name[IPCLtoVHAL] len[6] data[214021D90000]
12-30 11:03:29.742   398   464 D adayocomadapter-ParseProtocolFunc: printRaWMsg Name[IPCLtoVHAL] len[6] data[214010240000]
12-30 11:03:29.742   398   464 D adayocomadapter-ParseProtocolFunc: printRaWMsg Name[IPCLtoVHAL] len[6] data[2140103B0000]
12-30 11:03:29.742   398   464 D adayocomadapter-ParseProtocolFunc: printRaWMsg Name[IPCLtoVHAL] len[6] data[2140100C0000]
12-30 11:03:29.742   398   464 D adayocomadapter-ParseProtocolFunc: printRaWMsg Name[IPCLtoVHAL] len[6] data[214021DB0000]
12-30 11:03:29.742   398   464 D adayocomadapter-ParseProtocolFunc: printRaWMsg Name[IPCLtoVHAL] len[6] data[214010260000]
12-30 11:03:29.742   398   464 D adayocomadapter-ParseProtocolFunc: printRaWMsg Name[IPCLtoVHAL] len[6] data[214021680000]
12-30 11:03:29.742   398   464 D adayocomadapter-ParseProtocolFunc: printRaWMsg Name[IPCLtoVHAL] len[6] data[2140103E0000]
12-30 11:03:29.742   398   464 D adayocomadapter-ParseProtocolFunc: printRaWMsg Name[IPCLtoVHAL] len[6] data[2140216A0000]
12-30 11:03:29.742   398   464 D adayocomadapter-ParseProtocolFunc: printRaWMsg Name[IPCLtoVHAL] len[6] data[2140216E0000]
12-30 11:03:29.742   398   464 D adayocomadapter-ParseProtocolFunc: printRaWMsg Name[IPCLtoVHAL] len[6] data[214021700000]
12-30 11:03:29.742   398   464 D adayocomadapter-ParseProtocolFunc: printRaWMsg Name[IPCLtoVHAL] len[6] data[214021720000]
12-30 11:03:29.743   398   464 D adayocomadapter-ParseProtocolFunc: printRaWMsg Name[IPCLtoVHAL] len[6] data[214021740000]
12-30 11:03:29.743   398   464 D adayocomadapter-ParseProtocolFunc: printRaWMsg Name[IPCLtoVHAL] len[6] data[214021760000]
12-30 11:03:29.743   398   464 D adayocomadapter-ParseProtocolFunc: printRaWMsg Name[IPCLtoVHAL] len[6] data[214021780000]
12-30 11:03:29.743   398   464 D adayocomadapter-ParseProtocolFunc: printRaWMsg Name[IPCLtoVHAL] len[6] data[2140205E0000]
12-30 11:03:29.743   398   464 D adayocomadapter-ParseProtocolFunc: printRaWMsg Name[IPCLtoVHAL] len[6] data[2140217A0000]
12-30 11:03:29.743   398   464 D adayocomadapter-ParseProtocolFunc: printRaWMsg Name[IPCLtoVHAL] len[6] data[214022070000]
12-30 11:03:29.743   398   464 D adayocomadapter-ParseProtocolFunc: printRaWMsg Name[IPCLtoVHAL] len[6] data[2140217C0000]
12-30 11:03:29.743   398   464 D adayocomadapter-ParseProtocolFunc: printRaWMsg Name[IPCLtoVHAL] len[6] data[2140219C0000]
12-30 11:03:29.743   398   464 D adayocomadapter-ParseProtocolFunc: printRaWMsg Name[IPCLtoVHAL] len[6] data[214021DF0000]
12-30 11:03:29.743   398   464 D adayocomadapter-CommunicationManager: onUpstreamReceive mPropertyId 0x21401002
12-30 11:03:29.743   398   464 D adayocomadapter-CommunicationManager: convertBytesToInt32Memcpy  0
12-30 11:03:29.743   398   464 I vw-vhal : notifyVehicleProperty, propId = 0x21401002, data = {status: 2, int32Values: [0]}
12-30 11:03:29.743   398   464 I vw-vhal : CanSignalsAdapter::notifyVehicleProperty: solvedValue = {.timestamp = 8745565572707, .areaId = 0, .prop = 557846530, .status = AVAILABLE, .value = {.int32Values = [1]{0}, .floatValues = [0]{}, .int64Values = [0]{}, .bytes = [0]{}, .stringValue = ""}}
12-30 11:03:29.743   398   464 I VehiclePropertyStore: begin to write value to Store: {.timestamp = 8745565572707, .areaId = 0, .prop = 557846530, .status = AVAILABLE, .value = {.int32Values = [1]{0}, .floatValues = [0]{}, .int64Values = [0]{}, .bytes = [0]{}, .stringValue = ""}}
12-30 11:03:29.743   398   464 I DefaultVehicleHal_v2_0: DefaultVehicleHal::onPropertyValue, value:{.timestamp = 8745565572707, .areaId = 0, .prop = 557846530, .status = AVAILABLE, .value = {.int32Values = [1]{0}, .floatValues = [0]{}, .int64Values = [0]{}, .bytes = [0]{}, .stringValue = ""}}
12-30 11:03:29.744   398   464 D DiagPropHandler: is not DiagnosticConfig: 0x21401002
12-30 11:03:29.744   398   464 I VehiclePropertyStore: begin to write value to Store: {.timestamp = 8745565572707, .areaId = 0, .prop = 557846530, .status = AVAILABLE, .value = {.int32Values = [1]{0}, .floatValues = [0]{}, .int64Values = [0]{}, .bytes = [0]{}, .stringValue = ""}}
12-30 11:03:29.744   398   464 D adayocomadapter-CommunicationManager: onUpstreamReceive mPropertyId 0x21401002
12-30 11:03:29.744   398   464 D adayocomadapter-CommunicationManager: onUpstreamReceive mPropertyId 0x2140101a
12-30 11:03:29.744   398   464 D adayocomadapter-CommunicationManager: convertBytesToInt32Memcpy  0
12-30 11:03:29.744   398   464 I vw-vhal : notifyVehicleProperty, propId = 0x2140101a, data = {status: 2, int32Values: [0]}
12-30 11:03:29.744   398   464 I vw-vhal : CanSignalsAdapter::notifyVehicleProperty: solvedValue = {.timestamp = 8745566257373, .areaId = 0, .prop = 557846554, .status = AVAILABLE, .value = {.int32Values = [1]{0}, .floatValues = [0]{}, .int64Values = [0]{}, .bytes = [0]{}, .stringValue = ""}}
12-30 11:03:29.744   398   464 I VehiclePropertyStore: begin to write value to Store: {.timestamp = 8745566257373, .areaId = 0, .prop = 557846554, .status = AVAILABLE, .value = {.int32Values = [1]{0}, .floatValues = [0]{}, .int64Values = [0]{}, .bytes = [0]{}, .stringValue = ""}}
12-30 11:03:29.744   398   464 I DefaultVehicleHal_v2_0: DefaultVehicleHal::onPropertyValue, value:{.timestamp = 8745566257373, .areaId = 0, .prop = 557846554, .status = AVAILABLE, .value = {.int32Values = [1]{0}, .floatValues = [0]{}, .int64Values = [0]{}, .bytes = [0]{}, .stringValue = ""}}
12-30 11:03:29.744   398   464 D DiagPropHandler: is not DiagnosticConfig: 0x2140101a
12-30 11:03:29.744   398   464 I VehiclePropertyStore: begin to write value to Store: {.timestamp = 8745566257373, .areaId = 0, .prop = 557846554, .status = AVAILABLE, .value = {.int32Values = [1]{0}, .floatValues = [0]{}, .int64Values = [0]{}, .bytes = [0]{}, .stringValue = ""}}
12-30 11:03:29.744   398   464 D adayocomadapter-CommunicationManager: onUpstreamReceive mPropertyId 0x2140101a
12-30 11:03:29.744   398   464 D adayocomadapter-CommunicationManager: onUpstreamReceive mPropertyId 0x2140100e
12-30 11:03:29.744   398   464 D adayocomadapter-CommunicationManager: convertBytesToInt32Memcpy  0
12-30 11:03:29.745   398   464 I vw-vhal : notifyVehicleProperty, propId = 0x2140100e, data = {status: 2, int32Values: [0]}
12-30 11:03:29.745   398   464 I vw-vhal : CanSignalsAdapter::notifyVehicleProperty: solvedValue = {.timestamp = 8745566908040, .areaId = 0, .prop = 557846542, .status = AVAILABLE, .value = {.int32Values = [1]{0}, .floatValues = [0]{}, .int64Values = [0]{}, .bytes = [0]{}, .stringValue = ""}}
12-30 11:03:29.745   398   464 I VehiclePropertyStore: begin to write value to Store: {.timestamp = 8745566908040, .areaId = 0, .prop = 557846542, .status = AVAILABLE, .value = {.int32Values = [1]{0}, .floatValues = [0]{}, .int64Values = [0]{}, .bytes = [0]{}, .stringValue = ""}}
12-30 11:03:29.745   398   464 I DefaultVehicleHal_v2_0: DefaultVehicleHal::onPropertyValue, value:{.timestamp = 8745566908040, .areaId = 0, .prop = 557846542, .status = AVAILABLE, .value = {.int32Values = [1]{0}, .floatValues = [0]{}, .int64Values = [0]{}, .bytes = [0]{}, .stringValue = ""}}
12-30 11:03:29.745   398   464 D DiagPropHandler: is not DiagnosticConfig: 0x2140100e
12-30 11:03:29.745   398   464 I VehiclePropertyStore: begin to write value to Store: {.timestamp = 8745566908040, .areaId = 0, .prop = 557846542, .status = AVAILABLE, .value = {.int32Values = [1]{0}, .floatValues = [0]{}, .int64Values = [0]{}, .bytes = [0]{}, .stringValue = ""}}
12-30 11:03:29.745   398   464 D adayocomadapter-CommunicationManager: onUpstreamReceive mPropertyId 0x2140100e
12-30 11:03:29.745   398   464 D adayocomadapter-CommunicationManager: onUpstreamReceive mPropertyId 0x214021dd
12-30 11:03:29.745   398   464 D adayocomadapter-CommunicationManager: convertBytesToInt32Memcpy  0
12-30 11:03:29.745   398   464 I vw-vhal : notifyVehicleProperty, propId = 0x214021dd, data = {status: 2, int32Values: [0]}
12-30 11:03:29.745   360   931 D EvsDriver: forwardFrame
12-30 11:03:29.745   398   464 I vw-vhal : CanSignalsAdapter::notifyVehicleProperty: solvedValue = {.timestamp = 8745567562040, .areaId = 0, .prop = 557851101, .status = AVAILABLE, .value = {.int32Values = [1]{0}, .floatValues = [0]{}, .int64Values = [0]{}, .bytes = [0]{}, .stringValue = ""}}
12-30 11:03:29.745   398   464 I VehiclePropertyStore: begin to write value to Store: {.timestamp = 8745567562040, .areaId = 0, .prop = 557851101, .status = AVAILABLE, .value = {.int32Values = [1]{0}, .floatValues = [0]{}, .int64Values = [0]{}, .bytes = [0]{}, .stringValue = ""}}
12-30 11:03:29.745   360   931 D EvsDriver: forwardFrameDirect
12-30 11:03:29.745   398   464 I DefaultVehicleHal_v2_0: DefaultVehicleHal::onPropertyValue, value:{.timestamp = 8745567562040, .areaId = 0, .prop = 557851101, .status = AVAILABLE, .value = {.int32Values = [1]{0}, .floatValues = [0]{}, .int64Values = [0]{}, .bytes = [0]{}, .stringValue = ""}}
12-30 11:03:29.746   398   464 D DiagPropHandler: is not DiagnosticConfig: 0x214021dd
12-30 11:03:29.746   398   464 I VehiclePropertyStore: begin to write value to Store: {.timestamp = 8745567562040, .areaId = 0, .prop = 557851101, .status = AVAILABLE, .value = {.int32Values = [1]{0}, .floatValues = [0]{}, .int64Values = [0]{}, .bytes = [0]{}, .stringValue = ""}}
12-30 11:03:29.746   398   464 D adayocomadapter-CommunicationManager: onUpstreamReceive mPropertyId 0x214021dd
12-30 11:03:29.746   360   931 D EvsDriver: Delivered 0xb400e2ca9e40c7a0 as id 1
12-30 11:03:29.746   398   464 D adayocomadapter-CommunicationManager: onUpstreamReceive mPropertyId 0x2140103c
12-30 11:03:29.746   398   464 D adayocomadapter-CommunicationManager: convertBytesToInt32Memcpy  0
12-30 11:03:29.746   398   464 I vw-vhal : notifyVehicleProperty, propId = 0x2140103c, data = {status: 2, int32Values: [0]}
12-30 11:03:29.746   359  2784 D evsmanagerd: /dev/video-evs0 forwarded the buffer #1 to 0xb400f125d2b26dd0 from 0xb400f125e2b20710
12-30 11:03:29.746   398   464 I vw-vhal : CanSignalsAdapter::notifyVehicleProperty: solvedValue = {.timestamp = 8745568266040, .areaId = 0, .prop = 557846588, .status = AVAILABLE, .value = {.int32Values = [1]{0}, .floatValues = [0]{}, .int64Values = [0]{}, .bytes = [0]{}, .stringValue = ""}}
12-30 11:03:29.746   398   464 I VehiclePropertyStore: begin to write value to Store: {.timestamp = 8745568266040, .areaId = 0, .prop = 557846588, .status = AVAILABLE, .value = {.int32Values = [1]{0}, .floatValues = [0]{}, .int64Values = [0]{}, .bytes = [0]{}, .stringValue = ""}}
12-30 11:03:29.746   398   464 I DefaultVehicleHal_v2_0: DefaultVehicleHal::onPropertyValue, value:{.timestamp = 8745568266040, .areaId = 0, .prop = 557846588, .status = AVAILABLE, .value = {.int32Values = [1]{0}, .floatValues = [0]{}, .int64Values = [0]{}, .bytes = [0]{}, .stringValue = ""}}
12-30 11:03:29.746   398   464 D DiagPropHandler: is not DiagnosticConfig: 0x2140103c
12-30 11:03:29.746   398   464 I VehiclePropertyStore: begin to write value to Store: {.timestamp = 8745568266040, .areaId = 0, .prop = 557846588, .status = AVAILABLE, .value = {.int32Values = [1]{0}, .floatValues = [0]{}, .int64Values = [0]{}, .bytes = [0]{}, .stringValue = ""}}
12-30 11:03:29.746   398   464 D adayocomadapter-CommunicationManager: onUpstreamReceive mPropertyId 0x2140103c
12-30 11:03:29.746   398   464 D adayocomadapter-CommunicationManager: onUpstreamReceive mPropertyId 0x2140101e
12-30 11:03:29.746   398   464 D adayocomadapter-CommunicationManager: convertBytesToInt32Memcpy  0
12-30 11:03:29.747   398   464 I vw-vhal : notifyVehicleProperty, propId = 0x2140101e, data = {status: 2, int32Values: [0]}
12-30 11:03:29.747   398   464 I vw-vhal : CanSignalsAdapter::notifyVehicleProperty: solvedValue = {.timestamp = 8745568958373, .areaId = 0, .prop = 557846558, .status = AVAILABLE, .value = {.int32Values = [1]{0}, .floatValues = [0]{}, .int64Values = [0]{}, .bytes = [0]{}, .stringValue = ""}}
12-30 11:03:29.747   398   464 I VehiclePropertyStore: begin to write value to Store: {.timestamp = 8745568958373, .areaId = 0, .prop = 557846558, .status = AVAILABLE, .value = {.int32Values = [1]{0}, .floatValues = [0]{}, .int64Values = [0]{}, .bytes = [0]{}, .stringValue = ""}}
12-30 11:03:29.747   398   464 I DefaultVehicleHal_v2_0: DefaultVehicleHal::onPropertyValue, value:{.timestamp = 8745568958373, .areaId = 0, .prop = 557846558, .status = AVAILABLE, .value = {.int32Values = [1]{0}, .floatValues = [0]{}, .int64Values = [0]{}, .bytes = [0]{}, .stringValue = ""}}
12-30 11:03:29.747   398   464 D DiagPropHandler: is not DiagnosticConfig: 0x2140101e
12-30 11:03:29.747   398   464 I VehiclePropertyStore: begin to write value to Store: {.timestamp = 8745568958373, .areaId = 0, .prop = 557846558, .status = AVAILABLE, .value = {.int32Values = [1]{0}, .floatValues = [0]{}, .int64Values = [0]{}, .bytes = [0]{}, .stringValue = ""}}
12-30 11:03:29.747   398   464 D adayocomadapter-CommunicationManager: onUpstreamReceive mPropertyId 0x2140101e
12-30 11:03:29.747   398   464 D adayocomadapter-CommunicationManager: onUpstreamReceive mPropertyId 0x21401035
12-30 11:03:29.747   398   464 D adayocomadapter-CommunicationManager: convertBytesToInt32Memcpy  0
12-30 11:03:29.747   398   464 I vw-vhal : notifyVehicleProperty, propId = 0x21401035, data = {status: 2, int32Values: [0]}
12-30 11:03:29.747   398   464 I vw-vhal : CanSignalsAdapter::notifyVehicleProperty: solvedValue = {.timestamp = 8745569589373, .areaId = 0, .prop = 557846581, .status = AVAILABLE, .value = {.int32Values = [1]{0}, .floatValues = [0]{}, .int64Values = [0]{}, .bytes = [0]{}, .stringValue = ""}}
12-30 11:03:29.747   398   464 I VehiclePropertyStore: begin to write value to Store: {.timestamp = 8745569589373, .areaId = 0, .prop = 557846581, .status = AVAILABLE, .value = {.int32Values = [1]{0}, .floatValues = [0]{}, .int64Values = [0]{}, .bytes = [0]{}, .stringValue = ""}}
12-30 11:03:29.747   398   464 I DefaultVehicleHal_v2_0: DefaultVehicleHal::onPropertyValue, value:{.timestamp = 8745569589373, .areaId = 0, .prop = 557846581, .status = AVAILABLE, .value = {.int32Values = [1]{0}, .floatValues = [0]{}, .int64Values = [0]{}, .bytes = [0]{}, .stringValue = ""}}
12-30 11:03:29.748   398   464 D DiagPropHandler: is not DiagnosticConfig: 0x21401035
12-30 11:03:29.748   398   464 I VehiclePropertyStore: begin to write value to Store: {.timestamp = 8745569589373, .areaId = 0, .prop = 557846581, .status = AVAILABLE, .value = {.int32Values = [1]{0}, .floatValues = [0]{}, .int64Values = [0]{}, .bytes = [0]{}, .stringValue = ""}}
12-30 11:03:29.748   398   464 D adayocomadapter-CommunicationManager: onUpstreamReceive mPropertyId 0x21401035
12-30 11:03:29.748   398   464 D adayocomadapter-CommunicationManager: onUpstreamReceive mPropertyId 0x21402204
12-30 11:03:29.748   398   464 D adayocomadapter-CommunicationManager: convertBytesToInt32Memcpy  0
12-30 11:03:29.748   398   464 I vw-vhal : notifyVehicleProperty, propId = 0x21402204, data = {status: 2, int32Values: [0]}
12-30 11:03:29.748   398   464 I vw-vhal : CanSignalsAdapter::notifyVehicleProperty: solvedValue = {.timestamp = 8745570218707, .areaId = 0, .prop = 557851140, .status = AVAILABLE, .value = {.int32Values = [1]{0}, .floatValues = [0]{}, .int64Values = [0]{}, .bytes = [0]{}, .stringValue = ""}}
12-30 11:03:29.748   398   464 I VehiclePropertyStore: begin to write value to Store: {.timestamp = 8745570218707, .areaId = 0, .prop = 557851140, .status = AVAILABLE, .value = {.int32Values = [1]{0}, .floatValues = [0]{}, .int64Values = [0]{}, .bytes = [0]{}, .stringValue = ""}}
12-30 11:03:29.748   398   464 I DefaultVehicleHal_v2_0: DefaultVehicleHal::onPropertyValue, value:{.timestamp = 8745570218707, .areaId = 0, .prop = 557851140, .status = AVAILABLE, .value = {.int32Values = [1]{0}, .floatValues = [0]{}, .int64Values = [0]{}, .bytes = [0]{}, .stringValue = ""}}
12-30 11:03:29.748   398   464 D DiagPropHandler: is not DiagnosticConfig: 0x21402204
12-30 11:03:29.748   398   464 I VehiclePropertyStore: begin to write value to Store: {.timestamp = 8745570218707, .areaId = 0, .prop = 557851140, .status = AVAILABLE, .value = {.int32Values = [1]{0}, .floatValues = [0]{}, .int64Values = [0]{}, .bytes = [0]{}, .stringValue = ""}}
12-30 11:03:29.748   398   464 D adayocomadapter-CommunicationManager: onUpstreamReceive mPropertyId 0x21402204
12-30 11:03:29.748   398   464 D adayocomadapter-CommunicationManager: onUpstreamReceive mPropertyId 0x21401012
12-30 11:03:29.748   398   464 D adayocomadapter-CommunicationManager: convertBytesToInt32Memcpy  0
12-30 11:03:29.748   398   464 I vw-vhal : notifyVehicleProperty, propId = 0x21401012, data = {status: 2, int32Values: [0]}
12-30 11:03:29.749   398   464 I vw-vhal : CanSignalsAdapter::notifyVehicleProperty: solvedValue = {.timestamp = 8745570887707, .areaId = 0, .prop = 557846546, .status = AVAILABLE, .value = {.int32Values = [1]{0}, .floatValues = [0]{}, .int64Values = [0]{}, .bytes = [0]{}, .stringValue = ""}}
12-30 11:03:29.749   398   464 I VehiclePropertyStore: begin to write value to Store: {.timestamp = 8745570887707, .areaId = 0, .prop = 557846546, .status = AVAILABLE, .value = {.int32Values = [1]{0}, .floatValues = [0]{}, .int64Values = [0]{}, .bytes = [0]{}, .stringValue = ""}}
12-30 11:03:29.749   398   464 I DefaultVehicleHal_v2_0: DefaultVehicleHal::onPropertyValue, value:{.timestamp = 8745570887707, .areaId = 0, .prop = 557846546, .status = AVAILABLE, .value = {.int32Values = [1]{0}, .floatValues = [0]{}, .int64Values = [0]{}, .bytes = [0]{}, .stringValue = ""}}
12-30 11:03:29.749   398   464 D DiagPropHandler: is not DiagnosticConfig: 0x21401012
12-30 11:03:29.749   398   464 I VehiclePropertyStore: begin to write value to Store: {.timestamp = 8745570887707, .areaId = 0, .prop = 557846546, .status = AVAILABLE, .value = {.int32Values = [1]{0}, .floatValues = [0]{}, .int64Values = [0]{}, .bytes = [0]{}, .stringValue = ""}}
12-30 11:03:29.749   398   464 D adayocomadapter-CommunicationManager: onUpstreamReceive mPropertyId 0x21401012
12-30 11:03:29.749   398   464 D adayocomadapter-CommunicationManager: onUpstreamReceive mPropertyId 0x21401014
12-30 11:03:29.749   398   464 D adayocomadapter-CommunicationManager: convertBytesToInt32Memcpy  0
12-30 11:03:29.749   398   464 I vw-vhal : notifyVehicleProperty, propId = 0x21401014, data = {status: 2, int32Values: [0]}
12-30 11:03:29.749   398   464 I vw-vhal : CanSignalsAdapter::notifyVehicleProperty: solvedValue = {.timestamp = 8745571536373, .areaId = 0, .prop = 557846548, .status = AVAILABLE, .value = {.int32Values = [1]{0}, .floatValues = [0]{}, .int64Values = [0]{}, .bytes = [0]{}, .stringValue = ""}}
12-30 11:03:29.749   398   464 I VehiclePropertyStore: begin to write value to Store: {.timestamp = 8745571536373, .areaId = 0, .prop = 557846548, .status = AVAILABLE, .value = {.int32Values = [1]{0}, .floatValues = [0]{}, .int64Values = [0]{}, .bytes = [0]{}, .stringValue = ""}}
12-30 11:03:29.749   398   464 I DefaultVehicleHal_v2_0: DefaultVehicleHal::onPropertyValue, value:{.timestamp = 8745571536373, .areaId = 0, .prop = 557846548, .status = AVAILABLE, .value = {.int32Values = [1]{0}, .floatValues = [0]{}, .int64Values = [0]{}, .bytes = [0]{}, .stringValue = ""}}
12-30 11:03:29.749   398   464 D DiagPropHandler: is not DiagnosticConfig: 0x21401014
12-30 11:03:29.750   398   464 I VehiclePropertyStore: begin to write value to Store: {.timestamp = 8745571536373, .areaId = 0, .prop = 557846548, .status = AVAILABLE, .value = {.int32Values = [1]{0}, .floatValues = [0]{}, .int64Values = [0]{}, .bytes = [0]{}, .stringValue = ""}}
12-30 11:03:29.750   398   464 D adayocomadapter-CommunicationManager: onUpstreamReceive mPropertyId 0x21401014
12-30 11:03:29.750   398   464 D adayocomadapter-CommunicationManager: onUpstreamReceive mPropertyId 0x21401043
12-30 11:03:29.750   398   464 D adayocomadapter-CommunicationManager: convertBytesToInt32Memcpy  0
12-30 11:03:29.750   398   464 I vw-vhal : notifyVehicleProperty, propId = 0x21401043, data = {status: 2, int32Values: [0]}
12-30 11:03:29.750   398   464 I vw-vhal : CanSignalsAdapter::notifyVehicleProperty: solvedValue = {.timestamp = 8745572207040, .areaId = 0, .prop = 557846595, .status = AVAILABLE, .value = {.int32Values = [1]{0}, .floatValues = [0]{}, .int64Values = [0]{}, .bytes = [0]{}, .stringValue = ""}}
12-30 11:03:29.750   398   464 I VehiclePropertyStore: begin to write value to Store: {.timestamp = 8745572207040, .areaId = 0, .prop = 557846595, .status = AVAILABLE, .value = {.int32Values = [1]{0}, .floatValues = [0]{}, .int64Values = [0]{}, .bytes = [0]{}, .stringValue = ""}}
12-30 11:03:29.750   398   464 I DefaultVehicleHal_v2_0: DefaultVehicleHal::onPropertyValue, value:{.timestamp = 8745572207040, .areaId = 0, .prop = 557846595, .status = AVAILABLE, .value = {.int32Values = [1]{0}, .floatValues = [0]{}, .int64Values = [0]{}, .bytes = [0]{}, .stringValue = ""}}
12-30 11:03:29.750   398   464 D DiagPropHandler: is not DiagnosticConfig: 0x21401043
12-30 11:03:29.750   398   464 I VehiclePropertyStore: begin to write value to Store: {.timestamp = 8745572207040, .areaId = 0, .prop = 557846595, .status = AVAILABLE, .value = {.int32Values = [1]{0}, .floatValues = [0]{}, .int64Values = [0]{}, .bytes = [0]{}, .stringValue = ""}}
12-30 11:03:29.750   398   464 D adayocomadapter-CommunicationManager: onUpstreamReceive mPropertyId 0x21401043
12-30 11:03:29.750   398   464 D adayocomadapter-CommunicationManager: onUpstreamReceive mPropertyId 0x21401042
12-30 11:03:29.750   398   464 D adayocomadapter-CommunicationManager: convertBytesToInt32Memcpy  0
12-30 11:03:29.750   398   464 I vw-vhal : notifyVehicleProperty, propId = 0x21401042, data = {status: 2, int32Values: [0]}
12-30 11:03:29.751   398   464 I vw-vhal : CanSignalsAdapter::notifyVehicleProperty: solvedValue = {.timestamp = 8745572841707, .areaId = 0, .prop = 557846594, .status = AVAILABLE, .value = {.int32Values = [1]{0}, .floatValues = [0]{}, .int64Values = [0]{}, .bytes = [0]{}, .stringValue = ""}}
12-30 11:03:29.751   398   464 I VehiclePropertyStore: begin to write value to Store: {.timestamp = 8745572841707, .areaId = 0, .prop = 557846594, .status = AVAILABLE, .value = {.int32Values = [1]{0}, .floatValues = [0]{}, .int64Values = [0]{}, .bytes = [0]{}, .stringValue = ""}}
12-30 11:03:29.751   398   464 I DefaultVehicleHal_v2_0: DefaultVehicleHal::onPropertyValue, value:{.timestamp = 8745572841707, .areaId = 0, .prop = 557846594, .status = AVAILABLE, .value = {.int32Values = [1]{0}, .floatValues = [0]{}, .int64Values = [0]{}, .bytes = [0]{}, .stringValue = ""}}
12-30 11:03:29.751   398   464 D DiagPropHandler: is not DiagnosticConfig: 0x21401042
12-30 11:03:29.751   398   464 I VehiclePropertyStore: begin to write value to Store: {.timestamp = 8745572841707, .areaId = 0, .prop = 557846594, .status = AVAILABLE, .value = {.int32Values = [1]{0}, .floatValues = [0]{}, .int64Values = [0]{}, .bytes = [0]{}, .stringValue = ""}}
12-30 11:03:29.751   398   464 D adayocomadapter-CommunicationManager: onUpstreamReceive mPropertyId 0x21401042
12-30 11:03:29.751   398   464 D adayocomadapter-CommunicationManager: onUpstreamReceive mPropertyId 0x21401016
12-30 11:03:29.751   398   464 D adayocomadapter-CommunicationManager: convertBytesToInt32Memcpy  0
12-30 11:03:29.751   398   464 I vw-vhal : notifyVehicleProperty, propId = 0x21401016, data = {status: 2, int32Values: [0]}
12-30 11:03:29.751   398   464 I vw-vhal : CanSignalsAdapter::notifyVehicleProperty: solvedValue = {.timestamp = 8745573527373, .areaId = 0, .prop = 557846550, .status = AVAILABLE, .value = {.int32Values = [1]{0}, .floatValues = [0]{}, .int64Values = [0]{}, .bytes = [0]{}, .stringValue = ""}}
12-30 11:03:29.751   398   464 I VehiclePropertyStore: begin to write value to Store: {.timestamp = 8745573527373, .areaId = 0, .prop = 557846550, .status = AVAILABLE, .value = {.int32Values = [1]{0}, .floatValues = [0]{}, .int64Values = [0]{}, .bytes = [0]{}, .stringValue = ""}}
12-30 11:03:29.751   360   458 D EvsDriver: doneWithFrame
12-30 11:03:29.751   398   464 I DefaultVehicleHal_v2_0: DefaultVehicleHal::onPropertyValue, value:{.timestamp = 8745573527373, .areaId = 0, .prop = 557846550, .status = AVAILABLE, .value = {.int32Values = [1]{0}, .floatValues = [0]{}, .int64Values = [0]{}, .bytes = [0]{}, .stringValue = ""}}
12-30 11:03:29.751   398   464 D DiagPropHandler: is not DiagnosticConfig: 0x21401016
12-30 11:03:29.752   398   464 I VehiclePropertyStore: begin to write value to Store: {.timestamp = 8745573527373, .areaId = 0, .prop = 557846550, .status = AVAILABLE, .value = {.int32Values = [1]{0}, .floatValues = [0]{}, .int64Values = [0]{}, .bytes = [0]{}, .stringValue = ""}}
12-30 11:03:29.752   398   464 D adayocomadapter-CommunicationManager: onUpstreamReceive mPropertyId 0x21401016
12-30 11:03:29.752   398   464 D adayocomadapter-CommunicationManager: onUpstreamReceive mPropertyId 0x2140101c
12-30 11:03:29.752   398   464 D adayocomadapter-CommunicationManager: convertBytesToInt32Memcpy  0
12-30 11:03:29.752   398   464 I vw-vhal : notifyVehicleProperty, propId = 0x2140101c, data = {status: 2, int32Values: [0]}
12-30 11:03:29.752   398   464 I vw-vhal : CanSignalsAdapter::notifyVehicleProperty: solvedValue = {.timestamp = 8745574171707, .areaId = 0, .prop = 557846556, .status = AVAILABLE, .value = {.int32Values = [1]{0}, .floatValues = [0]{}, .int64Values = [0]{}, .bytes = [0]{}, .stringValue = ""}}
12-30 11:03:29.752   398   464 I VehiclePropertyStore: begin to write value to Store: {.timestamp = 8745574171707, .areaId = 0, .prop = 557846556, .status = AVAILABLE, .value = {.int32Values = [1]{0}, .floatValues = [0]{}, .int64Values = [0]{}, .bytes = [0]{}, .stringValue = ""}}
12-30 11:03:29.752   398   464 I DefaultVehicleHal_v2_0: DefaultVehicleHal::onPropertyValue, value:{.timestamp = 8745574171707, .areaId = 0, .prop = 557846556, .status = AVAILABLE, .value = {.int32Values = [1]{0}, .floatValues = [0]{}, .int64Values = [0]{}, .bytes = [0]{}, .stringValue = ""}}
12-30 11:03:29.752   398   464 D DiagPropHandler: is not DiagnosticConfig: 0x2140101c
12-30 11:03:29.752   398   464 I VehiclePropertyStore: begin to write value to Store: {.timestamp = 8745574171707, .areaId = 0, .prop = 557846556, .status = AVAILABLE, .value = {.int32Values = [1]{0}, .floatValues = [0]{}, .int64Values = [0]{}, .bytes = [0]{}, .stringValue = ""}}
12-30 11:03:29.752   398   464 D adayocomadapter-CommunicationManager: onUpstreamReceive mPropertyId 0x2140101c
12-30 11:03:29.753   398   464 D adayocomadapter-CommunicationManager: onUpstreamReceive mPropertyId 0x21401033
12-30 11:03:29.753   398   464 D adayocomadapter-CommunicationManager: convertBytesToInt32Memcpy  0
12-30 11:03:29.753   398   464 I vw-vhal : notifyVehicleProperty, propId = 0x21401033, data = {status: 2, int32Values: [0]}
12-30 11:03:29.753   398   464 I vw-vhal : CanSignalsAdapter::notifyVehicleProperty: solvedValue = {.timestamp = 8745575076040, .areaId = 0, .prop = 557846579, .status = AVAILABLE, .value = {.int32Values = [1]{0}, .floatValues = [0]{}, .int64Values = [0]{}, .bytes = [0]{}, .stringValue = ""}}
