--------- beginning of main
12-30 11:03:22.475  3066  3066 D hostapd : nl80211: BSS Event 59 (NL80211_CMD_FRAME) received for wlan1
12-30 11:03:22.475  3066  3066 D hostapd : nl80211: RX frame da=ff:ff:ff:ff:ff:ff sa=16:a5:be:dc:88:df bssid=16:a5:be:dc:88:df freq=5745 ssi_signal=-9100 fc=0xd0 seq_ctrl=0x540 stype=13 (WLAN_FC_STYPE_ACTION) len=42
12-30 11:03:22.475  3066  3066 D hostapd : wlan1: Event RX_MGMT (18) received
12-30 11:03:22.475  3066  3066 D hostapd : Receive wpa msg : Event RX_MGMT (18) received
12-30 11:03:22.479   360   931 D EvsDriver: forwardFrame
12-30 11:03:22.479   360   931 D EvsDriver: forwardFrameDirect
12-30 11:03:22.479   360   931 D EvsDriver: Delivered 0xb400e2ca9e40d090 as id 1
12-30 11:03:22.479   359  2784 D evsmanagerd: /dev/video-evs0 forwarded the buffer #1 to 0xb400f125d2b26dd0 from 0xb400f125e2b20710
12-30 11:03:22.480   360   458 D EvsDriver: doneWithFrame
12-30 11:03:22.482  2358  2623 D RcfController: Rcf proxy is not connected!
12-30 11:03:22.490   596  3076 E WifiHAL : Invalid data received from driver
12-30 11:03:22.512   360   931 D EvsDriver: forwardFrame
12-30 11:03:22.512   360   931 D EvsDriver: forwardFrameDirect
12-30 11:03:22.513   360   931 D EvsDriver: Delivered 0xb400e2ca9e40e110 as id 0
12-30 11:03:22.513   359  2784 D evsmanagerd: /dev/video-evs0 forwarded the buffer #0 to 0xb400f125d2b26dd0 from 0xb400f125e2b20710
12-30 11:03:22.517  3066  3066 D hostapd : nl80211: BSS Event 59 (NL80211_CMD_FRAME) received for wlan1
12-30 11:03:22.517  3066  3066 D hostapd : nl80211: RX frame da=ff:ff:ff:ff:ff:ff sa=16:a5:be:dc:88:df bssid=16:a5:be:dc:88:df freq=5745 ssi_signal=-9200 fc=0xd0 seq_ctrl=0x570 stype=13 (WLAN_FC_STYPE_ACTION) len=42
12-30 11:03:22.517  3066  3066 D hostapd : wlan1: Event RX_MGMT (18) received
12-30 11:03:22.517  3066  3066 D hostapd : Receive wpa msg : Event RX_MGMT (18) received
12-30 11:03:22.521   360   458 D EvsDriver: doneWithFrame
12-30 11:03:22.521   798  8750 W adbd    : timed out while waiting for FUNCTIONFS_BIND, trying again
12-30 11:03:22.521   798  8750 I adbd    : UsbFfs: connection terminated: monitor thread finished
12-30 11:03:22.522   798   798 I adbd    : UsbFfs: already offline
12-30 11:03:22.522   798   798 I adbd    : destroying transport UsbFfs
12-30 11:03:22.522   798   798 I adbd    : UsbFfsConnection being destroyed
12-30 11:03:22.532  2358  2623 D RcfController: Rcf proxy is not connected!
12-30 11:03:22.545   360   931 D EvsDriver: forwardFrame
12-30 11:03:22.545   360   931 D EvsDriver: forwardFrameDirect
12-30 11:03:22.546   360   931 D EvsDriver: Delivered 0xb400e2ca9e40c7a0 as id 1
12-30 11:03:22.546   359  2784 D evsmanagerd: /dev/video-evs0 forwarded the buffer #1 to 0xb400f125d2b26dd0 from 0xb400f125e2b20710
12-30 11:03:22.546   596  3076 E WifiHAL : Invalid data received from driver
12-30 11:03:22.551   360   458 D EvsDriver: doneWithFrame
12-30 11:03:22.570   798   838 I adbd    : opening control endpoint /dev/usb-ffs/adb/ep0
12-30 11:03:22.571   798   838 I adbd    : UsbFfsConnection constructed
12-30 11:03:22.571   798  8773 I adbd    : UsbFfs-monitor thread spawned
12-30 11:03:22.579   360   931 D EvsDriver: forwardFrame
12-30 11:03:22.579   360   931 D EvsDriver: forwardFrameDirect
12-30 11:03:22.579   360   931 D EvsDriver: Delivered 0xb400e2ca9e40e270 as id 0
12-30 11:03:22.579   359  2784 D evsmanagerd: /dev/video-evs0 forwarded the buffer #0 to 0xb400f125d2b26dd0 from 0xb400f125e2b20710
12-30 11:03:22.581   360   458 D EvsDriver: doneWithFrame
12-30 11:03:22.583  2358  2623 D RcfController: Rcf proxy is not connected!
12-30 11:03:22.590  1611 15258 I ADAYO_LOG_: a(CmdFunc.java:22)logcat execute command finally : [logcat -b all -c]
12-30 11:03:22.590  1611 15258 I ADAYO_LOG_: a(CmdFunc.java:38)logcatexecute command end, errorMsg: , and status: 0: 
--------- beginning of kernel
01-01 10:25:39.605     1     1 I init    : processing action (persist.log.adayo_collect.logcat=2) from (/system/etc/init/LogSystem.rc:46)
01-01 10:25:39.605     1     1 I init    : Sending signal 9 to service 'trace_logcat' (pid 6945) process group...
01-01 10:25:39.611     1     1 I libprocessgroup: Successfully killed process cgroup uid 0 pid 6945 in 5ms
12-30 11:03:22.603  1611 15258 I ADAYO_LOG_: b(LogcatFunc.java:5)path:/mnt/sdcard/AndroidLog/logcat/logcat_2025_12_30_11_03_22_442-13.txt
12-30 11:03:22.607  1611 15258 I ADAYO_LOG_: b(LogcatFunc.java:7)COLLECT_INT_START
12-30 11:03:22.608  1611 15258 I ADAYO_LOG_: g(null:15)logcat file is zip packing, zipFilePath: /mnt/sdcard/AndroidLog/logcat/logcat_2025_12_30_11_03_22_442-12.zip
12-30 11:03:22.608  1611 15258 I ADAYO_LOG_: e(LogcatFunc.java:2)isOpenEncrypt: false
12-30 11:03:22.609  2310  2804 D FuseDaemon: Node: 12970642256212204944 created.
12-30 11:03:22.612   360   931 D EvsDriver: forwardFrame
12-30 11:03:22.612   360   931 D EvsDriver: forwardFrameDirect
12-30 11:03:22.612   360   931 D EvsDriver: Delivered 0xb400e2ca9e40d4b0 as id 1
12-30 11:03:22.612   359  2784 D evsmanagerd: /dev/video-evs0 forwarded the buffer #1 to 0xb400f125d2b26dd0 from 0xb400f125e2b20710
12-30 11:03:22.617   596  3076 E WifiHAL : Invalid data received from driver
12-30 11:03:22.622  1667  2410 I media_message_log->MediaMessageUserProxy: (SourceFile:1)b connectToService action bind
12-30 11:03:22.622   360   458 D EvsDriver: doneWithFrame
--------- beginning of system
12-30 11:03:22.623   916  1847 W ActivityManager: Unable to start service Intent { cmp=com.adayo.server.mediamessagetransfer/.MediaMessTransferService (has extras) } U=0: not found
12-30 11:03:22.623  1667  2410 E media_message_log->MediaMessageUserProxy: (SourceFile:7)a bindServiceAsUser isBound = false
12-30 11:03:22.633  2358  2623 D RcfController: Rcf proxy is not connected!
12-30 11:03:22.637  8774  8774 I ADAYO_LOG_TRACE_RESOURCE: execute interrupt
12-30 11:03:22.645   360   931 D EvsDriver: forwardFrame
12-30 11:03:22.645   360   931 D EvsDriver: forwardFrameDirect
12-30 11:03:22.646   360   931 D EvsDriver: Delivered 0xb400e2ca9e40c2d0 as id 0
12-30 11:03:22.646   359  2784 D evsmanagerd: /dev/video-evs0 forwarded the buffer #0 to 0xb400f125d2b26dd0 from 0xb400f125e2b20710
12-30 11:03:22.652   360   458 D EvsDriver: doneWithFrame
12-30 11:03:22.660  8776  8776 I ADAYO_LOG_TRACE_LOGCAT: execute start
12-30 11:03:22.660  8777  8777 I ADAYO_LOG_TRACE_RESOURCE: execute end
12-30 11:03:22.679   360   931 D EvsDriver: forwardFrame
12-30 11:03:22.679   360   931 D EvsDriver: forwardFrameDirect
12-30 11:03:22.679   360   931 D EvsDriver: Delivered 0xb400e2ca9e40d090 as id 1
12-30 11:03:22.679   359  2784 D evsmanagerd: /dev/video-evs0 forwarded the buffer #1 to 0xb400f125d2b26dd0 from 0xb400f125e2b20710
12-30 11:03:22.683   596  3076 E WifiHAL : Invalid data received from driver
12-30 11:03:22.683  3066  3066 D hostapd : nl80211: BSS Event 59 (NL80211_CMD_FRAME) received for wlan1
12-30 11:03:22.683  3066  3066 D hostapd : nl80211: RX frame da=ff:ff:ff:ff:ff:ff sa=00:59:06:49:89:ab bssid=00:59:06:49:89:ab freq=5745 ssi_signal=-8600 fc=0xd0 seq_ctrl=0xb480 stype=13 (WLAN_FC_STYPE_ACTION) len=42
12-30 11:03:22.683  3066  3066 D hostapd : wlan1: Event RX_MGMT (18) received
12-30 11:03:22.683  3066  3066 D hostapd : Receive wpa msg : Event RX_MGMT (18) received
12-30 11:03:22.683   360   458 D EvsDriver: doneWithFrame
12-30 11:03:22.683  2358  2623 D RcfController: Rcf proxy is not connected!
12-30 11:03:22.700  8780  8780 I ADAYO_LOG_TRACE_LOGCAT: executing
12-30 11:03:22.712   360   931 D EvsDriver: forwardFrame
12-30 11:03:22.712   360   931 D EvsDriver: forwardFrameDirect
12-30 11:03:22.712   360   931 D EvsDriver: Delivered 0xb400e2ca9e40e110 as id 0
12-30 11:03:22.712  8779  8779 I flags_health_check: ServerConfigurableFlagsReset reset_mode value: 1
12-30 11:03:22.712   359  2784 D evsmanagerd: /dev/video-evs0 forwarded the buffer #0 to 0xb400f125d2b26dd0 from 0xb400f125e2b20710
12-30 11:03:22.712  8779  8779 I flags_health_check: ServerConfigurableFlagsReset updatable crashing detected, resetting flags.
12-30 11:03:22.713   360   458 D EvsDriver: doneWithFrame
12-30 11:03:22.734  2358  2623 D RcfController: Rcf proxy is not connected!
12-30 11:03:22.740  8782  8782 I ADAYO_LOG_TRACE_LOGCAT: collect_dest_path:/mnt/sdcard/AndroidLog/logcat
12-30 11:03:22.745   360   931 I EvsDriver: /dev/video-evs0 VideoCapture fps 30
12-30 11:03:22.745   360   931 D EvsDriver: forwardFrame
12-30 11:03:22.745   360   931 D EvsDriver: forwardFrameDirect
12-30 11:03:22.746   360   931 D EvsDriver: Delivered 0xb400e2ca9e40c7a0 as id 1
12-30 11:03:22.746   359  2784 D evsmanagerd: /dev/video-evs0 forwarded the buffer #1 to 0xb400f125d2b26dd0 from 0xb400f125e2b20710
12-30 11:03:22.754   360   458 D EvsDriver: doneWithFrame
12-30 11:03:22.759   596  3076 E WifiHAL : Invalid data received from driver
12-30 11:03:22.771   650   729 D fgemcucomm: sd Uart data : 6AA60210B000029202A8
12-30 11:03:22.772   650   729 D fgemcucomm: rev uart=72195,len=14, data : 6AA68110B0000692020001000024
12-30 11:03:22.772   398  2883 D adayocomadapter-ParseProtocolFunc: printRaWMsg Name[MCUToUPstream recv] len[6] data[920200010000]
12-30 11:03:22.772   398  2883 D adayocomadapter-CommunicationManager: onUpstreamback   member[0] dataLength[3] timePoint[8738594]
12-30 11:03:22.772   398  2883 D adayocomadapter-ParseProtocolFunc: printRaWMsg Name[onUpstreamback] len[3] data[010000]
12-30 11:03:22.772   398   464 D adayocomadapter-UpstreamHandler: processBeforePacket upSreamtProcessTimePoint[8738594] 
12-30 11:03:22.772   398   464 D adayocomadapter-UpstreamHandler: processPacket UPSTREAM_QUEUE_DATA_TIMEOUT
12-30 11:03:22.772   398   464 D adayocomadapter-ParseProtocolFunc: parseCommonIPCLBytes Processing tableNumber[1]
12-30 11:03:22.772   398   464 D adayocomadapter-ParseProtocolFunc: parseCommonIPCLBytes Processing tablename[Table-1] tableSize[3]
12-30 11:03:22.772   398   464 D adayocomadapter-ParseProtocolFunc: printRaWMsg Name[byteStream recv] len[3] data[010000]
12-30 11:03:22.772   398   464 D adayocomadapter-ParseProtocolFunc: printRaWMsg Name[IPCLtoVHAL] len[7] data[21402048000000]
12-30 11:03:22.772   398   464 D adayocomadapter-CommunicationManager: onUpstreamReceive mPropertyId 0x21402048
12-30 11:03:22.772   398   464 D adayocomadapter-CommunicationManager: convertBytesToInt32Memcpy  0
12-30 11:03:22.772   398   464 I vw-vhal : notifyVehicleProperty, propId = 0x21402048, data = {status: 2, int32Values: [0]}
12-30 11:03:22.772   398   464 I vw-vhal : CanSignalsAdapter::notifyVehicleProperty: solvedValue = {.timestamp = 8738594387039, .areaId = 0, .prop = 557850696, .status = AVAILABLE, .value = {.int32Values = [1]{0}, .floatValues = [0]{}, .int64Values = [0]{}, .bytes = [0]{}, .stringValue = ""}}
12-30 11:03:22.772   398   464 I VehiclePropertyStore: begin to write value to Store: {.timestamp = 8738594387039, .areaId = 0, .prop = 557850696, .status = AVAILABLE, .value = {.int32Values = [1]{0}, .floatValues = [0]{}, .int64Values = [0]{}, .bytes = [0]{}, .stringValue = ""}}
12-30 11:03:22.772   398   464 I DefaultVehicleHal_v2_0: DefaultVehicleHal::onPropertyValue, value:{.timestamp = 8738594387039, .areaId = 0, .prop = 557850696, .status = AVAILABLE, .value = {.int32Values = [1]{0}, .floatValues = [0]{}, .int64Values = [0]{}, .bytes = [0]{}, .stringValue = ""}}
12-30 11:03:22.772   398   464 D DiagPropHandler: is not DiagnosticConfig: 0x21402048
12-30 11:03:22.772   398   464 I VehiclePropertyStore: begin to write value to Store: {.timestamp = 8738594387039, .areaId = 0, .prop = 557850696, .status = AVAILABLE, .value = {.int32Values = [1]{0}, .floatValues = [0]{}, .int64Values = [0]{}, .bytes = [0]{}, .stringValue = ""}}
12-30 11:03:22.772   398   464 D adayocomadapter-CommunicationManager: onUpstreamReceive mPropertyId 0x21402048
12-30 11:03:22.779   360   931 D EvsDriver: forwardFrame
12-30 11:03:22.779   360   931 D EvsDriver: forwardFrameDirect
12-30 11:03:22.779   360   931 D EvsDriver: Delivered 0xb400e2ca9e40e270 as id 0
12-30 11:03:22.779   359  2784 D evsmanagerd: /dev/video-evs0 forwarded the buffer #0 to 0xb400f125d2b26dd0 from 0xb400f125e2b20710
12-30 11:03:22.784   360   458 D EvsDriver: doneWithFrame
12-30 11:03:22.784  2358  2623 D RcfController: Rcf proxy is not connected!
12-30 11:03:22.791   650   729 D fgemcucomm: sd Uart data : 6AA60210B100029202A7
12-30 11:03:22.792   650   729 D fgemcucomm: rev uart=72196,len=16, data : 6AA68110B1000892020003000000001F
12-30 11:03:22.792   398  2883 D adayocomadapter-ParseProtocolFunc: printRaWMsg Name[MCUToUPstream recv] len[8] data[9202000300000000]
12-30 11:03:22.792   398  2883 D adayocomadapter-CommunicationManager: onUpstreamback   member[0] dataLength[5] timePoint[8738614]
12-30 11:03:22.792   398  2883 D adayocomadapter-ParseProtocolFunc: printRaWMsg Name[onUpstreamback] len[5] data[0300000000]
12-30 11:03:22.792   398   464 D adayocomadapter-UpstreamHandler: processBeforePacket upSreamtProcessTimePoint[8738614] 
12-30 11:03:22.792   398   464 D adayocomadapter-UpstreamHandler: processPacket UPSTREAM_QUEUE_DATA_TIMEOUT
12-30 11:03:22.792   398   464 D adayocomadapter-ParseProtocolFunc: parseCommonIPCLBytes Processing tableNumber[3]
12-30 11:03:22.792   398   464 D adayocomadapter-ParseProtocolFunc: parseCommonIPCLBytes Processing tablename[Table-3] tableSize[5]
12-30 11:03:22.792   398   464 D adayocomadapter-ParseProtocolFunc: printRaWMsg Name[byteStream recv] len[5] data[0300000000]
12-30 11:03:22.792   398   464 D adayocomadapter-ParseProtocolFunc: printRaWMsg Name[IPCLtoVHAL] len[8] data[2141213801000000]
12-30 11:03:22.792   398   464 D adayocomadapter-ParseProtocolFunc: printRaWMsg Name[IPCLtoVHAL] len[6] data[214021D60000]
12-30 11:03:22.792   398   464 D adayocomadapter-CommunicationManager: onUpstreamReceive mPropertyId 0x21412138
12-30 11:03:22.792   398   464 I vw-vhal : notifyVehicleProperty, propId = 0x21412138, data = {status: 2, int32Values: [0, 0, 0]}
12-30 11:03:22.792   398   464 I vw-vhal : CanSignalsAdapter::notifyVehicleProperty: solvedValue = {.timestamp = 8738614421039, .areaId = 0, .prop = 557916472, .status = AVAILABLE, .value = {.int32Values = [3]{0, 0, 0}, .floatValues = [0]{}, .int64Values = [0]{}, .bytes = [0]{}, .stringValue = ""}}
12-30 11:03:22.792   398   464 I VehiclePropertyStore: begin to write value to Store: {.timestamp = 8738614421039, .areaId = 0, .prop = 557916472, .status = AVAILABLE, .value = {.int32Values = [3]{0, 0, 0}, .floatValues = [0]{}, .int64Values = [0]{}, .bytes = [0]{}, .stringValue = ""}}
12-30 11:03:22.792   398   464 I DefaultVehicleHal_v2_0: DefaultVehicleHal::onPropertyValue, value:{.timestamp = 8738614421039, .areaId = 0, .prop = 557916472, .status = AVAILABLE, .value = {.int32Values = [3]{0, 0, 0}, .floatValues = [0]{}, .int64Values = [0]{}, .bytes = [0]{}, .stringValue = ""}}
12-30 11:03:22.792   398   464 D DiagPropHandler: is not DiagnosticConfig: 0x21412138
12-30 11:03:22.792   398   464 I VehiclePropertyStore: begin to write value to Store: {.timestamp = 8738614421039, .areaId = 0, .prop = 557916472, .status = AVAILABLE, .value = {.int32Values = [3]{0, 0, 0}, .floatValues = [0]{}, .int64Values = [0]{}, .bytes = [0]{}, .stringValue = ""}}
12-30 11:03:22.792   398   464 D adayocomadapter-CommunicationManager: onUpstreamReceive mPropertyId 0x21412138
12-30 11:03:22.792   398   464 D adayocomadapter-CommunicationManager: onUpstreamReceive mPropertyId 0x214021d6
12-30 11:03:22.792   398   464 D adayocomadapter-CommunicationManager: convertBytesToInt32Memcpy  0
12-30 11:03:22.792   398   464 I vw-vhal : notifyVehicleProperty, propId = 0x214021d6, data = {status: 2, int32Values: [0]}
12-30 11:03:22.792   398   464 I vw-vhal : CanSignalsAdapter::notifyVehicleProperty: solvedValue = {.timestamp = 8738614693039, .areaId = 0, .prop = 557851094, .status = AVAILABLE, .value = {.int32Values = [1]{0}, .floatValues = [0]{}, .int64Values = [0]{}, .bytes = [0]{}, .stringValue = ""}}
12-30 11:03:22.792   398   464 I VehiclePropertyStore: begin to write value to Store: {.timestamp = 8738614693039, .areaId = 0, .prop = 557851094, .status = AVAILABLE, .value = {.int32Values = [1]{0}, .floatValues = [0]{}, .int64Values = [0]{}, .bytes = [0]{}, .stringValue = ""}}
12-30 11:03:22.792   398   464 I DefaultVehicleHal_v2_0: DefaultVehicleHal::onPropertyValue, value:{.timestamp = 8738614693039, .areaId = 0, .prop = 557851094, .status = AVAILABLE, .value = {.int32Values = [1]{0}, .floatValues = [0]{}, .int64Values = [0]{}, .bytes = [0]{}, .stringValue = ""}}
12-30 11:03:22.792   398   464 D DiagPropHandler: is not DiagnosticConfig: 0x214021d6
12-30 11:03:22.792   398   464 I VehiclePropertyStore: begin to write value to Store: {.timestamp = 8738614693039, .areaId = 0, .prop = 557851094, .status = AVAILABLE, .value = {.int32Values = [1]{0}, .floatValues = [0]{}, .int64Values = [0]{}, .bytes = [0]{}, .stringValue = ""}}
12-30 11:03:22.792   398   464 D adayocomadapter-CommunicationManager: onUpstreamReceive mPropertyId 0x214021d6
12-30 11:03:22.812   360   931 D EvsDriver: forwardFrame
12-30 11:03:22.812   360   931 D EvsDriver: forwardFrameDirect
12-30 11:03:22.812   360   931 D EvsDriver: Delivered 0xb400e2ca9e40d4b0 as id 1
12-30 11:03:22.812   359  2784 D evsmanagerd: /dev/video-evs0 forwarded the buffer #1 to 0xb400f125d2b26dd0 from 0xb400f125e2b20710
12-30 11:03:22.814   360   458 D EvsDriver: doneWithFrame
12-30 11:03:22.819  2475  2681 I TtsServiceAgent: check thread start checking, threadId = 29
12-30 11:03:22.819  2475  2681 D TtsServiceAgent: start bind service...
12-30 11:03:22.819  2475  2681 D TtsServiceAgent: ----->initService, usage = 16
12-30 11:03:22.819  2475  2681 W ContextImpl: Calling a method in the system process without a qualified user: android.app.ContextImpl.bindService:1988 android.content.ContextWrapper.bindService:861 com.iflytek.autofly.ttsaidl.ttsproxy.TtsServiceAgent.initService:189 com.iflytek.autofly.ttsaidl.ttsproxy.TtsServiceAgent.initService:133 com.iflytek.autofly.ttsaidl.ttsproxy.TtsServiceAgent$2.run:517 
12-30 11:03:22.820   916  1847 W ActivityManager: Unable to start service Intent { act=com.iflytek.autofly.tts.ttsservice.TtsAdapterService cmp=com.iflytek.cutefly.speechclient.hmi/com.iflytek.autofly.tts.ttsservice.TtsAdapterService } U=0: not found
12-30 11:03:22.820  2475  2681 D TtsServiceAgent: bindService: false
12-30 11:03:22.820  2475  2681 D TtsServiceAgent: start reInitService
12-30 11:03:22.820  2475  2681 D TtsServiceAgent: aidlCheckThreadRunning = true
12-30 11:03:22.820  2475  2681 D TtsServiceAgent: ----->check connection status in 1000s...
12-30 11:03:22.824   596  3076 E WifiHAL : Invalid data received from driver
12-30 11:03:22.831  8789  8789 I ADAYO_LOG_TRACE_LOGCAT: file_path:/mnt/sdcard/AndroidLog/logcat/logcat_2025_12_30_11_03_22_442-13.txt
12-30 11:03:22.834  2358  2623 D RcfController: Rcf proxy is not connected!
12-30 11:03:22.845   360   931 D EvsDriver: forwardFrame
12-30 11:03:22.845   360   931 D EvsDriver: forwardFrameDirect
12-30 11:03:22.846   360   931 D EvsDriver: Delivered 0xb400e2ca9e40c2d0 as id 0
12-30 11:03:22.846   359  2784 D evsmanagerd: /dev/video-evs0 forwarded the buffer #0 to 0xb400f125d2b26dd0 from 0xb400f125e2b20710
12-30 11:03:22.855   360   458 D EvsDriver: doneWithFrame
12-30 11:03:22.879   360   931 D EvsDriver: forwardFrame
12-30 11:03:22.879   360   931 D EvsDriver: forwardFrameDirect
12-30 11:03:22.879   360   931 D EvsDriver: Delivered 0xb400e2ca9e40d090 as id 1
12-30 11:03:22.879   359  2784 D evsmanagerd: /dev/video-evs0 forwarded the buffer #1 to 0xb400f125d2b26dd0 from 0xb400f125e2b20710
12-30 11:03:22.879  8794  8794 I ADAYO_LOG_TRACE_LOGCAT: folder_size:
12-30 11:03:22.885  2358  2623 D RcfController: Rcf proxy is not connected!
12-30 11:03:22.885   360   458 D EvsDriver: doneWithFrame
12-30 11:03:22.904   596  3076 E WifiHAL : Invalid data received from driver
12-30 11:03:22.912   360   931 D EvsDriver: forwardFrame
12-30 11:03:22.912   360   931 D EvsDriver: forwardFrameDirect
12-30 11:03:22.912   360   931 D EvsDriver: Delivered 0xb400e2ca9e40e110 as id 0
12-30 11:03:22.912   359  2784 D evsmanagerd: /dev/video-evs0 forwarded the buffer #0 to 0xb400f125d2b26dd0 from 0xb400f125e2b20710
12-30 11:03:22.915   360   458 D EvsDriver: doneWithFrame
12-30 11:03:22.935  2358  2623 D RcfController: Rcf proxy is not connected!
12-30 11:03:22.936  3066  3066 D hostapd : nl80211: BSS Event 59 (NL80211_CMD_FRAME) received for wlan1
12-30 11:03:22.936  3066  3066 D hostapd : nl80211: RX frame da=ff:ff:ff:ff:ff:ff sa=16:a5:be:dc:88:df bssid=16:a5:be:dc:88:df freq=5745 ssi_signal=-9000 fc=0xd0 seq_ctrl=0x690 stype=13 (WLAN_FC_STYPE_ACTION) len=42
12-30 11:03:22.936  3066  3066 D hostapd : wlan1: Event RX_MGMT (18) received
12-30 11:03:22.936  3066  3066 D hostapd : Receive wpa msg : Event RX_MGMT (18) received
12-30 11:03:22.945   360   931 D EvsDriver: forwardFrame
12-30 11:03:22.945   360   931 D EvsDriver: forwardFrameDirect
12-30 11:03:22.946   360   931 D EvsDriver: Delivered 0xb400e2ca9e40c7a0 as id 1
12-30 11:03:22.946   359  2784 D evsmanagerd: /dev/video-evs0 forwarded the buffer #1 to 0xb400f125d2b26dd0 from 0xb400f125e2b20710
12-30 11:03:22.948   596  3076 E WifiHAL : Invalid data received from driver
12-30 11:03:22.956   360   458 D EvsDriver: doneWithFrame
12-30 11:03:22.976  3066  3066 D hostapd : nl80211: BSS Event 59 (NL80211_CMD_FRAME) received for wlan1
12-30 11:03:22.976  3066  3066 D hostapd : nl80211: RX frame da=ff:ff:ff:ff:ff:ff sa=16:a5:be:dc:88:df bssid=16:a5:be:dc:88:df freq=5745 ssi_signal=-9000 fc=0xd0 seq_ctrl=0x6b0 stype=13 (WLAN_FC_STYPE_ACTION) len=42
12-30 11:03:22.976  3066  3066 D hostapd : wlan1: Event RX_MGMT (18) received
12-30 11:03:22.976  3066  3066 D hostapd : Receive wpa msg : Event RX_MGMT (18) received
12-30 11:03:22.979   360   931 D EvsDriver: forwardFrame
12-30 11:03:22.979   360   931 D EvsDriver: forwardFrameDirect
12-30 11:03:22.979   360   931 D EvsDriver: Delivered 0xb400e2ca9e40e270 as id 0
12-30 11:03:22.979   359  2784 D evsmanagerd: /dev/video-evs0 forwarded the buffer #0 to 0xb400f125d2b26dd0 from 0xb400f125e2b20710
12-30 11:03:22.980  2310  2722 D FuseDaemon: Node: 12970642256212312656 created.
12-30 11:03:22.982  1667  2513 W ContextImpl: Calling a method in the system process without a qualified user: android.app.ContextImpl.bindService:1988 android.content.ContextWrapper.bindService:861 com.ford.sync.fnvservice.analytics.AnalyticsManager$RetryHandler.a:126 com.ford.sync.fnvservice.analytics.AnalyticsManager$RetryHandler.handleMessage:103 android.os.Handler.dispatchMessage:106 
12-30 11:03:22.982   916  1847 W ActivityManager: Unable to start service Intent { cmp=com.ford.sync.fnvservice/.analytics.AnalyticsService } U=0: not found
12-30 11:03:22.983  1667  2513 W AnalyticsManager:  bind ford Analytics failed -> sendRetryMessage 
12-30 11:03:22.985  2358  2623 D RcfController: Rcf proxy is not connected!
12-30 11:03:22.986   360   458 D EvsDriver: doneWithFrame
12-30 11:03:22.999   596  3076 E WifiHAL : Invalid data received from driver
12-30 11:03:23.012   360   931 D EvsDriver: forwardFrame
12-30 11:03:23.012   360   931 D EvsDriver: forwardFrameDirect
12-30 11:03:23.012   360   931 D EvsDriver: Delivered 0xb400e2ca9e40d4b0 as id 1
12-30 11:03:23.012   359  2784 D evsmanagerd: /dev/video-evs0 forwarded the buffer #1 to 0xb400f125d2b26dd0 from 0xb400f125e2b20710
12-30 11:03:23.016   360   458 D EvsDriver: doneWithFrame
12-30 11:03:23.035  2358  2623 D RcfController: Rcf proxy is not connected!
12-30 11:03:23.045   360   931 D EvsDriver: forwardFrame
12-30 11:03:23.045   360   931 D EvsDriver: forwardFrameDirect
12-30 11:03:23.046   360   931 D EvsDriver: Delivered 0xb400e2ca9e40c2d0 as id 0
12-30 11:03:23.046   359  2784 D evsmanagerd: /dev/video-evs0 forwarded the buffer #0 to 0xb400f125d2b26dd0 from 0xb400f125e2b20710
12-30 11:03:23.047   360   458 D EvsDriver: doneWithFrame
12-30 11:03:23.048  3066  3066 D hostapd : nl80211: BSS Event 59 (NL80211_CMD_FRAME) received for wlan1
12-30 11:03:23.048  3066  3066 D hostapd : nl80211: RX frame da=ff:ff:ff:ff:ff:ff sa=16:a5:be:dc:88:df bssid=16:a5:be:dc:88:df freq=5745 ssi_signal=-9000 fc=0xd0 seq_ctrl=0x6e0 stype=13 (WLAN_FC_STYPE_ACTION) len=42
12-30 11:03:23.048  3066  3066 D hostapd : wlan1: Event RX_MGMT (18) received
12-30 11:03:23.048  3066  3066 D hostapd : Receive wpa msg : Event RX_MGMT (18) received
12-30 11:03:23.062  1582  3078 I c       : checkService in back thread add: adayo.upgrade.v2.0
12-30 11:03:23.063  1582  3078 E upgradeApp_251223_V1  l: d(null:11)pre->c(null:23)-> serviceBinder is null
12-30 11:03:23.063  1582  3078 W c       : doBindService in back thread fail: adayo.upgrade.v2.0
12-30 11:03:23.066   596  3076 E WifiHAL : Invalid data received from driver
12-30 11:03:23.068  3066  3066 D hostapd : nl80211: BSS Event 59 (NL80211_CMD_FRAME) received for wlan1
12-30 11:03:23.068  3066  3066 D hostapd : nl80211: RX frame da=ff:ff:ff:ff:ff:ff sa=16:a5:be:dc:88:df bssid=16:a5:be:dc:88:df freq=5745 ssi_signal=-9000 fc=0xd0 seq_ctrl=0x6f0 stype=13 (WLAN_FC_STYPE_ACTION) len=42
12-30 11:03:23.068  3066  3066 D hostapd : wlan1: Event RX_MGMT (18) received
12-30 11:03:23.068  3066  3066 D hostapd : Receive wpa msg : Event RX_MGMT (18) received
12-30 11:03:23.079   360   931 D EvsDriver: forwardFrame
12-30 11:03:23.079   360   931 D EvsDriver: forwardFrameDirect
12-30 11:03:23.079   360   931 D EvsDriver: Delivered 0xb400e2ca9e40d090 as id 1
12-30 11:03:23.079   359  2784 D evsmanagerd: /dev/video-evs0 forwarded the buffer #1 to 0xb400f125d2b26dd0 from 0xb400f125e2b20710
12-30 11:03:23.085  2358  2623 D RcfController: Rcf proxy is not connected!
12-30 11:03:23.087   360   458 D EvsDriver: doneWithFrame
12-30 11:03:23.104   596  3076 E WifiHAL : Invalid data received from driver
12-30 11:03:23.112   360   931 D EvsDriver: forwardFrame
12-30 11:03:23.112   360   931 D EvsDriver: forwardFrameDirect
12-30 11:03:23.112   360   931 D EvsDriver: Delivered 0xb400e2ca9e40e110 as id 0
12-30 11:03:23.112   359  2784 D evsmanagerd: /dev/video-evs0 forwarded the buffer #0 to 0xb400f125d2b26dd0 from 0xb400f125e2b20710
12-30 11:03:23.117   360   458 D EvsDriver: doneWithFrame
12-30 11:03:23.136  2358  2623 D RcfController: Rcf proxy is not connected!
12-30 11:03:23.141   650   729 D fgemcucomm: sd Uart data : 6AA60210B200029202A6
12-30 11:03:23.141   650   729 D fgemcucomm: rev uart=72197,len=15, data : 6AA68110B200079202062141450273
12-30 11:03:23.142   398  2883 D adayocomadapter-ParseProtocolFunc: printRaWMsg Name[MCUToUPstream recv] len[7] data[92020621414502]
12-30 11:03:23.142   398  2883 D adayocomadapter-CommunicationManager: onUpstreamback   member[6] dataLength[4] timePoint[8738963]
12-30 11:03:23.142   398  2883 D adayocomadapter-ParseProtocolFunc: printRaWMsg Name[onUpstreamback] len[4] data[21414502]
12-30 11:03:23.142   398   464 D adayocomadapter-UpstreamHandler: processBeforePacket upSreamtProcessTimePoint[8738964] 
12-30 11:03:23.142   398   464 D adayocomadapter-ParseProtocolFunc: parseGeneralIPCLBytes Processing tablename[Table-3] tableSize[0]
12-30 11:03:23.142   398   464 D adayocomadapter-ParseProtocolFunc: printRaWMsg Name[byteStream recv] len[4] data[21414502]
12-30 11:03:23.144   398   464 D adayocomadapter-ParseProtocolFunc: printRaWMsg Name[IPCLtoVHAL] len[8520] data[2141450201214145020000000000000000000000000160000000009475000000000000000021402229000000000000000000000000016000000000A6080000000000000000214022540000000000000000000000000170000000000DE900000000000000002140223C0000000000000000000000000101010000000BF10000000000000000000000000000000000B4712E6DFB00B4014000000000BB3F0000000000000000000000000000000000000000000000000140000000008942000000000000000000000000000000000000000000000000014000000000DFC5000000000000000000000000000000000000000000000000014000000000EDB8000000000000000000000000000000000000000000000000014000000000FD51000000000000000000000000000000000000000000000000014000000000CF2C00000000000000000000000000000000000000000000000001400000000099AB000000000000000000000000000000000000000000000000014000000000ABD600000000000000000000000000000000000000000000000001400000000034A500000000000000000000000000000000000000000000000001400000000006D8000000000000000000000000000000000000000000000000014000000000505F0000000000000000000000000
12-30 11:03:23.145   398   464 D adayocomadapter-CommunicationManager: onUpstreamReceive mPropertyId 0x21414502
12-30 11:03:23.145   398   464 D adayocomadapter-CommunicationManager: writeValue id=[557925634]
12-30 11:03:23.145   398   464 D adayocomadapter-VehiclePropertyStore: writeValue id=[557925634]
12-30 11:03:23.145   360   931 D EvsDriver: forwardFrame
12-30 11:03:23.145   360   931 D EvsDriver: forwardFrameDirect
12-30 11:03:23.145   360   931 D EvsDriver: Delivered 0xb400e2ca9e40c7a0 as id 1
12-30 11:03:23.146   359  2784 D evsmanagerd: /dev/video-evs0 forwarded the buffer #1 to 0xb400f125d2b26dd0 from 0xb400f125e2b20710
12-30 11:03:23.148   360   458 D EvsDriver: doneWithFrame
12-30 11:03:23.152   398   464 I vw-vhal : notifyVehicleProperty, propId = 0x21414502, data = {status: 2, int32Values: [33, 65, 69, 2, 0, 0, 0, 0, 0, 0, 0, 0, 0, 0, 0, 0, 1, 96, 0, 0, 0, 0, 148, 117, 0, 0, 0, 0, 0, 0, 0, 0, 33, 64, 34, 41, 0, 0, 0, 0, 0, 0, 0, 0, 0, 0, 0, 0, 1, 96, 0, 0, 0, 0, 166, 8, 0, 0, 0, 0, 0, 0, 0, 0, 33, 64, 34, 84, 0, 0, 0, 0, 0, 0, 0, 0, 0, 0, 0, 0, 1, 112, 0, 0, 0, 0, 13, 233, 0, 0, 0, 0, 0, 0, 0, 0, 33, 64, 34, 60, 0, 0, 0, 0, 0, 0, 0, 0, 0, 0, 0, 0, 1, 1, 1, 0, 0, 0, 11, 241, 0, 0, 0, 0, 0, 0, 0, 0, 0, 0, 0, 0, 0, 0, 0, 0, 0, 180, 113, 46, 109, 251, 0, 180, 1, 64, 0, 0, 0, 0, 187, 63, 0, 0, 0, 0, 0, 0, 0, 0, 0, 0, 0, 0, 0, 0, 0, 0, 0, 0, 0, 0, 0, 0, 0, 0, 1, 64, 0, 0, 0, 0, 137, 66, 0, 0, 0, 0, 0, 0, 0, 0, 0, 0, 0, 0, 0, 0, 0, 0, 0, 0, 0, 0, 0, 0, 0, 0, 1, 64, 0, 0, 0, 0, 223, 197, 0, 0, 0, 0, 0, 0, 0, 0, 0, 0, 0, 0, 0, 0, 0, 0, 0, 0, 0, 0, 0, 0, 0, 0, 1, 64, 0, 0, 0, 0, 237, 184, 0, 0, 0, 0, 0, 0, 0, 0, 0, 0, 0, 0, 0, 0, 0, 0, 0, 0, 0, 0, 0, 0, 0, 0, 1, 64, 0, 0, 0, 0, 253, 81, 0, 0, 0, 0, 0, 0, 0, 0, 0, 0, 0, 0, 0, 0, 
12-30 11:03:23.158   398   464 I vw-vhal : CanSignalsAdapter::notifyDiagProperty: propId = 0x21414502, data = {status: 2, int32Values: [33, 65, 69, 2, 0, 0, 0, 0, 0, 0, 0, 0, 0, 0, 0, 0, 1, 96, 0, 0, 0, 0, 148, 117, 0, 0, 0, 0, 0, 0, 0, 0, 33, 64, 34, 41, 0, 0, 0, 0, 0, 0, 0, 0, 0, 0, 0, 0, 1, 96, 0, 0, 0, 0, 166, 8, 0, 0, 0, 0, 0, 0, 0, 0, 33, 64, 34, 84, 0, 0, 0, 0, 0, 0, 0, 0, 0, 0, 0, 0, 1, 112, 0, 0, 0, 0, 13, 233, 0, 0, 0, 0, 0, 0, 0, 0, 33, 64, 34, 60, 0, 0, 0, 0, 0, 0, 0, 0, 0, 0, 0, 0, 1, 1, 1, 0, 0, 0, 11, 241, 0, 0, 0, 0, 0, 0, 0, 0, 0, 0, 0, 0, 0, 0, 0, 0, 0, 180, 113, 46, 109, 251, 0, 180, 1, 64, 0, 0, 0, 0, 187, 63, 0, 0, 0, 0, 0, 0, 0, 0, 0, 0, 0, 0, 0, 0, 0, 0, 0, 0, 0, 0, 0, 0, 0, 0, 1, 64, 0, 0, 0, 0, 137, 66, 0, 0, 0, 0, 0, 0, 0, 0, 0, 0, 0, 0, 0, 0, 0, 0, 0, 0, 0, 0, 0, 0, 0, 0, 1, 64, 0, 0, 0, 0, 223, 197, 0, 0, 0, 0, 0, 0, 0, 0, 0, 0, 0, 0, 0, 0, 0, 0, 0, 0, 0, 0, 0, 0, 0, 0, 1, 64, 0, 0, 0, 0, 237, 184, 0, 0, 0, 0, 0, 0, 0, 0, 0, 0, 0, 0, 0, 0, 0, 0, 0, 0, 0, 0, 0, 0, 0, 0, 1, 64, 0, 0, 0, 0, 253, 81, 0, 0, 0, 0, 0, 0, 0, 0, 0,
12-30 11:03:23.162   398   464 I vw-vhal : CanSignalsAdapter::notifyVehicleProperty: solvedValue = {.timestamp = 8738980761039, .areaId = 0, .prop = 557925634, .status = AVAILABLE, .value = {.int32Values = [8515]{33, 65, 69, 2, 0, 0, 0, 0, 0, 0, 0, 0, 0, 0, 0, 0, 1, 96, 0, 0, 0, 0, 148, 117, 0, 0, 0, 0, 0, 0, 0, 0, 33, 64, 34, 41, 0, 0, 0, 0, 0, 0, 0, 0, 0, 0, 0, 0, 1, 96, 0, 0, 0, 0, 166, 8, 0, 0, 0, 0, 0, 0, 0, 0, 33, 64, 34, 84, 0, 0, 0, 0, 0, 0, 0, 0, 0, 0, 0, 0, 1, 112, 0, 0, 0, 0, 13, 233, 0, 0, 0, 0, 0, 0, 0, 0, 33, 64, 34, 60, 0, 0, 0, 0, 0, 0, 0, 0, 0, 0, 0, 0, 1, 1, 1, 0, 0, 0, 11, 241, 0, 0, 0, 0, 0, 0, 0, 0, 0, 0, 0, 0, 0, 0, 0, 0, 0, 180, 113, 46, 109, 251, 0, 180, 1, 64, 0, 0, 0, 0, 187, 63, 0, 0, 0, 0, 0, 0, 0, 0, 0, 0, 0, 0, 0, 0, 0, 0, 0, 0, 0, 0, 0, 0, 0, 0, 1, 64, 0, 0, 0, 0, 137, 66, 0, 0, 0, 0, 0, 0, 0, 0, 0, 0, 0, 0, 0, 0, 0, 0, 0, 0, 0, 0, 0, 0, 0, 0, 1, 64, 0, 0, 0, 0, 223, 197, 0, 0, 0, 0, 0, 0, 0, 0, 0, 0, 0, 0, 0, 0, 0, 0, 0, 0, 0, 0, 0, 0, 0, 0, 1, 64, 0, 0, 0, 0, 237, 184, 0, 0, 0, 0, 0, 0, 0, 0, 0, 0, 0, 0, 0, 0, 0, 0, 0
12-30 11:03:23.166   398   464 I VehiclePropertyStore: begin to write value to Store: {.timestamp = 8738980761039, .areaId = 0, .prop = 557925634, .status = AVAILABLE, .value = {.int32Values = [8515]{33, 65, 69, 2, 0, 0, 0, 0, 0, 0, 0, 0, 0, 0, 0, 0, 1, 96, 0, 0, 0, 0, 148, 117, 0, 0, 0, 0, 0, 0, 0, 0, 33, 64, 34, 41, 0, 0, 0, 0, 0, 0, 0, 0, 0, 0, 0, 0, 1, 96, 0, 0, 0, 0, 166, 8, 0, 0, 0, 0, 0, 0, 0, 0, 33, 64, 34, 84, 0, 0, 0, 0, 0, 0, 0, 0, 0, 0, 0, 0, 1, 112, 0, 0, 0, 0, 13, 233, 0, 0, 0, 0, 0, 0, 0, 0, 33, 64, 34, 60, 0, 0, 0, 0, 0, 0, 0, 0, 0, 0, 0, 0, 1, 1, 1, 0, 0, 0, 11, 241, 0, 0, 0, 0, 0, 0, 0, 0, 0, 0, 0, 0, 0, 0, 0, 0, 0, 180, 113, 46, 109, 251, 0, 180, 1, 64, 0, 0, 0, 0, 187, 63, 0, 0, 0, 0, 0, 0, 0, 0, 0, 0, 0, 0, 0, 0, 0, 0, 0, 0, 0, 0, 0, 0, 0, 0, 1, 64, 0, 0, 0, 0, 137, 66, 0, 0, 0, 0, 0, 0, 0, 0, 0, 0, 0, 0, 0, 0, 0, 0, 0, 0, 0, 0, 0, 0, 0, 0, 1, 64, 0, 0, 0, 0, 223, 197, 0, 0, 0, 0, 0, 0, 0, 0, 0, 0, 0, 0, 0, 0, 0, 0, 0, 0, 0, 0, 0, 0, 0, 0, 1, 64, 0, 0, 0, 0, 237, 184, 0, 0, 0, 0, 0, 0, 0, 0, 0, 0, 0, 0, 0, 0, 0, 0, 0, 0, 0, 0, 0, 0, 0, 0, 1,
12-30 11:03:23.169   398   464 I VehiclePropertyStore: Prop wirte value to Store success: {.timestamp = 8738980761039, .areaId = 0, .prop = 557925634, .status = AVAILABLE, .value = {.int32Values = [8515]{33, 65, 69, 2, 0, 0, 0, 0, 0, 0, 0, 0, 0, 0, 0, 0, 1, 96, 0, 0, 0, 0, 148, 117, 0, 0, 0, 0, 0, 0, 0, 0, 33, 64, 34, 41, 0, 0, 0, 0, 0, 0, 0, 0, 0, 0, 0, 0, 1, 96, 0, 0, 0, 0, 166, 8, 0, 0, 0, 0, 0, 0, 0, 0, 33, 64, 34, 84, 0, 0, 0, 0, 0, 0, 0, 0, 0, 0, 0, 0, 1, 112, 0, 0, 0, 0, 13, 233, 0, 0, 0, 0, 0, 0, 0, 0, 33, 64, 34, 60, 0, 0, 0, 0, 0, 0, 0, 0, 0, 0, 0, 0, 1, 1, 1, 0, 0, 0, 11, 241, 0, 0, 0, 0, 0, 0, 0, 0, 0, 0, 0, 0, 0, 0, 0, 0, 0, 180, 113, 46, 109, 251, 0, 180, 1, 64, 0, 0, 0, 0, 187, 63, 0, 0, 0, 0, 0, 0, 0, 0, 0, 0, 0, 0, 0, 0, 0, 0, 0, 0, 0, 0, 0, 0, 0, 0, 1, 64, 0, 0, 0, 0, 137, 66, 0, 0, 0, 0, 0, 0, 0, 0, 0, 0, 0, 0, 0, 0, 0, 0, 0, 0, 0, 0, 0, 0, 0, 0, 1, 64, 0, 0, 0, 0, 223, 197, 0, 0, 0, 0, 0, 0, 0, 0, 0, 0, 0, 0, 0, 0, 0, 0, 0, 0, 0, 0, 0, 0, 0, 0, 1, 64, 0, 0, 0, 0, 237, 184, 0, 0, 0, 0, 0, 0, 0, 0, 0, 0, 0, 0, 0, 0, 0, 0, 0, 0, 0, 0, 0, 0, 0, 0
12-30 11:03:23.173   398   464 I DefaultVehicleHal_v2_0: DefaultVehicleHal::onPropertyValue, value:{.timestamp = 8738980761039, .areaId = 0, .prop = 557925634, .status = AVAILABLE, .value = {.int32Values = [8515]{33, 65, 69, 2, 0, 0, 0, 0, 0, 0, 0, 0, 0, 0, 0, 0, 1, 96, 0, 0, 0, 0, 148, 117, 0, 0, 0, 0, 0, 0, 0, 0, 33, 64, 34, 41, 0, 0, 0, 0, 0, 0, 0, 0, 0, 0, 0, 0, 1, 96, 0, 0, 0, 0, 166, 8, 0, 0, 0, 0, 0, 0, 0, 0, 33, 64, 34, 84, 0, 0, 0, 0, 0, 0, 0, 0, 0, 0, 0, 0, 1, 112, 0, 0, 0, 0, 13, 233, 0, 0, 0, 0, 0, 0, 0, 0, 33, 64, 34, 60, 0, 0, 0, 0, 0, 0, 0, 0, 0, 0, 0, 0, 1, 1, 1, 0, 0, 0, 11, 241, 0, 0, 0, 0, 0, 0, 0, 0, 0, 0, 0, 0, 0, 0, 0, 0, 0, 180, 113, 46, 109, 251, 0, 180, 1, 64, 0, 0, 0, 0, 187, 63, 0, 0, 0, 0, 0, 0, 0, 0, 0, 0, 0, 0, 0, 0, 0, 0, 0, 0, 0, 0, 0, 0, 0, 0, 1, 64, 0, 0, 0, 0, 137, 66, 0, 0, 0, 0, 0, 0, 0, 0, 0, 0, 0, 0, 0, 0, 0, 0, 0, 0, 0, 0, 0, 0, 0, 0, 1, 64, 0, 0, 0, 0, 223, 197, 0, 0, 0, 0, 0, 0, 0, 0, 0, 0, 0, 0, 0, 0, 0, 0, 0, 0, 0, 0, 0, 0, 0, 0, 1, 64, 0, 0, 0, 0, 237, 184, 0, 0, 0, 0, 0, 0, 0, 0, 0, 0, 0, 0, 0, 0, 0, 0, 0, 0, 0, 0, 0, 
12-30 11:03:23.173   398   464 D DiagPropHandler: is not DiagnosticConfig: 0x21414502
12-30 11:03:23.176   398   464 I VehiclePropertyStore: begin to write value to Store: {.timestamp = 8738980761039, .areaId = 0, .prop = 557925634, .status = AVAILABLE, .value = {.int32Values = [8515]{33, 65, 69, 2, 0, 0, 0, 0, 0, 0, 0, 0, 0, 0, 0, 0, 1, 96, 0, 0, 0, 0, 148, 117, 0, 0, 0, 0, 0, 0, 0, 0, 33, 64, 34, 41, 0, 0, 0, 0, 0, 0, 0, 0, 0, 0, 0, 0, 1, 96, 0, 0, 0, 0, 166, 8, 0, 0, 0, 0, 0, 0, 0, 0, 33, 64, 34, 84, 0, 0, 0, 0, 0, 0, 0, 0, 0, 0, 0, 0, 1, 112, 0, 0, 0, 0, 13, 233, 0, 0, 0, 0, 0, 0, 0, 0, 33, 64, 34, 60, 0, 0, 0, 0, 0, 0, 0, 0, 0, 0, 0, 0, 1, 1, 1, 0, 0, 0, 11, 241, 0, 0, 0, 0, 0, 0, 0, 0, 0, 0, 0, 0, 0, 0, 0, 0, 0, 180, 113, 46, 109, 251, 0, 180, 1, 64, 0, 0, 0, 0, 187, 63, 0, 0, 0, 0, 0, 0, 0, 0, 0, 0, 0, 0, 0, 0, 0, 0, 0, 0, 0, 0, 0, 0, 0, 0, 1, 64, 0, 0, 0, 0, 137, 66, 0, 0, 0, 0, 0, 0, 0, 0, 0, 0, 0, 0, 0, 0, 0, 0, 0, 0, 0, 0, 0, 0, 0, 0, 1, 64, 0, 0, 0, 0, 223, 197, 0, 0, 0, 0, 0, 0, 0, 0, 0, 0, 0, 0, 0, 0, 0, 0, 0, 0, 0, 0, 0, 0, 0, 0, 1, 64, 0, 0, 0, 0, 237, 184, 0, 0, 0, 0, 0, 0, 0, 0, 0, 0, 0, 0, 0, 0, 0, 0, 0, 0, 0, 0, 0, 0, 0, 0, 1,
12-30 11:03:23.179   360   931 D EvsDriver: forwardFrame
12-30 11:03:23.179   360   931 D EvsDriver: forwardFrameDirect
12-30 11:03:23.179   360   931 D EvsDriver: Delivered 0xb400e2ca9e40e270 as id 0
12-30 11:03:23.179   359  2784 D evsmanagerd: /dev/video-evs0 forwarded the buffer #0 to 0xb400f125d2b26dd0 from 0xb400f125e2b20710
12-30 11:03:23.180   398   464 I VehiclePropertyStore: Prop wirte value to Store success: {.timestamp = 8738980761039, .areaId = 0, .prop = 557925634, .status = AVAILABLE, .value = {.int32Values = [8515]{33, 65, 69, 2, 0, 0, 0, 0, 0, 0, 0, 0, 0, 0, 0, 0, 1, 96, 0, 0, 0, 0, 148, 117, 0, 0, 0, 0, 0, 0, 0, 0, 33, 64, 34, 41, 0, 0, 0, 0, 0, 0, 0, 0, 0, 0, 0, 0, 1, 96, 0, 0, 0, 0, 166, 8, 0, 0, 0, 0, 0, 0, 0, 0, 33, 64, 34, 84, 0, 0, 0, 0, 0, 0, 0, 0, 0, 0, 0, 0, 1, 112, 0, 0, 0, 0, 13, 233, 0, 0, 0, 0, 0, 0, 0, 0, 33, 64, 34, 60, 0, 0, 0, 0, 0, 0, 0, 0, 0, 0, 0, 0, 1, 1, 1, 0, 0, 0, 11, 241, 0, 0, 0, 0, 0, 0, 0, 0, 0, 0, 0, 0, 0, 0, 0, 0, 0, 180, 113, 46, 109, 251, 0, 180, 1, 64, 0, 0, 0, 0, 187, 63, 0, 0, 0, 0, 0, 0, 0, 0, 0, 0, 0, 0, 0, 0, 0, 0, 0, 0, 0, 0, 0, 0, 0, 0, 1, 64, 0, 0, 0, 0, 137, 66, 0, 0, 0, 0, 0, 0, 0, 0, 0, 0, 0, 0, 0, 0, 0, 0, 0, 0, 0, 0, 0, 0, 0, 0, 1, 64, 0, 0, 0, 0, 223, 197, 0, 0, 0, 0, 0, 0, 0, 0, 0, 0, 0, 0, 0, 0, 0, 0, 0, 0, 0, 0, 0, 0, 0, 0, 1, 64, 0, 0, 0, 0, 237, 184, 0, 0, 0, 0, 0, 0, 0, 0, 0, 0, 0, 0, 0, 0, 0, 0, 0, 0, 0, 0, 0, 0, 0, 0
12-30 11:03:23.180   398   464 D adayocomadapter-CommunicationManager: onUpstreamReceive mPropertyId 0x21414502
12-30 11:03:23.186  2358  2623 D RcfController: Rcf proxy is not connected!
12-30 11:03:23.188   360   458 D EvsDriver: doneWithFrame
12-30 11:03:23.194   596  3076 E WifiHAL : Invalid data received from driver
12-30 11:03:23.212  3066  3066 D hostapd : nl80211: BSS Event 59 (NL80211_CMD_FRAME) received for wlan1
12-30 11:03:23.212  3066  3066 D hostapd : nl80211: RX frame da=ff:ff:ff:ff:ff:ff sa=16:a5:be:dc:88:df bssid=16:a5:be:dc:88:df freq=5745 ssi_signal=-9100 fc=0xd0 seq_ctrl=0x750 stype=13 (WLAN_FC_STYPE_ACTION) len=42
12-30 11:03:23.212  3066  3066 D hostapd : wlan1: Event RX_MGMT (18) received
12-30 11:03:23.212  3066  3066 D hostapd : Receive wpa msg : Event RX_MGMT (18) received
12-30 11:03:23.212   360   931 D EvsDriver: forwardFrame
12-30 11:03:23.212   360   931 D EvsDriver: forwardFrameDirect
12-30 11:03:23.212   360   931 D EvsDriver: Delivered 0xb400e2ca9e40d4b0 as id 1
12-30 11:03:23.212   359  2784 D evsmanagerd: /dev/video-evs0 forwarded the buffer #1 to 0xb400f125d2b26dd0 from 0xb400f125e2b20710
12-30 11:03:23.218   360   458 D EvsDriver: doneWithFrame
12-30 11:03:23.232   596  3076 E WifiHAL : Invalid data received from driver
12-30 11:03:23.232  3066  3066 D hostapd : nl80211: BSS Event 59 (NL80211_CMD_FRAME) received for wlan1
12-30 11:03:23.232  3066  3066 D hostapd : nl80211: RX frame da=ff:ff:ff:ff:ff:ff sa=16:a5:be:dc:88:df bssid=16:a5:be:dc:88:df freq=5745 ssi_signal=-8900 fc=0xd0 seq_ctrl=0x760 stype=13 (WLAN_FC_STYPE_ACTION) len=42
12-30 11:03:23.232  3066  3066 D hostapd : wlan1: Event RX_MGMT (18) received
12-30 11:03:23.232  3066  3066 D hostapd : Receive wpa msg : Event RX_MGMT (18) received
12-30 11:03:23.236  2358  2623 D RcfController: Rcf proxy is not connected!
12-30 11:03:23.245   360   931 D EvsDriver: forwardFrame
12-30 11:03:23.245   360   931 D EvsDriver: forwardFrameDirect
12-30 11:03:23.245   360   931 D EvsDriver: Delivered 0xb400e2ca9e40c2d0 as id 0
12-30 11:03:23.246   359  2784 D evsmanagerd: /dev/video-evs0 forwarded the buffer #0 to 0xb400f125d2b26dd0 from 0xb400f125e2b20710
12-30 11:03:23.248   360   458 D EvsDriver: doneWithFrame
12-30 11:03:23.251   650   729 D fgemcucomm: sd Uart data : 6AA60210B300029202A5
12-30 11:03:23.251   650   729 D fgemcucomm: rev uart=72198,len=13, data : 6AA68110B300059202000C0017
12-30 11:03:23.251   398  2883 D adayocomadapter-ParseProtocolFunc: printRaWMsg Name[MCUToUPstream recv] len[5] data[9202000C00]
12-30 11:03:23.251   398  2883 D adayocomadapter-CommunicationManager: onUpstreamback   member[0] dataLength[2] timePoint[8739073]
12-30 11:03:23.252   398  2883 D adayocomadapter-ParseProtocolFunc: printRaWMsg Name[onUpstreamback] len[2] data[0C00]
12-30 11:03:23.252   398   464 D adayocomadapter-UpstreamHandler: processBeforePacket upSreamtProcessTimePoint[8739073] 
12-30 11:03:23.252   398   464 D adayocomadapter-UpstreamHandler: processPacket UPSTREAM_QUEUE_DATA_TIMEOUT
12-30 11:03:23.252   398   464 D adayocomadapter-ParseProtocolFunc: parseCommonIPCLBytes Processing tableNumber[12]
12-30 11:03:23.252   398   464 D adayocomadapter-ParseProtocolFunc: parseCommonIPCLBytes Processing tablename[Table-12] tableSize[2]
12-30 11:03:23.252   398   464 D adayocomadapter-ParseProtocolFunc: printRaWMsg Name[byteStream recv] len[2] data[0C00]
12-30 11:03:23.252   398   464 D adayocomadapter-ParseProtocolFunc: printRaWMsg Name[IPCLtoVHAL] len[6] data[214021660000]
12-30 11:03:23.252   398   464 D adayocomadapter-CommunicationManager: onUpstreamReceive mPropertyId 0x21402166
12-30 11:03:23.252   398   464 D adayocomadapter-CommunicationManager: convertBytesToInt32Memcpy  0
12-30 11:03:23.252   398   464 I vw-vhal : notifyVehicleProperty, propId = 0x21402166, data = {status: 2, int32Values: [0]}
12-30 11:03:23.252   398   464 I vw-vhal : CanSignalsAdapter::notifyVehicleProperty: solvedValue = {.timestamp = 8739074121039, .areaId = 0, .prop = 557850982, .status = AVAILABLE, .value = {.int32Values = [1]{0}, .floatValues = [0]{}, .int64Values = [0]{}, .bytes = [0]{}, .stringValue = ""}}
12-30 11:03:23.252   398   464 I VehiclePropertyStore: begin to write value to Store: {.timestamp = 8739074121039, .areaId = 0, .prop = 557850982, .status = AVAILABLE, .value = {.int32Values = [1]{0}, .floatValues = [0]{}, .int64Values = [0]{}, .bytes = [0]{}, .stringValue = ""}}
12-30 11:03:23.252   398   464 I DefaultVehicleHal_v2_0: DefaultVehicleHal::onPropertyValue, value:{.timestamp = 8739074121039, .areaId = 0, .prop = 557850982, .status = AVAILABLE, .value = {.int32Values = [1]{0}, .floatValues = [0]{}, .int64Values = [0]{}, .bytes = [0]{}, .stringValue = ""}}
12-30 11:03:23.252   398   464 D DiagPropHandler: is not DiagnosticConfig: 0x21402166
12-30 11:03:23.252   398   464 I VehiclePropertyStore: begin to write value to Store: {.timestamp = 8739074121039, .areaId = 0, .prop = 557850982, .status = AVAILABLE, .value = {.int32Values = [1]{0}, .floatValues = [0]{}, .int64Values = [0]{}, .bytes = [0]{}, .stringValue = ""}}
12-30 11:03:23.252   398   464 D adayocomadapter-CommunicationManager: onUpstreamReceive mPropertyId 0x21402166
12-30 11:03:23.253  3066  3066 D hostapd : nl80211: BSS Event 59 (NL80211_CMD_FRAME) received for wlan1
12-30 11:03:23.253  3066  3066 D hostapd : nl80211: RX frame da=ff:ff:ff:ff:ff:ff sa=16:a5:be:dc:88:df bssid=16:a5:be:dc:88:df freq=5745 ssi_signal=-9100 fc=0xd0 seq_ctrl=0x770 stype=13 (WLAN_FC_STYPE_ACTION) len=42
12-30 11:03:23.253  3066  3066 D hostapd : wlan1: Event RX_MGMT (18) received
12-30 11:03:23.253  3066  3066 D hostapd : Receive wpa msg : Event RX_MGMT (18) received
12-30 11:03:23.270   596  3076 E WifiHAL : Invalid data received from driver
12-30 11:03:23.271   650   729 D fgemcucomm: sd Uart data : 6AA60210B400029202A4
12-30 11:03:23.272   650   729 D fgemcucomm: rev uart=72199,len=16, data : 6AA68110B400089202000E0000000011
12-30 11:03:23.272   398  2883 D adayocomadapter-ParseProtocolFunc: printRaWMsg Name[MCUToUPstream recv] len[8] data[9202000E00000000]
12-30 11:03:23.272   398  2883 D adayocomadapter-CommunicationManager: onUpstreamback   member[0] dataLength[5] timePoint[8739094]
12-30 11:03:23.272   398  2883 D adayocomadapter-ParseProtocolFunc: printRaWMsg Name[onUpstreamback] len[5] data[0E00000000]
12-30 11:03:23.272   398   464 D adayocomadapter-UpstreamHandler: processBeforePacket upSreamtProcessTimePoint[8739094] 
12-30 11:03:23.272   398   464 D adayocomadapter-UpstreamHandler: processPacket UPSTREAM_QUEUE_DATA_TIMEOUT
12-30 11:03:23.272   398   464 D adayocomadapter-ParseProtocolFunc: parseCommonIPCLBytes Processing tableNumber[14]
12-30 11:03:23.272   398   464 D adayocomadapter-ParseProtocolFunc: parseCommonIPCLBytes Processing tablename[Table-14] tableSize[5]
12-30 11:03:23.272   398   464 D adayocomadapter-ParseProtocolFunc: printRaWMsg Name[byteStream recv] len[5] data[0E00000000]
12-30 11:03:23.272   398   464 D adayocomadapter-ParseProtocolFunc: printRaWMsg Name[IPCLtoVHAL] len[6] data[214020DE0000]
12-30 11:03:23.272   398   464 D adayocomadapter-ParseProtocolFunc: printRaWMsg Name[IPCLtoVHAL] len[6] data[214020E00000]
12-30 11:03:23.272   398   464 D adayocomadapter-ParseProtocolFunc: printRaWMsg Name[IPCLtoVHAL] len[6] data[214020E50000]
12-30 11:03:23.272   398   464 D adayocomadapter-ParseProtocolFunc: printRaWMsg Name[IPCLtoVHAL] len[6] data[214020E60000]
12-30 11:03:23.272   398   464 D adayocomadapter-CommunicationManager: onUpstreamReceive mPropertyId 0x214020de
12-30 11:03:23.272   398   464 D adayocomadapter-CommunicationManager: convertBytesToInt32Memcpy  0
12-30 11:03:23.272   398   464 I vw-vhal : notifyVehicleProperty, propId = 0x214020de, data = {status: 2, int32Values: [0]}
12-30 11:03:23.272   398   464 I vw-vhal : CanSignalsAdapter::notifyVehicleProperty: solvedValue = {.timestamp = 8739094417039, .areaId = 0, .prop = 557850846, .status = AVAILABLE, .value = {.int32Values = [1]{0}, .floatValues = [0]{}, .int64Values = [0]{}, .bytes = [0]{}, .stringValue = ""}}
12-30 11:03:23.272   398   464 I VehiclePropertyStore: begin to write value to Store: {.timestamp = 8739094417039, .areaId = 0, .prop = 557850846, .status = AVAILABLE, .value = {.int32Values = [1]{0}, .floatValues = [0]{}, .int64Values = [0]{}, .bytes = [0]{}, .stringValue = ""}}
12-30 11:03:23.272   398   464 I DefaultVehicleHal_v2_0: DefaultVehicleHal::onPropertyValue, value:{.timestamp = 8739094417039, .areaId = 0, .prop = 557850846, .status = AVAILABLE, .value = {.int32Values = [1]{0}, .floatValues = [0]{}, .int64Values = [0]{}, .bytes = [0]{}, .stringValue = ""}}
12-30 11:03:23.272   398   464 D DiagPropHandler: is not DiagnosticConfig: 0x214020de
12-30 11:03:23.272   398   464 I VehiclePropertyStore: begin to write value to Store: {.timestamp = 8739094417039, .areaId = 0, .prop = 557850846, .status = AVAILABLE, .value = {.int32Values = [1]{0}, .floatValues = [0]{}, .int64Values = [0]{}, .bytes = [0]{}, .stringValue = ""}}
12-30 11:03:23.272   398   464 D adayocomadapter-CommunicationManager: onUpstreamReceive mPropertyId 0x214020de
12-30 11:03:23.272   398   464 D adayocomadapter-CommunicationManager: onUpstreamReceive mPropertyId 0x214020e0
12-30 11:03:23.272   398   464 D adayocomadapter-CommunicationManager: convertBytesToInt32Memcpy  0
12-30 11:03:23.272   398   464 I vw-vhal : notifyVehicleProperty, propId = 0x214020e0, data = {status: 2, int32Values: [0]}
12-30 11:03:23.272   398   464 I vw-vhal : CanSignalsAdapter::notifyVehicleProperty: solvedValue = {.timestamp = 8739094652373, .areaId = 0, .prop = 557850848, .status = AVAILABLE, .value = {.int32Values = [1]{0}, .floatValues = [0]{}, .int64Values = [0]{}, .bytes = [0]{}, .stringValue = ""}}
12-30 11:03:23.272   398   464 I VehiclePropertyStore: begin to write value to Store: {.timestamp = 8739094652373, .areaId = 0, .prop = 557850848, .status = AVAILABLE, .value = {.int32Values = [1]{0}, .floatValues = [0]{}, .int64Values = [0]{}, .bytes = [0]{}, .stringValue = ""}}
12-30 11:03:23.272   398   464 I DefaultVehicleHal_v2_0: DefaultVehicleHal::onPropertyValue, value:{.timestamp = 8739094652373, .areaId = 0, .prop = 557850848, .status = AVAILABLE, .value = {.int32Values = [1]{0}, .floatValues = [0]{}, .int64Values = [0]{}, .bytes = [0]{}, .stringValue = ""}}
12-30 11:03:23.272   398   464 D DiagPropHandler: is not DiagnosticConfig: 0x214020e0
12-30 11:03:23.272   398   464 I VehiclePropertyStore: begin to write value to Store: {.timestamp = 8739094652373, .areaId = 0, .prop = 557850848, .status = AVAILABLE, .value = {.int32Values = [1]{0}, .floatValues = [0]{}, .int64Values = [0]{}, .bytes = [0]{}, .stringValue = ""}}
12-30 11:03:23.272   398   464 D adayocomadapter-CommunicationManager: onUpstreamReceive mPropertyId 0x214020e0
12-30 11:03:23.272   398   464 D adayocomadapter-CommunicationManager: onUpstreamReceive mPropertyId 0x214020e5
12-30 11:03:23.272   398   464 D adayocomadapter-CommunicationManager: convertBytesToInt32Memcpy  0
12-30 11:03:23.272   398   464 I vw-vhal : notifyVehicleProperty, propId = 0x214020e5, data = {status: 2, int32Values: [0]}
12-30 11:03:23.273   398   464 I vw-vhal : CanSignalsAdapter::notifyVehicleProperty: solvedValue = {.timestamp = 8739094850373, .areaId = 0, .prop = 557850853, .status = AVAILABLE, .value = {.int32Values = [1]{0}, .floatValues = [0]{}, .int64Values = [0]{}, .bytes = [0]{}, .stringValue = ""}}
12-30 11:03:23.273   398   464 I VehiclePropertyStore: begin to write value to Store: {.timestamp = 8739094850373, .areaId = 0, .prop = 557850853, .status = AVAILABLE, .value = {.int32Values = [1]{0}, .floatValues = [0]{}, .int64Values = [0]{}, .bytes = [0]{}, .stringValue = ""}}
