12-30 11:03:24.022   398   464 D adayocomadapter-CommunicationManager: onUpstreamReceive mPropertyId 0x2140203f
12-30 11:03:24.022   398   464 D adayocomadapter-CommunicationManager: onUpstreamReceive mPropertyId 0x2140203a
12-30 11:03:24.022   398   464 D adayocomadapter-CommunicationManager: convertBytesToInt32Memcpy  0
12-30 11:03:24.022   398   464 I vw-vhal : notifyVehicleProperty, propId = 0x2140203a, data = {status: 2, int32Values: [0]}
12-30 11:03:24.022   398   464 I vw-vhal : CanSignalsAdapter::notifyVehicleProperty: solvedValue = {.timestamp = 8739844181706, .areaId = 0, .prop = 557850682, .status = AVAILABLE, .value = {.int32Values = [1]{0}, .floatValues = [0]{}, .int64Values = [0]{}, .bytes = [0]{}, .stringValue = ""}}
12-30 11:03:24.022   398   464 I VehiclePropertyStore: begin to write value to Store: {.timestamp = 8739844181706, .areaId = 0, .prop = 557850682, .status = AVAILABLE, .value = {.int32Values = [1]{0}, .floatValues = [0]{}, .int64Values = [0]{}, .bytes = [0]{}, .stringValue = ""}}
12-30 11:03:24.022   398   464 I DefaultVehicleHal_v2_0: DefaultVehicleHal::onPropertyValue, value:{.timestamp = 8739844181706, .areaId = 0, .prop = 557850682, .status = AVAILABLE, .value = {.int32Values = [1]{0}, .floatValues = [0]{}, .int64Values = [0]{}, .bytes = [0]{}, .stringValue = ""}}
12-30 11:03:24.022   398   464 D DiagPropHandler: is not DiagnosticConfig: 0x2140203a
12-30 11:03:24.022   398   464 I VehiclePropertyStore: begin to write value to Store: {.timestamp = 8739844181706, .areaId = 0, .prop = 557850682, .status = AVAILABLE, .value = {.int32Values = [1]{0}, .floatValues = [0]{}, .int64Values = [0]{}, .bytes = [0]{}, .stringValue = ""}}
12-30 11:03:24.022   398   464 D adayocomadapter-CommunicationManager: onUpstreamReceive mPropertyId 0x2140203a
12-30 11:03:24.022   398   464 D adayocomadapter-CommunicationManager: onUpstreamReceive mPropertyId 0x2140203e
12-30 11:03:24.022   398   464 D adayocomadapter-CommunicationManager: convertBytesToInt32Memcpy  0
12-30 11:03:24.022   398   464 I vw-vhal : notifyVehicleProperty, propId = 0x2140203e, data = {status: 2, int32Values: [0]}
12-30 11:03:24.022   398   464 I vw-vhal : CanSignalsAdapter::notifyVehicleProperty: solvedValue = {.timestamp = 8739844368373, .areaId = 0, .prop = 557850686, .status = AVAILABLE, .value = {.int32Values = [1]{0}, .floatValues = [0]{}, .int64Values = [0]{}, .bytes = [0]{}, .stringValue = ""}}
12-30 11:03:24.022   398   464 I VehiclePropertyStore: begin to write value to Store: {.timestamp = 8739844368373, .areaId = 0, .prop = 557850686, .status = AVAILABLE, .value = {.int32Values = [1]{0}, .floatValues = [0]{}, .int64Values = [0]{}, .bytes = [0]{}, .stringValue = ""}}
12-30 11:03:24.022   398   464 I DefaultVehicleHal_v2_0: DefaultVehicleHal::onPropertyValue, value:{.timestamp = 8739844368373, .areaId = 0, .prop = 557850686, .status = AVAILABLE, .value = {.int32Values = [1]{0}, .floatValues = [0]{}, .int64Values = [0]{}, .bytes = [0]{}, .stringValue = ""}}
12-30 11:03:24.022   398   464 D DiagPropHandler: is not DiagnosticConfig: 0x2140203e
12-30 11:03:24.022   398   464 I VehiclePropertyStore: begin to write value to Store: {.timestamp = 8739844368373, .areaId = 0, .prop = 557850686, .status = AVAILABLE, .value = {.int32Values = [1]{0}, .floatValues = [0]{}, .int64Values = [0]{}, .bytes = [0]{}, .stringValue = ""}}
12-30 11:03:24.022   398   464 D adayocomadapter-CommunicationManager: onUpstreamReceive mPropertyId 0x2140203e
12-30 11:03:24.022   398   464 D adayocomadapter-CommunicationManager: onUpstreamReceive mPropertyId 0x21402042
12-30 11:03:24.022   398   464 D adayocomadapter-CommunicationManager: convertBytesToInt32Memcpy  0
12-30 11:03:24.022   398   464 I vw-vhal : notifyVehicleProperty, propId = 0x21402042, data = {status: 2, int32Values: [0]}
12-30 11:03:24.022   398   464 I vw-vhal : CanSignalsAdapter::notifyVehicleProperty: solvedValue = {.timestamp = 8739844553373, .areaId = 0, .prop = 557850690, .status = AVAILABLE, .value = {.int32Values = [1]{0}, .floatValues = [0]{}, .int64Values = [0]{}, .bytes = [0]{}, .stringValue = ""}}
12-30 11:03:24.022   398   464 I VehiclePropertyStore: begin to write value to Store: {.timestamp = 8739844553373, .areaId = 0, .prop = 557850690, .status = AVAILABLE, .value = {.int32Values = [1]{0}, .floatValues = [0]{}, .int64Values = [0]{}, .bytes = [0]{}, .stringValue = ""}}
12-30 11:03:24.022   398   464 I DefaultVehicleHal_v2_0: DefaultVehicleHal::onPropertyValue, value:{.timestamp = 8739844553373, .areaId = 0, .prop = 557850690, .status = AVAILABLE, .value = {.int32Values = [1]{0}, .floatValues = [0]{}, .int64Values = [0]{}, .bytes = [0]{}, .stringValue = ""}}
12-30 11:03:24.022   398   464 D DiagPropHandler: is not DiagnosticConfig: 0x21402042
12-30 11:03:24.022   398   464 I VehiclePropertyStore: begin to write value to Store: {.timestamp = 8739844553373, .areaId = 0, .prop = 557850690, .status = AVAILABLE, .value = {.int32Values = [1]{0}, .floatValues = [0]{}, .int64Values = [0]{}, .bytes = [0]{}, .stringValue = ""}}
12-30 11:03:24.022   398   464 D adayocomadapter-CommunicationManager: onUpstreamReceive mPropertyId 0x21402042
12-30 11:03:24.022   398   464 D adayocomadapter-CommunicationManager: onUpstreamReceive mPropertyId 0x21402039
12-30 11:03:24.022   398   464 D adayocomadapter-CommunicationManager: convertBytesToInt32Memcpy  0
12-30 11:03:24.022   398   464 I vw-vhal : notifyVehicleProperty, propId = 0x21402039, data = {status: 2, int32Values: [0]}
12-30 11:03:24.022   398   464 I vw-vhal : CanSignalsAdapter::notifyVehicleProperty: solvedValue = {.timestamp = 8739844742039, .areaId = 0, .prop = 557850681, .status = AVAILABLE, .value = {.int32Values = [1]{0}, .floatValues = [0]{}, .int64Values = [0]{}, .bytes = [0]{}, .stringValue = ""}}
12-30 11:03:24.022   398   464 I VehiclePropertyStore: begin to write value to Store: {.timestamp = 8739844742039, .areaId = 0, .prop = 557850681, .status = AVAILABLE, .value = {.int32Values = [1]{0}, .floatValues = [0]{}, .int64Values = [0]{}, .bytes = [0]{}, .stringValue = ""}}
12-30 11:03:24.022   398   464 I DefaultVehicleHal_v2_0: DefaultVehicleHal::onPropertyValue, value:{.timestamp = 8739844742039, .areaId = 0, .prop = 557850681, .status = AVAILABLE, .value = {.int32Values = [1]{0}, .floatValues = [0]{}, .int64Values = [0]{}, .bytes = [0]{}, .stringValue = ""}}
12-30 11:03:24.022   398   464 D DiagPropHandler: is not DiagnosticConfig: 0x21402039
12-30 11:03:24.022   398   464 I VehiclePropertyStore: begin to write value to Store: {.timestamp = 8739844742039, .areaId = 0, .prop = 557850681, .status = AVAILABLE, .value = {.int32Values = [1]{0}, .floatValues = [0]{}, .int64Values = [0]{}, .bytes = [0]{}, .stringValue = ""}}
12-30 11:03:24.023   398   464 D adayocomadapter-CommunicationManager: onUpstreamReceive mPropertyId 0x21402039
12-30 11:03:24.023   398   464 D adayocomadapter-CommunicationManager: onUpstreamReceive mPropertyId 0x2140203d
12-30 11:03:24.023   398   464 D adayocomadapter-CommunicationManager: convertBytesToInt32Memcpy  0
12-30 11:03:24.023   398   464 I vw-vhal : notifyVehicleProperty, propId = 0x2140203d, data = {status: 2, int32Values: [0]}
12-30 11:03:24.023   398   464 I vw-vhal : CanSignalsAdapter::notifyVehicleProperty: solvedValue = {.timestamp = 8739844929039, .areaId = 0, .prop = 557850685, .status = AVAILABLE, .value = {.int32Values = [1]{0}, .floatValues = [0]{}, .int64Values = [0]{}, .bytes = [0]{}, .stringValue = ""}}
12-30 11:03:24.023   398   464 I VehiclePropertyStore: begin to write value to Store: {.timestamp = 8739844929039, .areaId = 0, .prop = 557850685, .status = AVAILABLE, .value = {.int32Values = [1]{0}, .floatValues = [0]{}, .int64Values = [0]{}, .bytes = [0]{}, .stringValue = ""}}
12-30 11:03:24.023   398   464 I DefaultVehicleHal_v2_0: DefaultVehicleHal::onPropertyValue, value:{.timestamp = 8739844929039, .areaId = 0, .prop = 557850685, .status = AVAILABLE, .value = {.int32Values = [1]{0}, .floatValues = [0]{}, .int64Values = [0]{}, .bytes = [0]{}, .stringValue = ""}}
12-30 11:03:24.023   398   464 D DiagPropHandler: is not DiagnosticConfig: 0x2140203d
12-30 11:03:24.023   398   464 I VehiclePropertyStore: begin to write value to Store: {.timestamp = 8739844929039, .areaId = 0, .prop = 557850685, .status = AVAILABLE, .value = {.int32Values = [1]{0}, .floatValues = [0]{}, .int64Values = [0]{}, .bytes = [0]{}, .stringValue = ""}}
12-30 11:03:24.023   398   464 D adayocomadapter-CommunicationManager: onUpstreamReceive mPropertyId 0x2140203d
12-30 11:03:24.023   398   464 D adayocomadapter-CommunicationManager: onUpstreamReceive mPropertyId 0x21402041
12-30 11:03:24.023   398   464 D adayocomadapter-CommunicationManager: convertBytesToInt32Memcpy  0
12-30 11:03:24.023   398   464 I vw-vhal : notifyVehicleProperty, propId = 0x21402041, data = {status: 2, int32Values: [0]}
12-30 11:03:24.023   398   464 I vw-vhal : CanSignalsAdapter::notifyVehicleProperty: solvedValue = {.timestamp = 8739845112039, .areaId = 0, .prop = 557850689, .status = AVAILABLE, .value = {.int32Values = [1]{0}, .floatValues = [0]{}, .int64Values = [0]{}, .bytes = [0]{}, .stringValue = ""}}
12-30 11:03:24.023   398   464 I VehiclePropertyStore: begin to write value to Store: {.timestamp = 8739845112039, .areaId = 0, .prop = 557850689, .status = AVAILABLE, .value = {.int32Values = [1]{0}, .floatValues = [0]{}, .int64Values = [0]{}, .bytes = [0]{}, .stringValue = ""}}
12-30 11:03:24.023   398   464 I DefaultVehicleHal_v2_0: DefaultVehicleHal::onPropertyValue, value:{.timestamp = 8739845112039, .areaId = 0, .prop = 557850689, .status = AVAILABLE, .value = {.int32Values = [1]{0}, .floatValues = [0]{}, .int64Values = [0]{}, .bytes = [0]{}, .stringValue = ""}}
12-30 11:03:24.023   398   464 D DiagPropHandler: is not DiagnosticConfig: 0x21402041
12-30 11:03:24.023   398   464 I VehiclePropertyStore: begin to write value to Store: {.timestamp = 8739845112039, .areaId = 0, .prop = 557850689, .status = AVAILABLE, .value = {.int32Values = [1]{0}, .floatValues = [0]{}, .int64Values = [0]{}, .bytes = [0]{}, .stringValue = ""}}
12-30 11:03:24.023   398   464 D adayocomadapter-CommunicationManager: onUpstreamReceive mPropertyId 0x21402041
12-30 11:03:24.023   398   464 D adayocomadapter-CommunicationManager: onUpstreamReceive mPropertyId 0x21402045
12-30 11:03:24.023   398   464 D adayocomadapter-CommunicationManager: convertBytesToInt32Memcpy  0
12-30 11:03:24.023   398   464 I vw-vhal : notifyVehicleProperty, propId = 0x21402045, data = {status: 2, int32Values: [0]}
12-30 11:03:24.023   398   464 I vw-vhal : CanSignalsAdapter::notifyVehicleProperty: solvedValue = {.timestamp = 8739845297039, .areaId = 0, .prop = 557850693, .status = AVAILABLE, .value = {.int32Values = [1]{0}, .floatValues = [0]{}, .int64Values = [0]{}, .bytes = [0]{}, .stringValue = ""}}
12-30 11:03:24.023   398   464 I VehiclePropertyStore: begin to write value to Store: {.timestamp = 8739845297039, .areaId = 0, .prop = 557850693, .status = AVAILABLE, .value = {.int32Values = [1]{0}, .floatValues = [0]{}, .int64Values = [0]{}, .bytes = [0]{}, .stringValue = ""}}
12-30 11:03:24.023   398   464 I DefaultVehicleHal_v2_0: DefaultVehicleHal::onPropertyValue, value:{.timestamp = 8739845297039, .areaId = 0, .prop = 557850693, .status = AVAILABLE, .value = {.int32Values = [1]{0}, .floatValues = [0]{}, .int64Values = [0]{}, .bytes = [0]{}, .stringValue = ""}}
12-30 11:03:24.023   398   464 D DiagPropHandler: is not DiagnosticConfig: 0x21402045
12-30 11:03:24.023   398   464 I VehiclePropertyStore: begin to write value to Store: {.timestamp = 8739845297039, .areaId = 0, .prop = 557850693, .status = AVAILABLE, .value = {.int32Values = [1]{0}, .floatValues = [0]{}, .int64Values = [0]{}, .bytes = [0]{}, .stringValue = ""}}
12-30 11:03:24.023   398   464 D adayocomadapter-CommunicationManager: onUpstreamReceive mPropertyId 0x21402045
12-30 11:03:24.023   398   464 D adayocomadapter-CommunicationManager: onUpstreamReceive mPropertyId 0x2140204d
12-30 11:03:24.023   398   464 D adayocomadapter-CommunicationManager: convertBytesToInt32Memcpy  0
12-30 11:03:24.023   398   464 I vw-vhal : notifyVehicleProperty, propId = 0x2140204d, data = {status: 2, int32Values: [0]}
12-30 11:03:24.023   398   464 I vw-vhal : CanSignalsAdapter::notifyVehicleProperty: solvedValue = {.timestamp = 8739845510373, .areaId = 0, .prop = 557850701, .status = AVAILABLE, .value = {.int32Values = [1]{0}, .floatValues = [0]{}, .int64Values = [0]{}, .bytes = [0]{}, .stringValue = ""}}
12-30 11:03:24.023   398   464 I VehiclePropertyStore: begin to write value to Store: {.timestamp = 8739845510373, .areaId = 0, .prop = 557850701, .status = AVAILABLE, .value = {.int32Values = [1]{0}, .floatValues = [0]{}, .int64Values = [0]{}, .bytes = [0]{}, .stringValue = ""}}
12-30 11:03:24.023   398   464 I DefaultVehicleHal_v2_0: DefaultVehicleHal::onPropertyValue, value:{.timestamp = 8739845510373, .areaId = 0, .prop = 557850701, .status = AVAILABLE, .value = {.int32Values = [1]{0}, .floatValues = [0]{}, .int64Values = [0]{}, .bytes = [0]{}, .stringValue = ""}}
12-30 11:03:24.023   398   464 D DiagPropHandler: is not DiagnosticConfig: 0x2140204d
12-30 11:03:24.023   398   464 I VehiclePropertyStore: begin to write value to Store: {.timestamp = 8739845510373, .areaId = 0, .prop = 557850701, .status = AVAILABLE, .value = {.int32Values = [1]{0}, .floatValues = [0]{}, .int64Values = [0]{}, .bytes = [0]{}, .stringValue = ""}}
12-30 11:03:24.023   398   464 D adayocomadapter-CommunicationManager: onUpstreamReceive mPropertyId 0x2140204d
12-30 11:03:24.023   398   464 D adayocomadapter-CommunicationManager: onUpstreamReceive mPropertyId 0x2140220b
12-30 11:03:24.023   398   464 D adayocomadapter-CommunicationManager: convertBytesToInt32Memcpy  0
12-30 11:03:24.023   398   464 I vw-vhal : notifyVehicleProperty, propId = 0x2140220b, data = {status: 2, int32Values: [0]}
12-30 11:03:24.023   398   464 I vw-vhal : CanSignalsAdapter::notifyVehicleProperty: solvedValue = {.timestamp = 8739845698706, .areaId = 0, .prop = 557851147, .status = AVAILABLE, .value = {.int32Values = [1]{0}, .floatValues = [0]{}, .int64Values = [0]{}, .bytes = [0]{}, .stringValue = ""}}
12-30 11:03:24.023   398   464 I VehiclePropertyStore: begin to write value to Store: {.timestamp = 8739845698706, .areaId = 0, .prop = 557851147, .status = AVAILABLE, .value = {.int32Values = [1]{0}, .floatValues = [0]{}, .int64Values = [0]{}, .bytes = [0]{}, .stringValue = ""}}
12-30 11:03:24.023   398   464 I DefaultVehicleHal_v2_0: DefaultVehicleHal::onPropertyValue, value:{.timestamp = 8739845698706, .areaId = 0, .prop = 557851147, .status = AVAILABLE, .value = {.int32Values = [1]{0}, .floatValues = [0]{}, .int64Values = [0]{}, .bytes = [0]{}, .stringValue = ""}}
12-30 11:03:24.023   398   464 D DiagPropHandler: is not DiagnosticConfig: 0x2140220b
12-30 11:03:24.023   398   464 I VehiclePropertyStore: begin to write value to Store: {.timestamp = 8739845698706, .areaId = 0, .prop = 557851147, .status = AVAILABLE, .value = {.int32Values = [1]{0}, .floatValues = [0]{}, .int64Values = [0]{}, .bytes = [0]{}, .stringValue = ""}}
12-30 11:03:24.023   398   464 D adayocomadapter-CommunicationManager: onUpstreamReceive mPropertyId 0x2140220b
12-30 11:03:24.039  2358  2623 D RcfController: Rcf proxy is not connected!
12-30 11:03:24.040   596  3076 E WifiHAL : Invalid data received from driver
12-30 11:03:24.041  3066  3066 D hostapd : nl80211: BSS Event 59 (NL80211_CMD_FRAME) received for wlan1
12-30 11:03:24.041  3066  3066 D hostapd : nl80211: RX frame da=ff:ff:ff:ff:ff:ff sa=16:a5:be:dc:88:df bssid=16:a5:be:dc:88:df freq=5745 ssi_signal=-9100 fc=0xd0 seq_ctrl=0x9f0 stype=13 (WLAN_FC_STYPE_ACTION) len=42
12-30 11:03:24.041  3066  3066 D hostapd : wlan1: Event RX_MGMT (18) received
12-30 11:03:24.041  3066  3066 D hostapd : Receive wpa msg : Event RX_MGMT (18) received
12-30 11:03:24.045   360   931 D EvsDriver: forwardFrame
12-30 11:03:24.045   360   931 D EvsDriver: forwardFrameDirect
12-30 11:03:24.046   360   931 D EvsDriver: Delivered 0xb400e2ca9e40c2d0 as id 0
12-30 11:03:24.046   359  2784 D evsmanagerd: /dev/video-evs0 forwarded the buffer #0 to 0xb400f125d2b26dd0 from 0xb400f125e2b20710
12-30 11:03:24.056   360   458 D EvsDriver: doneWithFrame
12-30 11:03:24.059   650   729 D fgemcucomm: sd Uart data : 6AA60210C10002920297
12-30 11:03:24.060   650   729 D fgemcucomm: rev uart=72212,len=109, data : 6AA68110C100659202001000000000000000000000000000000000000000000000000000000000000000000000000000000000000000000000000000000000000000000000000000000000000000000000000000000000000000000000000000000000000000000000000000A5
12-30 11:03:24.060   398  2883 D adayocomadapter-ParseProtocolFunc: printRaWMsg Name[MCUToUPstream recv] len[101] data[9202001000000000000000000000000000000000000000000000000000000000000000000000000000000000000000000000000000000000000000000000000000000000000000000000000000000000000000000000000000000000000000000000000000]
12-30 11:03:24.060   398  2883 D adayocomadapter-CommunicationManager: onUpstreamback   member[0] dataLength[98] timePoint[8739882]
12-30 11:03:24.060   398  2883 D adayocomadapter-ParseProtocolFunc: printRaWMsg Name[onUpstreamback] len[98] data[1000000000000000000000000000000000000000000000000000000000000000000000000000000000000000000000000000000000000000000000000000000000000000000000000000000000000000000000000000000000000000000000000000]
12-30 11:03:24.060   398   464 D adayocomadapter-UpstreamHandler: processBeforePacket upSreamtProcessTimePoint[8739882] 
12-30 11:03:24.060   398   464 D adayocomadapter-UpstreamHandler: processPacket UPSTREAM_QUEUE_DATA_TIMEOUT
12-30 11:03:24.060   398   464 D adayocomadapter-ParseProtocolFunc: parseCommonIPCLBytes Processing tableNumber[16]
12-30 11:03:24.060   398   464 D adayocomadapter-ParseProtocolFunc: parseCommonIPCLBytes Processing tablename[Table-16] tableSize[98]
12-30 11:03:24.060   398   464 D adayocomadapter-ParseProtocolFunc: printRaWMsg Name[byteStream recv] len[98] data[1000000000000000000000000000000000000000000000000000000000000000000000000000000000000000000000000000000000000000000000000000000000000000000000000000000000000000000000000000000000000000000000000000]
12-30 11:03:24.060   398   464 D adayocomadapter-ParseProtocolFunc: printRaWMsg Name[IPCLtoVHAL] len[6] data[214021B10000]
12-30 11:03:24.060   398   464 D adayocomadapter-ParseProtocolFunc: printRaWMsg Name[IPCLtoVHAL] len[6] data[214022120000]
12-30 11:03:24.060   398   464 D adayocomadapter-ParseProtocolFunc: printRaWMsg Name[IPCLtoVHAL] len[6] data[214021B20000]
12-30 11:03:24.060   398   464 D adayocomadapter-ParseProtocolFunc: printRaWMsg Name[IPCLtoVHAL] len[6] data[214021BD0000]
12-30 11:03:24.060   398   464 D adayocomadapter-ParseProtocolFunc: printRaWMsg Name[IPCLtoVHAL] len[6] data[2140221E0000]
12-30 11:03:24.060   398   464 D adayocomadapter-ParseProtocolFunc: printRaWMsg Name[IPCLtoVHAL] len[6] data[214021B30000]
12-30 11:03:24.060   398   464 D adayocomadapter-ParseProtocolFunc: printRaWMsg Name[IPCLtoVHAL] len[6] data[214022140000]
12-30 11:03:24.060   398   464 D adayocomadapter-ParseProtocolFunc: printRaWMsg Name[IPCLtoVHAL] len[6] data[214021B40000]
12-30 11:03:24.060   398   464 D adayocomadapter-ParseProtocolFunc: printRaWMsg Name[IPCLtoVHAL] len[6] data[214021530000]
12-30 11:03:24.060   398   464 D adayocomadapter-ParseProtocolFunc: printRaWMsg Name[IPCLtoVHAL] len[6] data[214022150000]
12-30 11:03:24.060   398   464 D adayocomadapter-ParseProtocolFunc: printRaWMsg Name[IPCLtoVHAL] len[6] data[214021B50000]
12-30 11:03:24.060   398   464 D adayocomadapter-ParseProtocolFunc: printRaWMsg Name[IPCLtoVHAL] len[6] data[214021540000]
12-30 11:03:24.060   398   464 D adayocomadapter-ParseProtocolFunc: printRaWMsg Name[IPCLtoVHAL] len[6] data[214021B70000]
12-30 11:03:24.060   398   464 D adayocomadapter-ParseProtocolFunc: printRaWMsg Name[IPCLtoVHAL] len[6] data[214021560000]
12-30 11:03:24.060   398   464 D adayocomadapter-ParseProtocolFunc: printRaWMsg Name[IPCLtoVHAL] len[6] data[214021B80000]
12-30 11:03:24.060   398   464 D adayocomadapter-ParseProtocolFunc: printRaWMsg Name[IPCLtoVHAL] len[6] data[214021570000]
12-30 11:03:24.060   398   464 D adayocomadapter-ParseProtocolFunc: printRaWMsg Name[IPCLtoVHAL] len[6] data[214022190000]
12-30 11:03:24.060   398   464 D adayocomadapter-ParseProtocolFunc: printRaWMsg Name[IPCLtoVHAL] len[6] data[2140215B0000]
12-30 11:03:24.060   398   464 D adayocomadapter-ParseProtocolFunc: printRaWMsg Name[IPCLtoVHAL] len[6] data[214021BC0000]
12-30 11:03:24.060   398   464 D adayocomadapter-ParseProtocolFunc: printRaWMsg Name[IPCLtoVHAL] len[6] data[2140221D0000]
12-30 11:03:24.060   398   464 D adayocomadapter-ParseProtocolFunc: printRaWMsg Name[IPCLtoVHAL] len[6] data[214021B90000]
12-30 11:03:24.060   398   464 D adayocomadapter-ParseProtocolFunc: printRaWMsg Name[IPCLtoVHAL] len[6] data[2140221A0000]
12-30 11:03:24.060   398   464 D adayocomadapter-ParseProtocolFunc: printRaWMsg Name[IPCLtoVHAL] len[6] data[214021BB0000]
12-30 11:03:24.060   398   464 D adayocomadapter-ParseProtocolFunc: printRaWMsg Name[IPCLtoVHAL] len[6] data[2140215A0000]
12-30 11:03:24.061   398   464 D adayocomadapter-ParseProtocolFunc: printRaWMsg Name[IPCLtoVHAL] len[6] data[2140221C0000]
12-30 11:03:24.061   398   464 D adayocomadapter-ParseProtocolFunc: printRaWMsg Name[IPCLtoVHAL] len[6] data[214021BE0000]
12-30 11:03:24.061   398   464 D adayocomadapter-ParseProtocolFunc: printRaWMsg Name[IPCLtoVHAL] len[6] data[2140215D0000]
12-30 11:03:24.061   398   464 D adayocomadapter-ParseProtocolFunc: printRaWMsg Name[IPCLtoVHAL] len[6] data[2140221F0000]
12-30 11:03:24.061   398   464 D adayocomadapter-ParseProtocolFunc: printRaWMsg Name[IPCLtoVHAL] len[6] data[214021A50000]
12-30 11:03:24.061   398   464 D adayocomadapter-ParseProtocolFunc: printRaWMsg Name[IPCLtoVHAL] len[6] data[214021070000]
12-30 11:03:24.061   398   464 D adayocomadapter-ParseProtocolFunc: printRaWMsg Name[IPCLtoVHAL] len[6] data[2140222A0000]
12-30 11:03:24.061   398   464 D adayocomadapter-ParseProtocolFunc: printRaWMsg Name[IPCLtoVHAL] len[6] data[214021C30000]
12-30 11:03:24.061   398   464 D adayocomadapter-ParseProtocolFunc: printRaWMsg Name[IPCLtoVHAL] len[6] data[214021A80000]
12-30 11:03:24.061   398   464 D adayocomadapter-ParseProtocolFunc: printRaWMsg Name[IPCLtoVHAL] len[6] data[214021A60000]
12-30 11:03:24.061   398   464 D adayocomadapter-ParseProtocolFunc: printRaWMsg Name[IPCLtoVHAL] len[6] data[214021A70000]
12-30 11:03:24.061   398   464 D adayocomadapter-ParseProtocolFunc: printRaWMsg Name[IPCLtoVHAL] len[6] data[214022080000]
12-30 11:03:24.061   398   464 D adayocomadapter-ParseProtocolFunc: printRaWMsg Name[IPCLtoVHAL] len[6] data[214021A90000]
12-30 11:03:24.061   398   464 D adayocomadapter-ParseProtocolFunc: printRaWMsg Name[IPCLtoVHAL] len[6] data[214021AA0000]
12-30 11:03:24.061   398   464 D adayocomadapter-ParseProtocolFunc: printRaWMsg Name[IPCLtoVHAL] len[6] data[214021AB0000]
12-30 11:03:24.061   398   464 D adayocomadapter-ParseProtocolFunc: printRaWMsg Name[IPCLtoVHAL] len[6] data[214021AC0000]
12-30 11:03:24.061   398   464 D adayocomadapter-ParseProtocolFunc: printRaWMsg Name[IPCLtoVHAL] len[6] data[2140220D0000]
12-30 11:03:24.061   398   464 D adayocomadapter-ParseProtocolFunc: printRaWMsg Name[IPCLtoVHAL] len[6] data[214021AD0000]
12-30 11:03:24.061   398   464 D adayocomadapter-ParseProtocolFunc: printRaWMsg Name[IPCLtoVHAL] len[6] data[214021AE0000]
12-30 11:03:24.061   398   464 D adayocomadapter-ParseProtocolFunc: printRaWMsg Name[IPCLtoVHAL] len[6] data[214021AF0000]
12-30 11:03:24.061   398   464 D adayocomadapter-ParseProtocolFunc: printRaWMsg Name[IPCLtoVHAL] len[6] data[214022100000]
12-30 11:03:24.061   398   464 D adayocomadapter-ParseProtocolFunc: printRaWMsg Name[IPCLtoVHAL] len[6] data[214021B00000]
12-30 11:03:24.061   398   464 D adayocomadapter-ParseProtocolFunc: printRaWMsg Name[IPCLtoVHAL] len[6] data[214022110000]
12-30 11:03:24.061   398   464 D adayocomadapter-ParseProtocolFunc: printRaWMsg Name[IPCLtoVHAL] len[6] data[214021B60000]
12-30 11:03:24.061   398   464 D adayocomadapter-ParseProtocolFunc: printRaWMsg Name[IPCLtoVHAL] len[6] data[214021550000]
12-30 11:03:24.061   398   464 D adayocomadapter-ParseProtocolFunc: printRaWMsg Name[IPCLtoVHAL] len[6] data[214021BA0000]
12-30 11:03:24.061   398   464 D adayocomadapter-ParseProtocolFunc: printRaWMsg Name[IPCLtoVHAL] len[6] data[214021590000]
12-30 11:03:24.061   398   464 D adayocomadapter-ParseProtocolFunc: printRaWMsg Name[IPCLtoVHAL] len[6] data[214021BF0000]
12-30 11:03:24.061   398   464 D adayocomadapter-ParseProtocolFunc: printRaWMsg Name[IPCLtoVHAL] len[6] data[2140215E0000]
12-30 11:03:24.061   398   464 D adayocomadapter-ParseProtocolFunc: printRaWMsg Name[IPCLtoVHAL] len[6] data[214022200000]
12-30 11:03:24.061   398   464 D adayocomadapter-ParseProtocolFunc: printRaWMsg Name[IPCLtoVHAL] len[6] data[214021C00000]
12-30 11:03:24.061   398   464 D adayocomadapter-ParseProtocolFunc: printRaWMsg Name[IPCLtoVHAL] len[6] data[2140215F0000]
12-30 11:03:24.061   398   464 D adayocomadapter-ParseProtocolFunc: printRaWMsg Name[IPCLtoVHAL] len[6] data[214021C10000]
12-30 11:03:24.061   398   464 D adayocomadapter-ParseProtocolFunc: printRaWMsg Name[IPCLtoVHAL] len[6] data[214021600000]
12-30 11:03:24.061   398   464 D adayocomadapter-ParseProtocolFunc: printRaWMsg Name[IPCLtoVHAL] len[6] data[214022220000]
12-30 11:03:24.061   398   464 D adayocomadapter-ParseProtocolFunc: printRaWMsg Name[IPCLtoVHAL] len[6] data[214021C20000]
12-30 11:03:24.061   398   464 D adayocomadapter-ParseProtocolFunc: printRaWMsg Name[IPCLtoVHAL] len[6] data[214021C40000]
12-30 11:03:24.061   398   464 D adayocomadapter-ParseProtocolFunc: printRaWMsg Name[IPCLtoVHAL] len[6] data[214022250000]
12-30 11:03:24.061   398   464 D adayocomadapter-ParseProtocolFunc: printRaWMsg Name[IPCLtoVHAL] len[6] data[214021C50000]
12-30 11:03:24.061   398   464 D adayocomadapter-ParseProtocolFunc: printRaWMsg Name[IPCLtoVHAL] len[6] data[214022260000]
12-30 11:03:24.061   398   464 D adayocomadapter-ParseProtocolFunc: printRaWMsg Name[IPCLtoVHAL] len[6] data[214021C60000]
12-30 11:03:24.061   398   464 D adayocomadapter-ParseProtocolFunc: printRaWMsg Name[IPCLtoVHAL] len[6] data[214022270000]
12-30 11:03:24.061   398   464 D adayocomadapter-ParseProtocolFunc: printRaWMsg Name[IPCLtoVHAL] len[6] data[214021D30000]
12-30 11:03:24.061   398   464 D adayocomadapter-ParseProtocolFunc: printRaWMsg Name[IPCLtoVHAL] len[6] data[214022340000]
12-30 11:03:24.061   398   464 D adayocomadapter-ParseProtocolFunc: printRaWMsg Name[IPCLtoVHAL] len[6] data[214021D40000]
12-30 11:03:24.061   398   464 D adayocomadapter-ParseProtocolFunc: printRaWMsg Name[IPCLtoVHAL] len[6] data[214022350000]
12-30 11:03:24.061   398   464 D adayocomadapter-ParseProtocolFunc: printRaWMsg Name[IPCLtoVHAL] len[6] data[214022280000]
12-30 11:03:24.061   398   464 D adayocomadapter-ParseProtocolFunc: printRaWMsg Name[IPCLtoVHAL] len[6] data[214022290000]
12-30 11:03:24.061   398   464 D adayocomadapter-ParseProtocolFunc: printRaWMsg Name[IPCLtoVHAL] len[6] data[214022360000]
12-30 11:03:24.061   398   464 D adayocomadapter-ParseProtocolFunc: printRaWMsg Name[IPCLtoVHAL] len[6] data[214022370000]
12-30 11:03:24.061   398   464 D adayocomadapter-ParseProtocolFunc: printRaWMsg Name[IPCLtoVHAL] len[6] data[214022380000]
12-30 11:03:24.061   398   464 D adayocomadapter-ParseProtocolFunc: printRaWMsg Name[IPCLtoVHAL] len[6] data[214022390000]
12-30 11:03:24.061   398   464 D adayocomadapter-ParseProtocolFunc: printRaWMsg Name[IPCLtoVHAL] len[6] data[2140223A0000]
12-30 11:03:24.061   398   464 D adayocomadapter-ParseProtocolFunc: printRaWMsg Name[IPCLtoVHAL] len[6] data[2140223B0000]
12-30 11:03:24.061   398   464 D adayocomadapter-ParseProtocolFunc: printRaWMsg Name[IPCLtoVHAL] len[7] data[2140223C000000]
12-30 11:03:24.061   398   464 D adayocomadapter-ParseProtocolFunc: printRaWMsg Name[IPCLtoVHAL] len[6] data[214022410000]
12-30 11:03:24.061   398   464 D adayocomadapter-ParseProtocolFunc: printRaWMsg Name[IPCLtoVHAL] len[6] data[214022420000]
12-30 11:03:24.061   398   464 D adayocomadapter-ParseProtocolFunc: printRaWMsg Name[IPCLtoVHAL] len[6] data[214021E10000]
12-30 11:03:24.061   398   464 D adayocomadapter-ParseProtocolFunc: printRaWMsg Name[IPCLtoVHAL] len[6] data[214022430000]
12-30 11:03:24.061   398   464 D adayocomadapter-ParseProtocolFunc: printRaWMsg Name[IPCLtoVHAL] len[6] data[214022440000]
12-30 11:03:24.062   398   464 D adayocomadapter-ParseProtocolFunc: printRaWMsg Name[IPCLtoVHAL] len[6] data[214022450000]
12-30 11:03:24.062   398   464 D adayocomadapter-ParseProtocolFunc: printRaWMsg Name[IPCLtoVHAL] len[6] data[214022460000]
12-30 11:03:24.062   398   464 D adayocomadapter-ParseProtocolFunc: printRaWMsg Name[IPCLtoVHAL] len[6] data[214022470000]
12-30 11:03:24.062   398   464 D adayocomadapter-ParseProtocolFunc: printRaWMsg Name[IPCLtoVHAL] len[7] data[21402248000000]
12-30 11:03:24.062   398   464 D adayocomadapter-ParseProtocolFunc: printRaWMsg Name[IPCLtoVHAL] len[6] data[214022490000]
12-30 11:03:24.062   398   464 D adayocomadapter-ParseProtocolFunc: printRaWMsg Name[IPCLtoVHAL] len[6] data[2140224B0000]
12-30 11:03:24.062   398   464 D adayocomadapter-ParseProtocolFunc: printRaWMsg Name[IPCLtoVHAL] len[6] data[2140224D0000]
12-30 11:03:24.062   398   464 D adayocomadapter-ParseProtocolFunc: printRaWMsg Name[IPCLtoVHAL] len[6] data[2140224F0000]
12-30 11:03:24.062   398   464 D adayocomadapter-ParseProtocolFunc: printRaWMsg Name[IPCLtoVHAL] len[6] data[214022510000]
12-30 11:03:24.062   398   464 D adayocomadapter-ParseProtocolFunc: printRaWMsg Name[IPCLtoVHAL] len[6] data[214022530000]
12-30 11:03:24.062   398   464 D adayocomadapter-ParseProtocolFunc: printRaWMsg Name[IPCLtoVHAL] len[6] data[214022540000]
12-30 11:03:24.062  3066  3066 D hostapd : nl80211: BSS Event 59 (NL80211_CMD_FRAME) received for wlan1
12-30 11:03:24.062   398   464 D adayocomadapter-CommunicationManager: onUpstreamReceive mPropertyId 0x214021b1
12-30 11:03:24.062  3066  3066 D hostapd : nl80211: RX frame da=ff:ff:ff:ff:ff:ff sa=16:a5:be:dc:88:df bssid=16:a5:be:dc:88:df freq=5745 ssi_signal=-9100 fc=0xd0 seq_ctrl=0xa00 stype=13 (WLAN_FC_STYPE_ACTION) len=42
12-30 11:03:24.062   398   464 D adayocomadapter-CommunicationManager: convertBytesToInt32Memcpy  0
12-30 11:03:24.062  3066  3066 D hostapd : wlan1: Event RX_MGMT (18) received
12-30 11:03:24.062  3066  3066 D hostapd : Receive wpa msg : Event RX_MGMT (18) received
12-30 11:03:24.062   398   464 I vw-vhal : notifyVehicleProperty, propId = 0x214021b1, data = {status: 2, int32Values: [0]}
12-30 11:03:24.062   398   464 I vw-vhal : CanSignalsAdapter::notifyVehicleProperty: solvedValue = {.timestamp = 8739884169373, .areaId = 0, .prop = 557851057, .status = AVAILABLE, .value = {.int32Values = [1]{0}, .floatValues = [0]{}, .int64Values = [0]{}, .bytes = [0]{}, .stringValue = ""}}
12-30 11:03:24.062   398   464 I VehiclePropertyStore: begin to write value to Store: {.timestamp = 8739884169373, .areaId = 0, .prop = 557851057, .status = AVAILABLE, .value = {.int32Values = [1]{0}, .floatValues = [0]{}, .int64Values = [0]{}, .bytes = [0]{}, .stringValue = ""}}
12-30 11:03:24.062   398   464 I DefaultVehicleHal_v2_0: DefaultVehicleHal::onPropertyValue, value:{.timestamp = 8739884169373, .areaId = 0, .prop = 557851057, .status = AVAILABLE, .value = {.int32Values = [1]{0}, .floatValues = [0]{}, .int64Values = [0]{}, .bytes = [0]{}, .stringValue = ""}}
12-30 11:03:24.062   398   464 D DiagPropHandler: is not DiagnosticConfig: 0x214021b1
12-30 11:03:24.062   398   464 I VehiclePropertyStore: begin to write value to Store: {.timestamp = 8739884169373, .areaId = 0, .prop = 557851057, .status = AVAILABLE, .value = {.int32Values = [1]{0}, .floatValues = [0]{}, .int64Values = [0]{}, .bytes = [0]{}, .stringValue = ""}}
12-30 11:03:24.062   398   464 D adayocomadapter-CommunicationManager: onUpstreamReceive mPropertyId 0x214021b1
12-30 11:03:24.062   398   464 D adayocomadapter-CommunicationManager: onUpstreamReceive mPropertyId 0x21402212
12-30 11:03:24.062   398   464 D adayocomadapter-CommunicationManager: convertBytesToInt32Memcpy  0
12-30 11:03:24.062   398   464 I vw-vhal : notifyVehicleProperty, propId = 0x21402212, data = {status: 2, int32Values: [0]}
12-30 11:03:24.062   398   464 I vw-vhal : CanSignalsAdapter::notifyVehicleProperty: solvedValue = {.timestamp = 8739884393039, .areaId = 0, .prop = 557851154, .status = AVAILABLE, .value = {.int32Values = [1]{0}, .floatValues = [0]{}, .int64Values = [0]{}, .bytes = [0]{}, .stringValue = ""}}
12-30 11:03:24.062   398   464 I VehiclePropertyStore: begin to write value to Store: {.timestamp = 8739884393039, .areaId = 0, .prop = 557851154, .status = AVAILABLE, .value = {.int32Values = [1]{0}, .floatValues = [0]{}, .int64Values = [0]{}, .bytes = [0]{}, .stringValue = ""}}
12-30 11:03:24.062   398   464 I DefaultVehicleHal_v2_0: DefaultVehicleHal::onPropertyValue, value:{.timestamp = 8739884393039, .areaId = 0, .prop = 557851154, .status = AVAILABLE, .value = {.int32Values = [1]{0}, .floatValues = [0]{}, .int64Values = [0]{}, .bytes = [0]{}, .stringValue = ""}}
12-30 11:03:24.062   398   464 D DiagPropHandler: is not DiagnosticConfig: 0x21402212
12-30 11:03:24.062   398   464 I VehiclePropertyStore: begin to write value to Store: {.timestamp = 8739884393039, .areaId = 0, .prop = 557851154, .status = AVAILABLE, .value = {.int32Values = [1]{0}, .floatValues = [0]{}, .int64Values = [0]{}, .bytes = [0]{}, .stringValue = ""}}
12-30 11:03:24.062   398   464 D adayocomadapter-CommunicationManager: onUpstreamReceive mPropertyId 0x21402212
12-30 11:03:24.062   398   464 D adayocomadapter-CommunicationManager: onUpstreamReceive mPropertyId 0x214021b2
12-30 11:03:24.062   398   464 D adayocomadapter-CommunicationManager: convertBytesToInt32Memcpy  0
12-30 11:03:24.062   398   464 I vw-vhal : notifyVehicleProperty, propId = 0x214021b2, data = {status: 2, int32Values: [0]}
12-30 11:03:24.062   398   464 I vw-vhal : CanSignalsAdapter::notifyVehicleProperty: solvedValue = {.timestamp = 8739884595373, .areaId = 0, .prop = 557851058, .status = AVAILABLE, .value = {.int32Values = [1]{0}, .floatValues = [0]{}, .int64Values = [0]{}, .bytes = [0]{}, .stringValue = ""}}
12-30 11:03:24.062   398   464 I VehiclePropertyStore: begin to write value to Store: {.timestamp = 8739884595373, .areaId = 0, .prop = 557851058, .status = AVAILABLE, .value = {.int32Values = [1]{0}, .floatValues = [0]{}, .int64Values = [0]{}, .bytes = [0]{}, .stringValue = ""}}
12-30 11:03:24.062   398   464 I DefaultVehicleHal_v2_0: DefaultVehicleHal::onPropertyValue, value:{.timestamp = 8739884595373, .areaId = 0, .prop = 557851058, .status = AVAILABLE, .value = {.int32Values = [1]{0}, .floatValues = [0]{}, .int64Values = [0]{}, .bytes = [0]{}, .stringValue = ""}}
12-30 11:03:24.062   398   464 D DiagPropHandler: is not DiagnosticConfig: 0x214021b2
12-30 11:03:24.062   398   464 I VehiclePropertyStore: begin to write value to Store: {.timestamp = 8739884595373, .areaId = 0, .prop = 557851058, .status = AVAILABLE, .value = {.int32Values = [1]{0}, .floatValues = [0]{}, .int64Values = [0]{}, .bytes = [0]{}, .stringValue = ""}}
12-30 11:03:24.062   398   464 D adayocomadapter-CommunicationManager: onUpstreamReceive mPropertyId 0x214021b2
12-30 11:03:24.062   398   464 D adayocomadapter-CommunicationManager: onUpstreamReceive mPropertyId 0x214021bd
12-30 11:03:24.062   398   464 D adayocomadapter-CommunicationManager: convertBytesToInt32Memcpy  0
12-30 11:03:24.062   398   464 I vw-vhal : notifyVehicleProperty, propId = 0x214021bd, data = {status: 2, int32Values: [0]}
12-30 11:03:24.062   398   464 I vw-vhal : CanSignalsAdapter::notifyVehicleProperty: solvedValue = {.timestamp = 8739884799373, .areaId = 0, .prop = 557851069, .status = AVAILABLE, .value = {.int32Values = [1]{0}, .floatValues = [0]{}, .int64Values = [0]{}, .bytes = [0]{}, .stringValue = ""}}
12-30 11:03:24.062   398   464 I VehiclePropertyStore: begin to write value to Store: {.timestamp = 8739884799373, .areaId = 0, .prop = 557851069, .status = AVAILABLE, .value = {.int32Values = [1]{0}, .floatValues = [0]{}, .int64Values = [0]{}, .bytes = [0]{}, .stringValue = ""}}
12-30 11:03:24.063   398   464 I DefaultVehicleHal_v2_0: DefaultVehicleHal::onPropertyValue, value:{.timestamp = 8739884799373, .areaId = 0, .prop = 557851069, .status = AVAILABLE, .value = {.int32Values = [1]{0}, .floatValues = [0]{}, .int64Values = [0]{}, .bytes = [0]{}, .stringValue = ""}}
12-30 11:03:24.063   398   464 D DiagPropHandler: is not DiagnosticConfig: 0x214021bd
12-30 11:03:24.063   398   464 I VehiclePropertyStore: begin to write value to Store: {.timestamp = 8739884799373, .areaId = 0, .prop = 557851069, .status = AVAILABLE, .value = {.int32Values = [1]{0}, .floatValues = [0]{}, .int64Values = [0]{}, .bytes = [0]{}, .stringValue = ""}}
12-30 11:03:24.063   398   464 D adayocomadapter-CommunicationManager: onUpstreamReceive mPropertyId 0x214021bd
12-30 11:03:24.063   398   464 D adayocomadapter-CommunicationManager: onUpstreamReceive mPropertyId 0x2140221e
12-30 11:03:24.063   398   464 D adayocomadapter-CommunicationManager: convertBytesToInt32Memcpy  0
12-30 11:03:24.063   398   464 I vw-vhal : notifyVehicleProperty, propId = 0x2140221e, data = {status: 2, int32Values: [0]}
12-30 11:03:24.063   398   464 I vw-vhal : CanSignalsAdapter::notifyVehicleProperty: solvedValue = {.timestamp = 8739885002706, .areaId = 0, .prop = 557851166, .status = AVAILABLE, .value = {.int32Values = [1]{0}, .floatValues = [0]{}, .int64Values = [0]{}, .bytes = [0]{}, .stringValue = ""}}
12-30 11:03:24.063   398   464 I VehiclePropertyStore: begin to write value to Store: {.timestamp = 8739885002706, .areaId = 0, .prop = 557851166, .status = AVAILABLE, .value = {.int32Values = [1]{0}, .floatValues = [0]{}, .int64Values = [0]{}, .bytes = [0]{}, .stringValue = ""}}
12-30 11:03:24.063   398   464 I DefaultVehicleHal_v2_0: DefaultVehicleHal::onPropertyValue, value:{.timestamp = 8739885002706, .areaId = 0, .prop = 557851166, .status = AVAILABLE, .value = {.int32Values = [1]{0}, .floatValues = [0]{}, .int64Values = [0]{}, .bytes = [0]{}, .stringValue = ""}}
12-30 11:03:24.063   398   464 D DiagPropHandler: is not DiagnosticConfig: 0x2140221e
12-30 11:03:24.063   398   464 I VehiclePropertyStore: begin to write value to Store: {.timestamp = 8739885002706, .areaId = 0, .prop = 557851166, .status = AVAILABLE, .value = {.int32Values = [1]{0}, .floatValues = [0]{}, .int64Values = [0]{}, .bytes = [0]{}, .stringValue = ""}}
12-30 11:03:24.063   398   464 D adayocomadapter-CommunicationManager: onUpstreamReceive mPropertyId 0x2140221e
12-30 11:03:24.063   398   464 D adayocomadapter-CommunicationManager: onUpstreamReceive mPropertyId 0x214021b3
12-30 11:03:24.063   398   464 D adayocomadapter-CommunicationManager: convertBytesToInt32Memcpy  0
12-30 11:03:24.063   398   464 I vw-vhal : notifyVehicleProperty, propId = 0x214021b3, data = {status: 2, int32Values: [0]}
12-30 11:03:24.063   398   464 I vw-vhal : CanSignalsAdapter::notifyVehicleProperty: solvedValue = {.timestamp = 8739885196706, .areaId = 0, .prop = 557851059, .status = AVAILABLE, .value = {.int32Values = [1]{0}, .floatValues = [0]{}, .int64Values = [0]{}, .bytes = [0]{}, .stringValue = ""}}
12-30 11:03:24.063   398   464 I VehiclePropertyStore: begin to write value to Store: {.timestamp = 8739885196706, .areaId = 0, .prop = 557851059, .status = AVAILABLE, .value = {.int32Values = [1]{0}, .floatValues = [0]{}, .int64Values = [0]{}, .bytes = [0]{}, .stringValue = ""}}
12-30 11:03:24.063   398   464 I DefaultVehicleHal_v2_0: DefaultVehicleHal::onPropertyValue, value:{.timestamp = 8739885196706, .areaId = 0, .prop = 557851059, .status = AVAILABLE, .value = {.int32Values = [1]{0}, .floatValues = [0]{}, .int64Values = [0]{}, .bytes = [0]{}, .stringValue = ""}}
12-30 11:03:24.063   398   464 D DiagPropHandler: is not DiagnosticConfig: 0x214021b3
12-30 11:03:24.063   398   464 I VehiclePropertyStore: begin to write value to Store: {.timestamp = 8739885196706, .areaId = 0, .prop = 557851059, .status = AVAILABLE, .value = {.int32Values = [1]{0}, .floatValues = [0]{}, .int64Values = [0]{}, .bytes = [0]{}, .stringValue = ""}}
12-30 11:03:24.063   398   464 D adayocomadapter-CommunicationManager: onUpstreamReceive mPropertyId 0x214021b3
12-30 11:03:24.063   398   464 D adayocomadapter-CommunicationManager: onUpstreamReceive mPropertyId 0x21402214
12-30 11:03:24.063   398   464 D adayocomadapter-CommunicationManager: convertBytesToInt32Memcpy  0
12-30 11:03:24.063   398   464 I vw-vhal : notifyVehicleProperty, propId = 0x21402214, data = {status: 2, int32Values: [0]}
12-30 11:03:24.063   398   464 I vw-vhal : CanSignalsAdapter::notifyVehicleProperty: solvedValue = {.timestamp = 8739885393039, .areaId = 0, .prop = 557851156, .status = AVAILABLE, .value = {.int32Values = [1]{0}, .floatValues = [0]{}, .int64Values = [0]{}, .bytes = [0]{}, .stringValue = ""}}
12-30 11:03:24.063   398   464 I VehiclePropertyStore: begin to write value to Store: {.timestamp = 8739885393039, .areaId = 0, .prop = 557851156, .status = AVAILABLE, .value = {.int32Values = [1]{0}, .floatValues = [0]{}, .int64Values = [0]{}, .bytes = [0]{}, .stringValue = ""}}
12-30 11:03:24.063   398   464 I DefaultVehicleHal_v2_0: DefaultVehicleHal::onPropertyValue, value:{.timestamp = 8739885393039, .areaId = 0, .prop = 557851156, .status = AVAILABLE, .value = {.int32Values = [1]{0}, .floatValues = [0]{}, .int64Values = [0]{}, .bytes = [0]{}, .stringValue = ""}}
12-30 11:03:24.063   398   464 D DiagPropHandler: is not DiagnosticConfig: 0x21402214
12-30 11:03:24.063   398   464 I VehiclePropertyStore: begin to write value to Store: {.timestamp = 8739885393039, .areaId = 0, .prop = 557851156, .status = AVAILABLE, .value = {.int32Values = [1]{0}, .floatValues = [0]{}, .int64Values = [0]{}, .bytes = [0]{}, .stringValue = ""}}
12-30 11:03:24.063   398   464 D adayocomadapter-CommunicationManager: onUpstreamReceive mPropertyId 0x21402214
12-30 11:03:24.063   398   464 D adayocomadapter-CommunicationManager: onUpstreamReceive mPropertyId 0x214021b4
12-30 11:03:24.063   398   464 D adayocomadapter-CommunicationManager: convertBytesToInt32Memcpy  0
12-30 11:03:24.063   398   464 I vw-vhal : notifyVehicleProperty, propId = 0x214021b4, data = {status: 2, int32Values: [0]}
12-30 11:03:24.063   398   464 I vw-vhal : CanSignalsAdapter::notifyVehicleProperty: solvedValue = {.timestamp = 8739885587373, .areaId = 0, .prop = 557851060, .status = AVAILABLE, .value = {.int32Values = [1]{0}, .floatValues = [0]{}, .int64Values = [0]{}, .bytes = [0]{}, .stringValue = ""}}
12-30 11:03:24.063  1582  3078 I c       : checkService in back thread add: adayo.upgrade.v2.0
12-30 11:03:24.063   398   464 I VehiclePropertyStore: begin to write value to Store: {.timestamp = 8739885587373, .areaId = 0, .prop = 557851060, .status = AVAILABLE, .value = {.int32Values = [1]{0}, .floatValues = [0]{}, .int64Values = [0]{}, .bytes = [0]{}, .stringValue = ""}}
12-30 11:03:24.063   398   464 I DefaultVehicleHal_v2_0: DefaultVehicleHal::onPropertyValue, value:{.timestamp = 8739885587373, .areaId = 0, .prop = 557851060, .status = AVAILABLE, .value = {.int32Values = [1]{0}, .floatValues = [0]{}, .int64Values = [0]{}, .bytes = [0]{}, .stringValue = ""}}
12-30 11:03:24.063   398   464 D DiagPropHandler: is not DiagnosticConfig: 0x214021b4
12-30 11:03:24.063   398   464 I VehiclePropertyStore: begin to write value to Store: {.timestamp = 8739885587373, .areaId = 0, .prop = 557851060, .status = AVAILABLE, .value = {.int32Values = [1]{0}, .floatValues = [0]{}, .int64Values = [0]{}, .bytes = [0]{}, .stringValue = ""}}
12-30 11:03:24.063   398   464 D adayocomadapter-CommunicationManager: onUpstreamReceive mPropertyId 0x214021b4
12-30 11:03:24.063   398   464 D adayocomadapter-CommunicationManager: onUpstreamReceive mPropertyId 0x21402153
12-30 11:03:24.063   398   464 D adayocomadapter-CommunicationManager: convertBytesToInt32Memcpy  0
12-30 11:03:24.063   398   464 I vw-vhal : notifyVehicleProperty, propId = 0x21402153, data = {status: 2, int32Values: [0]}
12-30 11:03:24.063   398   464 I vw-vhal : CanSignalsAdapter::notifyVehicleProperty: solvedValue = {.timestamp = 8739885783373, .areaId = 0, .prop = 557850963, .status = AVAILABLE, .value = {.int32Values = [1]{0}, .floatValues = [0]{}, .int64Values = [0]{}, .bytes = [0]{}, .stringValue = ""}}
12-30 11:03:24.063   398   464 I VehiclePropertyStore: begin to write value to Store: {.timestamp = 8739885783373, .areaId = 0, .prop = 557850963, .status = AVAILABLE, .value = {.int32Values = [1]{0}, .floatValues = [0]{}, .int64Values = [0]{}, .bytes = [0]{}, .stringValue = ""}}
12-30 11:03:24.063   398   464 I DefaultVehicleHal_v2_0: DefaultVehicleHal::onPropertyValue, value:{.timestamp = 8739885783373, .areaId = 0, .prop = 557850963, .status = AVAILABLE, .value = {.int32Values = [1]{0}, .floatValues = [0]{}, .int64Values = [0]{}, .bytes = [0]{}, .stringValue = ""}}
12-30 11:03:24.064   398   464 D DiagPropHandler: is not DiagnosticConfig: 0x21402153
12-30 11:03:24.064   398   464 I VehiclePropertyStore: begin to write value to Store: {.timestamp = 8739885783373, .areaId = 0, .prop = 557850963, .status = AVAILABLE, .value = {.int32Values = [1]{0}, .floatValues = [0]{}, .int64Values = [0]{}, .bytes = [0]{}, .stringValue = ""}}
12-30 11:03:24.064   398   464 D adayocomadapter-CommunicationManager: onUpstreamReceive mPropertyId 0x21402153
12-30 11:03:24.064   398   464 D adayocomadapter-CommunicationManager: onUpstreamReceive mPropertyId 0x21402215
12-30 11:03:24.064   398   464 D adayocomadapter-CommunicationManager: convertBytesToInt32Memcpy  0
12-30 11:03:24.064   398   464 I vw-vhal : notifyVehicleProperty, propId = 0x21402215, data = {status: 2, int32Values: [0]}
12-30 11:03:24.064   398   464 I vw-vhal : CanSignalsAdapter::notifyVehicleProperty: solvedValue = {.timestamp = 8739885977373, .areaId = 0, .prop = 557851157, .status = AVAILABLE, .value = {.int32Values = [1]{0}, .floatValues = [0]{}, .int64Values = [0]{}, .bytes = [0]{}, .stringValue = ""}}
12-30 11:03:24.064   398   464 I VehiclePropertyStore: begin to write value to Store: {.timestamp = 8739885977373, .areaId = 0, .prop = 557851157, .status = AVAILABLE, .value = {.int32Values = [1]{0}, .floatValues = [0]{}, .int64Values = [0]{}, .bytes = [0]{}, .stringValue = ""}}
12-30 11:03:24.064   398   464 I DefaultVehicleHal_v2_0: DefaultVehicleHal::onPropertyValue, value:{.timestamp = 8739885977373, .areaId = 0, .prop = 557851157, .status = AVAILABLE, .value = {.int32Values = [1]{0}, .floatValues = [0]{}, .int64Values = [0]{}, .bytes = [0]{}, .stringValue = ""}}
12-30 11:03:24.064   398   464 D DiagPropHandler: is not DiagnosticConfig: 0x21402215
12-30 11:03:24.064   398   464 I VehiclePropertyStore: begin to write value to Store: {.timestamp = 8739885977373, .areaId = 0, .prop = 557851157, .status = AVAILABLE, .value = {.int32Values = [1]{0}, .floatValues = [0]{}, .int64Values = [0]{}, .bytes = [0]{}, .stringValue = ""}}
12-30 11:03:24.064   398   464 D adayocomadapter-CommunicationManager: onUpstreamReceive mPropertyId 0x21402215
12-30 11:03:24.064   398   464 D adayocomadapter-CommunicationManager: onUpstreamReceive mPropertyId 0x214021b5
12-30 11:03:24.064   398   464 D adayocomadapter-CommunicationManager: convertBytesToInt32Memcpy  0
12-30 11:03:24.064   398   464 I vw-vhal : notifyVehicleProperty, propId = 0x214021b5, data = {status: 2, int32Values: [0]}
12-30 11:03:24.064   398   464 I vw-vhal : CanSignalsAdapter::notifyVehicleProperty: solvedValue = {.timestamp = 8739886168039, .areaId = 0, .prop = 557851061, .status = AVAILABLE, .value = {.int32Values = [1]{0}, .floatValues = [0]{}, .int64Values = [0]{}, .bytes = [0]{}, .stringValue = ""}}
12-30 11:03:24.064   398   464 I VehiclePropertyStore: begin to write value to Store: {.timestamp = 8739886168039, .areaId = 0, .prop = 557851061, .status = AVAILABLE, .value = {.int32Values = [1]{0}, .floatValues = [0]{}, .int64Values = [0]{}, .bytes = [0]{}, .stringValue = ""}}
12-30 11:03:24.064   398   464 I DefaultVehicleHal_v2_0: DefaultVehicleHal::onPropertyValue, value:{.timestamp = 8739886168039, .areaId = 0, .prop = 557851061, .status = AVAILABLE, .value = {.int32Values = [1]{0}, .floatValues = [0]{}, .int64Values = [0]{}, .bytes = [0]{}, .stringValue = ""}}
12-30 11:03:24.064   398   464 D DiagPropHandler: is not DiagnosticConfig: 0x214021b5
12-30 11:03:24.064   398   464 I VehiclePropertyStore: begin to write value to Store: {.timestamp = 8739886168039, .areaId = 0, .prop = 557851061, .status = AVAILABLE, .value = {.int32Values = [1]{0}, .floatValues = [0]{}, .int64Values = [0]{}, .bytes = [0]{}, .stringValue = ""}}
12-30 11:03:24.064   398   464 D adayocomadapter-CommunicationManager: onUpstreamReceive mPropertyId 0x214021b5
12-30 11:03:24.064   398   464 D adayocomadapter-CommunicationManager: onUpstreamReceive mPropertyId 0x21402154
12-30 11:03:24.064   398   464 D adayocomadapter-CommunicationManager: convertBytesToInt32Memcpy  0
12-30 11:03:24.064  1582  3078 E upgradeApp_251223_V1  l: d(null:11)pre->c(null:23)-> serviceBinder is null
12-30 11:03:24.064   398   464 I vw-vhal : notifyVehicleProperty, propId = 0x21402154, data = {status: 2, int32Values: [0]}
12-30 11:03:24.064  1582  3078 W c       : doBindService in back thread fail: adayo.upgrade.v2.0
12-30 11:03:24.064   398   464 I vw-vhal : CanSignalsAdapter::notifyVehicleProperty: solvedValue = {.timestamp = 8739886353039, .areaId = 0, .prop = 557850964, .status = AVAILABLE, .value = {.int32Values = [1]{0}, .floatValues = [0]{}, .int64Values = [0]{}, .bytes = [0]{}, .stringValue = ""}}
