12-30 11:03:29.772   398   464 I VehiclePropertyStore: begin to write value to Store: {.timestamp = 8745594464707, .areaId = 0, .prop = 557851103, .status = AVAILABLE, .value = {.int32Values = [1]{0}, .floatValues = [0]{}, .int64Values = [0]{}, .bytes = [0]{}, .stringValue = ""}}
12-30 11:03:29.772   398   464 I DefaultVehicleHal_v2_0: DefaultVehicleHal::onPropertyValue, value:{.timestamp = 8745594464707, .areaId = 0, .prop = 557851103, .status = AVAILABLE, .value = {.int32Values = [1]{0}, .floatValues = [0]{}, .int64Values = [0]{}, .bytes = [0]{}, .stringValue = ""}}
12-30 11:03:29.772   398   464 D DiagPropHandler: is not DiagnosticConfig: 0x214021df
12-30 11:03:29.772   398   464 I VehiclePropertyStore: begin to write value to Store: {.timestamp = 8745594464707, .areaId = 0, .prop = 557851103, .status = AVAILABLE, .value = {.int32Values = [1]{0}, .floatValues = [0]{}, .int64Values = [0]{}, .bytes = [0]{}, .stringValue = ""}}
12-30 11:03:29.773   398   464 D adayocomadapter-CommunicationManager: onUpstreamReceive mPropertyId 0x214021df
12-30 11:03:29.776   596  3076 E WifiHAL : Invalid data received from driver
12-30 11:03:29.776  3066  3066 D hostapd : nl80211: BSS Event 59 (NL80211_CMD_FRAME) received for wlan1
12-30 11:03:29.776  3066  3066 D hostapd : nl80211: RX frame da=ff:ff:ff:ff:ff:ff sa=16:a5:be:dc:88:df bssid=16:a5:be:dc:88:df freq=5745 ssi_signal=-9100 fc=0xd0 seq_ctrl=0x1b10 stype=13 (WLAN_FC_STYPE_ACTION) len=42
12-30 11:03:29.776  3066  3066 D hostapd : wlan1: Event RX_MGMT (18) received
12-30 11:03:29.776  3066  3066 D hostapd : Receive wpa msg : Event RX_MGMT (18) received
12-30 11:03:29.779   360   931 D EvsDriver: forwardFrame
12-30 11:03:29.779   360   931 D EvsDriver: forwardFrameDirect
12-30 11:03:29.779   360   931 D EvsDriver: Delivered 0xb400e2ca9e40e270 as id 0
12-30 11:03:29.779   359  2784 D evsmanagerd: /dev/video-evs0 forwarded the buffer #0 to 0xb400f125d2b26dd0 from 0xb400f125e2b20710
12-30 11:03:29.782   360   458 D EvsDriver: doneWithFrame
12-30 11:03:29.796  3066  3066 D hostapd : nl80211: BSS Event 59 (NL80211_CMD_FRAME) received for wlan1
12-30 11:03:29.796  3066  3066 D hostapd : nl80211: RX frame da=ff:ff:ff:ff:ff:ff sa=16:a5:be:dc:88:df bssid=16:a5:be:dc:88:df freq=5745 ssi_signal=-9200 fc=0xd0 seq_ctrl=0x1b20 stype=13 (WLAN_FC_STYPE_ACTION) len=42
12-30 11:03:29.796  3066  3066 D hostapd : wlan1: Event RX_MGMT (18) received
12-30 11:03:29.796  3066  3066 D hostapd : Receive wpa msg : Event RX_MGMT (18) received
12-30 11:03:29.812   360   931 D EvsDriver: forwardFrame
12-30 11:03:29.812   360   931 D EvsDriver: forwardFrameDirect
12-30 11:03:29.812   360   931 D EvsDriver: Delivered 0xb400e2ca9e40d4b0 as id 1
12-30 11:03:29.812   359  2784 D evsmanagerd: /dev/video-evs0 forwarded the buffer #1 to 0xb400f125d2b26dd0 from 0xb400f125e2b20710
12-30 11:03:29.813   596  3076 E WifiHAL : Invalid data received from driver
12-30 11:03:29.820  2358  2623 D RcfController: Rcf proxy is not connected!
12-30 11:03:29.822   360   458 D EvsDriver: doneWithFrame
12-30 11:03:29.829   798  8844 W adbd    : timed out while waiting for FUNCTIONFS_BIND, trying again
12-30 11:03:29.829   798  8844 I adbd    : UsbFfs: connection terminated: monitor thread finished
12-30 11:03:29.830   798   798 I adbd    : UsbFfs: already offline
12-30 11:03:29.830   798   798 I adbd    : destroying transport UsbFfs
12-30 11:03:29.830   798   798 I adbd    : UsbFfsConnection being destroyed
12-30 11:03:29.832  2475  2681 I TtsServiceAgent: check thread start checking, threadId = 29
12-30 11:03:29.832  2475  2681 D TtsServiceAgent: start bind service...
12-30 11:03:29.832  2475  2681 D TtsServiceAgent: ----->initService, usage = 16
12-30 11:03:29.832  2475  2681 W ContextImpl: Calling a method in the system process without a qualified user: android.app.ContextImpl.bindService:1988 android.content.ContextWrapper.bindService:861 com.iflytek.autofly.ttsaidl.ttsproxy.TtsServiceAgent.initService:189 com.iflytek.autofly.ttsaidl.ttsproxy.TtsServiceAgent.initService:133 com.iflytek.autofly.ttsaidl.ttsproxy.TtsServiceAgent$2.run:517 
12-30 11:03:29.833   916  1847 W ActivityManager: Unable to start service Intent { act=com.iflytek.autofly.tts.ttsservice.TtsAdapterService cmp=com.iflytek.cutefly.speechclient.hmi/com.iflytek.autofly.tts.ttsservice.TtsAdapterService } U=0: not found
12-30 11:03:29.833  2475  2681 D TtsServiceAgent: bindService: false
12-30 11:03:29.833  2475  2681 D TtsServiceAgent: start reInitService
12-30 11:03:29.833  2475  2681 D TtsServiceAgent: aidlCheckThreadRunning = true
12-30 11:03:29.833  2475  2681 D TtsServiceAgent: ----->check connection status in 1000s...
12-30 11:03:29.845   360   931 D EvsDriver: forwardFrame
12-30 11:03:29.845   360   931 D EvsDriver: forwardFrameDirect
12-30 11:03:29.846   360   931 D EvsDriver: Delivered 0xb400e2ca9e40c2d0 as id 0
12-30 11:03:29.846   359  2784 D evsmanagerd: /dev/video-evs0 forwarded the buffer #0 to 0xb400f125d2b26dd0 from 0xb400f125e2b20710
12-30 11:03:29.847  3066  3066 D hostapd : nl80211: BSS Event 59 (NL80211_CMD_FRAME) received for wlan1
12-30 11:03:29.847  3066  3066 D hostapd : nl80211: RX frame da=ff:ff:ff:ff:ff:ff sa=16:a5:be:dc:88:df bssid=16:a5:be:dc:88:df freq=5745 ssi_signal=-9100 fc=0xd0 seq_ctrl=0x1b40 stype=13 (WLAN_FC_STYPE_ACTION) len=42
12-30 11:03:29.847  3066  3066 D hostapd : wlan1: Event RX_MGMT (18) received
12-30 11:03:29.847  3066  3066 D hostapd : Receive wpa msg : Event RX_MGMT (18) received
12-30 11:03:29.853   360   458 D EvsDriver: doneWithFrame
12-30 11:03:29.859   596  3076 E WifiHAL : Invalid data received from driver
12-30 11:03:29.870  2358  2623 D RcfController: Rcf proxy is not connected!
12-30 11:03:29.870   798   838 I adbd    : opening control endpoint /dev/usb-ffs/adb/ep0
12-30 11:03:29.871   798   838 I adbd    : UsbFfsConnection constructed
12-30 11:03:29.872   798  8845 I adbd    : UsbFfs-monitor thread spawned
01-01 10:25:46.880   838   838 I         : read descriptors
01-01 10:25:46.881   838   838 I         : read strings
12-30 11:03:29.879   360   931 D EvsDriver: forwardFrame
12-30 11:03:29.879   360   931 D EvsDriver: forwardFrameDirect
12-30 11:03:29.879   360   931 D EvsDriver: Delivered 0xb400e2ca9e40d090 as id 1
12-30 11:03:29.879   359  2784 D evsmanagerd: /dev/video-evs0 forwarded the buffer #1 to 0xb400f125d2b26dd0 from 0xb400f125e2b20710
12-30 11:03:29.883   360   458 D EvsDriver: doneWithFrame
12-30 11:03:29.912   360   931 I EvsDriver: /dev/video-evs0 VideoCapture fps 30.0007
12-30 11:03:29.912   360   931 D EvsDriver: forwardFrame
12-30 11:03:29.912   360   931 D EvsDriver: forwardFrameDirect
12-30 11:03:29.912   360   931 D EvsDriver: Delivered 0xb400e2ca9e40e110 as id 0
12-30 11:03:29.912   359  2784 D evsmanagerd: /dev/video-evs0 forwarded the buffer #0 to 0xb400f125d2b26dd0 from 0xb400f125e2b20710
12-30 11:03:29.913   360   458 D EvsDriver: doneWithFrame
12-30 11:03:29.920  2358  2623 D RcfController: Rcf proxy is not connected!
12-30 11:03:29.933   596  3076 E WifiHAL : Invalid data received from driver
12-30 11:03:29.940  3066  3066 D hostapd : nl80211: BSS Event 59 (NL80211_CMD_FRAME) received for wlan1
12-30 11:03:29.940  3066  3066 D hostapd : nl80211: RX frame da=ff:ff:ff:ff:ff:ff sa=16:a5:be:dc:88:df bssid=16:a5:be:dc:88:df freq=5745 ssi_signal=-9100 fc=0xd0 seq_ctrl=0x1b90 stype=13 (WLAN_FC_STYPE_ACTION) len=42
12-30 11:03:29.940  3066  3066 D hostapd : wlan1: Event RX_MGMT (18) received
12-30 11:03:29.940  3066  3066 D hostapd : Receive wpa msg : Event RX_MGMT (18) received
12-30 11:03:29.945   360   931 D EvsDriver: forwardFrame
12-30 11:03:29.945   360   931 D EvsDriver: forwardFrameDirect
12-30 11:03:29.946   360   931 D EvsDriver: Delivered 0xb400e2ca9e40c7a0 as id 1
12-30 11:03:29.946   359  2784 D evsmanagerd: /dev/video-evs0 forwarded the buffer #1 to 0xb400f125d2b26dd0 from 0xb400f125e2b20710
12-30 11:03:29.954   360   458 D EvsDriver: doneWithFrame
12-30 11:03:29.960  3066  3066 D hostapd : nl80211: BSS Event 59 (NL80211_CMD_FRAME) received for wlan1
12-30 11:03:29.960  3066  3066 D hostapd : nl80211: RX frame da=ff:ff:ff:ff:ff:ff sa=16:a5:be:dc:88:df bssid=16:a5:be:dc:88:df freq=5745 ssi_signal=-9100 fc=0xd0 seq_ctrl=0x1ba0 stype=13 (WLAN_FC_STYPE_ACTION) len=42
12-30 11:03:29.960  3066  3066 D hostapd : wlan1: Event RX_MGMT (18) received
12-30 11:03:29.960  3066  3066 D hostapd : Receive wpa msg : Event RX_MGMT (18) received
12-30 11:03:29.962   596  3076 E WifiHAL : Invalid data received from driver
12-30 11:03:29.971  2358  2623 D RcfController: Rcf proxy is not connected!
12-30 11:03:29.979   360   931 D EvsDriver: forwardFrame
12-30 11:03:29.979   360   931 D EvsDriver: forwardFrameDirect
12-30 11:03:29.979   360   931 D EvsDriver: Delivered 0xb400e2ca9e40e270 as id 0
12-30 11:03:29.979   359  2784 D evsmanagerd: /dev/video-evs0 forwarded the buffer #0 to 0xb400f125d2b26dd0 from 0xb400f125e2b20710
12-30 11:03:29.984   360   458 D EvsDriver: doneWithFrame
12-30 11:03:30.000  1667  2513 W ContextImpl: Calling a method in the system process without a qualified user: android.app.ContextImpl.bindService:1988 android.content.ContextWrapper.bindService:861 com.ford.sync.fnvservice.analytics.AnalyticsManager$RetryHandler.a:126 com.ford.sync.fnvservice.analytics.AnalyticsManager$RetryHandler.handleMessage:103 android.os.Handler.dispatchMessage:106 
12-30 11:03:30.001   916  1847 W ActivityManager: Unable to start service Intent { cmp=com.ford.sync.fnvservice/.analytics.AnalyticsService } U=0: not found
12-30 11:03:30.001  1667  2513 W AnalyticsManager:  bind ford Analytics failed -> sendRetryMessage 
12-30 11:03:30.012   360   931 D EvsDriver: forwardFrame
12-30 11:03:30.012   360   931 D EvsDriver: forwardFrameDirect
12-30 11:03:30.012   360   931 D EvsDriver: Delivered 0xb400e2ca9e40d4b0 as id 1
12-30 11:03:30.012   359  2784 D evsmanagerd: /dev/video-evs0 forwarded the buffer #1 to 0xb400f125d2b26dd0 from 0xb400f125e2b20710
12-30 11:03:30.015   360   458 D EvsDriver: doneWithFrame
12-30 11:03:30.021  2358  2623 D RcfController: Rcf proxy is not connected!
12-30 11:03:30.026   596  3076 E WifiHAL : Invalid data received from driver
12-30 11:03:30.035   650   729 D fgemcucomm: sd Uart data : 6AA60210EE000292026A
12-30 11:03:30.036   650   729 D fgemcucomm: rev uart=72258,len=14, data : 6AA68110EE0006920200010000E6
12-30 11:03:30.036   398  2883 D adayocomadapter-ParseProtocolFunc: printRaWMsg Name[MCUToUPstream recv] len[6] data[920200010000]
12-30 11:03:30.036   398  2883 D adayocomadapter-CommunicationManager: onUpstreamback   member[0] dataLength[3] timePoint[8745858]
12-30 11:03:30.036   398  2883 D adayocomadapter-ParseProtocolFunc: printRaWMsg Name[onUpstreamback] len[3] data[010000]
12-30 11:03:30.036   398   464 D adayocomadapter-UpstreamHandler: processBeforePacket upSreamtProcessTimePoint[8745858] 
12-30 11:03:30.037   398   464 D adayocomadapter-UpstreamHandler: processPacket UPSTREAM_QUEUE_DATA_TIMEOUT
12-30 11:03:30.037   398   464 D adayocomadapter-ParseProtocolFunc: parseCommonIPCLBytes Processing tableNumber[1]
12-30 11:03:30.037   398   464 D adayocomadapter-ParseProtocolFunc: parseCommonIPCLBytes Processing tablename[Table-1] tableSize[3]
12-30 11:03:30.037   398   464 D adayocomadapter-ParseProtocolFunc: printRaWMsg Name[byteStream recv] len[3] data[010000]
12-30 11:03:30.037   398   464 D adayocomadapter-ParseProtocolFunc: printRaWMsg Name[IPCLtoVHAL] len[7] data[21402048000000]
12-30 11:03:30.037   398   464 D adayocomadapter-CommunicationManager: onUpstreamReceive mPropertyId 0x21402048
12-30 11:03:30.037   398   464 D adayocomadapter-CommunicationManager: convertBytesToInt32Memcpy  0
12-30 11:03:30.037   398   464 I vw-vhal : notifyVehicleProperty, propId = 0x21402048, data = {status: 2, int32Values: [0]}
12-30 11:03:30.037   398   464 I vw-vhal : CanSignalsAdapter::notifyVehicleProperty: solvedValue = {.timestamp = 8745859376707, .areaId = 0, .prop = 557850696, .status = AVAILABLE, .value = {.int32Values = [1]{0}, .floatValues = [0]{}, .int64Values = [0]{}, .bytes = [0]{}, .stringValue = ""}}
12-30 11:03:30.037   398   464 I VehiclePropertyStore: begin to write value to Store: {.timestamp = 8745859376707, .areaId = 0, .prop = 557850696, .status = AVAILABLE, .value = {.int32Values = [1]{0}, .floatValues = [0]{}, .int64Values = [0]{}, .bytes = [0]{}, .stringValue = ""}}
12-30 11:03:30.037   398   464 I DefaultVehicleHal_v2_0: DefaultVehicleHal::onPropertyValue, value:{.timestamp = 8745859376707, .areaId = 0, .prop = 557850696, .status = AVAILABLE, .value = {.int32Values = [1]{0}, .floatValues = [0]{}, .int64Values = [0]{}, .bytes = [0]{}, .stringValue = ""}}
12-30 11:03:30.037   398   464 D DiagPropHandler: is not DiagnosticConfig: 0x21402048
12-30 11:03:30.037   398   464 I VehiclePropertyStore: begin to write value to Store: {.timestamp = 8745859376707, .areaId = 0, .prop = 557850696, .status = AVAILABLE, .value = {.int32Values = [1]{0}, .floatValues = [0]{}, .int64Values = [0]{}, .bytes = [0]{}, .stringValue = ""}}
12-30 11:03:30.037   398   464 D adayocomadapter-CommunicationManager: onUpstreamReceive mPropertyId 0x21402048
12-30 11:03:30.045   360   931 D EvsDriver: forwardFrame
12-30 11:03:30.045   360   931 D EvsDriver: forwardFrameDirect
12-30 11:03:30.046   360   931 D EvsDriver: Delivered 0xb400e2ca9e40c2d0 as id 0
12-30 11:03:30.046   359  2784 D evsmanagerd: /dev/video-evs0 forwarded the buffer #0 to 0xb400f125d2b26dd0 from 0xb400f125e2b20710
12-30 11:03:30.055   360   458 D EvsDriver: doneWithFrame
12-30 11:03:30.056   650   729 D fgemcucomm: sd Uart data : 6AA60210EF0002920269
12-30 11:03:30.056   650   729 D fgemcucomm: rev uart=72259,len=16, data : 6AA68110EF00089202000300000000E1
12-30 11:03:30.056   398  2883 D adayocomadapter-ParseProtocolFunc: printRaWMsg Name[MCUToUPstream recv] len[8] data[9202000300000000]
12-30 11:03:30.056   398  2883 D adayocomadapter-CommunicationManager: onUpstreamback   member[0] dataLength[5] timePoint[8745878]
12-30 11:03:30.056   398  2883 D adayocomadapter-ParseProtocolFunc: printRaWMsg Name[onUpstreamback] len[5] data[0300000000]
12-30 11:03:30.056   398   464 D adayocomadapter-UpstreamHandler: processBeforePacket upSreamtProcessTimePoint[8745878] 
12-30 11:03:30.057   398   464 D adayocomadapter-UpstreamHandler: processPacket UPSTREAM_QUEUE_DATA_TIMEOUT
12-30 11:03:30.057   398   464 D adayocomadapter-ParseProtocolFunc: parseCommonIPCLBytes Processing tableNumber[3]
12-30 11:03:30.057   398   464 D adayocomadapter-ParseProtocolFunc: parseCommonIPCLBytes Processing tablename[Table-3] tableSize[5]
12-30 11:03:30.057   398   464 D adayocomadapter-ParseProtocolFunc: printRaWMsg Name[byteStream recv] len[5] data[0300000000]
12-30 11:03:30.057   398   464 D adayocomadapter-ParseProtocolFunc: printRaWMsg Name[IPCLtoVHAL] len[8] data[2141213801000000]
12-30 11:03:30.057   398   464 D adayocomadapter-ParseProtocolFunc: printRaWMsg Name[IPCLtoVHAL] len[6] data[214021D60000]
12-30 11:03:30.057   398   464 D adayocomadapter-CommunicationManager: onUpstreamReceive mPropertyId 0x21412138
12-30 11:03:30.057   398   464 I vw-vhal : notifyVehicleProperty, propId = 0x21412138, data = {status: 2, int32Values: [0, 0, 0]}
12-30 11:03:30.057   398   464 I vw-vhal : CanSignalsAdapter::notifyVehicleProperty: solvedValue = {.timestamp = 8745879521373, .areaId = 0, .prop = 557916472, .status = AVAILABLE, .value = {.int32Values = [3]{0, 0, 0}, .floatValues = [0]{}, .int64Values = [0]{}, .bytes = [0]{}, .stringValue = ""}}
12-30 11:03:30.057   398   464 I VehiclePropertyStore: begin to write value to Store: {.timestamp = 8745879521373, .areaId = 0, .prop = 557916472, .status = AVAILABLE, .value = {.int32Values = [3]{0, 0, 0}, .floatValues = [0]{}, .int64Values = [0]{}, .bytes = [0]{}, .stringValue = ""}}
12-30 11:03:30.057   398   464 I DefaultVehicleHal_v2_0: DefaultVehicleHal::onPropertyValue, value:{.timestamp = 8745879521373, .areaId = 0, .prop = 557916472, .status = AVAILABLE, .value = {.int32Values = [3]{0, 0, 0}, .floatValues = [0]{}, .int64Values = [0]{}, .bytes = [0]{}, .stringValue = ""}}
12-30 11:03:30.058   398   464 D DiagPropHandler: is not DiagnosticConfig: 0x21412138
12-30 11:03:30.058   398   464 I VehiclePropertyStore: begin to write value to Store: {.timestamp = 8745879521373, .areaId = 0, .prop = 557916472, .status = AVAILABLE, .value = {.int32Values = [3]{0, 0, 0}, .floatValues = [0]{}, .int64Values = [0]{}, .bytes = [0]{}, .stringValue = ""}}
12-30 11:03:30.058   398   464 D adayocomadapter-CommunicationManager: onUpstreamReceive mPropertyId 0x21412138
12-30 11:03:30.058   398   464 D adayocomadapter-CommunicationManager: onUpstreamReceive mPropertyId 0x214021d6
12-30 11:03:30.058   398   464 D adayocomadapter-CommunicationManager: convertBytesToInt32Memcpy  0
12-30 11:03:30.058   398   464 I vw-vhal : notifyVehicleProperty, propId = 0x214021d6, data = {status: 2, int32Values: [0]}
12-30 11:03:30.058   398   464 I vw-vhal : CanSignalsAdapter::notifyVehicleProperty: solvedValue = {.timestamp = 8745880311040, .areaId = 0, .prop = 557851094, .status = AVAILABLE, .value = {.int32Values = [1]{0}, .floatValues = [0]{}, .int64Values = [0]{}, .bytes = [0]{}, .stringValue = ""}}
12-30 11:03:30.058   398   464 I VehiclePropertyStore: begin to write value to Store: {.timestamp = 8745880311040, .areaId = 0, .prop = 557851094, .status = AVAILABLE, .value = {.int32Values = [1]{0}, .floatValues = [0]{}, .int64Values = [0]{}, .bytes = [0]{}, .stringValue = ""}}
12-30 11:03:30.058   398   464 I DefaultVehicleHal_v2_0: DefaultVehicleHal::onPropertyValue, value:{.timestamp = 8745880311040, .areaId = 0, .prop = 557851094, .status = AVAILABLE, .value = {.int32Values = [1]{0}, .floatValues = [0]{}, .int64Values = [0]{}, .bytes = [0]{}, .stringValue = ""}}
12-30 11:03:30.058   398   464 D DiagPropHandler: is not DiagnosticConfig: 0x214021d6
12-30 11:03:30.058   398   464 I VehiclePropertyStore: begin to write value to Store: {.timestamp = 8745880311040, .areaId = 0, .prop = 557851094, .status = AVAILABLE, .value = {.int32Values = [1]{0}, .floatValues = [0]{}, .int64Values = [0]{}, .bytes = [0]{}, .stringValue = ""}}
12-30 11:03:30.058   398   464 D adayocomadapter-CommunicationManager: onUpstreamReceive mPropertyId 0x214021d6
12-30 11:03:30.070  1582  3078 I c       : checkService in back thread add: adayo.upgrade.v2.0
12-30 11:03:30.071  2358  2623 D RcfController: Rcf proxy is not connected!
12-30 11:03:30.071  1582  3078 E upgradeApp_251223_V1  l: d(null:11)pre->c(null:23)-> serviceBinder is null
12-30 11:03:30.072  1582  3078 W c       : doBindService in back thread fail: adayo.upgrade.v2.0
12-30 11:03:30.079   360   931 D EvsDriver: forwardFrame
12-30 11:03:30.079   360   931 D EvsDriver: forwardFrameDirect
12-30 11:03:30.079   360   931 D EvsDriver: Delivered 0xb400e2ca9e40d090 as id 1
12-30 11:03:30.079   359  2784 D evsmanagerd: /dev/video-evs0 forwarded the buffer #1 to 0xb400f125d2b26dd0 from 0xb400f125e2b20710
12-30 11:03:30.086   360   458 D EvsDriver: doneWithFrame
12-30 11:03:30.103   596  3076 E WifiHAL : Invalid data received from driver
12-30 11:03:30.112   360   931 D EvsDriver: forwardFrame
12-30 11:03:30.112   360   931 D EvsDriver: forwardFrameDirect
12-30 11:03:30.112   360   931 D EvsDriver: Delivered 0xb400e2ca9e40e110 as id 0
12-30 11:03:30.112   359  2784 D evsmanagerd: /dev/video-evs0 forwarded the buffer #0 to 0xb400f125d2b26dd0 from 0xb400f125e2b20710
12-30 11:03:30.116   360   458 D EvsDriver: doneWithFrame
12-30 11:03:30.121  2358  2623 D RcfController: Rcf proxy is not connected!
12-30 11:03:30.127  3066  3066 D hostapd : nl80211: BSS Event 59 (NL80211_CMD_FRAME) received for wlan1
12-30 11:03:30.127  3066  3066 D hostapd : nl80211: RX frame da=ff:ff:ff:ff:ff:ff sa=16:a5:be:dc:88:df bssid=16:a5:be:dc:88:df freq=5745 ssi_signal=-9000 fc=0xd0 seq_ctrl=0x1c10 stype=13 (WLAN_FC_STYPE_ACTION) len=42
12-30 11:03:30.127  3066  3066 D hostapd : wlan1: Event RX_MGMT (18) received
12-30 11:03:30.127  3066  3066 D hostapd : Receive wpa msg : Event RX_MGMT (18) received
12-30 11:03:30.145   360   931 D EvsDriver: forwardFrame
12-30 11:03:30.145   360   931 D EvsDriver: forwardFrameDirect
12-30 11:03:30.146   360   931 D EvsDriver: Delivered 0xb400e2ca9e40c7a0 as id 1
12-30 11:03:30.146   359  2784 D evsmanagerd: /dev/video-evs0 forwarded the buffer #1 to 0xb400f125d2b26dd0 from 0xb400f125e2b20710
12-30 11:03:30.156   360   458 D EvsDriver: doneWithFrame
12-30 11:03:30.157   596  3076 E WifiHAL : Invalid data received from driver
12-30 11:03:30.172  2358  2623 D RcfController: Rcf proxy is not connected!
12-30 11:03:30.179   360   931 D EvsDriver: forwardFrame
12-30 11:03:30.179   360   931 D EvsDriver: forwardFrameDirect
12-30 11:03:30.179   360   931 D EvsDriver: Delivered 0xb400e2ca9e40e270 as id 0
12-30 11:03:30.179   359  2784 D evsmanagerd: /dev/video-evs0 forwarded the buffer #0 to 0xb400f125d2b26dd0 from 0xb400f125e2b20710
12-30 11:03:30.187   360   458 D EvsDriver: doneWithFrame
12-30 11:03:30.212   360   931 D EvsDriver: forwardFrame
12-30 11:03:30.212   360   931 D EvsDriver: forwardFrameDirect
12-30 11:03:30.212   360   931 D EvsDriver: Delivered 0xb400e2ca9e40d4b0 as id 1
12-30 11:03:30.212   359  2784 D evsmanagerd: /dev/video-evs0 forwarded the buffer #1 to 0xb400f125d2b26dd0 from 0xb400f125e2b20710
12-30 11:03:30.217   360   458 D EvsDriver: doneWithFrame
12-30 11:03:30.222  2358  2623 D RcfController: Rcf proxy is not connected!
12-30 11:03:30.234   596  3076 E WifiHAL : Invalid data received from driver
12-30 11:03:30.242   596  3076 E WifiHAL : Invalid data received from driver
12-30 11:03:30.242   596  3076 E WifiHAL : Invalid data received from driver
12-30 11:03:30.242   596  3076 E WifiHAL : Invalid data received from driver
12-30 11:03:30.242   596  3076 E WifiHAL : Invalid data received from driver
12-30 11:03:30.242   596  3076 E WifiHAL : Invalid data received from driver
12-30 11:03:30.242   596  3076 E WifiHAL : Invalid data received from driver
12-30 11:03:30.242   596  3076 E WifiHAL : Invalid data received from driver
12-30 11:03:30.245   360   931 D EvsDriver: forwardFrame
12-30 11:03:30.245   360   931 D EvsDriver: forwardFrameDirect
12-30 11:03:30.246   360   931 D EvsDriver: Delivered 0xb400e2ca9e40c2d0 as id 0
12-30 11:03:30.246   359  2784 D evsmanagerd: /dev/video-evs0 forwarded the buffer #0 to 0xb400f125d2b26dd0 from 0xb400f125e2b20710
12-30 11:03:30.248   360   458 D EvsDriver: doneWithFrame
12-30 11:03:30.272  2358  2623 D RcfController: Rcf proxy is not connected!
12-30 11:03:30.279   360   931 D EvsDriver: forwardFrame
12-30 11:03:30.279   360   931 D EvsDriver: forwardFrameDirect
12-30 11:03:30.279   360   931 D EvsDriver: Delivered 0xb400e2ca9e40d090 as id 1
12-30 11:03:30.279   359  2784 D evsmanagerd: /dev/video-evs0 forwarded the buffer #1 to 0xb400f125d2b26dd0 from 0xb400f125e2b20710
12-30 11:03:30.287   596  3076 E WifiHAL : Invalid data received from driver
12-30 11:03:30.288   360   458 D EvsDriver: doneWithFrame
12-30 11:03:30.312   360   931 D EvsDriver: forwardFrame
12-30 11:03:30.312   360   931 D EvsDriver: forwardFrameDirect
12-30 11:03:30.312   360   931 D EvsDriver: Delivered 0xb400e2ca9e40e110 as id 0
12-30 11:03:30.312   359  2784 D evsmanagerd: /dev/video-evs0 forwarded the buffer #0 to 0xb400f125d2b26dd0 from 0xb400f125e2b20710
12-30 11:03:30.318   360   458 D EvsDriver: doneWithFrame
12-30 11:03:30.323  2358  2623 D RcfController: Rcf proxy is not connected!
12-30 11:03:30.345   360   931 D EvsDriver: forwardFrame
12-30 11:03:30.345   360   931 D EvsDriver: forwardFrameDirect
12-30 11:03:30.346   360   931 D EvsDriver: Delivered 0xb400e2ca9e40c7a0 as id 1
12-30 11:03:30.346   359  2784 D evsmanagerd: /dev/video-evs0 forwarded the buffer #1 to 0xb400f125d2b26dd0 from 0xb400f125e2b20710
12-30 11:03:30.349   360   458 D EvsDriver: doneWithFrame
12-30 11:03:30.357   665  1525 I gps_hdbd: [gps_upgrade_thread 3403]Enter
12-30 11:03:30.358   665  1525 I gps_hdbd: [gps_upgrade_thread 3432] sys.gps.update:0 ,file:not ,upgrate_ing:0
12-30 11:03:30.372   596  3076 E WifiHAL : Invalid data received from driver
12-30 11:03:30.373  2358  2623 D RcfController: Rcf proxy is not connected!
12-30 11:03:30.378   360   931 D EvsDriver: forwardFrame
12-30 11:03:30.379   360   931 D EvsDriver: forwardFrameDirect
12-30 11:03:30.379   360   931 D EvsDriver: Delivered 0xb400e2ca9e40e270 as id 0
12-30 11:03:30.379   359  2784 D evsmanagerd: /dev/video-evs0 forwarded the buffer #0 to 0xb400f125d2b26dd0 from 0xb400f125e2b20710
12-30 11:03:30.389   360   458 D EvsDriver: doneWithFrame
12-30 11:03:30.400  3066  3066 D hostapd : nl80211: BSS Event 59 (NL80211_CMD_FRAME) received for wlan1
12-30 11:03:30.400  3066  3066 D hostapd : nl80211: RX frame da=ff:ff:ff:ff:ff:ff sa=16:a5:be:dc:88:df bssid=16:a5:be:dc:88:df freq=5745 ssi_signal=-8900 fc=0xd0 seq_ctrl=0x1ce0 stype=13 (WLAN_FC_STYPE_ACTION) len=42
12-30 11:03:30.400  3066  3066 D hostapd : wlan1: Event RX_MGMT (18) received
12-30 11:03:30.400  3066  3066 D hostapd : Receive wpa msg : Event RX_MGMT (18) received
12-30 11:03:30.412   360   931 D EvsDriver: forwardFrame
12-30 11:03:30.412   360   931 D EvsDriver: forwardFrameDirect
12-30 11:03:30.412   360   931 D EvsDriver: Delivered 0xb400e2ca9e40d4b0 as id 1
12-30 11:03:30.412   359  2784 D evsmanagerd: /dev/video-evs0 forwarded the buffer #1 to 0xb400f125d2b26dd0 from 0xb400f125e2b20710
12-30 11:03:30.419   360   458 D EvsDriver: doneWithFrame
12-30 11:03:30.423  2358  2623 D RcfController: Rcf proxy is not connected!
12-30 11:03:30.423   596  3076 E WifiHAL : Invalid data received from driver
12-30 11:03:30.438  1667  2407 I media_message_log->MediaMessageProxy: (SourceFile:1)b connectToService action bind
12-30 11:03:30.438  1667  2594 W ContextImpl: Calling a method in the system process without a qualified user: android.app.ContextImpl.bindService:1988 android.content.ContextWrapper.bindService:861 com.ford.sync.fnvservice.FordFnv.c:202 com.ford.sync.fnvservice.FordFnv.c:43 com.ford.sync.fnvservice.FordFnv$RetryHandler.handleMessage:245 
12-30 11:03:30.439   916  2591 W ActivityManager: Unable to start service Intent { cmp=com.ford.sync.fnvservice/.FordFnvService } U=0: not found
12-30 11:03:30.439   916  1847 W ActivityManager: Unable to start service Intent { cmp=com.adayo.server.mediamessagetransfer/.MediaMessTransferService (has extras) } U=0: not found
12-30 11:03:30.439  1667  2594 W FordFnv :  bind ford fnv failed -> sendRetryMessage 
12-30 11:03:30.439  1667  2407 E media_message_log->MediaMessageProxy: (SourceFile:7)a bindServiceAsUser isBound = false
12-30 11:03:30.445   360   931 D EvsDriver: forwardFrame
12-30 11:03:30.445   360   931 D EvsDriver: forwardFrameDirect
12-30 11:03:30.445   360   931 D EvsDriver: Delivered 0xb400e2ca9e40c2d0 as id 0
12-30 11:03:30.446   359  2784 D evsmanagerd: /dev/video-evs0 forwarded the buffer #0 to 0xb400f125d2b26dd0 from 0xb400f125e2b20710
12-30 11:03:30.449   650   730 D fgemcucomm: sd Uart data : 6AA6001A680002060175
12-30 11:03:30.450   360   458 D EvsDriver: doneWithFrame
12-30 11:03:30.448   657   657 I auditd  : type=1400 audit(0.0:978455): avc:  denied  { ioctl } for  comm="evs_app.adayo" path="/dev/dri/renderD128" dev="tmpfs" ino=468 ioctlcmd=0x6440 scontext=u:r:evs_app_adayo:s0 tcontext=u:object_r:gpu_device:s0 tclass=chr_file permissive=1
12-30 11:03:30.448   657   657 I evs_app.adayo: type=1400 audit(0.0:978455): avc:  denied  { ioctl } for  path="/dev/dri/renderD128" dev="tmpfs" ino=468 ioctlcmd=0x6440 scontext=u:r:evs_app_adayo:s0 tcontext=u:object_r:gpu_device:s0 tclass=chr_file permissive=1
12-30 11:03:30.473  2358  2623 D RcfController: Rcf proxy is not connected!
12-30 11:03:30.477   596  3076 E WifiHAL : Invalid data received from driver
12-30 11:03:30.478   360   931 D EvsDriver: forwardFrame
12-30 11:03:30.479   360   931 D EvsDriver: forwardFrameDirect
12-30 11:03:30.479   360   931 D EvsDriver: Delivered 0xb400e2ca9e40d090 as id 1
12-30 11:03:30.479   359  2784 D evsmanagerd: /dev/video-evs0 forwarded the buffer #1 to 0xb400f125d2b26dd0 from 0xb400f125e2b20710
12-30 11:03:30.480   360   458 D EvsDriver: doneWithFrame
12-30 11:03:30.494   594  8666 D resolv  : retrying_poll: 13 retrying_poll timeout
12-30 11:03:30.494   594  8666 D resolv  : send_dg: timeout
12-30 11:03:30.494   594  8666 I resolv  : res_nsend: used send_dg 0 terrno: 110
12-30 11:03:30.494   594  8666 I resolv  : doQuery: rcode=255, ancount=0, return value=-110
12-30 11:03:30.494   594  8665 D resolv  : resolv_populate_res_for_net: netid=102
12-30 11:03:30.495  1614  8664 I okhttp.OkHttpClient: <-- HTTP FAILED: java.net.UnknownHostException: Unable to resolve host "api-c-data-uat.mosc.faw-vw.com": No address associated with hostname
12-30 11:03:30.496  1614  8664 E VinInterceptor: IOException Error java.net.UnknownHostException: Unable to resolve host "api-c-data-uat.mosc.faw-vw.com": No address associated with hostname
12-30 11:03:30.512   360   931 D EvsDriver: forwardFrame
12-30 11:03:30.512   360   931 D EvsDriver: forwardFrameDirect
12-30 11:03:30.512   360   931 D EvsDriver: Delivered 0xb400e2ca9e40e110 as id 0
12-30 11:03:30.512   359  2784 D evsmanagerd: /dev/video-evs0 forwarded the buffer #0 to 0xb400f125d2b26dd0 from 0xb400f125e2b20710
12-30 11:03:30.520   360   458 D EvsDriver: doneWithFrame
12-30 11:03:30.524  2358  2623 D RcfController: Rcf proxy is not connected!
12-30 11:03:30.545   360   931 D EvsDriver: forwardFrame
12-30 11:03:30.545   360   931 D EvsDriver: forwardFrameDirect
12-30 11:03:30.545   360   931 D EvsDriver: Delivered 0xb400e2ca9e40c7a0 as id 1
12-30 11:03:30.546   359  2784 D evsmanagerd: /dev/video-evs0 forwarded the buffer #1 to 0xb400f125d2b26dd0 from 0xb400f125e2b20710
12-30 11:03:30.550   360   458 D EvsDriver: doneWithFrame
12-30 11:03:30.574  2358  2623 D RcfController: Rcf proxy is not connected!
12-30 11:03:30.576   596  3076 E WifiHAL : Invalid data received from driver
12-30 11:03:30.578   360   931 D EvsDriver: forwardFrame
12-30 11:03:30.578   360   931 D EvsDriver: forwardFrameDirect
12-30 11:03:30.579   360   931 D EvsDriver: Delivered 0xb400e2ca9e40e270 as id 0
12-30 11:03:30.579   359  2784 D evsmanagerd: /dev/video-evs0 forwarded the buffer #0 to 0xb400f125d2b26dd0 from 0xb400f125e2b20710
12-30 11:03:30.581   360   458 D EvsDriver: doneWithFrame
12-30 11:03:30.606  3066  3066 D hostapd : nl80211: BSS Event 59 (NL80211_CMD_FRAME) received for wlan1
12-30 11:03:30.606  3066  3066 D hostapd : nl80211: RX frame da=ff:ff:ff:ff:ff:ff sa=16:a5:be:dc:88:df bssid=16:a5:be:dc:88:df freq=5745 ssi_signal=-9100 fc=0xd0 seq_ctrl=0x1d70 stype=13 (WLAN_FC_STYPE_ACTION) len=42
12-30 11:03:30.606  3066  3066 D hostapd : wlan1: Event RX_MGMT (18) received
12-30 11:03:30.606  3066  3066 D hostapd : Receive wpa msg : Event RX_MGMT (18) received
12-30 11:03:30.612   360   931 D EvsDriver: forwardFrame
12-30 11:03:30.612   360   931 D EvsDriver: forwardFrameDirect
12-30 11:03:30.612   360   931 D EvsDriver: Delivered 0xb400e2ca9e40d4b0 as id 1
12-30 11:03:30.612   359  2784 D evsmanagerd: /dev/video-evs0 forwarded the buffer #1 to 0xb400f125d2b26dd0 from 0xb400f125e2b20710
12-30 11:03:30.621   360   458 D EvsDriver: doneWithFrame
12-30 11:03:30.624  2358  2623 D RcfController: Rcf proxy is not connected!
12-30 11:03:30.641  1667  2410 I media_message_log->MediaMessageUserProxy: (SourceFile:1)b connectToService action bind
12-30 11:03:30.642   916  2591 W ActivityManager: Unable to start service Intent { cmp=com.adayo.server.mediamessagetransfer/.MediaMessTransferService (has extras) } U=0: not found
12-30 11:03:30.642  1667  2410 E media_message_log->MediaMessageUserProxy: (SourceFile:7)a bindServiceAsUser isBound = false
12-30 11:03:30.643   596  3076 E WifiHAL : Invalid data received from driver
12-30 11:03:30.645   360   931 D EvsDriver: forwardFrame
12-30 11:03:30.645   360   931 D EvsDriver: forwardFrameDirect
12-30 11:03:30.645   360   931 D EvsDriver: Delivered 0xb400e2ca9e40c2d0 as id 0
12-30 11:03:30.645   359  2784 D evsmanagerd: /dev/video-evs0 forwarded the buffer #0 to 0xb400f125d2b26dd0 from 0xb400f125e2b20710
12-30 11:03:30.651   360   458 D EvsDriver: doneWithFrame
12-30 11:03:30.663  1628  1851 I CCarServiceManager: CarServiceManager->t()35:link:[48]     ---26:pool-2-thread-1
12-30 11:03:30.663  1628  1851 I CCarServiceManager: CarServiceManager->t()64:link 转换后:48     ---26:pool-2-thread-1
12-30 11:03:30.663  1628  1851 I CCarServiceManager: CarServiceManager->t()84:link 转换后:48     ---26:pool-2-thread-1
12-30 11:03:30.663  1628  1851 D CarPropertyManager: setProperty, propertyId: 0x2141400f, areaId: 0x0, class: class [Ljava.lang.Integer;, val: [Ljava.lang.Integer;@430fbcc
12-30 11:03:30.664  1365  2014 D CarPropertyService: mSyncGetSetPropertyOpCount: 1
12-30 11:03:30.664   398  2883 I DefaultVehicleHal_v2_0: DefaultVehicleHal::set, current value:{.timestamp = 0, .areaId = 0, .prop = 557924367, .status = AVAILABLE, .value = {.int32Values = [1]{0}, .floatValues = [0]{}, .int64Values = [0]{}, .bytes = [0]{}, .stringValue = ""}}
12-30 11:03:30.664   398  2883 I DefaultVehicleHalServer: onSetProperty(0x2141400f)
12-30 11:03:30.664   398  2883 D vw-vhal : CanSignalsAdapter::setVehicleProperty: propValue = {.timestamp = 0, .areaId = 0, .prop = 557924367, .status = AVAILABLE, .value = {.int32Values = [1]{1}, .floatValues = [0]{}, .int64Values = [0]{}, .bytes = [0]{}, .stringValue = ""}}
12-30 11:03:30.664   398  2883 D vw-vhal : CanSignalsAdapter::setVehicleProperty: propId = 0x2141400f, data = {status: 0, int32Values: [1]}
12-30 11:03:30.664   398  2883 D adayocomadapter-CommunicationManager: setProperty id=[557924367]
12-30 11:03:30.664   398  2883 D adayocomadapter-CommunicationManager: writeValue id=[557924367]
12-30 11:03:30.664   398  2883 D adayocomadapter-VehiclePropertyStore: writeValue id=[557924367]
12-30 11:03:30.664   398  2883 D adayocomadapter-CommunicationManager: sendToDownstream mPropertyId 0x2141400f
12-30 11:03:30.665   398  2883 D adayocomadapter-ParseProtocolFunc: printRaWMsg Name[sendToDownstream] len[4] data[00000000]
12-30 11:03:30.665   398  2883 D adayocomadapter-ParseProtocolFunc: printRaWMsg Name[sendToDownstream] len[4] data[2141400F]
12-30 11:03:30.665   398  2883 D adayocomadapter-ParseProtocolFunc: printRaWMsg Name[sendToDownstream] len[5] data[2141400F01]
12-30 11:03:30.665   398  2883 D adayocomadapter-CommunicationManager: sendToDownstream ret[0]   member[130] dataLength[1] timePoint[8746486] 
12-30 11:03:30.665   398  2883 D adayocomadapter-ParseProtocolFunc: printRaWMsg Name[sendToDownstream] len[5] data[2141400F01]
12-30 11:03:30.665   398  2883 D adayocomadapter-CommunicationManager: sendToDownstream  000 mPropertyId[0x557924367]  
12-30 11:03:30.665   398   698 D adayocomadapter-DownstreamHandler: processBeforePacket downSreamtProcessTimePoint[8746486] 
12-30 11:03:30.665   398   698 D adayocomadapter-DownstreamHandler: DownstreamHandler processPacket 
12-30 11:03:30.665   398   698 D adayocomadapter-DownstreamHandler: DownstreamHandler processPacket valueIndex 0x2141400f
12-30 11:03:30.665   398   698 D adayocomadapter-DownstreamHandler: DownstreamHandler processPacket 0002
12-30 11:03:30.665   398   698 D adayocomadapter-DownstreamHandler: DownstreamHandler processPacket sendMCUData2 
12-30 11:03:30.665   398   698 D adayocomadapter-CommunicationManager: sendMCUData 
12-30 11:03:30.665  1365  2014 D CarPropertyService: mSyncGetSetPropertyOpCount: 0
12-30 11:03:30.665   398   698 D adayocomadapter-MCUInterfaceHandler: sendToMCU start
12-30 11:03:30.665   650   730 D fgemcucomm: sd Uart data : 6AA6011A6900081202022141400F01AC
12-30 11:03:30.665   398   698 D adayocomadapter-ParseProtocolFunc: printRaWMsg Name[sendToMCU] len[8] data[1202022141400F01]
12-30 11:03:30.665  1628  1851 I CCarServiceManager: CarServiceManager->t()118:link:0     ---26:pool-2-thread-1
12-30 11:03:30.665  1628  1851 D CarPropertyManager: setProperty, propertyId: 0x2141400b, areaId: 0x0, class: class [Ljava.lang.Integer;, val: [Ljava.lang.Integer;@15b8e15
12-30 11:03:30.666  1365  2014 D CarPropertyService: mSyncGetSetPropertyOpCount: 1
12-30 11:03:30.666   398  2883 I DefaultVehicleHal_v2_0: DefaultVehicleHal::set, current value:{.timestamp = 0, .areaId = 0, .prop = 557924363, .status = AVAILABLE, .value = {.int32Values = [1]{0}, .floatValues = [0]{}, .int64Values = [0]{}, .bytes = [0]{}, .stringValue = ""}}
12-30 11:03:30.666   398  2883 I DefaultVehicleHalServer: onSetProperty(0x2141400b)
12-30 11:03:30.666   398  2883 D vw-vhal : CanSignalsAdapter::setVehicleProperty: propValue = {.timestamp = 0, .areaId = 0, .prop = 557924363, .status = AVAILABLE, .value = {.int32Values = [1]{2}, .floatValues = [0]{}, .int64Values = [0]{}, .bytes = [0]{}, .stringValue = ""}}
12-30 11:03:30.666   398  2883 D vw-vhal : CanSignalsAdapter::setVehicleProperty: propId = 0x2141400b, data = {status: 0, int32Values: [2]}
12-30 11:03:30.666   398  2883 D adayocomadapter-CommunicationManager: setProperty id=[557924363]
12-30 11:03:30.666   398  2883 D adayocomadapter-CommunicationManager: writeValue id=[557924363]
12-30 11:03:30.666   398  2883 D adayocomadapter-VehiclePropertyStore: writeValue id=[557924363]
12-30 11:03:30.666   398  2883 D adayocomadapter-CommunicationManager: sendToDownstream mPropertyId 0x2141400b
12-30 11:03:30.666   398  2883 D adayocomadapter-ParseProtocolFunc: printRaWMsg Name[sendToDownstream] len[4] data[00000000]
12-30 11:03:30.666   398  2883 D adayocomadapter-ParseProtocolFunc: printRaWMsg Name[sendToDownstream] len[4] data[2141400B]
12-30 11:03:30.666   398  2883 D adayocomadapter-ParseProtocolFunc: printRaWMsg Name[sendToDownstream] len[5] data[2141400B02]
12-30 11:03:30.666   398  2883 D adayocomadapter-CommunicationManager: sendToDownstream ret[0]   member[130] dataLength[1] timePoint[8746488] 
12-30 11:03:30.666   398  2883 D adayocomadapter-ParseProtocolFunc: printRaWMsg Name[sendToDownstream] len[5] data[2141400B02]
12-30 11:03:30.666   398  2883 D adayocomadapter-CommunicationManager: sendToDownstream  000 mPropertyId[0x557924363]  
12-30 11:03:30.666   398   698 D adayocomadapter-DownstreamHandler: processBeforePacket downSreamtProcessTimePoint[8746488] 
12-30 11:03:30.666   398   698 D adayocomadapter-DownstreamHandler: DownstreamHandler processPacket 
12-30 11:03:30.666   398   698 D adayocomadapter-DownstreamHandler: DownstreamHandler processPacket valueIndex 0x2141400b
12-30 11:03:30.666   398   698 D adayocomadapter-DownstreamHandler: DownstreamHandler processPacket 0002
12-30 11:03:30.667   398   698 D adayocomadapter-DownstreamHandler: DownstreamHandler processPacket sendMCUData2 
12-30 11:03:30.667   398   698 D adayocomadapter-CommunicationManager: sendMCUData 
12-30 11:03:30.667  1365  2014 D CarPropertyService: mSyncGetSetPropertyOpCount: 0
12-30 11:03:30.667   398   698 D adayocomadapter-MCUInterfaceHandler: sendToMCU start
12-30 11:03:30.667   398   698 D adayocomadapter-ParseProtocolFunc: printRaWMsg Name[sendToMCU] len[8] data[1202022141400B02]
12-30 11:03:30.667  1628  1851 I CCarServiceManager: CarServiceManager->t()178:temp:[52, 49]     ---26:pool-2-thread-1
12-30 11:03:30.667  1628  1851 D CarPropertyManager: setProperty, propertyId: 0x2141400d, areaId: 0x0, class: class [Ljava.lang.Integer;, val: [Ljava.lang.Integer;@284152a
12-30 11:03:30.668  1365  2014 D CarPropertyService: mSyncGetSetPropertyOpCount: 1
12-30 11:03:30.668   398  2883 I DefaultVehicleHal_v2_0: DefaultVehicleHal::set, current value:{.timestamp = 0, .areaId = 0, .prop = 557924365, .status = AVAILABLE, .value = {.int32Values = [1]{0}, .floatValues = [0]{}, .int64Values = [0]{}, .bytes = [0]{}, .stringValue = ""}}
12-30 11:03:30.668   398  2883 I DefaultVehicleHalServer: onSetProperty(0x2141400d)
12-30 11:03:30.668   398  2883 D vw-vhal : CanSignalsAdapter::setVehicleProperty: propValue = {.timestamp = 0, .areaId = 0, .prop = 557924365, .status = AVAILABLE, .value = {.int32Values = [1]{3}, .floatValues = [0]{}, .int64Values = [0]{}, .bytes = [0]{}, .stringValue = ""}}
12-30 11:03:30.668   398  2883 D vw-vhal : CanSignalsAdapter::setVehicleProperty: propId = 0x2141400d, data = {status: 0, int32Values: [3]}
12-30 11:03:30.668   398  2883 D adayocomadapter-CommunicationManager: setProperty id=[557924365]
12-30 11:03:30.668   398  2883 D adayocomadapter-CommunicationManager: writeValue id=[557924365]
12-30 11:03:30.668   398  2883 D adayocomadapter-VehiclePropertyStore: writeValue id=[557924365]
12-30 11:03:30.668   398  2883 D adayocomadapter-CommunicationManager: sendToDownstream mPropertyId 0x2141400d
12-30 11:03:30.668   398  2883 D adayocomadapter-ParseProtocolFunc: printRaWMsg Name[sendToDownstream] len[4] data[00000000]
12-30 11:03:30.668   398  2883 D adayocomadapter-ParseProtocolFunc: printRaWMsg Name[sendToDownstream] len[4] data[2141400D]
12-30 11:03:30.668   398  2883 D adayocomadapter-ParseProtocolFunc: printRaWMsg Name[sendToDownstream] len[5] data[2141400D03]
12-30 11:03:30.668   398  2883 D adayocomadapter-CommunicationManager: sendToDownstream ret[0]   member[130] dataLength[1] timePoint[8746490] 
12-30 11:03:30.668   398  2883 D adayocomadapter-ParseProtocolFunc: printRaWMsg Name[sendToDownstream] len[5] data[2141400D03]
12-30 11:03:30.668   398  2883 D adayocomadapter-CommunicationManager: sendToDownstream  000 mPropertyId[0x557924365]  
12-30 11:03:30.668   398   698 D adayocomadapter-DownstreamHandler: processBeforePacket downSreamtProcessTimePoint[8746490] 
12-30 11:03:30.668   398   698 D adayocomadapter-DownstreamHandler: DownstreamHandler processPacket 
12-30 11:03:30.668   398   698 D adayocomadapter-DownstreamHandler: DownstreamHandler processPacket valueIndex 0x2141400d
12-30 11:03:30.668   398   698 D adayocomadapter-DownstreamHandler: DownstreamHandler processPacket 0002
12-30 11:03:30.668   398   698 D adayocomadapter-DownstreamHandler: DownstreamHandler processPacket sendMCUData2 
12-30 11:03:30.668   398   698 D adayocomadapter-CommunicationManager: sendMCUData 
12-30 11:03:30.668   398   698 D adayocomadapter-MCUInterfaceHandler: sendToMCU start
12-30 11:03:30.668  1365  2014 D CarPropertyService: mSyncGetSetPropertyOpCount: 0
12-30 11:03:30.668   398   698 D adayocomadapter-ParseProtocolFunc: printRaWMsg Name[sendToMCU] len[8] data[1202022141400D03]
12-30 11:03:30.669  1628  1851 I CCarServiceManager: CarServiceManager->t()223:version:[48, 48, 48, 51, 48, 48, 48, 52]     ---26:pool-2-thread-1
12-30 11:03:30.674  2358  2623 D RcfController: Rcf proxy is not connected!
12-30 11:03:30.677  3066  3066 D hostapd : nl80211: BSS Event 59 (NL80211_CMD_FRAME) received for wlan1
12-30 11:03:30.677  3066  3066 D hostapd : nl80211: RX frame da=ff:ff:ff:ff:ff:ff sa=16:a5:be:dc:88:df bssid=16:a5:be:dc:88:df freq=5745 ssi_signal=-9000 fc=0xd0 seq_ctrl=0x1da0 stype=13 (WLAN_FC_STYPE_ACTION) len=42
12-30 11:03:30.677  3066  3066 D hostapd : wlan1: Event RX_MGMT (18) received
12-30 11:03:30.677  3066  3066 D hostapd : Receive wpa msg : Event RX_MGMT (18) received
12-30 11:03:30.678   596  3076 E WifiHAL : Invalid data received from driver
12-30 11:03:30.678   360   931 D EvsDriver: forwardFrame
12-30 11:03:30.679   360   931 D EvsDriver: forwardFrameDirect
12-30 11:03:30.679   360   931 D EvsDriver: Delivered 0xb400e2ca9e40d090 as id 1
12-30 11:03:30.679   359  2784 D evsmanagerd: /dev/video-evs0 forwarded the buffer #1 to 0xb400f125d2b26dd0 from 0xb400f125e2b20710
12-30 11:03:30.681   360   458 D EvsDriver: doneWithFrame
12-30 11:03:30.712   360   931 D EvsDriver: forwardFrame
12-30 11:03:30.712   360   931 D EvsDriver: forwardFrameDirect
12-30 11:03:30.712   360   931 D EvsDriver: Delivered 0xb400e2ca9e40e110 as id 0
12-30 11:03:30.712   359  2784 D evsmanagerd: /dev/video-evs0 forwarded the buffer #0 to 0xb400f125d2b26dd0 from 0xb400f125e2b20710
12-30 11:03:30.717  3066  3066 D hostapd : nl80211: BSS Event 59 (NL80211_CMD_FRAME) received for wlan1
12-30 11:03:30.717  3066  3066 D hostapd : nl80211: RX frame da=ff:ff:ff:ff:ff:ff sa=16:a5:be:dc:88:df bssid=16:a5:be:dc:88:df freq=5745 ssi_signal=-9100 fc=0xd0 seq_ctrl=0x1dc0 stype=13 (WLAN_FC_STYPE_ACTION) len=42
12-30 11:03:30.717  3066  3066 D hostapd : wlan1: Event RX_MGMT (18) received
12-30 11:03:30.717  3066  3066 D hostapd : Receive wpa msg : Event RX_MGMT (18) received
12-30 11:03:30.722   360   458 D EvsDriver: doneWithFrame
12-30 11:03:30.724  2358  2623 D RcfController: Rcf proxy is not connected!
12-30 11:03:30.741   596  3076 E WifiHAL : Invalid data received from driver
12-30 11:03:30.745   360   931 D EvsDriver: forwardFrame
12-30 11:03:30.745   360   931 D EvsDriver: forwardFrameDirect
12-30 11:03:30.745   360   931 D EvsDriver: Delivered 0xb400e2ca9e40c7a0 as id 1
12-30 11:03:30.745   359  2784 D evsmanagerd: /dev/video-evs0 forwarded the buffer #1 to 0xb400f125d2b26dd0 from 0xb400f125e2b20710
12-30 11:03:30.752   360   458 D EvsDriver: doneWithFrame
12-30 11:03:30.760   650   730 D fgemcucomm: file = hardware/interfaces/fgemcucomm/1.0/default/mcucomm/src/mcuCommFunctionTimer.cpp, function = startTimer  start timer OK = 6761 
12-30 11:03:30.770   650   730 D fgemcucomm: sd Uart data : 6AA6011A6A00081202022141400B02AE
12-30 11:03:30.775  2358  2623 D RcfController: Rcf proxy is not connected!
12-30 11:03:30.776   650   729 D fgemcucomm: file = hardware/interfaces/fgemcucomm/1.0/default/mcucomm/src/mcuCommFunctionTimer.cpp, func = stopTimer  stop timer = 6761 
12-30 11:03:30.776   650   729 D fgemcucomm: rev uart=72260,len=10, data : 6AA6821A6900021202E5
12-30 11:03:30.776   650   730 D fgemcucomm: file = hardware/interfaces/fgemcucomm/1.0/default/mcucomm/src/mcuCommFunctionTimer.cpp, function = startTimer  start timer OK = 6762 
12-30 11:03:30.778   360   931 D EvsDriver: forwardFrame
12-30 11:03:30.778   360   931 D EvsDriver: forwardFrameDirect
12-30 11:03:30.779   360   931 D EvsDriver: Delivered 0xb400e2ca9e40e270 as id 0
12-30 11:03:30.779   359  2784 D evsmanagerd: /dev/video-evs0 forwarded the buffer #0 to 0xb400f125d2b26dd0 from 0xb400f125e2b20710
12-30 11:03:30.782   360   458 D EvsDriver: doneWithFrame
12-30 11:03:30.786   650   730 D fgemcucomm: sd Uart data : 6AA6011A6B00081202022141400D03AA
12-30 11:03:30.789   596  3076 E WifiHAL : Invalid data received from driver
12-30 11:03:30.789  3066  3066 D hostapd : nl80211: BSS Event 59 (NL80211_CMD_FRAME) received for wlan1
12-30 11:03:30.789  3066  3066 D hostapd : nl80211: RX frame da=ff:ff:ff:ff:ff:ff sa=16:a5:be:dc:88:df bssid=16:a5:be:dc:88:df freq=5745 ssi_signal=-9100 fc=0xd0 seq_ctrl=0x1df0 stype=13 (WLAN_FC_STYPE_ACTION) len=42
12-30 11:03:30.789  3066  3066 D hostapd : wlan1: Event RX_MGMT (18) received
12-30 11:03:30.789  3066  3066 D hostapd : Receive wpa msg : Event RX_MGMT (18) received
12-30 11:03:30.796   650   729 D fgemcucomm: file = hardware/interfaces/fgemcucomm/1.0/default/mcucomm/src/mcuCommFunctionTimer.cpp, func = stopTimer  stop timer = 6762 
12-30 11:03:30.796   650   729 D fgemcucomm: rev uart=72261,len=10, data : 6AA6821A6A00021202E4
12-30 11:03:30.796   650   730 D fgemcucomm: file = hardware/interfaces/fgemcucomm/1.0/default/mcucomm/src/mcuCommFunctionTimer.cpp, function = startTimer  start timer OK = 6763 
12-30 11:03:30.812   360   931 D EvsDriver: forwardFrame
12-30 11:03:30.812   360   931 D EvsDriver: forwardFrameDirect
12-30 11:03:30.812   360   931 D EvsDriver: Delivered 0xb400e2ca9e40d4b0 as id 1
12-30 11:03:30.812   359  2784 D evsmanagerd: /dev/video-evs0 forwarded the buffer #1 to 0xb400f125d2b26dd0 from 0xb400f125e2b20710
12-30 11:03:30.812   360   458 D EvsDriver: doneWithFrame
12-30 11:03:30.816   650   729 D fgemcucomm: file = hardware/interfaces/fgemcucomm/1.0/default/mcucomm/src/mcuCommFunctionTimer.cpp, func = stopTimer  stop timer = 6763 
12-30 11:03:30.816   650   729 D fgemcucomm: rev uart=72262,len=10, data : 6AA6821A6B00021202E3
12-30 11:03:30.825  2358  2623 D RcfController: Rcf proxy is not connected!
12-30 11:03:30.834  2475  2681 I TtsServiceAgent: check thread start checking, threadId = 29
12-30 11:03:30.834  2475  2681 D TtsServiceAgent: start bind service...
12-30 11:03:30.834  2475  2681 D TtsServiceAgent: ----->initService, usage = 16
12-30 11:03:30.834  2475  2681 W ContextImpl: Calling a method in the system process without a qualified user: android.app.ContextImpl.bindService:1988 android.content.ContextWrapper.bindService:861 com.iflytek.autofly.ttsaidl.ttsproxy.TtsServiceAgent.initService:189 com.iflytek.autofly.ttsaidl.ttsproxy.TtsServiceAgent.initService:133 com.iflytek.autofly.ttsaidl.ttsproxy.TtsServiceAgent$2.run:517 
12-30 11:03:30.834   916  2591 W ActivityManager: Unable to start service Intent { act=com.iflytek.autofly.tts.ttsservice.TtsAdapterService cmp=com.iflytek.cutefly.speechclient.hmi/com.iflytek.autofly.tts.ttsservice.TtsAdapterService } U=0: not found
12-30 11:03:30.835  2475  2681 D TtsServiceAgent: bindService: false
12-30 11:03:30.835  2475  2681 D TtsServiceAgent: start reInitService
12-30 11:03:30.835  2475  2681 D TtsServiceAgent: aidlCheckThreadRunning = true
12-30 11:03:30.835  2475  2681 D TtsServiceAgent: ----->check connection status in 1000s...
12-30 11:03:30.845   360   931 D EvsDriver: forwardFrame
12-30 11:03:30.845   360   931 D EvsDriver: forwardFrameDirect
12-30 11:03:30.845   360   931 D EvsDriver: Delivered 0xb400e2ca9e40c2d0 as id 0
12-30 11:03:30.845   359  2784 D evsmanagerd: /dev/video-evs0 forwarded the buffer #0 to 0xb400f125d2b26dd0 from 0xb400f125e2b20710
12-30 11:03:30.848   596  3076 E WifiHAL : Invalid data received from driver
12-30 11:03:30.853   360   458 D EvsDriver: doneWithFrame
12-30 11:03:30.865  3066  3066 D hostapd : nl80211: BSS Event 59 (NL80211_CMD_FRAME) received for wlan1
12-30 11:03:30.865  3066  3066 D hostapd : nl80211: RX frame da=ff:ff:ff:ff:ff:ff sa=16:a5:be:dc:88:df bssid=16:a5:be:dc:88:df freq=5745 ssi_signal=-9100 fc=0xd0 seq_ctrl=0x1e20 stype=13 (WLAN_FC_STYPE_ACTION) len=42
