12-30 11:03:27.909   398   464 I VehiclePropertyStore: begin to write value to Store: {.timestamp = 8743731561707, .areaId = 0, .prop = 557850969, .status = AVAILABLE, .value = {.int32Values = [1]{0}, .floatValues = [0]{}, .int64Values = [0]{}, .bytes = [0]{}, .stringValue = ""}}
12-30 11:03:27.909  2358  2623 D RcfController: Rcf proxy is not connected!
12-30 11:03:27.909   398   464 D adayocomadapter-CommunicationManager: onUpstreamReceive mPropertyId 0x21402159
12-30 11:03:27.909   398   464 D adayocomadapter-CommunicationManager: onUpstreamReceive mPropertyId 0x214021bf
12-30 11:03:27.909   398   464 D adayocomadapter-CommunicationManager: convertBytesToInt32Memcpy  0
12-30 11:03:27.909   398   464 I vw-vhal : notifyVehicleProperty, propId = 0x214021bf, data = {status: 2, int32Values: [0]}
12-30 11:03:27.909   398   464 I vw-vhal : CanSignalsAdapter::notifyVehicleProperty: solvedValue = {.timestamp = 8743731769707, .areaId = 0, .prop = 557851071, .status = AVAILABLE, .value = {.int32Values = [1]{0}, .floatValues = [0]{}, .int64Values = [0]{}, .bytes = [0]{}, .stringValue = ""}}
12-30 11:03:27.909   398   464 I VehiclePropertyStore: begin to write value to Store: {.timestamp = 8743731769707, .areaId = 0, .prop = 557851071, .status = AVAILABLE, .value = {.int32Values = [1]{0}, .floatValues = [0]{}, .int64Values = [0]{}, .bytes = [0]{}, .stringValue = ""}}
12-30 11:03:27.909   398   464 I DefaultVehicleHal_v2_0: DefaultVehicleHal::onPropertyValue, value:{.timestamp = 8743731769707, .areaId = 0, .prop = 557851071, .status = AVAILABLE, .value = {.int32Values = [1]{0}, .floatValues = [0]{}, .int64Values = [0]{}, .bytes = [0]{}, .stringValue = ""}}
12-30 11:03:27.910   398   464 D DiagPropHandler: is not DiagnosticConfig: 0x214021bf
12-30 11:03:27.910   398   464 I VehiclePropertyStore: begin to write value to Store: {.timestamp = 8743731769707, .areaId = 0, .prop = 557851071, .status = AVAILABLE, .value = {.int32Values = [1]{0}, .floatValues = [0]{}, .int64Values = [0]{}, .bytes = [0]{}, .stringValue = ""}}
12-30 11:03:27.910   398   464 D adayocomadapter-CommunicationManager: onUpstreamReceive mPropertyId 0x214021bf
12-30 11:03:27.910   398   464 D adayocomadapter-CommunicationManager: onUpstreamReceive mPropertyId 0x2140215e
12-30 11:03:27.910   398   464 D adayocomadapter-CommunicationManager: convertBytesToInt32Memcpy  0
12-30 11:03:27.910   398   464 I vw-vhal : notifyVehicleProperty, propId = 0x2140215e, data = {status: 2, int32Values: [0]}
12-30 11:03:27.910   398   464 I vw-vhal : CanSignalsAdapter::notifyVehicleProperty: solvedValue = {.timestamp = 8743731964040, .areaId = 0, .prop = 557850974, .status = AVAILABLE, .value = {.int32Values = [1]{0}, .floatValues = [0]{}, .int64Values = [0]{}, .bytes = [0]{}, .stringValue = ""}}
12-30 11:03:27.910   398   464 I VehiclePropertyStore: begin to write value to Store: {.timestamp = 8743731964040, .areaId = 0, .prop = 557850974, .status = AVAILABLE, .value = {.int32Values = [1]{0}, .floatValues = [0]{}, .int64Values = [0]{}, .bytes = [0]{}, .stringValue = ""}}
12-30 11:03:27.910   398   464 I DefaultVehicleHal_v2_0: DefaultVehicleHal::onPropertyValue, value:{.timestamp = 8743731964040, .areaId = 0, .prop = 557850974, .status = AVAILABLE, .value = {.int32Values = [1]{0}, .floatValues = [0]{}, .int64Values = [0]{}, .bytes = [0]{}, .stringValue = ""}}
12-30 11:03:27.910   398   464 D DiagPropHandler: is not DiagnosticConfig: 0x2140215e
12-30 11:03:27.910   398   464 I VehiclePropertyStore: begin to write value to Store: {.timestamp = 8743731964040, .areaId = 0, .prop = 557850974, .status = AVAILABLE, .value = {.int32Values = [1]{0}, .floatValues = [0]{}, .int64Values = [0]{}, .bytes = [0]{}, .stringValue = ""}}
12-30 11:03:27.910   398   464 D adayocomadapter-CommunicationManager: onUpstreamReceive mPropertyId 0x2140215e
12-30 11:03:27.910   398   464 D adayocomadapter-CommunicationManager: onUpstreamReceive mPropertyId 0x21402220
12-30 11:03:27.910   398   464 D adayocomadapter-CommunicationManager: convertBytesToInt32Memcpy  0
12-30 11:03:27.910   398   464 I vw-vhal : notifyVehicleProperty, propId = 0x21402220, data = {status: 2, int32Values: [0]}
12-30 11:03:27.910   398   464 I vw-vhal : CanSignalsAdapter::notifyVehicleProperty: solvedValue = {.timestamp = 8743732170707, .areaId = 0, .prop = 557851168, .status = AVAILABLE, .value = {.int32Values = [1]{0}, .floatValues = [0]{}, .int64Values = [0]{}, .bytes = [0]{}, .stringValue = ""}}
12-30 11:03:27.910   398   464 I VehiclePropertyStore: begin to write value to Store: {.timestamp = 8743732170707, .areaId = 0, .prop = 557851168, .status = AVAILABLE, .value = {.int32Values = [1]{0}, .floatValues = [0]{}, .int64Values = [0]{}, .bytes = [0]{}, .stringValue = ""}}
12-30 11:03:27.910   398   464 I DefaultVehicleHal_v2_0: DefaultVehicleHal::onPropertyValue, value:{.timestamp = 8743732170707, .areaId = 0, .prop = 557851168, .status = AVAILABLE, .value = {.int32Values = [1]{0}, .floatValues = [0]{}, .int64Values = [0]{}, .bytes = [0]{}, .stringValue = ""}}
12-30 11:03:27.910   398   464 D DiagPropHandler: is not DiagnosticConfig: 0x21402220
12-30 11:03:27.910   398   464 I VehiclePropertyStore: begin to write value to Store: {.timestamp = 8743732170707, .areaId = 0, .prop = 557851168, .status = AVAILABLE, .value = {.int32Values = [1]{0}, .floatValues = [0]{}, .int64Values = [0]{}, .bytes = [0]{}, .stringValue = ""}}
12-30 11:03:27.910   398   464 D adayocomadapter-CommunicationManager: onUpstreamReceive mPropertyId 0x21402220
12-30 11:03:27.910   398   464 D adayocomadapter-CommunicationManager: onUpstreamReceive mPropertyId 0x214021c0
12-30 11:03:27.910   398   464 D adayocomadapter-CommunicationManager: convertBytesToInt32Memcpy  0
12-30 11:03:27.910   398   464 I vw-vhal : notifyVehicleProperty, propId = 0x214021c0, data = {status: 2, int32Values: [0]}
12-30 11:03:27.910   398   464 I vw-vhal : CanSignalsAdapter::notifyVehicleProperty: solvedValue = {.timestamp = 8743732365707, .areaId = 0, .prop = 557851072, .status = AVAILABLE, .value = {.int32Values = [1]{0}, .floatValues = [0]{}, .int64Values = [0]{}, .bytes = [0]{}, .stringValue = ""}}
12-30 11:03:27.910   398   464 I VehiclePropertyStore: begin to write value to Store: {.timestamp = 8743732365707, .areaId = 0, .prop = 557851072, .status = AVAILABLE, .value = {.int32Values = [1]{0}, .floatValues = [0]{}, .int64Values = [0]{}, .bytes = [0]{}, .stringValue = ""}}
12-30 11:03:27.910   398   464 I DefaultVehicleHal_v2_0: DefaultVehicleHal::onPropertyValue, value:{.timestamp = 8743732365707, .areaId = 0, .prop = 557851072, .status = AVAILABLE, .value = {.int32Values = [1]{0}, .floatValues = [0]{}, .int64Values = [0]{}, .bytes = [0]{}, .stringValue = ""}}
12-30 11:03:27.910   398   464 D DiagPropHandler: is not DiagnosticConfig: 0x214021c0
12-30 11:03:27.910   398   464 I VehiclePropertyStore: begin to write value to Store: {.timestamp = 8743732365707, .areaId = 0, .prop = 557851072, .status = AVAILABLE, .value = {.int32Values = [1]{0}, .floatValues = [0]{}, .int64Values = [0]{}, .bytes = [0]{}, .stringValue = ""}}
12-30 11:03:27.910   398   464 D adayocomadapter-CommunicationManager: onUpstreamReceive mPropertyId 0x214021c0
12-30 11:03:27.910   398   464 D adayocomadapter-CommunicationManager: onUpstreamReceive mPropertyId 0x2140215f
12-30 11:03:27.910   398   464 D adayocomadapter-CommunicationManager: convertBytesToInt32Memcpy  0
12-30 11:03:27.910   398   464 I vw-vhal : notifyVehicleProperty, propId = 0x2140215f, data = {status: 2, int32Values: [0]}
12-30 11:03:27.910   398   464 I vw-vhal : CanSignalsAdapter::notifyVehicleProperty: solvedValue = {.timestamp = 8743732551707, .areaId = 0, .prop = 557850975, .status = AVAILABLE, .value = {.int32Values = [1]{0}, .floatValues = [0]{}, .int64Values = [0]{}, .bytes = [0]{}, .stringValue = ""}}
12-30 11:03:27.910   398   464 I VehiclePropertyStore: begin to write value to Store: {.timestamp = 8743732551707, .areaId = 0, .prop = 557850975, .status = AVAILABLE, .value = {.int32Values = [1]{0}, .floatValues = [0]{}, .int64Values = [0]{}, .bytes = [0]{}, .stringValue = ""}}
12-30 11:03:27.910   398   464 I DefaultVehicleHal_v2_0: DefaultVehicleHal::onPropertyValue, value:{.timestamp = 8743732551707, .areaId = 0, .prop = 557850975, .status = AVAILABLE, .value = {.int32Values = [1]{0}, .floatValues = [0]{}, .int64Values = [0]{}, .bytes = [0]{}, .stringValue = ""}}
12-30 11:03:27.910   398   464 D DiagPropHandler: is not DiagnosticConfig: 0x2140215f
12-30 11:03:27.910   398   464 I VehiclePropertyStore: begin to write value to Store: {.timestamp = 8743732551707, .areaId = 0, .prop = 557850975, .status = AVAILABLE, .value = {.int32Values = [1]{0}, .floatValues = [0]{}, .int64Values = [0]{}, .bytes = [0]{}, .stringValue = ""}}
12-30 11:03:27.910   398   464 D adayocomadapter-CommunicationManager: onUpstreamReceive mPropertyId 0x2140215f
12-30 11:03:27.910   398   464 D adayocomadapter-CommunicationManager: onUpstreamReceive mPropertyId 0x214021c1
12-30 11:03:27.910   398   464 D adayocomadapter-CommunicationManager: convertBytesToInt32Memcpy  0
12-30 11:03:27.910   398   464 I vw-vhal : notifyVehicleProperty, propId = 0x214021c1, data = {status: 2, int32Values: [0]}
12-30 11:03:27.910   398   464 I vw-vhal : CanSignalsAdapter::notifyVehicleProperty: solvedValue = {.timestamp = 8743732742040, .areaId = 0, .prop = 557851073, .status = AVAILABLE, .value = {.int32Values = [1]{0}, .floatValues = [0]{}, .int64Values = [0]{}, .bytes = [0]{}, .stringValue = ""}}
12-30 11:03:27.910   398   464 I VehiclePropertyStore: begin to write value to Store: {.timestamp = 8743732742040, .areaId = 0, .prop = 557851073, .status = AVAILABLE, .value = {.int32Values = [1]{0}, .floatValues = [0]{}, .int64Values = [0]{}, .bytes = [0]{}, .stringValue = ""}}
12-30 11:03:27.910   398   464 I DefaultVehicleHal_v2_0: DefaultVehicleHal::onPropertyValue, value:{.timestamp = 8743732742040, .areaId = 0, .prop = 557851073, .status = AVAILABLE, .value = {.int32Values = [1]{0}, .floatValues = [0]{}, .int64Values = [0]{}, .bytes = [0]{}, .stringValue = ""}}
12-30 11:03:27.910   398   464 D DiagPropHandler: is not DiagnosticConfig: 0x214021c1
12-30 11:03:27.910   398   464 I VehiclePropertyStore: begin to write value to Store: {.timestamp = 8743732742040, .areaId = 0, .prop = 557851073, .status = AVAILABLE, .value = {.int32Values = [1]{0}, .floatValues = [0]{}, .int64Values = [0]{}, .bytes = [0]{}, .stringValue = ""}}
12-30 11:03:27.911   398   464 D adayocomadapter-CommunicationManager: onUpstreamReceive mPropertyId 0x214021c1
12-30 11:03:27.911   398   464 D adayocomadapter-CommunicationManager: onUpstreamReceive mPropertyId 0x21402160
12-30 11:03:27.911   398   464 D adayocomadapter-CommunicationManager: convertBytesToInt32Memcpy  0
12-30 11:03:27.911   398   464 I vw-vhal : notifyVehicleProperty, propId = 0x21402160, data = {status: 2, int32Values: [0]}
12-30 11:03:27.911   398   464 I vw-vhal : CanSignalsAdapter::notifyVehicleProperty: solvedValue = {.timestamp = 8743732929040, .areaId = 0, .prop = 557850976, .status = AVAILABLE, .value = {.int32Values = [1]{0}, .floatValues = [0]{}, .int64Values = [0]{}, .bytes = [0]{}, .stringValue = ""}}
12-30 11:03:27.911   398   464 I VehiclePropertyStore: begin to write value to Store: {.timestamp = 8743732929040, .areaId = 0, .prop = 557850976, .status = AVAILABLE, .value = {.int32Values = [1]{0}, .floatValues = [0]{}, .int64Values = [0]{}, .bytes = [0]{}, .stringValue = ""}}
12-30 11:03:27.911   398   464 I DefaultVehicleHal_v2_0: DefaultVehicleHal::onPropertyValue, value:{.timestamp = 8743732929040, .areaId = 0, .prop = 557850976, .status = AVAILABLE, .value = {.int32Values = [1]{0}, .floatValues = [0]{}, .int64Values = [0]{}, .bytes = [0]{}, .stringValue = ""}}
12-30 11:03:27.911   398   464 D DiagPropHandler: is not DiagnosticConfig: 0x21402160
12-30 11:03:27.911   398   464 I VehiclePropertyStore: begin to write value to Store: {.timestamp = 8743732929040, .areaId = 0, .prop = 557850976, .status = AVAILABLE, .value = {.int32Values = [1]{0}, .floatValues = [0]{}, .int64Values = [0]{}, .bytes = [0]{}, .stringValue = ""}}
12-30 11:03:27.911   398   464 D adayocomadapter-CommunicationManager: onUpstreamReceive mPropertyId 0x21402160
12-30 11:03:27.911   398   464 D adayocomadapter-CommunicationManager: onUpstreamReceive mPropertyId 0x21402222
12-30 11:03:27.911   398   464 D adayocomadapter-CommunicationManager: convertBytesToInt32Memcpy  0
12-30 11:03:27.911   398   464 I vw-vhal : notifyVehicleProperty, propId = 0x21402222, data = {status: 2, int32Values: [0]}
12-30 11:03:27.911   398   464 I vw-vhal : CanSignalsAdapter::notifyVehicleProperty: solvedValue = {.timestamp = 8743733122373, .areaId = 0, .prop = 557851170, .status = AVAILABLE, .value = {.int32Values = [1]{0}, .floatValues = [0]{}, .int64Values = [0]{}, .bytes = [0]{}, .stringValue = ""}}
12-30 11:03:27.911   398   464 I VehiclePropertyStore: begin to write value to Store: {.timestamp = 8743733122373, .areaId = 0, .prop = 557851170, .status = AVAILABLE, .value = {.int32Values = [1]{0}, .floatValues = [0]{}, .int64Values = [0]{}, .bytes = [0]{}, .stringValue = ""}}
12-30 11:03:27.911   398   464 I DefaultVehicleHal_v2_0: DefaultVehicleHal::onPropertyValue, value:{.timestamp = 8743733122373, .areaId = 0, .prop = 557851170, .status = AVAILABLE, .value = {.int32Values = [1]{0}, .floatValues = [0]{}, .int64Values = [0]{}, .bytes = [0]{}, .stringValue = ""}}
12-30 11:03:27.911   398   464 D DiagPropHandler: is not DiagnosticConfig: 0x21402222
12-30 11:03:27.911   398   464 I VehiclePropertyStore: begin to write value to Store: {.timestamp = 8743733122373, .areaId = 0, .prop = 557851170, .status = AVAILABLE, .value = {.int32Values = [1]{0}, .floatValues = [0]{}, .int64Values = [0]{}, .bytes = [0]{}, .stringValue = ""}}
12-30 11:03:27.911   398   464 D adayocomadapter-CommunicationManager: onUpstreamReceive mPropertyId 0x21402222
12-30 11:03:27.911   398   464 D adayocomadapter-CommunicationManager: onUpstreamReceive mPropertyId 0x214021c2
12-30 11:03:27.911   398   464 D adayocomadapter-CommunicationManager: convertBytesToInt32Memcpy  0
12-30 11:03:27.911   398   464 I vw-vhal : notifyVehicleProperty, propId = 0x214021c2, data = {status: 2, int32Values: [0]}
12-30 11:03:27.911   398   464 I vw-vhal : CanSignalsAdapter::notifyVehicleProperty: solvedValue = {.timestamp = 8743733314040, .areaId = 0, .prop = 557851074, .status = AVAILABLE, .value = {.int32Values = [1]{0}, .floatValues = [0]{}, .int64Values = [0]{}, .bytes = [0]{}, .stringValue = ""}}
12-30 11:03:27.911   398   464 I VehiclePropertyStore: begin to write value to Store: {.timestamp = 8743733314040, .areaId = 0, .prop = 557851074, .status = AVAILABLE, .value = {.int32Values = [1]{0}, .floatValues = [0]{}, .int64Values = [0]{}, .bytes = [0]{}, .stringValue = ""}}
12-30 11:03:27.911   398   464 I DefaultVehicleHal_v2_0: DefaultVehicleHal::onPropertyValue, value:{.timestamp = 8743733314040, .areaId = 0, .prop = 557851074, .status = AVAILABLE, .value = {.int32Values = [1]{0}, .floatValues = [0]{}, .int64Values = [0]{}, .bytes = [0]{}, .stringValue = ""}}
12-30 11:03:27.911   398   464 D DiagPropHandler: is not DiagnosticConfig: 0x214021c2
12-30 11:03:27.911   398   464 I VehiclePropertyStore: begin to write value to Store: {.timestamp = 8743733314040, .areaId = 0, .prop = 557851074, .status = AVAILABLE, .value = {.int32Values = [1]{0}, .floatValues = [0]{}, .int64Values = [0]{}, .bytes = [0]{}, .stringValue = ""}}
12-30 11:03:27.911   398   464 D adayocomadapter-CommunicationManager: onUpstreamReceive mPropertyId 0x214021c2
12-30 11:03:27.911   398   464 D adayocomadapter-CommunicationManager: onUpstreamReceive mPropertyId 0x214021c4
12-30 11:03:27.911   398   464 D adayocomadapter-CommunicationManager: convertBytesToInt32Memcpy  0
12-30 11:03:27.911   398   464 I vw-vhal : notifyVehicleProperty, propId = 0x214021c4, data = {status: 2, int32Values: [0]}
12-30 11:03:27.911   398   464 I vw-vhal : CanSignalsAdapter::notifyVehicleProperty: solvedValue = {.timestamp = 8743733502707, .areaId = 0, .prop = 557851076, .status = AVAILABLE, .value = {.int32Values = [1]{0}, .floatValues = [0]{}, .int64Values = [0]{}, .bytes = [0]{}, .stringValue = ""}}
12-30 11:03:27.911   398   464 I VehiclePropertyStore: begin to write value to Store: {.timestamp = 8743733502707, .areaId = 0, .prop = 557851076, .status = AVAILABLE, .value = {.int32Values = [1]{0}, .floatValues = [0]{}, .int64Values = [0]{}, .bytes = [0]{}, .stringValue = ""}}
12-30 11:03:27.911   398   464 I DefaultVehicleHal_v2_0: DefaultVehicleHal::onPropertyValue, value:{.timestamp = 8743733502707, .areaId = 0, .prop = 557851076, .status = AVAILABLE, .value = {.int32Values = [1]{0}, .floatValues = [0]{}, .int64Values = [0]{}, .bytes = [0]{}, .stringValue = ""}}
12-30 11:03:27.911   398   464 D DiagPropHandler: is not DiagnosticConfig: 0x214021c4
12-30 11:03:27.911   398   464 I VehiclePropertyStore: begin to write value to Store: {.timestamp = 8743733502707, .areaId = 0, .prop = 557851076, .status = AVAILABLE, .value = {.int32Values = [1]{0}, .floatValues = [0]{}, .int64Values = [0]{}, .bytes = [0]{}, .stringValue = ""}}
12-30 11:03:27.911   398   464 D adayocomadapter-CommunicationManager: onUpstreamReceive mPropertyId 0x214021c4
12-30 11:03:27.911   398   464 D adayocomadapter-CommunicationManager: onUpstreamReceive mPropertyId 0x21402225
12-30 11:03:27.911   398   464 D adayocomadapter-CommunicationManager: convertBytesToInt32Memcpy  0
12-30 11:03:27.911   398   464 I vw-vhal : notifyVehicleProperty, propId = 0x21402225, data = {status: 2, int32Values: [0]}
12-30 11:03:27.911   398   464 I vw-vhal : CanSignalsAdapter::notifyVehicleProperty: solvedValue = {.timestamp = 8743733695707, .areaId = 0, .prop = 557851173, .status = AVAILABLE, .value = {.int32Values = [1]{0}, .floatValues = [0]{}, .int64Values = [0]{}, .bytes = [0]{}, .stringValue = ""}}
12-30 11:03:27.911   398   464 I VehiclePropertyStore: begin to write value to Store: {.timestamp = 8743733695707, .areaId = 0, .prop = 557851173, .status = AVAILABLE, .value = {.int32Values = [1]{0}, .floatValues = [0]{}, .int64Values = [0]{}, .bytes = [0]{}, .stringValue = ""}}
12-30 11:03:27.911   398   464 I DefaultVehicleHal_v2_0: DefaultVehicleHal::onPropertyValue, value:{.timestamp = 8743733695707, .areaId = 0, .prop = 557851173, .status = AVAILABLE, .value = {.int32Values = [1]{0}, .floatValues = [0]{}, .int64Values = [0]{}, .bytes = [0]{}, .stringValue = ""}}
12-30 11:03:27.911   398   464 D DiagPropHandler: is not DiagnosticConfig: 0x21402225
12-30 11:03:27.911   398   464 I VehiclePropertyStore: begin to write value to Store: {.timestamp = 8743733695707, .areaId = 0, .prop = 557851173, .status = AVAILABLE, .value = {.int32Values = [1]{0}, .floatValues = [0]{}, .int64Values = [0]{}, .bytes = [0]{}, .stringValue = ""}}
12-30 11:03:27.911   398   464 D adayocomadapter-CommunicationManager: onUpstreamReceive mPropertyId 0x21402225
12-30 11:03:27.911   398   464 D adayocomadapter-CommunicationManager: onUpstreamReceive mPropertyId 0x214021c5
12-30 11:03:27.911   398   464 D adayocomadapter-CommunicationManager: convertBytesToInt32Memcpy  0
12-30 11:03:27.912   398   464 I vw-vhal : notifyVehicleProperty, propId = 0x214021c5, data = {status: 2, int32Values: [0]}
12-30 11:03:27.912   398   464 I vw-vhal : CanSignalsAdapter::notifyVehicleProperty: solvedValue = {.timestamp = 8743733882707, .areaId = 0, .prop = 557851077, .status = AVAILABLE, .value = {.int32Values = [1]{0}, .floatValues = [0]{}, .int64Values = [0]{}, .bytes = [0]{}, .stringValue = ""}}
12-30 11:03:27.912   398   464 I VehiclePropertyStore: begin to write value to Store: {.timestamp = 8743733882707, .areaId = 0, .prop = 557851077, .status = AVAILABLE, .value = {.int32Values = [1]{0}, .floatValues = [0]{}, .int64Values = [0]{}, .bytes = [0]{}, .stringValue = ""}}
12-30 11:03:27.912   398   464 I DefaultVehicleHal_v2_0: DefaultVehicleHal::onPropertyValue, value:{.timestamp = 8743733882707, .areaId = 0, .prop = 557851077, .status = AVAILABLE, .value = {.int32Values = [1]{0}, .floatValues = [0]{}, .int64Values = [0]{}, .bytes = [0]{}, .stringValue = ""}}
12-30 11:03:27.912   398   464 D DiagPropHandler: is not DiagnosticConfig: 0x214021c5
12-30 11:03:27.912   398   464 I VehiclePropertyStore: begin to write value to Store: {.timestamp = 8743733882707, .areaId = 0, .prop = 557851077, .status = AVAILABLE, .value = {.int32Values = [1]{0}, .floatValues = [0]{}, .int64Values = [0]{}, .bytes = [0]{}, .stringValue = ""}}
12-30 11:03:27.912   398   464 D adayocomadapter-CommunicationManager: onUpstreamReceive mPropertyId 0x214021c5
12-30 11:03:27.912   398   464 D adayocomadapter-CommunicationManager: onUpstreamReceive mPropertyId 0x21402226
12-30 11:03:27.912   398   464 D adayocomadapter-CommunicationManager: convertBytesToInt32Memcpy  0
12-30 11:03:27.912   398   464 I vw-vhal : notifyVehicleProperty, propId = 0x21402226, data = {status: 2, int32Values: [0]}
12-30 11:03:27.912   398   464 I vw-vhal : CanSignalsAdapter::notifyVehicleProperty: solvedValue = {.timestamp = 8743734070707, .areaId = 0, .prop = 557851174, .status = AVAILABLE, .value = {.int32Values = [1]{0}, .floatValues = [0]{}, .int64Values = [0]{}, .bytes = [0]{}, .stringValue = ""}}
12-30 11:03:27.912   398   464 I VehiclePropertyStore: begin to write value to Store: {.timestamp = 8743734070707, .areaId = 0, .prop = 557851174, .status = AVAILABLE, .value = {.int32Values = [1]{0}, .floatValues = [0]{}, .int64Values = [0]{}, .bytes = [0]{}, .stringValue = ""}}
12-30 11:03:27.912   398   464 I DefaultVehicleHal_v2_0: DefaultVehicleHal::onPropertyValue, value:{.timestamp = 8743734070707, .areaId = 0, .prop = 557851174, .status = AVAILABLE, .value = {.int32Values = [1]{0}, .floatValues = [0]{}, .int64Values = [0]{}, .bytes = [0]{}, .stringValue = ""}}
12-30 11:03:27.912   398   464 D DiagPropHandler: is not DiagnosticConfig: 0x21402226
12-30 11:03:27.912   398   464 I VehiclePropertyStore: begin to write value to Store: {.timestamp = 8743734070707, .areaId = 0, .prop = 557851174, .status = AVAILABLE, .value = {.int32Values = [1]{0}, .floatValues = [0]{}, .int64Values = [0]{}, .bytes = [0]{}, .stringValue = ""}}
12-30 11:03:27.912   398   464 D adayocomadapter-CommunicationManager: onUpstreamReceive mPropertyId 0x21402226
12-30 11:03:27.912   360   931 D EvsDriver: forwardFrame
12-30 11:03:27.912   398   464 D adayocomadapter-CommunicationManager: onUpstreamReceive mPropertyId 0x214021c6
12-30 11:03:27.912   398   464 D adayocomadapter-CommunicationManager: convertBytesToInt32Memcpy  0
12-30 11:03:27.912   360   931 D EvsDriver: forwardFrameDirect
12-30 11:03:27.912   398   464 I vw-vhal : notifyVehicleProperty, propId = 0x214021c6, data = {status: 2, int32Values: [0]}
12-30 11:03:27.912   398   464 I vw-vhal : CanSignalsAdapter::notifyVehicleProperty: solvedValue = {.timestamp = 8743734259707, .areaId = 0, .prop = 557851078, .status = AVAILABLE, .value = {.int32Values = [1]{0}, .floatValues = [0]{}, .int64Values = [0]{}, .bytes = [0]{}, .stringValue = ""}}
12-30 11:03:27.912   398   464 I VehiclePropertyStore: begin to write value to Store: {.timestamp = 8743734259707, .areaId = 0, .prop = 557851078, .status = AVAILABLE, .value = {.int32Values = [1]{0}, .floatValues = [0]{}, .int64Values = [0]{}, .bytes = [0]{}, .stringValue = ""}}
12-30 11:03:27.912   398   464 I DefaultVehicleHal_v2_0: DefaultVehicleHal::onPropertyValue, value:{.timestamp = 8743734259707, .areaId = 0, .prop = 557851078, .status = AVAILABLE, .value = {.int32Values = [1]{0}, .floatValues = [0]{}, .int64Values = [0]{}, .bytes = [0]{}, .stringValue = ""}}
12-30 11:03:27.912   398   464 D DiagPropHandler: is not DiagnosticConfig: 0x214021c6
12-30 11:03:27.912   360   931 D EvsDriver: Delivered 0xb400e2ca9e40e110 as id 0
12-30 11:03:27.912   398   464 I VehiclePropertyStore: begin to write value to Store: {.timestamp = 8743734259707, .areaId = 0, .prop = 557851078, .status = AVAILABLE, .value = {.int32Values = [1]{0}, .floatValues = [0]{}, .int64Values = [0]{}, .bytes = [0]{}, .stringValue = ""}}
12-30 11:03:27.912   398   464 D adayocomadapter-CommunicationManager: onUpstreamReceive mPropertyId 0x214021c6
12-30 11:03:27.912   398   464 D adayocomadapter-CommunicationManager: onUpstreamReceive mPropertyId 0x21402227
12-30 11:03:27.912   398   464 D adayocomadapter-CommunicationManager: convertBytesToInt32Memcpy  0
12-30 11:03:27.912   398   464 I vw-vhal : notifyVehicleProperty, propId = 0x21402227, data = {status: 2, int32Values: [0]}
12-30 11:03:27.912   359  2784 D evsmanagerd: /dev/video-evs0 forwarded the buffer #0 to 0xb400f125d2b26dd0 from 0xb400f125e2b20710
12-30 11:03:27.912   398   464 I vw-vhal : CanSignalsAdapter::notifyVehicleProperty: solvedValue = {.timestamp = 8743734530040, .areaId = 0, .prop = 557851175, .status = AVAILABLE, .value = {.int32Values = [1]{0}, .floatValues = [0]{}, .int64Values = [0]{}, .bytes = [0]{}, .stringValue = ""}}
12-30 11:03:27.912   398   464 I VehiclePropertyStore: begin to write value to Store: {.timestamp = 8743734530040, .areaId = 0, .prop = 557851175, .status = AVAILABLE, .value = {.int32Values = [1]{0}, .floatValues = [0]{}, .int64Values = [0]{}, .bytes = [0]{}, .stringValue = ""}}
12-30 11:03:27.912   398   464 I DefaultVehicleHal_v2_0: DefaultVehicleHal::onPropertyValue, value:{.timestamp = 8743734530040, .areaId = 0, .prop = 557851175, .status = AVAILABLE, .value = {.int32Values = [1]{0}, .floatValues = [0]{}, .int64Values = [0]{}, .bytes = [0]{}, .stringValue = ""}}
12-30 11:03:27.912   398   464 D DiagPropHandler: is not DiagnosticConfig: 0x21402227
12-30 11:03:27.912   398   464 I VehiclePropertyStore: begin to write value to Store: {.timestamp = 8743734530040, .areaId = 0, .prop = 557851175, .status = AVAILABLE, .value = {.int32Values = [1]{0}, .floatValues = [0]{}, .int64Values = [0]{}, .bytes = [0]{}, .stringValue = ""}}
12-30 11:03:27.912   398   464 D adayocomadapter-CommunicationManager: onUpstreamReceive mPropertyId 0x21402227
12-30 11:03:27.912   398   464 D adayocomadapter-CommunicationManager: onUpstreamReceive mPropertyId 0x214021d3
12-30 11:03:27.912   398   464 D adayocomadapter-CommunicationManager: convertBytesToInt32Memcpy  0
12-30 11:03:27.912  3066  3066 D hostapd : nl80211: BSS Event 59 (NL80211_CMD_FRAME) received for wlan1
12-30 11:03:27.912   398   464 I vw-vhal : notifyVehicleProperty, propId = 0x214021d3, data = {status: 2, int32Values: [0]}
12-30 11:03:27.912  3066  3066 D hostapd : nl80211: RX frame da=ff:ff:ff:ff:ff:ff sa=16:a5:be:dc:88:df bssid=16:a5:be:dc:88:df freq=5745 ssi_signal=-9100 fc=0xd0 seq_ctrl=0x15d0 stype=13 (WLAN_FC_STYPE_ACTION) len=42
12-30 11:03:27.912   398   464 I vw-vhal : CanSignalsAdapter::notifyVehicleProperty: solvedValue = {.timestamp = 8743734739707, .areaId = 0, .prop = 557851091, .status = AVAILABLE, .value = {.int32Values = [1]{0}, .floatValues = [0]{}, .int64Values = [0]{}, .bytes = [0]{}, .stringValue = ""}}
12-30 11:03:27.912  3066  3066 D hostapd : wlan1: Event RX_MGMT (18) received
12-30 11:03:27.912   398   464 I VehiclePropertyStore: begin to write value to Store: {.timestamp = 8743734739707, .areaId = 0, .prop = 557851091, .status = AVAILABLE, .value = {.int32Values = [1]{0}, .floatValues = [0]{}, .int64Values = [0]{}, .bytes = [0]{}, .stringValue = ""}}
12-30 11:03:27.912  3066  3066 D hostapd : Receive wpa msg : Event RX_MGMT (18) received
12-30 11:03:27.912   398   464 I DefaultVehicleHal_v2_0: DefaultVehicleHal::onPropertyValue, value:{.timestamp = 8743734739707, .areaId = 0, .prop = 557851091, .status = AVAILABLE, .value = {.int32Values = [1]{0}, .floatValues = [0]{}, .int64Values = [0]{}, .bytes = [0]{}, .stringValue = ""}}
12-30 11:03:27.912   398   464 D DiagPropHandler: is not DiagnosticConfig: 0x214021d3
12-30 11:03:27.912   398   464 I VehiclePropertyStore: begin to write value to Store: {.timestamp = 8743734739707, .areaId = 0, .prop = 557851091, .status = AVAILABLE, .value = {.int32Values = [1]{0}, .floatValues = [0]{}, .int64Values = [0]{}, .bytes = [0]{}, .stringValue = ""}}
12-30 11:03:27.913   398   464 D adayocomadapter-CommunicationManager: onUpstreamReceive mPropertyId 0x214021d3
12-30 11:03:27.913   398   464 D adayocomadapter-CommunicationManager: onUpstreamReceive mPropertyId 0x21402234
12-30 11:03:27.913   398   464 D adayocomadapter-CommunicationManager: convertBytesToInt32Memcpy  0
12-30 11:03:27.913   398   464 I vw-vhal : notifyVehicleProperty, propId = 0x21402234, data = {status: 2, int32Values: [0]}
12-30 11:03:27.913   398   464 I vw-vhal : CanSignalsAdapter::notifyVehicleProperty: solvedValue = {.timestamp = 8743734935707, .areaId = 0, .prop = 557851188, .status = AVAILABLE, .value = {.int32Values = [1]{0}, .floatValues = [0]{}, .int64Values = [0]{}, .bytes = [0]{}, .stringValue = ""}}
12-30 11:03:27.913   398   464 I VehiclePropertyStore: begin to write value to Store: {.timestamp = 8743734935707, .areaId = 0, .prop = 557851188, .status = AVAILABLE, .value = {.int32Values = [1]{0}, .floatValues = [0]{}, .int64Values = [0]{}, .bytes = [0]{}, .stringValue = ""}}
12-30 11:03:27.913   398   464 I DefaultVehicleHal_v2_0: DefaultVehicleHal::onPropertyValue, value:{.timestamp = 8743734935707, .areaId = 0, .prop = 557851188, .status = AVAILABLE, .value = {.int32Values = [1]{0}, .floatValues = [0]{}, .int64Values = [0]{}, .bytes = [0]{}, .stringValue = ""}}
12-30 11:03:27.913   398   464 D DiagPropHandler: is not DiagnosticConfig: 0x21402234
12-30 11:03:27.913   398   464 I VehiclePropertyStore: begin to write value to Store: {.timestamp = 8743734935707, .areaId = 0, .prop = 557851188, .status = AVAILABLE, .value = {.int32Values = [1]{0}, .floatValues = [0]{}, .int64Values = [0]{}, .bytes = [0]{}, .stringValue = ""}}
12-30 11:03:27.913   398   464 D adayocomadapter-CommunicationManager: onUpstreamReceive mPropertyId 0x21402234
12-30 11:03:27.913   398   464 D adayocomadapter-CommunicationManager: onUpstreamReceive mPropertyId 0x214021d4
12-30 11:03:27.913   398   464 D adayocomadapter-CommunicationManager: convertBytesToInt32Memcpy  0
12-30 11:03:27.913   398   464 I vw-vhal : notifyVehicleProperty, propId = 0x214021d4, data = {status: 2, int32Values: [0]}
12-30 11:03:27.913   398   464 I vw-vhal : CanSignalsAdapter::notifyVehicleProperty: solvedValue = {.timestamp = 8743735122373, .areaId = 0, .prop = 557851092, .status = AVAILABLE, .value = {.int32Values = [1]{0}, .floatValues = [0]{}, .int64Values = [0]{}, .bytes = [0]{}, .stringValue = ""}}
12-30 11:03:27.913   398   464 I VehiclePropertyStore: begin to write value to Store: {.timestamp = 8743735122373, .areaId = 0, .prop = 557851092, .status = AVAILABLE, .value = {.int32Values = [1]{0}, .floatValues = [0]{}, .int64Values = [0]{}, .bytes = [0]{}, .stringValue = ""}}
12-30 11:03:27.913   398   464 I DefaultVehicleHal_v2_0: DefaultVehicleHal::onPropertyValue, value:{.timestamp = 8743735122373, .areaId = 0, .prop = 557851092, .status = AVAILABLE, .value = {.int32Values = [1]{0}, .floatValues = [0]{}, .int64Values = [0]{}, .bytes = [0]{}, .stringValue = ""}}
12-30 11:03:27.913   398   464 D DiagPropHandler: is not DiagnosticConfig: 0x214021d4
12-30 11:03:27.913   398   464 I VehiclePropertyStore: begin to write value to Store: {.timestamp = 8743735122373, .areaId = 0, .prop = 557851092, .status = AVAILABLE, .value = {.int32Values = [1]{0}, .floatValues = [0]{}, .int64Values = [0]{}, .bytes = [0]{}, .stringValue = ""}}
12-30 11:03:27.913   398   464 D adayocomadapter-CommunicationManager: onUpstreamReceive mPropertyId 0x214021d4
12-30 11:03:27.913   398   464 D adayocomadapter-CommunicationManager: onUpstreamReceive mPropertyId 0x21402235
12-30 11:03:27.913   398   464 D adayocomadapter-CommunicationManager: convertBytesToInt32Memcpy  0
12-30 11:03:27.913   398   464 I vw-vhal : notifyVehicleProperty, propId = 0x21402235, data = {status: 2, int32Values: [0]}
12-30 11:03:27.913   398   464 I vw-vhal : CanSignalsAdapter::notifyVehicleProperty: solvedValue = {.timestamp = 8743735319707, .areaId = 0, .prop = 557851189, .status = AVAILABLE, .value = {.int32Values = [1]{0}, .floatValues = [0]{}, .int64Values = [0]{}, .bytes = [0]{}, .stringValue = ""}}
12-30 11:03:27.913   398   464 I VehiclePropertyStore: begin to write value to Store: {.timestamp = 8743735319707, .areaId = 0, .prop = 557851189, .status = AVAILABLE, .value = {.int32Values = [1]{0}, .floatValues = [0]{}, .int64Values = [0]{}, .bytes = [0]{}, .stringValue = ""}}
12-30 11:03:27.913   398   464 I DefaultVehicleHal_v2_0: DefaultVehicleHal::onPropertyValue, value:{.timestamp = 8743735319707, .areaId = 0, .prop = 557851189, .status = AVAILABLE, .value = {.int32Values = [1]{0}, .floatValues = [0]{}, .int64Values = [0]{}, .bytes = [0]{}, .stringValue = ""}}
12-30 11:03:27.913   398   464 D DiagPropHandler: is not DiagnosticConfig: 0x21402235
12-30 11:03:27.913   398   464 I VehiclePropertyStore: begin to write value to Store: {.timestamp = 8743735319707, .areaId = 0, .prop = 557851189, .status = AVAILABLE, .value = {.int32Values = [1]{0}, .floatValues = [0]{}, .int64Values = [0]{}, .bytes = [0]{}, .stringValue = ""}}
12-30 11:03:27.913   398   464 D adayocomadapter-CommunicationManager: onUpstreamReceive mPropertyId 0x21402235
12-30 11:03:27.913   398   464 D adayocomadapter-CommunicationManager: onUpstreamReceive mPropertyId 0x21402228
12-30 11:03:27.913   398   464 D adayocomadapter-CommunicationManager: convertBytesToInt32Memcpy  0
12-30 11:03:27.913   398   464 I vw-vhal : notifyVehicleProperty, propId = 0x21402228, data = {status: 2, int32Values: [0]}
12-30 11:03:27.913   398   464 I vw-vhal : CanSignalsAdapter::notifyVehicleProperty: solvedValue = {.timestamp = 8743735522040, .areaId = 0, .prop = 557851176, .status = AVAILABLE, .value = {.int32Values = [1]{0}, .floatValues = [0]{}, .int64Values = [0]{}, .bytes = [0]{}, .stringValue = ""}}
12-30 11:03:27.913   398   464 I VehiclePropertyStore: begin to write value to Store: {.timestamp = 8743735522040, .areaId = 0, .prop = 557851176, .status = AVAILABLE, .value = {.int32Values = [1]{0}, .floatValues = [0]{}, .int64Values = [0]{}, .bytes = [0]{}, .stringValue = ""}}
12-30 11:03:27.913   398   464 I DefaultVehicleHal_v2_0: DefaultVehicleHal::onPropertyValue, value:{.timestamp = 8743735522040, .areaId = 0, .prop = 557851176, .status = AVAILABLE, .value = {.int32Values = [1]{0}, .floatValues = [0]{}, .int64Values = [0]{}, .bytes = [0]{}, .stringValue = ""}}
12-30 11:03:27.913   398   464 D DiagPropHandler: is not DiagnosticConfig: 0x21402228
12-30 11:03:27.913   398   464 I VehiclePropertyStore: begin to write value to Store: {.timestamp = 8743735522040, .areaId = 0, .prop = 557851176, .status = AVAILABLE, .value = {.int32Values = [1]{0}, .floatValues = [0]{}, .int64Values = [0]{}, .bytes = [0]{}, .stringValue = ""}}
12-30 11:03:27.913   398   464 D adayocomadapter-CommunicationManager: onUpstreamReceive mPropertyId 0x21402228
12-30 11:03:27.913   398   464 D adayocomadapter-CommunicationManager: onUpstreamReceive mPropertyId 0x21402229
12-30 11:03:27.913   398   464 D adayocomadapter-CommunicationManager: convertBytesToInt32Memcpy  0
12-30 11:03:27.913   398   464 I vw-vhal : notifyVehicleProperty, propId = 0x21402229, data = {status: 2, int32Values: [0]}
12-30 11:03:27.913   398   464 I vw-vhal : CanSignalsAdapter::notifyVehicleProperty: solvedValue = {.timestamp = 8743735710707, .areaId = 0, .prop = 557851177, .status = AVAILABLE, .value = {.int32Values = [1]{0}, .floatValues = [0]{}, .int64Values = [0]{}, .bytes = [0]{}, .stringValue = ""}}
12-30 11:03:27.913   398   464 I VehiclePropertyStore: begin to write value to Store: {.timestamp = 8743735710707, .areaId = 0, .prop = 557851177, .status = AVAILABLE, .value = {.int32Values = [1]{0}, .floatValues = [0]{}, .int64Values = [0]{}, .bytes = [0]{}, .stringValue = ""}}
12-30 11:03:27.913   398   464 I DefaultVehicleHal_v2_0: DefaultVehicleHal::onPropertyValue, value:{.timestamp = 8743735710707, .areaId = 0, .prop = 557851177, .status = AVAILABLE, .value = {.int32Values = [1]{0}, .floatValues = [0]{}, .int64Values = [0]{}, .bytes = [0]{}, .stringValue = ""}}
12-30 11:03:27.914   398   464 D DiagPropHandler: is not DiagnosticConfig: 0x21402229
12-30 11:03:27.914   398   464 I VehiclePropertyStore: begin to write value to Store: {.timestamp = 8743735710707, .areaId = 0, .prop = 557851177, .status = AVAILABLE, .value = {.int32Values = [1]{0}, .floatValues = [0]{}, .int64Values = [0]{}, .bytes = [0]{}, .stringValue = ""}}
12-30 11:03:27.914   398   464 D adayocomadapter-CommunicationManager: onUpstreamReceive mPropertyId 0x21402229
12-30 11:03:27.914   398   464 D adayocomadapter-CommunicationManager: onUpstreamReceive mPropertyId 0x21402236
12-30 11:03:27.914   398   464 D adayocomadapter-CommunicationManager: convertBytesToInt32Memcpy  0
12-30 11:03:27.914   398   464 I vw-vhal : notifyVehicleProperty, propId = 0x21402236, data = {status: 2, int32Values: [0]}
12-30 11:03:27.914   398   464 I vw-vhal : CanSignalsAdapter::notifyVehicleProperty: solvedValue = {.timestamp = 8743735971707, .areaId = 0, .prop = 557851190, .status = AVAILABLE, .value = {.int32Values = [1]{0}, .floatValues = [0]{}, .int64Values = [0]{}, .bytes = [0]{}, .stringValue = ""}}
12-30 11:03:27.914   398   464 I VehiclePropertyStore: begin to write value to Store: {.timestamp = 8743735971707, .areaId = 0, .prop = 557851190, .status = AVAILABLE, .value = {.int32Values = [1]{0}, .floatValues = [0]{}, .int64Values = [0]{}, .bytes = [0]{}, .stringValue = ""}}
12-30 11:03:27.914   398   464 I DefaultVehicleHal_v2_0: DefaultVehicleHal::onPropertyValue, value:{.timestamp = 8743735971707, .areaId = 0, .prop = 557851190, .status = AVAILABLE, .value = {.int32Values = [1]{0}, .floatValues = [0]{}, .int64Values = [0]{}, .bytes = [0]{}, .stringValue = ""}}
12-30 11:03:27.914   398   464 D DiagPropHandler: is not DiagnosticConfig: 0x21402236
12-30 11:03:27.914   398   464 I VehiclePropertyStore: begin to write value to Store: {.timestamp = 8743735971707, .areaId = 0, .prop = 557851190, .status = AVAILABLE, .value = {.int32Values = [1]{0}, .floatValues = [0]{}, .int64Values = [0]{}, .bytes = [0]{}, .stringValue = ""}}
12-30 11:03:27.914   398   464 D adayocomadapter-CommunicationManager: onUpstreamReceive mPropertyId 0x21402236
12-30 11:03:27.914   398   464 D adayocomadapter-CommunicationManager: onUpstreamReceive mPropertyId 0x21402237
12-30 11:03:27.914   398   464 D adayocomadapter-CommunicationManager: convertBytesToInt32Memcpy  0
12-30 11:03:27.914   398   464 I vw-vhal : notifyVehicleProperty, propId = 0x21402237, data = {status: 2, int32Values: [0]}
12-30 11:03:27.914   398   464 I vw-vhal : CanSignalsAdapter::notifyVehicleProperty: solvedValue = {.timestamp = 8743736187040, .areaId = 0, .prop = 557851191, .status = AVAILABLE, .value = {.int32Values = [1]{0}, .floatValues = [0]{}, .int64Values = [0]{}, .bytes = [0]{}, .stringValue = ""}}
12-30 11:03:27.914   398   464 I VehiclePropertyStore: begin to write value to Store: {.timestamp = 8743736187040, .areaId = 0, .prop = 557851191, .status = AVAILABLE, .value = {.int32Values = [1]{0}, .floatValues = [0]{}, .int64Values = [0]{}, .bytes = [0]{}, .stringValue = ""}}
12-30 11:03:27.914   398   464 I DefaultVehicleHal_v2_0: DefaultVehicleHal::onPropertyValue, value:{.timestamp = 8743736187040, .areaId = 0, .prop = 557851191, .status = AVAILABLE, .value = {.int32Values = [1]{0}, .floatValues = [0]{}, .int64Values = [0]{}, .bytes = [0]{}, .stringValue = ""}}
12-30 11:03:27.914   398   464 D DiagPropHandler: is not DiagnosticConfig: 0x21402237
12-30 11:03:27.914   398   464 I VehiclePropertyStore: begin to write value to Store: {.timestamp = 8743736187040, .areaId = 0, .prop = 557851191, .status = AVAILABLE, .value = {.int32Values = [1]{0}, .floatValues = [0]{}, .int64Values = [0]{}, .bytes = [0]{}, .stringValue = ""}}
12-30 11:03:27.914   398   464 D adayocomadapter-CommunicationManager: onUpstreamReceive mPropertyId 0x21402237
12-30 11:03:27.914   398   464 D adayocomadapter-CommunicationManager: onUpstreamReceive mPropertyId 0x21402238
12-30 11:03:27.914   398   464 D adayocomadapter-CommunicationManager: convertBytesToInt32Memcpy  0
12-30 11:03:27.914   398   464 I vw-vhal : notifyVehicleProperty, propId = 0x21402238, data = {status: 2, int32Values: [0]}
12-30 11:03:27.914   398   464 I vw-vhal : CanSignalsAdapter::notifyVehicleProperty: solvedValue = {.timestamp = 8743736434373, .areaId = 0, .prop = 557851192, .status = AVAILABLE, .value = {.int32Values = [1]{0}, .floatValues = [0]{}, .int64Values = [0]{}, .bytes = [0]{}, .stringValue = ""}}
12-30 11:03:27.914   398   464 I VehiclePropertyStore: begin to write value to Store: {.timestamp = 8743736434373, .areaId = 0, .prop = 557851192, .status = AVAILABLE, .value = {.int32Values = [1]{0}, .floatValues = [0]{}, .int64Values = [0]{}, .bytes = [0]{}, .stringValue = ""}}
12-30 11:03:27.914   398   464 I DefaultVehicleHal_v2_0: DefaultVehicleHal::onPropertyValue, value:{.timestamp = 8743736434373, .areaId = 0, .prop = 557851192, .status = AVAILABLE, .value = {.int32Values = [1]{0}, .floatValues = [0]{}, .int64Values = [0]{}, .bytes = [0]{}, .stringValue = ""}}
12-30 11:03:27.914   398   464 D DiagPropHandler: is not DiagnosticConfig: 0x21402238
12-30 11:03:27.914   398   464 I VehiclePropertyStore: begin to write value to Store: {.timestamp = 8743736434373, .areaId = 0, .prop = 557851192, .status = AVAILABLE, .value = {.int32Values = [1]{0}, .floatValues = [0]{}, .int64Values = [0]{}, .bytes = [0]{}, .stringValue = ""}}
12-30 11:03:27.914   398   464 D adayocomadapter-CommunicationManager: onUpstreamReceive mPropertyId 0x21402238
12-30 11:03:27.914   398   464 D adayocomadapter-CommunicationManager: onUpstreamReceive mPropertyId 0x21402239
12-30 11:03:27.914   398   464 D adayocomadapter-CommunicationManager: convertBytesToInt32Memcpy  0
12-30 11:03:27.914   398   464 I vw-vhal : notifyVehicleProperty, propId = 0x21402239, data = {status: 2, int32Values: [0]}
12-30 11:03:27.914   398   464 I vw-vhal : CanSignalsAdapter::notifyVehicleProperty: solvedValue = {.timestamp = 8743736616040, .areaId = 0, .prop = 557851193, .status = AVAILABLE, .value = {.int32Values = [1]{0}, .floatValues = [0]{}, .int64Values = [0]{}, .bytes = [0]{}, .stringValue = ""}}
12-30 11:03:27.914   398   464 I VehiclePropertyStore: begin to write value to Store: {.timestamp = 8743736616040, .areaId = 0, .prop = 557851193, .status = AVAILABLE, .value = {.int32Values = [1]{0}, .floatValues = [0]{}, .int64Values = [0]{}, .bytes = [0]{}, .stringValue = ""}}
12-30 11:03:27.914   398   464 I DefaultVehicleHal_v2_0: DefaultVehicleHal::onPropertyValue, value:{.timestamp = 8743736616040, .areaId = 0, .prop = 557851193, .status = AVAILABLE, .value = {.int32Values = [1]{0}, .floatValues = [0]{}, .int64Values = [0]{}, .bytes = [0]{}, .stringValue = ""}}
12-30 11:03:27.914   398   464 D DiagPropHandler: is not DiagnosticConfig: 0x21402239
12-30 11:03:27.914   398   464 I VehiclePropertyStore: begin to write value to Store: {.timestamp = 8743736616040, .areaId = 0, .prop = 557851193, .status = AVAILABLE, .value = {.int32Values = [1]{0}, .floatValues = [0]{}, .int64Values = [0]{}, .bytes = [0]{}, .stringValue = ""}}
12-30 11:03:27.914   398   464 D adayocomadapter-CommunicationManager: onUpstreamReceive mPropertyId 0x21402239
12-30 11:03:27.914   398   464 D adayocomadapter-CommunicationManager: onUpstreamReceive mPropertyId 0x2140223a
12-30 11:03:27.914   398   464 D adayocomadapter-CommunicationManager: convertBytesToInt32Memcpy  0
12-30 11:03:27.914   398   464 I vw-vhal : notifyVehicleProperty, propId = 0x2140223a, data = {status: 2, int32Values: [0]}
12-30 11:03:27.914   398   464 I vw-vhal : CanSignalsAdapter::notifyVehicleProperty: solvedValue = {.timestamp = 8743736799373, .areaId = 0, .prop = 557851194, .status = AVAILABLE, .value = {.int32Values = [1]{0}, .floatValues = [0]{}, .int64Values = [0]{}, .bytes = [0]{}, .stringValue = ""}}
12-30 11:03:27.914   398   464 I VehiclePropertyStore: begin to write value to Store: {.timestamp = 8743736799373, .areaId = 0, .prop = 557851194, .status = AVAILABLE, .value = {.int32Values = [1]{0}, .floatValues = [0]{}, .int64Values = [0]{}, .bytes = [0]{}, .stringValue = ""}}
12-30 11:03:27.915   398   464 I DefaultVehicleHal_v2_0: DefaultVehicleHal::onPropertyValue, value:{.timestamp = 8743736799373, .areaId = 0, .prop = 557851194, .status = AVAILABLE, .value = {.int32Values = [1]{0}, .floatValues = [0]{}, .int64Values = [0]{}, .bytes = [0]{}, .stringValue = ""}}
12-30 11:03:27.915   398   464 D DiagPropHandler: is not DiagnosticConfig: 0x2140223a
12-30 11:03:27.915   398   464 I VehiclePropertyStore: begin to write value to Store: {.timestamp = 8743736799373, .areaId = 0, .prop = 557851194, .status = AVAILABLE, .value = {.int32Values = [1]{0}, .floatValues = [0]{}, .int64Values = [0]{}, .bytes = [0]{}, .stringValue = ""}}
12-30 11:03:27.915   398   464 D adayocomadapter-CommunicationManager: onUpstreamReceive mPropertyId 0x2140223a
12-30 11:03:27.915   398   464 D adayocomadapter-CommunicationManager: onUpstreamReceive mPropertyId 0x2140223b
12-30 11:03:27.915   398   464 D adayocomadapter-CommunicationManager: convertBytesToInt32Memcpy  0
12-30 11:03:27.915   398   464 I vw-vhal : notifyVehicleProperty, propId = 0x2140223b, data = {status: 2, int32Values: [0]}
12-30 11:03:27.915   398   464 I vw-vhal : CanSignalsAdapter::notifyVehicleProperty: solvedValue = {.timestamp = 8743736984040, .areaId = 0, .prop = 557851195, .status = AVAILABLE, .value = {.int32Values = [1]{0}, .floatValues = [0]{}, .int64Values = [0]{}, .bytes = [0]{}, .stringValue = ""}}
12-30 11:03:27.915   398   464 I VehiclePropertyStore: begin to write value to Store: {.timestamp = 8743736984040, .areaId = 0, .prop = 557851195, .status = AVAILABLE, .value = {.int32Values = [1]{0}, .floatValues = [0]{}, .int64Values = [0]{}, .bytes = [0]{}, .stringValue = ""}}
12-30 11:03:27.915   398   464 I DefaultVehicleHal_v2_0: DefaultVehicleHal::onPropertyValue, value:{.timestamp = 8743736984040, .areaId = 0, .prop = 557851195, .status = AVAILABLE, .value = {.int32Values = [1]{0}, .floatValues = [0]{}, .int64Values = [0]{}, .bytes = [0]{}, .stringValue = ""}}
12-30 11:03:27.915   398   464 D DiagPropHandler: is not DiagnosticConfig: 0x2140223b
12-30 11:03:27.915   398   464 I VehiclePropertyStore: begin to write value to Store: {.timestamp = 8743736984040, .areaId = 0, .prop = 557851195, .status = AVAILABLE, .value = {.int32Values = [1]{0}, .floatValues = [0]{}, .int64Values = [0]{}, .bytes = [0]{}, .stringValue = ""}}
12-30 11:03:27.915   398   464 D adayocomadapter-CommunicationManager: onUpstreamReceive mPropertyId 0x2140223b
12-30 11:03:27.915   398   464 D adayocomadapter-CommunicationManager: onUpstreamReceive mPropertyId 0x2140223c
12-30 11:03:27.915   398   464 D adayocomadapter-CommunicationManager: convertBytesToInt32Memcpy  0
12-30 11:03:27.915   398   464 I vw-vhal : notifyVehicleProperty, propId = 0x2140223c, data = {status: 2, int32Values: [0]}
12-30 11:03:27.915   398   464 I vw-vhal : CanSignalsAdapter::notifyVehicleProperty: solvedValue = {.timestamp = 8743737176040, .areaId = 0, .prop = 557851196, .status = AVAILABLE, .value = {.int32Values = [1]{0}, .floatValues = [0]{}, .int64Values = [0]{}, .bytes = [0]{}, .stringValue = ""}}
12-30 11:03:27.915   398   464 I VehiclePropertyStore: begin to write value to Store: {.timestamp = 8743737176040, .areaId = 0, .prop = 557851196, .status = AVAILABLE, .value = {.int32Values = [1]{0}, .floatValues = [0]{}, .int64Values = [0]{}, .bytes = [0]{}, .stringValue = ""}}
12-30 11:03:27.915   398   464 I DefaultVehicleHal_v2_0: DefaultVehicleHal::onPropertyValue, value:{.timestamp = 8743737176040, .areaId = 0, .prop = 557851196, .status = AVAILABLE, .value = {.int32Values = [1]{0}, .floatValues = [0]{}, .int64Values = [0]{}, .bytes = [0]{}, .stringValue = ""}}
12-30 11:03:27.915   398   464 D DiagPropHandler: is not DiagnosticConfig: 0x2140223c
12-30 11:03:27.915   398   464 I VehiclePropertyStore: begin to write value to Store: {.timestamp = 8743737176040, .areaId = 0, .prop = 557851196, .status = AVAILABLE, .value = {.int32Values = [1]{0}, .floatValues = [0]{}, .int64Values = [0]{}, .bytes = [0]{}, .stringValue = ""}}
12-30 11:03:27.915   398   464 D adayocomadapter-CommunicationManager: onUpstreamReceive mPropertyId 0x2140223c
12-30 11:03:27.915   398   464 D adayocomadapter-CommunicationManager: onUpstreamReceive mPropertyId 0x21402241
12-30 11:03:27.915   398   464 D adayocomadapter-CommunicationManager: convertBytesToInt32Memcpy  0
12-30 11:03:27.915   398   464 I vw-vhal : notifyVehicleProperty, propId = 0x21402241, data = {status: 2, int32Values: [0]}
12-30 11:03:27.915   398   464 I vw-vhal : CanSignalsAdapter::notifyVehicleProperty: solvedValue = {.timestamp = 8743737511707, .areaId = 0, .prop = 557851201, .status = AVAILABLE, .value = {.int32Values = [1]{0}, .floatValues = [0]{}, .int64Values = [0]{}, .bytes = [0]{}, .stringValue = ""}}
12-30 11:03:27.915   398   464 I VehiclePropertyStore: begin to write value to Store: {.timestamp = 8743737511707, .areaId = 0, .prop = 557851201, .status = AVAILABLE, .value = {.int32Values = [1]{0}, .floatValues = [0]{}, .int64Values = [0]{}, .bytes = [0]{}, .stringValue = ""}}
12-30 11:03:27.915   398   464 I DefaultVehicleHal_v2_0: DefaultVehicleHal::onPropertyValue, value:{.timestamp = 8743737511707, .areaId = 0, .prop = 557851201, .status = AVAILABLE, .value = {.int32Values = [1]{0}, .floatValues = [0]{}, .int64Values = [0]{}, .bytes = [0]{}, .stringValue = ""}}
12-30 11:03:27.915   398   464 D DiagPropHandler: is not DiagnosticConfig: 0x21402241
