12-30 11:03:31.758   398   464 I VehiclePropertyStore: begin to write value to Store: {.timestamp = 8747580412707, .areaId = 0, .prop = 557851161, .status = AVAILABLE, .value = {.int32Values = [1]{0}, .floatValues = [0]{}, .int64Values = [0]{}, .bytes = [0]{}, .stringValue = ""}}
12-30 11:03:31.758   398   464 I DefaultVehicleHal_v2_0: DefaultVehicleHal::onPropertyValue, value:{.timestamp = 8747580412707, .areaId = 0, .prop = 557851161, .status = AVAILABLE, .value = {.int32Values = [1]{0}, .floatValues = [0]{}, .int64Values = [0]{}, .bytes = [0]{}, .stringValue = ""}}
12-30 11:03:31.758   650   729 D fgemcucomm: sd Uart data : 6AA60210FE000292025A
12-30 11:03:31.758   398   464 D DiagPropHandler: is not DiagnosticConfig: 0x21402219
12-30 11:03:31.758   398   464 I VehiclePropertyStore: begin to write value to Store: {.timestamp = 8747580412707, .areaId = 0, .prop = 557851161, .status = AVAILABLE, .value = {.int32Values = [1]{0}, .floatValues = [0]{}, .int64Values = [0]{}, .bytes = [0]{}, .stringValue = ""}}
12-30 11:03:31.758   398   464 D adayocomadapter-CommunicationManager: onUpstreamReceive mPropertyId 0x21402219
12-30 11:03:31.759   398   464 D adayocomadapter-CommunicationManager: onUpstreamReceive mPropertyId 0x2140215b
12-30 11:03:31.759   398   464 D adayocomadapter-CommunicationManager: convertBytesToInt32Memcpy  0
12-30 11:03:31.759   398   464 I vw-vhal : notifyVehicleProperty, propId = 0x2140215b, data = {status: 2, int32Values: [0]}
12-30 11:03:31.759   650   729 D fgemcucomm: rev uart=72277,len=60, data : 6AA68110FE00349202001800000000000000000000000000000000000000000000000000000000000000000000000000000000000000000000000091
12-30 11:03:31.759   398   464 I vw-vhal : CanSignalsAdapter::notifyVehicleProperty: solvedValue = {.timestamp = 8747581063040, .areaId = 0, .prop = 557850971, .status = AVAILABLE, .value = {.int32Values = [1]{0}, .floatValues = [0]{}, .int64Values = [0]{}, .bytes = [0]{}, .stringValue = ""}}
12-30 11:03:31.759   398   464 I VehiclePropertyStore: begin to write value to Store: {.timestamp = 8747581063040, .areaId = 0, .prop = 557850971, .status = AVAILABLE, .value = {.int32Values = [1]{0}, .floatValues = [0]{}, .int64Values = [0]{}, .bytes = [0]{}, .stringValue = ""}}
12-30 11:03:31.759   398   464 I DefaultVehicleHal_v2_0: DefaultVehicleHal::onPropertyValue, value:{.timestamp = 8747581063040, .areaId = 0, .prop = 557850971, .status = AVAILABLE, .value = {.int32Values = [1]{0}, .floatValues = [0]{}, .int64Values = [0]{}, .bytes = [0]{}, .stringValue = ""}}
12-30 11:03:31.759   398   464 D DiagPropHandler: is not DiagnosticConfig: 0x2140215b
12-30 11:03:31.759   398   464 I VehiclePropertyStore: begin to write value to Store: {.timestamp = 8747581063040, .areaId = 0, .prop = 557850971, .status = AVAILABLE, .value = {.int32Values = [1]{0}, .floatValues = [0]{}, .int64Values = [0]{}, .bytes = [0]{}, .stringValue = ""}}
12-30 11:03:31.759   398   464 D adayocomadapter-CommunicationManager: onUpstreamReceive mPropertyId 0x2140215b
12-30 11:03:31.759   398   882 D adayocomadapter-ParseProtocolFunc: printRaWMsg Name[MCUToUPstream recv] len[52] data[92020018000000000000000000000000000000000000000000000000000000000000000000000000000000000000000000000000]
12-30 11:03:31.759   398   464 D adayocomadapter-CommunicationManager: onUpstreamReceive mPropertyId 0x214021bc
12-30 11:03:31.759   398   882 D adayocomadapter-CommunicationManager: onUpstreamback   member[0] dataLength[49] timePoint[8747581]
12-30 11:03:31.759   398   464 D adayocomadapter-CommunicationManager: convertBytesToInt32Memcpy  0
12-30 11:03:31.759   398   464 I vw-vhal : notifyVehicleProperty, propId = 0x214021bc, data = {status: 2, int32Values: [0]}
12-30 11:03:31.759   398   882 D adayocomadapter-ParseProtocolFunc: printRaWMsg Name[onUpstreamback] len[49] data[18000000000000000000000000000000000000000000000000000000000000000000000000000000000000000000000000]
12-30 11:03:31.759   398   464 I vw-vhal : CanSignalsAdapter::notifyVehicleProperty: solvedValue = {.timestamp = 8747581748040, .areaId = 0, .prop = 557851068, .status = AVAILABLE, .value = {.int32Values = [1]{0}, .floatValues = [0]{}, .int64Values = [0]{}, .bytes = [0]{}, .stringValue = ""}}
12-30 11:03:31.760   398   464 I VehiclePropertyStore: begin to write value to Store: {.timestamp = 8747581748040, .areaId = 0, .prop = 557851068, .status = AVAILABLE, .value = {.int32Values = [1]{0}, .floatValues = [0]{}, .int64Values = [0]{}, .bytes = [0]{}, .stringValue = ""}}
12-30 11:03:31.760   398   464 I DefaultVehicleHal_v2_0: DefaultVehicleHal::onPropertyValue, value:{.timestamp = 8747581748040, .areaId = 0, .prop = 557851068, .status = AVAILABLE, .value = {.int32Values = [1]{0}, .floatValues = [0]{}, .int64Values = [0]{}, .bytes = [0]{}, .stringValue = ""}}
12-30 11:03:31.760   398   464 D DiagPropHandler: is not DiagnosticConfig: 0x214021bc
12-30 11:03:31.760   398   464 I VehiclePropertyStore: begin to write value to Store: {.timestamp = 8747581748040, .areaId = 0, .prop = 557851068, .status = AVAILABLE, .value = {.int32Values = [1]{0}, .floatValues = [0]{}, .int64Values = [0]{}, .bytes = [0]{}, .stringValue = ""}}
12-30 11:03:31.760   398   464 D adayocomadapter-CommunicationManager: onUpstreamReceive mPropertyId 0x214021bc
12-30 11:03:31.760   398   464 D adayocomadapter-CommunicationManager: onUpstreamReceive mPropertyId 0x2140221d
12-30 11:03:31.760   398   464 D adayocomadapter-CommunicationManager: convertBytesToInt32Memcpy  0
12-30 11:03:31.760   398   464 I vw-vhal : notifyVehicleProperty, propId = 0x2140221d, data = {status: 2, int32Values: [0]}
12-30 11:03:31.760   398   464 I vw-vhal : CanSignalsAdapter::notifyVehicleProperty: solvedValue = {.timestamp = 8747582416040, .areaId = 0, .prop = 557851165, .status = AVAILABLE, .value = {.int32Values = [1]{0}, .floatValues = [0]{}, .int64Values = [0]{}, .bytes = [0]{}, .stringValue = ""}}
12-30 11:03:31.760   398   464 I VehiclePropertyStore: begin to write value to Store: {.timestamp = 8747582416040, .areaId = 0, .prop = 557851165, .status = AVAILABLE, .value = {.int32Values = [1]{0}, .floatValues = [0]{}, .int64Values = [0]{}, .bytes = [0]{}, .stringValue = ""}}
12-30 11:03:31.760   398   464 I DefaultVehicleHal_v2_0: DefaultVehicleHal::onPropertyValue, value:{.timestamp = 8747582416040, .areaId = 0, .prop = 557851165, .status = AVAILABLE, .value = {.int32Values = [1]{0}, .floatValues = [0]{}, .int64Values = [0]{}, .bytes = [0]{}, .stringValue = ""}}
12-30 11:03:31.760   398   464 D DiagPropHandler: is not DiagnosticConfig: 0x2140221d
12-30 11:03:31.760   398   464 I VehiclePropertyStore: begin to write value to Store: {.timestamp = 8747582416040, .areaId = 0, .prop = 557851165, .status = AVAILABLE, .value = {.int32Values = [1]{0}, .floatValues = [0]{}, .int64Values = [0]{}, .bytes = [0]{}, .stringValue = ""}}
12-30 11:03:31.761   398   464 D adayocomadapter-CommunicationManager: onUpstreamReceive mPropertyId 0x2140221d
12-30 11:03:31.761   398   464 D adayocomadapter-CommunicationManager: onUpstreamReceive mPropertyId 0x214021b9
12-30 11:03:31.761   398   464 D adayocomadapter-CommunicationManager: convertBytesToInt32Memcpy  0
12-30 11:03:31.761   398   464 I vw-vhal : notifyVehicleProperty, propId = 0x214021b9, data = {status: 2, int32Values: [0]}
12-30 11:03:31.761   398   464 I vw-vhal : CanSignalsAdapter::notifyVehicleProperty: solvedValue = {.timestamp = 8747583068707, .areaId = 0, .prop = 557851065, .status = AVAILABLE, .value = {.int32Values = [1]{0}, .floatValues = [0]{}, .int64Values = [0]{}, .bytes = [0]{}, .stringValue = ""}}
12-30 11:03:31.761   398   464 I VehiclePropertyStore: begin to write value to Store: {.timestamp = 8747583068707, .areaId = 0, .prop = 557851065, .status = AVAILABLE, .value = {.int32Values = [1]{0}, .floatValues = [0]{}, .int64Values = [0]{}, .bytes = [0]{}, .stringValue = ""}}
12-30 11:03:31.761   398   464 I DefaultVehicleHal_v2_0: DefaultVehicleHal::onPropertyValue, value:{.timestamp = 8747583068707, .areaId = 0, .prop = 557851065, .status = AVAILABLE, .value = {.int32Values = [1]{0}, .floatValues = [0]{}, .int64Values = [0]{}, .bytes = [0]{}, .stringValue = ""}}
12-30 11:03:31.761   398   464 D DiagPropHandler: is not DiagnosticConfig: 0x214021b9
12-30 11:03:31.761   398   464 I VehiclePropertyStore: begin to write value to Store: {.timestamp = 8747583068707, .areaId = 0, .prop = 557851065, .status = AVAILABLE, .value = {.int32Values = [1]{0}, .floatValues = [0]{}, .int64Values = [0]{}, .bytes = [0]{}, .stringValue = ""}}
12-30 11:03:31.761   398   464 D adayocomadapter-CommunicationManager: onUpstreamReceive mPropertyId 0x214021b9
12-30 11:03:31.761   398   464 D adayocomadapter-CommunicationManager: onUpstreamReceive mPropertyId 0x2140221a
12-30 11:03:31.761   398   464 D adayocomadapter-CommunicationManager: convertBytesToInt32Memcpy  0
12-30 11:03:31.761   398   464 I vw-vhal : notifyVehicleProperty, propId = 0x2140221a, data = {status: 2, int32Values: [0]}
12-30 11:03:31.761   398   464 I vw-vhal : CanSignalsAdapter::notifyVehicleProperty: solvedValue = {.timestamp = 8747583743040, .areaId = 0, .prop = 557851162, .status = AVAILABLE, .value = {.int32Values = [1]{0}, .floatValues = [0]{}, .int64Values = [0]{}, .bytes = [0]{}, .stringValue = ""}}
12-30 11:03:31.762   398   464 I VehiclePropertyStore: begin to write value to Store: {.timestamp = 8747583743040, .areaId = 0, .prop = 557851162, .status = AVAILABLE, .value = {.int32Values = [1]{0}, .floatValues = [0]{}, .int64Values = [0]{}, .bytes = [0]{}, .stringValue = ""}}
12-30 11:03:31.762   398   464 I DefaultVehicleHal_v2_0: DefaultVehicleHal::onPropertyValue, value:{.timestamp = 8747583743040, .areaId = 0, .prop = 557851162, .status = AVAILABLE, .value = {.int32Values = [1]{0}, .floatValues = [0]{}, .int64Values = [0]{}, .bytes = [0]{}, .stringValue = ""}}
12-30 11:03:31.762   398   464 D DiagPropHandler: is not DiagnosticConfig: 0x2140221a
12-30 11:03:31.762   398   464 I VehiclePropertyStore: begin to write value to Store: {.timestamp = 8747583743040, .areaId = 0, .prop = 557851162, .status = AVAILABLE, .value = {.int32Values = [1]{0}, .floatValues = [0]{}, .int64Values = [0]{}, .bytes = [0]{}, .stringValue = ""}}
12-30 11:03:31.762   398   464 D adayocomadapter-CommunicationManager: onUpstreamReceive mPropertyId 0x2140221a
12-30 11:03:31.762   398   464 D adayocomadapter-CommunicationManager: onUpstreamReceive mPropertyId 0x214021bb
12-30 11:03:31.762   398   464 D adayocomadapter-CommunicationManager: convertBytesToInt32Memcpy  0
12-30 11:03:31.762   398   464 I vw-vhal : notifyVehicleProperty, propId = 0x214021bb, data = {status: 2, int32Values: [0]}
12-30 11:03:31.762   398   464 I vw-vhal : CanSignalsAdapter::notifyVehicleProperty: solvedValue = {.timestamp = 8747584498040, .areaId = 0, .prop = 557851067, .status = AVAILABLE, .value = {.int32Values = [1]{0}, .floatValues = [0]{}, .int64Values = [0]{}, .bytes = [0]{}, .stringValue = ""}}
12-30 11:03:31.762   398   464 I VehiclePropertyStore: begin to write value to Store: {.timestamp = 8747584498040, .areaId = 0, .prop = 557851067, .status = AVAILABLE, .value = {.int32Values = [1]{0}, .floatValues = [0]{}, .int64Values = [0]{}, .bytes = [0]{}, .stringValue = ""}}
12-30 11:03:31.762   398   464 I DefaultVehicleHal_v2_0: DefaultVehicleHal::onPropertyValue, value:{.timestamp = 8747584498040, .areaId = 0, .prop = 557851067, .status = AVAILABLE, .value = {.int32Values = [1]{0}, .floatValues = [0]{}, .int64Values = [0]{}, .bytes = [0]{}, .stringValue = ""}}
12-30 11:03:31.762   398   464 D DiagPropHandler: is not DiagnosticConfig: 0x214021bb
12-30 11:03:31.763   398   464 I VehiclePropertyStore: begin to write value to Store: {.timestamp = 8747584498040, .areaId = 0, .prop = 557851067, .status = AVAILABLE, .value = {.int32Values = [1]{0}, .floatValues = [0]{}, .int64Values = [0]{}, .bytes = [0]{}, .stringValue = ""}}
12-30 11:03:31.763   398   464 D adayocomadapter-CommunicationManager: onUpstreamReceive mPropertyId 0x214021bb
12-30 11:03:31.763   398   464 D adayocomadapter-CommunicationManager: onUpstreamReceive mPropertyId 0x2140215a
12-30 11:03:31.763   398   464 D adayocomadapter-CommunicationManager: convertBytesToInt32Memcpy  0
12-30 11:03:31.763   398   464 I vw-vhal : notifyVehicleProperty, propId = 0x2140215a, data = {status: 2, int32Values: [0]}
12-30 11:03:31.763   398   464 I vw-vhal : CanSignalsAdapter::notifyVehicleProperty: solvedValue = {.timestamp = 8747585172040, .areaId = 0, .prop = 557850970, .status = AVAILABLE, .value = {.int32Values = [1]{0}, .floatValues = [0]{}, .int64Values = [0]{}, .bytes = [0]{}, .stringValue = ""}}
12-30 11:03:31.763   398   464 I VehiclePropertyStore: begin to write value to Store: {.timestamp = 8747585172040, .areaId = 0, .prop = 557850970, .status = AVAILABLE, .value = {.int32Values = [1]{0}, .floatValues = [0]{}, .int64Values = [0]{}, .bytes = [0]{}, .stringValue = ""}}
12-30 11:03:31.763   398   464 I DefaultVehicleHal_v2_0: DefaultVehicleHal::onPropertyValue, value:{.timestamp = 8747585172040, .areaId = 0, .prop = 557850970, .status = AVAILABLE, .value = {.int32Values = [1]{0}, .floatValues = [0]{}, .int64Values = [0]{}, .bytes = [0]{}, .stringValue = ""}}
12-30 11:03:31.763   398   464 D DiagPropHandler: is not DiagnosticConfig: 0x2140215a
12-30 11:03:31.763   398   464 I VehiclePropertyStore: begin to write value to Store: {.timestamp = 8747585172040, .areaId = 0, .prop = 557850970, .status = AVAILABLE, .value = {.int32Values = [1]{0}, .floatValues = [0]{}, .int64Values = [0]{}, .bytes = [0]{}, .stringValue = ""}}
12-30 11:03:31.763   398   464 D adayocomadapter-CommunicationManager: onUpstreamReceive mPropertyId 0x2140215a
12-30 11:03:31.763   398   464 D adayocomadapter-CommunicationManager: onUpstreamReceive mPropertyId 0x2140221c
12-30 11:03:31.763   398   464 D adayocomadapter-CommunicationManager: convertBytesToInt32Memcpy  0
12-30 11:03:31.763   398   464 I vw-vhal : notifyVehicleProperty, propId = 0x2140221c, data = {status: 2, int32Values: [0]}
12-30 11:03:31.764   398   464 I vw-vhal : CanSignalsAdapter::notifyVehicleProperty: solvedValue = {.timestamp = 8747585863040, .areaId = 0, .prop = 557851164, .status = AVAILABLE, .value = {.int32Values = [1]{0}, .floatValues = [0]{}, .int64Values = [0]{}, .bytes = [0]{}, .stringValue = ""}}
12-30 11:03:31.764   398   464 I VehiclePropertyStore: begin to write value to Store: {.timestamp = 8747585863040, .areaId = 0, .prop = 557851164, .status = AVAILABLE, .value = {.int32Values = [1]{0}, .floatValues = [0]{}, .int64Values = [0]{}, .bytes = [0]{}, .stringValue = ""}}
12-30 11:03:31.764   398   464 I DefaultVehicleHal_v2_0: DefaultVehicleHal::onPropertyValue, value:{.timestamp = 8747585863040, .areaId = 0, .prop = 557851164, .status = AVAILABLE, .value = {.int32Values = [1]{0}, .floatValues = [0]{}, .int64Values = [0]{}, .bytes = [0]{}, .stringValue = ""}}
12-30 11:03:31.764   398   464 D DiagPropHandler: is not DiagnosticConfig: 0x2140221c
12-30 11:03:31.764   398   464 I VehiclePropertyStore: begin to write value to Store: {.timestamp = 8747585863040, .areaId = 0, .prop = 557851164, .status = AVAILABLE, .value = {.int32Values = [1]{0}, .floatValues = [0]{}, .int64Values = [0]{}, .bytes = [0]{}, .stringValue = ""}}
12-30 11:03:31.764   398   464 D adayocomadapter-CommunicationManager: onUpstreamReceive mPropertyId 0x2140221c
12-30 11:03:31.764   398   464 D adayocomadapter-CommunicationManager: onUpstreamReceive mPropertyId 0x214021be
12-30 11:03:31.764   398   464 D adayocomadapter-CommunicationManager: convertBytesToInt32Memcpy  0
12-30 11:03:31.764   398   464 I vw-vhal : notifyVehicleProperty, propId = 0x214021be, data = {status: 2, int32Values: [0]}
12-30 11:03:31.764   398   464 I vw-vhal : CanSignalsAdapter::notifyVehicleProperty: solvedValue = {.timestamp = 8747586508707, .areaId = 0, .prop = 557851070, .status = AVAILABLE, .value = {.int32Values = [1]{0}, .floatValues = [0]{}, .int64Values = [0]{}, .bytes = [0]{}, .stringValue = ""}}
12-30 11:03:31.764   398   464 I VehiclePropertyStore: begin to write value to Store: {.timestamp = 8747586508707, .areaId = 0, .prop = 557851070, .status = AVAILABLE, .value = {.int32Values = [1]{0}, .floatValues = [0]{}, .int64Values = [0]{}, .bytes = [0]{}, .stringValue = ""}}
12-30 11:03:31.764   398   464 I DefaultVehicleHal_v2_0: DefaultVehicleHal::onPropertyValue, value:{.timestamp = 8747586508707, .areaId = 0, .prop = 557851070, .status = AVAILABLE, .value = {.int32Values = [1]{0}, .floatValues = [0]{}, .int64Values = [0]{}, .bytes = [0]{}, .stringValue = ""}}
12-30 11:03:31.764   398   464 D DiagPropHandler: is not DiagnosticConfig: 0x214021be
12-30 11:03:31.765   398   464 I VehiclePropertyStore: begin to write value to Store: {.timestamp = 8747586508707, .areaId = 0, .prop = 557851070, .status = AVAILABLE, .value = {.int32Values = [1]{0}, .floatValues = [0]{}, .int64Values = [0]{}, .bytes = [0]{}, .stringValue = ""}}
12-30 11:03:31.765   398   464 D adayocomadapter-CommunicationManager: onUpstreamReceive mPropertyId 0x214021be
12-30 11:03:31.765   398   464 D adayocomadapter-CommunicationManager: onUpstreamReceive mPropertyId 0x2140215d
12-30 11:03:31.765   398   464 D adayocomadapter-CommunicationManager: convertBytesToInt32Memcpy  0
12-30 11:03:31.765   398   464 I vw-vhal : notifyVehicleProperty, propId = 0x2140215d, data = {status: 2, int32Values: [0]}
12-30 11:03:31.765   398   464 I vw-vhal : CanSignalsAdapter::notifyVehicleProperty: solvedValue = {.timestamp = 8747587163040, .areaId = 0, .prop = 557850973, .status = AVAILABLE, .value = {.int32Values = [1]{0}, .floatValues = [0]{}, .int64Values = [0]{}, .bytes = [0]{}, .stringValue = ""}}
12-30 11:03:31.765   398   464 I VehiclePropertyStore: begin to write value to Store: {.timestamp = 8747587163040, .areaId = 0, .prop = 557850973, .status = AVAILABLE, .value = {.int32Values = [1]{0}, .floatValues = [0]{}, .int64Values = [0]{}, .bytes = [0]{}, .stringValue = ""}}
12-30 11:03:31.765   398   464 I DefaultVehicleHal_v2_0: DefaultVehicleHal::onPropertyValue, value:{.timestamp = 8747587163040, .areaId = 0, .prop = 557850973, .status = AVAILABLE, .value = {.int32Values = [1]{0}, .floatValues = [0]{}, .int64Values = [0]{}, .bytes = [0]{}, .stringValue = ""}}
12-30 11:03:31.765   398   464 D DiagPropHandler: is not DiagnosticConfig: 0x2140215d
12-30 11:03:31.765   398   464 I VehiclePropertyStore: begin to write value to Store: {.timestamp = 8747587163040, .areaId = 0, .prop = 557850973, .status = AVAILABLE, .value = {.int32Values = [1]{0}, .floatValues = [0]{}, .int64Values = [0]{}, .bytes = [0]{}, .stringValue = ""}}
12-30 11:03:31.765   398   464 D adayocomadapter-CommunicationManager: onUpstreamReceive mPropertyId 0x2140215d
12-30 11:03:31.765   398   464 D adayocomadapter-CommunicationManager: onUpstreamReceive mPropertyId 0x2140221f
12-30 11:03:31.765   398   464 D adayocomadapter-CommunicationManager: convertBytesToInt32Memcpy  0
12-30 11:03:31.765   398   464 I vw-vhal : notifyVehicleProperty, propId = 0x2140221f, data = {status: 2, int32Values: [0]}
12-30 11:03:31.766   398   464 I vw-vhal : CanSignalsAdapter::notifyVehicleProperty: solvedValue = {.timestamp = 8747587844374, .areaId = 0, .prop = 557851167, .status = AVAILABLE, .value = {.int32Values = [1]{0}, .floatValues = [0]{}, .int64Values = [0]{}, .bytes = [0]{}, .stringValue = ""}}
12-30 11:03:31.766   398   464 I VehiclePropertyStore: begin to write value to Store: {.timestamp = 8747587844374, .areaId = 0, .prop = 557851167, .status = AVAILABLE, .value = {.int32Values = [1]{0}, .floatValues = [0]{}, .int64Values = [0]{}, .bytes = [0]{}, .stringValue = ""}}
12-30 11:03:31.766   398   464 I DefaultVehicleHal_v2_0: DefaultVehicleHal::onPropertyValue, value:{.timestamp = 8747587844374, .areaId = 0, .prop = 557851167, .status = AVAILABLE, .value = {.int32Values = [1]{0}, .floatValues = [0]{}, .int64Values = [0]{}, .bytes = [0]{}, .stringValue = ""}}
12-30 11:03:31.766   398   464 D DiagPropHandler: is not DiagnosticConfig: 0x2140221f
12-30 11:03:31.766   398   464 I VehiclePropertyStore: begin to write value to Store: {.timestamp = 8747587844374, .areaId = 0, .prop = 557851167, .status = AVAILABLE, .value = {.int32Values = [1]{0}, .floatValues = [0]{}, .int64Values = [0]{}, .bytes = [0]{}, .stringValue = ""}}
12-30 11:03:31.766   398   464 D adayocomadapter-CommunicationManager: onUpstreamReceive mPropertyId 0x2140221f
12-30 11:03:31.766   398   464 D adayocomadapter-CommunicationManager: onUpstreamReceive mPropertyId 0x214021a5
12-30 11:03:31.766   398   464 D adayocomadapter-CommunicationManager: convertBytesToInt32Memcpy  0
12-30 11:03:31.766   398   464 I vw-vhal : notifyVehicleProperty, propId = 0x214021a5, data = {status: 2, int32Values: [0]}
12-30 11:03:31.766   398   464 I vw-vhal : CanSignalsAdapter::notifyVehicleProperty: solvedValue = {.timestamp = 8747588560707, .areaId = 0, .prop = 557851045, .status = AVAILABLE, .value = {.int32Values = [1]{0}, .floatValues = [0]{}, .int64Values = [0]{}, .bytes = [0]{}, .stringValue = ""}}
12-30 11:03:31.766   398   464 I VehiclePropertyStore: begin to write value to Store: {.timestamp = 8747588560707, .areaId = 0, .prop = 557851045, .status = AVAILABLE, .value = {.int32Values = [1]{0}, .floatValues = [0]{}, .int64Values = [0]{}, .bytes = [0]{}, .stringValue = ""}}
12-30 11:03:31.766   398   464 I DefaultVehicleHal_v2_0: DefaultVehicleHal::onPropertyValue, value:{.timestamp = 8747588560707, .areaId = 0, .prop = 557851045, .status = AVAILABLE, .value = {.int32Values = [1]{0}, .floatValues = [0]{}, .int64Values = [0]{}, .bytes = [0]{}, .stringValue = ""}}
12-30 11:03:31.766   398   464 D DiagPropHandler: is not DiagnosticConfig: 0x214021a5
12-30 11:03:31.767   398   464 I VehiclePropertyStore: begin to write value to Store: {.timestamp = 8747588560707, .areaId = 0, .prop = 557851045, .status = AVAILABLE, .value = {.int32Values = [1]{0}, .floatValues = [0]{}, .int64Values = [0]{}, .bytes = [0]{}, .stringValue = ""}}
12-30 11:03:31.767   398   464 D adayocomadapter-CommunicationManager: onUpstreamReceive mPropertyId 0x214021a5
12-30 11:03:31.767   398   464 D adayocomadapter-CommunicationManager: onUpstreamReceive mPropertyId 0x21402107
12-30 11:03:31.767   398   464 D adayocomadapter-CommunicationManager: convertBytesToInt32Memcpy  0
12-30 11:03:31.767   398   464 I vw-vhal : notifyVehicleProperty, propId = 0x21402107, data = {status: 2, int32Values: [0]}
12-30 11:03:31.767   398   464 I vw-vhal : CanSignalsAdapter::notifyVehicleProperty: solvedValue = {.timestamp = 8747589221374, .areaId = 0, .prop = 557850887, .status = AVAILABLE, .value = {.int32Values = [1]{0}, .floatValues = [0]{}, .int64Values = [0]{}, .bytes = [0]{}, .stringValue = ""}}
12-30 11:03:31.767   398   464 I VehiclePropertyStore: begin to write value to Store: {.timestamp = 8747589221374, .areaId = 0, .prop = 557850887, .status = AVAILABLE, .value = {.int32Values = [1]{0}, .floatValues = [0]{}, .int64Values = [0]{}, .bytes = [0]{}, .stringValue = ""}}
12-30 11:03:31.767   398   464 I DefaultVehicleHal_v2_0: DefaultVehicleHal::onPropertyValue, value:{.timestamp = 8747589221374, .areaId = 0, .prop = 557850887, .status = AVAILABLE, .value = {.int32Values = [1]{0}, .floatValues = [0]{}, .int64Values = [0]{}, .bytes = [0]{}, .stringValue = ""}}
12-30 11:03:31.767   398   464 D DiagPropHandler: is not DiagnosticConfig: 0x21402107
12-30 11:03:31.767   398   464 I VehiclePropertyStore: begin to write value to Store: {.timestamp = 8747589221374, .areaId = 0, .prop = 557850887, .status = AVAILABLE, .value = {.int32Values = [1]{0}, .floatValues = [0]{}, .int64Values = [0]{}, .bytes = [0]{}, .stringValue = ""}}
12-30 11:03:31.767   398   464 D adayocomadapter-CommunicationManager: onUpstreamReceive mPropertyId 0x21402107
12-30 11:03:31.767   398   464 D adayocomadapter-CommunicationManager: onUpstreamReceive mPropertyId 0x2140222a
12-30 11:03:31.767   398   464 D adayocomadapter-CommunicationManager: convertBytesToInt32Memcpy  0
12-30 11:03:31.768   398   464 I vw-vhal : notifyVehicleProperty, propId = 0x2140222a, data = {status: 2, int32Values: [0]}
12-30 11:03:31.768   398   464 I vw-vhal : CanSignalsAdapter::notifyVehicleProperty: solvedValue = {.timestamp = 8747589915374, .areaId = 0, .prop = 557851178, .status = AVAILABLE, .value = {.int32Values = [1]{0}, .floatValues = [0]{}, .int64Values = [0]{}, .bytes = [0]{}, .stringValue = ""}}
12-30 11:03:31.768   398   464 I VehiclePropertyStore: begin to write value to Store: {.timestamp = 8747589915374, .areaId = 0, .prop = 557851178, .status = AVAILABLE, .value = {.int32Values = [1]{0}, .floatValues = [0]{}, .int64Values = [0]{}, .bytes = [0]{}, .stringValue = ""}}
12-30 11:03:31.768   398   464 I DefaultVehicleHal_v2_0: DefaultVehicleHal::onPropertyValue, value:{.timestamp = 8747589915374, .areaId = 0, .prop = 557851178, .status = AVAILABLE, .value = {.int32Values = [1]{0}, .floatValues = [0]{}, .int64Values = [0]{}, .bytes = [0]{}, .stringValue = ""}}
12-30 11:03:31.768   398   464 D DiagPropHandler: is not DiagnosticConfig: 0x2140222a
12-30 11:03:31.768   398   464 I VehiclePropertyStore: begin to write value to Store: {.timestamp = 8747589915374, .areaId = 0, .prop = 557851178, .status = AVAILABLE, .value = {.int32Values = [1]{0}, .floatValues = [0]{}, .int64Values = [0]{}, .bytes = [0]{}, .stringValue = ""}}
12-30 11:03:31.768   398   464 D adayocomadapter-CommunicationManager: onUpstreamReceive mPropertyId 0x2140222a
12-30 11:03:31.768   398   464 D adayocomadapter-CommunicationManager: onUpstreamReceive mPropertyId 0x214021c3
12-30 11:03:31.768   398   464 D adayocomadapter-CommunicationManager: convertBytesToInt32Memcpy  0
12-30 11:03:31.768   398   464 I vw-vhal : notifyVehicleProperty, propId = 0x214021c3, data = {status: 2, int32Values: [0]}
12-30 11:03:31.768   398   464 I vw-vhal : CanSignalsAdapter::notifyVehicleProperty: solvedValue = {.timestamp = 8747590591040, .areaId = 0, .prop = 557851075, .status = AVAILABLE, .value = {.int32Values = [1]{0}, .floatValues = [0]{}, .int64Values = [0]{}, .bytes = [0]{}, .stringValue = ""}}
12-30 11:03:31.768   398   464 I VehiclePropertyStore: begin to write value to Store: {.timestamp = 8747590591040, .areaId = 0, .prop = 557851075, .status = AVAILABLE, .value = {.int32Values = [1]{0}, .floatValues = [0]{}, .int64Values = [0]{}, .bytes = [0]{}, .stringValue = ""}}
12-30 11:03:31.768   398   464 I DefaultVehicleHal_v2_0: DefaultVehicleHal::onPropertyValue, value:{.timestamp = 8747590591040, .areaId = 0, .prop = 557851075, .status = AVAILABLE, .value = {.int32Values = [1]{0}, .floatValues = [0]{}, .int64Values = [0]{}, .bytes = [0]{}, .stringValue = ""}}
12-30 11:03:31.769   398   464 D DiagPropHandler: is not DiagnosticConfig: 0x214021c3
12-30 11:03:31.769   398   464 I VehiclePropertyStore: begin to write value to Store: {.timestamp = 8747590591040, .areaId = 0, .prop = 557851075, .status = AVAILABLE, .value = {.int32Values = [1]{0}, .floatValues = [0]{}, .int64Values = [0]{}, .bytes = [0]{}, .stringValue = ""}}
12-30 11:03:31.769   398   464 D adayocomadapter-CommunicationManager: onUpstreamReceive mPropertyId 0x214021c3
12-30 11:03:31.769   398   464 D adayocomadapter-CommunicationManager: onUpstreamReceive mPropertyId 0x214021a8
12-30 11:03:31.769   398   464 D adayocomadapter-CommunicationManager: convertBytesToInt32Memcpy  0
12-30 11:03:31.769   398   464 I vw-vhal : notifyVehicleProperty, propId = 0x214021a8, data = {status: 2, int32Values: [0]}
12-30 11:03:31.769   398   464 I vw-vhal : CanSignalsAdapter::notifyVehicleProperty: solvedValue = {.timestamp = 8747591240707, .areaId = 0, .prop = 557851048, .status = AVAILABLE, .value = {.int32Values = [1]{0}, .floatValues = [0]{}, .int64Values = [0]{}, .bytes = [0]{}, .stringValue = ""}}
12-30 11:03:31.769   398   464 I VehiclePropertyStore: begin to write value to Store: {.timestamp = 8747591240707, .areaId = 0, .prop = 557851048, .status = AVAILABLE, .value = {.int32Values = [1]{0}, .floatValues = [0]{}, .int64Values = [0]{}, .bytes = [0]{}, .stringValue = ""}}
12-30 11:03:31.769   398   464 I DefaultVehicleHal_v2_0: DefaultVehicleHal::onPropertyValue, value:{.timestamp = 8747591240707, .areaId = 0, .prop = 557851048, .status = AVAILABLE, .value = {.int32Values = [1]{0}, .floatValues = [0]{}, .int64Values = [0]{}, .bytes = [0]{}, .stringValue = ""}}
12-30 11:03:31.769   398   464 D DiagPropHandler: is not DiagnosticConfig: 0x214021a8
12-30 11:03:31.769   398   464 I VehiclePropertyStore: begin to write value to Store: {.timestamp = 8747591240707, .areaId = 0, .prop = 557851048, .status = AVAILABLE, .value = {.int32Values = [1]{0}, .floatValues = [0]{}, .int64Values = [0]{}, .bytes = [0]{}, .stringValue = ""}}
12-30 11:03:31.769   398   464 D adayocomadapter-CommunicationManager: onUpstreamReceive mPropertyId 0x214021a8
12-30 11:03:31.769   398   464 D adayocomadapter-CommunicationManager: onUpstreamReceive mPropertyId 0x214021a6
12-30 11:03:31.769   398   464 D adayocomadapter-CommunicationManager: convertBytesToInt32Memcpy  0
12-30 11:03:31.769   398   464 I vw-vhal : notifyVehicleProperty, propId = 0x214021a6, data = {status: 2, int32Values: [0]}
12-30 11:03:31.770   398   464 I vw-vhal : CanSignalsAdapter::notifyVehicleProperty: solvedValue = {.timestamp = 8747591896707, .areaId = 0, .prop = 557851046, .status = AVAILABLE, .value = {.int32Values = [1]{0}, .floatValues = [0]{}, .int64Values = [0]{}, .bytes = [0]{}, .stringValue = ""}}
12-30 11:03:31.770   398   464 I VehiclePropertyStore: begin to write value to Store: {.timestamp = 8747591896707, .areaId = 0, .prop = 557851046, .status = AVAILABLE, .value = {.int32Values = [1]{0}, .floatValues = [0]{}, .int64Values = [0]{}, .bytes = [0]{}, .stringValue = ""}}
12-30 11:03:31.770   398   464 I DefaultVehicleHal_v2_0: DefaultVehicleHal::onPropertyValue, value:{.timestamp = 8747591896707, .areaId = 0, .prop = 557851046, .status = AVAILABLE, .value = {.int32Values = [1]{0}, .floatValues = [0]{}, .int64Values = [0]{}, .bytes = [0]{}, .stringValue = ""}}
12-30 11:03:31.770   398   464 D DiagPropHandler: is not DiagnosticConfig: 0x214021a6
12-30 11:03:31.770   398   464 I VehiclePropertyStore: begin to write value to Store: {.timestamp = 8747591896707, .areaId = 0, .prop = 557851046, .status = AVAILABLE, .value = {.int32Values = [1]{0}, .floatValues = [0]{}, .int64Values = [0]{}, .bytes = [0]{}, .stringValue = ""}}
12-30 11:03:31.770   398   464 D adayocomadapter-CommunicationManager: onUpstreamReceive mPropertyId 0x214021a6
12-30 11:03:31.770   398   464 D adayocomadapter-CommunicationManager: onUpstreamReceive mPropertyId 0x214021a7
12-30 11:03:31.770   398   464 D adayocomadapter-CommunicationManager: convertBytesToInt32Memcpy  0
12-30 11:03:31.770   398   464 I vw-vhal : notifyVehicleProperty, propId = 0x214021a7, data = {status: 2, int32Values: [0]}
12-30 11:03:31.770   398   464 I vw-vhal : CanSignalsAdapter::notifyVehicleProperty: solvedValue = {.timestamp = 8747592603040, .areaId = 0, .prop = 557851047, .status = AVAILABLE, .value = {.int32Values = [1]{0}, .floatValues = [0]{}, .int64Values = [0]{}, .bytes = [0]{}, .stringValue = ""}}
12-30 11:03:31.770   398   464 I VehiclePropertyStore: begin to write value to Store: {.timestamp = 8747592603040, .areaId = 0, .prop = 557851047, .status = AVAILABLE, .value = {.int32Values = [1]{0}, .floatValues = [0]{}, .int64Values = [0]{}, .bytes = [0]{}, .stringValue = ""}}
12-30 11:03:31.770   398   464 I DefaultVehicleHal_v2_0: DefaultVehicleHal::onPropertyValue, value:{.timestamp = 8747592603040, .areaId = 0, .prop = 557851047, .status = AVAILABLE, .value = {.int32Values = [1]{0}, .floatValues = [0]{}, .int64Values = [0]{}, .bytes = [0]{}, .stringValue = ""}}
12-30 11:03:31.771   398   464 D DiagPropHandler: is not DiagnosticConfig: 0x214021a7
12-30 11:03:31.771   398   464 I VehiclePropertyStore: begin to write value to Store: {.timestamp = 8747592603040, .areaId = 0, .prop = 557851047, .status = AVAILABLE, .value = {.int32Values = [1]{0}, .floatValues = [0]{}, .int64Values = [0]{}, .bytes = [0]{}, .stringValue = ""}}
12-30 11:03:31.771   398   464 D adayocomadapter-CommunicationManager: onUpstreamReceive mPropertyId 0x214021a7
12-30 11:03:31.771   398   464 D adayocomadapter-CommunicationManager: onUpstreamReceive mPropertyId 0x21402208
12-30 11:03:31.771   398   464 D adayocomadapter-CommunicationManager: convertBytesToInt32Memcpy  0
12-30 11:03:31.771   398   464 I vw-vhal : notifyVehicleProperty, propId = 0x21402208, data = {status: 2, int32Values: [0]}
12-30 11:03:31.771   398   464 I vw-vhal : CanSignalsAdapter::notifyVehicleProperty: solvedValue = {.timestamp = 8747593258374, .areaId = 0, .prop = 557851144, .status = AVAILABLE, .value = {.int32Values = [1]{0}, .floatValues = [0]{}, .int64Values = [0]{}, .bytes = [0]{}, .stringValue = ""}}
12-30 11:03:31.771   398   464 I VehiclePropertyStore: begin to write value to Store: {.timestamp = 8747593258374, .areaId = 0, .prop = 557851144, .status = AVAILABLE, .value = {.int32Values = [1]{0}, .floatValues = [0]{}, .int64Values = [0]{}, .bytes = [0]{}, .stringValue = ""}}
12-30 11:03:31.771   398   464 I DefaultVehicleHal_v2_0: DefaultVehicleHal::onPropertyValue, value:{.timestamp = 8747593258374, .areaId = 0, .prop = 557851144, .status = AVAILABLE, .value = {.int32Values = [1]{0}, .floatValues = [0]{}, .int64Values = [0]{}, .bytes = [0]{}, .stringValue = ""}}
12-30 11:03:31.771   398   464 D DiagPropHandler: is not DiagnosticConfig: 0x21402208
12-30 11:03:31.771   398   464 I VehiclePropertyStore: begin to write value to Store: {.timestamp = 8747593258374, .areaId = 0, .prop = 557851144, .status = AVAILABLE, .value = {.int32Values = [1]{0}, .floatValues = [0]{}, .int64Values = [0]{}, .bytes = [0]{}, .stringValue = ""}}
12-30 11:03:31.771   398   464 D adayocomadapter-CommunicationManager: onUpstreamReceive mPropertyId 0x21402208
12-30 11:03:31.771   398   464 D adayocomadapter-CommunicationManager: onUpstreamReceive mPropertyId 0x214021a9
12-30 11:03:31.771   398   464 D adayocomadapter-CommunicationManager: convertBytesToInt32Memcpy  0
12-30 11:03:31.772   398   464 I vw-vhal : notifyVehicleProperty, propId = 0x214021a9, data = {status: 2, int32Values: [0]}
12-30 11:03:31.772   398   464 I vw-vhal : CanSignalsAdapter::notifyVehicleProperty: solvedValue = {.timestamp = 8747593938374, .areaId = 0, .prop = 557851049, .status = AVAILABLE, .value = {.int32Values = [1]{0}, .floatValues = [0]{}, .int64Values = [0]{}, .bytes = [0]{}, .stringValue = ""}}
12-30 11:03:31.772   398   464 I VehiclePropertyStore: begin to write value to Store: {.timestamp = 8747593938374, .areaId = 0, .prop = 557851049, .status = AVAILABLE, .value = {.int32Values = [1]{0}, .floatValues = [0]{}, .int64Values = [0]{}, .bytes = [0]{}, .stringValue = ""}}
12-30 11:03:31.772   398   464 I DefaultVehicleHal_v2_0: DefaultVehicleHal::onPropertyValue, value:{.timestamp = 8747593938374, .areaId = 0, .prop = 557851049, .status = AVAILABLE, .value = {.int32Values = [1]{0}, .floatValues = [0]{}, .int64Values = [0]{}, .bytes = [0]{}, .stringValue = ""}}
12-30 11:03:31.772   398   464 D DiagPropHandler: is not DiagnosticConfig: 0x214021a9
12-30 11:03:31.772   398   464 I VehiclePropertyStore: begin to write value to Store: {.timestamp = 8747593938374, .areaId = 0, .prop = 557851049, .status = AVAILABLE, .value = {.int32Values = [1]{0}, .floatValues = [0]{}, .int64Values = [0]{}, .bytes = [0]{}, .stringValue = ""}}
12-30 11:03:31.772   398   464 D adayocomadapter-CommunicationManager: onUpstreamReceive mPropertyId 0x214021a9
12-30 11:03:31.772   398   464 D adayocomadapter-CommunicationManager: onUpstreamReceive mPropertyId 0x214021aa
12-30 11:03:31.772   398   464 D adayocomadapter-CommunicationManager: convertBytesToInt32Memcpy  0
12-30 11:03:31.772   398   464 I vw-vhal : notifyVehicleProperty, propId = 0x214021aa, data = {status: 2, int32Values: [0]}
12-30 11:03:31.772   398   464 I vw-vhal : CanSignalsAdapter::notifyVehicleProperty: solvedValue = {.timestamp = 8747594589707, .areaId = 0, .prop = 557851050, .status = AVAILABLE, .value = {.int32Values = [1]{0}, .floatValues = [0]{}, .int64Values = [0]{}, .bytes = [0]{}, .stringValue = ""}}
12-30 11:03:31.772   398   464 I VehiclePropertyStore: begin to write value to Store: {.timestamp = 8747594589707, .areaId = 0, .prop = 557851050, .status = AVAILABLE, .value = {.int32Values = [1]{0}, .floatValues = [0]{}, .int64Values = [0]{}, .bytes = [0]{}, .stringValue = ""}}
12-30 11:03:31.772   398   464 I DefaultVehicleHal_v2_0: DefaultVehicleHal::onPropertyValue, value:{.timestamp = 8747594589707, .areaId = 0, .prop = 557851050, .status = AVAILABLE, .value = {.int32Values = [1]{0}, .floatValues = [0]{}, .int64Values = [0]{}, .bytes = [0]{}, .stringValue = ""}}
12-30 11:03:31.773   398   464 D DiagPropHandler: is not DiagnosticConfig: 0x214021aa
12-30 11:03:31.773   398   464 I VehiclePropertyStore: begin to write value to Store: {.timestamp = 8747594589707, .areaId = 0, .prop = 557851050, .status = AVAILABLE, .value = {.int32Values = [1]{0}, .floatValues = [0]{}, .int64Values = [0]{}, .bytes = [0]{}, .stringValue = ""}}
12-30 11:03:31.773   398   464 D adayocomadapter-CommunicationManager: onUpstreamReceive mPropertyId 0x214021aa
12-30 11:03:31.773   398   464 D adayocomadapter-CommunicationManager: onUpstreamReceive mPropertyId 0x214021ab
12-30 11:03:31.773   398   464 D adayocomadapter-CommunicationManager: convertBytesToInt32Memcpy  0
12-30 11:03:31.773   398   464 I vw-vhal : notifyVehicleProperty, propId = 0x214021ab, data = {status: 2, int32Values: [0]}
12-30 11:03:31.773   398   464 I vw-vhal : CanSignalsAdapter::notifyVehicleProperty: solvedValue = {.timestamp = 8747595387040, .areaId = 0, .prop = 557851051, .status = AVAILABLE, .value = {.int32Values = [1]{0}, .floatValues = [0]{}, .int64Values = [0]{}, .bytes = [0]{}, .stringValue = ""}}
12-30 11:03:31.773   398   464 I VehiclePropertyStore: begin to write value to Store: {.timestamp = 8747595387040, .areaId = 0, .prop = 557851051, .status = AVAILABLE, .value = {.int32Values = [1]{0}, .floatValues = [0]{}, .int64Values = [0]{}, .bytes = [0]{}, .stringValue = ""}}
12-30 11:03:31.773   398   464 I DefaultVehicleHal_v2_0: DefaultVehicleHal::onPropertyValue, value:{.timestamp = 8747595387040, .areaId = 0, .prop = 557851051, .status = AVAILABLE, .value = {.int32Values = [1]{0}, .floatValues = [0]{}, .int64Values = [0]{}, .bytes = [0]{}, .stringValue = ""}}
12-30 11:03:31.773   398   464 D DiagPropHandler: is not DiagnosticConfig: 0x214021ab
12-30 11:03:31.773   398   464 I VehiclePropertyStore: begin to write value to Store: {.timestamp = 8747595387040, .areaId = 0, .prop = 557851051, .status = AVAILABLE, .value = {.int32Values = [1]{0}, .floatValues = [0]{}, .int64Values = [0]{}, .bytes = [0]{}, .stringValue = ""}}
12-30 11:03:31.773   398   464 D adayocomadapter-CommunicationManager: onUpstreamReceive mPropertyId 0x214021ab
12-30 11:03:31.774   398   464 D adayocomadapter-CommunicationManager: onUpstreamReceive mPropertyId 0x214021ac
12-30 11:03:31.774   398   464 D adayocomadapter-CommunicationManager: convertBytesToInt32Memcpy  0
12-30 11:03:31.774   398   464 I vw-vhal : notifyVehicleProperty, propId = 0x214021ac, data = {status: 2, int32Values: [0]}
12-30 11:03:31.774   398   464 I vw-vhal : CanSignalsAdapter::notifyVehicleProperty: solvedValue = {.timestamp = 8747596081707, .areaId = 0, .prop = 557851052, .status = AVAILABLE, .value = {.int32Values = [1]{0}, .floatValues = [0]{}, .int64Values = [0]{}, .bytes = [0]{}, .stringValue = ""}}
12-30 11:03:31.774   398   464 I VehiclePropertyStore: begin to write value to Store: {.timestamp = 8747596081707, .areaId = 0, .prop = 557851052, .status = AVAILABLE, .value = {.int32Values = [1]{0}, .floatValues = [0]{}, .int64Values = [0]{}, .bytes = [0]{}, .stringValue = ""}}
12-30 11:03:31.774   398   464 I DefaultVehicleHal_v2_0: DefaultVehicleHal::onPropertyValue, value:{.timestamp = 8747596081707, .areaId = 0, .prop = 557851052, .status = AVAILABLE, .value = {.int32Values = [1]{0}, .floatValues = [0]{}, .int64Values = [0]{}, .bytes = [0]{}, .stringValue = ""}}
12-30 11:03:31.774   398   464 D DiagPropHandler: is not DiagnosticConfig: 0x214021ac
12-30 11:03:31.774   398   464 I VehiclePropertyStore: begin to write value to Store: {.timestamp = 8747596081707, .areaId = 0, .prop = 557851052, .status = AVAILABLE, .value = {.int32Values = [1]{0}, .floatValues = [0]{}, .int64Values = [0]{}, .bytes = [0]{}, .stringValue = ""}}
12-30 11:03:31.774   398   464 D adayocomadapter-CommunicationManager: onUpstreamReceive mPropertyId 0x214021ac
12-30 11:03:31.774   398   464 D adayocomadapter-CommunicationManager: onUpstreamReceive mPropertyId 0x2140220d
12-30 11:03:31.774   398   464 D adayocomadapter-CommunicationManager: convertBytesToInt32Memcpy  0
12-30 11:03:31.774   398   464 I vw-vhal : notifyVehicleProperty, propId = 0x2140220d, data = {status: 2, int32Values: [0]}
12-30 11:03:31.774  1611  1611 I ADAYO_LOG_: handleMessage(UsbFunc.java:3)copyQnx = 0
12-30 11:03:31.774   398   464 I vw-vhal : CanSignalsAdapter::notifyVehicleProperty: solvedValue = {.timestamp = 8747596722040, .areaId = 0, .prop = 557851149, .status = AVAILABLE, .value = {.int32Values = [1]{0}, .floatValues = [0]{}, .int64Values = [0]{}, .bytes = [0]{}, .stringValue = ""}}
12-30 11:03:31.775   398   464 I VehiclePropertyStore: begin to write value to Store: {.timestamp = 8747596722040, .areaId = 0, .prop = 557851149, .status = AVAILABLE, .value = {.int32Values = [1]{0}, .floatValues = [0]{}, .int64Values = [0]{}, .bytes = [0]{}, .stringValue = ""}}
12-30 11:03:31.775   398   464 I DefaultVehicleHal_v2_0: DefaultVehicleHal::onPropertyValue, value:{.timestamp = 8747596722040, .areaId = 0, .prop = 557851149, .status = AVAILABLE, .value = {.int32Values = [1]{0}, .floatValues = [0]{}, .int64Values = [0]{}, .bytes = [0]{}, .stringValue = ""}}
12-30 11:03:31.775   398   464 D DiagPropHandler: is not DiagnosticConfig: 0x2140220d
12-30 11:03:31.775  1611  1611 I ADAYO_LOG_: handleMessage(UsbFunc.java:12)copyState = 2
12-30 11:03:31.775   398   464 I VehiclePropertyStore: begin to write value to Store: {.timestamp = 8747596722040, .areaId = 0, .prop = 557851149, .status = AVAILABLE, .value = {.int32Values = [1]{0}, .floatValues = [0]{}, .int64Values = [0]{}, .bytes = [0]{}, .stringValue = ""}}
12-30 11:03:31.775   398   464 D adayocomadapter-CommunicationManager: onUpstreamReceive mPropertyId 0x2140220d
12-30 11:03:31.775   398   464 D adayocomadapter-CommunicationManager: onUpstreamReceive mPropertyId 0x214021ad
12-30 11:03:31.775   398   464 D adayocomadapter-CommunicationManager: convertBytesToInt32Memcpy  0
12-30 11:03:31.775   398   464 I vw-vhal : notifyVehicleProperty, propId = 0x214021ad, data = {status: 2, int32Values: [0]}
12-30 11:03:31.775   398   464 I vw-vhal : CanSignalsAdapter::notifyVehicleProperty: solvedValue = {.timestamp = 8747597352707, .areaId = 0, .prop = 557851053, .status = AVAILABLE, .value = {.int32Values = [1]{0}, .floatValues = [0]{}, .int64Values = [0]{}, .bytes = [0]{}, .stringValue = ""}}
12-30 11:03:31.775   398   464 I VehiclePropertyStore: begin to write value to Store: {.timestamp = 8747597352707, .areaId = 0, .prop = 557851053, .status = AVAILABLE, .value = {.int32Values = [1]{0}, .floatValues = [0]{}, .int64Values = [0]{}, .bytes = [0]{}, .stringValue = ""}}
12-30 11:03:31.775   398   464 I DefaultVehicleHal_v2_0: DefaultVehicleHal::onPropertyValue, value:{.timestamp = 8747597352707, .areaId = 0, .prop = 557851053, .status = AVAILABLE, .value = {.int32Values = [1]{0}, .floatValues = [0]{}, .int64Values = [0]{}, .bytes = [0]{}, .stringValue = ""}}
12-30 11:03:31.775   398   464 D DiagPropHandler: is not DiagnosticConfig: 0x214021ad
12-30 11:03:31.775   398   464 I VehiclePropertyStore: begin to write value to Store: {.timestamp = 8747597352707, .areaId = 0, .prop = 557851053, .status = AVAILABLE, .value = {.int32Values = [1]{0}, .floatValues = [0]{}, .int64Values = [0]{}, .bytes = [0]{}, .stringValue = ""}}
12-30 11:03:31.775   398   464 D adayocomadapter-CommunicationManager: onUpstreamReceive mPropertyId 0x214021ad
12-30 11:03:31.775   398   464 D adayocomadapter-CommunicationManager: onUpstreamReceive mPropertyId 0x214021ae
12-30 11:03:31.776   398   464 D adayocomadapter-CommunicationManager: convertBytesToInt32Memcpy  0
12-30 11:03:31.776   398   464 I vw-vhal : notifyVehicleProperty, propId = 0x214021ae, data = {status: 2, int32Values: [0]}
12-30 11:03:31.776   398   464 I vw-vhal : CanSignalsAdapter::notifyVehicleProperty: solvedValue = {.timestamp = 8747598004040, .areaId = 0, .prop = 557851054, .status = AVAILABLE, .value = {.int32Values = [1]{0}, .floatValues = [0]{}, .int64Values = [0]{}, .bytes = [0]{}, .stringValue = ""}}
12-30 11:03:31.776   398   464 I VehiclePropertyStore: begin to write value to Store: {.timestamp = 8747598004040, .areaId = 0, .prop = 557851054, .status = AVAILABLE, .value = {.int32Values = [1]{0}, .floatValues = [0]{}, .int64Values = [0]{}, .bytes = [0]{}, .stringValue = ""}}
12-30 11:03:31.776   398   464 I DefaultVehicleHal_v2_0: DefaultVehicleHal::onPropertyValue, value:{.timestamp = 8747598004040, .areaId = 0, .prop = 557851054, .status = AVAILABLE, .value = {.int32Values = [1]{0}, .floatValues = [0]{}, .int64Values = [0]{}, .bytes = [0]{}, .stringValue = ""}}
12-30 11:03:31.776   398   464 D DiagPropHandler: is not DiagnosticConfig: 0x214021ae
12-30 11:03:31.776   398   464 I VehiclePropertyStore: begin to write value to Store: {.timestamp = 8747598004040, .areaId = 0, .prop = 557851054, .status = AVAILABLE, .value = {.int32Values = [1]{0}, .floatValues = [0]{}, .int64Values = [0]{}, .bytes = [0]{}, .stringValue = ""}}
12-30 11:03:31.776   398   464 D adayocomadapter-CommunicationManager: onUpstreamReceive mPropertyId 0x214021ae
12-30 11:03:31.776   398   464 D adayocomadapter-CommunicationManager: onUpstreamReceive mPropertyId 0x214021af
12-30 11:03:31.776   398   464 D adayocomadapter-CommunicationManager: convertBytesToInt32Memcpy  0
12-30 11:03:31.776   398   464 I vw-vhal : notifyVehicleProperty, propId = 0x214021af, data = {status: 2, int32Values: [0]}
12-30 11:03:31.776   398   464 I vw-vhal : CanSignalsAdapter::notifyVehicleProperty: solvedValue = {.timestamp = 8747598627374, .areaId = 0, .prop = 557851055, .status = AVAILABLE, .value = {.int32Values = [1]{0}, .floatValues = [0]{}, .int64Values = [0]{}, .bytes = [0]{}, .stringValue = ""}}
12-30 11:03:31.776   398   464 I VehiclePropertyStore: begin to write value to Store: {.timestamp = 8747598627374, .areaId = 0, .prop = 557851055, .status = AVAILABLE, .value = {.int32Values = [1]{0}, .floatValues = [0]{}, .int64Values = [0]{}, .bytes = [0]{}, .stringValue = ""}}
12-30 11:03:31.776   398   464 I DefaultVehicleHal_v2_0: DefaultVehicleHal::onPropertyValue, value:{.timestamp = 8747598627374, .areaId = 0, .prop = 557851055, .status = AVAILABLE, .value = {.int32Values = [1]{0}, .floatValues = [0]{}, .int64Values = [0]{}, .bytes = [0]{}, .stringValue = ""}}
12-30 11:03:31.777   398   464 D DiagPropHandler: is not DiagnosticConfig: 0x214021af
12-30 11:03:31.777   398   464 I VehiclePropertyStore: begin to write value to Store: {.timestamp = 8747598627374, .areaId = 0, .prop = 557851055, .status = AVAILABLE, .value = {.int32Values = [1]{0}, .floatValues = [0]{}, .int64Values = [0]{}, .bytes = [0]{}, .stringValue = ""}}
12-30 11:03:31.777   398   464 D adayocomadapter-CommunicationManager: onUpstreamReceive mPropertyId 0x214021af
12-30 11:03:31.777   398   464 D adayocomadapter-CommunicationManager: onUpstreamReceive mPropertyId 0x21402210
12-30 11:03:31.777   398   464 D adayocomadapter-CommunicationManager: convertBytesToInt32Memcpy  0
12-30 11:03:31.777   398   464 I vw-vhal : notifyVehicleProperty, propId = 0x21402210, data = {status: 2, int32Values: [0]}
12-30 11:03:31.777   398   464 I vw-vhal : CanSignalsAdapter::notifyVehicleProperty: solvedValue = {.timestamp = 8747599279374, .areaId = 0, .prop = 557851152, .status = AVAILABLE, .value = {.int32Values = [1]{0}, .floatValues = [0]{}, .int64Values = [0]{}, .bytes = [0]{}, .stringValue = ""}}
12-30 11:03:31.777   398   464 I VehiclePropertyStore: begin to write value to Store: {.timestamp = 8747599279374, .areaId = 0, .prop = 557851152, .status = AVAILABLE, .value = {.int32Values = [1]{0}, .floatValues = [0]{}, .int64Values = [0]{}, .bytes = [0]{}, .stringValue = ""}}
12-30 11:03:31.777   398   464 I DefaultVehicleHal_v2_0: DefaultVehicleHal::onPropertyValue, value:{.timestamp = 8747599279374, .areaId = 0, .prop = 557851152, .status = AVAILABLE, .value = {.int32Values = [1]{0}, .floatValues = [0]{}, .int64Values = [0]{}, .bytes = [0]{}, .stringValue = ""}}
12-30 11:03:31.777   398   464 D DiagPropHandler: is not DiagnosticConfig: 0x21402210
12-30 11:03:31.777   398   464 I VehiclePropertyStore: begin to write value to Store: {.timestamp = 8747599279374, .areaId = 0, .prop = 557851152, .status = AVAILABLE, .value = {.int32Values = [1]{0}, .floatValues = [0]{}, .int64Values = [0]{}, .bytes = [0]{}, .stringValue = ""}}
12-30 11:03:31.777   398   464 D adayocomadapter-CommunicationManager: onUpstreamReceive mPropertyId 0x21402210
12-30 11:03:31.777   398   464 D adayocomadapter-CommunicationManager: onUpstreamReceive mPropertyId 0x214021b0
12-30 11:03:31.777   398   464 D adayocomadapter-CommunicationManager: convertBytesToInt32Memcpy  0
12-30 11:03:31.778   398   464 I vw-vhal : notifyVehicleProperty, propId = 0x214021b0, data = {status: 2, int32Values: [0]}
12-30 11:03:31.778   398   464 I vw-vhal : CanSignalsAdapter::notifyVehicleProperty: solvedValue = {.timestamp = 8747599923374, .areaId = 0, .prop = 557851056, .status = AVAILABLE, .value = {.int32Values = [1]{0}, .floatValues = [0]{}, .int64Values = [0]{}, .bytes = [0]{}, .stringValue = ""}}
