12-30 11:03:29.018   398   464 I DefaultVehicleHal_v2_0: DefaultVehicleHal::onPropertyValue, value:{.timestamp = 8744839650707, .areaId = 0, .prop = 557850933, .status = AVAILABLE, .value = {.int32Values = [1]{0}, .floatValues = [0]{}, .int64Values = [0]{}, .bytes = [0]{}, .stringValue = ""}}
12-30 11:03:29.018   398   464 D DiagPropHandler: is not DiagnosticConfig: 0x21402135
12-30 11:03:29.018   398   464 I VehiclePropertyStore: begin to write value to Store: {.timestamp = 8744839650707, .areaId = 0, .prop = 557850933, .status = AVAILABLE, .value = {.int32Values = [1]{0}, .floatValues = [0]{}, .int64Values = [0]{}, .bytes = [0]{}, .stringValue = ""}}
12-30 11:03:29.018   398   464 D adayocomadapter-CommunicationManager: onUpstreamReceive mPropertyId 0x21402135
12-30 11:03:29.018   398   464 D adayocomadapter-CommunicationManager: onUpstreamReceive mPropertyId 0x21402136
12-30 11:03:29.018   398   464 D adayocomadapter-CommunicationManager: convertBytesToInt32Memcpy  0
12-30 11:03:29.018   398   464 I vw-vhal : notifyVehicleProperty, propId = 0x21402136, data = {status: 2, int32Values: [0]}
12-30 11:03:29.018   398   464 I vw-vhal : CanSignalsAdapter::notifyVehicleProperty: solvedValue = {.timestamp = 8744840354373, .areaId = 0, .prop = 557850934, .status = AVAILABLE, .value = {.int32Values = [1]{0}, .floatValues = [0]{}, .int64Values = [0]{}, .bytes = [0]{}, .stringValue = ""}}
12-30 11:03:29.018  3066  3066 D hostapd : nl80211: BSS Event 59 (NL80211_CMD_FRAME) received for wlan1
12-30 11:03:29.018   398   464 I VehiclePropertyStore: begin to write value to Store: {.timestamp = 8744840354373, .areaId = 0, .prop = 557850934, .status = AVAILABLE, .value = {.int32Values = [1]{0}, .floatValues = [0]{}, .int64Values = [0]{}, .bytes = [0]{}, .stringValue = ""}}
12-30 11:03:29.018  3066  3066 D hostapd : nl80211: RX frame da=ff:ff:ff:ff:ff:ff sa=16:a5:be:dc:88:df bssid=16:a5:be:dc:88:df freq=5745 ssi_signal=-9100 fc=0xd0 seq_ctrl=0x1910 stype=13 (WLAN_FC_STYPE_ACTION) len=42
12-30 11:03:29.018  3066  3066 D hostapd : wlan1: Event RX_MGMT (18) received
12-30 11:03:29.018   398   464 I DefaultVehicleHal_v2_0: DefaultVehicleHal::onPropertyValue, value:{.timestamp = 8744840354373, .areaId = 0, .prop = 557850934, .status = AVAILABLE, .value = {.int32Values = [1]{0}, .floatValues = [0]{}, .int64Values = [0]{}, .bytes = [0]{}, .stringValue = ""}}
12-30 11:03:29.018  3066  3066 D hostapd : Receive wpa msg : Event RX_MGMT (18) received
12-30 11:03:29.018   398   464 D DiagPropHandler: is not DiagnosticConfig: 0x21402136
12-30 11:03:29.018   398   464 I VehiclePropertyStore: begin to write value to Store: {.timestamp = 8744840354373, .areaId = 0, .prop = 557850934, .status = AVAILABLE, .value = {.int32Values = [1]{0}, .floatValues = [0]{}, .int64Values = [0]{}, .bytes = [0]{}, .stringValue = ""}}
12-30 11:03:29.019   398   464 D adayocomadapter-CommunicationManager: onUpstreamReceive mPropertyId 0x21402136
12-30 11:03:29.019   398   464 D adayocomadapter-CommunicationManager: onUpstreamReceive mPropertyId 0x21402137
12-30 11:03:29.019   398   464 D adayocomadapter-CommunicationManager: convertBytesToInt32Memcpy  0
12-30 11:03:29.019   398   464 I vw-vhal : notifyVehicleProperty, propId = 0x21402137, data = {status: 2, int32Values: [0]}
12-30 11:03:29.019   398   464 I vw-vhal : CanSignalsAdapter::notifyVehicleProperty: solvedValue = {.timestamp = 8744841074707, .areaId = 0, .prop = 557850935, .status = AVAILABLE, .value = {.int32Values = [1]{0}, .floatValues = [0]{}, .int64Values = [0]{}, .bytes = [0]{}, .stringValue = ""}}
12-30 11:03:29.019   398   464 I VehiclePropertyStore: begin to write value to Store: {.timestamp = 8744841074707, .areaId = 0, .prop = 557850935, .status = AVAILABLE, .value = {.int32Values = [1]{0}, .floatValues = [0]{}, .int64Values = [0]{}, .bytes = [0]{}, .stringValue = ""}}
12-30 11:03:29.019   398   464 I DefaultVehicleHal_v2_0: DefaultVehicleHal::onPropertyValue, value:{.timestamp = 8744841074707, .areaId = 0, .prop = 557850935, .status = AVAILABLE, .value = {.int32Values = [1]{0}, .floatValues = [0]{}, .int64Values = [0]{}, .bytes = [0]{}, .stringValue = ""}}
12-30 11:03:29.019   398   464 D DiagPropHandler: is not DiagnosticConfig: 0x21402137
12-30 11:03:29.019   398   464 I VehiclePropertyStore: begin to write value to Store: {.timestamp = 8744841074707, .areaId = 0, .prop = 557850935, .status = AVAILABLE, .value = {.int32Values = [1]{0}, .floatValues = [0]{}, .int64Values = [0]{}, .bytes = [0]{}, .stringValue = ""}}
12-30 11:03:29.019   398   464 D adayocomadapter-CommunicationManager: onUpstreamReceive mPropertyId 0x21402137
12-30 11:03:29.023   360   458 D EvsDriver: doneWithFrame
12-30 11:03:29.030   596  3076 E WifiHAL : Invalid data received from driver
12-30 11:03:29.039  3066  3066 D hostapd : nl80211: BSS Event 59 (NL80211_CMD_FRAME) received for wlan1
12-30 11:03:29.039  3066  3066 D hostapd : nl80211: RX frame da=ff:ff:ff:ff:ff:ff sa=16:a5:be:dc:88:df bssid=16:a5:be:dc:88:df freq=5745 ssi_signal=-9000 fc=0xd0 seq_ctrl=0x1920 stype=13 (WLAN_FC_STYPE_ACTION) len=42
12-30 11:03:29.039  3066  3066 D hostapd : wlan1: Event RX_MGMT (18) received
12-30 11:03:29.039  3066  3066 D hostapd : Receive wpa msg : Event RX_MGMT (18) received
12-30 11:03:29.045   360   931 D EvsDriver: forwardFrame
12-30 11:03:29.045   360   931 D EvsDriver: forwardFrameDirect
12-30 11:03:29.046   360   931 D EvsDriver: Delivered 0xb400e2ca9e40c2d0 as id 0
12-30 11:03:29.046   359  2784 D evsmanagerd: /dev/video-evs0 forwarded the buffer #0 to 0xb400f125d2b26dd0 from 0xb400f125e2b20710
12-30 11:03:29.053   360   458 D EvsDriver: doneWithFrame
12-30 11:03:29.062   596  3076 E WifiHAL : Invalid data received from driver
12-30 11:03:29.062  3066  3066 D hostapd : nl80211: BSS Event 59 (NL80211_CMD_FRAME) received for wlan1
12-30 11:03:29.062  3066  3066 D hostapd : nl80211: RX frame da=ff:ff:ff:ff:ff:ff sa=16:a5:be:dc:88:df bssid=16:a5:be:dc:88:df freq=5745 ssi_signal=-9100 fc=0xd0 seq_ctrl=0x1930 stype=13 (WLAN_FC_STYPE_ACTION) len=42
12-30 11:03:29.062  3066  3066 D hostapd : wlan1: Event RX_MGMT (18) received
12-30 11:03:29.062  3066  3066 D hostapd : Receive wpa msg : Event RX_MGMT (18) received
12-30 11:03:29.065  2358  2623 D RcfController: Rcf proxy is not connected!
12-30 11:03:29.069  1582  3078 I c       : checkService in back thread add: adayo.upgrade.v2.0
12-30 11:03:29.070  1582  3078 E upgradeApp_251223_V1  l: d(null:11)pre->c(null:23)-> serviceBinder is null
12-30 11:03:29.070  1582  3078 W c       : doBindService in back thread fail: adayo.upgrade.v2.0
12-30 11:03:29.079   360   931 D EvsDriver: forwardFrame
12-30 11:03:29.079   360   931 D EvsDriver: forwardFrameDirect
12-30 11:03:29.079   360   931 D EvsDriver: Delivered 0xb400e2ca9e40d090 as id 1
12-30 11:03:29.079   359  2784 D evsmanagerd: /dev/video-evs0 forwarded the buffer #1 to 0xb400f125d2b26dd0 from 0xb400f125e2b20710
12-30 11:03:29.083   360   458 D EvsDriver: doneWithFrame
12-30 11:03:29.110   596  3076 E WifiHAL : Invalid data received from driver
12-30 11:03:29.110  3066  3066 D hostapd : nl80211: BSS Event 59 (NL80211_CMD_FRAME) received for wlan1
12-30 11:03:29.110  3066  3066 D hostapd : nl80211: RX frame da=ff:ff:ff:ff:ff:ff sa=16:a5:be:dc:88:df bssid=16:a5:be:dc:88:df freq=5745 ssi_signal=-9000 fc=0xd0 seq_ctrl=0x1950 stype=13 (WLAN_FC_STYPE_ACTION) len=42
12-30 11:03:29.110  3066  3066 D hostapd : wlan1: Event RX_MGMT (18) received
12-30 11:03:29.110  3066  3066 D hostapd : Receive wpa msg : Event RX_MGMT (18) received
12-30 11:03:29.112   360   931 D EvsDriver: forwardFrame
12-30 11:03:29.112   360   931 D EvsDriver: forwardFrameDirect
12-30 11:03:29.112   360   931 D EvsDriver: Delivered 0xb400e2ca9e40e110 as id 0
12-30 11:03:29.112   359  2784 D evsmanagerd: /dev/video-evs0 forwarded the buffer #0 to 0xb400f125d2b26dd0 from 0xb400f125e2b20710
12-30 11:03:29.113   360   458 D EvsDriver: doneWithFrame
12-30 11:03:29.116  2358  2623 D RcfController: Rcf proxy is not connected!
12-30 11:03:29.131  3066  3066 D hostapd : nl80211: BSS Event 59 (NL80211_CMD_FRAME) received for wlan1
12-30 11:03:29.131  3066  3066 D hostapd : nl80211: RX frame da=ff:ff:ff:ff:ff:ff sa=16:a5:be:dc:88:df bssid=16:a5:be:dc:88:df freq=5745 ssi_signal=-9000 fc=0xd0 seq_ctrl=0x1960 stype=13 (WLAN_FC_STYPE_ACTION) len=42
12-30 11:03:29.131  3066  3066 D hostapd : wlan1: Event RX_MGMT (18) received
12-30 11:03:29.131  3066  3066 D hostapd : Receive wpa msg : Event RX_MGMT (18) received
12-30 11:03:29.145   360   931 D EvsDriver: forwardFrame
12-30 11:03:29.145   360   931 D EvsDriver: forwardFrameDirect
12-30 11:03:29.146   360   931 D EvsDriver: Delivered 0xb400e2ca9e40c7a0 as id 1
12-30 11:03:29.146   359  2784 D evsmanagerd: /dev/video-evs0 forwarded the buffer #1 to 0xb400f125d2b26dd0 from 0xb400f125e2b20710
12-30 11:03:29.151   596  3076 E WifiHAL : Invalid data received from driver
12-30 11:03:29.151  3066  3066 D hostapd : nl80211: BSS Event 59 (NL80211_CMD_FRAME) received for wlan1
12-30 11:03:29.151  3066  3066 D hostapd : nl80211: RX frame da=ff:ff:ff:ff:ff:ff sa=16:a5:be:dc:88:df bssid=16:a5:be:dc:88:df freq=5745 ssi_signal=-9000 fc=0xd0 seq_ctrl=0x1970 stype=13 (WLAN_FC_STYPE_ACTION) len=42
12-30 11:03:29.151  3066  3066 D hostapd : wlan1: Event RX_MGMT (18) received
12-30 11:03:29.151  3066  3066 D hostapd : Receive wpa msg : Event RX_MGMT (18) received
12-30 11:03:29.154   360   458 D EvsDriver: doneWithFrame
12-30 11:03:29.166  2358  2623 D RcfController: Rcf proxy is not connected!
12-30 11:03:29.179   360   931 D EvsDriver: forwardFrame
12-30 11:03:29.179   360   931 D EvsDriver: forwardFrameDirect
12-30 11:03:29.179   360   931 D EvsDriver: Delivered 0xb400e2ca9e40e270 as id 0
12-30 11:03:29.179   359  2784 D evsmanagerd: /dev/video-evs0 forwarded the buffer #0 to 0xb400f125d2b26dd0 from 0xb400f125e2b20710
12-30 11:03:29.184   360   458 D EvsDriver: doneWithFrame
12-30 11:03:29.202   650   729 D fgemcucomm: sd Uart data : 6AA60210E600028B304B
12-30 11:03:29.203   650   729 D fgemcucomm: rev uart=72250,len=92, data : 6AA68110E600548B30B01E0B031BA55A880000010001010E000000000000000000000000000000000000000023C204C30428808080808080808031040AFF0A0D0D09000900BBBBBBBBBBBBBBBBBB000000000000000000004F0205B6
12-30 11:03:29.210   596  3076 E WifiHAL : Invalid data received from driver
12-30 11:03:29.212   360   931 D EvsDriver: forwardFrame
12-30 11:03:29.212   360   931 D EvsDriver: forwardFrameDirect
12-30 11:03:29.212   360   931 D EvsDriver: Delivered 0xb400e2ca9e40d4b0 as id 1
12-30 11:03:29.212   359  2784 D evsmanagerd: /dev/video-evs0 forwarded the buffer #1 to 0xb400f125d2b26dd0 from 0xb400f125e2b20710
12-30 11:03:29.215   360   458 D EvsDriver: doneWithFrame
12-30 11:03:29.216   650   729 D fgemcucomm: sd Uart data : 6AA60210E70002920271
12-30 11:03:29.216  2358  2623 D RcfController: Rcf proxy is not connected!
12-30 11:03:29.217   650   729 D fgemcucomm: rev uart=72251,len=23, data : 6AA68110E7000F920200150000000000000000000000D0
12-30 11:03:29.217   398  2883 D adayocomadapter-ParseProtocolFunc: printRaWMsg Name[MCUToUPstream recv] len[15] data[920200150000000000000000000000]
12-30 11:03:29.217   398  2883 D adayocomadapter-CommunicationManager: onUpstreamback   member[0] dataLength[12] timePoint[8745039]
12-30 11:03:29.217   398  2883 D adayocomadapter-ParseProtocolFunc: printRaWMsg Name[onUpstreamback] len[12] data[150000000000000000000000]
12-30 11:03:29.217   398   464 D adayocomadapter-UpstreamHandler: processBeforePacket upSreamtProcessTimePoint[8745039] 
12-30 11:03:29.217   398   464 D adayocomadapter-UpstreamHandler: processPacket UPSTREAM_QUEUE_DATA_TIMEOUT
12-30 11:03:29.217   398   464 D adayocomadapter-ParseProtocolFunc: parseCommonIPCLBytes Processing tableNumber[21]
12-30 11:03:29.217   398   464 D adayocomadapter-ParseProtocolFunc: parseCommonIPCLBytes Processing tablename[Table-21] tableSize[12]
12-30 11:03:29.217   398   464 D adayocomadapter-ParseProtocolFunc: printRaWMsg Name[byteStream recv] len[12] data[150000000000000000000000]
12-30 11:03:29.217   398   464 D adayocomadapter-ParseProtocolFunc: printRaWMsg Name[IPCLtoVHAL] len[6] data[2140208B0000]
12-30 11:03:29.217   398   464 D adayocomadapter-ParseProtocolFunc: printRaWMsg Name[IPCLtoVHAL] len[6] data[214021930000]
12-30 11:03:29.218   398   464 D adayocomadapter-ParseProtocolFunc: printRaWMsg Name[IPCLtoVHAL] len[6] data[2140208C0000]
12-30 11:03:29.218   398   464 D adayocomadapter-ParseProtocolFunc: printRaWMsg Name[IPCLtoVHAL] len[6] data[214021940000]
12-30 11:03:29.218   398   464 D adayocomadapter-ParseProtocolFunc: printRaWMsg Name[IPCLtoVHAL] len[6] data[2140208D0000]
12-30 11:03:29.218   398   464 D adayocomadapter-ParseProtocolFunc: printRaWMsg Name[IPCLtoVHAL] len[6] data[214021950000]
12-30 11:03:29.218   398   464 D adayocomadapter-ParseProtocolFunc: printRaWMsg Name[IPCLtoVHAL] len[6] data[214021920000]
12-30 11:03:29.218   398   464 D adayocomadapter-ParseProtocolFunc: printRaWMsg Name[IPCLtoVHAL] len[6] data[2140208A0000]
12-30 11:03:29.218   398   464 D adayocomadapter-ParseProtocolFunc: printRaWMsg Name[IPCLtoVHAL] len[6] data[214021960000]
12-30 11:03:29.218   398   464 D adayocomadapter-ParseProtocolFunc: printRaWMsg Name[IPCLtoVHAL] len[6] data[214021970000]
12-30 11:03:29.218   398   464 D adayocomadapter-ParseProtocolFunc: printRaWMsg Name[IPCLtoVHAL] len[6] data[214021990000]
12-30 11:03:29.218   398   464 D adayocomadapter-CommunicationManager: onUpstreamReceive mPropertyId 0x2140208b
12-30 11:03:29.218   398   464 D adayocomadapter-CommunicationManager: convertBytesToInt32Memcpy  0
12-30 11:03:29.218   398   464 I vw-vhal : notifyVehicleProperty, propId = 0x2140208b, data = {status: 2, int32Values: [0]}
12-30 11:03:29.218   398   464 I vw-vhal : CanSignalsAdapter::notifyVehicleProperty: solvedValue = {.timestamp = 8745040669040, .areaId = 0, .prop = 557850763, .status = AVAILABLE, .value = {.int32Values = [1]{0}, .floatValues = [0]{}, .int64Values = [0]{}, .bytes = [0]{}, .stringValue = ""}}
12-30 11:03:29.218   398   464 I VehiclePropertyStore: begin to write value to Store: {.timestamp = 8745040669040, .areaId = 0, .prop = 557850763, .status = AVAILABLE, .value = {.int32Values = [1]{0}, .floatValues = [0]{}, .int64Values = [0]{}, .bytes = [0]{}, .stringValue = ""}}
12-30 11:03:29.219   398   464 I DefaultVehicleHal_v2_0: DefaultVehicleHal::onPropertyValue, value:{.timestamp = 8745040669040, .areaId = 0, .prop = 557850763, .status = AVAILABLE, .value = {.int32Values = [1]{0}, .floatValues = [0]{}, .int64Values = [0]{}, .bytes = [0]{}, .stringValue = ""}}
12-30 11:03:29.219   398   464 D DiagPropHandler: is not DiagnosticConfig: 0x2140208b
12-30 11:03:29.219   398   464 I VehiclePropertyStore: begin to write value to Store: {.timestamp = 8745040669040, .areaId = 0, .prop = 557850763, .status = AVAILABLE, .value = {.int32Values = [1]{0}, .floatValues = [0]{}, .int64Values = [0]{}, .bytes = [0]{}, .stringValue = ""}}
12-30 11:03:29.219   398   464 D adayocomadapter-CommunicationManager: onUpstreamReceive mPropertyId 0x2140208b
12-30 11:03:29.219   398   464 D adayocomadapter-CommunicationManager: onUpstreamReceive mPropertyId 0x21402193
12-30 11:03:29.219   398   464 D adayocomadapter-CommunicationManager: convertBytesToInt32Memcpy  0
12-30 11:03:29.219   398   464 I vw-vhal : notifyVehicleProperty, propId = 0x21402193, data = {status: 2, int32Values: [0]}
12-30 11:03:29.219   398   464 I vw-vhal : CanSignalsAdapter::notifyVehicleProperty: solvedValue = {.timestamp = 8745041352040, .areaId = 0, .prop = 557851027, .status = AVAILABLE, .value = {.int32Values = [1]{0}, .floatValues = [0]{}, .int64Values = [0]{}, .bytes = [0]{}, .stringValue = ""}}
12-30 11:03:29.219   398   464 I VehiclePropertyStore: begin to write value to Store: {.timestamp = 8745041352040, .areaId = 0, .prop = 557851027, .status = AVAILABLE, .value = {.int32Values = [1]{0}, .floatValues = [0]{}, .int64Values = [0]{}, .bytes = [0]{}, .stringValue = ""}}
12-30 11:03:29.219   398   464 I DefaultVehicleHal_v2_0: DefaultVehicleHal::onPropertyValue, value:{.timestamp = 8745041352040, .areaId = 0, .prop = 557851027, .status = AVAILABLE, .value = {.int32Values = [1]{0}, .floatValues = [0]{}, .int64Values = [0]{}, .bytes = [0]{}, .stringValue = ""}}
12-30 11:03:29.219   398   464 D DiagPropHandler: is not DiagnosticConfig: 0x21402193
12-30 11:03:29.219   398   464 I VehiclePropertyStore: begin to write value to Store: {.timestamp = 8745041352040, .areaId = 0, .prop = 557851027, .status = AVAILABLE, .value = {.int32Values = [1]{0}, .floatValues = [0]{}, .int64Values = [0]{}, .bytes = [0]{}, .stringValue = ""}}
12-30 11:03:29.219   398   464 D adayocomadapter-CommunicationManager: onUpstreamReceive mPropertyId 0x21402193
12-30 11:03:29.219   398   464 D adayocomadapter-CommunicationManager: onUpstreamReceive mPropertyId 0x2140208c
12-30 11:03:29.220   398   464 D adayocomadapter-CommunicationManager: convertBytesToInt32Memcpy  0
12-30 11:03:29.220   398   464 I vw-vhal : notifyVehicleProperty, propId = 0x2140208c, data = {status: 2, int32Values: [0]}
12-30 11:03:29.220   398   464 I vw-vhal : CanSignalsAdapter::notifyVehicleProperty: solvedValue = {.timestamp = 8745042001707, .areaId = 0, .prop = 557850764, .status = AVAILABLE, .value = {.int32Values = [1]{0}, .floatValues = [0]{}, .int64Values = [0]{}, .bytes = [0]{}, .stringValue = ""}}
12-30 11:03:29.220   398   464 I VehiclePropertyStore: begin to write value to Store: {.timestamp = 8745042001707, .areaId = 0, .prop = 557850764, .status = AVAILABLE, .value = {.int32Values = [1]{0}, .floatValues = [0]{}, .int64Values = [0]{}, .bytes = [0]{}, .stringValue = ""}}
12-30 11:03:29.220   398   464 I DefaultVehicleHal_v2_0: DefaultVehicleHal::onPropertyValue, value:{.timestamp = 8745042001707, .areaId = 0, .prop = 557850764, .status = AVAILABLE, .value = {.int32Values = [1]{0}, .floatValues = [0]{}, .int64Values = [0]{}, .bytes = [0]{}, .stringValue = ""}}
12-30 11:03:29.220   398   464 D DiagPropHandler: is not DiagnosticConfig: 0x2140208c
12-30 11:03:29.220   398   464 I VehiclePropertyStore: begin to write value to Store: {.timestamp = 8745042001707, .areaId = 0, .prop = 557850764, .status = AVAILABLE, .value = {.int32Values = [1]{0}, .floatValues = [0]{}, .int64Values = [0]{}, .bytes = [0]{}, .stringValue = ""}}
12-30 11:03:29.220   398   464 D adayocomadapter-CommunicationManager: onUpstreamReceive mPropertyId 0x2140208c
12-30 11:03:29.220   398   464 D adayocomadapter-CommunicationManager: onUpstreamReceive mPropertyId 0x21402194
12-30 11:03:29.220   398   464 D adayocomadapter-CommunicationManager: convertBytesToInt32Memcpy  0
12-30 11:03:29.220   398   464 I vw-vhal : notifyVehicleProperty, propId = 0x21402194, data = {status: 2, int32Values: [0]}
12-30 11:03:29.220   398   464 I vw-vhal : CanSignalsAdapter::notifyVehicleProperty: solvedValue = {.timestamp = 8745042638040, .areaId = 0, .prop = 557851028, .status = AVAILABLE, .value = {.int32Values = [1]{0}, .floatValues = [0]{}, .int64Values = [0]{}, .bytes = [0]{}, .stringValue = ""}}
12-30 11:03:29.220   398   464 I VehiclePropertyStore: begin to write value to Store: {.timestamp = 8745042638040, .areaId = 0, .prop = 557851028, .status = AVAILABLE, .value = {.int32Values = [1]{0}, .floatValues = [0]{}, .int64Values = [0]{}, .bytes = [0]{}, .stringValue = ""}}
12-30 11:03:29.221   398   464 I DefaultVehicleHal_v2_0: DefaultVehicleHal::onPropertyValue, value:{.timestamp = 8745042638040, .areaId = 0, .prop = 557851028, .status = AVAILABLE, .value = {.int32Values = [1]{0}, .floatValues = [0]{}, .int64Values = [0]{}, .bytes = [0]{}, .stringValue = ""}}
12-30 11:03:29.221   398   464 D DiagPropHandler: is not DiagnosticConfig: 0x21402194
12-30 11:03:29.221   398   464 I VehiclePropertyStore: begin to write value to Store: {.timestamp = 8745042638040, .areaId = 0, .prop = 557851028, .status = AVAILABLE, .value = {.int32Values = [1]{0}, .floatValues = [0]{}, .int64Values = [0]{}, .bytes = [0]{}, .stringValue = ""}}
12-30 11:03:29.221   398   464 D adayocomadapter-CommunicationManager: onUpstreamReceive mPropertyId 0x21402194
12-30 11:03:29.221   398   464 D adayocomadapter-CommunicationManager: onUpstreamReceive mPropertyId 0x2140208d
12-30 11:03:29.221   398   464 D adayocomadapter-CommunicationManager: convertBytesToInt32Memcpy  0
12-30 11:03:29.221   398   464 I vw-vhal : notifyVehicleProperty, propId = 0x2140208d, data = {status: 2, int32Values: [0]}
12-30 11:03:29.221   398   464 I vw-vhal : CanSignalsAdapter::notifyVehicleProperty: solvedValue = {.timestamp = 8745043270373, .areaId = 0, .prop = 557850765, .status = AVAILABLE, .value = {.int32Values = [1]{0}, .floatValues = [0]{}, .int64Values = [0]{}, .bytes = [0]{}, .stringValue = ""}}
12-30 11:03:29.221   398   464 I VehiclePropertyStore: begin to write value to Store: {.timestamp = 8745043270373, .areaId = 0, .prop = 557850765, .status = AVAILABLE, .value = {.int32Values = [1]{0}, .floatValues = [0]{}, .int64Values = [0]{}, .bytes = [0]{}, .stringValue = ""}}
12-30 11:03:29.221   398   464 I DefaultVehicleHal_v2_0: DefaultVehicleHal::onPropertyValue, value:{.timestamp = 8745043270373, .areaId = 0, .prop = 557850765, .status = AVAILABLE, .value = {.int32Values = [1]{0}, .floatValues = [0]{}, .int64Values = [0]{}, .bytes = [0]{}, .stringValue = ""}}
12-30 11:03:29.221   398   464 D DiagPropHandler: is not DiagnosticConfig: 0x2140208d
12-30 11:03:29.221   398   464 I VehiclePropertyStore: begin to write value to Store: {.timestamp = 8745043270373, .areaId = 0, .prop = 557850765, .status = AVAILABLE, .value = {.int32Values = [1]{0}, .floatValues = [0]{}, .int64Values = [0]{}, .bytes = [0]{}, .stringValue = ""}}
12-30 11:03:29.221   398   464 D adayocomadapter-CommunicationManager: onUpstreamReceive mPropertyId 0x2140208d
12-30 11:03:29.221   398   464 D adayocomadapter-CommunicationManager: onUpstreamReceive mPropertyId 0x21402195
12-30 11:03:29.221   398   464 D adayocomadapter-CommunicationManager: convertBytesToInt32Memcpy  0
12-30 11:03:29.221   398   464 I vw-vhal : notifyVehicleProperty, propId = 0x21402195, data = {status: 2, int32Values: [0]}
12-30 11:03:29.222   398   464 I vw-vhal : CanSignalsAdapter::notifyVehicleProperty: solvedValue = {.timestamp = 8745043897707, .areaId = 0, .prop = 557851029, .status = AVAILABLE, .value = {.int32Values = [1]{0}, .floatValues = [0]{}, .int64Values = [0]{}, .bytes = [0]{}, .stringValue = ""}}
12-30 11:03:29.222   398   464 I VehiclePropertyStore: begin to write value to Store: {.timestamp = 8745043897707, .areaId = 0, .prop = 557851029, .status = AVAILABLE, .value = {.int32Values = [1]{0}, .floatValues = [0]{}, .int64Values = [0]{}, .bytes = [0]{}, .stringValue = ""}}
12-30 11:03:29.222   398   464 I DefaultVehicleHal_v2_0: DefaultVehicleHal::onPropertyValue, value:{.timestamp = 8745043897707, .areaId = 0, .prop = 557851029, .status = AVAILABLE, .value = {.int32Values = [1]{0}, .floatValues = [0]{}, .int64Values = [0]{}, .bytes = [0]{}, .stringValue = ""}}
12-30 11:03:29.222   398   464 D DiagPropHandler: is not DiagnosticConfig: 0x21402195
12-30 11:03:29.222   398   464 I VehiclePropertyStore: begin to write value to Store: {.timestamp = 8745043897707, .areaId = 0, .prop = 557851029, .status = AVAILABLE, .value = {.int32Values = [1]{0}, .floatValues = [0]{}, .int64Values = [0]{}, .bytes = [0]{}, .stringValue = ""}}
12-30 11:03:29.222   398   464 D adayocomadapter-CommunicationManager: onUpstreamReceive mPropertyId 0x21402195
12-30 11:03:29.222   398   464 D adayocomadapter-CommunicationManager: onUpstreamReceive mPropertyId 0x21402192
12-30 11:03:29.222   398   464 D adayocomadapter-CommunicationManager: convertBytesToInt32Memcpy  0
12-30 11:03:29.222   398   464 I vw-vhal : notifyVehicleProperty, propId = 0x21402192, data = {status: 2, int32Values: [0]}
12-30 11:03:29.222   398   464 I vw-vhal : CanSignalsAdapter::notifyVehicleProperty: solvedValue = {.timestamp = 8745044581707, .areaId = 0, .prop = 557851026, .status = AVAILABLE, .value = {.int32Values = [1]{0}, .floatValues = [0]{}, .int64Values = [0]{}, .bytes = [0]{}, .stringValue = ""}}
12-30 11:03:29.222   398   464 I VehiclePropertyStore: begin to write value to Store: {.timestamp = 8745044581707, .areaId = 0, .prop = 557851026, .status = AVAILABLE, .value = {.int32Values = [1]{0}, .floatValues = [0]{}, .int64Values = [0]{}, .bytes = [0]{}, .stringValue = ""}}
12-30 11:03:29.222   398   464 I DefaultVehicleHal_v2_0: DefaultVehicleHal::onPropertyValue, value:{.timestamp = 8745044581707, .areaId = 0, .prop = 557851026, .status = AVAILABLE, .value = {.int32Values = [1]{0}, .floatValues = [0]{}, .int64Values = [0]{}, .bytes = [0]{}, .stringValue = ""}}
12-30 11:03:29.223   398   464 D DiagPropHandler: is not DiagnosticConfig: 0x21402192
12-30 11:03:29.223   398   464 I VehiclePropertyStore: begin to write value to Store: {.timestamp = 8745044581707, .areaId = 0, .prop = 557851026, .status = AVAILABLE, .value = {.int32Values = [1]{0}, .floatValues = [0]{}, .int64Values = [0]{}, .bytes = [0]{}, .stringValue = ""}}
12-30 11:03:29.223   398   464 D adayocomadapter-CommunicationManager: onUpstreamReceive mPropertyId 0x21402192
12-30 11:03:29.223   398   464 D adayocomadapter-CommunicationManager: onUpstreamReceive mPropertyId 0x2140208a
12-30 11:03:29.223   398   464 D adayocomadapter-CommunicationManager: convertBytesToInt32Memcpy  0
12-30 11:03:29.223   398   464 I vw-vhal : notifyVehicleProperty, propId = 0x2140208a, data = {status: 2, int32Values: [0]}
12-30 11:03:29.223   398   464 I vw-vhal : CanSignalsAdapter::notifyVehicleProperty: solvedValue = {.timestamp = 8745045228707, .areaId = 0, .prop = 557850762, .status = AVAILABLE, .value = {.int32Values = [1]{0}, .floatValues = [0]{}, .int64Values = [0]{}, .bytes = [0]{}, .stringValue = ""}}
12-30 11:03:29.223   398   464 I VehiclePropertyStore: begin to write value to Store: {.timestamp = 8745045228707, .areaId = 0, .prop = 557850762, .status = AVAILABLE, .value = {.int32Values = [1]{0}, .floatValues = [0]{}, .int64Values = [0]{}, .bytes = [0]{}, .stringValue = ""}}
12-30 11:03:29.223   398   464 I DefaultVehicleHal_v2_0: DefaultVehicleHal::onPropertyValue, value:{.timestamp = 8745045228707, .areaId = 0, .prop = 557850762, .status = AVAILABLE, .value = {.int32Values = [1]{0}, .floatValues = [0]{}, .int64Values = [0]{}, .bytes = [0]{}, .stringValue = ""}}
12-30 11:03:29.223   398   464 D DiagPropHandler: is not DiagnosticConfig: 0x2140208a
12-30 11:03:29.223   398   464 I VehiclePropertyStore: begin to write value to Store: {.timestamp = 8745045228707, .areaId = 0, .prop = 557850762, .status = AVAILABLE, .value = {.int32Values = [1]{0}, .floatValues = [0]{}, .int64Values = [0]{}, .bytes = [0]{}, .stringValue = ""}}
12-30 11:03:29.223   398   464 D adayocomadapter-CommunicationManager: onUpstreamReceive mPropertyId 0x2140208a
12-30 11:03:29.223   398   464 D adayocomadapter-CommunicationManager: onUpstreamReceive mPropertyId 0x21402196
12-30 11:03:29.223   398   464 D adayocomadapter-CommunicationManager: convertBytesToInt32Memcpy  0
12-30 11:03:29.223   398   464 I vw-vhal : notifyVehicleProperty, propId = 0x21402196, data = {status: 2, int32Values: [0]}
12-30 11:03:29.224   398   464 I vw-vhal : CanSignalsAdapter::notifyVehicleProperty: solvedValue = {.timestamp = 8745045865373, .areaId = 0, .prop = 557851030, .status = AVAILABLE, .value = {.int32Values = [1]{0}, .floatValues = [0]{}, .int64Values = [0]{}, .bytes = [0]{}, .stringValue = ""}}
12-30 11:03:29.224   398   464 I VehiclePropertyStore: begin to write value to Store: {.timestamp = 8745045865373, .areaId = 0, .prop = 557851030, .status = AVAILABLE, .value = {.int32Values = [1]{0}, .floatValues = [0]{}, .int64Values = [0]{}, .bytes = [0]{}, .stringValue = ""}}
12-30 11:03:29.224   398   464 I DefaultVehicleHal_v2_0: DefaultVehicleHal::onPropertyValue, value:{.timestamp = 8745045865373, .areaId = 0, .prop = 557851030, .status = AVAILABLE, .value = {.int32Values = [1]{0}, .floatValues = [0]{}, .int64Values = [0]{}, .bytes = [0]{}, .stringValue = ""}}
12-30 11:03:29.224   398   464 D DiagPropHandler: is not DiagnosticConfig: 0x21402196
12-30 11:03:29.224   398   464 I VehiclePropertyStore: begin to write value to Store: {.timestamp = 8745045865373, .areaId = 0, .prop = 557851030, .status = AVAILABLE, .value = {.int32Values = [1]{0}, .floatValues = [0]{}, .int64Values = [0]{}, .bytes = [0]{}, .stringValue = ""}}
12-30 11:03:29.224   398   464 D adayocomadapter-CommunicationManager: onUpstreamReceive mPropertyId 0x21402196
12-30 11:03:29.224   398   464 D adayocomadapter-CommunicationManager: onUpstreamReceive mPropertyId 0x21402197
12-30 11:03:29.224   398   464 D adayocomadapter-CommunicationManager: convertBytesToInt32Memcpy  0
12-30 11:03:29.224   398   464 I vw-vhal : notifyVehicleProperty, propId = 0x21402197, data = {status: 2, int32Values: [0]}
12-30 11:03:29.224   398   464 I vw-vhal : CanSignalsAdapter::notifyVehicleProperty: solvedValue = {.timestamp = 8745046503373, .areaId = 0, .prop = 557851031, .status = AVAILABLE, .value = {.int32Values = [1]{0}, .floatValues = [0]{}, .int64Values = [0]{}, .bytes = [0]{}, .stringValue = ""}}
12-30 11:03:29.224   398   464 I VehiclePropertyStore: begin to write value to Store: {.timestamp = 8745046503373, .areaId = 0, .prop = 557851031, .status = AVAILABLE, .value = {.int32Values = [1]{0}, .floatValues = [0]{}, .int64Values = [0]{}, .bytes = [0]{}, .stringValue = ""}}
12-30 11:03:29.224   398   464 I DefaultVehicleHal_v2_0: DefaultVehicleHal::onPropertyValue, value:{.timestamp = 8745046503373, .areaId = 0, .prop = 557851031, .status = AVAILABLE, .value = {.int32Values = [1]{0}, .floatValues = [0]{}, .int64Values = [0]{}, .bytes = [0]{}, .stringValue = ""}}
12-30 11:03:29.224   398   464 D DiagPropHandler: is not DiagnosticConfig: 0x21402197
12-30 11:03:29.225   398   464 I VehiclePropertyStore: begin to write value to Store: {.timestamp = 8745046503373, .areaId = 0, .prop = 557851031, .status = AVAILABLE, .value = {.int32Values = [1]{0}, .floatValues = [0]{}, .int64Values = [0]{}, .bytes = [0]{}, .stringValue = ""}}
12-30 11:03:29.225   398   464 D adayocomadapter-CommunicationManager: onUpstreamReceive mPropertyId 0x21402197
12-30 11:03:29.225   398   464 D adayocomadapter-CommunicationManager: onUpstreamReceive mPropertyId 0x21402199
12-30 11:03:29.225   398   464 D adayocomadapter-CommunicationManager: convertBytesToInt32Memcpy  0
12-30 11:03:29.225   398   464 I vw-vhal : notifyVehicleProperty, propId = 0x21402199, data = {status: 2, int32Values: [0]}
12-30 11:03:29.225   398   464 I vw-vhal : CanSignalsAdapter::notifyVehicleProperty: solvedValue = {.timestamp = 8745047139707, .areaId = 0, .prop = 557851033, .status = AVAILABLE, .value = {.int32Values = [1]{0}, .floatValues = [0]{}, .int64Values = [0]{}, .bytes = [0]{}, .stringValue = ""}}
12-30 11:03:29.225   398   464 I VehiclePropertyStore: begin to write value to Store: {.timestamp = 8745047139707, .areaId = 0, .prop = 557851033, .status = AVAILABLE, .value = {.int32Values = [1]{0}, .floatValues = [0]{}, .int64Values = [0]{}, .bytes = [0]{}, .stringValue = ""}}
12-30 11:03:29.225   398   464 I DefaultVehicleHal_v2_0: DefaultVehicleHal::onPropertyValue, value:{.timestamp = 8745047139707, .areaId = 0, .prop = 557851033, .status = AVAILABLE, .value = {.int32Values = [1]{0}, .floatValues = [0]{}, .int64Values = [0]{}, .bytes = [0]{}, .stringValue = ""}}
12-30 11:03:29.225   398   464 D DiagPropHandler: is not DiagnosticConfig: 0x21402199
12-30 11:03:29.225   398   464 I VehiclePropertyStore: begin to write value to Store: {.timestamp = 8745047139707, .areaId = 0, .prop = 557851033, .status = AVAILABLE, .value = {.int32Values = [1]{0}, .floatValues = [0]{}, .int64Values = [0]{}, .bytes = [0]{}, .stringValue = ""}}
12-30 11:03:29.225   398   464 D adayocomadapter-CommunicationManager: onUpstreamReceive mPropertyId 0x21402199
12-30 11:03:29.245   360   931 D EvsDriver: forwardFrame
12-30 11:03:29.245   360   931 D EvsDriver: forwardFrameDirect
12-30 11:03:29.246   360   931 D EvsDriver: Delivered 0xb400e2ca9e40c2d0 as id 0
12-30 11:03:29.246   359  2784 D evsmanagerd: /dev/video-evs0 forwarded the buffer #0 to 0xb400f125d2b26dd0 from 0xb400f125e2b20710
12-30 11:03:29.255   360   458 D EvsDriver: doneWithFrame
12-30 11:03:29.267  2358  2623 D RcfController: Rcf proxy is not connected!
12-30 11:03:29.275   596  3076 E WifiHAL : Invalid data received from driver
12-30 11:03:29.279   360   931 D EvsDriver: forwardFrame
12-30 11:03:29.279   360   931 D EvsDriver: forwardFrameDirect
12-30 11:03:29.279   360   931 D EvsDriver: Delivered 0xb400e2ca9e40d090 as id 1
12-30 11:03:29.279   359  2784 D evsmanagerd: /dev/video-evs0 forwarded the buffer #1 to 0xb400f125d2b26dd0 from 0xb400f125e2b20710
12-30 11:03:29.286   360   458 D EvsDriver: doneWithFrame
12-30 11:03:29.312   360   931 D EvsDriver: forwardFrame
12-30 11:03:29.312   360   931 D EvsDriver: forwardFrameDirect
12-30 11:03:29.312   360   931 D EvsDriver: Delivered 0xb400e2ca9e40e110 as id 0
12-30 11:03:29.312   359  2784 D evsmanagerd: /dev/video-evs0 forwarded the buffer #0 to 0xb400f125d2b26dd0 from 0xb400f125e2b20710
12-30 11:03:29.316   360   458 D EvsDriver: doneWithFrame
12-30 11:03:29.317  2358  2623 D RcfController: Rcf proxy is not connected!
12-30 11:03:29.345   360   931 D EvsDriver: forwardFrame
12-30 11:03:29.345   360   931 D EvsDriver: forwardFrameDirect
12-30 11:03:29.346   596  3076 E WifiHAL : Invalid data received from driver
12-30 11:03:29.346   360   931 D EvsDriver: Delivered 0xb400e2ca9e40c7a0 as id 1
12-30 11:03:29.346   596  3076 E WifiHAL : Invalid data received from driver
12-30 11:03:29.346   359  2784 D evsmanagerd: /dev/video-evs0 forwarded the buffer #1 to 0xb400f125d2b26dd0 from 0xb400f125e2b20710
12-30 11:03:29.346   596  3076 E WifiHAL : Invalid data received from driver
12-30 11:03:29.346   596  3076 E WifiHAL : Invalid data received from driver
12-30 11:03:29.346   596  3076 E WifiHAL : Invalid data received from driver
12-30 11:03:29.346   596  3076 E WifiHAL : Invalid data received from driver
12-30 11:03:29.346   596  3076 E WifiHAL : Invalid data received from driver
12-30 11:03:29.348   596  3076 E WifiHAL : Invalid data received from driver
12-30 11:03:29.356   360   458 D EvsDriver: doneWithFrame
12-30 11:03:29.367  2358  2623 D RcfController: Rcf proxy is not connected!
12-30 11:03:29.379   360   931 D EvsDriver: forwardFrame
12-30 11:03:29.379   360   931 D EvsDriver: forwardFrameDirect
12-30 11:03:29.379   360   931 D EvsDriver: Delivered 0xb400e2ca9e40e270 as id 0
12-30 11:03:29.379   359  2784 D evsmanagerd: /dev/video-evs0 forwarded the buffer #0 to 0xb400f125d2b26dd0 from 0xb400f125e2b20710
12-30 11:03:29.387   360   458 D EvsDriver: doneWithFrame
12-30 11:03:29.395   650   729 D fgemcucomm: sd Uart data : 6AA60210E80002920270
12-30 11:03:29.396   650   729 D fgemcucomm: rev uart=72252,len=15, data : 6AA68110E80007920206214145023D
12-30 11:03:29.396   398  2883 D adayocomadapter-ParseProtocolFunc: printRaWMsg Name[MCUToUPstream recv] len[7] data[92020621414502]
12-30 11:03:29.396   398  2883 D adayocomadapter-CommunicationManager: onUpstreamback   member[6] dataLength[4] timePoint[8745218]
12-30 11:03:29.396   398  2883 D adayocomadapter-ParseProtocolFunc: printRaWMsg Name[onUpstreamback] len[4] data[21414502]
12-30 11:03:29.396   398   464 D adayocomadapter-UpstreamHandler: processBeforePacket upSreamtProcessTimePoint[8745218] 
12-30 11:03:29.397   398   464 D adayocomadapter-ParseProtocolFunc: parseGeneralIPCLBytes Processing tablename[Table-3] tableSize[0]
12-30 11:03:29.397   398   464 D adayocomadapter-ParseProtocolFunc: printRaWMsg Name[byteStream recv] len[4] data[21414502]
12-30 11:03:29.408   398   464 D adayocomadapter-ParseProtocolFunc: printRaWMsg Name[IPCLtoVHAL] len[8520] data[2141450201214145020000000000000000000000000101010000009D8F0000000000000000A8B7712E6DFB00B40000000000000000010101000000CB0800000000000000000000000000000000B0B5712E6DFB00B4014000000000D6C8000000000000000000000000000000000000000000000000014000000000FB0D000000000000000000000000000000000000000000000000010101000000E6CD00000000000000000000000000000000D8B4712E6DFB00B40140000000009FF70000000000000000000000000000000000000000000000000160000000004B340000000000000000214021BA000000000000000000000000016000000000D4470000000000000000214021AA000000000000000000000000016000000000E63A0000000000000000214021C800000000000000000000000001010100000079BE0000000000000000E08173CE6DFB00B430D172CE6DFB00B40101010000004BC30000000000000000F0B7712E6DFB00B400000000000000000160000000009229000000000000000021402236000000000000000000000000016000000000A0540000000000000000214022380000000000000000000000000101010000003FD0000000000000000038B8712E6DFB00B40000000000000000016000000000C4AE0000000000000000214021550
12-30 11:03:29.408   398   464 D adayocomadapter-CommunicationManager: onUpstreamReceive mPropertyId 0x21414502
12-30 11:03:29.408   398   464 D adayocomadapter-CommunicationManager: writeValue id=[557925634]
12-30 11:03:29.408   398   464 D adayocomadapter-VehiclePropertyStore: writeValue id=[557925634]
12-30 11:03:29.411   596  3076 E WifiHAL : Invalid data received from driver
12-30 11:03:29.412   360   931 D EvsDriver: forwardFrame
12-30 11:03:29.412   360   931 D EvsDriver: forwardFrameDirect
12-30 11:03:29.412   360   931 D EvsDriver: Delivered 0xb400e2ca9e40d4b0 as id 1
12-30 11:03:29.412   359  2784 D evsmanagerd: /dev/video-evs0 forwarded the buffer #1 to 0xb400f125d2b26dd0 from 0xb400f125e2b20710
12-30 11:03:29.415   650   729 D fgemcucomm: sd Uart data : 6AA60210E9000292026F
12-30 11:03:29.416   650   729 D fgemcucomm: rev uart=72253,len=15, data : 6AA68110E9000792020002000000E9
12-30 11:03:29.416   398  2883 D adayocomadapter-ParseProtocolFunc: printRaWMsg Name[MCUToUPstream recv] len[7] data[92020002000000]
12-30 11:03:29.416   398  2883 D adayocomadapter-CommunicationManager: onUpstreamback   member[0] dataLength[4] timePoint[8745238]
12-30 11:03:29.416   398  2883 D adayocomadapter-ParseProtocolFunc: printRaWMsg Name[onUpstreamback] len[4] data[02000000]
12-30 11:03:29.417   360   458 D EvsDriver: doneWithFrame
12-30 11:03:29.417  2358  2623 D RcfController: Rcf proxy is not connected!
12-30 11:03:29.436  1667  2594 W ContextImpl: Calling a method in the system process without a qualified user: android.app.ContextImpl.bindService:1988 android.content.ContextWrapper.bindService:861 com.ford.sync.fnvservice.FordFnv.c:202 com.ford.sync.fnvservice.FordFnv.c:43 com.ford.sync.fnvservice.FordFnv$RetryHandler.handleMessage:245 
12-30 11:03:29.436  1667  2407 I media_message_log->MediaMessageProxy: (SourceFile:1)b connectToService action bind
12-30 11:03:29.436   916  2591 W ActivityManager: Unable to start service Intent { cmp=com.ford.sync.fnvservice/.FordFnvService } U=0: not found
12-30 11:03:29.437   398   464 I vw-vhal : notifyVehicleProperty, propId = 0x21414502, data = {status: 2, int32Values: [33, 65, 69, 2, 0, 0, 0, 0, 0, 0, 0, 0, 0, 0, 0, 0, 1, 1, 1, 0, 0, 0, 157, 143, 0, 0, 0, 0, 0, 0, 0, 0, 168, 183, 113, 46, 109, 251, 0, 180, 0, 0, 0, 0, 0, 0, 0, 0, 1, 1, 1, 0, 0, 0, 203, 8, 0, 0, 0, 0, 0, 0, 0, 0, 0, 0, 0, 0, 0, 0, 0, 0, 176, 181, 113, 46, 109, 251, 0, 180, 1, 64, 0, 0, 0, 0, 214, 200, 0, 0, 0, 0, 0, 0, 0, 0, 0, 0, 0, 0, 0, 0, 0, 0, 0, 0, 0, 0, 0, 0, 0, 0, 1, 64, 0, 0, 0, 0, 251, 13, 0, 0, 0, 0, 0, 0, 0, 0, 0, 0, 0, 0, 0, 0, 0, 0, 0, 0, 0, 0, 0, 0, 0, 0, 1, 1, 1, 0, 0, 0, 230, 205, 0, 0, 0, 0, 0, 0, 0, 0, 0, 0, 0, 0, 0, 0, 0, 0, 216, 180, 113, 46, 109, 251, 0, 180, 1, 64, 0, 0, 0, 0, 159, 247, 0, 0, 0, 0, 0, 0, 0, 0, 0, 0, 0, 0, 0, 0, 0, 0, 0, 0, 0, 0, 0, 0, 0, 0, 1, 96, 0, 0, 0, 0, 75, 52, 0, 0, 0, 0, 0, 0, 0, 0, 33, 64, 33, 186, 0, 0, 0, 0, 0, 0, 0, 0, 0, 0, 0, 0, 1, 96, 0, 0, 0, 0, 212, 71, 0, 0, 0, 0, 0, 0, 0, 0, 33, 64, 33, 170, 0, 0, 0, 0, 0, 0, 0, 0, 0, 0, 0, 0, 1, 96, 0, 0, 0, 0, 230, 58, 0, 0, 0, 0, 0, 0, 0
12-30 11:03:29.437   916  1847 W ActivityManager: Unable to start service Intent { cmp=com.adayo.server.mediamessagetransfer/.MediaMessTransferService (has extras) } U=0: not found
12-30 11:03:29.437  1667  2594 W FordFnv :  bind ford fnv failed -> sendRetryMessage 
12-30 11:03:29.437  1667  2407 E media_message_log->MediaMessageProxy: (SourceFile:7)a bindServiceAsUser isBound = false
12-30 11:03:29.445   360   931 D EvsDriver: forwardFrame
12-30 11:03:29.445   360   931 D EvsDriver: forwardFrameDirect
12-30 11:03:29.446   360   931 D EvsDriver: Delivered 0xb400e2ca9e40c2d0 as id 0
12-30 11:03:29.446   359  2784 D evsmanagerd: /dev/video-evs0 forwarded the buffer #0 to 0xb400f125d2b26dd0 from 0xb400f125e2b20710
12-30 11:03:29.447   360   458 D EvsDriver: doneWithFrame
12-30 11:03:29.458   650   729 D fgemcucomm: sd Uart data : 6AA60210EA000292026E
12-30 11:03:29.458   650   729 D fgemcucomm: rev uart=72254,len=40, data : 6AA68110EA00209202001600000000000000000000000000000000000000000000000000000000BB
12-30 11:03:29.458   398  2883 D adayocomadapter-ParseProtocolFunc: printRaWMsg Name[MCUToUPstream recv] len[32] data[9202001600000000000000000000000000000000000000000000000000000000]
12-30 11:03:29.458   398  2883 D adayocomadapter-CommunicationManager: onUpstreamback   member[0] dataLength[29] timePoint[8745280]
12-30 11:03:29.459   398  2883 D adayocomadapter-ParseProtocolFunc: printRaWMsg Name[onUpstreamback] len[29] data[1600000000000000000000000000000000000000000000000000000000]
12-30 11:03:29.464   398   464 I vw-vhal : CanSignalsAdapter::notifyDiagProperty: propId = 0x21414502, data = {status: 2, int32Values: [33, 65, 69, 2, 0, 0, 0, 0, 0, 0, 0, 0, 0, 0, 0, 0, 1, 1, 1, 0, 0, 0, 157, 143, 0, 0, 0, 0, 0, 0, 0, 0, 168, 183, 113, 46, 109, 251, 0, 180, 0, 0, 0, 0, 0, 0, 0, 0, 1, 1, 1, 0, 0, 0, 203, 8, 0, 0, 0, 0, 0, 0, 0, 0, 0, 0, 0, 0, 0, 0, 0, 0, 176, 181, 113, 46, 109, 251, 0, 180, 1, 64, 0, 0, 0, 0, 214, 200, 0, 0, 0, 0, 0, 0, 0, 0, 0, 0, 0, 0, 0, 0, 0, 0, 0, 0, 0, 0, 0, 0, 0, 0, 1, 64, 0, 0, 0, 0, 251, 13, 0, 0, 0, 0, 0, 0, 0, 0, 0, 0, 0, 0, 0, 0, 0, 0, 0, 0, 0, 0, 0, 0, 0, 0, 1, 1, 1, 0, 0, 0, 230, 205, 0, 0, 0, 0, 0, 0, 0, 0, 0, 0, 0, 0, 0, 0, 0, 0, 216, 180, 113, 46, 109, 251, 0, 180, 1, 64, 0, 0, 0, 0, 159, 247, 0, 0, 0, 0, 0, 0, 0, 0, 0, 0, 0, 0, 0, 0, 0, 0, 0, 0, 0, 0, 0, 0, 0, 0, 1, 96, 0, 0, 0, 0, 75, 52, 0, 0, 0, 0, 0, 0, 0, 0, 33, 64, 33, 186, 0, 0, 0, 0, 0, 0, 0, 0, 0, 0, 0, 0, 1, 96, 0, 0, 0, 0, 212, 71, 0, 0, 0, 0, 0, 0, 0, 0, 33, 64, 33, 170, 0, 0, 0, 0, 0, 0, 0, 0, 0, 0, 0, 0, 1, 96, 0, 0, 0, 0, 230, 58, 0, 
12-30 11:03:29.468  2358  2623 D RcfController: Rcf proxy is not connected!
12-30 11:03:29.479   360   931 D EvsDriver: forwardFrame
12-30 11:03:29.479   360   931 D EvsDriver: forwardFrameDirect
12-30 11:03:29.479   360   931 D EvsDriver: Delivered 0xb400e2ca9e40d090 as id 1
12-30 11:03:29.479   359  2784 D evsmanagerd: /dev/video-evs0 forwarded the buffer #1 to 0xb400f125d2b26dd0 from 0xb400f125e2b20710
12-30 11:03:29.479   398   464 I vw-vhal : CanSignalsAdapter::notifyVehicleProperty: solvedValue = {.timestamp = 8745287053373, .areaId = 0, .prop = 557925634, .status = AVAILABLE, .value = {.int32Values = [8515]{33, 65, 69, 2, 0, 0, 0, 0, 0, 0, 0, 0, 0, 0, 0, 0, 1, 1, 1, 0, 0, 0, 157, 143, 0, 0, 0, 0, 0, 0, 0, 0, 168, 183, 113, 46, 109, 251, 0, 180, 0, 0, 0, 0, 0, 0, 0, 0, 1, 1, 1, 0, 0, 0, 203, 8, 0, 0, 0, 0, 0, 0, 0, 0, 0, 0, 0, 0, 0, 0, 0, 0, 176, 181, 113, 46, 109, 251, 0, 180, 1, 64, 0, 0, 0, 0, 214, 200, 0, 0, 0, 0, 0, 0, 0, 0, 0, 0, 0, 0, 0, 0, 0, 0, 0, 0, 0, 0, 0, 0, 0, 0, 1, 64, 0, 0, 0, 0, 251, 13, 0, 0, 0, 0, 0, 0, 0, 0, 0, 0, 0, 0, 0, 0, 0, 0, 0, 0, 0, 0, 0, 0, 0, 0, 1, 1, 1, 0, 0, 0, 230, 205, 0, 0, 0, 0, 0, 0, 0, 0, 0, 0, 0, 0, 0, 0, 0, 0, 216, 180, 113, 46, 109, 251, 0, 180, 1, 64, 0, 0, 0, 0, 159, 247, 0, 0, 0, 0, 0, 0, 0, 0, 0, 0, 0, 0, 0, 0, 0, 0, 0, 0, 0, 0, 0, 0, 0, 0, 1, 96, 0, 0, 0, 0, 75, 52, 0, 0, 0, 0, 0, 0, 0, 0, 33, 64, 33, 186, 0, 0, 0, 0, 0, 0, 0, 0, 0, 0, 0, 0, 1, 96, 0, 0, 0, 0, 212, 71, 0, 0, 0, 0, 0, 0, 0, 0, 33, 64,
12-30 11:03:29.488   360   458 D EvsDriver: doneWithFrame
12-30 11:03:29.494   398   464 I VehiclePropertyStore: begin to write value to Store: {.timestamp = 8745287053373, .areaId = 0, .prop = 557925634, .status = AVAILABLE, .value = {.int32Values = [8515]{33, 65, 69, 2, 0, 0, 0, 0, 0, 0, 0, 0, 0, 0, 0, 0, 1, 1, 1, 0, 0, 0, 157, 143, 0, 0, 0, 0, 0, 0, 0, 0, 168, 183, 113, 46, 109, 251, 0, 180, 0, 0, 0, 0, 0, 0, 0, 0, 1, 1, 1, 0, 0, 0, 203, 8, 0, 0, 0, 0, 0, 0, 0, 0, 0, 0, 0, 0, 0, 0, 0, 0, 176, 181, 113, 46, 109, 251, 0, 180, 1, 64, 0, 0, 0, 0, 214, 200, 0, 0, 0, 0, 0, 0, 0, 0, 0, 0, 0, 0, 0, 0, 0, 0, 0, 0, 0, 0, 0, 0, 0, 0, 1, 64, 0, 0, 0, 0, 251, 13, 0, 0, 0, 0, 0, 0, 0, 0, 0, 0, 0, 0, 0, 0, 0, 0, 0, 0, 0, 0, 0, 0, 0, 0, 1, 1, 1, 0, 0, 0, 230, 205, 0, 0, 0, 0, 0, 0, 0, 0, 0, 0, 0, 0, 0, 0, 0, 0, 216, 180, 113, 46, 109, 251, 0, 180, 1, 64, 0, 0, 0, 0, 159, 247, 0, 0, 0, 0, 0, 0, 0, 0, 0, 0, 0, 0, 0, 0, 0, 0, 0, 0, 0, 0, 0, 0, 0, 0, 1, 96, 0, 0, 0, 0, 75, 52, 0, 0, 0, 0, 0, 0, 0, 0, 33, 64, 33, 186, 0, 0, 0, 0, 0, 0, 0, 0, 0, 0, 0, 0, 1, 96, 0, 0, 0, 0, 212, 71, 0, 0, 0, 0, 0, 0, 0, 0, 33, 64, 33, 170, 0, 0, 0, 0, 0, 
12-30 11:03:29.498   596  3076 E WifiHAL : Invalid data received from driver
12-30 11:03:29.508   398   464 I VehiclePropertyStore: Prop wirte value to Store success: {.timestamp = 8745287053373, .areaId = 0, .prop = 557925634, .status = AVAILABLE, .value = {.int32Values = [8515]{33, 65, 69, 2, 0, 0, 0, 0, 0, 0, 0, 0, 0, 0, 0, 0, 1, 1, 1, 0, 0, 0, 157, 143, 0, 0, 0, 0, 0, 0, 0, 0, 168, 183, 113, 46, 109, 251, 0, 180, 0, 0, 0, 0, 0, 0, 0, 0, 1, 1, 1, 0, 0, 0, 203, 8, 0, 0, 0, 0, 0, 0, 0, 0, 0, 0, 0, 0, 0, 0, 0, 0, 176, 181, 113, 46, 109, 251, 0, 180, 1, 64, 0, 0, 0, 0, 214, 200, 0, 0, 0, 0, 0, 0, 0, 0, 0, 0, 0, 0, 0, 0, 0, 0, 0, 0, 0, 0, 0, 0, 0, 0, 1, 64, 0, 0, 0, 0, 251, 13, 0, 0, 0, 0, 0, 0, 0, 0, 0, 0, 0, 0, 0, 0, 0, 0, 0, 0, 0, 0, 0, 0, 0, 0, 1, 1, 1, 0, 0, 0, 230, 205, 0, 0, 0, 0, 0, 0, 0, 0, 0, 0, 0, 0, 0, 0, 0, 0, 216, 180, 113, 46, 109, 251, 0, 180, 1, 64, 0, 0, 0, 0, 159, 247, 0, 0, 0, 0, 0, 0, 0, 0, 0, 0, 0, 0, 0, 0, 0, 0, 0, 0, 0, 0, 0, 0, 0, 0, 1, 96, 0, 0, 0, 0, 75, 52, 0, 0, 0, 0, 0, 0, 0, 0, 33, 64, 33, 186, 0, 0, 0, 0, 0, 0, 0, 0, 0, 0, 0, 0, 1, 96, 0, 0, 0, 0, 212, 71, 0, 0, 0, 0, 0, 0, 0, 0, 33, 64, 33, 170, 0, 0, 0, 0,
12-30 11:03:29.512   360   931 D EvsDriver: forwardFrame
12-30 11:03:29.512   360   931 D EvsDriver: forwardFrameDirect
12-30 11:03:29.512   360   931 D EvsDriver: Delivered 0xb400e2ca9e40e110 as id 0
12-30 11:03:29.512   359  2784 D evsmanagerd: /dev/video-evs0 forwarded the buffer #0 to 0xb400f125d2b26dd0 from 0xb400f125e2b20710
12-30 11:03:29.518  2358  2623 D RcfController: Rcf proxy is not connected!
12-30 11:03:29.518   360   458 D EvsDriver: doneWithFrame
12-30 11:03:29.523   398   464 I DefaultVehicleHal_v2_0: DefaultVehicleHal::onPropertyValue, value:{.timestamp = 8745287053373, .areaId = 0, .prop = 557925634, .status = AVAILABLE, .value = {.int32Values = [8515]{33, 65, 69, 2, 0, 0, 0, 0, 0, 0, 0, 0, 0, 0, 0, 0, 1, 1, 1, 0, 0, 0, 157, 143, 0, 0, 0, 0, 0, 0, 0, 0, 168, 183, 113, 46, 109, 251, 0, 180, 0, 0, 0, 0, 0, 0, 0, 0, 1, 1, 1, 0, 0, 0, 203, 8, 0, 0, 0, 0, 0, 0, 0, 0, 0, 0, 0, 0, 0, 0, 0, 0, 176, 181, 113, 46, 109, 251, 0, 180, 1, 64, 0, 0, 0, 0, 214, 200, 0, 0, 0, 0, 0, 0, 0, 0, 0, 0, 0, 0, 0, 0, 0, 0, 0, 0, 0, 0, 0, 0, 0, 0, 1, 64, 0, 0, 0, 0, 251, 13, 0, 0, 0, 0, 0, 0, 0, 0, 0, 0, 0, 0, 0, 0, 0, 0, 0, 0, 0, 0, 0, 0, 0, 0, 1, 1, 1, 0, 0, 0, 230, 205, 0, 0, 0, 0, 0, 0, 0, 0, 0, 0, 0, 0, 0, 0, 0, 0, 216, 180, 113, 46, 109, 251, 0, 180, 1, 64, 0, 0, 0, 0, 159, 247, 0, 0, 0, 0, 0, 0, 0, 0, 0, 0, 0, 0, 0, 0, 0, 0, 0, 0, 0, 0, 0, 0, 0, 0, 1, 96, 0, 0, 0, 0, 75, 52, 0, 0, 0, 0, 0, 0, 0, 0, 33, 64, 33, 186, 0, 0, 0, 0, 0, 0, 0, 0, 0, 0, 0, 0, 1, 96, 0, 0, 0, 0, 212, 71, 0, 0, 0, 0, 0, 0, 0, 0, 33, 64, 33, 170, 0, 0
12-30 11:03:29.523   398   464 D DiagPropHandler: is not DiagnosticConfig: 0x21414502
12-30 11:03:29.538   398   464 I VehiclePropertyStore: begin to write value to Store: {.timestamp = 8745287053373, .areaId = 0, .prop = 557925634, .status = AVAILABLE, .value = {.int32Values = [8515]{33, 65, 69, 2, 0, 0, 0, 0, 0, 0, 0, 0, 0, 0, 0, 0, 1, 1, 1, 0, 0, 0, 157, 143, 0, 0, 0, 0, 0, 0, 0, 0, 168, 183, 113, 46, 109, 251, 0, 180, 0, 0, 0, 0, 0, 0, 0, 0, 1, 1, 1, 0, 0, 0, 203, 8, 0, 0, 0, 0, 0, 0, 0, 0, 0, 0, 0, 0, 0, 0, 0, 0, 176, 181, 113, 46, 109, 251, 0, 180, 1, 64, 0, 0, 0, 0, 214, 200, 0, 0, 0, 0, 0, 0, 0, 0, 0, 0, 0, 0, 0, 0, 0, 0, 0, 0, 0, 0, 0, 0, 0, 0, 1, 64, 0, 0, 0, 0, 251, 13, 0, 0, 0, 0, 0, 0, 0, 0, 0, 0, 0, 0, 0, 0, 0, 0, 0, 0, 0, 0, 0, 0, 0, 0, 1, 1, 1, 0, 0, 0, 230, 205, 0, 0, 0, 0, 0, 0, 0, 0, 0, 0, 0, 0, 0, 0, 0, 0, 216, 180, 113, 46, 109, 251, 0, 180, 1, 64, 0, 0, 0, 0, 159, 247, 0, 0, 0, 0, 0, 0, 0, 0, 0, 0, 0, 0, 0, 0, 0, 0, 0, 0, 0, 0, 0, 0, 0, 0, 1, 96, 0, 0, 0, 0, 75, 52, 0, 0, 0, 0, 0, 0, 0, 0, 33, 64, 33, 186, 0, 0, 0, 0, 0, 0, 0, 0, 0, 0, 0, 0, 1, 96, 0, 0, 0, 0, 212, 71, 0, 0, 0, 0, 0, 0, 0, 0, 33, 64, 33, 170, 0, 0, 0, 0, 0, 
12-30 11:03:29.545   360   931 D EvsDriver: forwardFrame
12-30 11:03:29.545   360   931 D EvsDriver: forwardFrameDirect
12-30 11:03:29.546   360   931 D EvsDriver: Delivered 0xb400e2ca9e40c7a0 as id 1
12-30 11:03:29.546   359  2784 D evsmanagerd: /dev/video-evs0 forwarded the buffer #1 to 0xb400f125d2b26dd0 from 0xb400f125e2b20710
12-30 11:03:29.549   360   458 D EvsDriver: doneWithFrame
