12-30 10:59:27.108   398   464 D adayocomadapter-CommunicationManager: onUpstreamReceive mPropertyId 0x21402052
12-30 10:59:27.108   398   464 D adayocomadapter-CommunicationManager: onUpstreamReceive mPropertyId 0x21402081
12-30 10:59:27.108   398   464 D adayocomadapter-CommunicationManager: convertBytesToInt32Memcpy  0
12-30 10:59:27.108   398   464 I vw-vhal : notifyVehicleProperty, propId = 0x21402081, data = {status: 2, int32Values: [0]}
12-30 10:59:27.108   398   464 I vw-vhal : CanSignalsAdapter::notifyVehicleProperty: solvedValue = {.timestamp = 8502930213345, .areaId = 0, .prop = 557850753, .status = AVAILABLE, .value = {.int32Values = [1]{0}, .floatValues = [0]{}, .int64Values = [0]{}, .bytes = [0]{}, .stringValue = ""}}
12-30 10:59:27.108   398   464 I VehiclePropertyStore: begin to write value to Store: {.timestamp = 8502930213345, .areaId = 0, .prop = 557850753, .status = AVAILABLE, .value = {.int32Values = [1]{0}, .floatValues = [0]{}, .int64Values = [0]{}, .bytes = [0]{}, .stringValue = ""}}
12-30 10:59:27.108   398   464 I DefaultVehicleHal_v2_0: DefaultVehicleHal::onPropertyValue, value:{.timestamp = 8502930213345, .areaId = 0, .prop = 557850753, .status = AVAILABLE, .value = {.int32Values = [1]{0}, .floatValues = [0]{}, .int64Values = [0]{}, .bytes = [0]{}, .stringValue = ""}}
12-30 10:59:27.108   398   464 D DiagPropHandler: is not DiagnosticConfig: 0x21402081
12-30 10:59:27.108   398   464 I VehiclePropertyStore: begin to write value to Store: {.timestamp = 8502930213345, .areaId = 0, .prop = 557850753, .status = AVAILABLE, .value = {.int32Values = [1]{0}, .floatValues = [0]{}, .int64Values = [0]{}, .bytes = [0]{}, .stringValue = ""}}
12-30 10:59:27.108   398   464 D adayocomadapter-CommunicationManager: onUpstreamReceive mPropertyId 0x21402081
12-30 10:59:27.108   398   464 D adayocomadapter-CommunicationManager: onUpstreamReceive mPropertyId 0x21402080
12-30 10:59:27.108   398   464 D adayocomadapter-CommunicationManager: convertBytesToInt32Memcpy  0
12-30 10:59:27.108   398   464 I vw-vhal : notifyVehicleProperty, propId = 0x21402080, data = {status: 2, int32Values: [0]}
12-30 10:59:27.108   398   464 I vw-vhal : CanSignalsAdapter::notifyVehicleProperty: solvedValue = {.timestamp = 8502930431678, .areaId = 0, .prop = 557850752, .status = AVAILABLE, .value = {.int32Values = [1]{0}, .floatValues = [0]{}, .int64Values = [0]{}, .bytes = [0]{}, .stringValue = ""}}
12-30 10:59:27.108   398   464 I VehiclePropertyStore: begin to write value to Store: {.timestamp = 8502930431678, .areaId = 0, .prop = 557850752, .status = AVAILABLE, .value = {.int32Values = [1]{0}, .floatValues = [0]{}, .int64Values = [0]{}, .bytes = [0]{}, .stringValue = ""}}
12-30 10:59:27.108   398   464 I DefaultVehicleHal_v2_0: DefaultVehicleHal::onPropertyValue, value:{.timestamp = 8502930431678, .areaId = 0, .prop = 557850752, .status = AVAILABLE, .value = {.int32Values = [1]{0}, .floatValues = [0]{}, .int64Values = [0]{}, .bytes = [0]{}, .stringValue = ""}}
12-30 10:59:27.108   398   464 D DiagPropHandler: is not DiagnosticConfig: 0x21402080
12-30 10:59:27.108   398   464 I VehiclePropertyStore: begin to write value to Store: {.timestamp = 8502930431678, .areaId = 0, .prop = 557850752, .status = AVAILABLE, .value = {.int32Values = [1]{0}, .floatValues = [0]{}, .int64Values = [0]{}, .bytes = [0]{}, .stringValue = ""}}
12-30 10:59:27.108   398   464 D adayocomadapter-CommunicationManager: onUpstreamReceive mPropertyId 0x21402080
12-30 10:59:27.108   398   464 D adayocomadapter-CommunicationManager: onUpstreamReceive mPropertyId 0x21402051
12-30 10:59:27.108   398   464 D adayocomadapter-CommunicationManager: convertBytesToInt32Memcpy  0
12-30 10:59:27.108   398   464 I vw-vhal : notifyVehicleProperty, propId = 0x21402051, data = {status: 2, int32Values: [0]}
12-30 10:59:27.108   398   464 I vw-vhal : CanSignalsAdapter::notifyVehicleProperty: solvedValue = {.timestamp = 8502930647678, .areaId = 0, .prop = 557850705, .status = AVAILABLE, .value = {.int32Values = [1]{0}, .floatValues = [0]{}, .int64Values = [0]{}, .bytes = [0]{}, .stringValue = ""}}
12-30 10:59:27.108   398   464 I VehiclePropertyStore: begin to write value to Store: {.timestamp = 8502930647678, .areaId = 0, .prop = 557850705, .status = AVAILABLE, .value = {.int32Values = [1]{0}, .floatValues = [0]{}, .int64Values = [0]{}, .bytes = [0]{}, .stringValue = ""}}
12-30 10:59:27.108   398   464 I DefaultVehicleHal_v2_0: DefaultVehicleHal::onPropertyValue, value:{.timestamp = 8502930647678, .areaId = 0, .prop = 557850705, .status = AVAILABLE, .value = {.int32Values = [1]{0}, .floatValues = [0]{}, .int64Values = [0]{}, .bytes = [0]{}, .stringValue = ""}}
12-30 10:59:27.108   398   464 D DiagPropHandler: is not DiagnosticConfig: 0x21402051
12-30 10:59:27.108   398   464 I VehiclePropertyStore: begin to write value to Store: {.timestamp = 8502930647678, .areaId = 0, .prop = 557850705, .status = AVAILABLE, .value = {.int32Values = [1]{0}, .floatValues = [0]{}, .int64Values = [0]{}, .bytes = [0]{}, .stringValue = ""}}
12-30 10:59:27.108   398   464 D adayocomadapter-CommunicationManager: onUpstreamReceive mPropertyId 0x21402051
12-30 10:59:27.108   398   464 D adayocomadapter-CommunicationManager: onUpstreamReceive mPropertyId 0x2140207b
12-30 10:59:27.108   398   464 D adayocomadapter-CommunicationManager: convertBytesToInt32Memcpy  0
12-30 10:59:27.108   398   464 I vw-vhal : notifyVehicleProperty, propId = 0x2140207b, data = {status: 2, int32Values: [0]}
12-30 10:59:27.109   398   464 I vw-vhal : CanSignalsAdapter::notifyVehicleProperty: solvedValue = {.timestamp = 8502930862011, .areaId = 0, .prop = 557850747, .status = AVAILABLE, .value = {.int32Values = [1]{0}, .floatValues = [0]{}, .int64Values = [0]{}, .bytes = [0]{}, .stringValue = ""}}
12-30 10:59:27.109   398   464 I VehiclePropertyStore: begin to write value to Store: {.timestamp = 8502930862011, .areaId = 0, .prop = 557850747, .status = AVAILABLE, .value = {.int32Values = [1]{0}, .floatValues = [0]{}, .int64Values = [0]{}, .bytes = [0]{}, .stringValue = ""}}
12-30 10:59:27.109   398   464 I DefaultVehicleHal_v2_0: DefaultVehicleHal::onPropertyValue, value:{.timestamp = 8502930862011, .areaId = 0, .prop = 557850747, .status = AVAILABLE, .value = {.int32Values = [1]{0}, .floatValues = [0]{}, .int64Values = [0]{}, .bytes = [0]{}, .stringValue = ""}}
12-30 10:59:27.109   398   464 D DiagPropHandler: is not DiagnosticConfig: 0x2140207b
12-30 10:59:27.109   398   464 I VehiclePropertyStore: begin to write value to Store: {.timestamp = 8502930862011, .areaId = 0, .prop = 557850747, .status = AVAILABLE, .value = {.int32Values = [1]{0}, .floatValues = [0]{}, .int64Values = [0]{}, .bytes = [0]{}, .stringValue = ""}}
12-30 10:59:27.109   398   464 D adayocomadapter-CommunicationManager: onUpstreamReceive mPropertyId 0x2140207b
12-30 10:59:27.109   398   464 D adayocomadapter-CommunicationManager: onUpstreamReceive mPropertyId 0x2140204c
12-30 10:59:27.109   398   464 D adayocomadapter-CommunicationManager: convertBytesToInt32Memcpy  0
12-30 10:59:27.109   398   464 I vw-vhal : notifyVehicleProperty, propId = 0x2140204c, data = {status: 2, int32Values: [0]}
12-30 10:59:27.109   398   464 I vw-vhal : CanSignalsAdapter::notifyVehicleProperty: solvedValue = {.timestamp = 8502931077678, .areaId = 0, .prop = 557850700, .status = AVAILABLE, .value = {.int32Values = [1]{0}, .floatValues = [0]{}, .int64Values = [0]{}, .bytes = [0]{}, .stringValue = ""}}
12-30 10:59:27.109   398   464 I VehiclePropertyStore: begin to write value to Store: {.timestamp = 8502931077678, .areaId = 0, .prop = 557850700, .status = AVAILABLE, .value = {.int32Values = [1]{0}, .floatValues = [0]{}, .int64Values = [0]{}, .bytes = [0]{}, .stringValue = ""}}
12-30 10:59:27.109   398   464 I DefaultVehicleHal_v2_0: DefaultVehicleHal::onPropertyValue, value:{.timestamp = 8502931077678, .areaId = 0, .prop = 557850700, .status = AVAILABLE, .value = {.int32Values = [1]{0}, .floatValues = [0]{}, .int64Values = [0]{}, .bytes = [0]{}, .stringValue = ""}}
12-30 10:59:27.109   398   464 D DiagPropHandler: is not DiagnosticConfig: 0x2140204c
12-30 10:59:27.109   398   464 I VehiclePropertyStore: begin to write value to Store: {.timestamp = 8502931077678, .areaId = 0, .prop = 557850700, .status = AVAILABLE, .value = {.int32Values = [1]{0}, .floatValues = [0]{}, .int64Values = [0]{}, .bytes = [0]{}, .stringValue = ""}}
12-30 10:59:27.109   398   464 D adayocomadapter-CommunicationManager: onUpstreamReceive mPropertyId 0x2140204c
12-30 10:59:27.109   398   464 D adayocomadapter-CommunicationManager: onUpstreamReceive mPropertyId 0x2140207c
12-30 10:59:27.109   398   464 D adayocomadapter-CommunicationManager: convertBytesToInt32Memcpy  0
12-30 10:59:27.109   398   464 I vw-vhal : notifyVehicleProperty, propId = 0x2140207c, data = {status: 2, int32Values: [0]}
12-30 10:59:27.109   398   464 I vw-vhal : CanSignalsAdapter::notifyVehicleProperty: solvedValue = {.timestamp = 8502931312345, .areaId = 0, .prop = 557850748, .status = AVAILABLE, .value = {.int32Values = [1]{0}, .floatValues = [0]{}, .int64Values = [0]{}, .bytes = [0]{}, .stringValue = ""}}
12-30 10:59:27.109   398   464 I VehiclePropertyStore: begin to write value to Store: {.timestamp = 8502931312345, .areaId = 0, .prop = 557850748, .status = AVAILABLE, .value = {.int32Values = [1]{0}, .floatValues = [0]{}, .int64Values = [0]{}, .bytes = [0]{}, .stringValue = ""}}
12-30 10:59:27.109   398   464 I DefaultVehicleHal_v2_0: DefaultVehicleHal::onPropertyValue, value:{.timestamp = 8502931312345, .areaId = 0, .prop = 557850748, .status = AVAILABLE, .value = {.int32Values = [1]{0}, .floatValues = [0]{}, .int64Values = [0]{}, .bytes = [0]{}, .stringValue = ""}}
12-30 10:59:27.109   398   464 D DiagPropHandler: is not DiagnosticConfig: 0x2140207c
12-30 10:59:27.109   398   464 I VehiclePropertyStore: begin to write value to Store: {.timestamp = 8502931312345, .areaId = 0, .prop = 557850748, .status = AVAILABLE, .value = {.int32Values = [1]{0}, .floatValues = [0]{}, .int64Values = [0]{}, .bytes = [0]{}, .stringValue = ""}}
12-30 10:59:27.109   398   464 D adayocomadapter-CommunicationManager: onUpstreamReceive mPropertyId 0x2140207c
12-30 10:59:27.109   398   464 D adayocomadapter-CommunicationManager: onUpstreamReceive mPropertyId 0x2140207e
12-30 10:59:27.109   398   464 D adayocomadapter-CommunicationManager: convertBytesToInt32Memcpy  0
12-30 10:59:27.109   398   464 I vw-vhal : notifyVehicleProperty, propId = 0x2140207e, data = {status: 2, int32Values: [0]}
12-30 10:59:27.109   398   464 I vw-vhal : CanSignalsAdapter::notifyVehicleProperty: solvedValue = {.timestamp = 8502931555011, .areaId = 0, .prop = 557850750, .status = AVAILABLE, .value = {.int32Values = [1]{0}, .floatValues = [0]{}, .int64Values = [0]{}, .bytes = [0]{}, .stringValue = ""}}
12-30 10:59:27.109   398   464 I VehiclePropertyStore: begin to write value to Store: {.timestamp = 8502931555011, .areaId = 0, .prop = 557850750, .status = AVAILABLE, .value = {.int32Values = [1]{0}, .floatValues = [0]{}, .int64Values = [0]{}, .bytes = [0]{}, .stringValue = ""}}
12-30 10:59:27.109   398   464 I DefaultVehicleHal_v2_0: DefaultVehicleHal::onPropertyValue, value:{.timestamp = 8502931555011, .areaId = 0, .prop = 557850750, .status = AVAILABLE, .value = {.int32Values = [1]{0}, .floatValues = [0]{}, .int64Values = [0]{}, .bytes = [0]{}, .stringValue = ""}}
12-30 10:59:27.109   398   464 D DiagPropHandler: is not DiagnosticConfig: 0x2140207e
12-30 10:59:27.109   398   464 I VehiclePropertyStore: begin to write value to Store: {.timestamp = 8502931555011, .areaId = 0, .prop = 557850750, .status = AVAILABLE, .value = {.int32Values = [1]{0}, .floatValues = [0]{}, .int64Values = [0]{}, .bytes = [0]{}, .stringValue = ""}}
12-30 10:59:27.109   398   464 D adayocomadapter-CommunicationManager: onUpstreamReceive mPropertyId 0x2140207e
12-30 10:59:27.109   398   464 D adayocomadapter-CommunicationManager: onUpstreamReceive mPropertyId 0x21402082
12-30 10:59:27.109   398   464 D adayocomadapter-CommunicationManager: convertBytesToInt32Memcpy  0
12-30 10:59:27.109   398   464 I vw-vhal : notifyVehicleProperty, propId = 0x21402082, data = {status: 2, int32Values: [0]}
12-30 10:59:27.109   398   464 I vw-vhal : CanSignalsAdapter::notifyVehicleProperty: solvedValue = {.timestamp = 8502931776678, .areaId = 0, .prop = 557850754, .status = AVAILABLE, .value = {.int32Values = [1]{0}, .floatValues = [0]{}, .int64Values = [0]{}, .bytes = [0]{}, .stringValue = ""}}
12-30 10:59:27.109   398   464 I VehiclePropertyStore: begin to write value to Store: {.timestamp = 8502931776678, .areaId = 0, .prop = 557850754, .status = AVAILABLE, .value = {.int32Values = [1]{0}, .floatValues = [0]{}, .int64Values = [0]{}, .bytes = [0]{}, .stringValue = ""}}
12-30 10:59:27.109   398   464 I DefaultVehicleHal_v2_0: DefaultVehicleHal::onPropertyValue, value:{.timestamp = 8502931776678, .areaId = 0, .prop = 557850754, .status = AVAILABLE, .value = {.int32Values = [1]{0}, .floatValues = [0]{}, .int64Values = [0]{}, .bytes = [0]{}, .stringValue = ""}}
12-30 10:59:27.110   398   464 D DiagPropHandler: is not DiagnosticConfig: 0x21402082
12-30 10:59:27.110   398   464 I VehiclePropertyStore: begin to write value to Store: {.timestamp = 8502931776678, .areaId = 0, .prop = 557850754, .status = AVAILABLE, .value = {.int32Values = [1]{0}, .floatValues = [0]{}, .int64Values = [0]{}, .bytes = [0]{}, .stringValue = ""}}
12-30 10:59:27.110   398   464 D adayocomadapter-CommunicationManager: onUpstreamReceive mPropertyId 0x21402082
12-30 10:59:27.110   398   464 D adayocomadapter-CommunicationManager: onUpstreamReceive mPropertyId 0x21402083
12-30 10:59:27.110   398   464 D adayocomadapter-CommunicationManager: convertBytesToInt32Memcpy  0
12-30 10:59:27.110   398   464 I vw-vhal : notifyVehicleProperty, propId = 0x21402083, data = {status: 2, int32Values: [0]}
12-30 10:59:27.110   398   464 I vw-vhal : CanSignalsAdapter::notifyVehicleProperty: solvedValue = {.timestamp = 8502931998678, .areaId = 0, .prop = 557850755, .status = AVAILABLE, .value = {.int32Values = [1]{0}, .floatValues = [0]{}, .int64Values = [0]{}, .bytes = [0]{}, .stringValue = ""}}
12-30 10:59:27.110   398   464 I VehiclePropertyStore: begin to write value to Store: {.timestamp = 8502931998678, .areaId = 0, .prop = 557850755, .status = AVAILABLE, .value = {.int32Values = [1]{0}, .floatValues = [0]{}, .int64Values = [0]{}, .bytes = [0]{}, .stringValue = ""}}
12-30 10:59:27.110   398   464 I DefaultVehicleHal_v2_0: DefaultVehicleHal::onPropertyValue, value:{.timestamp = 8502931998678, .areaId = 0, .prop = 557850755, .status = AVAILABLE, .value = {.int32Values = [1]{0}, .floatValues = [0]{}, .int64Values = [0]{}, .bytes = [0]{}, .stringValue = ""}}
12-30 10:59:27.110   398   464 D DiagPropHandler: is not DiagnosticConfig: 0x21402083
12-30 10:59:27.110   398   464 I VehiclePropertyStore: begin to write value to Store: {.timestamp = 8502931998678, .areaId = 0, .prop = 557850755, .status = AVAILABLE, .value = {.int32Values = [1]{0}, .floatValues = [0]{}, .int64Values = [0]{}, .bytes = [0]{}, .stringValue = ""}}
12-30 10:59:27.110   398   464 D adayocomadapter-CommunicationManager: onUpstreamReceive mPropertyId 0x21402083
12-30 10:59:27.110   398   464 D adayocomadapter-CommunicationManager: onUpstreamReceive mPropertyId 0x21402084
12-30 10:59:27.110   398   464 D adayocomadapter-CommunicationManager: convertBytesToInt32Memcpy  0
12-30 10:59:27.110   398   464 I vw-vhal : notifyVehicleProperty, propId = 0x21402084, data = {status: 2, int32Values: [0]}
12-30 10:59:27.110   398   464 I vw-vhal : CanSignalsAdapter::notifyVehicleProperty: solvedValue = {.timestamp = 8502932243011, .areaId = 0, .prop = 557850756, .status = AVAILABLE, .value = {.int32Values = [1]{0}, .floatValues = [0]{}, .int64Values = [0]{}, .bytes = [0]{}, .stringValue = ""}}
12-30 10:59:27.110   398   464 I VehiclePropertyStore: begin to write value to Store: {.timestamp = 8502932243011, .areaId = 0, .prop = 557850756, .status = AVAILABLE, .value = {.int32Values = [1]{0}, .floatValues = [0]{}, .int64Values = [0]{}, .bytes = [0]{}, .stringValue = ""}}
12-30 10:59:27.110   398   464 I DefaultVehicleHal_v2_0: DefaultVehicleHal::onPropertyValue, value:{.timestamp = 8502932243011, .areaId = 0, .prop = 557850756, .status = AVAILABLE, .value = {.int32Values = [1]{0}, .floatValues = [0]{}, .int64Values = [0]{}, .bytes = [0]{}, .stringValue = ""}}
12-30 10:59:27.110   398   464 D DiagPropHandler: is not DiagnosticConfig: 0x21402084
12-30 10:59:27.110   398   464 I VehiclePropertyStore: begin to write value to Store: {.timestamp = 8502932243011, .areaId = 0, .prop = 557850756, .status = AVAILABLE, .value = {.int32Values = [1]{0}, .floatValues = [0]{}, .int64Values = [0]{}, .bytes = [0]{}, .stringValue = ""}}
12-30 10:59:27.110   398   464 D adayocomadapter-CommunicationManager: onUpstreamReceive mPropertyId 0x21402084
12-30 10:59:27.110   398   464 D adayocomadapter-CommunicationManager: onUpstreamReceive mPropertyId 0x21402085
12-30 10:59:27.110   398   464 D adayocomadapter-CommunicationManager: convertBytesToInt32Memcpy  0
12-30 10:59:27.110   398   464 I vw-vhal : notifyVehicleProperty, propId = 0x21402085, data = {status: 2, int32Values: [0]}
12-30 10:59:27.110   398   464 I vw-vhal : CanSignalsAdapter::notifyVehicleProperty: solvedValue = {.timestamp = 8502932470345, .areaId = 0, .prop = 557850757, .status = AVAILABLE, .value = {.int32Values = [1]{0}, .floatValues = [0]{}, .int64Values = [0]{}, .bytes = [0]{}, .stringValue = ""}}
12-30 10:59:27.110   398   464 I VehiclePropertyStore: begin to write value to Store: {.timestamp = 8502932470345, .areaId = 0, .prop = 557850757, .status = AVAILABLE, .value = {.int32Values = [1]{0}, .floatValues = [0]{}, .int64Values = [0]{}, .bytes = [0]{}, .stringValue = ""}}
12-30 10:59:27.110   398   464 I DefaultVehicleHal_v2_0: DefaultVehicleHal::onPropertyValue, value:{.timestamp = 8502932470345, .areaId = 0, .prop = 557850757, .status = AVAILABLE, .value = {.int32Values = [1]{0}, .floatValues = [0]{}, .int64Values = [0]{}, .bytes = [0]{}, .stringValue = ""}}
12-30 10:59:27.110   398   464 D DiagPropHandler: is not DiagnosticConfig: 0x21402085
12-30 10:59:27.110   398   464 I VehiclePropertyStore: begin to write value to Store: {.timestamp = 8502932470345, .areaId = 0, .prop = 557850757, .status = AVAILABLE, .value = {.int32Values = [1]{0}, .floatValues = [0]{}, .int64Values = [0]{}, .bytes = [0]{}, .stringValue = ""}}
12-30 10:59:27.110   398   464 D adayocomadapter-CommunicationManager: onUpstreamReceive mPropertyId 0x21402085
12-30 10:59:27.110   398   464 D adayocomadapter-CommunicationManager: onUpstreamReceive mPropertyId 0x2140220a
12-30 10:59:27.110   398   464 D adayocomadapter-CommunicationManager: convertBytesToInt32Memcpy  0
12-30 10:59:27.110   398   464 I vw-vhal : notifyVehicleProperty, propId = 0x2140220a, data = {status: 2, int32Values: [0]}
12-30 10:59:27.110   398   464 I vw-vhal : CanSignalsAdapter::notifyVehicleProperty: solvedValue = {.timestamp = 8502932705678, .areaId = 0, .prop = 557851146, .status = AVAILABLE, .value = {.int32Values = [1]{0}, .floatValues = [0]{}, .int64Values = [0]{}, .bytes = [0]{}, .stringValue = ""}}
12-30 10:59:27.110   398   464 I VehiclePropertyStore: begin to write value to Store: {.timestamp = 8502932705678, .areaId = 0, .prop = 557851146, .status = AVAILABLE, .value = {.int32Values = [1]{0}, .floatValues = [0]{}, .int64Values = [0]{}, .bytes = [0]{}, .stringValue = ""}}
12-30 10:59:27.110   398   464 I DefaultVehicleHal_v2_0: DefaultVehicleHal::onPropertyValue, value:{.timestamp = 8502932705678, .areaId = 0, .prop = 557851146, .status = AVAILABLE, .value = {.int32Values = [1]{0}, .floatValues = [0]{}, .int64Values = [0]{}, .bytes = [0]{}, .stringValue = ""}}
12-30 10:59:27.110   398   464 D DiagPropHandler: is not DiagnosticConfig: 0x2140220a
12-30 10:59:27.110   398   464 I VehiclePropertyStore: begin to write value to Store: {.timestamp = 8502932705678, .areaId = 0, .prop = 557851146, .status = AVAILABLE, .value = {.int32Values = [1]{0}, .floatValues = [0]{}, .int64Values = [0]{}, .bytes = [0]{}, .stringValue = ""}}
12-30 10:59:27.111   398   464 D adayocomadapter-CommunicationManager: onUpstreamReceive mPropertyId 0x2140220a
12-30 10:59:27.111   398   464 D adayocomadapter-CommunicationManager: onUpstreamReceive mPropertyId 0x214021e6
12-30 10:59:27.111   398   464 D adayocomadapter-CommunicationManager: convertBytesToInt32Memcpy  0
12-30 10:59:27.111   398   464 I vw-vhal : notifyVehicleProperty, propId = 0x214021e6, data = {status: 2, int32Values: [0]}
12-30 10:59:27.111   398   464 I vw-vhal : CanSignalsAdapter::notifyVehicleProperty: solvedValue = {.timestamp = 8502932955678, .areaId = 0, .prop = 557851110, .status = AVAILABLE, .value = {.int32Values = [1]{0}, .floatValues = [0]{}, .int64Values = [0]{}, .bytes = [0]{}, .stringValue = ""}}
12-30 10:59:27.111   398   464 I VehiclePropertyStore: begin to write value to Store: {.timestamp = 8502932955678, .areaId = 0, .prop = 557851110, .status = AVAILABLE, .value = {.int32Values = [1]{0}, .floatValues = [0]{}, .int64Values = [0]{}, .bytes = [0]{}, .stringValue = ""}}
12-30 10:59:27.111   398   464 I DefaultVehicleHal_v2_0: DefaultVehicleHal::onPropertyValue, value:{.timestamp = 8502932955678, .areaId = 0, .prop = 557851110, .status = AVAILABLE, .value = {.int32Values = [1]{0}, .floatValues = [0]{}, .int64Values = [0]{}, .bytes = [0]{}, .stringValue = ""}}
12-30 10:59:27.111   398   464 D DiagPropHandler: is not DiagnosticConfig: 0x214021e6
12-30 10:59:27.111   398   464 I VehiclePropertyStore: begin to write value to Store: {.timestamp = 8502932955678, .areaId = 0, .prop = 557851110, .status = AVAILABLE, .value = {.int32Values = [1]{0}, .floatValues = [0]{}, .int64Values = [0]{}, .bytes = [0]{}, .stringValue = ""}}
12-30 10:59:27.111   398   464 D adayocomadapter-CommunicationManager: onUpstreamReceive mPropertyId 0x214021e6
12-30 10:59:27.116   360   931 I EvsDriver: /dev/video-evs0 VideoCapture fps 30.0005
12-30 10:59:27.116   360   931 D EvsDriver: forwardFrame
12-30 10:59:27.116   360   931 D EvsDriver: forwardFrameDirect
12-30 10:59:27.117   360   931 D EvsDriver: Delivered 0xb400e2ca9e40e110 as id 0
12-30 10:59:27.117   359  2784 D evsmanagerd: /dev/video-evs0 forwarded the buffer #0 to 0xb400f125d2b26dd0 from 0xb400f125e2b20710
12-30 10:59:27.118   360   458 D EvsDriver: doneWithFrame
12-30 10:59:27.122   596  3076 E WifiHAL : Invalid data received from driver
12-30 10:59:27.143  2358  2623 D RcfController: Rcf proxy is not connected!
12-30 10:59:27.150   360   931 D EvsDriver: forwardFrame
12-30 10:59:27.150   360   931 D EvsDriver: forwardFrameDirect
12-30 10:59:27.150   360   931 D EvsDriver: Delivered 0xb400e2ca9e40c7a0 as id 1
12-30 10:59:27.150   359  2784 D evsmanagerd: /dev/video-evs0 forwarded the buffer #1 to 0xb400f125d2b26dd0 from 0xb400f125e2b20710
12-30 10:59:27.156  7025  7025 I ADAYO_LOG_TRACE_RESOURCE: folder_size:0
12-30 10:59:27.159   360   458 D EvsDriver: doneWithFrame
12-30 10:59:27.183   360   931 D EvsDriver: forwardFrame
12-30 10:59:27.183   360   931 D EvsDriver: forwardFrameDirect
12-30 10:59:27.183   360   931 D EvsDriver: Delivered 0xb400e2ca9e40e270 as id 0
12-30 10:59:27.183   359  2784 D evsmanagerd: /dev/video-evs0 forwarded the buffer #0 to 0xb400f125d2b26dd0 from 0xb400f125e2b20710
12-30 10:59:27.186   596  3076 E WifiHAL : Invalid data received from driver
12-30 10:59:27.186   596  3076 E WifiHAL : Invalid data received from driver
12-30 10:59:27.186   596  3076 E WifiHAL : Invalid data received from driver
12-30 10:59:27.186   596  3076 E WifiHAL : Invalid data received from driver
12-30 10:59:27.186   596  3076 E WifiHAL : Invalid data received from driver
12-30 10:59:27.186   596  3076 E WifiHAL : Invalid data received from driver
12-30 10:59:27.186   596  3076 E WifiHAL : Invalid data received from driver
12-30 10:59:27.189   360   458 D EvsDriver: doneWithFrame
12-30 10:59:27.193  2358  2623 D RcfController: Rcf proxy is not connected!
12-30 10:59:27.203   596  3076 E WifiHAL : Invalid data received from driver
12-30 10:59:27.216   360   931 D EvsDriver: forwardFrame
12-30 10:59:27.216   360   931 D EvsDriver: forwardFrameDirect
12-30 10:59:27.217   360   931 D EvsDriver: Delivered 0xb400e2ca9e40d4b0 as id 1
12-30 10:59:27.217   359  2784 D evsmanagerd: /dev/video-evs0 forwarded the buffer #1 to 0xb400f125d2b26dd0 from 0xb400f125e2b20710
12-30 10:59:27.219   360   458 D EvsDriver: doneWithFrame
12-30 10:59:27.243  2358  2623 D RcfController: Rcf proxy is not connected!
12-30 10:59:27.250   360   931 D EvsDriver: forwardFrame
12-30 10:59:27.250   360   931 D EvsDriver: forwardFrameDirect
12-30 10:59:27.250   360   931 D EvsDriver: Delivered 0xb400e2ca9e40c2d0 as id 0
12-30 10:59:27.250   359  2784 D evsmanagerd: /dev/video-evs0 forwarded the buffer #0 to 0xb400f125d2b26dd0 from 0xb400f125e2b20710
12-30 10:59:27.260   360   458 D EvsDriver: doneWithFrame
12-30 10:59:27.277   596  3076 E WifiHAL : Invalid data received from driver
12-30 10:59:27.283   360   931 D EvsDriver: forwardFrame
12-30 10:59:27.283   360   931 D EvsDriver: forwardFrameDirect
12-30 10:59:27.283   360   931 D EvsDriver: Delivered 0xb400e2ca9e40d090 as id 1
12-30 10:59:27.283   359  2784 D evsmanagerd: /dev/video-evs0 forwarded the buffer #1 to 0xb400f125d2b26dd0 from 0xb400f125e2b20710
12-30 10:59:27.290   360   458 D EvsDriver: doneWithFrame
12-30 10:59:27.293  2358  2623 D RcfController: Rcf proxy is not connected!
12-30 10:59:27.316   360   931 D EvsDriver: forwardFrame
12-30 10:59:27.316   360   931 D EvsDriver: forwardFrameDirect
12-30 10:59:27.316   360   931 D EvsDriver: Delivered 0xb400e2ca9e40e110 as id 0
12-30 10:59:27.317   359  2784 D evsmanagerd: /dev/video-evs0 forwarded the buffer #0 to 0xb400f125d2b26dd0 from 0xb400f125e2b20710
12-30 10:59:27.320   360   458 D EvsDriver: doneWithFrame
12-30 10:59:27.328   665  1525 I gps_hdbd: [gps_upgrade_thread 3403]Enter
12-30 10:59:27.328   665  1525 I gps_hdbd: [gps_upgrade_thread 3432] sys.gps.update:0 ,file:not ,upgrate_ing:0
12-30 10:59:27.344  2358  2623 D RcfController: Rcf proxy is not connected!
12-30 10:59:27.350   360   931 D EvsDriver: forwardFrame
12-30 10:59:27.350   360   931 D EvsDriver: forwardFrameDirect
12-30 10:59:27.350   360   931 D EvsDriver: Delivered 0xb400e2ca9e40c7a0 as id 1
12-30 10:59:27.350   359  2784 D evsmanagerd: /dev/video-evs0 forwarded the buffer #1 to 0xb400f125d2b26dd0 from 0xb400f125e2b20710
12-30 10:59:27.350   360   458 D EvsDriver: doneWithFrame
12-30 10:59:27.351   596  3076 E WifiHAL : Invalid data received from driver
12-30 10:59:27.360  2475  2681 I TtsServiceAgent: check thread start checking, threadId = 29
12-30 10:59:27.360  2475  2681 D TtsServiceAgent: start bind service...
12-30 10:59:27.360  2475  2681 D TtsServiceAgent: ----->initService, usage = 16
12-30 10:59:27.361  2475  2681 W ContextImpl: Calling a method in the system process without a qualified user: android.app.ContextImpl.bindService:1988 android.content.ContextWrapper.bindService:861 com.iflytek.autofly.ttsaidl.ttsproxy.TtsServiceAgent.initService:189 com.iflytek.autofly.ttsaidl.ttsproxy.TtsServiceAgent.initService:133 com.iflytek.autofly.ttsaidl.ttsproxy.TtsServiceAgent$2.run:517 
12-30 10:59:27.361   916  1847 W ActivityManager: Unable to start service Intent { act=com.iflytek.autofly.tts.ttsservice.TtsAdapterService cmp=com.iflytek.cutefly.speechclient.hmi/com.iflytek.autofly.tts.ttsservice.TtsAdapterService } U=0: not found
12-30 10:59:27.361  2475  2681 D TtsServiceAgent: bindService: false
12-30 10:59:27.361  2475  2681 D TtsServiceAgent: start reInitService
12-30 10:59:27.361  2475  2681 D TtsServiceAgent: aidlCheckThreadRunning = true
12-30 10:59:27.361  2475  2681 D TtsServiceAgent: ----->check connection status in 1000s...
12-30 10:59:27.383   360   931 D EvsDriver: forwardFrame
12-30 10:59:27.383   360   931 D EvsDriver: forwardFrameDirect
12-30 10:59:27.383   360   931 D EvsDriver: Delivered 0xb400e2ca9e40e270 as id 0
12-30 10:59:27.383   359  2784 D evsmanagerd: /dev/video-evs0 forwarded the buffer #0 to 0xb400f125d2b26dd0 from 0xb400f125e2b20710
12-30 10:59:27.384  7033  7033 I ADAYO_LOG_TRACE_RESOURCE: execute interrupt
12-30 10:59:27.391   360   458 D EvsDriver: doneWithFrame
12-30 10:59:27.394  2358  2623 D RcfController: Rcf proxy is not connected!
12-30 10:59:27.408  7036  7036 I ADAYO_LOG_TRACE_RESOURCE: execute end
12-30 10:59:27.416   360   931 D EvsDriver: forwardFrame
12-30 10:59:27.416   360   931 D EvsDriver: forwardFrameDirect
12-30 10:59:27.416   360   931 D EvsDriver: Delivered 0xb400e2ca9e40d4b0 as id 1
12-30 10:59:27.417   359  2784 D evsmanagerd: /dev/video-evs0 forwarded the buffer #1 to 0xb400f125d2b26dd0 from 0xb400f125e2b20710
12-30 10:59:27.421   360   458 D EvsDriver: doneWithFrame
12-30 10:59:27.422  1667  2513 W ContextImpl: Calling a method in the system process without a qualified user: android.app.ContextImpl.bindService:1988 android.content.ContextWrapper.bindService:861 com.ford.sync.fnvservice.analytics.AnalyticsManager$RetryHandler.a:126 com.ford.sync.fnvservice.analytics.AnalyticsManager$RetryHandler.handleMessage:103 android.os.Handler.dispatchMessage:106 
12-30 10:59:27.422   916  1847 W ActivityManager: Unable to start service Intent { cmp=com.ford.sync.fnvservice/.analytics.AnalyticsService } U=0: not found
12-30 10:59:27.423  1667  2513 W AnalyticsManager:  bind ford Analytics failed -> sendRetryMessage 
12-30 10:59:27.433   596  3076 E WifiHAL : Invalid data received from driver
12-30 10:59:27.444  2358  2623 D RcfController: Rcf proxy is not connected!
12-30 10:59:27.450   360   931 D EvsDriver: forwardFrame
12-30 10:59:27.450   360   931 D EvsDriver: forwardFrameDirect
12-30 10:59:27.450   360   931 D EvsDriver: Delivered 0xb400e2ca9e40c2d0 as id 0
12-30 10:59:27.450   359  2784 D evsmanagerd: /dev/video-evs0 forwarded the buffer #0 to 0xb400f125d2b26dd0 from 0xb400f125e2b20710
12-30 10:59:27.451   360   458 D EvsDriver: doneWithFrame
12-30 10:59:27.467  7041  7041 I flags_health_check: ServerConfigurableFlagsReset reset_mode value: 1
12-30 10:59:27.467  7041  7041 I flags_health_check: ServerConfigurableFlagsReset updatable crashing detected, resetting flags.
12-30 10:59:27.464  7041  7041 I auditd  : type=1400 audit(0.0:951244): avc:  denied  { open } for  comm="flags_health_ch" path="/dev/__properties__/u:object_r:aac_drc_prop:s0" dev="tmpfs" ino=92 scontext=u:r:flags_health_check:s0 tcontext=u:object_r:aac_drc_prop:s0 tclass=file permissive=1
12-30 10:59:27.464  7041  7041 I flags_health_ch: type=1400 audit(0.0:951244): avc:  denied  { open } for  path="/dev/__properties__/u:object_r:aac_drc_prop:s0" dev="tmpfs" ino=92 scontext=u:r:flags_health_check:s0 tcontext=u:object_r:aac_drc_prop:s0 tclass=file permissive=1
12-30 10:59:27.464  7041  7041 I auditd  : type=1400 audit(0.0:951245): avc:  denied  { getattr } for  comm="flags_health_ch" path="/dev/__properties__/u:object_r:aac_drc_prop:s0" dev="tmpfs" ino=92 scontext=u:r:flags_health_check:s0 tcontext=u:object_r:aac_drc_prop:s0 tclass=file permissive=1
12-30 10:59:27.464  7041  7041 I flags_health_ch: type=1400 audit(0.0:951245): avc:  denied  { getattr } for  path="/dev/__properties__/u:object_r:aac_drc_prop:s0" dev="tmpfs" ino=92 scontext=u:r:flags_health_check:s0 tcontext=u:object_r:aac_drc_prop:s0 tclass=file permissive=1
12-30 10:59:27.464  7041  7041 I auditd  : type=1400 audit(0.0:951246): avc:  denied  { map } for  comm="flags_health_ch" path="/dev/__properties__/u:object_r:aac_drc_prop:s0" dev="tmpfs" ino=92 scontext=u:r:flags_health_check:s0 tcontext=u:object_r:aac_drc_prop:s0 tclass=file permissive=1
12-30 10:59:27.464  7041  7041 I flags_health_ch: type=1400 audit(0.0:951246): avc:  denied  { map } for  path="/dev/__properties__/u:object_r:aac_drc_prop:s0" dev="tmpfs" ino=92 scontext=u:r:flags_health_check:s0 tcontext=u:object_r:aac_drc_prop:s0 tclass=file permissive=1
12-30 10:59:27.464  7041  7041 I auditd  : type=1400 audit(0.0:951247): avc:  denied  { open } for  comm="flags_health_ch" path="/dev/__properties__/u:object_r:ab_update_gki_prop:s0" dev="tmpfs" ino=94 scontext=u:r:flags_health_check:s0 tcontext=u:object_r:ab_update_gki_prop:s0 tclass=file permissive=1
12-30 10:59:27.464  7041  7041 I flags_health_ch: type=1400 audit(0.0:951247): avc:  denied  { open } for  path="/dev/__properties__/u:object_r:ab_update_gki_prop:s0" dev="tmpfs" ino=94 scontext=u:r:flags_health_check:s0 tcontext=u:object_r:ab_update_gki_prop:s0 tclass=file permissive=1
12-30 10:59:27.464  7041  7041 I auditd  : type=1400 audit(0.0:951248): avc:  denied  { getattr } for  comm="flags_health_ch" path="/dev/__properties__/u:object_r:ab_update_gki_prop:s0" dev="tmpfs" ino=94 scontext=u:r:flags_health_check:s0 tcontext=u:object_r:ab_update_gki_prop:s0 tclass=file permissive=1
12-30 10:59:27.464  7041  7041 I flags_health_ch: type=1400 audit(0.0:951248): avc:  denied  { getattr } for  path="/dev/__properties__/u:object_r:ab_update_gki_prop:s0" dev="tmpfs" ino=94 scontext=u:r:flags_health_check:s0 tcontext=u:object_r:ab_update_gki_prop:s0 tclass=file permissive=1
12-30 10:59:27.482   596  3076 E WifiHAL : Invalid data received from driver
12-30 10:59:27.483   360   931 D EvsDriver: forwardFrame
12-30 10:59:27.483   360   931 D EvsDriver: forwardFrameDirect
12-30 10:59:27.483   360   931 D EvsDriver: Delivered 0xb400e2ca9e40d090 as id 1
12-30 10:59:27.483   359  2784 D evsmanagerd: /dev/video-evs0 forwarded the buffer #1 to 0xb400f125d2b26dd0 from 0xb400f125e2b20710
12-30 10:59:27.492   360   458 D EvsDriver: doneWithFrame
12-30 10:59:27.494  2358  2623 D RcfController: Rcf proxy is not connected!
12-30 10:59:27.516   360   931 D EvsDriver: forwardFrame
12-30 10:59:27.516   360   931 D EvsDriver: forwardFrameDirect
12-30 10:59:27.516   360   931 D EvsDriver: Delivered 0xb400e2ca9e40e110 as id 0
12-30 10:59:27.516   359  2784 D evsmanagerd: /dev/video-evs0 forwarded the buffer #0 to 0xb400f125d2b26dd0 from 0xb400f125e2b20710
12-30 10:59:27.522   360   458 D EvsDriver: doneWithFrame
12-30 10:59:27.525  1611  1611 I ADAYO_LOG_: handleMessage(UsbFunc.java:3)copyQnx = 0
12-30 10:59:27.525  1611  1611 I ADAYO_LOG_: handleMessage(UsbFunc.java:12)copyState = 2
12-30 10:59:27.538   650   729 D fgemcucomm: sd Uart data : 6AA602095E0002920201
12-30 10:59:27.538   650   729 D fgemcucomm: rev uart=70258,len=56, data : 6AA681095E00309202001900000000000000000000000000000000000000000000000000000000000000000000000000000000000000003B
12-30 10:59:27.538   398  2883 D adayocomadapter-ParseProtocolFunc: printRaWMsg Name[MCUToUPstream recv] len[48] data[920200190000000000000000000000000000000000000000000000000000000000000000000000000000000000000000]
12-30 10:59:27.538   398  2883 D adayocomadapter-CommunicationManager: onUpstreamback   member[0] dataLength[45] timePoint[8503360]
12-30 10:59:27.538   398  2883 D adayocomadapter-ParseProtocolFunc: printRaWMsg Name[onUpstreamback] len[45] data[190000000000000000000000000000000000000000000000000000000000000000000000000000000000000000]
12-30 10:59:27.538   398   464 D adayocomadapter-UpstreamHandler: processBeforePacket upSreamtProcessTimePoint[8503360] 
12-30 10:59:27.538   398   464 D adayocomadapter-UpstreamHandler: processPacket UPSTREAM_QUEUE_DATA_TIMEOUT
12-30 10:59:27.538   398   464 D adayocomadapter-ParseProtocolFunc: parseCommonIPCLBytes Processing tableNumber[25]
12-30 10:59:27.538   398   464 D adayocomadapter-ParseProtocolFunc: parseCommonIPCLBytes Processing tablename[Table-25] tableSize[45]
12-30 10:59:27.538   398   464 D adayocomadapter-ParseProtocolFunc: printRaWMsg Name[byteStream recv] len[45] data[190000000000000000000000000000000000000000000000000000000000000000000000000000000000000000]
12-30 10:59:27.538   398   464 D adayocomadapter-ParseProtocolFunc: printRaWMsg Name[IPCLtoVHAL] len[6] data[214020C50000]
12-30 10:59:27.538   398   464 D adayocomadapter-ParseProtocolFunc: printRaWMsg Name[IPCLtoVHAL] len[6] data[214021060000]
12-30 10:59:27.539   398   464 D adayocomadapter-ParseProtocolFunc: printRaWMsg Name[IPCLtoVHAL] len[6] data[214021320000]
12-30 10:59:27.539   398   464 D adayocomadapter-ParseProtocolFunc: printRaWMsg Name[IPCLtoVHAL] len[6] data[214020BF0000]
12-30 10:59:27.539   398   464 D adayocomadapter-ParseProtocolFunc: printRaWMsg Name[IPCLtoVHAL] len[6] data[2140212F0000]
12-30 10:59:27.539   398   464 D adayocomadapter-ParseProtocolFunc: printRaWMsg Name[IPCLtoVHAL] len[6] data[214020260000]
12-30 10:59:27.539   398   464 D adayocomadapter-ParseProtocolFunc: printRaWMsg Name[IPCLtoVHAL] len[6] data[214020B30000]
12-30 10:59:27.539   398   464 D adayocomadapter-ParseProtocolFunc: printRaWMsg Name[IPCLtoVHAL] len[6] data[2140219E0000]
12-30 10:59:27.539   398   464 D adayocomadapter-ParseProtocolFunc: printRaWMsg Name[IPCLtoVHAL] len[6] data[214021300000]
12-30 10:59:27.539   398   464 D adayocomadapter-ParseProtocolFunc: printRaWMsg Name[IPCLtoVHAL] len[11] data[2141204A01000000000000]
12-30 10:59:27.539   398   464 D adayocomadapter-ParseProtocolFunc: printRaWMsg Name[IPCLtoVHAL] len[6] data[214020BD0000]
12-30 10:59:27.539   398   464 D adayocomadapter-ParseProtocolFunc: printRaWMsg Name[IPCLtoVHAL] len[6] data[2140213B0000]
12-30 10:59:27.539   398   464 D adayocomadapter-ParseProtocolFunc: printRaWMsg Name[IPCLtoVHAL] len[6] data[214020AE0000]
12-30 10:59:27.539   398   464 D adayocomadapter-ParseProtocolFunc: printRaWMsg Name[IPCLtoVHAL] len[6] data[2140210D0000]
12-30 10:59:27.539   398   464 D adayocomadapter-ParseProtocolFunc: printRaWMsg Name[IPCLtoVHAL] len[6] data[214010180000]
12-30 10:59:27.539   398   464 D adayocomadapter-ParseProtocolFunc: printRaWMsg Name[IPCLtoVHAL] len[6] data[214020A90000]
12-30 10:59:27.539   398   464 D adayocomadapter-ParseProtocolFunc: printRaWMsg Name[IPCLtoVHAL] len[6] data[214020AB0000]
12-30 10:59:27.539   398   464 D adayocomadapter-ParseProtocolFunc: printRaWMsg Name[IPCLtoVHAL] len[6] data[214020AD0000]
12-30 10:59:27.539   398   464 D adayocomadapter-ParseProtocolFunc: printRaWMsg Name[IPCLtoVHAL] len[6] data[2140213A0000]
12-30 10:59:27.539   398   464 D adayocomadapter-ParseProtocolFunc: printRaWMsg Name[IPCLtoVHAL] len[6] data[214021C70000]
12-30 10:59:27.539   398   464 D adayocomadapter-ParseProtocolFunc: printRaWMsg Name[IPCLtoVHAL] len[6] data[214020F20000]
12-30 10:59:27.539   398   464 D adayocomadapter-ParseProtocolFunc: printRaWMsg Name[IPCLtoVHAL] len[6] data[214020F10000]
12-30 10:59:27.539   398   464 D adayocomadapter-ParseProtocolFunc: printRaWMsg Name[IPCLtoVHAL] len[6] data[214021120000]
12-30 10:59:27.539   398   464 D adayocomadapter-ParseProtocolFunc: printRaWMsg Name[IPCLtoVHAL] len[7] data[2140219F000000]
12-30 10:59:27.539   398   464 D adayocomadapter-ParseProtocolFunc: printRaWMsg Name[IPCLtoVHAL] len[6] data[214021390000]
12-30 10:59:27.539   398   464 D adayocomadapter-ParseProtocolFunc: printRaWMsg Name[IPCLtoVHAL] len[7] data[21402025000000]
12-30 10:59:27.539   398   464 D adayocomadapter-ParseProtocolFunc: printRaWMsg Name[IPCLtoVHAL] len[9] data[214020330000000000]
12-30 10:59:27.539   398   464 D adayocomadapter-ParseProtocolFunc: printRaWMsg Name[IPCLtoVHAL] len[6] data[214020340000]
12-30 10:59:27.539   398   464 D adayocomadapter-ParseProtocolFunc: printRaWMsg Name[IPCLtoVHAL] len[6] data[2140218C0000]
12-30 10:59:27.539   398   464 D adayocomadapter-ParseProtocolFunc: printRaWMsg Name[IPCLtoVHAL] len[6] data[2140219B0000]
12-30 10:59:27.539   398   464 D adayocomadapter-ParseProtocolFunc: printRaWMsg Name[IPCLtoVHAL] len[6] data[214021A00000]
12-30 10:59:27.539   398   464 D adayocomadapter-ParseProtocolFunc: printRaWMsg Name[IPCLtoVHAL] len[6] data[214021A30000]
12-30 10:59:27.539   398   464 D adayocomadapter-ParseProtocolFunc: printRaWMsg Name[IPCLtoVHAL] len[6] data[214021A40000]
12-30 10:59:27.539   398   464 D adayocomadapter-ParseProtocolFunc: printRaWMsg Name[IPCLtoVHAL] len[6] data[214021CB0000]
12-30 10:59:27.539   398   464 D adayocomadapter-CommunicationManager: onUpstreamReceive mPropertyId 0x214020c5
12-30 10:59:27.539   398   464 D adayocomadapter-CommunicationManager: convertBytesToInt32Memcpy  0
12-30 10:59:27.539   398   464 I vw-vhal : notifyVehicleProperty, propId = 0x214020c5, data = {status: 2, int32Values: [0]}
12-30 10:59:27.539   398   464 I vw-vhal : CanSignalsAdapter::notifyVehicleProperty: solvedValue = {.timestamp = 8503361484011, .areaId = 0, .prop = 557850821, .status = AVAILABLE, .value = {.int32Values = [1]{0}, .floatValues = [0]{}, .int64Values = [0]{}, .bytes = [0]{}, .stringValue = ""}}
12-30 10:59:27.539   398   464 I VehiclePropertyStore: begin to write value to Store: {.timestamp = 8503361484011, .areaId = 0, .prop = 557850821, .status = AVAILABLE, .value = {.int32Values = [1]{0}, .floatValues = [0]{}, .int64Values = [0]{}, .bytes = [0]{}, .stringValue = ""}}
12-30 10:59:27.539   398   464 I DefaultVehicleHal_v2_0: DefaultVehicleHal::onPropertyValue, value:{.timestamp = 8503361484011, .areaId = 0, .prop = 557850821, .status = AVAILABLE, .value = {.int32Values = [1]{0}, .floatValues = [0]{}, .int64Values = [0]{}, .bytes = [0]{}, .stringValue = ""}}
12-30 10:59:27.539   398   464 D DiagPropHandler: is not DiagnosticConfig: 0x214020c5
12-30 10:59:27.539   398   464 I VehiclePropertyStore: begin to write value to Store: {.timestamp = 8503361484011, .areaId = 0, .prop = 557850821, .status = AVAILABLE, .value = {.int32Values = [1]{0}, .floatValues = [0]{}, .int64Values = [0]{}, .bytes = [0]{}, .stringValue = ""}}
12-30 10:59:27.539   398   464 D adayocomadapter-CommunicationManager: onUpstreamReceive mPropertyId 0x214020c5
12-30 10:59:27.539   398   464 D adayocomadapter-CommunicationManager: onUpstreamReceive mPropertyId 0x21402106
12-30 10:59:27.539   398   464 D adayocomadapter-CommunicationManager: convertBytesToInt32Memcpy  0
12-30 10:59:27.539   398   464 I vw-vhal : notifyVehicleProperty, propId = 0x21402106, data = {status: 2, int32Values: [0]}
12-30 10:59:27.539   398   464 I vw-vhal : CanSignalsAdapter::notifyVehicleProperty: solvedValue = {.timestamp = 8503361721011, .areaId = 0, .prop = 557850886, .status = AVAILABLE, .value = {.int32Values = [1]{0}, .floatValues = [0]{}, .int64Values = [0]{}, .bytes = [0]{}, .stringValue = ""}}
12-30 10:59:27.539   398   464 I VehiclePropertyStore: begin to write value to Store: {.timestamp = 8503361721011, .areaId = 0, .prop = 557850886, .status = AVAILABLE, .value = {.int32Values = [1]{0}, .floatValues = [0]{}, .int64Values = [0]{}, .bytes = [0]{}, .stringValue = ""}}
12-30 10:59:27.539   398   464 I DefaultVehicleHal_v2_0: DefaultVehicleHal::onPropertyValue, value:{.timestamp = 8503361721011, .areaId = 0, .prop = 557850886, .status = AVAILABLE, .value = {.int32Values = [1]{0}, .floatValues = [0]{}, .int64Values = [0]{}, .bytes = [0]{}, .stringValue = ""}}
12-30 10:59:27.539   398   464 D DiagPropHandler: is not DiagnosticConfig: 0x21402106
12-30 10:59:27.539   398   464 I VehiclePropertyStore: begin to write value to Store: {.timestamp = 8503361721011, .areaId = 0, .prop = 557850886, .status = AVAILABLE, .value = {.int32Values = [1]{0}, .floatValues = [0]{}, .int64Values = [0]{}, .bytes = [0]{}, .stringValue = ""}}
12-30 10:59:27.540   398   464 D adayocomadapter-CommunicationManager: onUpstreamReceive mPropertyId 0x21402106
12-30 10:59:27.540   398   464 D adayocomadapter-CommunicationManager: onUpstreamReceive mPropertyId 0x21402132
12-30 10:59:27.540   398   464 D adayocomadapter-CommunicationManager: convertBytesToInt32Memcpy  0
12-30 10:59:27.540   398   464 I vw-vhal : notifyVehicleProperty, propId = 0x21402132, data = {status: 2, int32Values: [0]}
12-30 10:59:27.540   398   464 I vw-vhal : CanSignalsAdapter::notifyVehicleProperty: solvedValue = {.timestamp = 8503361930011, .areaId = 0, .prop = 557850930, .status = AVAILABLE, .value = {.int32Values = [1]{0}, .floatValues = [0]{}, .int64Values = [0]{}, .bytes = [0]{}, .stringValue = ""}}
12-30 10:59:27.540   398   464 I VehiclePropertyStore: begin to write value to Store: {.timestamp = 8503361930011, .areaId = 0, .prop = 557850930, .status = AVAILABLE, .value = {.int32Values = [1]{0}, .floatValues = [0]{}, .int64Values = [0]{}, .bytes = [0]{}, .stringValue = ""}}
12-30 10:59:27.540   398   464 I DefaultVehicleHal_v2_0: DefaultVehicleHal::onPropertyValue, value:{.timestamp = 8503361930011, .areaId = 0, .prop = 557850930, .status = AVAILABLE, .value = {.int32Values = [1]{0}, .floatValues = [0]{}, .int64Values = [0]{}, .bytes = [0]{}, .stringValue = ""}}
12-30 10:59:27.540   398   464 D DiagPropHandler: is not DiagnosticConfig: 0x21402132
12-30 10:59:27.540   398   464 I VehiclePropertyStore: begin to write value to Store: {.timestamp = 8503361930011, .areaId = 0, .prop = 557850930, .status = AVAILABLE, .value = {.int32Values = [1]{0}, .floatValues = [0]{}, .int64Values = [0]{}, .bytes = [0]{}, .stringValue = ""}}
12-30 10:59:27.540   398   464 D adayocomadapter-CommunicationManager: onUpstreamReceive mPropertyId 0x21402132
12-30 10:59:27.540   398   464 D adayocomadapter-CommunicationManager: onUpstreamReceive mPropertyId 0x214020bf
12-30 10:59:27.540   398   464 D adayocomadapter-CommunicationManager: convertBytesToInt32Memcpy  0
12-30 10:59:27.540   398   464 I vw-vhal : notifyVehicleProperty, propId = 0x214020bf, data = {status: 2, int32Values: [0]}
12-30 10:59:27.540   398   464 I vw-vhal : CanSignalsAdapter::notifyVehicleProperty: solvedValue = {.timestamp = 8503362132345, .areaId = 0, .prop = 557850815, .status = AVAILABLE, .value = {.int32Values = [1]{0}, .floatValues = [0]{}, .int64Values = [0]{}, .bytes = [0]{}, .stringValue = ""}}
12-30 10:59:27.540   398   464 I VehiclePropertyStore: begin to write value to Store: {.timestamp = 8503362132345, .areaId = 0, .prop = 557850815, .status = AVAILABLE, .value = {.int32Values = [1]{0}, .floatValues = [0]{}, .int64Values = [0]{}, .bytes = [0]{}, .stringValue = ""}}
12-30 10:59:27.540   398   464 I DefaultVehicleHal_v2_0: DefaultVehicleHal::onPropertyValue, value:{.timestamp = 8503362132345, .areaId = 0, .prop = 557850815, .status = AVAILABLE, .value = {.int32Values = [1]{0}, .floatValues = [0]{}, .int64Values = [0]{}, .bytes = [0]{}, .stringValue = ""}}
12-30 10:59:27.540   398   464 D DiagPropHandler: is not DiagnosticConfig: 0x214020bf
12-30 10:59:27.540   398   464 I VehiclePropertyStore: begin to write value to Store: {.timestamp = 8503362132345, .areaId = 0, .prop = 557850815, .status = AVAILABLE, .value = {.int32Values = [1]{0}, .floatValues = [0]{}, .int64Values = [0]{}, .bytes = [0]{}, .stringValue = ""}}
12-30 10:59:27.540   398   464 D adayocomadapter-CommunicationManager: onUpstreamReceive mPropertyId 0x214020bf
12-30 10:59:27.540   398   464 D adayocomadapter-CommunicationManager: onUpstreamReceive mPropertyId 0x2140212f
12-30 10:59:27.540   398   464 D adayocomadapter-CommunicationManager: convertBytesToInt32Memcpy  0
12-30 10:59:27.540   398   464 I vw-vhal : notifyVehicleProperty, propId = 0x2140212f, data = {status: 2, int32Values: [0]}
12-30 10:59:27.540   398   464 I vw-vhal : CanSignalsAdapter::notifyVehicleProperty: solvedValue = {.timestamp = 8503362327678, .areaId = 0, .prop = 557850927, .status = AVAILABLE, .value = {.int32Values = [1]{0}, .floatValues = [0]{}, .int64Values = [0]{}, .bytes = [0]{}, .stringValue = ""}}
12-30 10:59:27.540   398   464 I VehiclePropertyStore: begin to write value to Store: {.timestamp = 8503362327678, .areaId = 0, .prop = 557850927, .status = AVAILABLE, .value = {.int32Values = [1]{0}, .floatValues = [0]{}, .int64Values = [0]{}, .bytes = [0]{}, .stringValue = ""}}
12-30 10:59:27.540   398   464 I DefaultVehicleHal_v2_0: DefaultVehicleHal::onPropertyValue, value:{.timestamp = 8503362327678, .areaId = 0, .prop = 557850927, .status = AVAILABLE, .value = {.int32Values = [1]{0}, .floatValues = [0]{}, .int64Values = [0]{}, .bytes = [0]{}, .stringValue = ""}}
12-30 10:59:27.540   398   464 D DiagPropHandler: is not DiagnosticConfig: 0x2140212f
12-30 10:59:27.540   398   464 I VehiclePropertyStore: begin to write value to Store: {.timestamp = 8503362327678, .areaId = 0, .prop = 557850927, .status = AVAILABLE, .value = {.int32Values = [1]{0}, .floatValues = [0]{}, .int64Values = [0]{}, .bytes = [0]{}, .stringValue = ""}}
12-30 10:59:27.540   398   464 D adayocomadapter-CommunicationManager: onUpstreamReceive mPropertyId 0x2140212f
12-30 10:59:27.540   398   464 D adayocomadapter-CommunicationManager: onUpstreamReceive mPropertyId 0x21402026
12-30 10:59:27.540   398   464 D adayocomadapter-CommunicationManager: convertBytesToInt32Memcpy  0
12-30 10:59:27.540   398   464 I vw-vhal : notifyVehicleProperty, propId = 0x21402026, data = {status: 2, int32Values: [0]}
12-30 10:59:27.540   398   464 I vw-vhal : CanSignalsAdapter::notifyVehicleProperty: solvedValue = {.timestamp = 8503362524345, .areaId = 0, .prop = 557850662, .status = AVAILABLE, .value = {.int32Values = [1]{0}, .floatValues = [0]{}, .int64Values = [0]{}, .bytes = [0]{}, .stringValue = ""}}
12-30 10:59:27.540   398   464 I VehiclePropertyStore: begin to write value to Store: {.timestamp = 8503362524345, .areaId = 0, .prop = 557850662, .status = AVAILABLE, .value = {.int32Values = [1]{0}, .floatValues = [0]{}, .int64Values = [0]{}, .bytes = [0]{}, .stringValue = ""}}
12-30 10:59:27.540   398   464 I DefaultVehicleHal_v2_0: DefaultVehicleHal::onPropertyValue, value:{.timestamp = 8503362524345, .areaId = 0, .prop = 557850662, .status = AVAILABLE, .value = {.int32Values = [1]{0}, .floatValues = [0]{}, .int64Values = [0]{}, .bytes = [0]{}, .stringValue = ""}}
12-30 10:59:27.540   398   464 D DiagPropHandler: is not DiagnosticConfig: 0x21402026
