12-30 10:59:25.617   398   464 D adayocomadapter-CommunicationManager: onUpstreamReceive mPropertyId 0x2141415a
12-30 10:59:25.617   398   464 D adayocomadapter-CommunicationManager: writeValue id=[557924698]
12-30 10:59:25.617   398   464 D adayocomadapter-VehiclePropertyStore: writeValue id=[557924698]
12-30 10:59:25.617   398   464 I vw-vhal : notifyVehicleProperty, propId = 0x2141415a, data = {status: 2, int32Values: [0, 0, 0, 0, 0, 0, 0, 0, 0, 0, 0]}
12-30 10:59:25.618   398   464 I vw-vhal : CanSignalsAdapter::notifyDiagProperty: propId = 0x2141415a, data = {status: 2, int32Values: [0, 0, 0, 0, 0, 0, 0, 0, 0, 0, 0]}
12-30 10:59:25.618   398   464 I vw-vhal : CanSignalsAdapter::notifyVehicleProperty: solvedValue = {.timestamp = 8501439981011, .areaId = 0, .prop = 557924698, .status = AVAILABLE, .value = {.int32Values = [11]{0, 0, 0, 0, 0, 0, 0, 0, 0, 0, 0}, .floatValues = [0]{}, .int64Values = [0]{}, .bytes = [0]{}, .stringValue = ""}}
12-30 10:59:25.618   398   464 I VehiclePropertyStore: begin to write value to Store: {.timestamp = 8501439981011, .areaId = 0, .prop = 557924698, .status = AVAILABLE, .value = {.int32Values = [11]{0, 0, 0, 0, 0, 0, 0, 0, 0, 0, 0}, .floatValues = [0]{}, .int64Values = [0]{}, .bytes = [0]{}, .stringValue = ""}}
12-30 10:59:25.618   398   464 I DefaultVehicleHal_v2_0: DefaultVehicleHal::onPropertyValue, value:{.timestamp = 8501439981011, .areaId = 0, .prop = 557924698, .status = AVAILABLE, .value = {.int32Values = [11]{0, 0, 0, 0, 0, 0, 0, 0, 0, 0, 0}, .floatValues = [0]{}, .int64Values = [0]{}, .bytes = [0]{}, .stringValue = ""}}
12-30 10:59:25.618   398   464 D DiagPropHandler: is not DiagnosticConfig: 0x2141415a
12-30 10:59:25.618   398   464 I VehiclePropertyStore: begin to write value to Store: {.timestamp = 8501439981011, .areaId = 0, .prop = 557924698, .status = AVAILABLE, .value = {.int32Values = [11]{0, 0, 0, 0, 0, 0, 0, 0, 0, 0, 0}, .floatValues = [0]{}, .int64Values = [0]{}, .bytes = [0]{}, .stringValue = ""}}
12-30 10:59:25.618   398   464 D adayocomadapter-CommunicationManager: onUpstreamReceive mPropertyId 0x2141415a
12-30 10:59:25.621   360   458 D EvsDriver: doneWithFrame
12-30 10:59:25.635  2358  2623 D RcfController: Rcf proxy is not connected!
12-30 10:59:25.643   596  3076 E WifiHAL : Invalid data received from driver
12-30 10:59:25.650   360   931 D EvsDriver: forwardFrame
12-30 10:59:25.650   360   931 D EvsDriver: forwardFrameDirect
12-30 10:59:25.650   360   931 D EvsDriver: Delivered 0xb400e2ca9e40c2d0 as id 0
12-30 10:59:25.650   359  2784 D evsmanagerd: /dev/video-evs0 forwarded the buffer #0 to 0xb400f125d2b26dd0 from 0xb400f125e2b20710
12-30 10:59:25.652   360   458 D EvsDriver: doneWithFrame
12-30 10:59:25.663  1628  1851 I CCarServiceManager: CarServiceManager->t()35:link:[48]     ---26:pool-2-thread-1
12-30 10:59:25.663  1628  1851 I CCarServiceManager: CarServiceManager->t()64:link 转换后:48     ---26:pool-2-thread-1
12-30 10:59:25.664  1628  1851 I CCarServiceManager: CarServiceManager->t()84:link 转换后:48     ---26:pool-2-thread-1
12-30 10:59:25.664  1628  1851 D CarPropertyManager: setProperty, propertyId: 0x2141400f, areaId: 0x0, class: class [Ljava.lang.Integer;, val: [Ljava.lang.Integer;@25e8a5e
12-30 10:59:25.665  1365  2014 D CarPropertyService: mSyncGetSetPropertyOpCount: 1
12-30 10:59:25.666   398  2883 I DefaultVehicleHal_v2_0: DefaultVehicleHal::set, current value:{.timestamp = 0, .areaId = 0, .prop = 557924367, .status = AVAILABLE, .value = {.int32Values = [1]{0}, .floatValues = [0]{}, .int64Values = [0]{}, .bytes = [0]{}, .stringValue = ""}}
12-30 10:59:25.666   398  2883 I DefaultVehicleHalServer: onSetProperty(0x2141400f)
12-30 10:59:25.666   398  2883 D vw-vhal : CanSignalsAdapter::setVehicleProperty: propValue = {.timestamp = 0, .areaId = 0, .prop = 557924367, .status = AVAILABLE, .value = {.int32Values = [1]{1}, .floatValues = [0]{}, .int64Values = [0]{}, .bytes = [0]{}, .stringValue = ""}}
12-30 10:59:25.666   398  2883 D vw-vhal : CanSignalsAdapter::setVehicleProperty: propId = 0x2141400f, data = {status: 0, int32Values: [1]}
12-30 10:59:25.666   398  2883 D adayocomadapter-CommunicationManager: setProperty id=[557924367]
12-30 10:59:25.666   398  2883 D adayocomadapter-CommunicationManager: writeValue id=[557924367]
12-30 10:59:25.666   398  2883 D adayocomadapter-VehiclePropertyStore: writeValue id=[557924367]
12-30 10:59:25.666   398  2883 D adayocomadapter-CommunicationManager: sendToDownstream mPropertyId 0x2141400f
12-30 10:59:25.666   398  2883 D adayocomadapter-ParseProtocolFunc: printRaWMsg Name[sendToDownstream] len[4] data[00000000]
12-30 10:59:25.667   398  2883 D adayocomadapter-ParseProtocolFunc: printRaWMsg Name[sendToDownstream] len[4] data[2141400F]
12-30 10:59:25.667   398  2883 D adayocomadapter-ParseProtocolFunc: printRaWMsg Name[sendToDownstream] len[5] data[2141400F01]
12-30 10:59:25.667   398  2883 D adayocomadapter-CommunicationManager: sendToDownstream ret[0]   member[130] dataLength[1] timePoint[8501488] 
12-30 10:59:25.667   398  2883 D adayocomadapter-ParseProtocolFunc: printRaWMsg Name[sendToDownstream] len[5] data[2141400F01]
12-30 10:59:25.667   398  2883 D adayocomadapter-CommunicationManager: sendToDownstream  000 mPropertyId[0x557924367]  
12-30 10:59:25.667   398   698 D adayocomadapter-DownstreamHandler: processBeforePacket downSreamtProcessTimePoint[8501489] 
12-30 10:59:25.667   398   698 D adayocomadapter-DownstreamHandler: DownstreamHandler processPacket 
12-30 10:59:25.667   398   698 D adayocomadapter-DownstreamHandler: DownstreamHandler processPacket valueIndex 0x2141400f
12-30 10:59:25.667   398   698 D adayocomadapter-DownstreamHandler: DownstreamHandler processPacket 0002
12-30 10:59:25.667  1365  2014 D CarPropertyService: mSyncGetSetPropertyOpCount: 0
12-30 10:59:25.667   398   698 D adayocomadapter-DownstreamHandler: DownstreamHandler processPacket sendMCUData2 
12-30 10:59:25.667   398   698 D adayocomadapter-CommunicationManager: sendMCUData 
12-30 10:59:25.667   398   698 D adayocomadapter-MCUInterfaceHandler: sendToMCU start
12-30 10:59:25.668   650   730 D fgemcucomm: sd Uart data : 6AA60119AD00081202022141400F0169
12-30 10:59:25.668   398   698 D adayocomadapter-ParseProtocolFunc: printRaWMsg Name[sendToMCU] len[8] data[1202022141400F01]
12-30 10:59:25.668  1628  1851 I CCarServiceManager: CarServiceManager->t()118:link:0     ---26:pool-2-thread-1
12-30 10:59:25.683   360   931 D EvsDriver: forwardFrame
12-30 10:59:25.683   360   931 D EvsDriver: forwardFrameDirect
12-30 10:59:25.683   360   931 D EvsDriver: Delivered 0xb400e2ca9e40d090 as id 1
12-30 10:59:25.684   359  2784 D evsmanagerd: /dev/video-evs0 forwarded the buffer #1 to 0xb400f125d2b26dd0 from 0xb400f125e2b20710
12-30 10:59:25.685  2358  2623 D RcfController: Rcf proxy is not connected!
12-30 10:59:25.687   650   729 D fgemcucomm: sd Uart data : 6AA602094E0002920211
12-30 10:59:25.688   650   729 D fgemcucomm: rev uart=70241,len=14, data : 6AA681094E00069202000100008D
12-30 10:59:25.688   398  2883 D adayocomadapter-ParseProtocolFunc: printRaWMsg Name[MCUToUPstream recv] len[6] data[920200010000]
12-30 10:59:25.688   398  2883 D adayocomadapter-CommunicationManager: onUpstreamback   member[0] dataLength[3] timePoint[8501510]
12-30 10:59:25.688   398  2883 D adayocomadapter-ParseProtocolFunc: printRaWMsg Name[onUpstreamback] len[3] data[010000]
12-30 10:59:25.688   650   730 D fgemcucomm: file = hardware/interfaces/fgemcucomm/1.0/default/mcucomm/src/mcuCommFunctionTimer.cpp, function = startTimer  start timer OK = 6573 
12-30 10:59:25.688   398   464 D adayocomadapter-UpstreamHandler: processBeforePacket upSreamtProcessTimePoint[8501510] 
12-30 10:59:25.688   398   464 D adayocomadapter-UpstreamHandler: processPacket UPSTREAM_QUEUE_DATA_TIMEOUT
12-30 10:59:25.688   398   464 D adayocomadapter-ParseProtocolFunc: parseCommonIPCLBytes Processing tableNumber[1]
12-30 10:59:25.689   398   464 D adayocomadapter-ParseProtocolFunc: parseCommonIPCLBytes Processing tablename[Table-1] tableSize[3]
12-30 10:59:25.689   398   464 D adayocomadapter-ParseProtocolFunc: printRaWMsg Name[byteStream recv] len[3] data[010000]
12-30 10:59:25.689   398   464 D adayocomadapter-ParseProtocolFunc: printRaWMsg Name[IPCLtoVHAL] len[7] data[21402048000000]
12-30 10:59:25.689   398   464 D adayocomadapter-CommunicationManager: onUpstreamReceive mPropertyId 0x21402048
12-30 10:59:25.689   398   464 D adayocomadapter-CommunicationManager: convertBytesToInt32Memcpy  0
12-30 10:59:25.689   398   464 I vw-vhal : notifyVehicleProperty, propId = 0x21402048, data = {status: 2, int32Values: [0]}
12-30 10:59:25.689   398   464 I vw-vhal : CanSignalsAdapter::notifyVehicleProperty: solvedValue = {.timestamp = 8501511255344, .areaId = 0, .prop = 557850696, .status = AVAILABLE, .value = {.int32Values = [1]{0}, .floatValues = [0]{}, .int64Values = [0]{}, .bytes = [0]{}, .stringValue = ""}}
12-30 10:59:25.689   398   464 I VehiclePropertyStore: begin to write value to Store: {.timestamp = 8501511255344, .areaId = 0, .prop = 557850696, .status = AVAILABLE, .value = {.int32Values = [1]{0}, .floatValues = [0]{}, .int64Values = [0]{}, .bytes = [0]{}, .stringValue = ""}}
12-30 10:59:25.689   398   464 I DefaultVehicleHal_v2_0: DefaultVehicleHal::onPropertyValue, value:{.timestamp = 8501511255344, .areaId = 0, .prop = 557850696, .status = AVAILABLE, .value = {.int32Values = [1]{0}, .floatValues = [0]{}, .int64Values = [0]{}, .bytes = [0]{}, .stringValue = ""}}
12-30 10:59:25.689   398   464 D DiagPropHandler: is not DiagnosticConfig: 0x21402048
12-30 10:59:25.689   398   464 I VehiclePropertyStore: begin to write value to Store: {.timestamp = 8501511255344, .areaId = 0, .prop = 557850696, .status = AVAILABLE, .value = {.int32Values = [1]{0}, .floatValues = [0]{}, .int64Values = [0]{}, .bytes = [0]{}, .stringValue = ""}}
12-30 10:59:25.689   398   464 D adayocomadapter-CommunicationManager: onUpstreamReceive mPropertyId 0x21402048
12-30 10:59:25.692   360   458 D EvsDriver: doneWithFrame
12-30 10:59:25.705   596  3076 E WifiHAL : Invalid data received from driver
12-30 10:59:25.707   650   729 D fgemcucomm: file = hardware/interfaces/fgemcucomm/1.0/default/mcucomm/src/mcuCommFunctionTimer.cpp, func = stopTimer  stop timer = 6573 
12-30 10:59:25.707   650   729 D fgemcucomm: rev uart=70242,len=10, data : 6AA68219AD00021202A2
12-30 10:59:25.716   360   931 D EvsDriver: forwardFrame
12-30 10:59:25.716   360   931 D EvsDriver: forwardFrameDirect
12-30 10:59:25.717   360   931 D EvsDriver: Delivered 0xb400e2ca9e40e110 as id 0
12-30 10:59:25.717   359  2784 D evsmanagerd: /dev/video-evs0 forwarded the buffer #0 to 0xb400f125d2b26dd0 from 0xb400f125e2b20710
12-30 10:59:25.723   360   458 D EvsDriver: doneWithFrame
12-30 10:59:25.728   650   729 D fgemcucomm: sd Uart data : 6AA602094F0002920210
12-30 10:59:25.728   650   729 D fgemcucomm: rev uart=70243,len=16, data : 6AA681094F0008920200030000000088
12-30 10:59:25.728   398  2883 D adayocomadapter-ParseProtocolFunc: printRaWMsg Name[MCUToUPstream recv] len[8] data[9202000300000000]
12-30 10:59:25.728   398  2883 D adayocomadapter-CommunicationManager: onUpstreamback   member[0] dataLength[5] timePoint[8501550]
12-30 10:59:25.728   398  2883 D adayocomadapter-ParseProtocolFunc: printRaWMsg Name[onUpstreamback] len[5] data[0300000000]
12-30 10:59:25.729   398   464 D adayocomadapter-UpstreamHandler: processBeforePacket upSreamtProcessTimePoint[8501550] 
12-30 10:59:25.729   398   464 D adayocomadapter-UpstreamHandler: processPacket UPSTREAM_QUEUE_DATA_TIMEOUT
12-30 10:59:25.729   398   464 D adayocomadapter-ParseProtocolFunc: parseCommonIPCLBytes Processing tableNumber[3]
12-30 10:59:25.729   398   464 D adayocomadapter-ParseProtocolFunc: parseCommonIPCLBytes Processing tablename[Table-3] tableSize[5]
12-30 10:59:25.729   398   464 D adayocomadapter-ParseProtocolFunc: printRaWMsg Name[byteStream recv] len[5] data[0300000000]
12-30 10:59:25.729   398   464 D adayocomadapter-ParseProtocolFunc: printRaWMsg Name[IPCLtoVHAL] len[8] data[2141213801000000]
12-30 10:59:25.729   398   464 D adayocomadapter-ParseProtocolFunc: printRaWMsg Name[IPCLtoVHAL] len[6] data[214021D60000]
12-30 10:59:25.729   398   464 D adayocomadapter-CommunicationManager: onUpstreamReceive mPropertyId 0x21412138
12-30 10:59:25.729   398   464 I vw-vhal : notifyVehicleProperty, propId = 0x21412138, data = {status: 2, int32Values: [0, 0, 0]}
12-30 10:59:25.729   398   464 I vw-vhal : CanSignalsAdapter::notifyVehicleProperty: solvedValue = {.timestamp = 8501551466344, .areaId = 0, .prop = 557916472, .status = AVAILABLE, .value = {.int32Values = [3]{0, 0, 0}, .floatValues = [0]{}, .int64Values = [0]{}, .bytes = [0]{}, .stringValue = ""}}
12-30 10:59:25.729   398   464 I VehiclePropertyStore: begin to write value to Store: {.timestamp = 8501551466344, .areaId = 0, .prop = 557916472, .status = AVAILABLE, .value = {.int32Values = [3]{0, 0, 0}, .floatValues = [0]{}, .int64Values = [0]{}, .bytes = [0]{}, .stringValue = ""}}
12-30 10:59:25.729   398   464 I DefaultVehicleHal_v2_0: DefaultVehicleHal::onPropertyValue, value:{.timestamp = 8501551466344, .areaId = 0, .prop = 557916472, .status = AVAILABLE, .value = {.int32Values = [3]{0, 0, 0}, .floatValues = [0]{}, .int64Values = [0]{}, .bytes = [0]{}, .stringValue = ""}}
12-30 10:59:25.729   398   464 D DiagPropHandler: is not DiagnosticConfig: 0x21412138
12-30 10:59:25.730   398   464 I VehiclePropertyStore: begin to write value to Store: {.timestamp = 8501551466344, .areaId = 0, .prop = 557916472, .status = AVAILABLE, .value = {.int32Values = [3]{0, 0, 0}, .floatValues = [0]{}, .int64Values = [0]{}, .bytes = [0]{}, .stringValue = ""}}
12-30 10:59:25.730   398   464 D adayocomadapter-CommunicationManager: onUpstreamReceive mPropertyId 0x21412138
12-30 10:59:25.730   398   464 D adayocomadapter-CommunicationManager: onUpstreamReceive mPropertyId 0x214021d6
12-30 10:59:25.730   398   464 D adayocomadapter-CommunicationManager: convertBytesToInt32Memcpy  0
12-30 10:59:25.730   398   464 I vw-vhal : notifyVehicleProperty, propId = 0x214021d6, data = {status: 2, int32Values: [0]}
12-30 10:59:25.730   398   464 I vw-vhal : CanSignalsAdapter::notifyVehicleProperty: solvedValue = {.timestamp = 8501552248011, .areaId = 0, .prop = 557851094, .status = AVAILABLE, .value = {.int32Values = [1]{0}, .floatValues = [0]{}, .int64Values = [0]{}, .bytes = [0]{}, .stringValue = ""}}
12-30 10:59:25.730   398   464 I VehiclePropertyStore: begin to write value to Store: {.timestamp = 8501552248011, .areaId = 0, .prop = 557851094, .status = AVAILABLE, .value = {.int32Values = [1]{0}, .floatValues = [0]{}, .int64Values = [0]{}, .bytes = [0]{}, .stringValue = ""}}
12-30 10:59:25.730   398   464 I DefaultVehicleHal_v2_0: DefaultVehicleHal::onPropertyValue, value:{.timestamp = 8501552248011, .areaId = 0, .prop = 557851094, .status = AVAILABLE, .value = {.int32Values = [1]{0}, .floatValues = [0]{}, .int64Values = [0]{}, .bytes = [0]{}, .stringValue = ""}}
12-30 10:59:25.730   398   464 D DiagPropHandler: is not DiagnosticConfig: 0x214021d6
12-30 10:59:25.730   398   464 I VehiclePropertyStore: begin to write value to Store: {.timestamp = 8501552248011, .areaId = 0, .prop = 557851094, .status = AVAILABLE, .value = {.int32Values = [1]{0}, .floatValues = [0]{}, .int64Values = [0]{}, .bytes = [0]{}, .stringValue = ""}}
12-30 10:59:25.730   398   464 D adayocomadapter-CommunicationManager: onUpstreamReceive mPropertyId 0x214021d6
12-30 10:59:25.735  2358  2623 D RcfController: Rcf proxy is not connected!
12-30 10:59:25.750   360   931 D EvsDriver: forwardFrame
12-30 10:59:25.750   360   931 D EvsDriver: forwardFrameDirect
12-30 10:59:25.750   360   931 D EvsDriver: Delivered 0xb400e2ca9e40c7a0 as id 1
12-30 10:59:25.750   359  2784 D evsmanagerd: /dev/video-evs0 forwarded the buffer #1 to 0xb400f125d2b26dd0 from 0xb400f125e2b20710
12-30 10:59:25.753   360   458 D EvsDriver: doneWithFrame
12-30 10:59:25.753   596  3076 E WifiHAL : Invalid data received from driver
12-30 10:59:25.762  1582  3078 I c       : checkService in back thread add: adayo.upgrade.v2.0
12-30 10:59:25.763  1582  3078 E upgradeApp_251223_V1  l: d(null:11)pre->c(null:23)-> serviceBinder is null
12-30 10:59:25.763  1582  3078 W c       : doBindService in back thread fail: adayo.upgrade.v2.0
12-30 10:59:25.778   650   729 D fgemcucomm: sd Uart data : 6AA6020950000292020F
12-30 10:59:25.778   650   729 D fgemcucomm: rev uart=70244,len=18, data : 6AA6810950000A9202000700000000000081
12-30 10:59:25.778   398  2883 D adayocomadapter-ParseProtocolFunc: printRaWMsg Name[MCUToUPstream recv] len[10] data[92020007000000000000]
12-30 10:59:25.779   398  2883 D adayocomadapter-CommunicationManager: onUpstreamback   member[0] dataLength[7] timePoint[8501600]
12-30 10:59:25.779   398  2883 D adayocomadapter-ParseProtocolFunc: printRaWMsg Name[onUpstreamback] len[7] data[07000000000000]
12-30 10:59:25.779   398   464 D adayocomadapter-UpstreamHandler: processBeforePacket upSreamtProcessTimePoint[8501601] 
12-30 10:59:25.779   398   464 D adayocomadapter-UpstreamHandler: processPacket UPSTREAM_QUEUE_DATA_TIMEOUT
12-30 10:59:25.779   398   464 D adayocomadapter-ParseProtocolFunc: parseCommonIPCLBytes Processing tableNumber[7]
12-30 10:59:25.779   398   464 D adayocomadapter-ParseProtocolFunc: parseCommonIPCLBytes Processing tablename[Table-7] tableSize[7]
12-30 10:59:25.779   398   464 D adayocomadapter-ParseProtocolFunc: printRaWMsg Name[byteStream recv] len[7] data[07000000000000]
12-30 10:59:25.779   398   464 D adayocomadapter-ParseProtocolFunc: printRaWMsg Name[IPCLtoVHAL] len[6] data[214020530000]
12-30 10:59:25.779   398   464 D adayocomadapter-ParseProtocolFunc: printRaWMsg Name[IPCLtoVHAL] len[6] data[214020A00000]
12-30 10:59:25.779   398   464 D adayocomadapter-ParseProtocolFunc: printRaWMsg Name[IPCLtoVHAL] len[6] data[214021310000]
12-30 10:59:25.779   398   464 D adayocomadapter-ParseProtocolFunc: printRaWMsg Name[IPCLtoVHAL] len[6] data[214020A20000]
12-30 10:59:25.779   398   464 D adayocomadapter-ParseProtocolFunc: printRaWMsg Name[IPCLtoVHAL] len[6] data[214020A40000]
12-30 10:59:25.779   398   464 D adayocomadapter-ParseProtocolFunc: printRaWMsg Name[IPCLtoVHAL] len[6] data[214021CE0000]
12-30 10:59:25.779   398   464 D adayocomadapter-CommunicationManager: onUpstreamReceive mPropertyId 0x21402053
12-30 10:59:25.779   398   464 D adayocomadapter-CommunicationManager: convertBytesToInt32Memcpy  0
12-30 10:59:25.780   398   464 I vw-vhal : notifyVehicleProperty, propId = 0x21402053, data = {status: 2, int32Values: [0]}
12-30 10:59:25.780   398   464 I vw-vhal : CanSignalsAdapter::notifyVehicleProperty: solvedValue = {.timestamp = 8501601930011, .areaId = 0, .prop = 557850707, .status = AVAILABLE, .value = {.int32Values = [1]{0}, .floatValues = [0]{}, .int64Values = [0]{}, .bytes = [0]{}, .stringValue = ""}}
12-30 10:59:25.780   398   464 I VehiclePropertyStore: begin to write value to Store: {.timestamp = 8501601930011, .areaId = 0, .prop = 557850707, .status = AVAILABLE, .value = {.int32Values = [1]{0}, .floatValues = [0]{}, .int64Values = [0]{}, .bytes = [0]{}, .stringValue = ""}}
12-30 10:59:25.780   398   464 I DefaultVehicleHal_v2_0: DefaultVehicleHal::onPropertyValue, value:{.timestamp = 8501601930011, .areaId = 0, .prop = 557850707, .status = AVAILABLE, .value = {.int32Values = [1]{0}, .floatValues = [0]{}, .int64Values = [0]{}, .bytes = [0]{}, .stringValue = ""}}
12-30 10:59:25.780   398   464 D DiagPropHandler: is not DiagnosticConfig: 0x21402053
12-30 10:59:25.780   398   464 I VehiclePropertyStore: begin to write value to Store: {.timestamp = 8501601930011, .areaId = 0, .prop = 557850707, .status = AVAILABLE, .value = {.int32Values = [1]{0}, .floatValues = [0]{}, .int64Values = [0]{}, .bytes = [0]{}, .stringValue = ""}}
12-30 10:59:25.780   398   464 D adayocomadapter-CommunicationManager: onUpstreamReceive mPropertyId 0x21402053
12-30 10:59:25.780   398   464 D adayocomadapter-CommunicationManager: onUpstreamReceive mPropertyId 0x214020a0
12-30 10:59:25.780   398   464 D adayocomadapter-CommunicationManager: convertBytesToInt32Memcpy  0
12-30 10:59:25.780   398   464 I vw-vhal : notifyVehicleProperty, propId = 0x214020a0, data = {status: 2, int32Values: [0]}
12-30 10:59:25.780   398   464 I vw-vhal : CanSignalsAdapter::notifyVehicleProperty: solvedValue = {.timestamp = 8501602629011, .areaId = 0, .prop = 557850784, .status = AVAILABLE, .value = {.int32Values = [1]{0}, .floatValues = [0]{}, .int64Values = [0]{}, .bytes = [0]{}, .stringValue = ""}}
12-30 10:59:25.780   398   464 I VehiclePropertyStore: begin to write value to Store: {.timestamp = 8501602629011, .areaId = 0, .prop = 557850784, .status = AVAILABLE, .value = {.int32Values = [1]{0}, .floatValues = [0]{}, .int64Values = [0]{}, .bytes = [0]{}, .stringValue = ""}}
12-30 10:59:25.781   398   464 I DefaultVehicleHal_v2_0: DefaultVehicleHal::onPropertyValue, value:{.timestamp = 8501602629011, .areaId = 0, .prop = 557850784, .status = AVAILABLE, .value = {.int32Values = [1]{0}, .floatValues = [0]{}, .int64Values = [0]{}, .bytes = [0]{}, .stringValue = ""}}
12-30 10:59:25.781   398   464 D DiagPropHandler: is not DiagnosticConfig: 0x214020a0
12-30 10:59:25.781   398   464 I VehiclePropertyStore: begin to write value to Store: {.timestamp = 8501602629011, .areaId = 0, .prop = 557850784, .status = AVAILABLE, .value = {.int32Values = [1]{0}, .floatValues = [0]{}, .int64Values = [0]{}, .bytes = [0]{}, .stringValue = ""}}
12-30 10:59:25.781   398   464 D adayocomadapter-CommunicationManager: onUpstreamReceive mPropertyId 0x214020a0
12-30 10:59:25.781   398   464 D adayocomadapter-CommunicationManager: onUpstreamReceive mPropertyId 0x21402131
12-30 10:59:25.781   398   464 D adayocomadapter-CommunicationManager: convertBytesToInt32Memcpy  0
12-30 10:59:25.781   398   464 I vw-vhal : notifyVehicleProperty, propId = 0x21402131, data = {status: 2, int32Values: [0]}
12-30 10:59:25.781   398   464 I vw-vhal : CanSignalsAdapter::notifyVehicleProperty: solvedValue = {.timestamp = 8501603285011, .areaId = 0, .prop = 557850929, .status = AVAILABLE, .value = {.int32Values = [1]{0}, .floatValues = [0]{}, .int64Values = [0]{}, .bytes = [0]{}, .stringValue = ""}}
12-30 10:59:25.781   398   464 I VehiclePropertyStore: begin to write value to Store: {.timestamp = 8501603285011, .areaId = 0, .prop = 557850929, .status = AVAILABLE, .value = {.int32Values = [1]{0}, .floatValues = [0]{}, .int64Values = [0]{}, .bytes = [0]{}, .stringValue = ""}}
12-30 10:59:25.781   398   464 I DefaultVehicleHal_v2_0: DefaultVehicleHal::onPropertyValue, value:{.timestamp = 8501603285011, .areaId = 0, .prop = 557850929, .status = AVAILABLE, .value = {.int32Values = [1]{0}, .floatValues = [0]{}, .int64Values = [0]{}, .bytes = [0]{}, .stringValue = ""}}
12-30 10:59:25.781   398   464 D DiagPropHandler: is not DiagnosticConfig: 0x21402131
12-30 10:59:25.781   398   464 I VehiclePropertyStore: begin to write value to Store: {.timestamp = 8501603285011, .areaId = 0, .prop = 557850929, .status = AVAILABLE, .value = {.int32Values = [1]{0}, .floatValues = [0]{}, .int64Values = [0]{}, .bytes = [0]{}, .stringValue = ""}}
12-30 10:59:25.781   398   464 D adayocomadapter-CommunicationManager: onUpstreamReceive mPropertyId 0x21402131
12-30 10:59:25.781   398   464 D adayocomadapter-CommunicationManager: onUpstreamReceive mPropertyId 0x214020a2
12-30 10:59:25.781   398   464 D adayocomadapter-CommunicationManager: convertBytesToInt32Memcpy  0
12-30 10:59:25.782   398   464 I vw-vhal : notifyVehicleProperty, propId = 0x214020a2, data = {status: 2, int32Values: [0]}
12-30 10:59:25.782   398   464 I vw-vhal : CanSignalsAdapter::notifyVehicleProperty: solvedValue = {.timestamp = 8501603921344, .areaId = 0, .prop = 557850786, .status = AVAILABLE, .value = {.int32Values = [1]{0}, .floatValues = [0]{}, .int64Values = [0]{}, .bytes = [0]{}, .stringValue = ""}}
12-30 10:59:25.782   398   464 I VehiclePropertyStore: begin to write value to Store: {.timestamp = 8501603921344, .areaId = 0, .prop = 557850786, .status = AVAILABLE, .value = {.int32Values = [1]{0}, .floatValues = [0]{}, .int64Values = [0]{}, .bytes = [0]{}, .stringValue = ""}}
12-30 10:59:25.782   398   464 I DefaultVehicleHal_v2_0: DefaultVehicleHal::onPropertyValue, value:{.timestamp = 8501603921344, .areaId = 0, .prop = 557850786, .status = AVAILABLE, .value = {.int32Values = [1]{0}, .floatValues = [0]{}, .int64Values = [0]{}, .bytes = [0]{}, .stringValue = ""}}
12-30 10:59:25.782   398   464 D DiagPropHandler: is not DiagnosticConfig: 0x214020a2
12-30 10:59:25.782   398   464 I VehiclePropertyStore: begin to write value to Store: {.timestamp = 8501603921344, .areaId = 0, .prop = 557850786, .status = AVAILABLE, .value = {.int32Values = [1]{0}, .floatValues = [0]{}, .int64Values = [0]{}, .bytes = [0]{}, .stringValue = ""}}
12-30 10:59:25.782   398   464 D adayocomadapter-CommunicationManager: onUpstreamReceive mPropertyId 0x214020a2
12-30 10:59:25.782   398   464 D adayocomadapter-CommunicationManager: onUpstreamReceive mPropertyId 0x214020a4
12-30 10:59:25.782   398   464 D adayocomadapter-CommunicationManager: convertBytesToInt32Memcpy  0
12-30 10:59:25.782   398   464 I vw-vhal : notifyVehicleProperty, propId = 0x214020a4, data = {status: 2, int32Values: [0]}
12-30 10:59:25.782   398   464 I vw-vhal : CanSignalsAdapter::notifyVehicleProperty: solvedValue = {.timestamp = 8501604624678, .areaId = 0, .prop = 557850788, .status = AVAILABLE, .value = {.int32Values = [1]{0}, .floatValues = [0]{}, .int64Values = [0]{}, .bytes = [0]{}, .stringValue = ""}}
12-30 10:59:25.782   398   464 I VehiclePropertyStore: begin to write value to Store: {.timestamp = 8501604624678, .areaId = 0, .prop = 557850788, .status = AVAILABLE, .value = {.int32Values = [1]{0}, .floatValues = [0]{}, .int64Values = [0]{}, .bytes = [0]{}, .stringValue = ""}}
12-30 10:59:25.782   398   464 I DefaultVehicleHal_v2_0: DefaultVehicleHal::onPropertyValue, value:{.timestamp = 8501604624678, .areaId = 0, .prop = 557850788, .status = AVAILABLE, .value = {.int32Values = [1]{0}, .floatValues = [0]{}, .int64Values = [0]{}, .bytes = [0]{}, .stringValue = ""}}
12-30 10:59:25.783   398   464 D DiagPropHandler: is not DiagnosticConfig: 0x214020a4
12-30 10:59:25.783   398   464 I VehiclePropertyStore: begin to write value to Store: {.timestamp = 8501604624678, .areaId = 0, .prop = 557850788, .status = AVAILABLE, .value = {.int32Values = [1]{0}, .floatValues = [0]{}, .int64Values = [0]{}, .bytes = [0]{}, .stringValue = ""}}
12-30 10:59:25.783   398   464 D adayocomadapter-CommunicationManager: onUpstreamReceive mPropertyId 0x214020a4
12-30 10:59:25.783   398   464 D adayocomadapter-CommunicationManager: onUpstreamReceive mPropertyId 0x214021ce
12-30 10:59:25.783   398   464 D adayocomadapter-CommunicationManager: convertBytesToInt32Memcpy  0
12-30 10:59:25.783   398   464 I vw-vhal : notifyVehicleProperty, propId = 0x214021ce, data = {status: 2, int32Values: [0]}
12-30 10:59:25.783   398   464 I vw-vhal : CanSignalsAdapter::notifyVehicleProperty: solvedValue = {.timestamp = 8501605264678, .areaId = 0, .prop = 557851086, .status = AVAILABLE, .value = {.int32Values = [1]{0}, .floatValues = [0]{}, .int64Values = [0]{}, .bytes = [0]{}, .stringValue = ""}}
12-30 10:59:25.783   360   931 D EvsDriver: forwardFrame
12-30 10:59:25.783   398   464 I VehiclePropertyStore: begin to write value to Store: {.timestamp = 8501605264678, .areaId = 0, .prop = 557851086, .status = AVAILABLE, .value = {.int32Values = [1]{0}, .floatValues = [0]{}, .int64Values = [0]{}, .bytes = [0]{}, .stringValue = ""}}
12-30 10:59:25.783   360   931 D EvsDriver: forwardFrameDirect
12-30 10:59:25.783   398   464 I DefaultVehicleHal_v2_0: DefaultVehicleHal::onPropertyValue, value:{.timestamp = 8501605264678, .areaId = 0, .prop = 557851086, .status = AVAILABLE, .value = {.int32Values = [1]{0}, .floatValues = [0]{}, .int64Values = [0]{}, .bytes = [0]{}, .stringValue = ""}}
12-30 10:59:25.783   398   464 D DiagPropHandler: is not DiagnosticConfig: 0x214021ce
12-30 10:59:25.783   398   464 I VehiclePropertyStore: begin to write value to Store: {.timestamp = 8501605264678, .areaId = 0, .prop = 557851086, .status = AVAILABLE, .value = {.int32Values = [1]{0}, .floatValues = [0]{}, .int64Values = [0]{}, .bytes = [0]{}, .stringValue = ""}}
12-30 10:59:25.783   398   464 D adayocomadapter-CommunicationManager: onUpstreamReceive mPropertyId 0x214021ce
12-30 10:59:25.783   360   931 D EvsDriver: Delivered 0xb400e2ca9e40e270 as id 0
12-30 10:59:25.784   359  2784 D evsmanagerd: /dev/video-evs0 forwarded the buffer #0 to 0xb400f125d2b26dd0 from 0xb400f125e2b20710
12-30 10:59:25.786  2358  2623 D RcfController: Rcf proxy is not connected!
12-30 10:59:25.794   360   458 D EvsDriver: doneWithFrame
12-30 10:59:25.798  1667  2407 I media_message_log->MediaMessageProxy: (SourceFile:1)b connectToService action bind
12-30 10:59:25.799   916  3726 W ActivityManager: Unable to start service Intent { cmp=com.adayo.server.mediamessagetransfer/.MediaMessTransferService (has extras) } U=0: not found
12-30 10:59:25.800  1667  2407 E media_message_log->MediaMessageProxy: (SourceFile:7)a bindServiceAsUser isBound = false
12-30 10:59:25.816   360   931 D EvsDriver: forwardFrame
12-30 10:59:25.816   360   931 D EvsDriver: forwardFrameDirect
12-30 10:59:25.817   360   931 D EvsDriver: Delivered 0xb400e2ca9e40d4b0 as id 1
12-30 10:59:25.817   359  2784 D evsmanagerd: /dev/video-evs0 forwarded the buffer #1 to 0xb400f125d2b26dd0 from 0xb400f125e2b20710
12-30 10:59:25.824   360   458 D EvsDriver: doneWithFrame
12-30 10:59:25.831   596  3076 E WifiHAL : Invalid data received from driver
12-30 10:59:25.836  2358  2623 D RcfController: Rcf proxy is not connected!
12-30 10:59:25.850   360   931 D EvsDriver: forwardFrame
12-30 10:59:25.850   360   931 D EvsDriver: forwardFrameDirect
12-30 10:59:25.850   360   931 D EvsDriver: Delivered 0xb400e2ca9e40c2d0 as id 0
12-30 10:59:25.850   359  2784 D evsmanagerd: /dev/video-evs0 forwarded the buffer #0 to 0xb400f125d2b26dd0 from 0xb400f125e2b20710
12-30 10:59:25.854   360   458 D EvsDriver: doneWithFrame
12-30 10:59:25.869  1667  2594 W ContextImpl: Calling a method in the system process without a qualified user: android.app.ContextImpl.bindService:1988 android.content.ContextWrapper.bindService:861 com.ford.sync.fnvservice.FordFnv.c:202 com.ford.sync.fnvservice.FordFnv.c:43 com.ford.sync.fnvservice.FordFnv$RetryHandler.handleMessage:245 
12-30 10:59:25.870   916  3726 W ActivityManager: Unable to start service Intent { cmp=com.ford.sync.fnvservice/.FordFnvService } U=0: not found
12-30 10:59:25.871  1667  2594 W FordFnv :  bind ford fnv failed -> sendRetryMessage 
12-30 10:59:25.883   360   931 D EvsDriver: forwardFrame
12-30 10:59:25.883   360   931 D EvsDriver: forwardFrameDirect
12-30 10:59:25.883   360   931 D EvsDriver: Delivered 0xb400e2ca9e40d090 as id 1
12-30 10:59:25.883   359  2784 D evsmanagerd: /dev/video-evs0 forwarded the buffer #1 to 0xb400f125d2b26dd0 from 0xb400f125e2b20710
12-30 10:59:25.885   360   458 D EvsDriver: doneWithFrame
12-30 10:59:25.886  2358  2623 D RcfController: Rcf proxy is not connected!
12-30 10:59:25.889   798  7003 W adbd    : timed out while waiting for FUNCTIONFS_BIND, trying again
12-30 10:59:25.889   798  7003 I adbd    : UsbFfs: connection terminated: monitor thread finished
12-30 10:59:25.890   798   798 I adbd    : UsbFfs: already offline
12-30 10:59:25.890   798   798 I adbd    : destroying transport UsbFfs
12-30 10:59:25.890   798   798 I adbd    : UsbFfsConnection being destroyed
12-30 10:59:25.898   596  3076 E WifiHAL : Invalid data received from driver
12-30 10:59:25.916   360   931 D EvsDriver: forwardFrame
12-30 10:59:25.916   360   931 D EvsDriver: forwardFrameDirect
12-30 10:59:25.917   360   931 D EvsDriver: Delivered 0xb400e2ca9e40e110 as id 0
12-30 10:59:25.917   359  2784 D evsmanagerd: /dev/video-evs0 forwarded the buffer #0 to 0xb400f125d2b26dd0 from 0xb400f125e2b20710
12-30 10:59:25.919   650   729 D fgemcucomm: sd Uart data : 6AA6020951000292020E
12-30 10:59:25.919   650   729 D fgemcucomm: rev uart=70245,len=29, data : 6AA6810951001592020013000000000000000000000000000000000069
12-30 10:59:25.919   398  2883 D adayocomadapter-ParseProtocolFunc: printRaWMsg Name[MCUToUPstream recv] len[21] data[920200130000000000000000000000000000000000]
12-30 10:59:25.919   398  2883 D adayocomadapter-CommunicationManager: onUpstreamback   member[0] dataLength[18] timePoint[8501741]
12-30 10:59:25.920   398  2883 D adayocomadapter-ParseProtocolFunc: printRaWMsg Name[onUpstreamback] len[18] data[130000000000000000000000000000000000]
12-30 10:59:25.920   398   464 D adayocomadapter-UpstreamHandler: processBeforePacket upSreamtProcessTimePoint[8501742] 
12-30 10:59:25.920   398   464 D adayocomadapter-UpstreamHandler: processPacket UPSTREAM_QUEUE_DATA_TIMEOUT
12-30 10:59:25.920   398   464 D adayocomadapter-ParseProtocolFunc: parseCommonIPCLBytes Processing tableNumber[19]
12-30 10:59:25.920   398   464 D adayocomadapter-ParseProtocolFunc: parseCommonIPCLBytes Processing tablename[Table-19] tableSize[18]
12-30 10:59:25.920   398   464 D adayocomadapter-ParseProtocolFunc: printRaWMsg Name[byteStream recv] len[18] data[130000000000000000000000000000000000]
12-30 10:59:25.920   398   464 D adayocomadapter-ParseProtocolFunc: printRaWMsg Name[IPCLtoVHAL] len[6] data[214010280000]
12-30 10:59:25.920   398   464 D adayocomadapter-ParseProtocolFunc: printRaWMsg Name[IPCLtoVHAL] len[6] data[214010290000]
12-30 10:59:25.920   398   464 D adayocomadapter-ParseProtocolFunc: printRaWMsg Name[IPCLtoVHAL] len[6] data[2140102E0000]
12-30 10:59:25.920   398   464 D adayocomadapter-ParseProtocolFunc: printRaWMsg Name[IPCLtoVHAL] len[6] data[2140102B0000]
12-30 10:59:25.920   398   464 D adayocomadapter-ParseProtocolFunc: printRaWMsg Name[IPCLtoVHAL] len[6] data[2140104C0000]
12-30 10:59:25.920   398   464 D adayocomadapter-ParseProtocolFunc: printRaWMsg Name[IPCLtoVHAL] len[6] data[2140102C0000]
12-30 10:59:25.920   398   464 D adayocomadapter-ParseProtocolFunc: printRaWMsg Name[IPCLtoVHAL] len[7] data[21402007000000]
12-30 10:59:25.920   398   464 D adayocomadapter-ParseProtocolFunc: printRaWMsg Name[IPCLtoVHAL] len[6] data[2140102F0000]
12-30 10:59:25.920   398   464 D adayocomadapter-ParseProtocolFunc: printRaWMsg Name[IPCLtoVHAL] len[6] data[214010310000]
12-30 10:59:25.921   398   464 D adayocomadapter-ParseProtocolFunc: printRaWMsg Name[IPCLtoVHAL] len[7] data[21402022000000]
12-30 10:59:25.921   398   464 D adayocomadapter-ParseProtocolFunc: printRaWMsg Name[IPCLtoVHAL] len[9] data[214020230000000000]
12-30 10:59:25.921   398   464 D adayocomadapter-ParseProtocolFunc: printRaWMsg Name[IPCLtoVHAL] len[6] data[2140104D0000]
12-30 10:59:25.921   398   464 D adayocomadapter-CommunicationManager: onUpstreamReceive mPropertyId 0x21401028
12-30 10:59:25.921   398   464 D adayocomadapter-CommunicationManager: convertBytesToInt32Memcpy  0
12-30 10:59:25.921   398   464 I vw-vhal : notifyVehicleProperty, propId = 0x21401028, data = {status: 2, int32Values: [0]}
12-30 10:59:25.921   398   464 I vw-vhal : CanSignalsAdapter::notifyVehicleProperty: solvedValue = {.timestamp = 8501743263344, .areaId = 0, .prop = 557846568, .status = AVAILABLE, .value = {.int32Values = [1]{0}, .floatValues = [0]{}, .int64Values = [0]{}, .bytes = [0]{}, .stringValue = ""}}
12-30 10:59:25.921   398   464 I VehiclePropertyStore: begin to write value to Store: {.timestamp = 8501743263344, .areaId = 0, .prop = 557846568, .status = AVAILABLE, .value = {.int32Values = [1]{0}, .floatValues = [0]{}, .int64Values = [0]{}, .bytes = [0]{}, .stringValue = ""}}
12-30 10:59:25.921   398   464 I DefaultVehicleHal_v2_0: DefaultVehicleHal::onPropertyValue, value:{.timestamp = 8501743263344, .areaId = 0, .prop = 557846568, .status = AVAILABLE, .value = {.int32Values = [1]{0}, .floatValues = [0]{}, .int64Values = [0]{}, .bytes = [0]{}, .stringValue = ""}}
12-30 10:59:25.921   398   464 D DiagPropHandler: is not DiagnosticConfig: 0x21401028
12-30 10:59:25.921   398   464 I VehiclePropertyStore: begin to write value to Store: {.timestamp = 8501743263344, .areaId = 0, .prop = 557846568, .status = AVAILABLE, .value = {.int32Values = [1]{0}, .floatValues = [0]{}, .int64Values = [0]{}, .bytes = [0]{}, .stringValue = ""}}
12-30 10:59:25.921   398   464 D adayocomadapter-CommunicationManager: onUpstreamReceive mPropertyId 0x21401028
12-30 10:59:25.921   398   464 D adayocomadapter-CommunicationManager: onUpstreamReceive mPropertyId 0x21401029
12-30 10:59:25.921   398   464 D adayocomadapter-CommunicationManager: convertBytesToInt32Memcpy  0
12-30 10:59:25.922   398   464 I vw-vhal : notifyVehicleProperty, propId = 0x21401029, data = {status: 2, int32Values: [0]}
12-30 10:59:25.922   398   464 I vw-vhal : CanSignalsAdapter::notifyVehicleProperty: solvedValue = {.timestamp = 8501743952011, .areaId = 0, .prop = 557846569, .status = AVAILABLE, .value = {.int32Values = [1]{0}, .floatValues = [0]{}, .int64Values = [0]{}, .bytes = [0]{}, .stringValue = ""}}
12-30 10:59:25.922   398   464 I VehiclePropertyStore: begin to write value to Store: {.timestamp = 8501743952011, .areaId = 0, .prop = 557846569, .status = AVAILABLE, .value = {.int32Values = [1]{0}, .floatValues = [0]{}, .int64Values = [0]{}, .bytes = [0]{}, .stringValue = ""}}
12-30 10:59:25.922   398   464 I DefaultVehicleHal_v2_0: DefaultVehicleHal::onPropertyValue, value:{.timestamp = 8501743952011, .areaId = 0, .prop = 557846569, .status = AVAILABLE, .value = {.int32Values = [1]{0}, .floatValues = [0]{}, .int64Values = [0]{}, .bytes = [0]{}, .stringValue = ""}}
12-30 10:59:25.922   398   464 D DiagPropHandler: is not DiagnosticConfig: 0x21401029
12-30 10:59:25.922   398   464 I VehiclePropertyStore: begin to write value to Store: {.timestamp = 8501743952011, .areaId = 0, .prop = 557846569, .status = AVAILABLE, .value = {.int32Values = [1]{0}, .floatValues = [0]{}, .int64Values = [0]{}, .bytes = [0]{}, .stringValue = ""}}
12-30 10:59:25.922   398   464 D adayocomadapter-CommunicationManager: onUpstreamReceive mPropertyId 0x21401029
12-30 10:59:25.922   398   464 D adayocomadapter-CommunicationManager: onUpstreamReceive mPropertyId 0x2140102e
12-30 10:59:25.922   398   464 D adayocomadapter-CommunicationManager: convertBytesToInt32Memcpy  0
12-30 10:59:25.922   398   464 I vw-vhal : notifyVehicleProperty, propId = 0x2140102e, data = {status: 2, int32Values: [0]}
12-30 10:59:25.922   398   464 I vw-vhal : CanSignalsAdapter::notifyVehicleProperty: solvedValue = {.timestamp = 8501744680344, .areaId = 0, .prop = 557846574, .status = AVAILABLE, .value = {.int32Values = [1]{0}, .floatValues = [0]{}, .int64Values = [0]{}, .bytes = [0]{}, .stringValue = ""}}
12-30 10:59:25.922   398   464 I VehiclePropertyStore: begin to write value to Store: {.timestamp = 8501744680344, .areaId = 0, .prop = 557846574, .status = AVAILABLE, .value = {.int32Values = [1]{0}, .floatValues = [0]{}, .int64Values = [0]{}, .bytes = [0]{}, .stringValue = ""}}
12-30 10:59:25.923   398   464 I DefaultVehicleHal_v2_0: DefaultVehicleHal::onPropertyValue, value:{.timestamp = 8501744680344, .areaId = 0, .prop = 557846574, .status = AVAILABLE, .value = {.int32Values = [1]{0}, .floatValues = [0]{}, .int64Values = [0]{}, .bytes = [0]{}, .stringValue = ""}}
12-30 10:59:25.923   398   464 D DiagPropHandler: is not DiagnosticConfig: 0x2140102e
12-30 10:59:25.923   398   464 I VehiclePropertyStore: begin to write value to Store: {.timestamp = 8501744680344, .areaId = 0, .prop = 557846574, .status = AVAILABLE, .value = {.int32Values = [1]{0}, .floatValues = [0]{}, .int64Values = [0]{}, .bytes = [0]{}, .stringValue = ""}}
12-30 10:59:25.923   398   464 D adayocomadapter-CommunicationManager: onUpstreamReceive mPropertyId 0x2140102e
12-30 10:59:25.923   398   464 D adayocomadapter-CommunicationManager: onUpstreamReceive mPropertyId 0x2140102b
12-30 10:59:25.923   398   464 D adayocomadapter-CommunicationManager: convertBytesToInt32Memcpy  0
12-30 10:59:25.923   398   464 I vw-vhal : notifyVehicleProperty, propId = 0x2140102b, data = {status: 2, int32Values: [0]}
12-30 10:59:25.923   398   464 I vw-vhal : CanSignalsAdapter::notifyVehicleProperty: solvedValue = {.timestamp = 8501745316678, .areaId = 0, .prop = 557846571, .status = AVAILABLE, .value = {.int32Values = [1]{0}, .floatValues = [0]{}, .int64Values = [0]{}, .bytes = [0]{}, .stringValue = ""}}
12-30 10:59:25.923   398   464 I VehiclePropertyStore: begin to write value to Store: {.timestamp = 8501745316678, .areaId = 0, .prop = 557846571, .status = AVAILABLE, .value = {.int32Values = [1]{0}, .floatValues = [0]{}, .int64Values = [0]{}, .bytes = [0]{}, .stringValue = ""}}
12-30 10:59:25.923   398   464 I DefaultVehicleHal_v2_0: DefaultVehicleHal::onPropertyValue, value:{.timestamp = 8501745316678, .areaId = 0, .prop = 557846571, .status = AVAILABLE, .value = {.int32Values = [1]{0}, .floatValues = [0]{}, .int64Values = [0]{}, .bytes = [0]{}, .stringValue = ""}}
12-30 10:59:25.923   398   464 D DiagPropHandler: is not DiagnosticConfig: 0x2140102b
12-30 10:59:25.923   398   464 I VehiclePropertyStore: begin to write value to Store: {.timestamp = 8501745316678, .areaId = 0, .prop = 557846571, .status = AVAILABLE, .value = {.int32Values = [1]{0}, .floatValues = [0]{}, .int64Values = [0]{}, .bytes = [0]{}, .stringValue = ""}}
12-30 10:59:25.923   398   464 D adayocomadapter-CommunicationManager: onUpstreamReceive mPropertyId 0x2140102b
12-30 10:59:25.923   398   464 D adayocomadapter-CommunicationManager: onUpstreamReceive mPropertyId 0x2140104c
12-30 10:59:25.923   398   464 D adayocomadapter-CommunicationManager: convertBytesToInt32Memcpy  0
12-30 10:59:25.924   398   464 I vw-vhal : notifyVehicleProperty, propId = 0x2140104c, data = {status: 2, int32Values: [0]}
12-30 10:59:25.924   398   464 I vw-vhal : CanSignalsAdapter::notifyVehicleProperty: solvedValue = {.timestamp = 8501745966678, .areaId = 0, .prop = 557846604, .status = AVAILABLE, .value = {.int32Values = [1]{0}, .floatValues = [0]{}, .int64Values = [0]{}, .bytes = [0]{}, .stringValue = ""}}
12-30 10:59:25.924   398   464 I VehiclePropertyStore: begin to write value to Store: {.timestamp = 8501745966678, .areaId = 0, .prop = 557846604, .status = AVAILABLE, .value = {.int32Values = [1]{0}, .floatValues = [0]{}, .int64Values = [0]{}, .bytes = [0]{}, .stringValue = ""}}
12-30 10:59:25.924   398   464 I DefaultVehicleHal_v2_0: DefaultVehicleHal::onPropertyValue, value:{.timestamp = 8501745966678, .areaId = 0, .prop = 557846604, .status = AVAILABLE, .value = {.int32Values = [1]{0}, .floatValues = [0]{}, .int64Values = [0]{}, .bytes = [0]{}, .stringValue = ""}}
12-30 10:59:25.924   398   464 D DiagPropHandler: is not DiagnosticConfig: 0x2140104c
12-30 10:59:25.924   398   464 I VehiclePropertyStore: begin to write value to Store: {.timestamp = 8501745966678, .areaId = 0, .prop = 557846604, .status = AVAILABLE, .value = {.int32Values = [1]{0}, .floatValues = [0]{}, .int64Values = [0]{}, .bytes = [0]{}, .stringValue = ""}}
12-30 10:59:25.924   398   464 D adayocomadapter-CommunicationManager: onUpstreamReceive mPropertyId 0x2140104c
12-30 10:59:25.924   398   464 D adayocomadapter-CommunicationManager: onUpstreamReceive mPropertyId 0x2140102c
12-30 10:59:25.924   398   464 D adayocomadapter-CommunicationManager: convertBytesToInt32Memcpy  0
12-30 10:59:25.924   398   464 I vw-vhal : notifyVehicleProperty, propId = 0x2140102c, data = {status: 2, int32Values: [0]}
12-30 10:59:25.924   398   464 I vw-vhal : CanSignalsAdapter::notifyVehicleProperty: solvedValue = {.timestamp = 8501746670011, .areaId = 0, .prop = 557846572, .status = AVAILABLE, .value = {.int32Values = [1]{0}, .floatValues = [0]{}, .int64Values = [0]{}, .bytes = [0]{}, .stringValue = ""}}
12-30 10:59:25.924   398   464 I VehiclePropertyStore: begin to write value to Store: {.timestamp = 8501746670011, .areaId = 0, .prop = 557846572, .status = AVAILABLE, .value = {.int32Values = [1]{0}, .floatValues = [0]{}, .int64Values = [0]{}, .bytes = [0]{}, .stringValue = ""}}
12-30 10:59:25.925   398   464 I DefaultVehicleHal_v2_0: DefaultVehicleHal::onPropertyValue, value:{.timestamp = 8501746670011, .areaId = 0, .prop = 557846572, .status = AVAILABLE, .value = {.int32Values = [1]{0}, .floatValues = [0]{}, .int64Values = [0]{}, .bytes = [0]{}, .stringValue = ""}}
12-30 10:59:25.925   398   464 D DiagPropHandler: is not DiagnosticConfig: 0x2140102c
12-30 10:59:25.925   398   464 I VehiclePropertyStore: begin to write value to Store: {.timestamp = 8501746670011, .areaId = 0, .prop = 557846572, .status = AVAILABLE, .value = {.int32Values = [1]{0}, .floatValues = [0]{}, .int64Values = [0]{}, .bytes = [0]{}, .stringValue = ""}}
12-30 10:59:25.925   398   464 D adayocomadapter-CommunicationManager: onUpstreamReceive mPropertyId 0x2140102c
12-30 10:59:25.925   398   464 D adayocomadapter-CommunicationManager: onUpstreamReceive mPropertyId 0x21402007
12-30 10:59:25.925   398   464 D adayocomadapter-CommunicationManager: convertBytesToInt32Memcpy  0
12-30 10:59:25.925   398   464 I vw-vhal : notifyVehicleProperty, propId = 0x21402007, data = {status: 2, int32Values: [0]}
12-30 10:59:25.925   398   464 I vw-vhal : CanSignalsAdapter::notifyVehicleProperty: solvedValue = {.timestamp = 8501747302344, .areaId = 0, .prop = 557850631, .status = AVAILABLE, .value = {.int32Values = [1]{0}, .floatValues = [0]{}, .int64Values = [0]{}, .bytes = [0]{}, .stringValue = ""}}
12-30 10:59:25.925   398   464 I VehiclePropertyStore: begin to write value to Store: {.timestamp = 8501747302344, .areaId = 0, .prop = 557850631, .status = AVAILABLE, .value = {.int32Values = [1]{0}, .floatValues = [0]{}, .int64Values = [0]{}, .bytes = [0]{}, .stringValue = ""}}
12-30 10:59:25.925   398   464 I DefaultVehicleHal_v2_0: DefaultVehicleHal::onPropertyValue, value:{.timestamp = 8501747302344, .areaId = 0, .prop = 557850631, .status = AVAILABLE, .value = {.int32Values = [1]{0}, .floatValues = [0]{}, .int64Values = [0]{}, .bytes = [0]{}, .stringValue = ""}}
12-30 10:59:25.925   398   464 D DiagPropHandler: is not DiagnosticConfig: 0x21402007
12-30 10:59:25.925   360   458 D EvsDriver: doneWithFrame
12-30 10:59:25.925   398   464 I VehiclePropertyStore: begin to write value to Store: {.timestamp = 8501747302344, .areaId = 0, .prop = 557850631, .status = AVAILABLE, .value = {.int32Values = [1]{0}, .floatValues = [0]{}, .int64Values = [0]{}, .bytes = [0]{}, .stringValue = ""}}
12-30 10:59:25.925   398   464 D adayocomadapter-CommunicationManager: onUpstreamReceive mPropertyId 0x21402007
12-30 10:59:25.925   398   464 D adayocomadapter-CommunicationManager: onUpstreamReceive mPropertyId 0x2140102f
12-30 10:59:25.926   398   464 D adayocomadapter-CommunicationManager: convertBytesToInt32Memcpy  0
12-30 10:59:25.926   398   464 I vw-vhal : notifyVehicleProperty, propId = 0x2140102f, data = {status: 2, int32Values: [0]}
12-30 10:59:25.926   398   464 I vw-vhal : CanSignalsAdapter::notifyVehicleProperty: solvedValue = {.timestamp = 8501747988011, .areaId = 0, .prop = 557846575, .status = AVAILABLE, .value = {.int32Values = [1]{0}, .floatValues = [0]{}, .int64Values = [0]{}, .bytes = [0]{}, .stringValue = ""}}
12-30 10:59:25.926   398   464 I VehiclePropertyStore: begin to write value to Store: {.timestamp = 8501747988011, .areaId = 0, .prop = 557846575, .status = AVAILABLE, .value = {.int32Values = [1]{0}, .floatValues = [0]{}, .int64Values = [0]{}, .bytes = [0]{}, .stringValue = ""}}
12-30 10:59:25.926   398   464 I DefaultVehicleHal_v2_0: DefaultVehicleHal::onPropertyValue, value:{.timestamp = 8501747988011, .areaId = 0, .prop = 557846575, .status = AVAILABLE, .value = {.int32Values = [1]{0}, .floatValues = [0]{}, .int64Values = [0]{}, .bytes = [0]{}, .stringValue = ""}}
12-30 10:59:25.926   398   464 D DiagPropHandler: is not DiagnosticConfig: 0x2140102f
12-30 10:59:25.926   398   464 I VehiclePropertyStore: begin to write value to Store: {.timestamp = 8501747988011, .areaId = 0, .prop = 557846575, .status = AVAILABLE, .value = {.int32Values = [1]{0}, .floatValues = [0]{}, .int64Values = [0]{}, .bytes = [0]{}, .stringValue = ""}}
12-30 10:59:25.926   398   464 D adayocomadapter-CommunicationManager: onUpstreamReceive mPropertyId 0x2140102f
12-30 10:59:25.926   398   464 D adayocomadapter-CommunicationManager: onUpstreamReceive mPropertyId 0x21401031
12-30 10:59:25.926   398   464 D adayocomadapter-CommunicationManager: convertBytesToInt32Memcpy  0
12-30 10:59:25.926   398   464 I vw-vhal : notifyVehicleProperty, propId = 0x21401031, data = {status: 2, int32Values: [0]}
12-30 10:59:25.926   398   464 I vw-vhal : CanSignalsAdapter::notifyVehicleProperty: solvedValue = {.timestamp = 8501748669011, .areaId = 0, .prop = 557846577, .status = AVAILABLE, .value = {.int32Values = [1]{0}, .floatValues = [0]{}, .int64Values = [0]{}, .bytes = [0]{}, .stringValue = ""}}
12-30 10:59:25.926   398   464 I VehiclePropertyStore: begin to write value to Store: {.timestamp = 8501748669011, .areaId = 0, .prop = 557846577, .status = AVAILABLE, .value = {.int32Values = [1]{0}, .floatValues = [0]{}, .int64Values = [0]{}, .bytes = [0]{}, .stringValue = ""}}
12-30 10:59:25.927   398   464 I DefaultVehicleHal_v2_0: DefaultVehicleHal::onPropertyValue, value:{.timestamp = 8501748669011, .areaId = 0, .prop = 557846577, .status = AVAILABLE, .value = {.int32Values = [1]{0}, .floatValues = [0]{}, .int64Values = [0]{}, .bytes = [0]{}, .stringValue = ""}}
12-30 10:59:25.927   398   464 D DiagPropHandler: is not DiagnosticConfig: 0x21401031
12-30 10:59:25.927   398   464 I VehiclePropertyStore: begin to write value to Store: {.timestamp = 8501748669011, .areaId = 0, .prop = 557846577, .status = AVAILABLE, .value = {.int32Values = [1]{0}, .floatValues = [0]{}, .int64Values = [0]{}, .bytes = [0]{}, .stringValue = ""}}
