12-30 10:59:25.369   398   464 I VehiclePropertyStore: begin to write value to Store: {.timestamp = 8501191269344, .areaId = 0, .prop = 557851203, .status = AVAILABLE, .value = {.int32Values = [1]{0}, .floatValues = [0]{}, .int64Values = [0]{}, .bytes = [0]{}, .stringValue = ""}}
12-30 10:59:25.369   398   464 D adayocomadapter-CommunicationManager: onUpstreamReceive mPropertyId 0x21402243
12-30 10:59:25.369   398   464 D adayocomadapter-CommunicationManager: onUpstreamReceive mPropertyId 0x21402244
12-30 10:59:25.369   398   464 D adayocomadapter-CommunicationManager: convertBytesToInt32Memcpy  0
12-30 10:59:25.369   398   464 I vw-vhal : notifyVehicleProperty, propId = 0x21402244, data = {status: 2, int32Values: [0]}
12-30 10:59:25.369   398   464 I vw-vhal : CanSignalsAdapter::notifyVehicleProperty: solvedValue = {.timestamp = 8501191614344, .areaId = 0, .prop = 557851204, .status = AVAILABLE, .value = {.int32Values = [1]{0}, .floatValues = [0]{}, .int64Values = [0]{}, .bytes = [0]{}, .stringValue = ""}}
12-30 10:59:25.369   398   464 I VehiclePropertyStore: begin to write value to Store: {.timestamp = 8501191614344, .areaId = 0, .prop = 557851204, .status = AVAILABLE, .value = {.int32Values = [1]{0}, .floatValues = [0]{}, .int64Values = [0]{}, .bytes = [0]{}, .stringValue = ""}}
12-30 10:59:25.369   398   464 I DefaultVehicleHal_v2_0: DefaultVehicleHal::onPropertyValue, value:{.timestamp = 8501191614344, .areaId = 0, .prop = 557851204, .status = AVAILABLE, .value = {.int32Values = [1]{0}, .floatValues = [0]{}, .int64Values = [0]{}, .bytes = [0]{}, .stringValue = ""}}
12-30 10:59:25.369   398   464 D DiagPropHandler: is not DiagnosticConfig: 0x21402244
12-30 10:59:25.369   398   464 I VehiclePropertyStore: begin to write value to Store: {.timestamp = 8501191614344, .areaId = 0, .prop = 557851204, .status = AVAILABLE, .value = {.int32Values = [1]{0}, .floatValues = [0]{}, .int64Values = [0]{}, .bytes = [0]{}, .stringValue = ""}}
12-30 10:59:25.369   398   464 D adayocomadapter-CommunicationManager: onUpstreamReceive mPropertyId 0x21402244
12-30 10:59:25.370   398   464 D adayocomadapter-CommunicationManager: onUpstreamReceive mPropertyId 0x21402245
12-30 10:59:25.370   398   464 D adayocomadapter-CommunicationManager: convertBytesToInt32Memcpy  0
12-30 10:59:25.370   398   464 I vw-vhal : notifyVehicleProperty, propId = 0x21402245, data = {status: 2, int32Values: [0]}
12-30 10:59:25.370   398   464 I vw-vhal : CanSignalsAdapter::notifyVehicleProperty: solvedValue = {.timestamp = 8501191956678, .areaId = 0, .prop = 557851205, .status = AVAILABLE, .value = {.int32Values = [1]{0}, .floatValues = [0]{}, .int64Values = [0]{}, .bytes = [0]{}, .stringValue = ""}}
12-30 10:59:25.370   398   464 I VehiclePropertyStore: begin to write value to Store: {.timestamp = 8501191956678, .areaId = 0, .prop = 557851205, .status = AVAILABLE, .value = {.int32Values = [1]{0}, .floatValues = [0]{}, .int64Values = [0]{}, .bytes = [0]{}, .stringValue = ""}}
12-30 10:59:25.370   398   464 I DefaultVehicleHal_v2_0: DefaultVehicleHal::onPropertyValue, value:{.timestamp = 8501191956678, .areaId = 0, .prop = 557851205, .status = AVAILABLE, .value = {.int32Values = [1]{0}, .floatValues = [0]{}, .int64Values = [0]{}, .bytes = [0]{}, .stringValue = ""}}
12-30 10:59:25.370   398   464 D DiagPropHandler: is not DiagnosticConfig: 0x21402245
12-30 10:59:25.370   398   464 I VehiclePropertyStore: begin to write value to Store: {.timestamp = 8501191956678, .areaId = 0, .prop = 557851205, .status = AVAILABLE, .value = {.int32Values = [1]{0}, .floatValues = [0]{}, .int64Values = [0]{}, .bytes = [0]{}, .stringValue = ""}}
12-30 10:59:25.370   398   464 D adayocomadapter-CommunicationManager: onUpstreamReceive mPropertyId 0x21402245
12-30 10:59:25.370   398   464 D adayocomadapter-CommunicationManager: onUpstreamReceive mPropertyId 0x21402246
12-30 10:59:25.370   398   464 D adayocomadapter-CommunicationManager: convertBytesToInt32Memcpy  0
12-30 10:59:25.370   398   464 I vw-vhal : notifyVehicleProperty, propId = 0x21402246, data = {status: 2, int32Values: [0]}
12-30 10:59:25.370   398   464 I vw-vhal : CanSignalsAdapter::notifyVehicleProperty: solvedValue = {.timestamp = 8501192330011, .areaId = 0, .prop = 557851206, .status = AVAILABLE, .value = {.int32Values = [1]{0}, .floatValues = [0]{}, .int64Values = [0]{}, .bytes = [0]{}, .stringValue = ""}}
12-30 10:59:25.370   398   464 I VehiclePropertyStore: begin to write value to Store: {.timestamp = 8501192330011, .areaId = 0, .prop = 557851206, .status = AVAILABLE, .value = {.int32Values = [1]{0}, .floatValues = [0]{}, .int64Values = [0]{}, .bytes = [0]{}, .stringValue = ""}}
12-30 10:59:25.370   398   464 I DefaultVehicleHal_v2_0: DefaultVehicleHal::onPropertyValue, value:{.timestamp = 8501192330011, .areaId = 0, .prop = 557851206, .status = AVAILABLE, .value = {.int32Values = [1]{0}, .floatValues = [0]{}, .int64Values = [0]{}, .bytes = [0]{}, .stringValue = ""}}
12-30 10:59:25.370   398   464 D DiagPropHandler: is not DiagnosticConfig: 0x21402246
12-30 10:59:25.370   398   464 I VehiclePropertyStore: begin to write value to Store: {.timestamp = 8501192330011, .areaId = 0, .prop = 557851206, .status = AVAILABLE, .value = {.int32Values = [1]{0}, .floatValues = [0]{}, .int64Values = [0]{}, .bytes = [0]{}, .stringValue = ""}}
12-30 10:59:25.370   398   464 D adayocomadapter-CommunicationManager: onUpstreamReceive mPropertyId 0x21402246
12-30 10:59:25.370   398   464 D adayocomadapter-CommunicationManager: onUpstreamReceive mPropertyId 0x21402247
12-30 10:59:25.370   398   464 D adayocomadapter-CommunicationManager: convertBytesToInt32Memcpy  0
12-30 10:59:25.370   398   464 I vw-vhal : notifyVehicleProperty, propId = 0x21402247, data = {status: 2, int32Values: [0]}
12-30 10:59:25.370   398   464 I vw-vhal : CanSignalsAdapter::notifyVehicleProperty: solvedValue = {.timestamp = 8501192671011, .areaId = 0, .prop = 557851207, .status = AVAILABLE, .value = {.int32Values = [1]{0}, .floatValues = [0]{}, .int64Values = [0]{}, .bytes = [0]{}, .stringValue = ""}}
12-30 10:59:25.370   398   464 I VehiclePropertyStore: begin to write value to Store: {.timestamp = 8501192671011, .areaId = 0, .prop = 557851207, .status = AVAILABLE, .value = {.int32Values = [1]{0}, .floatValues = [0]{}, .int64Values = [0]{}, .bytes = [0]{}, .stringValue = ""}}
12-30 10:59:25.370   398   464 I DefaultVehicleHal_v2_0: DefaultVehicleHal::onPropertyValue, value:{.timestamp = 8501192671011, .areaId = 0, .prop = 557851207, .status = AVAILABLE, .value = {.int32Values = [1]{0}, .floatValues = [0]{}, .int64Values = [0]{}, .bytes = [0]{}, .stringValue = ""}}
12-30 10:59:25.370   398   464 D DiagPropHandler: is not DiagnosticConfig: 0x21402247
12-30 10:59:25.371   398   464 I VehiclePropertyStore: begin to write value to Store: {.timestamp = 8501192671011, .areaId = 0, .prop = 557851207, .status = AVAILABLE, .value = {.int32Values = [1]{0}, .floatValues = [0]{}, .int64Values = [0]{}, .bytes = [0]{}, .stringValue = ""}}
12-30 10:59:25.371   398   464 D adayocomadapter-CommunicationManager: onUpstreamReceive mPropertyId 0x21402247
12-30 10:59:25.371   398   464 D adayocomadapter-CommunicationManager: onUpstreamReceive mPropertyId 0x21402248
12-30 10:59:25.371   398   464 D adayocomadapter-CommunicationManager: convertBytesToInt32Memcpy  0
12-30 10:59:25.371   398   464 I vw-vhal : notifyVehicleProperty, propId = 0x21402248, data = {status: 2, int32Values: [0]}
12-30 10:59:25.371   398   464 I vw-vhal : CanSignalsAdapter::notifyVehicleProperty: solvedValue = {.timestamp = 8501193011344, .areaId = 0, .prop = 557851208, .status = AVAILABLE, .value = {.int32Values = [1]{0}, .floatValues = [0]{}, .int64Values = [0]{}, .bytes = [0]{}, .stringValue = ""}}
12-30 10:59:25.371   398   464 I VehiclePropertyStore: begin to write value to Store: {.timestamp = 8501193011344, .areaId = 0, .prop = 557851208, .status = AVAILABLE, .value = {.int32Values = [1]{0}, .floatValues = [0]{}, .int64Values = [0]{}, .bytes = [0]{}, .stringValue = ""}}
12-30 10:59:25.371   398   464 I DefaultVehicleHal_v2_0: DefaultVehicleHal::onPropertyValue, value:{.timestamp = 8501193011344, .areaId = 0, .prop = 557851208, .status = AVAILABLE, .value = {.int32Values = [1]{0}, .floatValues = [0]{}, .int64Values = [0]{}, .bytes = [0]{}, .stringValue = ""}}
12-30 10:59:25.371   398   464 D DiagPropHandler: is not DiagnosticConfig: 0x21402248
12-30 10:59:25.371   398   464 I VehiclePropertyStore: begin to write value to Store: {.timestamp = 8501193011344, .areaId = 0, .prop = 557851208, .status = AVAILABLE, .value = {.int32Values = [1]{0}, .floatValues = [0]{}, .int64Values = [0]{}, .bytes = [0]{}, .stringValue = ""}}
12-30 10:59:25.371   398   464 D adayocomadapter-CommunicationManager: onUpstreamReceive mPropertyId 0x21402248
12-30 10:59:25.371   398   464 D adayocomadapter-CommunicationManager: onUpstreamReceive mPropertyId 0x21402249
12-30 10:59:25.371   398   464 D adayocomadapter-CommunicationManager: convertBytesToInt32Memcpy  0
12-30 10:59:25.371   398   464 I vw-vhal : notifyVehicleProperty, propId = 0x21402249, data = {status: 2, int32Values: [0]}
12-30 10:59:25.371   398   464 I vw-vhal : CanSignalsAdapter::notifyVehicleProperty: solvedValue = {.timestamp = 8501193340344, .areaId = 0, .prop = 557851209, .status = AVAILABLE, .value = {.int32Values = [1]{0}, .floatValues = [0]{}, .int64Values = [0]{}, .bytes = [0]{}, .stringValue = ""}}
12-30 10:59:25.371   398   464 I VehiclePropertyStore: begin to write value to Store: {.timestamp = 8501193340344, .areaId = 0, .prop = 557851209, .status = AVAILABLE, .value = {.int32Values = [1]{0}, .floatValues = [0]{}, .int64Values = [0]{}, .bytes = [0]{}, .stringValue = ""}}
12-30 10:59:25.371   398   464 I DefaultVehicleHal_v2_0: DefaultVehicleHal::onPropertyValue, value:{.timestamp = 8501193340344, .areaId = 0, .prop = 557851209, .status = AVAILABLE, .value = {.int32Values = [1]{0}, .floatValues = [0]{}, .int64Values = [0]{}, .bytes = [0]{}, .stringValue = ""}}
12-30 10:59:25.371   398   464 D DiagPropHandler: is not DiagnosticConfig: 0x21402249
12-30 10:59:25.371   398   464 I VehiclePropertyStore: begin to write value to Store: {.timestamp = 8501193340344, .areaId = 0, .prop = 557851209, .status = AVAILABLE, .value = {.int32Values = [1]{0}, .floatValues = [0]{}, .int64Values = [0]{}, .bytes = [0]{}, .stringValue = ""}}
12-30 10:59:25.371   398   464 D adayocomadapter-CommunicationManager: onUpstreamReceive mPropertyId 0x21402249
12-30 10:59:25.371   398   464 D adayocomadapter-CommunicationManager: onUpstreamReceive mPropertyId 0x2140224b
12-30 10:59:25.371   398   464 D adayocomadapter-CommunicationManager: convertBytesToInt32Memcpy  0
12-30 10:59:25.371   398   464 I vw-vhal : notifyVehicleProperty, propId = 0x2140224b, data = {status: 2, int32Values: [0]}
12-30 10:59:25.371   398   464 I vw-vhal : CanSignalsAdapter::notifyVehicleProperty: solvedValue = {.timestamp = 8501193674678, .areaId = 0, .prop = 557851211, .status = AVAILABLE, .value = {.int32Values = [1]{0}, .floatValues = [0]{}, .int64Values = [0]{}, .bytes = [0]{}, .stringValue = ""}}
12-30 10:59:25.371   398   464 I VehiclePropertyStore: begin to write value to Store: {.timestamp = 8501193674678, .areaId = 0, .prop = 557851211, .status = AVAILABLE, .value = {.int32Values = [1]{0}, .floatValues = [0]{}, .int64Values = [0]{}, .bytes = [0]{}, .stringValue = ""}}
12-30 10:59:25.371   398   464 I DefaultVehicleHal_v2_0: DefaultVehicleHal::onPropertyValue, value:{.timestamp = 8501193674678, .areaId = 0, .prop = 557851211, .status = AVAILABLE, .value = {.int32Values = [1]{0}, .floatValues = [0]{}, .int64Values = [0]{}, .bytes = [0]{}, .stringValue = ""}}
12-30 10:59:25.371   398   464 D DiagPropHandler: is not DiagnosticConfig: 0x2140224b
12-30 10:59:25.372   398   464 I VehiclePropertyStore: begin to write value to Store: {.timestamp = 8501193674678, .areaId = 0, .prop = 557851211, .status = AVAILABLE, .value = {.int32Values = [1]{0}, .floatValues = [0]{}, .int64Values = [0]{}, .bytes = [0]{}, .stringValue = ""}}
12-30 10:59:25.372   398   464 D adayocomadapter-CommunicationManager: onUpstreamReceive mPropertyId 0x2140224b
12-30 10:59:25.372   398   464 D adayocomadapter-CommunicationManager: onUpstreamReceive mPropertyId 0x2140224d
12-30 10:59:25.372   398   464 D adayocomadapter-CommunicationManager: convertBytesToInt32Memcpy  0
12-30 10:59:25.372   398   464 I vw-vhal : notifyVehicleProperty, propId = 0x2140224d, data = {status: 2, int32Values: [0]}
12-30 10:59:25.372   398   464 I vw-vhal : CanSignalsAdapter::notifyVehicleProperty: solvedValue = {.timestamp = 8501194023011, .areaId = 0, .prop = 557851213, .status = AVAILABLE, .value = {.int32Values = [1]{0}, .floatValues = [0]{}, .int64Values = [0]{}, .bytes = [0]{}, .stringValue = ""}}
12-30 10:59:25.372   398   464 I VehiclePropertyStore: begin to write value to Store: {.timestamp = 8501194023011, .areaId = 0, .prop = 557851213, .status = AVAILABLE, .value = {.int32Values = [1]{0}, .floatValues = [0]{}, .int64Values = [0]{}, .bytes = [0]{}, .stringValue = ""}}
12-30 10:59:25.372   398   464 I DefaultVehicleHal_v2_0: DefaultVehicleHal::onPropertyValue, value:{.timestamp = 8501194023011, .areaId = 0, .prop = 557851213, .status = AVAILABLE, .value = {.int32Values = [1]{0}, .floatValues = [0]{}, .int64Values = [0]{}, .bytes = [0]{}, .stringValue = ""}}
12-30 10:59:25.372   398   464 D DiagPropHandler: is not DiagnosticConfig: 0x2140224d
12-30 10:59:25.372   398   464 I VehiclePropertyStore: begin to write value to Store: {.timestamp = 8501194023011, .areaId = 0, .prop = 557851213, .status = AVAILABLE, .value = {.int32Values = [1]{0}, .floatValues = [0]{}, .int64Values = [0]{}, .bytes = [0]{}, .stringValue = ""}}
12-30 10:59:25.372   398   464 D adayocomadapter-CommunicationManager: onUpstreamReceive mPropertyId 0x2140224d
12-30 10:59:25.372   398   464 D adayocomadapter-CommunicationManager: onUpstreamReceive mPropertyId 0x2140224f
12-30 10:59:25.372   398   464 D adayocomadapter-CommunicationManager: convertBytesToInt32Memcpy  0
12-30 10:59:25.372   398   464 I vw-vhal : notifyVehicleProperty, propId = 0x2140224f, data = {status: 2, int32Values: [0]}
12-30 10:59:25.372   398   464 I vw-vhal : CanSignalsAdapter::notifyVehicleProperty: solvedValue = {.timestamp = 8501194356344, .areaId = 0, .prop = 557851215, .status = AVAILABLE, .value = {.int32Values = [1]{0}, .floatValues = [0]{}, .int64Values = [0]{}, .bytes = [0]{}, .stringValue = ""}}
12-30 10:59:25.372   398   464 I VehiclePropertyStore: begin to write value to Store: {.timestamp = 8501194356344, .areaId = 0, .prop = 557851215, .status = AVAILABLE, .value = {.int32Values = [1]{0}, .floatValues = [0]{}, .int64Values = [0]{}, .bytes = [0]{}, .stringValue = ""}}
12-30 10:59:25.372   398   464 I DefaultVehicleHal_v2_0: DefaultVehicleHal::onPropertyValue, value:{.timestamp = 8501194356344, .areaId = 0, .prop = 557851215, .status = AVAILABLE, .value = {.int32Values = [1]{0}, .floatValues = [0]{}, .int64Values = [0]{}, .bytes = [0]{}, .stringValue = ""}}
12-30 10:59:25.372   398   464 D DiagPropHandler: is not DiagnosticConfig: 0x2140224f
12-30 10:59:25.372   398   464 I VehiclePropertyStore: begin to write value to Store: {.timestamp = 8501194356344, .areaId = 0, .prop = 557851215, .status = AVAILABLE, .value = {.int32Values = [1]{0}, .floatValues = [0]{}, .int64Values = [0]{}, .bytes = [0]{}, .stringValue = ""}}
12-30 10:59:25.372   398   464 D adayocomadapter-CommunicationManager: onUpstreamReceive mPropertyId 0x2140224f
12-30 10:59:25.372   398   464 D adayocomadapter-CommunicationManager: onUpstreamReceive mPropertyId 0x21402251
12-30 10:59:25.372   398   464 D adayocomadapter-CommunicationManager: convertBytesToInt32Memcpy  0
12-30 10:59:25.372   398   464 I vw-vhal : notifyVehicleProperty, propId = 0x21402251, data = {status: 2, int32Values: [0]}
12-30 10:59:25.372   398   464 I vw-vhal : CanSignalsAdapter::notifyVehicleProperty: solvedValue = {.timestamp = 8501194711678, .areaId = 0, .prop = 557851217, .status = AVAILABLE, .value = {.int32Values = [1]{0}, .floatValues = [0]{}, .int64Values = [0]{}, .bytes = [0]{}, .stringValue = ""}}
12-30 10:59:25.372   398   464 I VehiclePropertyStore: begin to write value to Store: {.timestamp = 8501194711678, .areaId = 0, .prop = 557851217, .status = AVAILABLE, .value = {.int32Values = [1]{0}, .floatValues = [0]{}, .int64Values = [0]{}, .bytes = [0]{}, .stringValue = ""}}
12-30 10:59:25.372   398   464 I DefaultVehicleHal_v2_0: DefaultVehicleHal::onPropertyValue, value:{.timestamp = 8501194711678, .areaId = 0, .prop = 557851217, .status = AVAILABLE, .value = {.int32Values = [1]{0}, .floatValues = [0]{}, .int64Values = [0]{}, .bytes = [0]{}, .stringValue = ""}}
12-30 10:59:25.373   398   464 D DiagPropHandler: is not DiagnosticConfig: 0x21402251
12-30 10:59:25.373   398   464 I VehiclePropertyStore: begin to write value to Store: {.timestamp = 8501194711678, .areaId = 0, .prop = 557851217, .status = AVAILABLE, .value = {.int32Values = [1]{0}, .floatValues = [0]{}, .int64Values = [0]{}, .bytes = [0]{}, .stringValue = ""}}
12-30 10:59:25.373   398   464 D adayocomadapter-CommunicationManager: onUpstreamReceive mPropertyId 0x21402251
12-30 10:59:25.373   398   464 D adayocomadapter-CommunicationManager: onUpstreamReceive mPropertyId 0x21402253
12-30 10:59:25.373   398   464 D adayocomadapter-CommunicationManager: convertBytesToInt32Memcpy  0
12-30 10:59:25.373   398   464 I vw-vhal : notifyVehicleProperty, propId = 0x21402253, data = {status: 2, int32Values: [0]}
12-30 10:59:25.373   398   464 I vw-vhal : CanSignalsAdapter::notifyVehicleProperty: solvedValue = {.timestamp = 8501195067678, .areaId = 0, .prop = 557851219, .status = AVAILABLE, .value = {.int32Values = [1]{0}, .floatValues = [0]{}, .int64Values = [0]{}, .bytes = [0]{}, .stringValue = ""}}
12-30 10:59:25.373   398   464 I VehiclePropertyStore: begin to write value to Store: {.timestamp = 8501195067678, .areaId = 0, .prop = 557851219, .status = AVAILABLE, .value = {.int32Values = [1]{0}, .floatValues = [0]{}, .int64Values = [0]{}, .bytes = [0]{}, .stringValue = ""}}
12-30 10:59:25.373   398   464 I DefaultVehicleHal_v2_0: DefaultVehicleHal::onPropertyValue, value:{.timestamp = 8501195067678, .areaId = 0, .prop = 557851219, .status = AVAILABLE, .value = {.int32Values = [1]{0}, .floatValues = [0]{}, .int64Values = [0]{}, .bytes = [0]{}, .stringValue = ""}}
12-30 10:59:25.373   398   464 D DiagPropHandler: is not DiagnosticConfig: 0x21402253
12-30 10:59:25.373   398   464 I VehiclePropertyStore: begin to write value to Store: {.timestamp = 8501195067678, .areaId = 0, .prop = 557851219, .status = AVAILABLE, .value = {.int32Values = [1]{0}, .floatValues = [0]{}, .int64Values = [0]{}, .bytes = [0]{}, .stringValue = ""}}
12-30 10:59:25.373   398   464 D adayocomadapter-CommunicationManager: onUpstreamReceive mPropertyId 0x21402253
12-30 10:59:25.373   398   464 D adayocomadapter-CommunicationManager: onUpstreamReceive mPropertyId 0x21402254
12-30 10:59:25.373   398   464 D adayocomadapter-CommunicationManager: convertBytesToInt32Memcpy  0
12-30 10:59:25.373   398   464 I vw-vhal : notifyVehicleProperty, propId = 0x21402254, data = {status: 2, int32Values: [0]}
12-30 10:59:25.373   398   464 I vw-vhal : CanSignalsAdapter::notifyVehicleProperty: solvedValue = {.timestamp = 8501195427678, .areaId = 0, .prop = 557851220, .status = AVAILABLE, .value = {.int32Values = [1]{0}, .floatValues = [0]{}, .int64Values = [0]{}, .bytes = [0]{}, .stringValue = ""}}
12-30 10:59:25.373   398   464 I VehiclePropertyStore: begin to write value to Store: {.timestamp = 8501195427678, .areaId = 0, .prop = 557851220, .status = AVAILABLE, .value = {.int32Values = [1]{0}, .floatValues = [0]{}, .int64Values = [0]{}, .bytes = [0]{}, .stringValue = ""}}
12-30 10:59:25.373   398   464 I DefaultVehicleHal_v2_0: DefaultVehicleHal::onPropertyValue, value:{.timestamp = 8501195427678, .areaId = 0, .prop = 557851220, .status = AVAILABLE, .value = {.int32Values = [1]{0}, .floatValues = [0]{}, .int64Values = [0]{}, .bytes = [0]{}, .stringValue = ""}}
12-30 10:59:25.373   398   464 D DiagPropHandler: is not DiagnosticConfig: 0x21402254
12-30 10:59:25.373   398   464 I VehiclePropertyStore: begin to write value to Store: {.timestamp = 8501195427678, .areaId = 0, .prop = 557851220, .status = AVAILABLE, .value = {.int32Values = [1]{0}, .floatValues = [0]{}, .int64Values = [0]{}, .bytes = [0]{}, .stringValue = ""}}
12-30 10:59:25.373   398   464 D adayocomadapter-CommunicationManager: onUpstreamReceive mPropertyId 0x21402254
12-30 10:59:25.383   360   931 D EvsDriver: forwardFrame
12-30 10:59:25.383   360   931 D EvsDriver: forwardFrameDirect
12-30 10:59:25.383   360   931 D EvsDriver: Delivered 0xb400e2ca9e40e270 as id 0
12-30 10:59:25.383   359  2784 D evsmanagerd: /dev/video-evs0 forwarded the buffer #0 to 0xb400f125d2b26dd0 from 0xb400f125e2b20710
12-30 10:59:25.384  2358  2623 D RcfController: Rcf proxy is not connected!
12-30 10:59:25.389   360   458 D EvsDriver: doneWithFrame
12-30 10:59:25.397   596  3076 E WifiHAL : Invalid data received from driver
12-30 10:59:25.400   594   643 I netd    : tetherGetStats() -> {[TetherStatsParcel{iface: vlan_07, rxBytes: 0, rxPackets: 0, txBytes: 0, txPackets: 0, ifIndex: 0}, TetherStatsParcel{iface: wlan0, rxBytes: 118210, rxPackets: 584, txBytes: 198378, txPackets: 625, ifIndex: 0}]} <3.72ms>
12-30 10:59:25.405   916  3726 I netstats_mobile_sample: [0,0,0,0,0,0,0,0,1767063565423]
12-30 10:59:25.405   916  3726 I netstats_wifi_sample: [540590,575421,2523,2764,1761259,512482,7180,2559,1767063565423]
12-30 10:59:25.416   360   931 D EvsDriver: forwardFrame
12-30 10:59:25.416   360   931 D EvsDriver: forwardFrameDirect
12-30 10:59:25.417   360   931 D EvsDriver: Delivered 0xb400e2ca9e40d4b0 as id 1
12-30 10:59:25.417   359  2784 D evsmanagerd: /dev/video-evs0 forwarded the buffer #1 to 0xb400f125d2b26dd0 from 0xb400f125e2b20710
12-30 10:59:25.418  1667  2513 W ContextImpl: Calling a method in the system process without a qualified user: android.app.ContextImpl.bindService:1988 android.content.ContextWrapper.bindService:861 com.ford.sync.fnvservice.analytics.AnalyticsManager$RetryHandler.a:126 com.ford.sync.fnvservice.analytics.AnalyticsManager$RetryHandler.handleMessage:103 android.os.Handler.dispatchMessage:106 
12-30 10:59:25.419   916  3726 W ActivityManager: Unable to start service Intent { cmp=com.ford.sync.fnvservice/.analytics.AnalyticsService } U=0: not found
12-30 10:59:25.419  1667  2513 W AnalyticsManager:  bind ford Analytics failed -> sendRetryMessage 
12-30 10:59:25.419   360   458 D EvsDriver: doneWithFrame
12-30 10:59:25.427   650   729 D fgemcucomm: sd Uart data : 6AA602094B0002920214
12-30 10:59:25.428   650   729 D fgemcucomm: rev uart=70238,len=13, data : 6AA681094B00059202000C0086
12-30 10:59:25.428   398  2883 D adayocomadapter-ParseProtocolFunc: printRaWMsg Name[MCUToUPstream recv] len[5] data[9202000C00]
12-30 10:59:25.428   398  2883 D adayocomadapter-CommunicationManager: onUpstreamback   member[0] dataLength[2] timePoint[8501250]
12-30 10:59:25.428   398  2883 D adayocomadapter-ParseProtocolFunc: printRaWMsg Name[onUpstreamback] len[2] data[0C00]
12-30 10:59:25.428   398   464 D adayocomadapter-UpstreamHandler: processBeforePacket upSreamtProcessTimePoint[8501250] 
12-30 10:59:25.428   398   464 D adayocomadapter-UpstreamHandler: processPacket UPSTREAM_QUEUE_DATA_TIMEOUT
12-30 10:59:25.428   398   464 D adayocomadapter-ParseProtocolFunc: parseCommonIPCLBytes Processing tableNumber[12]
12-30 10:59:25.428   398   464 D adayocomadapter-ParseProtocolFunc: parseCommonIPCLBytes Processing tablename[Table-12] tableSize[2]
12-30 10:59:25.428   398   464 D adayocomadapter-ParseProtocolFunc: printRaWMsg Name[byteStream recv] len[2] data[0C00]
12-30 10:59:25.428   398   464 D adayocomadapter-ParseProtocolFunc: printRaWMsg Name[IPCLtoVHAL] len[6] data[214021660000]
12-30 10:59:25.428   398   464 D adayocomadapter-CommunicationManager: onUpstreamReceive mPropertyId 0x21402166
12-30 10:59:25.428   398   464 D adayocomadapter-CommunicationManager: convertBytesToInt32Memcpy  0
12-30 10:59:25.428   398   464 I vw-vhal : notifyVehicleProperty, propId = 0x21402166, data = {status: 2, int32Values: [0]}
12-30 10:59:25.428   398   464 I vw-vhal : CanSignalsAdapter::notifyVehicleProperty: solvedValue = {.timestamp = 8501250606011, .areaId = 0, .prop = 557850982, .status = AVAILABLE, .value = {.int32Values = [1]{0}, .floatValues = [0]{}, .int64Values = [0]{}, .bytes = [0]{}, .stringValue = ""}}
12-30 10:59:25.428   398   464 I VehiclePropertyStore: begin to write value to Store: {.timestamp = 8501250606011, .areaId = 0, .prop = 557850982, .status = AVAILABLE, .value = {.int32Values = [1]{0}, .floatValues = [0]{}, .int64Values = [0]{}, .bytes = [0]{}, .stringValue = ""}}
12-30 10:59:25.428   398   464 I DefaultVehicleHal_v2_0: DefaultVehicleHal::onPropertyValue, value:{.timestamp = 8501250606011, .areaId = 0, .prop = 557850982, .status = AVAILABLE, .value = {.int32Values = [1]{0}, .floatValues = [0]{}, .int64Values = [0]{}, .bytes = [0]{}, .stringValue = ""}}
12-30 10:59:25.428   398   464 D DiagPropHandler: is not DiagnosticConfig: 0x21402166
12-30 10:59:25.428   398   464 I VehiclePropertyStore: begin to write value to Store: {.timestamp = 8501250606011, .areaId = 0, .prop = 557850982, .status = AVAILABLE, .value = {.int32Values = [1]{0}, .floatValues = [0]{}, .int64Values = [0]{}, .bytes = [0]{}, .stringValue = ""}}
12-30 10:59:25.429   398   464 D adayocomadapter-CommunicationManager: onUpstreamReceive mPropertyId 0x21402166
12-30 10:59:25.434  2358  2623 D RcfController: Rcf proxy is not connected!
12-30 10:59:25.442   596  3076 E WifiHAL : Invalid data received from driver
12-30 10:59:25.448   650   729 D fgemcucomm: sd Uart data : 6AA602094C0002920213
12-30 10:59:25.448   650   729 D fgemcucomm: rev uart=70239,len=16, data : 6AA681094C00089202000E0000000080
12-30 10:59:25.448   398  2883 D adayocomadapter-ParseProtocolFunc: printRaWMsg Name[MCUToUPstream recv] len[8] data[9202000E00000000]
12-30 10:59:25.448   398  2883 D adayocomadapter-CommunicationManager: onUpstreamback   member[0] dataLength[5] timePoint[8501270]
12-30 10:59:25.448   398  2883 D adayocomadapter-ParseProtocolFunc: printRaWMsg Name[onUpstreamback] len[5] data[0E00000000]
12-30 10:59:25.448   596  3076 E WifiHAL : Invalid data received from driver
12-30 10:59:25.448   596  3076 E WifiHAL : Invalid data received from driver
12-30 10:59:25.448   398   464 D adayocomadapter-UpstreamHandler: processBeforePacket upSreamtProcessTimePoint[8501270] 
12-30 10:59:25.448   398   464 D adayocomadapter-UpstreamHandler: processPacket UPSTREAM_QUEUE_DATA_TIMEOUT
12-30 10:59:25.448   596  3076 E WifiHAL : Invalid data received from driver
12-30 10:59:25.448   398   464 D adayocomadapter-ParseProtocolFunc: parseCommonIPCLBytes Processing tableNumber[14]
12-30 10:59:25.448   596  3076 E WifiHAL : Invalid data received from driver
12-30 10:59:25.448   398   464 D adayocomadapter-ParseProtocolFunc: parseCommonIPCLBytes Processing tablename[Table-14] tableSize[5]
12-30 10:59:25.448   398   464 D adayocomadapter-ParseProtocolFunc: printRaWMsg Name[byteStream recv] len[5] data[0E00000000]
12-30 10:59:25.448   596  3076 E WifiHAL : Invalid data received from driver
12-30 10:59:25.448   398   464 D adayocomadapter-ParseProtocolFunc: printRaWMsg Name[IPCLtoVHAL] len[6] data[214020DE0000]
12-30 10:59:25.448   398   464 D adayocomadapter-ParseProtocolFunc: printRaWMsg Name[IPCLtoVHAL] len[6] data[214020E00000]
12-30 10:59:25.448   398   464 D adayocomadapter-ParseProtocolFunc: printRaWMsg Name[IPCLtoVHAL] len[6] data[214020E50000]
12-30 10:59:25.448   596  3076 E WifiHAL : Invalid data received from driver
12-30 10:59:25.448   398   464 D adayocomadapter-ParseProtocolFunc: printRaWMsg Name[IPCLtoVHAL] len[6] data[214020E60000]
12-30 10:59:25.448   398   464 D adayocomadapter-CommunicationManager: onUpstreamReceive mPropertyId 0x214020de
12-30 10:59:25.448   398   464 D adayocomadapter-CommunicationManager: convertBytesToInt32Memcpy  0
12-30 10:59:25.449   596  3076 E WifiHAL : Invalid data received from driver
12-30 10:59:25.449   398   464 I vw-vhal : notifyVehicleProperty, propId = 0x214020de, data = {status: 2, int32Values: [0]}
12-30 10:59:25.449   398   464 I vw-vhal : CanSignalsAdapter::notifyVehicleProperty: solvedValue = {.timestamp = 8501270939344, .areaId = 0, .prop = 557850846, .status = AVAILABLE, .value = {.int32Values = [1]{0}, .floatValues = [0]{}, .int64Values = [0]{}, .bytes = [0]{}, .stringValue = ""}}
12-30 10:59:25.449   398   464 I VehiclePropertyStore: begin to write value to Store: {.timestamp = 8501270939344, .areaId = 0, .prop = 557850846, .status = AVAILABLE, .value = {.int32Values = [1]{0}, .floatValues = [0]{}, .int64Values = [0]{}, .bytes = [0]{}, .stringValue = ""}}
12-30 10:59:25.449   398   464 I DefaultVehicleHal_v2_0: DefaultVehicleHal::onPropertyValue, value:{.timestamp = 8501270939344, .areaId = 0, .prop = 557850846, .status = AVAILABLE, .value = {.int32Values = [1]{0}, .floatValues = [0]{}, .int64Values = [0]{}, .bytes = [0]{}, .stringValue = ""}}
12-30 10:59:25.449   398   464 D DiagPropHandler: is not DiagnosticConfig: 0x214020de
12-30 10:59:25.449   398   464 I VehiclePropertyStore: begin to write value to Store: {.timestamp = 8501270939344, .areaId = 0, .prop = 557850846, .status = AVAILABLE, .value = {.int32Values = [1]{0}, .floatValues = [0]{}, .int64Values = [0]{}, .bytes = [0]{}, .stringValue = ""}}
12-30 10:59:25.449   398   464 D adayocomadapter-CommunicationManager: onUpstreamReceive mPropertyId 0x214020de
12-30 10:59:25.449   398   464 D adayocomadapter-CommunicationManager: onUpstreamReceive mPropertyId 0x214020e0
12-30 10:59:25.449   398   464 D adayocomadapter-CommunicationManager: convertBytesToInt32Memcpy  0
12-30 10:59:25.449   398   464 I vw-vhal : notifyVehicleProperty, propId = 0x214020e0, data = {status: 2, int32Values: [0]}
12-30 10:59:25.449   398   464 I vw-vhal : CanSignalsAdapter::notifyVehicleProperty: solvedValue = {.timestamp = 8501271436011, .areaId = 0, .prop = 557850848, .status = AVAILABLE, .value = {.int32Values = [1]{0}, .floatValues = [0]{}, .int64Values = [0]{}, .bytes = [0]{}, .stringValue = ""}}
12-30 10:59:25.449   398   464 I VehiclePropertyStore: begin to write value to Store: {.timestamp = 8501271436011, .areaId = 0, .prop = 557850848, .status = AVAILABLE, .value = {.int32Values = [1]{0}, .floatValues = [0]{}, .int64Values = [0]{}, .bytes = [0]{}, .stringValue = ""}}
12-30 10:59:25.449   398   464 I DefaultVehicleHal_v2_0: DefaultVehicleHal::onPropertyValue, value:{.timestamp = 8501271436011, .areaId = 0, .prop = 557850848, .status = AVAILABLE, .value = {.int32Values = [1]{0}, .floatValues = [0]{}, .int64Values = [0]{}, .bytes = [0]{}, .stringValue = ""}}
12-30 10:59:25.449   398   464 D DiagPropHandler: is not DiagnosticConfig: 0x214020e0
12-30 10:59:25.449   398   464 I VehiclePropertyStore: begin to write value to Store: {.timestamp = 8501271436011, .areaId = 0, .prop = 557850848, .status = AVAILABLE, .value = {.int32Values = [1]{0}, .floatValues = [0]{}, .int64Values = [0]{}, .bytes = [0]{}, .stringValue = ""}}
12-30 10:59:25.449   398   464 D adayocomadapter-CommunicationManager: onUpstreamReceive mPropertyId 0x214020e0
12-30 10:59:25.449   398   464 D adayocomadapter-CommunicationManager: onUpstreamReceive mPropertyId 0x214020e5
12-30 10:59:25.449   398   464 D adayocomadapter-CommunicationManager: convertBytesToInt32Memcpy  0
12-30 10:59:25.449   398   464 I vw-vhal : notifyVehicleProperty, propId = 0x214020e5, data = {status: 2, int32Values: [0]}
12-30 10:59:25.450   398   464 I vw-vhal : CanSignalsAdapter::notifyVehicleProperty: solvedValue = {.timestamp = 8501271829011, .areaId = 0, .prop = 557850853, .status = AVAILABLE, .value = {.int32Values = [1]{0}, .floatValues = [0]{}, .int64Values = [0]{}, .bytes = [0]{}, .stringValue = ""}}
12-30 10:59:25.450   398   464 I VehiclePropertyStore: begin to write value to Store: {.timestamp = 8501271829011, .areaId = 0, .prop = 557850853, .status = AVAILABLE, .value = {.int32Values = [1]{0}, .floatValues = [0]{}, .int64Values = [0]{}, .bytes = [0]{}, .stringValue = ""}}
12-30 10:59:25.450   398   464 I DefaultVehicleHal_v2_0: DefaultVehicleHal::onPropertyValue, value:{.timestamp = 8501271829011, .areaId = 0, .prop = 557850853, .status = AVAILABLE, .value = {.int32Values = [1]{0}, .floatValues = [0]{}, .int64Values = [0]{}, .bytes = [0]{}, .stringValue = ""}}
12-30 10:59:25.450   360   931 D EvsDriver: forwardFrame
12-30 10:59:25.450   398   464 D DiagPropHandler: is not DiagnosticConfig: 0x214020e5
12-30 10:59:25.450   360   931 D EvsDriver: forwardFrameDirect
12-30 10:59:25.450   398   464 I VehiclePropertyStore: begin to write value to Store: {.timestamp = 8501271829011, .areaId = 0, .prop = 557850853, .status = AVAILABLE, .value = {.int32Values = [1]{0}, .floatValues = [0]{}, .int64Values = [0]{}, .bytes = [0]{}, .stringValue = ""}}
12-30 10:59:25.450   398   464 D adayocomadapter-CommunicationManager: onUpstreamReceive mPropertyId 0x214020e5
12-30 10:59:25.450   398   464 D adayocomadapter-CommunicationManager: onUpstreamReceive mPropertyId 0x214020e6
12-30 10:59:25.450   398   464 D adayocomadapter-CommunicationManager: convertBytesToInt32Memcpy  0
12-30 10:59:25.450   360   931 D EvsDriver: Delivered 0xb400e2ca9e40c2d0 as id 0
12-30 10:59:25.450   359  2784 D evsmanagerd: /dev/video-evs0 forwarded the buffer #0 to 0xb400f125d2b26dd0 from 0xb400f125e2b20710
12-30 10:59:25.450   398   464 I vw-vhal : notifyVehicleProperty, propId = 0x214020e6, data = {status: 2, int32Values: [0]}
12-30 10:59:25.450   398   464 I vw-vhal : CanSignalsAdapter::notifyVehicleProperty: solvedValue = {.timestamp = 8501272691011, .areaId = 0, .prop = 557850854, .status = AVAILABLE, .value = {.int32Values = [1]{0}, .floatValues = [0]{}, .int64Values = [0]{}, .bytes = [0]{}, .stringValue = ""}}
12-30 10:59:25.450   398   464 I VehiclePropertyStore: begin to write value to Store: {.timestamp = 8501272691011, .areaId = 0, .prop = 557850854, .status = AVAILABLE, .value = {.int32Values = [1]{0}, .floatValues = [0]{}, .int64Values = [0]{}, .bytes = [0]{}, .stringValue = ""}}
12-30 10:59:25.450   398   464 I DefaultVehicleHal_v2_0: DefaultVehicleHal::onPropertyValue, value:{.timestamp = 8501272691011, .areaId = 0, .prop = 557850854, .status = AVAILABLE, .value = {.int32Values = [1]{0}, .floatValues = [0]{}, .int64Values = [0]{}, .bytes = [0]{}, .stringValue = ""}}
12-30 10:59:25.450   398   464 D DiagPropHandler: is not DiagnosticConfig: 0x214020e6
12-30 10:59:25.451   398   464 I VehiclePropertyStore: begin to write value to Store: {.timestamp = 8501272691011, .areaId = 0, .prop = 557850854, .status = AVAILABLE, .value = {.int32Values = [1]{0}, .floatValues = [0]{}, .int64Values = [0]{}, .bytes = [0]{}, .stringValue = ""}}
12-30 10:59:25.451   398   464 D adayocomadapter-CommunicationManager: onUpstreamReceive mPropertyId 0x214020e6
12-30 10:59:25.451  1614  6408 I okhttp.OkHttpClient: --> POST https://api-c-data-uat.mosc.faw-vw.com/j01/hu/data-collection/trace-service/vehicle-trace/v2/upload?requestId=828c89cc-28d7-4189-99a6-8e953b66811a&signt=1767063565439&appkey=HiVQY27x&sign=846c15c3ff44d60cca82de653a9a1f00
12-30 10:59:25.452  1614  6408 I okhttp.OkHttpClient: Content-Type: application/json; charset=UTF-8
12-30 10:59:25.452  1614  6408 I okhttp.OkHttpClient: Content-Length: 611
12-30 10:59:25.452  1614  6408 I okhttp.OkHttpClient: Accept-Language: zh_CN
12-30 10:59:25.453  1614  6408 I okhttp.OkHttpClient: Did: JETTA_HU_JBEVJ01__v1.0.1_v0.0.1
12-30 10:59:25.453  1614  6408 I okhttp.OkHttpClient: Authorization: Bearer
12-30 10:59:25.453  1614  6408 I okhttp.OkHttpClient: X-FTB3-VIN: LFVDEVCEI01000107
12-30 10:59:25.453  1614  6408 I okhttp.OkHttpClient: brandId: JETTA
12-30 10:59:25.455  1614  6408 I okhttp.OkHttpClient: {"compress":"GZIP","content":"H4sIAAAAAAAAAD1SW27bMBC8C78jY0nrmT87URAbTQzED6AIAoEiVy5bhTJkSohb5DuXCNCj9DZFj9GlpeRDj53ZnZ1d8vEXk4fDQrNL9sXY7mWmVNNZxy48vMP2aBpLHJ/ARKRiIiIuRDyJY5Q6Tn1Wi5J4+itbab3MMt9sZhQr404Do5q6RuU25hnZJU/iBOJpmMaQiAumpaN6MjH0PRsBqnHND7RrJ113JOTfn7e/7799uyHtoalJis3uV/df71bbdbFd5w/sleSwNwoXnz6K222xnOe7JfCi6P0UvOjBf9hH8uZ08Fq3W0Kwx9HD2Gh0QMyLux6t6tb0xu6vTqpGfU4WIVYlhlEQZopeskqDFGQYTCMpgJdKa4i8u1rafSf3vt3PbyT6fNyf68tUJjydQiABSxKpqiDjEQRQoZxmCrI0zCi98auYWd02Rp9DOh9C5hEICg9t8522PMwOfEDIqMLhFI5o9TArrd2hleOkd6v1gujOfKyeavxtuNld57urfAEcgJ6EvT79B+4QfCotAgAA","sendType":2,"vin":"LFVDEVCEI01000107"}
12-30 10:59:25.455  1614  6408 I okhttp.OkHttpClient: --> END POST (611-byte body)
12-30 10:59:25.460   360   458 D EvsDriver: doneWithFrame
12-30 10:59:25.466   594  7004 I resolv  : GetAddrInfoHandler::run: {102 102 102 983142 10052 0}
12-30 10:59:25.466   594  7004 D resolv  : resolv_getaddrinfo: explore_fqdn(): ai_family=0 ai_socktype=1 ai_protocol=6
12-30 10:59:25.467   594  7005 D resolv  : doQuery: (1, 1)
12-30 10:59:25.467   594  7005 I resolv  : res_nmkquery: (QUERY, IN, A)
12-30 10:59:25.467   594  7005 D resolv  : res_nsend
12-30 10:59:25.467   594  7005 D resolv  : resolv_cache_lookup: lookup
12-30 10:59:25.467   594  7005 D resolv  : resolv_cache_lookup: NOT IN CACHE
12-30 10:59:25.467   594  7005 D resolv  : resolv_populate_res_for_net: netid=102
12-30 10:59:25.467   594  7005 D resolv  : res_stats_usable_server: NS stats: S 0 + E 0 + T 64 + I 0 = 64, rtt = -1, min_samples = 8
12-30 10:59:25.467   594  7005 D resolv  : res_stats_usable_server: success rate 0
12-30 10:59:25.467   594  7005 I resolv  : res_stats_usable_server: too many resolution errors, ignoring server
12-30 10:59:25.468   594  7005 D resolv  : res_stats_usable_server: NS stats: S 0 + E 0 + T 64 + I 0 = 64, rtt = -1, min_samples = 8
12-30 10:59:25.468   594  7005 D resolv  : res_stats_usable_server: success rate 0
12-30 10:59:25.468   594  7005 I resolv  : res_stats_usable_server: too many resolution errors, ignoring server
12-30 10:59:25.468   594  7005 D resolv  : res_nsend: Querying server (# 1) address = 114.114.114.114:53
12-30 10:59:25.468   594  7005 D resolv  : send_dg: new DG socket
12-30 10:59:25.468   594  7005 D resolv  : get_timeout: using timeout of 5000 msec
12-30 10:59:25.468   594  7005 D resolv  : retrying_poll: 71 retrying_poll
12-30 10:59:25.483   360   931 D EvsDriver: forwardFrame
12-30 10:59:25.483   360   931 D EvsDriver: forwardFrameDirect
12-30 10:59:25.483   360   931 D EvsDriver: Delivered 0xb400e2ca9e40d090 as id 1
12-30 10:59:25.483   359  2784 D evsmanagerd: /dev/video-evs0 forwarded the buffer #1 to 0xb400f125d2b26dd0 from 0xb400f125e2b20710
12-30 10:59:25.484  2358  2623 D RcfController: Rcf proxy is not connected!
12-30 10:59:25.490   360   458 D EvsDriver: doneWithFrame
12-30 10:59:25.502   596  3076 E WifiHAL : Invalid data received from driver
12-30 10:59:25.516   360   931 D EvsDriver: forwardFrame
12-30 10:59:25.516   360   931 D EvsDriver: forwardFrameDirect
12-30 10:59:25.517   360   931 D EvsDriver: Delivered 0xb400e2ca9e40e110 as id 0
12-30 10:59:25.517   359  2784 D evsmanagerd: /dev/video-evs0 forwarded the buffer #0 to 0xb400f125d2b26dd0 from 0xb400f125e2b20710
12-30 10:59:25.520   360   458 D EvsDriver: doneWithFrame
12-30 10:59:25.522  1611  1611 I ADAYO_LOG_: handleMessage(UsbFunc.java:3)copyQnx = 0
12-30 10:59:25.522  1611  1611 I ADAYO_LOG_: handleMessage(UsbFunc.java:12)copyState = 2
12-30 10:59:25.534  2358  2623 D RcfController: Rcf proxy is not connected!
12-30 10:59:25.548   596  3076 E WifiHAL : Invalid data received from driver
12-30 10:59:25.550   360   931 D EvsDriver: forwardFrame
12-30 10:59:25.550   360   931 D EvsDriver: forwardFrameDirect
12-30 10:59:25.550   360   931 D EvsDriver: Delivered 0xb400e2ca9e40c7a0 as id 1
12-30 10:59:25.550   359  2784 D evsmanagerd: /dev/video-evs0 forwarded the buffer #1 to 0xb400f125d2b26dd0 from 0xb400f125e2b20710
12-30 10:59:25.561   360   458 D EvsDriver: doneWithFrame
12-30 10:59:25.583   360   931 D EvsDriver: forwardFrame
12-30 10:59:25.583   360   931 D EvsDriver: forwardFrameDirect
12-30 10:59:25.583   360   931 D EvsDriver: Delivered 0xb400e2ca9e40e270 as id 0
12-30 10:59:25.583   359  2784 D evsmanagerd: /dev/video-evs0 forwarded the buffer #0 to 0xb400f125d2b26dd0 from 0xb400f125e2b20710
12-30 10:59:25.584  2358  2623 D RcfController: Rcf proxy is not connected!
12-30 10:59:25.591   360   458 D EvsDriver: doneWithFrame
12-30 10:59:25.611   650   729 D fgemcucomm: sd Uart data : 6AA602094D0002920212
12-30 10:59:25.611   650   729 D fgemcucomm: rev uart=70240,len=48, data : 6AA681094D00289202001B4A503130333531353242204A503130333531353242204130310000000000000000000000F6
12-30 10:59:25.611   398  2883 D adayocomadapter-ParseProtocolFunc: printRaWMsg Name[MCUToUPstream recv] len[40] data[9202001B4A503130333531353242204A503130333531353242204130310000000000000000000000]
12-30 10:59:25.611   398  2883 D adayocomadapter-CommunicationManager: onUpstreamback   member[0] dataLength[37] timePoint[8501433]
12-30 10:59:25.611   398  2883 D adayocomadapter-ParseProtocolFunc: printRaWMsg Name[onUpstreamback] len[37] data[1B4A503130333531353242204A503130333531353242204130310000000000000000000000]
12-30 10:59:25.612   398   464 D adayocomadapter-UpstreamHandler: processBeforePacket upSreamtProcessTimePoint[8501433] 
12-30 10:59:25.612   398   464 D adayocomadapter-UpstreamHandler: processPacket UPSTREAM_QUEUE_DATA_TIMEOUT
12-30 10:59:25.612   398   464 D adayocomadapter-ParseProtocolFunc: parseCommonIPCLBytes Processing tableNumber[27]
12-30 10:59:25.612   398   464 D adayocomadapter-ParseProtocolFunc: parseCommonIPCLBytes Processing tablename[Table-27] tableSize[37]
12-30 10:59:25.612   398   464 D adayocomadapter-ParseProtocolFunc: printRaWMsg Name[byteStream recv] len[37] data[1B4A503130333531353242204A503130333531353242204130310000000000000000000000]
12-30 10:59:25.612   398   464 D adayocomadapter-ParseProtocolFunc: printRaWMsg Name[IPCLtoVHAL] len[16] data[21414157014A50313033353135324220]
12-30 10:59:25.612   398   464 D adayocomadapter-ParseProtocolFunc: printRaWMsg Name[IPCLtoVHAL] len[16] data[21414158014A50313033353135324220]
12-30 10:59:25.612   398   464 D adayocomadapter-ParseProtocolFunc: printRaWMsg Name[IPCLtoVHAL] len[8] data[2141415901413031]
12-30 10:59:25.612   398   464 D adayocomadapter-ParseProtocolFunc: printRaWMsg Name[IPCLtoVHAL] len[16] data[2141415A010000000000000000000000]
12-30 10:59:25.612   398   464 D adayocomadapter-CommunicationManager: onUpstreamReceive mPropertyId 0x21414157
12-30 10:59:25.612   398   464 D adayocomadapter-CommunicationManager: writeValue id=[557924695]
12-30 10:59:25.612   398   464 D adayocomadapter-VehiclePropertyStore: writeValue id=[557924695]
12-30 10:59:25.612   398   464 I vw-vhal : notifyVehicleProperty, propId = 0x21414157, data = {status: 2, int32Values: [74, 80, 49, 48, 51, 53, 49, 53, 50, 66, 32]}
12-30 10:59:25.613   398   464 I vw-vhal : CanSignalsAdapter::notifyDiagProperty: propId = 0x21414157, data = {status: 2, int32Values: [74, 80, 49, 48, 51, 53, 49, 53, 50, 66, 32]}
12-30 10:59:25.613   398   464 I vw-vhal : CanSignalsAdapter::notifyVehicleProperty: solvedValue = {.timestamp = 8501434931678, .areaId = 0, .prop = 557924695, .status = AVAILABLE, .value = {.int32Values = [11]{74, 80, 49, 48, 51, 53, 49, 53, 50, 66, 32}, .floatValues = [0]{}, .int64Values = [0]{}, .bytes = [0]{}, .stringValue = ""}}
12-30 10:59:25.613   398   464 I VehiclePropertyStore: begin to write value to Store: {.timestamp = 8501434931678, .areaId = 0, .prop = 557924695, .status = AVAILABLE, .value = {.int32Values = [11]{74, 80, 49, 48, 51, 53, 49, 53, 50, 66, 32}, .floatValues = [0]{}, .int64Values = [0]{}, .bytes = [0]{}, .stringValue = ""}}
12-30 10:59:25.613   398   464 I DefaultVehicleHal_v2_0: DefaultVehicleHal::onPropertyValue, value:{.timestamp = 8501434931678, .areaId = 0, .prop = 557924695, .status = AVAILABLE, .value = {.int32Values = [11]{74, 80, 49, 48, 51, 53, 49, 53, 50, 66, 32}, .floatValues = [0]{}, .int64Values = [0]{}, .bytes = [0]{}, .stringValue = ""}}
12-30 10:59:25.613   398   464 D DiagPropHandler: isDiagnosticConfig: 0x21414157
12-30 10:59:25.613   398   464 D DefaultVehicleHal_v2_0: onPropertyValue: Diagnostic config property: 0x21414157
12-30 10:59:25.613   398   464 D DiagPropHandler: Processing request for prop: 0x21414157
12-30 10:59:25.613   398   464 D DiagPropHandler: String length: 11, size = 11
12-30 10:59:25.614   682   682 I vendor.fawvw.hardware.persistenceservice: [193][persistence_client_library_prct_access::get_db_context] key VW_Spare_Part_Number is not in RCT,will be stored in cached
12-30 10:59:25.615   682   682 I vendor.fawvw.hardware.persistenceservice: [39][PersistenceService::setValue]Receive aidl setValue:key is VW_Spare_Part_Number,value is JP1035152B ,serviceid is 2
12-30 10:59:25.615   398   464 D DiagPropHandler: Successfully set property [VW_Spare_Part_Number] = JP1035152B 
12-30 10:59:25.615   398   464 I VehiclePropertyStore: begin to write value to Store: {.timestamp = 8501434931678, .areaId = 0, .prop = 557924695, .status = AVAILABLE, .value = {.int32Values = [11]{74, 80, 49, 48, 51, 53, 49, 53, 50, 66, 32}, .floatValues = [0]{}, .int64Values = [0]{}, .bytes = [0]{}, .stringValue = ""}}
12-30 10:59:25.615   398   464 D adayocomadapter-CommunicationManager: onUpstreamReceive mPropertyId 0x21414157
12-30 10:59:25.615   398   464 D adayocomadapter-CommunicationManager: onUpstreamReceive mPropertyId 0x21414158
12-30 10:59:25.616   398   464 D adayocomadapter-CommunicationManager: writeValue id=[557924696]
12-30 10:59:25.616   398   464 D adayocomadapter-VehiclePropertyStore: writeValue id=[557924696]
12-30 10:59:25.616   398   464 I vw-vhal : notifyVehicleProperty, propId = 0x21414158, data = {status: 2, int32Values: [74, 80, 49, 48, 51, 53, 49, 53, 50, 66, 32]}
12-30 10:59:25.616   398   464 I vw-vhal : CanSignalsAdapter::notifyDiagProperty: propId = 0x21414158, data = {status: 2, int32Values: [74, 80, 49, 48, 51, 53, 49, 53, 50, 66, 32]}
12-30 10:59:25.616   398   464 I vw-vhal : CanSignalsAdapter::notifyVehicleProperty: solvedValue = {.timestamp = 8501438203678, .areaId = 0, .prop = 557924696, .status = AVAILABLE, .value = {.int32Values = [11]{74, 80, 49, 48, 51, 53, 49, 53, 50, 66, 32}, .floatValues = [0]{}, .int64Values = [0]{}, .bytes = [0]{}, .stringValue = ""}}
12-30 10:59:25.616   398   464 I VehiclePropertyStore: begin to write value to Store: {.timestamp = 8501438203678, .areaId = 0, .prop = 557924696, .status = AVAILABLE, .value = {.int32Values = [11]{74, 80, 49, 48, 51, 53, 49, 53, 50, 66, 32}, .floatValues = [0]{}, .int64Values = [0]{}, .bytes = [0]{}, .stringValue = ""}}
12-30 10:59:25.616   398   464 I DefaultVehicleHal_v2_0: DefaultVehicleHal::onPropertyValue, value:{.timestamp = 8501438203678, .areaId = 0, .prop = 557924696, .status = AVAILABLE, .value = {.int32Values = [11]{74, 80, 49, 48, 51, 53, 49, 53, 50, 66, 32}, .floatValues = [0]{}, .int64Values = [0]{}, .bytes = [0]{}, .stringValue = ""}}
12-30 10:59:25.616   398   464 D DiagPropHandler: is not DiagnosticConfig: 0x21414158
12-30 10:59:25.616   398   464 I VehiclePropertyStore: begin to write value to Store: {.timestamp = 8501438203678, .areaId = 0, .prop = 557924696, .status = AVAILABLE, .value = {.int32Values = [11]{74, 80, 49, 48, 51, 53, 49, 53, 50, 66, 32}, .floatValues = [0]{}, .int64Values = [0]{}, .bytes = [0]{}, .stringValue = ""}}
12-30 10:59:25.616   360   931 D EvsDriver: forwardFrame
12-30 10:59:25.616   398   464 D adayocomadapter-CommunicationManager: onUpstreamReceive mPropertyId 0x21414158
12-30 10:59:25.616   360   931 D EvsDriver: forwardFrameDirect
12-30 10:59:25.616   398   464 D adayocomadapter-CommunicationManager: onUpstreamReceive mPropertyId 0x21414159
12-30 10:59:25.616   398   464 D adayocomadapter-CommunicationManager: writeValue id=[557924697]
12-30 10:59:25.617   398   464 D adayocomadapter-VehiclePropertyStore: writeValue id=[557924697]
12-30 10:59:25.617   398   464 I vw-vhal : notifyVehicleProperty, propId = 0x21414159, data = {status: 2, int32Values: [65, 48, 49]}
12-30 10:59:25.617   398   464 I vw-vhal : CanSignalsAdapter::notifyDiagProperty: propId = 0x21414159, data = {status: 2, int32Values: [65, 48, 49]}
12-30 10:59:25.617   360   931 D EvsDriver: Delivered 0xb400e2ca9e40d4b0 as id 1
12-30 10:59:25.617   398   464 I vw-vhal : CanSignalsAdapter::notifyVehicleProperty: solvedValue = {.timestamp = 8501439121678, .areaId = 0, .prop = 557924697, .status = AVAILABLE, .value = {.int32Values = [3]{65, 48, 49}, .floatValues = [0]{}, .int64Values = [0]{}, .bytes = [0]{}, .stringValue = ""}}
12-30 10:59:25.617   359  2784 D evsmanagerd: /dev/video-evs0 forwarded the buffer #1 to 0xb400f125d2b26dd0 from 0xb400f125e2b20710
12-30 10:59:25.617   398   464 I VehiclePropertyStore: begin to write value to Store: {.timestamp = 8501439121678, .areaId = 0, .prop = 557924697, .status = AVAILABLE, .value = {.int32Values = [3]{65, 48, 49}, .floatValues = [0]{}, .int64Values = [0]{}, .bytes = [0]{}, .stringValue = ""}}
12-30 10:59:25.617   398   464 I DefaultVehicleHal_v2_0: DefaultVehicleHal::onPropertyValue, value:{.timestamp = 8501439121678, .areaId = 0, .prop = 557924697, .status = AVAILABLE, .value = {.int32Values = [3]{65, 48, 49}, .floatValues = [0]{}, .int64Values = [0]{}, .bytes = [0]{}, .stringValue = ""}}
12-30 10:59:25.617   398   464 D DiagPropHandler: is not DiagnosticConfig: 0x21414159
12-30 10:59:25.617   398   464 I VehiclePropertyStore: begin to write value to Store: {.timestamp = 8501439121678, .areaId = 0, .prop = 557924697, .status = AVAILABLE, .value = {.int32Values = [3]{65, 48, 49}, .floatValues = [0]{}, .int64Values = [0]{}, .bytes = [0]{}, .stringValue = ""}}
12-30 10:59:25.617   398   464 D adayocomadapter-CommunicationManager: onUpstreamReceive mPropertyId 0x21414159
