12-30 10:59:24.791   398   464 D DiagPropHandler: is not DiagnosticConfig: 0x21402190
12-30 10:59:24.791   398   464 I VehiclePropertyStore: begin to write value to Store: {.timestamp = 8500612864344, .areaId = 0, .prop = 557851024, .status = AVAILABLE, .value = {.int32Values = [1]{0}, .floatValues = [0]{}, .int64Values = [0]{}, .bytes = [0]{}, .stringValue = ""}}
12-30 10:59:24.791   398   464 D adayocomadapter-CommunicationManager: onUpstreamReceive mPropertyId 0x21402190
12-30 10:59:24.791   398   464 D adayocomadapter-CommunicationManager: onUpstreamReceive mPropertyId 0x21402021
12-30 10:59:24.791   398   464 D adayocomadapter-CommunicationManager: convertBytesToInt32Memcpy  0
12-30 10:59:24.791   398   464 I vw-vhal : notifyVehicleProperty, propId = 0x21402021, data = {status: 2, int32Values: [0]}
12-30 10:59:24.791   398   464 I vw-vhal : CanSignalsAdapter::notifyVehicleProperty: solvedValue = {.timestamp = 8500613555011, .areaId = 0, .prop = 557850657, .status = AVAILABLE, .value = {.int32Values = [1]{0}, .floatValues = [0]{}, .int64Values = [0]{}, .bytes = [0]{}, .stringValue = ""}}
12-30 10:59:24.791   398   464 I VehiclePropertyStore: begin to write value to Store: {.timestamp = 8500613555011, .areaId = 0, .prop = 557850657, .status = AVAILABLE, .value = {.int32Values = [1]{0}, .floatValues = [0]{}, .int64Values = [0]{}, .bytes = [0]{}, .stringValue = ""}}
12-30 10:59:24.791   398   464 I DefaultVehicleHal_v2_0: DefaultVehicleHal::onPropertyValue, value:{.timestamp = 8500613555011, .areaId = 0, .prop = 557850657, .status = AVAILABLE, .value = {.int32Values = [1]{0}, .floatValues = [0]{}, .int64Values = [0]{}, .bytes = [0]{}, .stringValue = ""}}
12-30 10:59:24.792   398   464 D DiagPropHandler: is not DiagnosticConfig: 0x21402021
12-30 10:59:24.792   398   464 I VehiclePropertyStore: begin to write value to Store: {.timestamp = 8500613555011, .areaId = 0, .prop = 557850657, .status = AVAILABLE, .value = {.int32Values = [1]{0}, .floatValues = [0]{}, .int64Values = [0]{}, .bytes = [0]{}, .stringValue = ""}}
12-30 10:59:24.792   360   458 D EvsDriver: doneWithFrame
12-30 10:59:24.792   398   464 D adayocomadapter-CommunicationManager: onUpstreamReceive mPropertyId 0x21402021
12-30 10:59:24.792   398   464 D adayocomadapter-CommunicationManager: onUpstreamReceive mPropertyId 0x214021c8
12-30 10:59:24.792   398   464 D adayocomadapter-CommunicationManager: convertBytesToInt32Memcpy  0
12-30 10:59:24.792   398   464 I vw-vhal : notifyVehicleProperty, propId = 0x214021c8, data = {status: 2, int32Values: [0]}
12-30 10:59:24.793   398   464 I vw-vhal : CanSignalsAdapter::notifyVehicleProperty: solvedValue = {.timestamp = 8500614828678, .areaId = 0, .prop = 557851080, .status = AVAILABLE, .value = {.int32Values = [1]{0}, .floatValues = [0]{}, .int64Values = [0]{}, .bytes = [0]{}, .stringValue = ""}}
12-30 10:59:24.793   398   464 I VehiclePropertyStore: begin to write value to Store: {.timestamp = 8500614828678, .areaId = 0, .prop = 557851080, .status = AVAILABLE, .value = {.int32Values = [1]{0}, .floatValues = [0]{}, .int64Values = [0]{}, .bytes = [0]{}, .stringValue = ""}}
12-30 10:59:24.793   398   464 I DefaultVehicleHal_v2_0: DefaultVehicleHal::onPropertyValue, value:{.timestamp = 8500614828678, .areaId = 0, .prop = 557851080, .status = AVAILABLE, .value = {.int32Values = [1]{0}, .floatValues = [0]{}, .int64Values = [0]{}, .bytes = [0]{}, .stringValue = ""}}
12-30 10:59:24.793   398   464 D DiagPropHandler: is not DiagnosticConfig: 0x214021c8
12-30 10:59:24.793   398   464 I VehiclePropertyStore: begin to write value to Store: {.timestamp = 8500614828678, .areaId = 0, .prop = 557851080, .status = AVAILABLE, .value = {.int32Values = [1]{0}, .floatValues = [0]{}, .int64Values = [0]{}, .bytes = [0]{}, .stringValue = ""}}
12-30 10:59:24.793   398   464 D adayocomadapter-CommunicationManager: onUpstreamReceive mPropertyId 0x214021c8
12-30 10:59:24.793   398   464 D adayocomadapter-CommunicationManager: onUpstreamReceive mPropertyId 0x2140200a
12-30 10:59:24.793   398   464 D adayocomadapter-CommunicationManager: convertBytesToInt32Memcpy  0
12-30 10:59:24.793   398   464 I vw-vhal : notifyVehicleProperty, propId = 0x2140200a, data = {status: 2, int32Values: [0]}
12-30 10:59:24.793   398   464 I vw-vhal : CanSignalsAdapter::notifyVehicleProperty: solvedValue = {.timestamp = 8500615554678, .areaId = 0, .prop = 557850634, .status = AVAILABLE, .value = {.int32Values = [1]{0}, .floatValues = [0]{}, .int64Values = [0]{}, .bytes = [0]{}, .stringValue = ""}}
12-30 10:59:24.793   398   464 I VehiclePropertyStore: begin to write value to Store: {.timestamp = 8500615554678, .areaId = 0, .prop = 557850634, .status = AVAILABLE, .value = {.int32Values = [1]{0}, .floatValues = [0]{}, .int64Values = [0]{}, .bytes = [0]{}, .stringValue = ""}}
12-30 10:59:24.793   398   464 I DefaultVehicleHal_v2_0: DefaultVehicleHal::onPropertyValue, value:{.timestamp = 8500615554678, .areaId = 0, .prop = 557850634, .status = AVAILABLE, .value = {.int32Values = [1]{0}, .floatValues = [0]{}, .int64Values = [0]{}, .bytes = [0]{}, .stringValue = ""}}
12-30 10:59:24.794   398   464 D DiagPropHandler: is not DiagnosticConfig: 0x2140200a
12-30 10:59:24.794   398   464 I VehiclePropertyStore: begin to write value to Store: {.timestamp = 8500615554678, .areaId = 0, .prop = 557850634, .status = AVAILABLE, .value = {.int32Values = [1]{0}, .floatValues = [0]{}, .int64Values = [0]{}, .bytes = [0]{}, .stringValue = ""}}
12-30 10:59:24.794   398   464 D adayocomadapter-CommunicationManager: onUpstreamReceive mPropertyId 0x2140200a
12-30 10:59:24.794   398   464 D adayocomadapter-CommunicationManager: onUpstreamReceive mPropertyId 0x2140223e
12-30 10:59:24.794   398   464 D adayocomadapter-CommunicationManager: convertBytesToInt32Memcpy  0
12-30 10:59:24.794   398   464 I vw-vhal : notifyVehicleProperty, propId = 0x2140223e, data = {status: 2, int32Values: [0]}
12-30 10:59:24.794   398   464 I vw-vhal : CanSignalsAdapter::notifyVehicleProperty: solvedValue = {.timestamp = 8500616355011, .areaId = 0, .prop = 557851198, .status = AVAILABLE, .value = {.int32Values = [1]{0}, .floatValues = [0]{}, .int64Values = [0]{}, .bytes = [0]{}, .stringValue = ""}}
12-30 10:59:24.794   398   464 I VehiclePropertyStore: begin to write value to Store: {.timestamp = 8500616355011, .areaId = 0, .prop = 557851198, .status = AVAILABLE, .value = {.int32Values = [1]{0}, .floatValues = [0]{}, .int64Values = [0]{}, .bytes = [0]{}, .stringValue = ""}}
12-30 10:59:24.794   398   464 I DefaultVehicleHal_v2_0: DefaultVehicleHal::onPropertyValue, value:{.timestamp = 8500616355011, .areaId = 0, .prop = 557851198, .status = AVAILABLE, .value = {.int32Values = [1]{0}, .floatValues = [0]{}, .int64Values = [0]{}, .bytes = [0]{}, .stringValue = ""}}
12-30 10:59:24.794   398   464 D DiagPropHandler: is not DiagnosticConfig: 0x2140223e
12-30 10:59:24.794   398   464 I VehiclePropertyStore: begin to write value to Store: {.timestamp = 8500616355011, .areaId = 0, .prop = 557851198, .status = AVAILABLE, .value = {.int32Values = [1]{0}, .floatValues = [0]{}, .int64Values = [0]{}, .bytes = [0]{}, .stringValue = ""}}
12-30 10:59:24.794   398   464 D adayocomadapter-CommunicationManager: onUpstreamReceive mPropertyId 0x2140223e
12-30 10:59:24.795   398   464 D adayocomadapter-CommunicationManager: onUpstreamReceive mPropertyId 0x21402119
12-30 10:59:24.795   398   464 D adayocomadapter-CommunicationManager: convertBytesToInt32Memcpy  0
12-30 10:59:24.795   398   464 I vw-vhal : notifyVehicleProperty, propId = 0x21402119, data = {status: 2, int32Values: [0]}
12-30 10:59:24.795   398   464 I vw-vhal : CanSignalsAdapter::notifyVehicleProperty: solvedValue = {.timestamp = 8500617029678, .areaId = 0, .prop = 557850905, .status = AVAILABLE, .value = {.int32Values = [1]{0}, .floatValues = [0]{}, .int64Values = [0]{}, .bytes = [0]{}, .stringValue = ""}}
12-30 10:59:24.795   398   464 I VehiclePropertyStore: begin to write value to Store: {.timestamp = 8500617029678, .areaId = 0, .prop = 557850905, .status = AVAILABLE, .value = {.int32Values = [1]{0}, .floatValues = [0]{}, .int64Values = [0]{}, .bytes = [0]{}, .stringValue = ""}}
12-30 10:59:24.795   398   464 I DefaultVehicleHal_v2_0: DefaultVehicleHal::onPropertyValue, value:{.timestamp = 8500617029678, .areaId = 0, .prop = 557850905, .status = AVAILABLE, .value = {.int32Values = [1]{0}, .floatValues = [0]{}, .int64Values = [0]{}, .bytes = [0]{}, .stringValue = ""}}
12-30 10:59:24.795   398   464 D DiagPropHandler: is not DiagnosticConfig: 0x21402119
12-30 10:59:24.795   398   464 I VehiclePropertyStore: begin to write value to Store: {.timestamp = 8500617029678, .areaId = 0, .prop = 557850905, .status = AVAILABLE, .value = {.int32Values = [1]{0}, .floatValues = [0]{}, .int64Values = [0]{}, .bytes = [0]{}, .stringValue = ""}}
12-30 10:59:24.795   398   464 D adayocomadapter-CommunicationManager: onUpstreamReceive mPropertyId 0x21402119
12-30 10:59:24.795   398   464 D adayocomadapter-CommunicationManager: onUpstreamReceive mPropertyId 0x21402005
12-30 10:59:24.795   398   464 D adayocomadapter-CommunicationManager: convertBytesToInt32Memcpy  0
12-30 10:59:24.795   398   464 I vw-vhal : notifyVehicleProperty, propId = 0x21402005, data = {status: 2, int32Values: [0]}
12-30 10:59:24.795  1667  2407 I media_message_log->MediaMessageProxy: (SourceFile:1)b connectToService action bind
12-30 10:59:24.795   398   464 I vw-vhal : CanSignalsAdapter::notifyVehicleProperty: solvedValue = {.timestamp = 8500617716678, .areaId = 0, .prop = 557850629, .status = AVAILABLE, .value = {.int32Values = [1]{0}, .floatValues = [0]{}, .int64Values = [0]{}, .bytes = [0]{}, .stringValue = ""}}
12-30 10:59:24.795   398   464 I VehiclePropertyStore: begin to write value to Store: {.timestamp = 8500617716678, .areaId = 0, .prop = 557850629, .status = AVAILABLE, .value = {.int32Values = [1]{0}, .floatValues = [0]{}, .int64Values = [0]{}, .bytes = [0]{}, .stringValue = ""}}
12-30 10:59:24.796   398   464 I DefaultVehicleHal_v2_0: DefaultVehicleHal::onPropertyValue, value:{.timestamp = 8500617716678, .areaId = 0, .prop = 557850629, .status = AVAILABLE, .value = {.int32Values = [1]{0}, .floatValues = [0]{}, .int64Values = [0]{}, .bytes = [0]{}, .stringValue = ""}}
12-30 10:59:24.796   398   464 D DiagPropHandler: is not DiagnosticConfig: 0x21402005
12-30 10:59:24.796   398   464 I VehiclePropertyStore: begin to write value to Store: {.timestamp = 8500617716678, .areaId = 0, .prop = 557850629, .status = AVAILABLE, .value = {.int32Values = [1]{0}, .floatValues = [0]{}, .int64Values = [0]{}, .bytes = [0]{}, .stringValue = ""}}
12-30 10:59:24.796   398   464 D adayocomadapter-CommunicationManager: onUpstreamReceive mPropertyId 0x21402005
12-30 10:59:24.796   398   464 D adayocomadapter-CommunicationManager: onUpstreamReceive mPropertyId 0x2140214e
12-30 10:59:24.796   398   464 D adayocomadapter-CommunicationManager: convertBytesToInt32Memcpy  0
12-30 10:59:24.796   398   464 I vw-vhal : notifyVehicleProperty, propId = 0x2140214e, data = {status: 2, int32Values: [0]}
12-30 10:59:24.796   398   464 I vw-vhal : CanSignalsAdapter::notifyVehicleProperty: solvedValue = {.timestamp = 8500618399678, .areaId = 0, .prop = 557850958, .status = AVAILABLE, .value = {.int32Values = [1]{0}, .floatValues = [0]{}, .int64Values = [0]{}, .bytes = [0]{}, .stringValue = ""}}
12-30 10:59:24.796   398   464 I VehiclePropertyStore: begin to write value to Store: {.timestamp = 8500618399678, .areaId = 0, .prop = 557850958, .status = AVAILABLE, .value = {.int32Values = [1]{0}, .floatValues = [0]{}, .int64Values = [0]{}, .bytes = [0]{}, .stringValue = ""}}
12-30 10:59:24.796   398   464 I DefaultVehicleHal_v2_0: DefaultVehicleHal::onPropertyValue, value:{.timestamp = 8500618399678, .areaId = 0, .prop = 557850958, .status = AVAILABLE, .value = {.int32Values = [1]{0}, .floatValues = [0]{}, .int64Values = [0]{}, .bytes = [0]{}, .stringValue = ""}}
12-30 10:59:24.796   916  3726 W ActivityManager: Unable to start service Intent { cmp=com.adayo.server.mediamessagetransfer/.MediaMessTransferService (has extras) } U=0: not found
12-30 10:59:24.796   398   464 D DiagPropHandler: is not DiagnosticConfig: 0x2140214e
12-30 10:59:24.796   398   464 I VehiclePropertyStore: begin to write value to Store: {.timestamp = 8500618399678, .areaId = 0, .prop = 557850958, .status = AVAILABLE, .value = {.int32Values = [1]{0}, .floatValues = [0]{}, .int64Values = [0]{}, .bytes = [0]{}, .stringValue = ""}}
12-30 10:59:24.796   398   464 D adayocomadapter-CommunicationManager: onUpstreamReceive mPropertyId 0x2140214e
12-30 10:59:24.797   398   464 D adayocomadapter-CommunicationManager: onUpstreamReceive mPropertyId 0x21402056
12-30 10:59:24.797   398   464 D adayocomadapter-CommunicationManager: convertBytesToInt32Memcpy  0
12-30 10:59:24.797   398   464 I vw-vhal : notifyVehicleProperty, propId = 0x21402056, data = {status: 2, int32Values: [0]}
12-30 10:59:24.797   398   464 I vw-vhal : CanSignalsAdapter::notifyVehicleProperty: solvedValue = {.timestamp = 8500619065011, .areaId = 0, .prop = 557850710, .status = AVAILABLE, .value = {.int32Values = [1]{0}, .floatValues = [0]{}, .int64Values = [0]{}, .bytes = [0]{}, .stringValue = ""}}
12-30 10:59:24.797   398   464 I VehiclePropertyStore: begin to write value to Store: {.timestamp = 8500619065011, .areaId = 0, .prop = 557850710, .status = AVAILABLE, .value = {.int32Values = [1]{0}, .floatValues = [0]{}, .int64Values = [0]{}, .bytes = [0]{}, .stringValue = ""}}
12-30 10:59:24.797   398   464 I DefaultVehicleHal_v2_0: DefaultVehicleHal::onPropertyValue, value:{.timestamp = 8500619065011, .areaId = 0, .prop = 557850710, .status = AVAILABLE, .value = {.int32Values = [1]{0}, .floatValues = [0]{}, .int64Values = [0]{}, .bytes = [0]{}, .stringValue = ""}}
12-30 10:59:24.797  1667  2407 E media_message_log->MediaMessageProxy: (SourceFile:7)a bindServiceAsUser isBound = false
12-30 10:59:24.797   398   464 D DiagPropHandler: is not DiagnosticConfig: 0x21402056
12-30 10:59:24.797   398   464 I VehiclePropertyStore: begin to write value to Store: {.timestamp = 8500619065011, .areaId = 0, .prop = 557850710, .status = AVAILABLE, .value = {.int32Values = [1]{0}, .floatValues = [0]{}, .int64Values = [0]{}, .bytes = [0]{}, .stringValue = ""}}
12-30 10:59:24.797   398   464 D adayocomadapter-CommunicationManager: onUpstreamReceive mPropertyId 0x21402056
12-30 10:59:24.797   398   464 D adayocomadapter-CommunicationManager: onUpstreamReceive mPropertyId 0x21402057
12-30 10:59:24.797   398   464 D adayocomadapter-CommunicationManager: convertBytesToInt32Memcpy  0
12-30 10:59:24.797   398   464 I vw-vhal : notifyVehicleProperty, propId = 0x21402057, data = {status: 2, int32Values: [0]}
12-30 10:59:24.797   398   464 I vw-vhal : CanSignalsAdapter::notifyVehicleProperty: solvedValue = {.timestamp = 8500619746344, .areaId = 0, .prop = 557850711, .status = AVAILABLE, .value = {.int32Values = [1]{0}, .floatValues = [0]{}, .int64Values = [0]{}, .bytes = [0]{}, .stringValue = ""}}
12-30 10:59:24.798   398   464 I VehiclePropertyStore: begin to write value to Store: {.timestamp = 8500619746344, .areaId = 0, .prop = 557850711, .status = AVAILABLE, .value = {.int32Values = [1]{0}, .floatValues = [0]{}, .int64Values = [0]{}, .bytes = [0]{}, .stringValue = ""}}
12-30 10:59:24.798   398   464 I DefaultVehicleHal_v2_0: DefaultVehicleHal::onPropertyValue, value:{.timestamp = 8500619746344, .areaId = 0, .prop = 557850711, .status = AVAILABLE, .value = {.int32Values = [1]{0}, .floatValues = [0]{}, .int64Values = [0]{}, .bytes = [0]{}, .stringValue = ""}}
12-30 10:59:24.798   398   464 D DiagPropHandler: is not DiagnosticConfig: 0x21402057
12-30 10:59:24.798   398   464 I VehiclePropertyStore: begin to write value to Store: {.timestamp = 8500619746344, .areaId = 0, .prop = 557850711, .status = AVAILABLE, .value = {.int32Values = [1]{0}, .floatValues = [0]{}, .int64Values = [0]{}, .bytes = [0]{}, .stringValue = ""}}
12-30 10:59:24.798   398   464 D adayocomadapter-CommunicationManager: onUpstreamReceive mPropertyId 0x21402057
12-30 10:59:24.798   398   464 D adayocomadapter-CommunicationManager: onUpstreamReceive mPropertyId 0x21402058
12-30 10:59:24.798   398   464 D adayocomadapter-CommunicationManager: convertBytesToInt32Memcpy  0
12-30 10:59:24.798   398   464 I vw-vhal : notifyVehicleProperty, propId = 0x21402058, data = {status: 2, int32Values: [0]}
12-30 10:59:24.798   398   464 I vw-vhal : CanSignalsAdapter::notifyVehicleProperty: solvedValue = {.timestamp = 8500620452678, .areaId = 0, .prop = 557850712, .status = AVAILABLE, .value = {.int32Values = [1]{0}, .floatValues = [0]{}, .int64Values = [0]{}, .bytes = [0]{}, .stringValue = ""}}
12-30 10:59:24.798   398   464 I VehiclePropertyStore: begin to write value to Store: {.timestamp = 8500620452678, .areaId = 0, .prop = 557850712, .status = AVAILABLE, .value = {.int32Values = [1]{0}, .floatValues = [0]{}, .int64Values = [0]{}, .bytes = [0]{}, .stringValue = ""}}
12-30 10:59:24.798   398   464 I DefaultVehicleHal_v2_0: DefaultVehicleHal::onPropertyValue, value:{.timestamp = 8500620452678, .areaId = 0, .prop = 557850712, .status = AVAILABLE, .value = {.int32Values = [1]{0}, .floatValues = [0]{}, .int64Values = [0]{}, .bytes = [0]{}, .stringValue = ""}}
12-30 10:59:24.798   398   464 D DiagPropHandler: is not DiagnosticConfig: 0x21402058
12-30 10:59:24.798   398   464 I VehiclePropertyStore: begin to write value to Store: {.timestamp = 8500620452678, .areaId = 0, .prop = 557850712, .status = AVAILABLE, .value = {.int32Values = [1]{0}, .floatValues = [0]{}, .int64Values = [0]{}, .bytes = [0]{}, .stringValue = ""}}
12-30 10:59:24.799   398   464 D adayocomadapter-CommunicationManager: onUpstreamReceive mPropertyId 0x21402058
12-30 10:59:24.799   398   464 D adayocomadapter-CommunicationManager: onUpstreamReceive mPropertyId 0x2140205a
12-30 10:59:24.799   398   464 D adayocomadapter-CommunicationManager: convertBytesToInt32Memcpy  0
12-30 10:59:24.799   398   464 I vw-vhal : notifyVehicleProperty, propId = 0x2140205a, data = {status: 2, int32Values: [0]}
12-30 10:59:24.799   398   464 I vw-vhal : CanSignalsAdapter::notifyVehicleProperty: solvedValue = {.timestamp = 8500621108678, .areaId = 0, .prop = 557850714, .status = AVAILABLE, .value = {.int32Values = [1]{0}, .floatValues = [0]{}, .int64Values = [0]{}, .bytes = [0]{}, .stringValue = ""}}
12-30 10:59:24.799   398   464 I VehiclePropertyStore: begin to write value to Store: {.timestamp = 8500621108678, .areaId = 0, .prop = 557850714, .status = AVAILABLE, .value = {.int32Values = [1]{0}, .floatValues = [0]{}, .int64Values = [0]{}, .bytes = [0]{}, .stringValue = ""}}
12-30 10:59:24.799   398   464 I DefaultVehicleHal_v2_0: DefaultVehicleHal::onPropertyValue, value:{.timestamp = 8500621108678, .areaId = 0, .prop = 557850714, .status = AVAILABLE, .value = {.int32Values = [1]{0}, .floatValues = [0]{}, .int64Values = [0]{}, .bytes = [0]{}, .stringValue = ""}}
12-30 10:59:24.799   398   464 D DiagPropHandler: is not DiagnosticConfig: 0x2140205a
12-30 10:59:24.799   398   464 I VehiclePropertyStore: begin to write value to Store: {.timestamp = 8500621108678, .areaId = 0, .prop = 557850714, .status = AVAILABLE, .value = {.int32Values = [1]{0}, .floatValues = [0]{}, .int64Values = [0]{}, .bytes = [0]{}, .stringValue = ""}}
12-30 10:59:24.799   398   464 D adayocomadapter-CommunicationManager: onUpstreamReceive mPropertyId 0x2140205a
12-30 10:59:24.799   398   464 D adayocomadapter-CommunicationManager: onUpstreamReceive mPropertyId 0x2140205b
12-30 10:59:24.799   398   464 D adayocomadapter-CommunicationManager: convertBytesToInt32Memcpy  0
12-30 10:59:24.799   398   464 I vw-vhal : notifyVehicleProperty, propId = 0x2140205b, data = {status: 2, int32Values: [0]}
12-30 10:59:24.799   398   464 I vw-vhal : CanSignalsAdapter::notifyVehicleProperty: solvedValue = {.timestamp = 8500621767344, .areaId = 0, .prop = 557850715, .status = AVAILABLE, .value = {.int32Values = [1]{0}, .floatValues = [0]{}, .int64Values = [0]{}, .bytes = [0]{}, .stringValue = ""}}
12-30 10:59:24.800   398   464 I VehiclePropertyStore: begin to write value to Store: {.timestamp = 8500621767344, .areaId = 0, .prop = 557850715, .status = AVAILABLE, .value = {.int32Values = [1]{0}, .floatValues = [0]{}, .int64Values = [0]{}, .bytes = [0]{}, .stringValue = ""}}
12-30 10:59:24.800   398   464 I DefaultVehicleHal_v2_0: DefaultVehicleHal::onPropertyValue, value:{.timestamp = 8500621767344, .areaId = 0, .prop = 557850715, .status = AVAILABLE, .value = {.int32Values = [1]{0}, .floatValues = [0]{}, .int64Values = [0]{}, .bytes = [0]{}, .stringValue = ""}}
12-30 10:59:24.800   398   464 D DiagPropHandler: is not DiagnosticConfig: 0x2140205b
12-30 10:59:24.800   398   464 I VehiclePropertyStore: begin to write value to Store: {.timestamp = 8500621767344, .areaId = 0, .prop = 557850715, .status = AVAILABLE, .value = {.int32Values = [1]{0}, .floatValues = [0]{}, .int64Values = [0]{}, .bytes = [0]{}, .stringValue = ""}}
12-30 10:59:24.800   398   464 D adayocomadapter-CommunicationManager: onUpstreamReceive mPropertyId 0x2140205b
12-30 10:59:24.800   398   464 D adayocomadapter-CommunicationManager: onUpstreamReceive mPropertyId 0x2140205c
12-30 10:59:24.800   398   464 D adayocomadapter-CommunicationManager: convertBytesToInt32Memcpy  0
12-30 10:59:24.800   398   464 I vw-vhal : notifyVehicleProperty, propId = 0x2140205c, data = {status: 2, int32Values: [0]}
12-30 10:59:24.800   398   464 I vw-vhal : CanSignalsAdapter::notifyVehicleProperty: solvedValue = {.timestamp = 8500622417011, .areaId = 0, .prop = 557850716, .status = AVAILABLE, .value = {.int32Values = [1]{0}, .floatValues = [0]{}, .int64Values = [0]{}, .bytes = [0]{}, .stringValue = ""}}
12-30 10:59:24.800   398   464 I VehiclePropertyStore: begin to write value to Store: {.timestamp = 8500622417011, .areaId = 0, .prop = 557850716, .status = AVAILABLE, .value = {.int32Values = [1]{0}, .floatValues = [0]{}, .int64Values = [0]{}, .bytes = [0]{}, .stringValue = ""}}
12-30 10:59:24.800   398   464 I DefaultVehicleHal_v2_0: DefaultVehicleHal::onPropertyValue, value:{.timestamp = 8500622417011, .areaId = 0, .prop = 557850716, .status = AVAILABLE, .value = {.int32Values = [1]{0}, .floatValues = [0]{}, .int64Values = [0]{}, .bytes = [0]{}, .stringValue = ""}}
12-30 10:59:24.800   398   464 D DiagPropHandler: is not DiagnosticConfig: 0x2140205c
12-30 10:59:24.800   398   464 I VehiclePropertyStore: begin to write value to Store: {.timestamp = 8500622417011, .areaId = 0, .prop = 557850716, .status = AVAILABLE, .value = {.int32Values = [1]{0}, .floatValues = [0]{}, .int64Values = [0]{}, .bytes = [0]{}, .stringValue = ""}}
12-30 10:59:24.801   398   464 D adayocomadapter-CommunicationManager: onUpstreamReceive mPropertyId 0x2140205c
12-30 10:59:24.801   398   464 D adayocomadapter-CommunicationManager: onUpstreamReceive mPropertyId 0x2140218e
12-30 10:59:24.801   398   464 D adayocomadapter-CommunicationManager: convertBytesToInt32Memcpy  0
12-30 10:59:24.801   398   464 I vw-vhal : notifyVehicleProperty, propId = 0x2140218e, data = {status: 2, int32Values: [0]}
12-30 10:59:24.801   398   464 I vw-vhal : CanSignalsAdapter::notifyVehicleProperty: solvedValue = {.timestamp = 8500623094678, .areaId = 0, .prop = 557851022, .status = AVAILABLE, .value = {.int32Values = [1]{0}, .floatValues = [0]{}, .int64Values = [0]{}, .bytes = [0]{}, .stringValue = ""}}
12-30 10:59:24.801   398   464 I VehiclePropertyStore: begin to write value to Store: {.timestamp = 8500623094678, .areaId = 0, .prop = 557851022, .status = AVAILABLE, .value = {.int32Values = [1]{0}, .floatValues = [0]{}, .int64Values = [0]{}, .bytes = [0]{}, .stringValue = ""}}
12-30 10:59:24.801   398   464 I DefaultVehicleHal_v2_0: DefaultVehicleHal::onPropertyValue, value:{.timestamp = 8500623094678, .areaId = 0, .prop = 557851022, .status = AVAILABLE, .value = {.int32Values = [1]{0}, .floatValues = [0]{}, .int64Values = [0]{}, .bytes = [0]{}, .stringValue = ""}}
12-30 10:59:24.801   398   464 D DiagPropHandler: is not DiagnosticConfig: 0x2140218e
12-30 10:59:24.801   398   464 I VehiclePropertyStore: begin to write value to Store: {.timestamp = 8500623094678, .areaId = 0, .prop = 557851022, .status = AVAILABLE, .value = {.int32Values = [1]{0}, .floatValues = [0]{}, .int64Values = [0]{}, .bytes = [0]{}, .stringValue = ""}}
12-30 10:59:24.801   398   464 D adayocomadapter-CommunicationManager: onUpstreamReceive mPropertyId 0x2140218e
12-30 10:59:24.801   398   464 D adayocomadapter-CommunicationManager: onUpstreamReceive mPropertyId 0x2140218f
12-30 10:59:24.801   398   464 D adayocomadapter-CommunicationManager: convertBytesToInt32Memcpy  0
12-30 10:59:24.801   398   464 I vw-vhal : notifyVehicleProperty, propId = 0x2140218f, data = {status: 2, int32Values: [0]}
12-30 10:59:24.801   398   464 I vw-vhal : CanSignalsAdapter::notifyVehicleProperty: solvedValue = {.timestamp = 8500623746344, .areaId = 0, .prop = 557851023, .status = AVAILABLE, .value = {.int32Values = [1]{0}, .floatValues = [0]{}, .int64Values = [0]{}, .bytes = [0]{}, .stringValue = ""}}
12-30 10:59:24.802   398   464 I VehiclePropertyStore: begin to write value to Store: {.timestamp = 8500623746344, .areaId = 0, .prop = 557851023, .status = AVAILABLE, .value = {.int32Values = [1]{0}, .floatValues = [0]{}, .int64Values = [0]{}, .bytes = [0]{}, .stringValue = ""}}
12-30 10:59:24.802   398   464 I DefaultVehicleHal_v2_0: DefaultVehicleHal::onPropertyValue, value:{.timestamp = 8500623746344, .areaId = 0, .prop = 557851023, .status = AVAILABLE, .value = {.int32Values = [1]{0}, .floatValues = [0]{}, .int64Values = [0]{}, .bytes = [0]{}, .stringValue = ""}}
12-30 10:59:24.802   398   464 D DiagPropHandler: is not DiagnosticConfig: 0x2140218f
12-30 10:59:24.802   398   464 I VehiclePropertyStore: begin to write value to Store: {.timestamp = 8500623746344, .areaId = 0, .prop = 557851023, .status = AVAILABLE, .value = {.int32Values = [1]{0}, .floatValues = [0]{}, .int64Values = [0]{}, .bytes = [0]{}, .stringValue = ""}}
12-30 10:59:24.802   398   464 D adayocomadapter-CommunicationManager: onUpstreamReceive mPropertyId 0x2140218f
12-30 10:59:24.802   398   464 D adayocomadapter-CommunicationManager: onUpstreamReceive mPropertyId 0x21402191
12-30 10:59:24.802   398   464 D adayocomadapter-CommunicationManager: convertBytesToInt32Memcpy  0
12-30 10:59:24.802   398   464 I vw-vhal : notifyVehicleProperty, propId = 0x21402191, data = {status: 2, int32Values: [0]}
12-30 10:59:24.802   398   464 I vw-vhal : CanSignalsAdapter::notifyVehicleProperty: solvedValue = {.timestamp = 8500624449678, .areaId = 0, .prop = 557851025, .status = AVAILABLE, .value = {.int32Values = [1]{0}, .floatValues = [0]{}, .int64Values = [0]{}, .bytes = [0]{}, .stringValue = ""}}
12-30 10:59:24.802   398   464 I VehiclePropertyStore: begin to write value to Store: {.timestamp = 8500624449678, .areaId = 0, .prop = 557851025, .status = AVAILABLE, .value = {.int32Values = [1]{0}, .floatValues = [0]{}, .int64Values = [0]{}, .bytes = [0]{}, .stringValue = ""}}
12-30 10:59:24.802   398   464 I DefaultVehicleHal_v2_0: DefaultVehicleHal::onPropertyValue, value:{.timestamp = 8500624449678, .areaId = 0, .prop = 557851025, .status = AVAILABLE, .value = {.int32Values = [1]{0}, .floatValues = [0]{}, .int64Values = [0]{}, .bytes = [0]{}, .stringValue = ""}}
12-30 10:59:24.802   398   464 D DiagPropHandler: is not DiagnosticConfig: 0x21402191
12-30 10:59:24.802   398   464 I VehiclePropertyStore: begin to write value to Store: {.timestamp = 8500624449678, .areaId = 0, .prop = 557851025, .status = AVAILABLE, .value = {.int32Values = [1]{0}, .floatValues = [0]{}, .int64Values = [0]{}, .bytes = [0]{}, .stringValue = ""}}
12-30 10:59:24.803   398   464 D adayocomadapter-CommunicationManager: onUpstreamReceive mPropertyId 0x21402191
12-30 10:59:24.803   398   464 D adayocomadapter-CommunicationManager: onUpstreamReceive mPropertyId 0x2140223d
12-30 10:59:24.803   398   464 D adayocomadapter-CommunicationManager: convertBytesToInt32Memcpy  0
12-30 10:59:24.803   398   464 I vw-vhal : notifyVehicleProperty, propId = 0x2140223d, data = {status: 2, int32Values: [0]}
12-30 10:59:24.803   398   464 I vw-vhal : CanSignalsAdapter::notifyVehicleProperty: solvedValue = {.timestamp = 8500625108344, .areaId = 0, .prop = 557851197, .status = AVAILABLE, .value = {.int32Values = [1]{0}, .floatValues = [0]{}, .int64Values = [0]{}, .bytes = [0]{}, .stringValue = ""}}
12-30 10:59:24.803   398   464 I VehiclePropertyStore: begin to write value to Store: {.timestamp = 8500625108344, .areaId = 0, .prop = 557851197, .status = AVAILABLE, .value = {.int32Values = [1]{0}, .floatValues = [0]{}, .int64Values = [0]{}, .bytes = [0]{}, .stringValue = ""}}
12-30 10:59:24.803   398   464 I DefaultVehicleHal_v2_0: DefaultVehicleHal::onPropertyValue, value:{.timestamp = 8500625108344, .areaId = 0, .prop = 557851197, .status = AVAILABLE, .value = {.int32Values = [1]{0}, .floatValues = [0]{}, .int64Values = [0]{}, .bytes = [0]{}, .stringValue = ""}}
12-30 10:59:24.803   398   464 D DiagPropHandler: is not DiagnosticConfig: 0x2140223d
12-30 10:59:24.803   398   464 I VehiclePropertyStore: begin to write value to Store: {.timestamp = 8500625108344, .areaId = 0, .prop = 557851197, .status = AVAILABLE, .value = {.int32Values = [1]{0}, .floatValues = [0]{}, .int64Values = [0]{}, .bytes = [0]{}, .stringValue = ""}}
12-30 10:59:24.803   398   464 D adayocomadapter-CommunicationManager: onUpstreamReceive mPropertyId 0x2140223d
12-30 10:59:24.816   360   931 D EvsDriver: forwardFrame
12-30 10:59:24.816   360   931 D EvsDriver: forwardFrameDirect
12-30 10:59:24.817   360   931 D EvsDriver: Delivered 0xb400e2ca9e40d4b0 as id 1
12-30 10:59:24.817   359  2784 D evsmanagerd: /dev/video-evs0 forwarded the buffer #1 to 0xb400f125d2b26dd0 from 0xb400f125e2b20710
12-30 10:59:24.820   596  3076 E WifiHAL : Invalid data received from driver
12-30 10:59:24.822   360   458 D EvsDriver: doneWithFrame
12-30 10:59:24.825   650   729 D fgemcucomm: sd Uart data : 6AA602094800028B30F0
12-30 10:59:24.825   650   729 D fgemcucomm: rev uart=70235,len=96, data : 6AA681094800588B30B01E0A3B17A55A8B000101010000000000002A000000000000000000002A000000000201000000012A000401040100000000FF2A010000000002000001002A00000101000A0000002A0000010900000000000000000041
12-30 10:59:24.830  2358  2623 D RcfController: Rcf proxy is not connected!
12-30 10:59:24.850   360   931 D EvsDriver: forwardFrame
12-30 10:59:24.850   360   931 D EvsDriver: forwardFrameDirect
12-30 10:59:24.850   360   931 D EvsDriver: Delivered 0xb400e2ca9e40c2d0 as id 0
12-30 10:59:24.850   359  2784 D evsmanagerd: /dev/video-evs0 forwarded the buffer #0 to 0xb400f125d2b26dd0 from 0xb400f125e2b20710
12-30 10:59:24.852   360   458 D EvsDriver: doneWithFrame
12-30 10:59:24.854   798  7002 W adbd    : timed out while waiting for FUNCTIONFS_BIND, trying again
12-30 10:59:24.854   798  7002 I adbd    : UsbFfs: connection terminated: monitor thread finished
12-30 10:59:24.854   798   798 I adbd    : UsbFfs: already offline
12-30 10:59:24.854   798   798 I adbd    : destroying transport UsbFfs
12-30 10:59:24.854   798   798 I adbd    : UsbFfsConnection being destroyed
12-30 10:59:24.867  1667  2594 W ContextImpl: Calling a method in the system process without a qualified user: android.app.ContextImpl.bindService:1988 android.content.ContextWrapper.bindService:861 com.ford.sync.fnvservice.FordFnv.c:202 com.ford.sync.fnvservice.FordFnv.c:43 com.ford.sync.fnvservice.FordFnv$RetryHandler.handleMessage:245 
12-30 10:59:24.868   916  3726 W ActivityManager: Unable to start service Intent { cmp=com.ford.sync.fnvservice/.FordFnvService } U=0: not found
12-30 10:59:24.868  1667  2594 W FordFnv :  bind ford fnv failed -> sendRetryMessage 
12-30 10:59:24.881  2358  2623 D RcfController: Rcf proxy is not connected!
12-30 10:59:24.883   360   931 D EvsDriver: forwardFrame
12-30 10:59:24.883   360   931 D EvsDriver: forwardFrameDirect
12-30 10:59:24.883   360   931 D EvsDriver: Delivered 0xb400e2ca9e40d090 as id 1
12-30 10:59:24.884   359  2784 D evsmanagerd: /dev/video-evs0 forwarded the buffer #1 to 0xb400f125d2b26dd0 from 0xb400f125e2b20710
12-30 10:59:24.886   798   838 I adbd    : opening control endpoint /dev/usb-ffs/adb/ep0
12-30 10:59:24.887   798   838 I adbd    : UsbFfsConnection constructed
12-30 10:59:24.888   798  7003 I adbd    : UsbFfs-monitor thread spawned
01-01 10:21:41.896   838   838 I         : read descriptors
01-01 10:21:41.896   838   838 I         : read strings
01-01 10:21:41.898     1     1 I init    : processing action (sys.usb.config=adb && sys.usb.configfs=1 && sys.usb.ffs.ready=1) from (/system/etc/init/hw/init.usb.configfs.rc:20)
01-01 10:21:41.900     1     1 I init    : Command 'symlink /config/usb_gadget/g1/functions/ffs.adb /config/usb_gadget/g1/configs/b.1/f1' action=sys.usb.config=adb && sys.usb.configfs=1 && sys.usb.ffs.ready=1 (/system/etc/init/hw/init.usb.configfs.rc:22) took 0ms and failed: symlink() failed: File exists
12-30 10:59:24.893   360   458 D EvsDriver: doneWithFrame
12-30 10:59:24.893   596  3076 E WifiHAL : Invalid data received from driver
01-01 10:21:41.902     1     1 I init    : processing action (sys.usb.config=adb && sys.usb.configfs=1 && sys.usb.ffs.ready=1) from (/vendor/etc/init/init.x9hp_ms.usb.rc:72)
12-30 10:59:24.916   360   931 D EvsDriver: forwardFrame
12-30 10:59:24.916   360   931 D EvsDriver: forwardFrameDirect
12-30 10:59:24.917   360   931 D EvsDriver: Delivered 0xb400e2ca9e40e110 as id 0
12-30 10:59:24.917   359  2784 D evsmanagerd: /dev/video-evs0 forwarded the buffer #0 to 0xb400f125d2b26dd0 from 0xb400f125e2b20710
12-30 10:59:24.923   360   458 D EvsDriver: doneWithFrame
12-30 10:59:24.931  2358  2623 D RcfController: Rcf proxy is not connected!
12-30 10:59:24.950   360   931 D EvsDriver: forwardFrame
12-30 10:59:24.950   360   931 D EvsDriver: forwardFrameDirect
12-30 10:59:24.950   360   931 D EvsDriver: Delivered 0xb400e2ca9e40c7a0 as id 1
12-30 10:59:24.950   359  2784 D evsmanagerd: /dev/video-evs0 forwarded the buffer #1 to 0xb400f125d2b26dd0 from 0xb400f125e2b20710
12-30 10:59:24.954   360   458 D EvsDriver: doneWithFrame
12-30 10:59:24.976   596  3076 E WifiHAL : Invalid data received from driver
12-30 10:59:24.981  2358  2623 D RcfController: Rcf proxy is not connected!
12-30 10:59:24.983   360   931 D EvsDriver: forwardFrame
12-30 10:59:24.983   360   931 D EvsDriver: forwardFrameDirect
12-30 10:59:24.983   360   931 D EvsDriver: Delivered 0xb400e2ca9e40e270 as id 0
12-30 10:59:24.983   359  2784 D evsmanagerd: /dev/video-evs0 forwarded the buffer #0 to 0xb400f125d2b26dd0 from 0xb400f125e2b20710
12-30 10:59:24.994   360   458 D EvsDriver: doneWithFrame
12-30 10:59:24.998  1667  2410 I media_message_log->MediaMessageUserProxy: (SourceFile:1)b connectToService action bind
12-30 10:59:24.999   916  3726 W ActivityManager: Unable to start service Intent { cmp=com.adayo.server.mediamessagetransfer/.MediaMessTransferService (has extras) } U=0: not found
12-30 10:59:25.000  1667  2410 E media_message_log->MediaMessageUserProxy: (SourceFile:7)a bindServiceAsUser isBound = false
12-30 10:59:25.016   360   931 D EvsDriver: forwardFrame
12-30 10:59:25.016   360   931 D EvsDriver: forwardFrameDirect
12-30 10:59:25.017   360   931 D EvsDriver: Delivered 0xb400e2ca9e40d4b0 as id 1
12-30 10:59:25.017   359  2784 D evsmanagerd: /dev/video-evs0 forwarded the buffer #1 to 0xb400f125d2b26dd0 from 0xb400f125e2b20710
12-30 10:59:25.024   360   458 D EvsDriver: doneWithFrame
12-30 10:59:25.032  2358  2623 D RcfController: Rcf proxy is not connected!
12-30 10:59:25.035   596  3076 E WifiHAL : Invalid data received from driver
12-30 10:59:25.050   360   931 I EvsDriver: /dev/video-evs0 VideoCapture fps 30.0005
12-30 10:59:25.050   360   931 D EvsDriver: forwardFrame
12-30 10:59:25.050   360   931 D EvsDriver: forwardFrameDirect
12-30 10:59:25.050   360   931 D EvsDriver: Delivered 0xb400e2ca9e40c2d0 as id 0
12-30 10:59:25.050   359  2784 D evsmanagerd: /dev/video-evs0 forwarded the buffer #0 to 0xb400f125d2b26dd0 from 0xb400f125e2b20710
12-30 10:59:25.055   360   458 D EvsDriver: doneWithFrame
12-30 10:59:25.082  2358  2623 D RcfController: Rcf proxy is not connected!
12-30 10:59:25.083   360   931 D EvsDriver: forwardFrame
12-30 10:59:25.083   360   931 D EvsDriver: forwardFrameDirect
12-30 10:59:25.083   360   931 D EvsDriver: Delivered 0xb400e2ca9e40d090 as id 1
12-30 10:59:25.083   359  2784 D evsmanagerd: /dev/video-evs0 forwarded the buffer #1 to 0xb400f125d2b26dd0 from 0xb400f125e2b20710
12-30 10:59:25.085   360   458 D EvsDriver: doneWithFrame
12-30 10:59:25.116   360   931 D EvsDriver: forwardFrame
12-30 10:59:25.116   360   931 D EvsDriver: forwardFrameDirect
12-30 10:59:25.117   360   931 D EvsDriver: Delivered 0xb400e2ca9e40e110 as id 0
12-30 10:59:25.117   359  2784 D evsmanagerd: /dev/video-evs0 forwarded the buffer #0 to 0xb400f125d2b26dd0 from 0xb400f125e2b20710
12-30 10:59:25.123   596  3076 E WifiHAL : Invalid data received from driver
12-30 10:59:25.126   360   458 D EvsDriver: doneWithFrame
12-30 10:59:25.132  2358  2623 D RcfController: Rcf proxy is not connected!
12-30 10:59:25.150   360   931 D EvsDriver: forwardFrame
12-30 10:59:25.150   360   931 D EvsDriver: forwardFrameDirect
12-30 10:59:25.150   360   931 D EvsDriver: Delivered 0xb400e2ca9e40c7a0 as id 1
12-30 10:59:25.150   359  2784 D evsmanagerd: /dev/video-evs0 forwarded the buffer #1 to 0xb400f125d2b26dd0 from 0xb400f125e2b20710
12-30 10:59:25.156   360   458 D EvsDriver: doneWithFrame
12-30 10:59:25.182  2358  2623 D RcfController: Rcf proxy is not connected!
12-30 10:59:25.183   360   931 D EvsDriver: forwardFrame
12-30 10:59:25.183   360   931 D EvsDriver: forwardFrameDirect
12-30 10:59:25.183   360   931 D EvsDriver: Delivered 0xb400e2ca9e40e270 as id 0
12-30 10:59:25.183   359  2784 D evsmanagerd: /dev/video-evs0 forwarded the buffer #0 to 0xb400f125d2b26dd0 from 0xb400f125e2b20710
12-30 10:59:25.186   360   458 D EvsDriver: doneWithFrame
12-30 10:59:25.200   596  3076 E WifiHAL : Invalid data received from driver
12-30 10:59:25.216   360   931 D EvsDriver: forwardFrame
12-30 10:59:25.216   360   931 D EvsDriver: forwardFrameDirect
12-30 10:59:25.217   360   931 D EvsDriver: Delivered 0xb400e2ca9e40d4b0 as id 1
12-30 10:59:25.217   359  2784 D evsmanagerd: /dev/video-evs0 forwarded the buffer #1 to 0xb400f125d2b26dd0 from 0xb400f125e2b20710
12-30 10:59:25.227   360   458 D EvsDriver: doneWithFrame
12-30 10:59:25.233  2358  2623 D RcfController: Rcf proxy is not connected!
12-30 10:59:25.238   650   729 D fgemcucomm: sd Uart data : 6AA60209490002920216
12-30 10:59:25.238   650   729 D fgemcucomm: rev uart=70236,len=17, data : 6AA681094900099202000A000000000086
12-30 10:59:25.238   398  2883 D adayocomadapter-ParseProtocolFunc: printRaWMsg Name[MCUToUPstream recv] len[9] data[9202000A0000000000]
12-30 10:59:25.238   398  2883 D adayocomadapter-CommunicationManager: onUpstreamback   member[0] dataLength[6] timePoint[8501060]
12-30 10:59:25.239   398  2883 D adayocomadapter-ParseProtocolFunc: printRaWMsg Name[onUpstreamback] len[6] data[0A0000000000]
12-30 10:59:25.239   398   464 D adayocomadapter-UpstreamHandler: processBeforePacket upSreamtProcessTimePoint[8501060] 
12-30 10:59:25.239   398   464 D adayocomadapter-UpstreamHandler: processPacket UPSTREAM_QUEUE_DATA_TIMEOUT
12-30 10:59:25.239   398   464 D adayocomadapter-ParseProtocolFunc: parseCommonIPCLBytes Processing tableNumber[10]
12-30 10:59:25.239   398   464 D adayocomadapter-ParseProtocolFunc: parseCommonIPCLBytes Processing tablename[Table-10] tableSize[6]
12-30 10:59:25.239   398   464 D adayocomadapter-ParseProtocolFunc: printRaWMsg Name[byteStream recv] len[6] data[0A0000000000]
12-30 10:59:25.239   398   464 D adayocomadapter-ParseProtocolFunc: printRaWMsg Name[IPCLtoVHAL] len[9] data[2140201C0000000000]
12-30 10:59:25.239   398   464 D adayocomadapter-ParseProtocolFunc: printRaWMsg Name[IPCLtoVHAL] len[6] data[214022320000]
12-30 10:59:25.239   398   464 D adayocomadapter-CommunicationManager: onUpstreamReceive mPropertyId 0x2140201c
12-30 10:59:25.239   398   464 D adayocomadapter-CommunicationManager: convertBytesToInt32Memcpy  0
12-30 10:59:25.239   398   464 I vw-vhal : notifyVehicleProperty, propId = 0x2140201c, data = {status: 2, int32Values: [0]}
12-30 10:59:25.239   398   464 I vw-vhal : CanSignalsAdapter::notifyVehicleProperty: solvedValue = {.timestamp = 8501061630344, .areaId = 0, .prop = 557850652, .status = AVAILABLE, .value = {.int32Values = [1]{0}, .floatValues = [0]{}, .int64Values = [0]{}, .bytes = [0]{}, .stringValue = ""}}
12-30 10:59:25.239   398   464 I VehiclePropertyStore: begin to write value to Store: {.timestamp = 8501061630344, .areaId = 0, .prop = 557850652, .status = AVAILABLE, .value = {.int32Values = [1]{0}, .floatValues = [0]{}, .int64Values = [0]{}, .bytes = [0]{}, .stringValue = ""}}
12-30 10:59:25.240   398   464 I DefaultVehicleHal_v2_0: DefaultVehicleHal::onPropertyValue, value:{.timestamp = 8501061630344, .areaId = 0, .prop = 557850652, .status = AVAILABLE, .value = {.int32Values = [1]{0}, .floatValues = [0]{}, .int64Values = [0]{}, .bytes = [0]{}, .stringValue = ""}}
12-30 10:59:25.240   398   464 D DiagPropHandler: is not DiagnosticConfig: 0x2140201c
12-30 10:59:25.240   398   464 I VehiclePropertyStore: begin to write value to Store: {.timestamp = 8501061630344, .areaId = 0, .prop = 557850652, .status = AVAILABLE, .value = {.int32Values = [1]{0}, .floatValues = [0]{}, .int64Values = [0]{}, .bytes = [0]{}, .stringValue = ""}}
12-30 10:59:25.240   398   464 D adayocomadapter-CommunicationManager: onUpstreamReceive mPropertyId 0x2140201c
12-30 10:59:25.240   398   464 D adayocomadapter-CommunicationManager: onUpstreamReceive mPropertyId 0x21402232
12-30 10:59:25.240   398   464 D adayocomadapter-CommunicationManager: convertBytesToInt32Memcpy  0
12-30 10:59:25.240   398   464 I vw-vhal : notifyVehicleProperty, propId = 0x21402232, data = {status: 2, int32Values: [0]}
12-30 10:59:25.240   398   464 I vw-vhal : CanSignalsAdapter::notifyVehicleProperty: solvedValue = {.timestamp = 8501062305678, .areaId = 0, .prop = 557851186, .status = AVAILABLE, .value = {.int32Values = [1]{0}, .floatValues = [0]{}, .int64Values = [0]{}, .bytes = [0]{}, .stringValue = ""}}
12-30 10:59:25.240   398   464 I VehiclePropertyStore: begin to write value to Store: {.timestamp = 8501062305678, .areaId = 0, .prop = 557851186, .status = AVAILABLE, .value = {.int32Values = [1]{0}, .floatValues = [0]{}, .int64Values = [0]{}, .bytes = [0]{}, .stringValue = ""}}
12-30 10:59:25.240   398   464 I DefaultVehicleHal_v2_0: DefaultVehicleHal::onPropertyValue, value:{.timestamp = 8501062305678, .areaId = 0, .prop = 557851186, .status = AVAILABLE, .value = {.int32Values = [1]{0}, .floatValues = [0]{}, .int64Values = [0]{}, .bytes = [0]{}, .stringValue = ""}}
12-30 10:59:25.240   398   464 D DiagPropHandler: is not DiagnosticConfig: 0x21402232
12-30 10:59:25.240   398   464 I VehiclePropertyStore: begin to write value to Store: {.timestamp = 8501062305678, .areaId = 0, .prop = 557851186, .status = AVAILABLE, .value = {.int32Values = [1]{0}, .floatValues = [0]{}, .int64Values = [0]{}, .bytes = [0]{}, .stringValue = ""}}
12-30 10:59:25.240   398   464 D adayocomadapter-CommunicationManager: onUpstreamReceive mPropertyId 0x21402232
12-30 10:59:25.241   596  3076 E WifiHAL : Invalid data received from driver
12-30 10:59:25.250   360   931 D EvsDriver: forwardFrame
12-30 10:59:25.250   360   931 D EvsDriver: forwardFrameDirect
12-30 10:59:25.250   360   931 D EvsDriver: Delivered 0xb400e2ca9e40c2d0 as id 0
12-30 10:59:25.250   359  2784 D evsmanagerd: /dev/video-evs0 forwarded the buffer #0 to 0xb400f125d2b26dd0 from 0xb400f125e2b20710
12-30 10:59:25.257   360   458 D EvsDriver: doneWithFrame
12-30 10:59:25.283   360   931 D EvsDriver: forwardFrame
12-30 10:59:25.283  2358  2623 D RcfController: Rcf proxy is not connected!
12-30 10:59:25.283   360   931 D EvsDriver: forwardFrameDirect
12-30 10:59:25.283   360   931 D EvsDriver: Delivered 0xb400e2ca9e40d090 as id 1
12-30 10:59:25.283   359  2784 D evsmanagerd: /dev/video-evs0 forwarded the buffer #1 to 0xb400f125d2b26dd0 from 0xb400f125e2b20710
12-30 10:59:25.287   360   458 D EvsDriver: doneWithFrame
12-30 10:59:25.316   650   729 D fgemcucomm: sd Uart data : 6AA602094A0002920215
12-30 10:59:25.316   650   729 D fgemcucomm: rev uart=70237,len=109, data : 6AA681094A0065920200100000000000000000000000000000000000000000000000000000000000000000000000000000000000000000000000000000000000000000000000000000000000000000000000000000000000000000000000000000000000000000000000000023
12-30 10:59:25.316   360   931 D EvsDriver: forwardFrame
12-30 10:59:25.316   360   931 D EvsDriver: forwardFrameDirect
12-30 10:59:25.316   398  2883 D adayocomadapter-ParseProtocolFunc: printRaWMsg Name[MCUToUPstream recv] len[101] data[9202001000000000000000000000000000000000000000000000000000000000000000000000000000000000000000000000000000000000000000000000000000000000000000000000000000000000000000000000000000000000000000000000000000]
12-30 10:59:25.316   398  2883 D adayocomadapter-CommunicationManager: onUpstreamback   member[0] dataLength[98] timePoint[8501138]
12-30 10:59:25.317   398  2883 D adayocomadapter-ParseProtocolFunc: printRaWMsg Name[onUpstreamback] len[98] data[1000000000000000000000000000000000000000000000000000000000000000000000000000000000000000000000000000000000000000000000000000000000000000000000000000000000000000000000000000000000000000000000000000]
12-30 10:59:25.317   360   931 D EvsDriver: Delivered 0xb400e2ca9e40e110 as id 0
12-30 10:59:25.317   398   464 D adayocomadapter-UpstreamHandler: processBeforePacket upSreamtProcessTimePoint[8501139] 
12-30 10:59:25.317   398   464 D adayocomadapter-UpstreamHandler: processPacket UPSTREAM_QUEUE_DATA_TIMEOUT
12-30 10:59:25.317   359  2784 D evsmanagerd: /dev/video-evs0 forwarded the buffer #0 to 0xb400f125d2b26dd0 from 0xb400f125e2b20710
12-30 10:59:25.317   398   464 D adayocomadapter-ParseProtocolFunc: parseCommonIPCLBytes Processing tableNumber[16]
12-30 10:59:25.317   398   464 D adayocomadapter-ParseProtocolFunc: parseCommonIPCLBytes Processing tablename[Table-16] tableSize[98]
12-30 10:59:25.317   398   464 D adayocomadapter-ParseProtocolFunc: printRaWMsg Name[byteStream recv] len[98] data[1000000000000000000000000000000000000000000000000000000000000000000000000000000000000000000000000000000000000000000000000000000000000000000000000000000000000000000000000000000000000000000000000000]
12-30 10:59:25.317   398   464 D adayocomadapter-ParseProtocolFunc: printRaWMsg Name[IPCLtoVHAL] len[6] data[214021B10000]
12-30 10:59:25.317   398   464 D adayocomadapter-ParseProtocolFunc: printRaWMsg Name[IPCLtoVHAL] len[6] data[214022120000]
12-30 10:59:25.317   398   464 D adayocomadapter-ParseProtocolFunc: printRaWMsg Name[IPCLtoVHAL] len[6] data[214021B20000]
12-30 10:59:25.318   398   464 D adayocomadapter-ParseProtocolFunc: printRaWMsg Name[IPCLtoVHAL] len[6] data[214021BD0000]
12-30 10:59:25.318   398   464 D adayocomadapter-ParseProtocolFunc: printRaWMsg Name[IPCLtoVHAL] len[6] data[2140221E0000]
12-30 10:59:25.318   398   464 D adayocomadapter-ParseProtocolFunc: printRaWMsg Name[IPCLtoVHAL] len[6] data[214021B30000]
12-30 10:59:25.318   398   464 D adayocomadapter-ParseProtocolFunc: printRaWMsg Name[IPCLtoVHAL] len[6] data[214022140000]
12-30 10:59:25.318   398   464 D adayocomadapter-ParseProtocolFunc: printRaWMsg Name[IPCLtoVHAL] len[6] data[214021B40000]
12-30 10:59:25.318   360   458 D EvsDriver: doneWithFrame
12-30 10:59:25.318   398   464 D adayocomadapter-ParseProtocolFunc: printRaWMsg Name[IPCLtoVHAL] len[6] data[214021530000]
12-30 10:59:25.318   398   464 D adayocomadapter-ParseProtocolFunc: printRaWMsg Name[IPCLtoVHAL] len[6] data[214022150000]
12-30 10:59:25.318   398   464 D adayocomadapter-ParseProtocolFunc: printRaWMsg Name[IPCLtoVHAL] len[6] data[214021B50000]
12-30 10:59:25.318   398   464 D adayocomadapter-ParseProtocolFunc: printRaWMsg Name[IPCLtoVHAL] len[6] data[214021540000]
12-30 10:59:25.318   398   464 D adayocomadapter-ParseProtocolFunc: printRaWMsg Name[IPCLtoVHAL] len[6] data[214021B70000]
12-30 10:59:25.318   398   464 D adayocomadapter-ParseProtocolFunc: printRaWMsg Name[IPCLtoVHAL] len[6] data[214021560000]
12-30 10:59:25.318   398   464 D adayocomadapter-ParseProtocolFunc: printRaWMsg Name[IPCLtoVHAL] len[6] data[214021B80000]
12-30 10:59:25.319   398   464 D adayocomadapter-ParseProtocolFunc: printRaWMsg Name[IPCLtoVHAL] len[6] data[214021570000]
12-30 10:59:25.319   398   464 D adayocomadapter-ParseProtocolFunc: printRaWMsg Name[IPCLtoVHAL] len[6] data[214022190000]
12-30 10:59:25.319   398   464 D adayocomadapter-ParseProtocolFunc: printRaWMsg Name[IPCLtoVHAL] len[6] data[2140215B0000]
12-30 10:59:25.319   398   464 D adayocomadapter-ParseProtocolFunc: printRaWMsg Name[IPCLtoVHAL] len[6] data[214021BC0000]
12-30 10:59:25.320   398   464 D adayocomadapter-ParseProtocolFunc: printRaWMsg Name[IPCLtoVHAL] len[6] data[2140221D0000]
12-30 10:59:25.320   398   464 D adayocomadapter-ParseProtocolFunc: printRaWMsg Name[IPCLtoVHAL] len[6] data[214021B90000]
12-30 10:59:25.320   398   464 D adayocomadapter-ParseProtocolFunc: printRaWMsg Name[IPCLtoVHAL] len[6] data[2140221A0000]
12-30 10:59:25.320   398   464 D adayocomadapter-ParseProtocolFunc: printRaWMsg Name[IPCLtoVHAL] len[6] data[214021BB0000]
12-30 10:59:25.320   398   464 D adayocomadapter-ParseProtocolFunc: printRaWMsg Name[IPCLtoVHAL] len[6] data[2140215A0000]
12-30 10:59:25.320   398   464 D adayocomadapter-ParseProtocolFunc: printRaWMsg Name[IPCLtoVHAL] len[6] data[2140221C0000]
12-30 10:59:25.320   398   464 D adayocomadapter-ParseProtocolFunc: printRaWMsg Name[IPCLtoVHAL] len[6] data[214021BE0000]
