12-30 10:59:25.340   398   464 I DefaultVehicleHal_v2_0: DefaultVehicleHal::onPropertyValue, value:{.timestamp = 8501162209344, .areaId = 0, .prop = 557851164, .status = AVAILABLE, .value = {.int32Values = [1]{0}, .floatValues = [0]{}, .int64Values = [0]{}, .bytes = [0]{}, .stringValue = ""}}
12-30 10:59:25.340   398   464 D DiagPropHandler: is not DiagnosticConfig: 0x2140221c
12-30 10:59:25.340   398   464 I VehiclePropertyStore: begin to write value to Store: {.timestamp = 8501162209344, .areaId = 0, .prop = 557851164, .status = AVAILABLE, .value = {.int32Values = [1]{0}, .floatValues = [0]{}, .int64Values = [0]{}, .bytes = [0]{}, .stringValue = ""}}
12-30 10:59:25.340   398   464 D adayocomadapter-CommunicationManager: onUpstreamReceive mPropertyId 0x2140221c
12-30 10:59:25.340   398   464 D adayocomadapter-CommunicationManager: onUpstreamReceive mPropertyId 0x214021be
12-30 10:59:25.340   398   464 D adayocomadapter-CommunicationManager: convertBytesToInt32Memcpy  0
12-30 10:59:25.340   398   464 I vw-vhal : notifyVehicleProperty, propId = 0x214021be, data = {status: 2, int32Values: [0]}
12-30 10:59:25.341   398   464 I vw-vhal : CanSignalsAdapter::notifyVehicleProperty: solvedValue = {.timestamp = 8501162882011, .areaId = 0, .prop = 557851070, .status = AVAILABLE, .value = {.int32Values = [1]{0}, .floatValues = [0]{}, .int64Values = [0]{}, .bytes = [0]{}, .stringValue = ""}}
12-30 10:59:25.341   398   464 I VehiclePropertyStore: begin to write value to Store: {.timestamp = 8501162882011, .areaId = 0, .prop = 557851070, .status = AVAILABLE, .value = {.int32Values = [1]{0}, .floatValues = [0]{}, .int64Values = [0]{}, .bytes = [0]{}, .stringValue = ""}}
12-30 10:59:25.341   398   464 I DefaultVehicleHal_v2_0: DefaultVehicleHal::onPropertyValue, value:{.timestamp = 8501162882011, .areaId = 0, .prop = 557851070, .status = AVAILABLE, .value = {.int32Values = [1]{0}, .floatValues = [0]{}, .int64Values = [0]{}, .bytes = [0]{}, .stringValue = ""}}
12-30 10:59:25.341   398   464 D DiagPropHandler: is not DiagnosticConfig: 0x214021be
12-30 10:59:25.341   398   464 I VehiclePropertyStore: begin to write value to Store: {.timestamp = 8501162882011, .areaId = 0, .prop = 557851070, .status = AVAILABLE, .value = {.int32Values = [1]{0}, .floatValues = [0]{}, .int64Values = [0]{}, .bytes = [0]{}, .stringValue = ""}}
12-30 10:59:25.341   398   464 D adayocomadapter-CommunicationManager: onUpstreamReceive mPropertyId 0x214021be
12-30 10:59:25.341   398   464 D adayocomadapter-CommunicationManager: onUpstreamReceive mPropertyId 0x2140215d
12-30 10:59:25.341   398   464 D adayocomadapter-CommunicationManager: convertBytesToInt32Memcpy  0
12-30 10:59:25.341   398   464 I vw-vhal : notifyVehicleProperty, propId = 0x2140215d, data = {status: 2, int32Values: [0]}
12-30 10:59:25.341   398   464 I vw-vhal : CanSignalsAdapter::notifyVehicleProperty: solvedValue = {.timestamp = 8501163532344, .areaId = 0, .prop = 557850973, .status = AVAILABLE, .value = {.int32Values = [1]{0}, .floatValues = [0]{}, .int64Values = [0]{}, .bytes = [0]{}, .stringValue = ""}}
12-30 10:59:25.341   398   464 I VehiclePropertyStore: begin to write value to Store: {.timestamp = 8501163532344, .areaId = 0, .prop = 557850973, .status = AVAILABLE, .value = {.int32Values = [1]{0}, .floatValues = [0]{}, .int64Values = [0]{}, .bytes = [0]{}, .stringValue = ""}}
12-30 10:59:25.341   398   464 I DefaultVehicleHal_v2_0: DefaultVehicleHal::onPropertyValue, value:{.timestamp = 8501163532344, .areaId = 0, .prop = 557850973, .status = AVAILABLE, .value = {.int32Values = [1]{0}, .floatValues = [0]{}, .int64Values = [0]{}, .bytes = [0]{}, .stringValue = ""}}
12-30 10:59:25.341   398   464 D DiagPropHandler: is not DiagnosticConfig: 0x2140215d
12-30 10:59:25.342   398   464 I VehiclePropertyStore: begin to write value to Store: {.timestamp = 8501163532344, .areaId = 0, .prop = 557850973, .status = AVAILABLE, .value = {.int32Values = [1]{0}, .floatValues = [0]{}, .int64Values = [0]{}, .bytes = [0]{}, .stringValue = ""}}
12-30 10:59:25.342   398   464 D adayocomadapter-CommunicationManager: onUpstreamReceive mPropertyId 0x2140215d
12-30 10:59:25.342   398   464 D adayocomadapter-CommunicationManager: onUpstreamReceive mPropertyId 0x2140221f
12-30 10:59:25.342   398   464 D adayocomadapter-CommunicationManager: convertBytesToInt32Memcpy  0
12-30 10:59:25.342   398   464 I vw-vhal : notifyVehicleProperty, propId = 0x2140221f, data = {status: 2, int32Values: [0]}
12-30 10:59:25.342   398   464 I vw-vhal : CanSignalsAdapter::notifyVehicleProperty: solvedValue = {.timestamp = 8501164226344, .areaId = 0, .prop = 557851167, .status = AVAILABLE, .value = {.int32Values = [1]{0}, .floatValues = [0]{}, .int64Values = [0]{}, .bytes = [0]{}, .stringValue = ""}}
12-30 10:59:25.342   398   464 I VehiclePropertyStore: begin to write value to Store: {.timestamp = 8501164226344, .areaId = 0, .prop = 557851167, .status = AVAILABLE, .value = {.int32Values = [1]{0}, .floatValues = [0]{}, .int64Values = [0]{}, .bytes = [0]{}, .stringValue = ""}}
12-30 10:59:25.342   398   464 I DefaultVehicleHal_v2_0: DefaultVehicleHal::onPropertyValue, value:{.timestamp = 8501164226344, .areaId = 0, .prop = 557851167, .status = AVAILABLE, .value = {.int32Values = [1]{0}, .floatValues = [0]{}, .int64Values = [0]{}, .bytes = [0]{}, .stringValue = ""}}
12-30 10:59:25.342   398   464 D DiagPropHandler: is not DiagnosticConfig: 0x2140221f
12-30 10:59:25.342   398   464 I VehiclePropertyStore: begin to write value to Store: {.timestamp = 8501164226344, .areaId = 0, .prop = 557851167, .status = AVAILABLE, .value = {.int32Values = [1]{0}, .floatValues = [0]{}, .int64Values = [0]{}, .bytes = [0]{}, .stringValue = ""}}
12-30 10:59:25.342   398   464 D adayocomadapter-CommunicationManager: onUpstreamReceive mPropertyId 0x2140221f
12-30 10:59:25.342   398   464 D adayocomadapter-CommunicationManager: onUpstreamReceive mPropertyId 0x214021a5
12-30 10:59:25.342   398   464 D adayocomadapter-CommunicationManager: convertBytesToInt32Memcpy  0
12-30 10:59:25.342   398   464 I vw-vhal : notifyVehicleProperty, propId = 0x214021a5, data = {status: 2, int32Values: [0]}
12-30 10:59:25.343   398   464 I vw-vhal : CanSignalsAdapter::notifyVehicleProperty: solvedValue = {.timestamp = 8501164877344, .areaId = 0, .prop = 557851045, .status = AVAILABLE, .value = {.int32Values = [1]{0}, .floatValues = [0]{}, .int64Values = [0]{}, .bytes = [0]{}, .stringValue = ""}}
12-30 10:59:25.343   398   464 I VehiclePropertyStore: begin to write value to Store: {.timestamp = 8501164877344, .areaId = 0, .prop = 557851045, .status = AVAILABLE, .value = {.int32Values = [1]{0}, .floatValues = [0]{}, .int64Values = [0]{}, .bytes = [0]{}, .stringValue = ""}}
12-30 10:59:25.343   398   464 I DefaultVehicleHal_v2_0: DefaultVehicleHal::onPropertyValue, value:{.timestamp = 8501164877344, .areaId = 0, .prop = 557851045, .status = AVAILABLE, .value = {.int32Values = [1]{0}, .floatValues = [0]{}, .int64Values = [0]{}, .bytes = [0]{}, .stringValue = ""}}
12-30 10:59:25.343   398   464 D DiagPropHandler: is not DiagnosticConfig: 0x214021a5
12-30 10:59:25.343   398   464 I VehiclePropertyStore: begin to write value to Store: {.timestamp = 8501164877344, .areaId = 0, .prop = 557851045, .status = AVAILABLE, .value = {.int32Values = [1]{0}, .floatValues = [0]{}, .int64Values = [0]{}, .bytes = [0]{}, .stringValue = ""}}
12-30 10:59:25.343   398   464 D adayocomadapter-CommunicationManager: onUpstreamReceive mPropertyId 0x214021a5
12-30 10:59:25.343   398   464 D adayocomadapter-CommunicationManager: onUpstreamReceive mPropertyId 0x21402107
12-30 10:59:25.343   398   464 D adayocomadapter-CommunicationManager: convertBytesToInt32Memcpy  0
12-30 10:59:25.343   398   464 I vw-vhal : notifyVehicleProperty, propId = 0x21402107, data = {status: 2, int32Values: [0]}
12-30 10:59:25.343   398   464 I vw-vhal : CanSignalsAdapter::notifyVehicleProperty: solvedValue = {.timestamp = 8501165512344, .areaId = 0, .prop = 557850887, .status = AVAILABLE, .value = {.int32Values = [1]{0}, .floatValues = [0]{}, .int64Values = [0]{}, .bytes = [0]{}, .stringValue = ""}}
12-30 10:59:25.343   398   464 I VehiclePropertyStore: begin to write value to Store: {.timestamp = 8501165512344, .areaId = 0, .prop = 557850887, .status = AVAILABLE, .value = {.int32Values = [1]{0}, .floatValues = [0]{}, .int64Values = [0]{}, .bytes = [0]{}, .stringValue = ""}}
12-30 10:59:25.343   398   464 I DefaultVehicleHal_v2_0: DefaultVehicleHal::onPropertyValue, value:{.timestamp = 8501165512344, .areaId = 0, .prop = 557850887, .status = AVAILABLE, .value = {.int32Values = [1]{0}, .floatValues = [0]{}, .int64Values = [0]{}, .bytes = [0]{}, .stringValue = ""}}
12-30 10:59:25.343   398   464 D DiagPropHandler: is not DiagnosticConfig: 0x21402107
12-30 10:59:25.344   398   464 I VehiclePropertyStore: begin to write value to Store: {.timestamp = 8501165512344, .areaId = 0, .prop = 557850887, .status = AVAILABLE, .value = {.int32Values = [1]{0}, .floatValues = [0]{}, .int64Values = [0]{}, .bytes = [0]{}, .stringValue = ""}}
12-30 10:59:25.344   398   464 D adayocomadapter-CommunicationManager: onUpstreamReceive mPropertyId 0x21402107
12-30 10:59:25.344   398   464 D adayocomadapter-CommunicationManager: onUpstreamReceive mPropertyId 0x2140222a
12-30 10:59:25.344   398   464 D adayocomadapter-CommunicationManager: convertBytesToInt32Memcpy  0
12-30 10:59:25.344   398   464 I vw-vhal : notifyVehicleProperty, propId = 0x2140222a, data = {status: 2, int32Values: [0]}
12-30 10:59:25.344   398   464 I vw-vhal : CanSignalsAdapter::notifyVehicleProperty: solvedValue = {.timestamp = 8501166161344, .areaId = 0, .prop = 557851178, .status = AVAILABLE, .value = {.int32Values = [1]{0}, .floatValues = [0]{}, .int64Values = [0]{}, .bytes = [0]{}, .stringValue = ""}}
12-30 10:59:25.344   398   464 I VehiclePropertyStore: begin to write value to Store: {.timestamp = 8501166161344, .areaId = 0, .prop = 557851178, .status = AVAILABLE, .value = {.int32Values = [1]{0}, .floatValues = [0]{}, .int64Values = [0]{}, .bytes = [0]{}, .stringValue = ""}}
12-30 10:59:25.344   398   464 I DefaultVehicleHal_v2_0: DefaultVehicleHal::onPropertyValue, value:{.timestamp = 8501166161344, .areaId = 0, .prop = 557851178, .status = AVAILABLE, .value = {.int32Values = [1]{0}, .floatValues = [0]{}, .int64Values = [0]{}, .bytes = [0]{}, .stringValue = ""}}
12-30 10:59:25.344   398   464 D DiagPropHandler: is not DiagnosticConfig: 0x2140222a
12-30 10:59:25.344   398   464 I VehiclePropertyStore: begin to write value to Store: {.timestamp = 8501166161344, .areaId = 0, .prop = 557851178, .status = AVAILABLE, .value = {.int32Values = [1]{0}, .floatValues = [0]{}, .int64Values = [0]{}, .bytes = [0]{}, .stringValue = ""}}
12-30 10:59:25.344   398   464 D adayocomadapter-CommunicationManager: onUpstreamReceive mPropertyId 0x2140222a
12-30 10:59:25.344   398   464 D adayocomadapter-CommunicationManager: onUpstreamReceive mPropertyId 0x214021c3
12-30 10:59:25.344   398   464 D adayocomadapter-CommunicationManager: convertBytesToInt32Memcpy  0
12-30 10:59:25.344   398   464 I vw-vhal : notifyVehicleProperty, propId = 0x214021c3, data = {status: 2, int32Values: [0]}
12-30 10:59:25.344   398   464 I vw-vhal : CanSignalsAdapter::notifyVehicleProperty: solvedValue = {.timestamp = 8501166790678, .areaId = 0, .prop = 557851075, .status = AVAILABLE, .value = {.int32Values = [1]{0}, .floatValues = [0]{}, .int64Values = [0]{}, .bytes = [0]{}, .stringValue = ""}}
12-30 10:59:25.345   398   464 I VehiclePropertyStore: begin to write value to Store: {.timestamp = 8501166790678, .areaId = 0, .prop = 557851075, .status = AVAILABLE, .value = {.int32Values = [1]{0}, .floatValues = [0]{}, .int64Values = [0]{}, .bytes = [0]{}, .stringValue = ""}}
12-30 10:59:25.345   398   464 I DefaultVehicleHal_v2_0: DefaultVehicleHal::onPropertyValue, value:{.timestamp = 8501166790678, .areaId = 0, .prop = 557851075, .status = AVAILABLE, .value = {.int32Values = [1]{0}, .floatValues = [0]{}, .int64Values = [0]{}, .bytes = [0]{}, .stringValue = ""}}
12-30 10:59:25.345   398   464 D DiagPropHandler: is not DiagnosticConfig: 0x214021c3
12-30 10:59:25.345   398   464 I VehiclePropertyStore: begin to write value to Store: {.timestamp = 8501166790678, .areaId = 0, .prop = 557851075, .status = AVAILABLE, .value = {.int32Values = [1]{0}, .floatValues = [0]{}, .int64Values = [0]{}, .bytes = [0]{}, .stringValue = ""}}
12-30 10:59:25.345   398   464 D adayocomadapter-CommunicationManager: onUpstreamReceive mPropertyId 0x214021c3
12-30 10:59:25.345   398   464 D adayocomadapter-CommunicationManager: onUpstreamReceive mPropertyId 0x214021a8
12-30 10:59:25.345   398   464 D adayocomadapter-CommunicationManager: convertBytesToInt32Memcpy  0
12-30 10:59:25.345   398   464 I vw-vhal : notifyVehicleProperty, propId = 0x214021a8, data = {status: 2, int32Values: [0]}
12-30 10:59:25.345   398   464 I vw-vhal : CanSignalsAdapter::notifyVehicleProperty: solvedValue = {.timestamp = 8501167431011, .areaId = 0, .prop = 557851048, .status = AVAILABLE, .value = {.int32Values = [1]{0}, .floatValues = [0]{}, .int64Values = [0]{}, .bytes = [0]{}, .stringValue = ""}}
12-30 10:59:25.345   398   464 I VehiclePropertyStore: begin to write value to Store: {.timestamp = 8501167431011, .areaId = 0, .prop = 557851048, .status = AVAILABLE, .value = {.int32Values = [1]{0}, .floatValues = [0]{}, .int64Values = [0]{}, .bytes = [0]{}, .stringValue = ""}}
12-30 10:59:25.345   398   464 I DefaultVehicleHal_v2_0: DefaultVehicleHal::onPropertyValue, value:{.timestamp = 8501167431011, .areaId = 0, .prop = 557851048, .status = AVAILABLE, .value = {.int32Values = [1]{0}, .floatValues = [0]{}, .int64Values = [0]{}, .bytes = [0]{}, .stringValue = ""}}
12-30 10:59:25.345   398   464 D DiagPropHandler: is not DiagnosticConfig: 0x214021a8
12-30 10:59:25.345   398   464 I VehiclePropertyStore: begin to write value to Store: {.timestamp = 8501167431011, .areaId = 0, .prop = 557851048, .status = AVAILABLE, .value = {.int32Values = [1]{0}, .floatValues = [0]{}, .int64Values = [0]{}, .bytes = [0]{}, .stringValue = ""}}
12-30 10:59:25.346   398   464 D adayocomadapter-CommunicationManager: onUpstreamReceive mPropertyId 0x214021a8
12-30 10:59:25.346   398   464 D adayocomadapter-CommunicationManager: onUpstreamReceive mPropertyId 0x214021a6
12-30 10:59:25.346   398   464 D adayocomadapter-CommunicationManager: convertBytesToInt32Memcpy  0
12-30 10:59:25.346   398   464 I vw-vhal : notifyVehicleProperty, propId = 0x214021a6, data = {status: 2, int32Values: [0]}
12-30 10:59:25.346   398   464 I vw-vhal : CanSignalsAdapter::notifyVehicleProperty: solvedValue = {.timestamp = 8501168115678, .areaId = 0, .prop = 557851046, .status = AVAILABLE, .value = {.int32Values = [1]{0}, .floatValues = [0]{}, .int64Values = [0]{}, .bytes = [0]{}, .stringValue = ""}}
12-30 10:59:25.346   398   464 I VehiclePropertyStore: begin to write value to Store: {.timestamp = 8501168115678, .areaId = 0, .prop = 557851046, .status = AVAILABLE, .value = {.int32Values = [1]{0}, .floatValues = [0]{}, .int64Values = [0]{}, .bytes = [0]{}, .stringValue = ""}}
12-30 10:59:25.346   398   464 I DefaultVehicleHal_v2_0: DefaultVehicleHal::onPropertyValue, value:{.timestamp = 8501168115678, .areaId = 0, .prop = 557851046, .status = AVAILABLE, .value = {.int32Values = [1]{0}, .floatValues = [0]{}, .int64Values = [0]{}, .bytes = [0]{}, .stringValue = ""}}
12-30 10:59:25.346   398   464 D DiagPropHandler: is not DiagnosticConfig: 0x214021a6
12-30 10:59:25.346   398   464 I VehiclePropertyStore: begin to write value to Store: {.timestamp = 8501168115678, .areaId = 0, .prop = 557851046, .status = AVAILABLE, .value = {.int32Values = [1]{0}, .floatValues = [0]{}, .int64Values = [0]{}, .bytes = [0]{}, .stringValue = ""}}
12-30 10:59:25.346   398   464 D adayocomadapter-CommunicationManager: onUpstreamReceive mPropertyId 0x214021a6
12-30 10:59:25.346   398   464 D adayocomadapter-CommunicationManager: onUpstreamReceive mPropertyId 0x214021a7
12-30 10:59:25.346   398   464 D adayocomadapter-CommunicationManager: convertBytesToInt32Memcpy  0
12-30 10:59:25.346   398   464 I vw-vhal : notifyVehicleProperty, propId = 0x214021a7, data = {status: 2, int32Values: [0]}
12-30 10:59:25.346   398   464 I vw-vhal : CanSignalsAdapter::notifyVehicleProperty: solvedValue = {.timestamp = 8501168745678, .areaId = 0, .prop = 557851047, .status = AVAILABLE, .value = {.int32Values = [1]{0}, .floatValues = [0]{}, .int64Values = [0]{}, .bytes = [0]{}, .stringValue = ""}}
12-30 10:59:25.347   398   464 I VehiclePropertyStore: begin to write value to Store: {.timestamp = 8501168745678, .areaId = 0, .prop = 557851047, .status = AVAILABLE, .value = {.int32Values = [1]{0}, .floatValues = [0]{}, .int64Values = [0]{}, .bytes = [0]{}, .stringValue = ""}}
12-30 10:59:25.347   398   464 I DefaultVehicleHal_v2_0: DefaultVehicleHal::onPropertyValue, value:{.timestamp = 8501168745678, .areaId = 0, .prop = 557851047, .status = AVAILABLE, .value = {.int32Values = [1]{0}, .floatValues = [0]{}, .int64Values = [0]{}, .bytes = [0]{}, .stringValue = ""}}
12-30 10:59:25.347   398   464 D DiagPropHandler: is not DiagnosticConfig: 0x214021a7
12-30 10:59:25.347   398   464 I VehiclePropertyStore: begin to write value to Store: {.timestamp = 8501168745678, .areaId = 0, .prop = 557851047, .status = AVAILABLE, .value = {.int32Values = [1]{0}, .floatValues = [0]{}, .int64Values = [0]{}, .bytes = [0]{}, .stringValue = ""}}
12-30 10:59:25.347   398   464 D adayocomadapter-CommunicationManager: onUpstreamReceive mPropertyId 0x214021a7
12-30 10:59:25.347   398   464 D adayocomadapter-CommunicationManager: onUpstreamReceive mPropertyId 0x21402208
12-30 10:59:25.347   398   464 D adayocomadapter-CommunicationManager: convertBytesToInt32Memcpy  0
12-30 10:59:25.347   398   464 I vw-vhal : notifyVehicleProperty, propId = 0x21402208, data = {status: 2, int32Values: [0]}
12-30 10:59:25.347   398   464 I vw-vhal : CanSignalsAdapter::notifyVehicleProperty: solvedValue = {.timestamp = 8501169381011, .areaId = 0, .prop = 557851144, .status = AVAILABLE, .value = {.int32Values = [1]{0}, .floatValues = [0]{}, .int64Values = [0]{}, .bytes = [0]{}, .stringValue = ""}}
12-30 10:59:25.347   398   464 I VehiclePropertyStore: begin to write value to Store: {.timestamp = 8501169381011, .areaId = 0, .prop = 557851144, .status = AVAILABLE, .value = {.int32Values = [1]{0}, .floatValues = [0]{}, .int64Values = [0]{}, .bytes = [0]{}, .stringValue = ""}}
12-30 10:59:25.347   398   464 I DefaultVehicleHal_v2_0: DefaultVehicleHal::onPropertyValue, value:{.timestamp = 8501169381011, .areaId = 0, .prop = 557851144, .status = AVAILABLE, .value = {.int32Values = [1]{0}, .floatValues = [0]{}, .int64Values = [0]{}, .bytes = [0]{}, .stringValue = ""}}
12-30 10:59:25.347   398   464 D DiagPropHandler: is not DiagnosticConfig: 0x21402208
12-30 10:59:25.347   398   464 I VehiclePropertyStore: begin to write value to Store: {.timestamp = 8501169381011, .areaId = 0, .prop = 557851144, .status = AVAILABLE, .value = {.int32Values = [1]{0}, .floatValues = [0]{}, .int64Values = [0]{}, .bytes = [0]{}, .stringValue = ""}}
12-30 10:59:25.347   398   464 D adayocomadapter-CommunicationManager: onUpstreamReceive mPropertyId 0x21402208
12-30 10:59:25.347   398   464 D adayocomadapter-CommunicationManager: onUpstreamReceive mPropertyId 0x214021a9
12-30 10:59:25.348   398   464 D adayocomadapter-CommunicationManager: convertBytesToInt32Memcpy  0
12-30 10:59:25.348   398   464 I vw-vhal : notifyVehicleProperty, propId = 0x214021a9, data = {status: 2, int32Values: [0]}
12-30 10:59:25.348   398   464 I vw-vhal : CanSignalsAdapter::notifyVehicleProperty: solvedValue = {.timestamp = 8501170012344, .areaId = 0, .prop = 557851049, .status = AVAILABLE, .value = {.int32Values = [1]{0}, .floatValues = [0]{}, .int64Values = [0]{}, .bytes = [0]{}, .stringValue = ""}}
12-30 10:59:25.348   398   464 I VehiclePropertyStore: begin to write value to Store: {.timestamp = 8501170012344, .areaId = 0, .prop = 557851049, .status = AVAILABLE, .value = {.int32Values = [1]{0}, .floatValues = [0]{}, .int64Values = [0]{}, .bytes = [0]{}, .stringValue = ""}}
12-30 10:59:25.348   398   464 I DefaultVehicleHal_v2_0: DefaultVehicleHal::onPropertyValue, value:{.timestamp = 8501170012344, .areaId = 0, .prop = 557851049, .status = AVAILABLE, .value = {.int32Values = [1]{0}, .floatValues = [0]{}, .int64Values = [0]{}, .bytes = [0]{}, .stringValue = ""}}
12-30 10:59:25.348   398   464 D DiagPropHandler: is not DiagnosticConfig: 0x214021a9
12-30 10:59:25.348   398   464 I VehiclePropertyStore: begin to write value to Store: {.timestamp = 8501170012344, .areaId = 0, .prop = 557851049, .status = AVAILABLE, .value = {.int32Values = [1]{0}, .floatValues = [0]{}, .int64Values = [0]{}, .bytes = [0]{}, .stringValue = ""}}
12-30 10:59:25.348   398   464 D adayocomadapter-CommunicationManager: onUpstreamReceive mPropertyId 0x214021a9
12-30 10:59:25.348   398   464 D adayocomadapter-CommunicationManager: onUpstreamReceive mPropertyId 0x214021aa
12-30 10:59:25.348   398   464 D adayocomadapter-CommunicationManager: convertBytesToInt32Memcpy  0
12-30 10:59:25.348   398   464 I vw-vhal : notifyVehicleProperty, propId = 0x214021aa, data = {status: 2, int32Values: [0]}
12-30 10:59:25.348   398   464 I vw-vhal : CanSignalsAdapter::notifyVehicleProperty: solvedValue = {.timestamp = 8501170664344, .areaId = 0, .prop = 557851050, .status = AVAILABLE, .value = {.int32Values = [1]{0}, .floatValues = [0]{}, .int64Values = [0]{}, .bytes = [0]{}, .stringValue = ""}}
12-30 10:59:25.348   398   464 I VehiclePropertyStore: begin to write value to Store: {.timestamp = 8501170664344, .areaId = 0, .prop = 557851050, .status = AVAILABLE, .value = {.int32Values = [1]{0}, .floatValues = [0]{}, .int64Values = [0]{}, .bytes = [0]{}, .stringValue = ""}}
12-30 10:59:25.349   398   464 I DefaultVehicleHal_v2_0: DefaultVehicleHal::onPropertyValue, value:{.timestamp = 8501170664344, .areaId = 0, .prop = 557851050, .status = AVAILABLE, .value = {.int32Values = [1]{0}, .floatValues = [0]{}, .int64Values = [0]{}, .bytes = [0]{}, .stringValue = ""}}
12-30 10:59:25.349   398   464 D DiagPropHandler: is not DiagnosticConfig: 0x214021aa
12-30 10:59:25.349   398   464 I VehiclePropertyStore: begin to write value to Store: {.timestamp = 8501170664344, .areaId = 0, .prop = 557851050, .status = AVAILABLE, .value = {.int32Values = [1]{0}, .floatValues = [0]{}, .int64Values = [0]{}, .bytes = [0]{}, .stringValue = ""}}
12-30 10:59:25.349   398   464 D adayocomadapter-CommunicationManager: onUpstreamReceive mPropertyId 0x214021aa
12-30 10:59:25.349   398   464 D adayocomadapter-CommunicationManager: onUpstreamReceive mPropertyId 0x214021ab
12-30 10:59:25.349   398   464 D adayocomadapter-CommunicationManager: convertBytesToInt32Memcpy  0
12-30 10:59:25.349   398   464 I vw-vhal : notifyVehicleProperty, propId = 0x214021ab, data = {status: 2, int32Values: [0]}
12-30 10:59:25.349   398   464 I vw-vhal : CanSignalsAdapter::notifyVehicleProperty: solvedValue = {.timestamp = 8501171328678, .areaId = 0, .prop = 557851051, .status = AVAILABLE, .value = {.int32Values = [1]{0}, .floatValues = [0]{}, .int64Values = [0]{}, .bytes = [0]{}, .stringValue = ""}}
12-30 10:59:25.349   398   464 I VehiclePropertyStore: begin to write value to Store: {.timestamp = 8501171328678, .areaId = 0, .prop = 557851051, .status = AVAILABLE, .value = {.int32Values = [1]{0}, .floatValues = [0]{}, .int64Values = [0]{}, .bytes = [0]{}, .stringValue = ""}}
12-30 10:59:25.349   398   464 I DefaultVehicleHal_v2_0: DefaultVehicleHal::onPropertyValue, value:{.timestamp = 8501171328678, .areaId = 0, .prop = 557851051, .status = AVAILABLE, .value = {.int32Values = [1]{0}, .floatValues = [0]{}, .int64Values = [0]{}, .bytes = [0]{}, .stringValue = ""}}
12-30 10:59:25.349   398   464 D DiagPropHandler: is not DiagnosticConfig: 0x214021ab
12-30 10:59:25.349   398   464 I VehiclePropertyStore: begin to write value to Store: {.timestamp = 8501171328678, .areaId = 0, .prop = 557851051, .status = AVAILABLE, .value = {.int32Values = [1]{0}, .floatValues = [0]{}, .int64Values = [0]{}, .bytes = [0]{}, .stringValue = ""}}
12-30 10:59:25.349   398   464 D adayocomadapter-CommunicationManager: onUpstreamReceive mPropertyId 0x214021ab
12-30 10:59:25.349   398   464 D adayocomadapter-CommunicationManager: onUpstreamReceive mPropertyId 0x214021ac
12-30 10:59:25.349   398   464 D adayocomadapter-CommunicationManager: convertBytesToInt32Memcpy  0
12-30 10:59:25.350   398   464 I vw-vhal : notifyVehicleProperty, propId = 0x214021ac, data = {status: 2, int32Values: [0]}
12-30 10:59:25.350   360   931 D EvsDriver: forwardFrame
12-30 10:59:25.350   398   464 I vw-vhal : CanSignalsAdapter::notifyVehicleProperty: solvedValue = {.timestamp = 8501171976011, .areaId = 0, .prop = 557851052, .status = AVAILABLE, .value = {.int32Values = [1]{0}, .floatValues = [0]{}, .int64Values = [0]{}, .bytes = [0]{}, .stringValue = ""}}
12-30 10:59:25.350   360   931 D EvsDriver: forwardFrameDirect
12-30 10:59:25.350   398   464 I VehiclePropertyStore: begin to write value to Store: {.timestamp = 8501171976011, .areaId = 0, .prop = 557851052, .status = AVAILABLE, .value = {.int32Values = [1]{0}, .floatValues = [0]{}, .int64Values = [0]{}, .bytes = [0]{}, .stringValue = ""}}
12-30 10:59:25.350   398   464 I DefaultVehicleHal_v2_0: DefaultVehicleHal::onPropertyValue, value:{.timestamp = 8501171976011, .areaId = 0, .prop = 557851052, .status = AVAILABLE, .value = {.int32Values = [1]{0}, .floatValues = [0]{}, .int64Values = [0]{}, .bytes = [0]{}, .stringValue = ""}}
12-30 10:59:25.350   398   464 D DiagPropHandler: is not DiagnosticConfig: 0x214021ac
12-30 10:59:25.350   398   464 I VehiclePropertyStore: begin to write value to Store: {.timestamp = 8501171976011, .areaId = 0, .prop = 557851052, .status = AVAILABLE, .value = {.int32Values = [1]{0}, .floatValues = [0]{}, .int64Values = [0]{}, .bytes = [0]{}, .stringValue = ""}}
12-30 10:59:25.350   398   464 D adayocomadapter-CommunicationManager: onUpstreamReceive mPropertyId 0x214021ac
12-30 10:59:25.350   360   931 D EvsDriver: Delivered 0xb400e2ca9e40c7a0 as id 1
12-30 10:59:25.350   398   464 D adayocomadapter-CommunicationManager: onUpstreamReceive mPropertyId 0x2140220d
12-30 10:59:25.350   398   464 D adayocomadapter-CommunicationManager: convertBytesToInt32Memcpy  0
12-30 10:59:25.350   398   464 I vw-vhal : notifyVehicleProperty, propId = 0x2140220d, data = {status: 2, int32Values: [0]}
12-30 10:59:25.350   398   464 I vw-vhal : CanSignalsAdapter::notifyVehicleProperty: solvedValue = {.timestamp = 8501172679344, .areaId = 0, .prop = 557851149, .status = AVAILABLE, .value = {.int32Values = [1]{0}, .floatValues = [0]{}, .int64Values = [0]{}, .bytes = [0]{}, .stringValue = ""}}
12-30 10:59:25.350   398   464 I VehiclePropertyStore: begin to write value to Store: {.timestamp = 8501172679344, .areaId = 0, .prop = 557851149, .status = AVAILABLE, .value = {.int32Values = [1]{0}, .floatValues = [0]{}, .int64Values = [0]{}, .bytes = [0]{}, .stringValue = ""}}
12-30 10:59:25.350   359  2784 D evsmanagerd: /dev/video-evs0 forwarded the buffer #1 to 0xb400f125d2b26dd0 from 0xb400f125e2b20710
12-30 10:59:25.351   398   464 I DefaultVehicleHal_v2_0: DefaultVehicleHal::onPropertyValue, value:{.timestamp = 8501172679344, .areaId = 0, .prop = 557851149, .status = AVAILABLE, .value = {.int32Values = [1]{0}, .floatValues = [0]{}, .int64Values = [0]{}, .bytes = [0]{}, .stringValue = ""}}
12-30 10:59:25.351   398   464 D DiagPropHandler: is not DiagnosticConfig: 0x2140220d
12-30 10:59:25.351   398   464 I VehiclePropertyStore: begin to write value to Store: {.timestamp = 8501172679344, .areaId = 0, .prop = 557851149, .status = AVAILABLE, .value = {.int32Values = [1]{0}, .floatValues = [0]{}, .int64Values = [0]{}, .bytes = [0]{}, .stringValue = ""}}
12-30 10:59:25.351   398   464 D adayocomadapter-CommunicationManager: onUpstreamReceive mPropertyId 0x2140220d
12-30 10:59:25.351   398   464 D adayocomadapter-CommunicationManager: onUpstreamReceive mPropertyId 0x214021ad
12-30 10:59:25.351   398   464 D adayocomadapter-CommunicationManager: convertBytesToInt32Memcpy  0
12-30 10:59:25.351   398   464 I vw-vhal : notifyVehicleProperty, propId = 0x214021ad, data = {status: 2, int32Values: [0]}
12-30 10:59:25.351   398   464 I vw-vhal : CanSignalsAdapter::notifyVehicleProperty: solvedValue = {.timestamp = 8501173342344, .areaId = 0, .prop = 557851053, .status = AVAILABLE, .value = {.int32Values = [1]{0}, .floatValues = [0]{}, .int64Values = [0]{}, .bytes = [0]{}, .stringValue = ""}}
12-30 10:59:25.351   398   464 I VehiclePropertyStore: begin to write value to Store: {.timestamp = 8501173342344, .areaId = 0, .prop = 557851053, .status = AVAILABLE, .value = {.int32Values = [1]{0}, .floatValues = [0]{}, .int64Values = [0]{}, .bytes = [0]{}, .stringValue = ""}}
12-30 10:59:25.351   398   464 I DefaultVehicleHal_v2_0: DefaultVehicleHal::onPropertyValue, value:{.timestamp = 8501173342344, .areaId = 0, .prop = 557851053, .status = AVAILABLE, .value = {.int32Values = [1]{0}, .floatValues = [0]{}, .int64Values = [0]{}, .bytes = [0]{}, .stringValue = ""}}
12-30 10:59:25.351   398   464 D DiagPropHandler: is not DiagnosticConfig: 0x214021ad
12-30 10:59:25.351   398   464 I VehiclePropertyStore: begin to write value to Store: {.timestamp = 8501173342344, .areaId = 0, .prop = 557851053, .status = AVAILABLE, .value = {.int32Values = [1]{0}, .floatValues = [0]{}, .int64Values = [0]{}, .bytes = [0]{}, .stringValue = ""}}
12-30 10:59:25.351   398   464 D adayocomadapter-CommunicationManager: onUpstreamReceive mPropertyId 0x214021ad
12-30 10:59:25.351   398   464 D adayocomadapter-CommunicationManager: onUpstreamReceive mPropertyId 0x214021ae
12-30 10:59:25.351   398   464 D adayocomadapter-CommunicationManager: convertBytesToInt32Memcpy  0
12-30 10:59:25.352   398   464 I vw-vhal : notifyVehicleProperty, propId = 0x214021ae, data = {status: 2, int32Values: [0]}
12-30 10:59:25.352   398   464 I vw-vhal : CanSignalsAdapter::notifyVehicleProperty: solvedValue = {.timestamp = 8501173969678, .areaId = 0, .prop = 557851054, .status = AVAILABLE, .value = {.int32Values = [1]{0}, .floatValues = [0]{}, .int64Values = [0]{}, .bytes = [0]{}, .stringValue = ""}}
12-30 10:59:25.352   398   464 I VehiclePropertyStore: begin to write value to Store: {.timestamp = 8501173969678, .areaId = 0, .prop = 557851054, .status = AVAILABLE, .value = {.int32Values = [1]{0}, .floatValues = [0]{}, .int64Values = [0]{}, .bytes = [0]{}, .stringValue = ""}}
12-30 10:59:25.352   398   464 I DefaultVehicleHal_v2_0: DefaultVehicleHal::onPropertyValue, value:{.timestamp = 8501173969678, .areaId = 0, .prop = 557851054, .status = AVAILABLE, .value = {.int32Values = [1]{0}, .floatValues = [0]{}, .int64Values = [0]{}, .bytes = [0]{}, .stringValue = ""}}
12-30 10:59:25.352   398   464 D DiagPropHandler: is not DiagnosticConfig: 0x214021ae
12-30 10:59:25.352   398   464 I VehiclePropertyStore: begin to write value to Store: {.timestamp = 8501173969678, .areaId = 0, .prop = 557851054, .status = AVAILABLE, .value = {.int32Values = [1]{0}, .floatValues = [0]{}, .int64Values = [0]{}, .bytes = [0]{}, .stringValue = ""}}
12-30 10:59:25.352   398   464 D adayocomadapter-CommunicationManager: onUpstreamReceive mPropertyId 0x214021ae
12-30 10:59:25.352   398   464 D adayocomadapter-CommunicationManager: onUpstreamReceive mPropertyId 0x214021af
12-30 10:59:25.352   398   464 D adayocomadapter-CommunicationManager: convertBytesToInt32Memcpy  0
12-30 10:59:25.352   398   464 I vw-vhal : notifyVehicleProperty, propId = 0x214021af, data = {status: 2, int32Values: [0]}
12-30 10:59:25.352   398   464 I vw-vhal : CanSignalsAdapter::notifyVehicleProperty: solvedValue = {.timestamp = 8501174598344, .areaId = 0, .prop = 557851055, .status = AVAILABLE, .value = {.int32Values = [1]{0}, .floatValues = [0]{}, .int64Values = [0]{}, .bytes = [0]{}, .stringValue = ""}}
12-30 10:59:25.352   398   464 I VehiclePropertyStore: begin to write value to Store: {.timestamp = 8501174598344, .areaId = 0, .prop = 557851055, .status = AVAILABLE, .value = {.int32Values = [1]{0}, .floatValues = [0]{}, .int64Values = [0]{}, .bytes = [0]{}, .stringValue = ""}}
12-30 10:59:25.352   398   464 I DefaultVehicleHal_v2_0: DefaultVehicleHal::onPropertyValue, value:{.timestamp = 8501174598344, .areaId = 0, .prop = 557851055, .status = AVAILABLE, .value = {.int32Values = [1]{0}, .floatValues = [0]{}, .int64Values = [0]{}, .bytes = [0]{}, .stringValue = ""}}
12-30 10:59:25.353   398   464 D DiagPropHandler: is not DiagnosticConfig: 0x214021af
12-30 10:59:25.353   398   464 I VehiclePropertyStore: begin to write value to Store: {.timestamp = 8501174598344, .areaId = 0, .prop = 557851055, .status = AVAILABLE, .value = {.int32Values = [1]{0}, .floatValues = [0]{}, .int64Values = [0]{}, .bytes = [0]{}, .stringValue = ""}}
12-30 10:59:25.353   398   464 D adayocomadapter-CommunicationManager: onUpstreamReceive mPropertyId 0x214021af
12-30 10:59:25.353   398   464 D adayocomadapter-CommunicationManager: onUpstreamReceive mPropertyId 0x21402210
12-30 10:59:25.353   398   464 D adayocomadapter-CommunicationManager: convertBytesToInt32Memcpy  0
12-30 10:59:25.353   398   464 I vw-vhal : notifyVehicleProperty, propId = 0x21402210, data = {status: 2, int32Values: [0]}
12-30 10:59:25.353   398   464 I vw-vhal : CanSignalsAdapter::notifyVehicleProperty: solvedValue = {.timestamp = 8501175230011, .areaId = 0, .prop = 557851152, .status = AVAILABLE, .value = {.int32Values = [1]{0}, .floatValues = [0]{}, .int64Values = [0]{}, .bytes = [0]{}, .stringValue = ""}}
12-30 10:59:25.353   398   464 I VehiclePropertyStore: begin to write value to Store: {.timestamp = 8501175230011, .areaId = 0, .prop = 557851152, .status = AVAILABLE, .value = {.int32Values = [1]{0}, .floatValues = [0]{}, .int64Values = [0]{}, .bytes = [0]{}, .stringValue = ""}}
12-30 10:59:25.353   398   464 I DefaultVehicleHal_v2_0: DefaultVehicleHal::onPropertyValue, value:{.timestamp = 8501175230011, .areaId = 0, .prop = 557851152, .status = AVAILABLE, .value = {.int32Values = [1]{0}, .floatValues = [0]{}, .int64Values = [0]{}, .bytes = [0]{}, .stringValue = ""}}
12-30 10:59:25.353   398   464 D DiagPropHandler: is not DiagnosticConfig: 0x21402210
12-30 10:59:25.353   398   464 I VehiclePropertyStore: begin to write value to Store: {.timestamp = 8501175230011, .areaId = 0, .prop = 557851152, .status = AVAILABLE, .value = {.int32Values = [1]{0}, .floatValues = [0]{}, .int64Values = [0]{}, .bytes = [0]{}, .stringValue = ""}}
12-30 10:59:25.353   398   464 D adayocomadapter-CommunicationManager: onUpstreamReceive mPropertyId 0x21402210
12-30 10:59:25.353   398   464 D adayocomadapter-CommunicationManager: onUpstreamReceive mPropertyId 0x214021b0
12-30 10:59:25.353   398   464 D adayocomadapter-CommunicationManager: convertBytesToInt32Memcpy  0
12-30 10:59:25.353   398   464 I vw-vhal : notifyVehicleProperty, propId = 0x214021b0, data = {status: 2, int32Values: [0]}
12-30 10:59:25.354   398   464 I vw-vhal : CanSignalsAdapter::notifyVehicleProperty: solvedValue = {.timestamp = 8501175862011, .areaId = 0, .prop = 557851056, .status = AVAILABLE, .value = {.int32Values = [1]{0}, .floatValues = [0]{}, .int64Values = [0]{}, .bytes = [0]{}, .stringValue = ""}}
12-30 10:59:25.354   398   464 I VehiclePropertyStore: begin to write value to Store: {.timestamp = 8501175862011, .areaId = 0, .prop = 557851056, .status = AVAILABLE, .value = {.int32Values = [1]{0}, .floatValues = [0]{}, .int64Values = [0]{}, .bytes = [0]{}, .stringValue = ""}}
12-30 10:59:25.354   398   464 I DefaultVehicleHal_v2_0: DefaultVehicleHal::onPropertyValue, value:{.timestamp = 8501175862011, .areaId = 0, .prop = 557851056, .status = AVAILABLE, .value = {.int32Values = [1]{0}, .floatValues = [0]{}, .int64Values = [0]{}, .bytes = [0]{}, .stringValue = ""}}
12-30 10:59:25.354   398   464 D DiagPropHandler: is not DiagnosticConfig: 0x214021b0
12-30 10:59:25.354   398   464 I VehiclePropertyStore: begin to write value to Store: {.timestamp = 8501175862011, .areaId = 0, .prop = 557851056, .status = AVAILABLE, .value = {.int32Values = [1]{0}, .floatValues = [0]{}, .int64Values = [0]{}, .bytes = [0]{}, .stringValue = ""}}
12-30 10:59:25.354   398   464 D adayocomadapter-CommunicationManager: onUpstreamReceive mPropertyId 0x214021b0
12-30 10:59:25.354   398   464 D adayocomadapter-CommunicationManager: onUpstreamReceive mPropertyId 0x21402211
12-30 10:59:25.354   398   464 D adayocomadapter-CommunicationManager: convertBytesToInt32Memcpy  0
12-30 10:59:25.354   398   464 I vw-vhal : notifyVehicleProperty, propId = 0x21402211, data = {status: 2, int32Values: [0]}
12-30 10:59:25.354   398   464 I vw-vhal : CanSignalsAdapter::notifyVehicleProperty: solvedValue = {.timestamp = 8501176533011, .areaId = 0, .prop = 557851153, .status = AVAILABLE, .value = {.int32Values = [1]{0}, .floatValues = [0]{}, .int64Values = [0]{}, .bytes = [0]{}, .stringValue = ""}}
12-30 10:59:25.354   398   464 I VehiclePropertyStore: begin to write value to Store: {.timestamp = 8501176533011, .areaId = 0, .prop = 557851153, .status = AVAILABLE, .value = {.int32Values = [1]{0}, .floatValues = [0]{}, .int64Values = [0]{}, .bytes = [0]{}, .stringValue = ""}}
12-30 10:59:25.354   398   464 I DefaultVehicleHal_v2_0: DefaultVehicleHal::onPropertyValue, value:{.timestamp = 8501176533011, .areaId = 0, .prop = 557851153, .status = AVAILABLE, .value = {.int32Values = [1]{0}, .floatValues = [0]{}, .int64Values = [0]{}, .bytes = [0]{}, .stringValue = ""}}
12-30 10:59:25.354   398   464 D DiagPropHandler: is not DiagnosticConfig: 0x21402211
12-30 10:59:25.355   398   464 I VehiclePropertyStore: begin to write value to Store: {.timestamp = 8501176533011, .areaId = 0, .prop = 557851153, .status = AVAILABLE, .value = {.int32Values = [1]{0}, .floatValues = [0]{}, .int64Values = [0]{}, .bytes = [0]{}, .stringValue = ""}}
12-30 10:59:25.355   398   464 D adayocomadapter-CommunicationManager: onUpstreamReceive mPropertyId 0x21402211
12-30 10:59:25.355   398   464 D adayocomadapter-CommunicationManager: onUpstreamReceive mPropertyId 0x214021b6
12-30 10:59:25.355   398   464 D adayocomadapter-CommunicationManager: convertBytesToInt32Memcpy  0
12-30 10:59:25.355   398   464 I vw-vhal : notifyVehicleProperty, propId = 0x214021b6, data = {status: 2, int32Values: [0]}
12-30 10:59:25.355   398   464 I vw-vhal : CanSignalsAdapter::notifyVehicleProperty: solvedValue = {.timestamp = 8501177187344, .areaId = 0, .prop = 557851062, .status = AVAILABLE, .value = {.int32Values = [1]{0}, .floatValues = [0]{}, .int64Values = [0]{}, .bytes = [0]{}, .stringValue = ""}}
12-30 10:59:25.355   398   464 I VehiclePropertyStore: begin to write value to Store: {.timestamp = 8501177187344, .areaId = 0, .prop = 557851062, .status = AVAILABLE, .value = {.int32Values = [1]{0}, .floatValues = [0]{}, .int64Values = [0]{}, .bytes = [0]{}, .stringValue = ""}}
12-30 10:59:25.355   398   464 I DefaultVehicleHal_v2_0: DefaultVehicleHal::onPropertyValue, value:{.timestamp = 8501177187344, .areaId = 0, .prop = 557851062, .status = AVAILABLE, .value = {.int32Values = [1]{0}, .floatValues = [0]{}, .int64Values = [0]{}, .bytes = [0]{}, .stringValue = ""}}
12-30 10:59:25.355   398   464 D DiagPropHandler: is not DiagnosticConfig: 0x214021b6
12-30 10:59:25.355   398   464 I VehiclePropertyStore: begin to write value to Store: {.timestamp = 8501177187344, .areaId = 0, .prop = 557851062, .status = AVAILABLE, .value = {.int32Values = [1]{0}, .floatValues = [0]{}, .int64Values = [0]{}, .bytes = [0]{}, .stringValue = ""}}
12-30 10:59:25.355   398   464 D adayocomadapter-CommunicationManager: onUpstreamReceive mPropertyId 0x214021b6
12-30 10:59:25.355   398   464 D adayocomadapter-CommunicationManager: onUpstreamReceive mPropertyId 0x21402155
12-30 10:59:25.355   398   464 D adayocomadapter-CommunicationManager: convertBytesToInt32Memcpy  0
12-30 10:59:25.355   398   464 I vw-vhal : notifyVehicleProperty, propId = 0x21402155, data = {status: 2, int32Values: [0]}
12-30 10:59:25.356   398   464 I vw-vhal : CanSignalsAdapter::notifyVehicleProperty: solvedValue = {.timestamp = 8501177817678, .areaId = 0, .prop = 557850965, .status = AVAILABLE, .value = {.int32Values = [1]{0}, .floatValues = [0]{}, .int64Values = [0]{}, .bytes = [0]{}, .stringValue = ""}}
12-30 10:59:25.356   398   464 I VehiclePropertyStore: begin to write value to Store: {.timestamp = 8501177817678, .areaId = 0, .prop = 557850965, .status = AVAILABLE, .value = {.int32Values = [1]{0}, .floatValues = [0]{}, .int64Values = [0]{}, .bytes = [0]{}, .stringValue = ""}}
12-30 10:59:25.356   398   464 I DefaultVehicleHal_v2_0: DefaultVehicleHal::onPropertyValue, value:{.timestamp = 8501177817678, .areaId = 0, .prop = 557850965, .status = AVAILABLE, .value = {.int32Values = [1]{0}, .floatValues = [0]{}, .int64Values = [0]{}, .bytes = [0]{}, .stringValue = ""}}
12-30 10:59:25.356   398   464 D DiagPropHandler: is not DiagnosticConfig: 0x21402155
12-30 10:59:25.356   398   464 I VehiclePropertyStore: begin to write value to Store: {.timestamp = 8501177817678, .areaId = 0, .prop = 557850965, .status = AVAILABLE, .value = {.int32Values = [1]{0}, .floatValues = [0]{}, .int64Values = [0]{}, .bytes = [0]{}, .stringValue = ""}}
12-30 10:59:25.356   398   464 D adayocomadapter-CommunicationManager: onUpstreamReceive mPropertyId 0x21402155
12-30 10:59:25.356   398   464 D adayocomadapter-CommunicationManager: onUpstreamReceive mPropertyId 0x214021ba
12-30 10:59:25.356   398   464 D adayocomadapter-CommunicationManager: convertBytesToInt32Memcpy  0
12-30 10:59:25.356   398   464 I vw-vhal : notifyVehicleProperty, propId = 0x214021ba, data = {status: 2, int32Values: [0]}
12-30 10:59:25.356   398   464 I vw-vhal : CanSignalsAdapter::notifyVehicleProperty: solvedValue = {.timestamp = 8501178449344, .areaId = 0, .prop = 557851066, .status = AVAILABLE, .value = {.int32Values = [1]{0}, .floatValues = [0]{}, .int64Values = [0]{}, .bytes = [0]{}, .stringValue = ""}}
12-30 10:59:25.356   398   464 I VehiclePropertyStore: begin to write value to Store: {.timestamp = 8501178449344, .areaId = 0, .prop = 557851066, .status = AVAILABLE, .value = {.int32Values = [1]{0}, .floatValues = [0]{}, .int64Values = [0]{}, .bytes = [0]{}, .stringValue = ""}}
12-30 10:59:25.356   398   464 I DefaultVehicleHal_v2_0: DefaultVehicleHal::onPropertyValue, value:{.timestamp = 8501178449344, .areaId = 0, .prop = 557851066, .status = AVAILABLE, .value = {.int32Values = [1]{0}, .floatValues = [0]{}, .int64Values = [0]{}, .bytes = [0]{}, .stringValue = ""}}
12-30 10:59:25.356   398   464 D DiagPropHandler: is not DiagnosticConfig: 0x214021ba
12-30 10:59:25.356   398   464 I VehiclePropertyStore: begin to write value to Store: {.timestamp = 8501178449344, .areaId = 0, .prop = 557851066, .status = AVAILABLE, .value = {.int32Values = [1]{0}, .floatValues = [0]{}, .int64Values = [0]{}, .bytes = [0]{}, .stringValue = ""}}
12-30 10:59:25.357   398   464 D adayocomadapter-CommunicationManager: onUpstreamReceive mPropertyId 0x214021ba
12-30 10:59:25.357   398   464 D adayocomadapter-CommunicationManager: onUpstreamReceive mPropertyId 0x21402159
12-30 10:59:25.357   398   464 D adayocomadapter-CommunicationManager: convertBytesToInt32Memcpy  0
12-30 10:59:25.357   398   464 I vw-vhal : notifyVehicleProperty, propId = 0x21402159, data = {status: 2, int32Values: [0]}
12-30 10:59:25.357   398   464 I vw-vhal : CanSignalsAdapter::notifyVehicleProperty: solvedValue = {.timestamp = 8501179086011, .areaId = 0, .prop = 557850969, .status = AVAILABLE, .value = {.int32Values = [1]{0}, .floatValues = [0]{}, .int64Values = [0]{}, .bytes = [0]{}, .stringValue = ""}}
12-30 10:59:25.357   398   464 I VehiclePropertyStore: begin to write value to Store: {.timestamp = 8501179086011, .areaId = 0, .prop = 557850969, .status = AVAILABLE, .value = {.int32Values = [1]{0}, .floatValues = [0]{}, .int64Values = [0]{}, .bytes = [0]{}, .stringValue = ""}}
12-30 10:59:25.357  2475  2681 I TtsServiceAgent: check thread start checking, threadId = 29
12-30 10:59:25.357   398   464 I DefaultVehicleHal_v2_0: DefaultVehicleHal::onPropertyValue, value:{.timestamp = 8501179086011, .areaId = 0, .prop = 557850969, .status = AVAILABLE, .value = {.int32Values = [1]{0}, .floatValues = [0]{}, .int64Values = [0]{}, .bytes = [0]{}, .stringValue = ""}}
12-30 10:59:25.357  2475  2681 D TtsServiceAgent: start bind service...
12-30 10:59:25.357   398   464 D DiagPropHandler: is not DiagnosticConfig: 0x21402159
12-30 10:59:25.357  2475  2681 D TtsServiceAgent: ----->initService, usage = 16
12-30 10:59:25.357   398   464 I VehiclePropertyStore: begin to write value to Store: {.timestamp = 8501179086011, .areaId = 0, .prop = 557850969, .status = AVAILABLE, .value = {.int32Values = [1]{0}, .floatValues = [0]{}, .int64Values = [0]{}, .bytes = [0]{}, .stringValue = ""}}
12-30 10:59:25.357   398   464 D adayocomadapter-CommunicationManager: onUpstreamReceive mPropertyId 0x21402159
12-30 10:59:25.357   398   464 D adayocomadapter-CommunicationManager: onUpstreamReceive mPropertyId 0x214021bf
12-30 10:59:25.357   398   464 D adayocomadapter-CommunicationManager: convertBytesToInt32Memcpy  0
12-30 10:59:25.357   398   464 I vw-vhal : notifyVehicleProperty, propId = 0x214021bf, data = {status: 2, int32Values: [0]}
12-30 10:59:25.357  2475  2681 W ContextImpl: Calling a method in the system process without a qualified user: android.app.ContextImpl.bindService:1988 android.content.ContextWrapper.bindService:861 com.iflytek.autofly.ttsaidl.ttsproxy.TtsServiceAgent.initService:189 com.iflytek.autofly.ttsaidl.ttsproxy.TtsServiceAgent.initService:133 com.iflytek.autofly.ttsaidl.ttsproxy.TtsServiceAgent$2.run:517 
12-30 10:59:25.357   398   464 I vw-vhal : CanSignalsAdapter::notifyVehicleProperty: solvedValue = {.timestamp = 8501179725678, .areaId = 0, .prop = 557851071, .status = AVAILABLE, .value = {.int32Values = [1]{0}, .floatValues = [0]{}, .int64Values = [0]{}, .bytes = [0]{}, .stringValue = ""}}
12-30 10:59:25.358   398   464 I VehiclePropertyStore: begin to write value to Store: {.timestamp = 8501179725678, .areaId = 0, .prop = 557851071, .status = AVAILABLE, .value = {.int32Values = [1]{0}, .floatValues = [0]{}, .int64Values = [0]{}, .bytes = [0]{}, .stringValue = ""}}
12-30 10:59:25.358   398   464 I DefaultVehicleHal_v2_0: DefaultVehicleHal::onPropertyValue, value:{.timestamp = 8501179725678, .areaId = 0, .prop = 557851071, .status = AVAILABLE, .value = {.int32Values = [1]{0}, .floatValues = [0]{}, .int64Values = [0]{}, .bytes = [0]{}, .stringValue = ""}}
12-30 10:59:25.358   398   464 D DiagPropHandler: is not DiagnosticConfig: 0x214021bf
12-30 10:59:25.358   398   464 I VehiclePropertyStore: begin to write value to Store: {.timestamp = 8501179725678, .areaId = 0, .prop = 557851071, .status = AVAILABLE, .value = {.int32Values = [1]{0}, .floatValues = [0]{}, .int64Values = [0]{}, .bytes = [0]{}, .stringValue = ""}}
12-30 10:59:25.358   398   464 D adayocomadapter-CommunicationManager: onUpstreamReceive mPropertyId 0x214021bf
12-30 10:59:25.358   398   464 D adayocomadapter-CommunicationManager: onUpstreamReceive mPropertyId 0x2140215e
12-30 10:59:25.358   398   464 D adayocomadapter-CommunicationManager: convertBytesToInt32Memcpy  0
12-30 10:59:25.358   398   464 I vw-vhal : notifyVehicleProperty, propId = 0x2140215e, data = {status: 2, int32Values: [0]}
12-30 10:59:25.358   360   458 D EvsDriver: doneWithFrame
12-30 10:59:25.358   398   464 I vw-vhal : CanSignalsAdapter::notifyVehicleProperty: solvedValue = {.timestamp = 8501180744011, .areaId = 0, .prop = 557850974, .status = AVAILABLE, .value = {.int32Values = [1]{0}, .floatValues = [0]{}, .int64Values = [0]{}, .bytes = [0]{}, .stringValue = ""}}
12-30 10:59:25.358   398   464 I VehiclePropertyStore: begin to write value to Store: {.timestamp = 8501180744011, .areaId = 0, .prop = 557850974, .status = AVAILABLE, .value = {.int32Values = [1]{0}, .floatValues = [0]{}, .int64Values = [0]{}, .bytes = [0]{}, .stringValue = ""}}
12-30 10:59:25.358   916  3726 W ActivityManager: Unable to start service Intent { act=com.iflytek.autofly.tts.ttsservice.TtsAdapterService cmp=com.iflytek.cutefly.speechclient.hmi/com.iflytek.autofly.tts.ttsservice.TtsAdapterService } U=0: not found
12-30 10:59:25.359   398   464 I DefaultVehicleHal_v2_0: DefaultVehicleHal::onPropertyValue, value:{.timestamp = 8501180744011, .areaId = 0, .prop = 557850974, .status = AVAILABLE, .value = {.int32Values = [1]{0}, .floatValues = [0]{}, .int64Values = [0]{}, .bytes = [0]{}, .stringValue = ""}}
12-30 10:59:25.359   398   464 D DiagPropHandler: is not DiagnosticConfig: 0x2140215e
12-30 10:59:25.359   398   464 I VehiclePropertyStore: begin to write value to Store: {.timestamp = 8501180744011, .areaId = 0, .prop = 557850974, .status = AVAILABLE, .value = {.int32Values = [1]{0}, .floatValues = [0]{}, .int64Values = [0]{}, .bytes = [0]{}, .stringValue = ""}}
12-30 10:59:25.359   398   464 D adayocomadapter-CommunicationManager: onUpstreamReceive mPropertyId 0x2140215e
12-30 10:59:25.359   398   464 D adayocomadapter-CommunicationManager: onUpstreamReceive mPropertyId 0x21402220
12-30 10:59:25.359   398   464 D adayocomadapter-CommunicationManager: convertBytesToInt32Memcpy  0
12-30 10:59:25.359   398   464 I vw-vhal : notifyVehicleProperty, propId = 0x21402220, data = {status: 2, int32Values: [0]}
12-30 10:59:25.359   398   464 I vw-vhal : CanSignalsAdapter::notifyVehicleProperty: solvedValue = {.timestamp = 8501181104011, .areaId = 0, .prop = 557851168, .status = AVAILABLE, .value = {.int32Values = [1]{0}, .floatValues = [0]{}, .int64Values = [0]{}, .bytes = [0]{}, .stringValue = ""}}
12-30 10:59:25.359  2475  2681 D TtsServiceAgent: bindService: false
