12-30 10:59:22.980   398   464 I VehiclePropertyStore: begin to write value to Store: {.timestamp = 8498802585344, .areaId = 0, .prop = 557850765, .status = AVAILABLE, .value = {.int32Values = [1]{0}, .floatValues = [0]{}, .int64Values = [0]{}, .bytes = [0]{}, .stringValue = ""}}
12-30 10:59:22.980   398   464 I DefaultVehicleHal_v2_0: DefaultVehicleHal::onPropertyValue, value:{.timestamp = 8498802585344, .areaId = 0, .prop = 557850765, .status = AVAILABLE, .value = {.int32Values = [1]{0}, .floatValues = [0]{}, .int64Values = [0]{}, .bytes = [0]{}, .stringValue = ""}}
12-30 10:59:22.981   398   464 D DiagPropHandler: is not DiagnosticConfig: 0x2140208d
12-30 10:59:22.981   398   464 I VehiclePropertyStore: begin to write value to Store: {.timestamp = 8498802585344, .areaId = 0, .prop = 557850765, .status = AVAILABLE, .value = {.int32Values = [1]{0}, .floatValues = [0]{}, .int64Values = [0]{}, .bytes = [0]{}, .stringValue = ""}}
12-30 10:59:22.981   398   464 D adayocomadapter-CommunicationManager: onUpstreamReceive mPropertyId 0x2140208d
12-30 10:59:22.981   398   464 D adayocomadapter-CommunicationManager: onUpstreamReceive mPropertyId 0x21402195
12-30 10:59:22.981   398   464 D adayocomadapter-CommunicationManager: convertBytesToInt32Memcpy  0
12-30 10:59:22.981   398   464 I vw-vhal : notifyVehicleProperty, propId = 0x21402195, data = {status: 2, int32Values: [0]}
12-30 10:59:22.981   398   464 I vw-vhal : CanSignalsAdapter::notifyVehicleProperty: solvedValue = {.timestamp = 8498803266677, .areaId = 0, .prop = 557851029, .status = AVAILABLE, .value = {.int32Values = [1]{0}, .floatValues = [0]{}, .int64Values = [0]{}, .bytes = [0]{}, .stringValue = ""}}
12-30 10:59:22.981   398   464 I VehiclePropertyStore: begin to write value to Store: {.timestamp = 8498803266677, .areaId = 0, .prop = 557851029, .status = AVAILABLE, .value = {.int32Values = [1]{0}, .floatValues = [0]{}, .int64Values = [0]{}, .bytes = [0]{}, .stringValue = ""}}
12-30 10:59:22.981   398   464 I DefaultVehicleHal_v2_0: DefaultVehicleHal::onPropertyValue, value:{.timestamp = 8498803266677, .areaId = 0, .prop = 557851029, .status = AVAILABLE, .value = {.int32Values = [1]{0}, .floatValues = [0]{}, .int64Values = [0]{}, .bytes = [0]{}, .stringValue = ""}}
12-30 10:59:22.981   398   464 D DiagPropHandler: is not DiagnosticConfig: 0x21402195
12-30 10:59:22.981   398   464 I VehiclePropertyStore: begin to write value to Store: {.timestamp = 8498803266677, .areaId = 0, .prop = 557851029, .status = AVAILABLE, .value = {.int32Values = [1]{0}, .floatValues = [0]{}, .int64Values = [0]{}, .bytes = [0]{}, .stringValue = ""}}
12-30 10:59:22.981   398   464 D adayocomadapter-CommunicationManager: onUpstreamReceive mPropertyId 0x21402195
12-30 10:59:22.981   398   464 D adayocomadapter-CommunicationManager: onUpstreamReceive mPropertyId 0x21402192
12-30 10:59:22.981   398   464 D adayocomadapter-CommunicationManager: convertBytesToInt32Memcpy  0
12-30 10:59:22.982   398   464 I vw-vhal : notifyVehicleProperty, propId = 0x21402192, data = {status: 2, int32Values: [0]}
12-30 10:59:22.982   398   464 I vw-vhal : CanSignalsAdapter::notifyVehicleProperty: solvedValue = {.timestamp = 8498803916677, .areaId = 0, .prop = 557851026, .status = AVAILABLE, .value = {.int32Values = [1]{0}, .floatValues = [0]{}, .int64Values = [0]{}, .bytes = [0]{}, .stringValue = ""}}
12-30 10:59:22.982   398   464 I VehiclePropertyStore: begin to write value to Store: {.timestamp = 8498803916677, .areaId = 0, .prop = 557851026, .status = AVAILABLE, .value = {.int32Values = [1]{0}, .floatValues = [0]{}, .int64Values = [0]{}, .bytes = [0]{}, .stringValue = ""}}
12-30 10:59:22.982   398   464 I DefaultVehicleHal_v2_0: DefaultVehicleHal::onPropertyValue, value:{.timestamp = 8498803916677, .areaId = 0, .prop = 557851026, .status = AVAILABLE, .value = {.int32Values = [1]{0}, .floatValues = [0]{}, .int64Values = [0]{}, .bytes = [0]{}, .stringValue = ""}}
12-30 10:59:22.982   398   464 D DiagPropHandler: is not DiagnosticConfig: 0x21402192
12-30 10:59:22.982   398   464 I VehiclePropertyStore: begin to write value to Store: {.timestamp = 8498803916677, .areaId = 0, .prop = 557851026, .status = AVAILABLE, .value = {.int32Values = [1]{0}, .floatValues = [0]{}, .int64Values = [0]{}, .bytes = [0]{}, .stringValue = ""}}
12-30 10:59:22.982   398   464 D adayocomadapter-CommunicationManager: onUpstreamReceive mPropertyId 0x21402192
12-30 10:59:22.982   398   464 D adayocomadapter-CommunicationManager: onUpstreamReceive mPropertyId 0x2140208a
12-30 10:59:22.982   398   464 D adayocomadapter-CommunicationManager: convertBytesToInt32Memcpy  0
12-30 10:59:22.982   398   464 I vw-vhal : notifyVehicleProperty, propId = 0x2140208a, data = {status: 2, int32Values: [0]}
12-30 10:59:22.982   398   464 I vw-vhal : CanSignalsAdapter::notifyVehicleProperty: solvedValue = {.timestamp = 8498804599011, .areaId = 0, .prop = 557850762, .status = AVAILABLE, .value = {.int32Values = [1]{0}, .floatValues = [0]{}, .int64Values = [0]{}, .bytes = [0]{}, .stringValue = ""}}
12-30 10:59:22.982   398   464 I VehiclePropertyStore: begin to write value to Store: {.timestamp = 8498804599011, .areaId = 0, .prop = 557850762, .status = AVAILABLE, .value = {.int32Values = [1]{0}, .floatValues = [0]{}, .int64Values = [0]{}, .bytes = [0]{}, .stringValue = ""}}
12-30 10:59:22.982   398   464 I DefaultVehicleHal_v2_0: DefaultVehicleHal::onPropertyValue, value:{.timestamp = 8498804599011, .areaId = 0, .prop = 557850762, .status = AVAILABLE, .value = {.int32Values = [1]{0}, .floatValues = [0]{}, .int64Values = [0]{}, .bytes = [0]{}, .stringValue = ""}}
12-30 10:59:22.983   398   464 D DiagPropHandler: is not DiagnosticConfig: 0x2140208a
12-30 10:59:22.983   398   464 I VehiclePropertyStore: begin to write value to Store: {.timestamp = 8498804599011, .areaId = 0, .prop = 557850762, .status = AVAILABLE, .value = {.int32Values = [1]{0}, .floatValues = [0]{}, .int64Values = [0]{}, .bytes = [0]{}, .stringValue = ""}}
12-30 10:59:22.983   398   464 D adayocomadapter-CommunicationManager: onUpstreamReceive mPropertyId 0x2140208a
12-30 10:59:22.983   398   464 D adayocomadapter-CommunicationManager: onUpstreamReceive mPropertyId 0x21402196
12-30 10:59:22.983   398   464 D adayocomadapter-CommunicationManager: convertBytesToInt32Memcpy  0
12-30 10:59:22.983   398   464 I vw-vhal : notifyVehicleProperty, propId = 0x21402196, data = {status: 2, int32Values: [0]}
12-30 10:59:22.983   398   464 I vw-vhal : CanSignalsAdapter::notifyVehicleProperty: solvedValue = {.timestamp = 8498805235677, .areaId = 0, .prop = 557851030, .status = AVAILABLE, .value = {.int32Values = [1]{0}, .floatValues = [0]{}, .int64Values = [0]{}, .bytes = [0]{}, .stringValue = ""}}
12-30 10:59:22.983   398   464 I VehiclePropertyStore: begin to write value to Store: {.timestamp = 8498805235677, .areaId = 0, .prop = 557851030, .status = AVAILABLE, .value = {.int32Values = [1]{0}, .floatValues = [0]{}, .int64Values = [0]{}, .bytes = [0]{}, .stringValue = ""}}
12-30 10:59:22.983   360   931 I EvsDriver: /dev/video-evs0 VideoCapture fps 29.9995
12-30 10:59:22.983   398   464 I DefaultVehicleHal_v2_0: DefaultVehicleHal::onPropertyValue, value:{.timestamp = 8498805235677, .areaId = 0, .prop = 557851030, .status = AVAILABLE, .value = {.int32Values = [1]{0}, .floatValues = [0]{}, .int64Values = [0]{}, .bytes = [0]{}, .stringValue = ""}}
12-30 10:59:22.983   360   931 D EvsDriver: forwardFrame
12-30 10:59:22.983   398   464 D DiagPropHandler: is not DiagnosticConfig: 0x21402196
12-30 10:59:22.983   360   931 D EvsDriver: forwardFrameDirect
12-30 10:59:22.983   398   464 I VehiclePropertyStore: begin to write value to Store: {.timestamp = 8498805235677, .areaId = 0, .prop = 557851030, .status = AVAILABLE, .value = {.int32Values = [1]{0}, .floatValues = [0]{}, .int64Values = [0]{}, .bytes = [0]{}, .stringValue = ""}}
12-30 10:59:22.983   398   464 D adayocomadapter-CommunicationManager: onUpstreamReceive mPropertyId 0x21402196
12-30 10:59:22.983   398   464 D adayocomadapter-CommunicationManager: onUpstreamReceive mPropertyId 0x21402197
12-30 10:59:22.983   398   464 D adayocomadapter-CommunicationManager: convertBytesToInt32Memcpy  0
12-30 10:59:22.983   398   464 I vw-vhal : notifyVehicleProperty, propId = 0x21402197, data = {status: 2, int32Values: [0]}
12-30 10:59:22.984   360   931 D EvsDriver: Delivered 0xb400e2ca9e40e270 as id 0
12-30 10:59:22.984   398   464 I vw-vhal : CanSignalsAdapter::notifyVehicleProperty: solvedValue = {.timestamp = 8498805885344, .areaId = 0, .prop = 557851031, .status = AVAILABLE, .value = {.int32Values = [1]{0}, .floatValues = [0]{}, .int64Values = [0]{}, .bytes = [0]{}, .stringValue = ""}}
12-30 10:59:22.984   398   464 I VehiclePropertyStore: begin to write value to Store: {.timestamp = 8498805885344, .areaId = 0, .prop = 557851031, .status = AVAILABLE, .value = {.int32Values = [1]{0}, .floatValues = [0]{}, .int64Values = [0]{}, .bytes = [0]{}, .stringValue = ""}}
12-30 10:59:22.984   359  2784 D evsmanagerd: /dev/video-evs0 forwarded the buffer #0 to 0xb400f125d2b26dd0 from 0xb400f125e2b20710
12-30 10:59:22.984   398   464 I DefaultVehicleHal_v2_0: DefaultVehicleHal::onPropertyValue, value:{.timestamp = 8498805885344, .areaId = 0, .prop = 557851031, .status = AVAILABLE, .value = {.int32Values = [1]{0}, .floatValues = [0]{}, .int64Values = [0]{}, .bytes = [0]{}, .stringValue = ""}}
12-30 10:59:22.984   398   464 D DiagPropHandler: is not DiagnosticConfig: 0x21402197
12-30 10:59:22.984   398   464 I VehiclePropertyStore: begin to write value to Store: {.timestamp = 8498805885344, .areaId = 0, .prop = 557851031, .status = AVAILABLE, .value = {.int32Values = [1]{0}, .floatValues = [0]{}, .int64Values = [0]{}, .bytes = [0]{}, .stringValue = ""}}
12-30 10:59:22.984   398   464 D adayocomadapter-CommunicationManager: onUpstreamReceive mPropertyId 0x21402197
12-30 10:59:22.984   398   464 D adayocomadapter-CommunicationManager: onUpstreamReceive mPropertyId 0x21402199
12-30 10:59:22.984   398   464 D adayocomadapter-CommunicationManager: convertBytesToInt32Memcpy  0
12-30 10:59:22.984   398   464 I vw-vhal : notifyVehicleProperty, propId = 0x21402199, data = {status: 2, int32Values: [0]}
12-30 10:59:22.984   398   464 I vw-vhal : CanSignalsAdapter::notifyVehicleProperty: solvedValue = {.timestamp = 8498806523677, .areaId = 0, .prop = 557851033, .status = AVAILABLE, .value = {.int32Values = [1]{0}, .floatValues = [0]{}, .int64Values = [0]{}, .bytes = [0]{}, .stringValue = ""}}
12-30 10:59:22.984   398   464 I VehiclePropertyStore: begin to write value to Store: {.timestamp = 8498806523677, .areaId = 0, .prop = 557851033, .status = AVAILABLE, .value = {.int32Values = [1]{0}, .floatValues = [0]{}, .int64Values = [0]{}, .bytes = [0]{}, .stringValue = ""}}
12-30 10:59:22.984   398   464 I DefaultVehicleHal_v2_0: DefaultVehicleHal::onPropertyValue, value:{.timestamp = 8498806523677, .areaId = 0, .prop = 557851033, .status = AVAILABLE, .value = {.int32Values = [1]{0}, .floatValues = [0]{}, .int64Values = [0]{}, .bytes = [0]{}, .stringValue = ""}}
12-30 10:59:22.984   398   464 D DiagPropHandler: is not DiagnosticConfig: 0x21402199
12-30 10:59:22.985   398   464 I VehiclePropertyStore: begin to write value to Store: {.timestamp = 8498806523677, .areaId = 0, .prop = 557851033, .status = AVAILABLE, .value = {.int32Values = [1]{0}, .floatValues = [0]{}, .int64Values = [0]{}, .bytes = [0]{}, .stringValue = ""}}
12-30 10:59:22.985   398   464 D adayocomadapter-CommunicationManager: onUpstreamReceive mPropertyId 0x21402199
12-30 10:59:22.991   360   458 D EvsDriver: doneWithFrame
12-30 10:59:22.992  1667  2410 I media_message_log->MediaMessageUserProxy: (SourceFile:1)b connectToService action bind
12-30 10:59:22.993   916  3726 W ActivityManager: Unable to start service Intent { cmp=com.adayo.server.mediamessagetransfer/.MediaMessTransferService (has extras) } U=0: not found
12-30 10:59:22.993  1667  2410 E media_message_log->MediaMessageUserProxy: (SourceFile:7)a bindServiceAsUser isBound = false
12-30 10:59:23.016   360   931 D EvsDriver: forwardFrame
12-30 10:59:23.016   360   931 D EvsDriver: forwardFrameDirect
12-30 10:59:23.017   360   931 D EvsDriver: Delivered 0xb400e2ca9e40d4b0 as id 1
12-30 10:59:23.017   359  2784 D evsmanagerd: /dev/video-evs0 forwarded the buffer #1 to 0xb400f125d2b26dd0 from 0xb400f125e2b20710
12-30 10:59:23.021  2358  2623 D RcfController: Rcf proxy is not connected!
12-30 10:59:23.022   360   458 D EvsDriver: doneWithFrame
12-30 10:59:23.031   657   908 D EvsApp  : state:255,subState:255,desiredState:0,subDesiredState:0
12-30 10:59:23.043   596  3076 E WifiHAL : Invalid data received from driver
12-30 10:59:23.050   360   931 D EvsDriver: forwardFrame
12-30 10:59:23.050   360   931 D EvsDriver: forwardFrameDirect
12-30 10:59:23.050   360   931 D EvsDriver: Delivered 0xb400e2ca9e40c2d0 as id 0
12-30 10:59:23.050   359  2784 D evsmanagerd: /dev/video-evs0 forwarded the buffer #0 to 0xb400f125d2b26dd0 from 0xb400f125e2b20710
12-30 10:59:23.052   360   458 D EvsDriver: doneWithFrame
12-30 10:59:23.071  2358  2623 D RcfController: Rcf proxy is not connected!
12-30 10:59:23.083   360   931 D EvsDriver: forwardFrame
12-30 10:59:23.083   360   931 D EvsDriver: forwardFrameDirect
12-30 10:59:23.083   360   931 D EvsDriver: Delivered 0xb400e2ca9e40d090 as id 1
12-30 10:59:23.084   359  2784 D evsmanagerd: /dev/video-evs0 forwarded the buffer #1 to 0xb400f125d2b26dd0 from 0xb400f125e2b20710
12-30 10:59:23.092   360   458 D EvsDriver: doneWithFrame
12-30 10:59:23.108   596  3076 E WifiHAL : Invalid data received from driver
12-30 10:59:23.116   360   931 D EvsDriver: forwardFrame
12-30 10:59:23.116   360   931 D EvsDriver: forwardFrameDirect
12-30 10:59:23.117   360   931 D EvsDriver: Delivered 0xb400e2ca9e40e110 as id 0
12-30 10:59:23.117   359  2784 D evsmanagerd: /dev/video-evs0 forwarded the buffer #0 to 0xb400f125d2b26dd0 from 0xb400f125e2b20710
12-30 10:59:23.121  2358  2623 D RcfController: Rcf proxy is not connected!
12-30 10:59:23.123   360   458 D EvsDriver: doneWithFrame
12-30 10:59:23.150   360   931 D EvsDriver: forwardFrame
12-30 10:59:23.150   360   931 D EvsDriver: forwardFrameDirect
12-30 10:59:23.150   360   931 D EvsDriver: Delivered 0xb400e2ca9e40c7a0 as id 1
12-30 10:59:23.150   359  2784 D evsmanagerd: /dev/video-evs0 forwarded the buffer #1 to 0xb400f125d2b26dd0 from 0xb400f125e2b20710
12-30 10:59:23.153   360   458 D EvsDriver: doneWithFrame
12-30 10:59:23.158   650   729 D fgemcucomm: sd Uart data : 6AA602093D0002920222
12-30 10:59:23.158   650   729 D fgemcucomm: rev uart=70224,len=60, data : 6AA681093D00349202001800000000000000000000000000000000000000000000000000000000000000000000000000000000000000000000000059
12-30 10:59:23.159   398   882 D adayocomadapter-ParseProtocolFunc: printRaWMsg Name[MCUToUPstream recv] len[52] data[92020018000000000000000000000000000000000000000000000000000000000000000000000000000000000000000000000000]
12-30 10:59:23.159   398   882 D adayocomadapter-CommunicationManager: onUpstreamback   member[0] dataLength[49] timePoint[8498981]
12-30 10:59:23.159   398   882 D adayocomadapter-ParseProtocolFunc: printRaWMsg Name[onUpstreamback] len[49] data[18000000000000000000000000000000000000000000000000000000000000000000000000000000000000000000000000]
12-30 10:59:23.159   398   464 D adayocomadapter-UpstreamHandler: processBeforePacket upSreamtProcessTimePoint[8498981] 
12-30 10:59:23.159   398   464 D adayocomadapter-UpstreamHandler: processPacket UPSTREAM_QUEUE_DATA_TIMEOUT
12-30 10:59:23.159   398   464 D adayocomadapter-ParseProtocolFunc: parseCommonIPCLBytes Processing tableNumber[24]
12-30 10:59:23.159   398   464 D adayocomadapter-ParseProtocolFunc: parseCommonIPCLBytes Processing tablename[Table-24] tableSize[49]
12-30 10:59:23.159   398   464 D adayocomadapter-ParseProtocolFunc: printRaWMsg Name[byteStream recv] len[49] data[18000000000000000000000000000000000000000000000000000000000000000000000000000000000000000000000000]
12-30 10:59:23.159   398   464 D adayocomadapter-ParseProtocolFunc: printRaWMsg Name[IPCLtoVHAL] len[8] data[2141211D01000000]
12-30 10:59:23.159   398   464 D adayocomadapter-ParseProtocolFunc: printRaWMsg Name[IPCLtoVHAL] len[7] data[2140207A000000]
12-30 10:59:23.159   398   464 D adayocomadapter-ParseProtocolFunc: printRaWMsg Name[IPCLtoVHAL] len[6] data[214020D30000]
12-30 10:59:23.159   398   464 D adayocomadapter-ParseProtocolFunc: printRaWMsg Name[IPCLtoVHAL] len[6] data[214020CB0000]
12-30 10:59:23.159   398   464 D adayocomadapter-ParseProtocolFunc: printRaWMsg Name[IPCLtoVHAL] len[7] data[2140203C000000]
12-30 10:59:23.159   398   464 D adayocomadapter-ParseProtocolFunc: printRaWMsg Name[IPCLtoVHAL] len[6] data[214020C90000]
12-30 10:59:23.159   398   464 D adayocomadapter-ParseProtocolFunc: printRaWMsg Name[IPCLtoVHAL] len[6] data[214020CF0000]
12-30 10:59:23.159   398   464 D adayocomadapter-ParseProtocolFunc: printRaWMsg Name[IPCLtoVHAL] len[7] data[21402040000000]
12-30 10:59:23.159   398   464 D adayocomadapter-ParseProtocolFunc: printRaWMsg Name[IPCLtoVHAL] len[6] data[214020D10000]
12-30 10:59:23.159   398   464 D adayocomadapter-ParseProtocolFunc: printRaWMsg Name[IPCLtoVHAL] len[7] data[21402044000000]
12-30 10:59:23.159   398   464 D adayocomadapter-ParseProtocolFunc: printRaWMsg Name[IPCLtoVHAL] len[6] data[214020D50000]
12-30 10:59:23.159   398   464 D adayocomadapter-ParseProtocolFunc: printRaWMsg Name[IPCLtoVHAL] len[7] data[21402038000000]
12-30 10:59:23.159   398   464 D adayocomadapter-ParseProtocolFunc: printRaWMsg Name[IPCLtoVHAL] len[7] data[2140207D000000]
12-30 10:59:23.159   398   464 D adayocomadapter-ParseProtocolFunc: printRaWMsg Name[IPCLtoVHAL] len[7] data[2140207F000000]
12-30 10:59:23.159   398   464 D adayocomadapter-ParseProtocolFunc: printRaWMsg Name[IPCLtoVHAL] len[6] data[214020520000]
12-30 10:59:23.159   398   464 D adayocomadapter-ParseProtocolFunc: printRaWMsg Name[IPCLtoVHAL] len[7] data[21402081000000]
12-30 10:59:23.159   398   464 D adayocomadapter-ParseProtocolFunc: printRaWMsg Name[IPCLtoVHAL] len[7] data[21402080000000]
12-30 10:59:23.159   398   464 D adayocomadapter-ParseProtocolFunc: printRaWMsg Name[IPCLtoVHAL] len[7] data[21402051000000]
12-30 10:59:23.159   398   464 D adayocomadapter-ParseProtocolFunc: printRaWMsg Name[IPCLtoVHAL] len[7] data[2140207B000000]
12-30 10:59:23.159   398   464 D adayocomadapter-ParseProtocolFunc: printRaWMsg Name[IPCLtoVHAL] len[7] data[2140204C000000]
12-30 10:59:23.159   398   464 D adayocomadapter-ParseProtocolFunc: printRaWMsg Name[IPCLtoVHAL] len[7] data[2140207C000000]
12-30 10:59:23.159   398   464 D adayocomadapter-ParseProtocolFunc: printRaWMsg Name[IPCLtoVHAL] len[7] data[2140207E000000]
12-30 10:59:23.159   398   464 D adayocomadapter-ParseProtocolFunc: printRaWMsg Name[IPCLtoVHAL] len[7] data[21402082000000]
12-30 10:59:23.159   398   464 D adayocomadapter-ParseProtocolFunc: printRaWMsg Name[IPCLtoVHAL] len[7] data[21402083000000]
12-30 10:59:23.159   398   464 D adayocomadapter-ParseProtocolFunc: printRaWMsg Name[IPCLtoVHAL] len[7] data[21402084000000]
12-30 10:59:23.159   398   464 D adayocomadapter-ParseProtocolFunc: printRaWMsg Name[IPCLtoVHAL] len[7] data[21402085000000]
12-30 10:59:23.159   398   464 D adayocomadapter-ParseProtocolFunc: printRaWMsg Name[IPCLtoVHAL] len[6] data[2140220A0000]
12-30 10:59:23.159   398   464 D adayocomadapter-ParseProtocolFunc: printRaWMsg Name[IPCLtoVHAL] len[6] data[214021E60000]
12-30 10:59:23.159   398   464 D adayocomadapter-CommunicationManager: onUpstreamReceive mPropertyId 0x2141211d
12-30 10:59:23.159   398   464 I vw-vhal : notifyVehicleProperty, propId = 0x2141211d, data = {status: 2, int32Values: [0, 0, 0]}
12-30 10:59:23.159   398   464 I vw-vhal : CanSignalsAdapter::notifyVehicleProperty: solvedValue = {.timestamp = 8498981773011, .areaId = 0, .prop = 557916445, .status = AVAILABLE, .value = {.int32Values = [3]{0, 0, 0}, .floatValues = [0]{}, .int64Values = [0]{}, .bytes = [0]{}, .stringValue = ""}}
12-30 10:59:23.159   398   464 I VehiclePropertyStore: begin to write value to Store: {.timestamp = 8498981773011, .areaId = 0, .prop = 557916445, .status = AVAILABLE, .value = {.int32Values = [3]{0, 0, 0}, .floatValues = [0]{}, .int64Values = [0]{}, .bytes = [0]{}, .stringValue = ""}}
12-30 10:59:23.160   398   464 I DefaultVehicleHal_v2_0: DefaultVehicleHal::onPropertyValue, value:{.timestamp = 8498981773011, .areaId = 0, .prop = 557916445, .status = AVAILABLE, .value = {.int32Values = [3]{0, 0, 0}, .floatValues = [0]{}, .int64Values = [0]{}, .bytes = [0]{}, .stringValue = ""}}
12-30 10:59:23.160   398   464 D DiagPropHandler: is not DiagnosticConfig: 0x2141211d
12-30 10:59:23.160   398   464 I VehiclePropertyStore: begin to write value to Store: {.timestamp = 8498981773011, .areaId = 0, .prop = 557916445, .status = AVAILABLE, .value = {.int32Values = [3]{0, 0, 0}, .floatValues = [0]{}, .int64Values = [0]{}, .bytes = [0]{}, .stringValue = ""}}
12-30 10:59:23.160   398   464 D adayocomadapter-CommunicationManager: onUpstreamReceive mPropertyId 0x2141211d
12-30 10:59:23.160   398   464 D adayocomadapter-CommunicationManager: onUpstreamReceive mPropertyId 0x2140207a
12-30 10:59:23.160   398   464 D adayocomadapter-CommunicationManager: convertBytesToInt32Memcpy  0
12-30 10:59:23.160   398   464 I vw-vhal : notifyVehicleProperty, propId = 0x2140207a, data = {status: 2, int32Values: [0]}
12-30 10:59:23.160   398   464 I vw-vhal : CanSignalsAdapter::notifyVehicleProperty: solvedValue = {.timestamp = 8498982003344, .areaId = 0, .prop = 557850746, .status = AVAILABLE, .value = {.int32Values = [1]{0}, .floatValues = [0]{}, .int64Values = [0]{}, .bytes = [0]{}, .stringValue = ""}}
12-30 10:59:23.160   398   464 I VehiclePropertyStore: begin to write value to Store: {.timestamp = 8498982003344, .areaId = 0, .prop = 557850746, .status = AVAILABLE, .value = {.int32Values = [1]{0}, .floatValues = [0]{}, .int64Values = [0]{}, .bytes = [0]{}, .stringValue = ""}}
12-30 10:59:23.160   398   464 I DefaultVehicleHal_v2_0: DefaultVehicleHal::onPropertyValue, value:{.timestamp = 8498982003344, .areaId = 0, .prop = 557850746, .status = AVAILABLE, .value = {.int32Values = [1]{0}, .floatValues = [0]{}, .int64Values = [0]{}, .bytes = [0]{}, .stringValue = ""}}
12-30 10:59:23.160   398   464 D DiagPropHandler: is not DiagnosticConfig: 0x2140207a
12-30 10:59:23.160   398   464 I VehiclePropertyStore: begin to write value to Store: {.timestamp = 8498982003344, .areaId = 0, .prop = 557850746, .status = AVAILABLE, .value = {.int32Values = [1]{0}, .floatValues = [0]{}, .int64Values = [0]{}, .bytes = [0]{}, .stringValue = ""}}
12-30 10:59:23.160   398   464 D adayocomadapter-CommunicationManager: onUpstreamReceive mPropertyId 0x2140207a
12-30 10:59:23.160   398   464 D adayocomadapter-CommunicationManager: onUpstreamReceive mPropertyId 0x214020d3
12-30 10:59:23.160   398   464 D adayocomadapter-CommunicationManager: convertBytesToInt32Memcpy  0
12-30 10:59:23.160   398   464 I vw-vhal : notifyVehicleProperty, propId = 0x214020d3, data = {status: 2, int32Values: [0]}
12-30 10:59:23.160   398   464 I vw-vhal : CanSignalsAdapter::notifyVehicleProperty: solvedValue = {.timestamp = 8498982382677, .areaId = 0, .prop = 557850835, .status = AVAILABLE, .value = {.int32Values = [1]{0}, .floatValues = [0]{}, .int64Values = [0]{}, .bytes = [0]{}, .stringValue = ""}}
12-30 10:59:23.160   398   464 I VehiclePropertyStore: begin to write value to Store: {.timestamp = 8498982382677, .areaId = 0, .prop = 557850835, .status = AVAILABLE, .value = {.int32Values = [1]{0}, .floatValues = [0]{}, .int64Values = [0]{}, .bytes = [0]{}, .stringValue = ""}}
12-30 10:59:23.160   398   464 I DefaultVehicleHal_v2_0: DefaultVehicleHal::onPropertyValue, value:{.timestamp = 8498982382677, .areaId = 0, .prop = 557850835, .status = AVAILABLE, .value = {.int32Values = [1]{0}, .floatValues = [0]{}, .int64Values = [0]{}, .bytes = [0]{}, .stringValue = ""}}
12-30 10:59:23.160   398   464 D DiagPropHandler: is not DiagnosticConfig: 0x214020d3
12-30 10:59:23.160   398   464 I VehiclePropertyStore: begin to write value to Store: {.timestamp = 8498982382677, .areaId = 0, .prop = 557850835, .status = AVAILABLE, .value = {.int32Values = [1]{0}, .floatValues = [0]{}, .int64Values = [0]{}, .bytes = [0]{}, .stringValue = ""}}
12-30 10:59:23.160   398   464 D adayocomadapter-CommunicationManager: onUpstreamReceive mPropertyId 0x214020d3
12-30 10:59:23.160   398   464 D adayocomadapter-CommunicationManager: onUpstreamReceive mPropertyId 0x214020cb
12-30 10:59:23.160   398   464 D adayocomadapter-CommunicationManager: convertBytesToInt32Memcpy  0
12-30 10:59:23.160   398   464 I vw-vhal : notifyVehicleProperty, propId = 0x214020cb, data = {status: 2, int32Values: [0]}
12-30 10:59:23.160   398   464 I vw-vhal : CanSignalsAdapter::notifyVehicleProperty: solvedValue = {.timestamp = 8498982673677, .areaId = 0, .prop = 557850827, .status = AVAILABLE, .value = {.int32Values = [1]{0}, .floatValues = [0]{}, .int64Values = [0]{}, .bytes = [0]{}, .stringValue = ""}}
12-30 10:59:23.160   398   464 I VehiclePropertyStore: begin to write value to Store: {.timestamp = 8498982673677, .areaId = 0, .prop = 557850827, .status = AVAILABLE, .value = {.int32Values = [1]{0}, .floatValues = [0]{}, .int64Values = [0]{}, .bytes = [0]{}, .stringValue = ""}}
12-30 10:59:23.160   398   464 I DefaultVehicleHal_v2_0: DefaultVehicleHal::onPropertyValue, value:{.timestamp = 8498982673677, .areaId = 0, .prop = 557850827, .status = AVAILABLE, .value = {.int32Values = [1]{0}, .floatValues = [0]{}, .int64Values = [0]{}, .bytes = [0]{}, .stringValue = ""}}
12-30 10:59:23.160   398   464 D DiagPropHandler: is not DiagnosticConfig: 0x214020cb
12-30 10:59:23.160   398   464 I VehiclePropertyStore: begin to write value to Store: {.timestamp = 8498982673677, .areaId = 0, .prop = 557850827, .status = AVAILABLE, .value = {.int32Values = [1]{0}, .floatValues = [0]{}, .int64Values = [0]{}, .bytes = [0]{}, .stringValue = ""}}
12-30 10:59:23.160   398   464 D adayocomadapter-CommunicationManager: onUpstreamReceive mPropertyId 0x214020cb
12-30 10:59:23.160   398   464 D adayocomadapter-CommunicationManager: onUpstreamReceive mPropertyId 0x2140203c
12-30 10:59:23.160   398   464 D adayocomadapter-CommunicationManager: convertBytesToInt32Memcpy  0
12-30 10:59:23.161   398   464 I vw-vhal : notifyVehicleProperty, propId = 0x2140203c, data = {status: 2, int32Values: [0]}
12-30 10:59:23.161   398   464 I vw-vhal : CanSignalsAdapter::notifyVehicleProperty: solvedValue = {.timestamp = 8498982883344, .areaId = 0, .prop = 557850684, .status = AVAILABLE, .value = {.int32Values = [1]{0}, .floatValues = [0]{}, .int64Values = [0]{}, .bytes = [0]{}, .stringValue = ""}}
12-30 10:59:23.161   398   464 I VehiclePropertyStore: begin to write value to Store: {.timestamp = 8498982883344, .areaId = 0, .prop = 557850684, .status = AVAILABLE, .value = {.int32Values = [1]{0}, .floatValues = [0]{}, .int64Values = [0]{}, .bytes = [0]{}, .stringValue = ""}}
12-30 10:59:23.161   398   464 I DefaultVehicleHal_v2_0: DefaultVehicleHal::onPropertyValue, value:{.timestamp = 8498982883344, .areaId = 0, .prop = 557850684, .status = AVAILABLE, .value = {.int32Values = [1]{0}, .floatValues = [0]{}, .int64Values = [0]{}, .bytes = [0]{}, .stringValue = ""}}
12-30 10:59:23.161   398   464 D DiagPropHandler: is not DiagnosticConfig: 0x2140203c
12-30 10:59:23.161   398   464 I VehiclePropertyStore: begin to write value to Store: {.timestamp = 8498982883344, .areaId = 0, .prop = 557850684, .status = AVAILABLE, .value = {.int32Values = [1]{0}, .floatValues = [0]{}, .int64Values = [0]{}, .bytes = [0]{}, .stringValue = ""}}
12-30 10:59:23.161   398   464 D adayocomadapter-CommunicationManager: onUpstreamReceive mPropertyId 0x2140203c
12-30 10:59:23.161   398   464 D adayocomadapter-CommunicationManager: onUpstreamReceive mPropertyId 0x214020c9
12-30 10:59:23.161   398   464 D adayocomadapter-CommunicationManager: convertBytesToInt32Memcpy  0
12-30 10:59:23.161   398   464 I vw-vhal : notifyVehicleProperty, propId = 0x214020c9, data = {status: 2, int32Values: [0]}
12-30 10:59:23.161   398   464 I vw-vhal : CanSignalsAdapter::notifyVehicleProperty: solvedValue = {.timestamp = 8498983083011, .areaId = 0, .prop = 557850825, .status = AVAILABLE, .value = {.int32Values = [1]{0}, .floatValues = [0]{}, .int64Values = [0]{}, .bytes = [0]{}, .stringValue = ""}}
12-30 10:59:23.161   398   464 I VehiclePropertyStore: begin to write value to Store: {.timestamp = 8498983083011, .areaId = 0, .prop = 557850825, .status = AVAILABLE, .value = {.int32Values = [1]{0}, .floatValues = [0]{}, .int64Values = [0]{}, .bytes = [0]{}, .stringValue = ""}}
12-30 10:59:23.161   398   464 I DefaultVehicleHal_v2_0: DefaultVehicleHal::onPropertyValue, value:{.timestamp = 8498983083011, .areaId = 0, .prop = 557850825, .status = AVAILABLE, .value = {.int32Values = [1]{0}, .floatValues = [0]{}, .int64Values = [0]{}, .bytes = [0]{}, .stringValue = ""}}
12-30 10:59:23.161   398   464 D DiagPropHandler: is not DiagnosticConfig: 0x214020c9
12-30 10:59:23.161   398   464 I VehiclePropertyStore: begin to write value to Store: {.timestamp = 8498983083011, .areaId = 0, .prop = 557850825, .status = AVAILABLE, .value = {.int32Values = [1]{0}, .floatValues = [0]{}, .int64Values = [0]{}, .bytes = [0]{}, .stringValue = ""}}
12-30 10:59:23.161   398   464 D adayocomadapter-CommunicationManager: onUpstreamReceive mPropertyId 0x214020c9
12-30 10:59:23.161   398   464 D adayocomadapter-CommunicationManager: onUpstreamReceive mPropertyId 0x214020cf
12-30 10:59:23.161   398   464 D adayocomadapter-CommunicationManager: convertBytesToInt32Memcpy  0
12-30 10:59:23.161   398   464 I vw-vhal : notifyVehicleProperty, propId = 0x214020cf, data = {status: 2, int32Values: [0]}
12-30 10:59:23.161   398   464 I vw-vhal : CanSignalsAdapter::notifyVehicleProperty: solvedValue = {.timestamp = 8498983268011, .areaId = 0, .prop = 557850831, .status = AVAILABLE, .value = {.int32Values = [1]{0}, .floatValues = [0]{}, .int64Values = [0]{}, .bytes = [0]{}, .stringValue = ""}}
12-30 10:59:23.161   398   464 I VehiclePropertyStore: begin to write value to Store: {.timestamp = 8498983268011, .areaId = 0, .prop = 557850831, .status = AVAILABLE, .value = {.int32Values = [1]{0}, .floatValues = [0]{}, .int64Values = [0]{}, .bytes = [0]{}, .stringValue = ""}}
12-30 10:59:23.161   398   464 I DefaultVehicleHal_v2_0: DefaultVehicleHal::onPropertyValue, value:{.timestamp = 8498983268011, .areaId = 0, .prop = 557850831, .status = AVAILABLE, .value = {.int32Values = [1]{0}, .floatValues = [0]{}, .int64Values = [0]{}, .bytes = [0]{}, .stringValue = ""}}
12-30 10:59:23.161   398   464 D DiagPropHandler: is not DiagnosticConfig: 0x214020cf
12-30 10:59:23.161   398   464 I VehiclePropertyStore: begin to write value to Store: {.timestamp = 8498983268011, .areaId = 0, .prop = 557850831, .status = AVAILABLE, .value = {.int32Values = [1]{0}, .floatValues = [0]{}, .int64Values = [0]{}, .bytes = [0]{}, .stringValue = ""}}
12-30 10:59:23.161   398   464 D adayocomadapter-CommunicationManager: onUpstreamReceive mPropertyId 0x214020cf
12-30 10:59:23.161   398   464 D adayocomadapter-CommunicationManager: onUpstreamReceive mPropertyId 0x21402040
12-30 10:59:23.161   398   464 D adayocomadapter-CommunicationManager: convertBytesToInt32Memcpy  0
12-30 10:59:23.161   398   464 I vw-vhal : notifyVehicleProperty, propId = 0x21402040, data = {status: 2, int32Values: [0]}
12-30 10:59:23.161   398   464 I vw-vhal : CanSignalsAdapter::notifyVehicleProperty: solvedValue = {.timestamp = 8498983479011, .areaId = 0, .prop = 557850688, .status = AVAILABLE, .value = {.int32Values = [1]{0}, .floatValues = [0]{}, .int64Values = [0]{}, .bytes = [0]{}, .stringValue = ""}}
12-30 10:59:23.161   398   464 I VehiclePropertyStore: begin to write value to Store: {.timestamp = 8498983479011, .areaId = 0, .prop = 557850688, .status = AVAILABLE, .value = {.int32Values = [1]{0}, .floatValues = [0]{}, .int64Values = [0]{}, .bytes = [0]{}, .stringValue = ""}}
12-30 10:59:23.161   398   464 I DefaultVehicleHal_v2_0: DefaultVehicleHal::onPropertyValue, value:{.timestamp = 8498983479011, .areaId = 0, .prop = 557850688, .status = AVAILABLE, .value = {.int32Values = [1]{0}, .floatValues = [0]{}, .int64Values = [0]{}, .bytes = [0]{}, .stringValue = ""}}
12-30 10:59:23.161   398   464 D DiagPropHandler: is not DiagnosticConfig: 0x21402040
12-30 10:59:23.161   398   464 I VehiclePropertyStore: begin to write value to Store: {.timestamp = 8498983479011, .areaId = 0, .prop = 557850688, .status = AVAILABLE, .value = {.int32Values = [1]{0}, .floatValues = [0]{}, .int64Values = [0]{}, .bytes = [0]{}, .stringValue = ""}}
12-30 10:59:23.161   398   464 D adayocomadapter-CommunicationManager: onUpstreamReceive mPropertyId 0x21402040
12-30 10:59:23.161   398   464 D adayocomadapter-CommunicationManager: onUpstreamReceive mPropertyId 0x214020d1
12-30 10:59:23.161   398   464 D adayocomadapter-CommunicationManager: convertBytesToInt32Memcpy  0
12-30 10:59:23.161   398   464 I vw-vhal : notifyVehicleProperty, propId = 0x214020d1, data = {status: 2, int32Values: [0]}
12-30 10:59:23.161   398   464 I vw-vhal : CanSignalsAdapter::notifyVehicleProperty: solvedValue = {.timestamp = 8498983673011, .areaId = 0, .prop = 557850833, .status = AVAILABLE, .value = {.int32Values = [1]{0}, .floatValues = [0]{}, .int64Values = [0]{}, .bytes = [0]{}, .stringValue = ""}}
12-30 10:59:23.161   398   464 I VehiclePropertyStore: begin to write value to Store: {.timestamp = 8498983673011, .areaId = 0, .prop = 557850833, .status = AVAILABLE, .value = {.int32Values = [1]{0}, .floatValues = [0]{}, .int64Values = [0]{}, .bytes = [0]{}, .stringValue = ""}}
12-30 10:59:23.161   398   464 I DefaultVehicleHal_v2_0: DefaultVehicleHal::onPropertyValue, value:{.timestamp = 8498983673011, .areaId = 0, .prop = 557850833, .status = AVAILABLE, .value = {.int32Values = [1]{0}, .floatValues = [0]{}, .int64Values = [0]{}, .bytes = [0]{}, .stringValue = ""}}
12-30 10:59:23.161   398   464 D DiagPropHandler: is not DiagnosticConfig: 0x214020d1
12-30 10:59:23.161   398   464 I VehiclePropertyStore: begin to write value to Store: {.timestamp = 8498983673011, .areaId = 0, .prop = 557850833, .status = AVAILABLE, .value = {.int32Values = [1]{0}, .floatValues = [0]{}, .int64Values = [0]{}, .bytes = [0]{}, .stringValue = ""}}
12-30 10:59:23.161   398   464 D adayocomadapter-CommunicationManager: onUpstreamReceive mPropertyId 0x214020d1
12-30 10:59:23.161   398   464 D adayocomadapter-CommunicationManager: onUpstreamReceive mPropertyId 0x21402044
12-30 10:59:23.161   398   464 D adayocomadapter-CommunicationManager: convertBytesToInt32Memcpy  0
12-30 10:59:23.161   398   464 I vw-vhal : notifyVehicleProperty, propId = 0x21402044, data = {status: 2, int32Values: [0]}
12-30 10:59:23.162   398   464 I vw-vhal : CanSignalsAdapter::notifyVehicleProperty: solvedValue = {.timestamp = 8498983860011, .areaId = 0, .prop = 557850692, .status = AVAILABLE, .value = {.int32Values = [1]{0}, .floatValues = [0]{}, .int64Values = [0]{}, .bytes = [0]{}, .stringValue = ""}}
12-30 10:59:23.162   398   464 I VehiclePropertyStore: begin to write value to Store: {.timestamp = 8498983860011, .areaId = 0, .prop = 557850692, .status = AVAILABLE, .value = {.int32Values = [1]{0}, .floatValues = [0]{}, .int64Values = [0]{}, .bytes = [0]{}, .stringValue = ""}}
12-30 10:59:23.162   398   464 I DefaultVehicleHal_v2_0: DefaultVehicleHal::onPropertyValue, value:{.timestamp = 8498983860011, .areaId = 0, .prop = 557850692, .status = AVAILABLE, .value = {.int32Values = [1]{0}, .floatValues = [0]{}, .int64Values = [0]{}, .bytes = [0]{}, .stringValue = ""}}
12-30 10:59:23.162   398   464 D DiagPropHandler: is not DiagnosticConfig: 0x21402044
12-30 10:59:23.162   398   464 I VehiclePropertyStore: begin to write value to Store: {.timestamp = 8498983860011, .areaId = 0, .prop = 557850692, .status = AVAILABLE, .value = {.int32Values = [1]{0}, .floatValues = [0]{}, .int64Values = [0]{}, .bytes = [0]{}, .stringValue = ""}}
12-30 10:59:23.162   398   464 D adayocomadapter-CommunicationManager: onUpstreamReceive mPropertyId 0x21402044
12-30 10:59:23.162   398   464 D adayocomadapter-CommunicationManager: onUpstreamReceive mPropertyId 0x214020d5
12-30 10:59:23.162   398   464 D adayocomadapter-CommunicationManager: convertBytesToInt32Memcpy  0
12-30 10:59:23.162   398   464 I vw-vhal : notifyVehicleProperty, propId = 0x214020d5, data = {status: 2, int32Values: [0]}
12-30 10:59:23.162   398   464 I vw-vhal : CanSignalsAdapter::notifyVehicleProperty: solvedValue = {.timestamp = 8498984081011, .areaId = 0, .prop = 557850837, .status = AVAILABLE, .value = {.int32Values = [1]{0}, .floatValues = [0]{}, .int64Values = [0]{}, .bytes = [0]{}, .stringValue = ""}}
12-30 10:59:23.162   398   464 I VehiclePropertyStore: begin to write value to Store: {.timestamp = 8498984081011, .areaId = 0, .prop = 557850837, .status = AVAILABLE, .value = {.int32Values = [1]{0}, .floatValues = [0]{}, .int64Values = [0]{}, .bytes = [0]{}, .stringValue = ""}}
12-30 10:59:23.162   398   464 I DefaultVehicleHal_v2_0: DefaultVehicleHal::onPropertyValue, value:{.timestamp = 8498984081011, .areaId = 0, .prop = 557850837, .status = AVAILABLE, .value = {.int32Values = [1]{0}, .floatValues = [0]{}, .int64Values = [0]{}, .bytes = [0]{}, .stringValue = ""}}
12-30 10:59:23.162   398   464 D DiagPropHandler: is not DiagnosticConfig: 0x214020d5
12-30 10:59:23.162   398   464 I VehiclePropertyStore: begin to write value to Store: {.timestamp = 8498984081011, .areaId = 0, .prop = 557850837, .status = AVAILABLE, .value = {.int32Values = [1]{0}, .floatValues = [0]{}, .int64Values = [0]{}, .bytes = [0]{}, .stringValue = ""}}
12-30 10:59:23.162   398   464 D adayocomadapter-CommunicationManager: onUpstreamReceive mPropertyId 0x214020d5
12-30 10:59:23.162   398   464 D adayocomadapter-CommunicationManager: onUpstreamReceive mPropertyId 0x21402038
12-30 10:59:23.162   398   464 D adayocomadapter-CommunicationManager: convertBytesToInt32Memcpy  0
12-30 10:59:23.162   398   464 I vw-vhal : notifyVehicleProperty, propId = 0x21402038, data = {status: 2, int32Values: [0]}
12-30 10:59:23.162   398   464 I vw-vhal : CanSignalsAdapter::notifyVehicleProperty: solvedValue = {.timestamp = 8498984269344, .areaId = 0, .prop = 557850680, .status = AVAILABLE, .value = {.int32Values = [1]{0}, .floatValues = [0]{}, .int64Values = [0]{}, .bytes = [0]{}, .stringValue = ""}}
12-30 10:59:23.162   398   464 I VehiclePropertyStore: begin to write value to Store: {.timestamp = 8498984269344, .areaId = 0, .prop = 557850680, .status = AVAILABLE, .value = {.int32Values = [1]{0}, .floatValues = [0]{}, .int64Values = [0]{}, .bytes = [0]{}, .stringValue = ""}}
12-30 10:59:23.162   398   464 I DefaultVehicleHal_v2_0: DefaultVehicleHal::onPropertyValue, value:{.timestamp = 8498984269344, .areaId = 0, .prop = 557850680, .status = AVAILABLE, .value = {.int32Values = [1]{0}, .floatValues = [0]{}, .int64Values = [0]{}, .bytes = [0]{}, .stringValue = ""}}
12-30 10:59:23.162   398   464 D DiagPropHandler: is not DiagnosticConfig: 0x21402038
12-30 10:59:23.162   398   464 I VehiclePropertyStore: begin to write value to Store: {.timestamp = 8498984269344, .areaId = 0, .prop = 557850680, .status = AVAILABLE, .value = {.int32Values = [1]{0}, .floatValues = [0]{}, .int64Values = [0]{}, .bytes = [0]{}, .stringValue = ""}}
12-30 10:59:23.162   398   464 D adayocomadapter-CommunicationManager: onUpstreamReceive mPropertyId 0x21402038
12-30 10:59:23.162   398   464 D adayocomadapter-CommunicationManager: onUpstreamReceive mPropertyId 0x2140207d
12-30 10:59:23.162   398   464 D adayocomadapter-CommunicationManager: convertBytesToInt32Memcpy  0
12-30 10:59:23.162   398   464 I vw-vhal : notifyVehicleProperty, propId = 0x2140207d, data = {status: 2, int32Values: [0]}
12-30 10:59:23.162   398   464 I vw-vhal : CanSignalsAdapter::notifyVehicleProperty: solvedValue = {.timestamp = 8498984458011, .areaId = 0, .prop = 557850749, .status = AVAILABLE, .value = {.int32Values = [1]{0}, .floatValues = [0]{}, .int64Values = [0]{}, .bytes = [0]{}, .stringValue = ""}}
12-30 10:59:23.162   398   464 I VehiclePropertyStore: begin to write value to Store: {.timestamp = 8498984458011, .areaId = 0, .prop = 557850749, .status = AVAILABLE, .value = {.int32Values = [1]{0}, .floatValues = [0]{}, .int64Values = [0]{}, .bytes = [0]{}, .stringValue = ""}}
12-30 10:59:23.162   398   464 I DefaultVehicleHal_v2_0: DefaultVehicleHal::onPropertyValue, value:{.timestamp = 8498984458011, .areaId = 0, .prop = 557850749, .status = AVAILABLE, .value = {.int32Values = [1]{0}, .floatValues = [0]{}, .int64Values = [0]{}, .bytes = [0]{}, .stringValue = ""}}
12-30 10:59:23.162   398   464 D DiagPropHandler: is not DiagnosticConfig: 0x2140207d
12-30 10:59:23.162   398   464 I VehiclePropertyStore: begin to write value to Store: {.timestamp = 8498984458011, .areaId = 0, .prop = 557850749, .status = AVAILABLE, .value = {.int32Values = [1]{0}, .floatValues = [0]{}, .int64Values = [0]{}, .bytes = [0]{}, .stringValue = ""}}
12-30 10:59:23.162   398   464 D adayocomadapter-CommunicationManager: onUpstreamReceive mPropertyId 0x2140207d
12-30 10:59:23.162   398   464 D adayocomadapter-CommunicationManager: onUpstreamReceive mPropertyId 0x2140207f
12-30 10:59:23.162   398   464 D adayocomadapter-CommunicationManager: convertBytesToInt32Memcpy  0
12-30 10:59:23.162   398   464 I vw-vhal : notifyVehicleProperty, propId = 0x2140207f, data = {status: 2, int32Values: [0]}
12-30 10:59:23.162   398   464 I vw-vhal : CanSignalsAdapter::notifyVehicleProperty: solvedValue = {.timestamp = 8498984641677, .areaId = 0, .prop = 557850751, .status = AVAILABLE, .value = {.int32Values = [1]{0}, .floatValues = [0]{}, .int64Values = [0]{}, .bytes = [0]{}, .stringValue = ""}}
12-30 10:59:23.162   398   464 I VehiclePropertyStore: begin to write value to Store: {.timestamp = 8498984641677, .areaId = 0, .prop = 557850751, .status = AVAILABLE, .value = {.int32Values = [1]{0}, .floatValues = [0]{}, .int64Values = [0]{}, .bytes = [0]{}, .stringValue = ""}}
12-30 10:59:23.162   398   464 I DefaultVehicleHal_v2_0: DefaultVehicleHal::onPropertyValue, value:{.timestamp = 8498984641677, .areaId = 0, .prop = 557850751, .status = AVAILABLE, .value = {.int32Values = [1]{0}, .floatValues = [0]{}, .int64Values = [0]{}, .bytes = [0]{}, .stringValue = ""}}
12-30 10:59:23.162   398   464 D DiagPropHandler: is not DiagnosticConfig: 0x2140207f
12-30 10:59:23.162   398   464 I VehiclePropertyStore: begin to write value to Store: {.timestamp = 8498984641677, .areaId = 0, .prop = 557850751, .status = AVAILABLE, .value = {.int32Values = [1]{0}, .floatValues = [0]{}, .int64Values = [0]{}, .bytes = [0]{}, .stringValue = ""}}
12-30 10:59:23.162   398   464 D adayocomadapter-CommunicationManager: onUpstreamReceive mPropertyId 0x2140207f
12-30 10:59:23.162   398   464 D adayocomadapter-CommunicationManager: onUpstreamReceive mPropertyId 0x21402052
12-30 10:59:23.162   398   464 D adayocomadapter-CommunicationManager: convertBytesToInt32Memcpy  0
12-30 10:59:23.162   398   464 I vw-vhal : notifyVehicleProperty, propId = 0x21402052, data = {status: 2, int32Values: [0]}
12-30 10:59:23.162   398   464 I vw-vhal : CanSignalsAdapter::notifyVehicleProperty: solvedValue = {.timestamp = 8498984839344, .areaId = 0, .prop = 557850706, .status = AVAILABLE, .value = {.int32Values = [1]{0}, .floatValues = [0]{}, .int64Values = [0]{}, .bytes = [0]{}, .stringValue = ""}}
12-30 10:59:23.163   398   464 I VehiclePropertyStore: begin to write value to Store: {.timestamp = 8498984839344, .areaId = 0, .prop = 557850706, .status = AVAILABLE, .value = {.int32Values = [1]{0}, .floatValues = [0]{}, .int64Values = [0]{}, .bytes = [0]{}, .stringValue = ""}}
12-30 10:59:23.163   398   464 I DefaultVehicleHal_v2_0: DefaultVehicleHal::onPropertyValue, value:{.timestamp = 8498984839344, .areaId = 0, .prop = 557850706, .status = AVAILABLE, .value = {.int32Values = [1]{0}, .floatValues = [0]{}, .int64Values = [0]{}, .bytes = [0]{}, .stringValue = ""}}
12-30 10:59:23.163   398   464 D DiagPropHandler: is not DiagnosticConfig: 0x21402052
12-30 10:59:23.163   398   464 I VehiclePropertyStore: begin to write value to Store: {.timestamp = 8498984839344, .areaId = 0, .prop = 557850706, .status = AVAILABLE, .value = {.int32Values = [1]{0}, .floatValues = [0]{}, .int64Values = [0]{}, .bytes = [0]{}, .stringValue = ""}}
12-30 10:59:23.163   398   464 D adayocomadapter-CommunicationManager: onUpstreamReceive mPropertyId 0x21402052
12-30 10:59:23.163   398   464 D adayocomadapter-CommunicationManager: onUpstreamReceive mPropertyId 0x21402081
12-30 10:59:23.163   398   464 D adayocomadapter-CommunicationManager: convertBytesToInt32Memcpy  0
12-30 10:59:23.163   398   464 I vw-vhal : notifyVehicleProperty, propId = 0x21402081, data = {status: 2, int32Values: [0]}
12-30 10:59:23.163   398   464 I vw-vhal : CanSignalsAdapter::notifyVehicleProperty: solvedValue = {.timestamp = 8498985023011, .areaId = 0, .prop = 557850753, .status = AVAILABLE, .value = {.int32Values = [1]{0}, .floatValues = [0]{}, .int64Values = [0]{}, .bytes = [0]{}, .stringValue = ""}}
12-30 10:59:23.163   398   464 I VehiclePropertyStore: begin to write value to Store: {.timestamp = 8498985023011, .areaId = 0, .prop = 557850753, .status = AVAILABLE, .value = {.int32Values = [1]{0}, .floatValues = [0]{}, .int64Values = [0]{}, .bytes = [0]{}, .stringValue = ""}}
12-30 10:59:23.163   398   464 I DefaultVehicleHal_v2_0: DefaultVehicleHal::onPropertyValue, value:{.timestamp = 8498985023011, .areaId = 0, .prop = 557850753, .status = AVAILABLE, .value = {.int32Values = [1]{0}, .floatValues = [0]{}, .int64Values = [0]{}, .bytes = [0]{}, .stringValue = ""}}
12-30 10:59:23.163   398   464 D DiagPropHandler: is not DiagnosticConfig: 0x21402081
12-30 10:59:23.163   398   464 I VehiclePropertyStore: begin to write value to Store: {.timestamp = 8498985023011, .areaId = 0, .prop = 557850753, .status = AVAILABLE, .value = {.int32Values = [1]{0}, .floatValues = [0]{}, .int64Values = [0]{}, .bytes = [0]{}, .stringValue = ""}}
12-30 10:59:23.163   398   464 D adayocomadapter-CommunicationManager: onUpstreamReceive mPropertyId 0x21402081
12-30 10:59:23.163   398   464 D adayocomadapter-CommunicationManager: onUpstreamReceive mPropertyId 0x21402080
12-30 10:59:23.163   398   464 D adayocomadapter-CommunicationManager: convertBytesToInt32Memcpy  0
12-30 10:59:23.163   398   464 I vw-vhal : notifyVehicleProperty, propId = 0x21402080, data = {status: 2, int32Values: [0]}
12-30 10:59:23.163   398   464 I vw-vhal : CanSignalsAdapter::notifyVehicleProperty: solvedValue = {.timestamp = 8498985221344, .areaId = 0, .prop = 557850752, .status = AVAILABLE, .value = {.int32Values = [1]{0}, .floatValues = [0]{}, .int64Values = [0]{}, .bytes = [0]{}, .stringValue = ""}}
12-30 10:59:23.163   398   464 I VehiclePropertyStore: begin to write value to Store: {.timestamp = 8498985221344, .areaId = 0, .prop = 557850752, .status = AVAILABLE, .value = {.int32Values = [1]{0}, .floatValues = [0]{}, .int64Values = [0]{}, .bytes = [0]{}, .stringValue = ""}}
12-30 10:59:23.163   398   464 I DefaultVehicleHal_v2_0: DefaultVehicleHal::onPropertyValue, value:{.timestamp = 8498985221344, .areaId = 0, .prop = 557850752, .status = AVAILABLE, .value = {.int32Values = [1]{0}, .floatValues = [0]{}, .int64Values = [0]{}, .bytes = [0]{}, .stringValue = ""}}
12-30 10:59:23.163   398   464 D DiagPropHandler: is not DiagnosticConfig: 0x21402080
12-30 10:59:23.163   398   464 I VehiclePropertyStore: begin to write value to Store: {.timestamp = 8498985221344, .areaId = 0, .prop = 557850752, .status = AVAILABLE, .value = {.int32Values = [1]{0}, .floatValues = [0]{}, .int64Values = [0]{}, .bytes = [0]{}, .stringValue = ""}}
12-30 10:59:23.163   398   464 D adayocomadapter-CommunicationManager: onUpstreamReceive mPropertyId 0x21402080
12-30 10:59:23.163   398   464 D adayocomadapter-CommunicationManager: onUpstreamReceive mPropertyId 0x21402051
12-30 10:59:23.163   398   464 D adayocomadapter-CommunicationManager: convertBytesToInt32Memcpy  0
12-30 10:59:23.163   398   464 I vw-vhal : notifyVehicleProperty, propId = 0x21402051, data = {status: 2, int32Values: [0]}
12-30 10:59:23.163   398   464 I vw-vhal : CanSignalsAdapter::notifyVehicleProperty: solvedValue = {.timestamp = 8498985402011, .areaId = 0, .prop = 557850705, .status = AVAILABLE, .value = {.int32Values = [1]{0}, .floatValues = [0]{}, .int64Values = [0]{}, .bytes = [0]{}, .stringValue = ""}}
12-30 10:59:23.163   398   464 I VehiclePropertyStore: begin to write value to Store: {.timestamp = 8498985402011, .areaId = 0, .prop = 557850705, .status = AVAILABLE, .value = {.int32Values = [1]{0}, .floatValues = [0]{}, .int64Values = [0]{}, .bytes = [0]{}, .stringValue = ""}}
12-30 10:59:23.163   398   464 I DefaultVehicleHal_v2_0: DefaultVehicleHal::onPropertyValue, value:{.timestamp = 8498985402011, .areaId = 0, .prop = 557850705, .status = AVAILABLE, .value = {.int32Values = [1]{0}, .floatValues = [0]{}, .int64Values = [0]{}, .bytes = [0]{}, .stringValue = ""}}
12-30 10:59:23.163   398   464 D DiagPropHandler: is not DiagnosticConfig: 0x21402051
12-30 10:59:23.163   398   464 I VehiclePropertyStore: begin to write value to Store: {.timestamp = 8498985402011, .areaId = 0, .prop = 557850705, .status = AVAILABLE, .value = {.int32Values = [1]{0}, .floatValues = [0]{}, .int64Values = [0]{}, .bytes = [0]{}, .stringValue = ""}}
12-30 10:59:23.163   398   464 D adayocomadapter-CommunicationManager: onUpstreamReceive mPropertyId 0x21402051
12-30 10:59:23.163   398   464 D adayocomadapter-CommunicationManager: onUpstreamReceive mPropertyId 0x2140207b
12-30 10:59:23.163   398   464 D adayocomadapter-CommunicationManager: convertBytesToInt32Memcpy  0
