12-30 10:54:53.073   916  1492 W ActivityManager: Unable to start service Intent { cmp=com.adayo.server.mediamessagetransfer/.MediaMessTransferService (has extras) } U=0: not found
12-30 10:54:53.073  1667  2407 E media_message_log->MediaMessageProxy: (SourceFile:7)a bindServiceAsUser isBound = false
12-30 10:54:53.074   650   729 D fgemcucomm: sd Uart data : 6AA60200D10002920297
12-30 10:54:53.074   650   729 D fgemcucomm: rev uart=67996,len=23, data : 6AA68100D1000F92020004000000000000000000000007
12-30 10:54:53.074   398   882 D adayocomadapter-ParseProtocolFunc: printRaWMsg Name[MCUToUPstream recv] len[15] data[920200040000000000000000000000]
12-30 10:54:53.075   398   882 D adayocomadapter-CommunicationManager: onUpstreamback   member[0] dataLength[12] timePoint[8228896]
12-30 10:54:53.075   398   882 D adayocomadapter-ParseProtocolFunc: printRaWMsg Name[onUpstreamback] len[12] data[040000000000000000000000]
12-30 10:54:53.075   398   464 D adayocomadapter-UpstreamHandler: processBeforePacket upSreamtProcessTimePoint[8228897] 
12-30 10:54:53.075   398   464 D adayocomadapter-UpstreamHandler: processPacket UPSTREAM_QUEUE_DATA_TIMEOUT
12-30 10:54:53.075   398   464 D adayocomadapter-ParseProtocolFunc: parseCommonIPCLBytes Processing tableNumber[4]
12-30 10:54:53.075   398   464 D adayocomadapter-ParseProtocolFunc: parseCommonIPCLBytes Processing tablename[Table-4] tableSize[12]
12-30 10:54:53.075   398   464 D adayocomadapter-ParseProtocolFunc: printRaWMsg Name[byteStream recv] len[12] data[040000000000000000000000]
12-30 10:54:53.075   398   464 D adayocomadapter-ParseProtocolFunc: printRaWMsg Name[IPCLtoVHAL] len[7] data[2140200C000000]
12-30 10:54:53.075   398   464 D adayocomadapter-ParseProtocolFunc: printRaWMsg Name[IPCLtoVHAL] len[7] data[2140200D000000]
12-30 10:54:53.075   398   464 D adayocomadapter-ParseProtocolFunc: printRaWMsg Name[IPCLtoVHAL] len[6] data[214022330000]
12-30 10:54:53.075   398   464 D adayocomadapter-ParseProtocolFunc: printRaWMsg Name[IPCLtoVHAL] len[9] data[2140201D0000000000]
12-30 10:54:53.075   398   464 D adayocomadapter-ParseProtocolFunc: printRaWMsg Name[IPCLtoVHAL] len[7] data[2140201E000000]
12-30 10:54:53.075   398   464 D adayocomadapter-CommunicationManager: onUpstreamReceive mPropertyId 0x2140200c
12-30 10:54:53.076   398   464 D adayocomadapter-CommunicationManager: convertBytesToInt32Memcpy  0
12-30 10:54:53.076   398   464 I vw-vhal : notifyVehicleProperty, propId = 0x2140200c, data = {status: 2, int32Values: [0]}
12-30 10:54:53.076   398   464 I vw-vhal : CanSignalsAdapter::notifyVehicleProperty: solvedValue = {.timestamp = 8228898022312, .areaId = 0, .prop = 557850636, .status = AVAILABLE, .value = {.int32Values = [1]{0}, .floatValues = [0]{}, .int64Values = [0]{}, .bytes = [0]{}, .stringValue = ""}}
12-30 10:54:53.076   398   464 I VehiclePropertyStore: begin to write value to Store: {.timestamp = 8228898022312, .areaId = 0, .prop = 557850636, .status = AVAILABLE, .value = {.int32Values = [1]{0}, .floatValues = [0]{}, .int64Values = [0]{}, .bytes = [0]{}, .stringValue = ""}}
12-30 10:54:53.076   398   464 I DefaultVehicleHal_v2_0: DefaultVehicleHal::onPropertyValue, value:{.timestamp = 8228898022312, .areaId = 0, .prop = 557850636, .status = AVAILABLE, .value = {.int32Values = [1]{0}, .floatValues = [0]{}, .int64Values = [0]{}, .bytes = [0]{}, .stringValue = ""}}
12-30 10:54:53.076   398   464 D DiagPropHandler: is not DiagnosticConfig: 0x2140200c
12-30 10:54:53.076   398   464 I VehiclePropertyStore: begin to write value to Store: {.timestamp = 8228898022312, .areaId = 0, .prop = 557850636, .status = AVAILABLE, .value = {.int32Values = [1]{0}, .floatValues = [0]{}, .int64Values = [0]{}, .bytes = [0]{}, .stringValue = ""}}
12-30 10:54:53.076   398   464 D adayocomadapter-CommunicationManager: onUpstreamReceive mPropertyId 0x2140200c
12-30 10:54:53.076   398   464 D adayocomadapter-CommunicationManager: onUpstreamReceive mPropertyId 0x2140200d
12-30 10:54:53.076   398   464 D adayocomadapter-CommunicationManager: convertBytesToInt32Memcpy  0
12-30 10:54:53.076   398   464 I vw-vhal : notifyVehicleProperty, propId = 0x2140200d, data = {status: 2, int32Values: [0]}
12-30 10:54:53.076   398   464 I vw-vhal : CanSignalsAdapter::notifyVehicleProperty: solvedValue = {.timestamp = 8228898715645, .areaId = 0, .prop = 557850637, .status = AVAILABLE, .value = {.int32Values = [1]{0}, .floatValues = [0]{}, .int64Values = [0]{}, .bytes = [0]{}, .stringValue = ""}}
12-30 10:54:53.076   398   464 I VehiclePropertyStore: begin to write value to Store: {.timestamp = 8228898715645, .areaId = 0, .prop = 557850637, .status = AVAILABLE, .value = {.int32Values = [1]{0}, .floatValues = [0]{}, .int64Values = [0]{}, .bytes = [0]{}, .stringValue = ""}}
12-30 10:54:53.077   398   464 I DefaultVehicleHal_v2_0: DefaultVehicleHal::onPropertyValue, value:{.timestamp = 8228898715645, .areaId = 0, .prop = 557850637, .status = AVAILABLE, .value = {.int32Values = [1]{0}, .floatValues = [0]{}, .int64Values = [0]{}, .bytes = [0]{}, .stringValue = ""}}
12-30 10:54:53.077   398   464 D DiagPropHandler: is not DiagnosticConfig: 0x2140200d
12-30 10:54:53.077   398   464 I VehiclePropertyStore: begin to write value to Store: {.timestamp = 8228898715645, .areaId = 0, .prop = 557850637, .status = AVAILABLE, .value = {.int32Values = [1]{0}, .floatValues = [0]{}, .int64Values = [0]{}, .bytes = [0]{}, .stringValue = ""}}
12-30 10:54:53.077   398   464 D adayocomadapter-CommunicationManager: onUpstreamReceive mPropertyId 0x2140200d
12-30 10:54:53.077   398   464 D adayocomadapter-CommunicationManager: onUpstreamReceive mPropertyId 0x21402233
12-30 10:54:53.077   398   464 D adayocomadapter-CommunicationManager: convertBytesToInt32Memcpy  0
12-30 10:54:53.077   398   464 I vw-vhal : notifyVehicleProperty, propId = 0x21402233, data = {status: 2, int32Values: [0]}
12-30 10:54:53.077   398   464 I vw-vhal : CanSignalsAdapter::notifyVehicleProperty: solvedValue = {.timestamp = 8228899360979, .areaId = 0, .prop = 557851187, .status = AVAILABLE, .value = {.int32Values = [1]{0}, .floatValues = [0]{}, .int64Values = [0]{}, .bytes = [0]{}, .stringValue = ""}}
12-30 10:54:53.077   398   464 I VehiclePropertyStore: begin to write value to Store: {.timestamp = 8228899360979, .areaId = 0, .prop = 557851187, .status = AVAILABLE, .value = {.int32Values = [1]{0}, .floatValues = [0]{}, .int64Values = [0]{}, .bytes = [0]{}, .stringValue = ""}}
12-30 10:54:53.077   398   464 I DefaultVehicleHal_v2_0: DefaultVehicleHal::onPropertyValue, value:{.timestamp = 8228899360979, .areaId = 0, .prop = 557851187, .status = AVAILABLE, .value = {.int32Values = [1]{0}, .floatValues = [0]{}, .int64Values = [0]{}, .bytes = [0]{}, .stringValue = ""}}
12-30 10:54:53.077   398   464 D DiagPropHandler: is not DiagnosticConfig: 0x21402233
12-30 10:54:53.077   398   464 I VehiclePropertyStore: begin to write value to Store: {.timestamp = 8228899360979, .areaId = 0, .prop = 557851187, .status = AVAILABLE, .value = {.int32Values = [1]{0}, .floatValues = [0]{}, .int64Values = [0]{}, .bytes = [0]{}, .stringValue = ""}}
12-30 10:54:53.077   398   464 D adayocomadapter-CommunicationManager: onUpstreamReceive mPropertyId 0x21402233
12-30 10:54:53.077   398   464 D adayocomadapter-CommunicationManager: onUpstreamReceive mPropertyId 0x2140201d
12-30 10:54:53.078   398   464 D adayocomadapter-CommunicationManager: convertBytesToInt32Memcpy  0
12-30 10:54:53.078   398   464 I vw-vhal : notifyVehicleProperty, propId = 0x2140201d, data = {status: 2, int32Values: [0]}
12-30 10:54:53.078   398   464 I vw-vhal : CanSignalsAdapter::notifyVehicleProperty: solvedValue = {.timestamp = 8228900044312, .areaId = 0, .prop = 557850653, .status = AVAILABLE, .value = {.int32Values = [1]{0}, .floatValues = [0]{}, .int64Values = [0]{}, .bytes = [0]{}, .stringValue = ""}}
12-30 10:54:53.078   398   464 I VehiclePropertyStore: begin to write value to Store: {.timestamp = 8228900044312, .areaId = 0, .prop = 557850653, .status = AVAILABLE, .value = {.int32Values = [1]{0}, .floatValues = [0]{}, .int64Values = [0]{}, .bytes = [0]{}, .stringValue = ""}}
12-30 10:54:53.078   398   464 I DefaultVehicleHal_v2_0: DefaultVehicleHal::onPropertyValue, value:{.timestamp = 8228900044312, .areaId = 0, .prop = 557850653, .status = AVAILABLE, .value = {.int32Values = [1]{0}, .floatValues = [0]{}, .int64Values = [0]{}, .bytes = [0]{}, .stringValue = ""}}
12-30 10:54:53.078   398   464 D DiagPropHandler: is not DiagnosticConfig: 0x2140201d
12-30 10:54:53.078   596  3076 E WifiHAL : Invalid data received from driver
12-30 10:54:53.078   398   464 I VehiclePropertyStore: begin to write value to Store: {.timestamp = 8228900044312, .areaId = 0, .prop = 557850653, .status = AVAILABLE, .value = {.int32Values = [1]{0}, .floatValues = [0]{}, .int64Values = [0]{}, .bytes = [0]{}, .stringValue = ""}}
12-30 10:54:53.078   398   464 D adayocomadapter-CommunicationManager: onUpstreamReceive mPropertyId 0x2140201d
12-30 10:54:53.078   398   464 D adayocomadapter-CommunicationManager: onUpstreamReceive mPropertyId 0x2140201e
12-30 10:54:53.078   398   464 D adayocomadapter-CommunicationManager: convertBytesToInt32Memcpy  0
12-30 10:54:53.078   398   464 I vw-vhal : notifyVehicleProperty, propId = 0x2140201e, data = {status: 2, int32Values: [0]}
12-30 10:54:53.078   398   464 I vw-vhal : CanSignalsAdapter::notifyVehicleProperty: solvedValue = {.timestamp = 8228900714979, .areaId = 0, .prop = 557850654, .status = AVAILABLE, .value = {.int32Values = [1]{0}, .floatValues = [0]{}, .int64Values = [0]{}, .bytes = [0]{}, .stringValue = ""}}
12-30 10:54:53.078   398   464 I VehiclePropertyStore: begin to write value to Store: {.timestamp = 8228900714979, .areaId = 0, .prop = 557850654, .status = AVAILABLE, .value = {.int32Values = [1]{0}, .floatValues = [0]{}, .int64Values = [0]{}, .bytes = [0]{}, .stringValue = ""}}
12-30 10:54:53.079   398   464 I DefaultVehicleHal_v2_0: DefaultVehicleHal::onPropertyValue, value:{.timestamp = 8228900714979, .areaId = 0, .prop = 557850654, .status = AVAILABLE, .value = {.int32Values = [1]{0}, .floatValues = [0]{}, .int64Values = [0]{}, .bytes = [0]{}, .stringValue = ""}}
12-30 10:54:53.079   398   464 D DiagPropHandler: is not DiagnosticConfig: 0x2140201e
12-30 10:54:53.079   398   464 I VehiclePropertyStore: begin to write value to Store: {.timestamp = 8228900714979, .areaId = 0, .prop = 557850654, .status = AVAILABLE, .value = {.int32Values = [1]{0}, .floatValues = [0]{}, .int64Values = [0]{}, .bytes = [0]{}, .stringValue = ""}}
12-30 10:54:53.079   398   464 D adayocomadapter-CommunicationManager: onUpstreamReceive mPropertyId 0x2140201e
12-30 10:54:53.088   360   931 D EvsDriver: forwardFrame
12-30 10:54:53.088   360   931 D EvsDriver: forwardFrameDirect
12-30 10:54:53.088   360   931 D EvsDriver: Delivered 0xb400e2ca9e40d090 as id 1
12-30 10:54:53.089   359  2784 D evsmanagerd: /dev/video-evs0 forwarded the buffer #1 to 0xb400f125d2b26dd0 from 0xb400f125e2b20710
12-30 10:54:53.093   360   458 D EvsDriver: doneWithFrame
12-30 10:54:53.114  2358  2623 D RcfController: Rcf proxy is not connected!
12-30 10:54:53.121   360   931 D EvsDriver: forwardFrame
12-30 10:54:53.121   360   931 D EvsDriver: forwardFrameDirect
12-30 10:54:53.122   360   931 D EvsDriver: Delivered 0xb400e2ca9e40e110 as id 0
12-30 10:54:53.122   359  2784 D evsmanagerd: /dev/video-evs0 forwarded the buffer #0 to 0xb400f125d2b26dd0 from 0xb400f125e2b20710
12-30 10:54:53.124   360   458 D EvsDriver: doneWithFrame
12-30 10:54:53.143   596  3076 E WifiHAL : Invalid data received from driver
12-30 10:54:53.155   360   931 D EvsDriver: forwardFrame
12-30 10:54:53.155   360   931 D EvsDriver: forwardFrameDirect
12-30 10:54:53.155   360   931 D EvsDriver: Delivered 0xb400e2ca9e40c7a0 as id 1
12-30 10:54:53.155   359  2784 D evsmanagerd: /dev/video-evs0 forwarded the buffer #1 to 0xb400f125d2b26dd0 from 0xb400f125e2b20710
12-30 10:54:53.164   360   458 D EvsDriver: doneWithFrame
12-30 10:54:53.165  2358  2623 D RcfController: Rcf proxy is not connected!
12-30 10:54:53.173   650   729 D fgemcucomm: sd Uart data : 6AA60200D20002920296
12-30 10:54:53.173   650   729 D fgemcucomm: rev uart=67997,len=15, data : 6AA68100D200079202000200000010
12-30 10:54:53.174   398   882 D adayocomadapter-ParseProtocolFunc: printRaWMsg Name[MCUToUPstream recv] len[7] data[92020002000000]
12-30 10:54:53.174   398   882 D adayocomadapter-CommunicationManager: onUpstreamback   member[0] dataLength[4] timePoint[8228996]
12-30 10:54:53.174   398   882 D adayocomadapter-ParseProtocolFunc: printRaWMsg Name[onUpstreamback] len[4] data[02000000]
12-30 10:54:53.174   398   464 D adayocomadapter-UpstreamHandler: processBeforePacket upSreamtProcessTimePoint[8228996] 
12-30 10:54:53.174   398   464 D adayocomadapter-UpstreamHandler: processPacket UPSTREAM_QUEUE_DATA_TIMEOUT
12-30 10:54:53.174   398   464 D adayocomadapter-ParseProtocolFunc: parseCommonIPCLBytes Processing tableNumber[2]
12-30 10:54:53.174   398   464 D adayocomadapter-ParseProtocolFunc: parseCommonIPCLBytes Processing tablename[Table-2] tableSize[4]
12-30 10:54:53.174   398   464 D adayocomadapter-ParseProtocolFunc: printRaWMsg Name[byteStream recv] len[4] data[02000000]
12-30 10:54:53.174   398   464 D adayocomadapter-ParseProtocolFunc: printRaWMsg Name[IPCLtoVHAL] len[6] data[214020490000]
12-30 10:54:53.174   398   464 D adayocomadapter-ParseProtocolFunc: printRaWMsg Name[IPCLtoVHAL] len[6] data[214021A20000]
12-30 10:54:53.174   398   464 D adayocomadapter-ParseProtocolFunc: printRaWMsg Name[IPCLtoVHAL] len[6] data[214020EA0000]
12-30 10:54:53.174   398   464 D adayocomadapter-CommunicationManager: onUpstreamReceive mPropertyId 0x21402049
12-30 10:54:53.175   398   464 D adayocomadapter-CommunicationManager: convertBytesToInt32Memcpy  0
12-30 10:54:53.175   398   464 I vw-vhal : notifyVehicleProperty, propId = 0x21402049, data = {status: 2, int32Values: [0]}
12-30 10:54:53.175   398   464 I vw-vhal : CanSignalsAdapter::notifyVehicleProperty: solvedValue = {.timestamp = 8228997079645, .areaId = 0, .prop = 557850697, .status = AVAILABLE, .value = {.int32Values = [1]{0}, .floatValues = [0]{}, .int64Values = [0]{}, .bytes = [0]{}, .stringValue = ""}}
12-30 10:54:53.175   398   464 I VehiclePropertyStore: begin to write value to Store: {.timestamp = 8228997079645, .areaId = 0, .prop = 557850697, .status = AVAILABLE, .value = {.int32Values = [1]{0}, .floatValues = [0]{}, .int64Values = [0]{}, .bytes = [0]{}, .stringValue = ""}}
12-30 10:54:53.175   398   464 I DefaultVehicleHal_v2_0: DefaultVehicleHal::onPropertyValue, value:{.timestamp = 8228997079645, .areaId = 0, .prop = 557850697, .status = AVAILABLE, .value = {.int32Values = [1]{0}, .floatValues = [0]{}, .int64Values = [0]{}, .bytes = [0]{}, .stringValue = ""}}
12-30 10:54:53.175   398   464 D DiagPropHandler: is not DiagnosticConfig: 0x21402049
12-30 10:54:53.175   398   464 I VehiclePropertyStore: begin to write value to Store: {.timestamp = 8228997079645, .areaId = 0, .prop = 557850697, .status = AVAILABLE, .value = {.int32Values = [1]{0}, .floatValues = [0]{}, .int64Values = [0]{}, .bytes = [0]{}, .stringValue = ""}}
12-30 10:54:53.175   398   464 D adayocomadapter-CommunicationManager: onUpstreamReceive mPropertyId 0x21402049
12-30 10:54:53.175   398   464 D adayocomadapter-CommunicationManager: onUpstreamReceive mPropertyId 0x214021a2
12-30 10:54:53.175   398   464 D adayocomadapter-CommunicationManager: convertBytesToInt32Memcpy  0
12-30 10:54:53.175   398   464 I vw-vhal : notifyVehicleProperty, propId = 0x214021a2, data = {status: 2, int32Values: [0]}
12-30 10:54:53.175   398   464 I vw-vhal : CanSignalsAdapter::notifyVehicleProperty: solvedValue = {.timestamp = 8228997780645, .areaId = 0, .prop = 557851042, .status = AVAILABLE, .value = {.int32Values = [1]{0}, .floatValues = [0]{}, .int64Values = [0]{}, .bytes = [0]{}, .stringValue = ""}}
12-30 10:54:53.176   398   464 I VehiclePropertyStore: begin to write value to Store: {.timestamp = 8228997780645, .areaId = 0, .prop = 557851042, .status = AVAILABLE, .value = {.int32Values = [1]{0}, .floatValues = [0]{}, .int64Values = [0]{}, .bytes = [0]{}, .stringValue = ""}}
12-30 10:54:53.176   398   464 I DefaultVehicleHal_v2_0: DefaultVehicleHal::onPropertyValue, value:{.timestamp = 8228997780645, .areaId = 0, .prop = 557851042, .status = AVAILABLE, .value = {.int32Values = [1]{0}, .floatValues = [0]{}, .int64Values = [0]{}, .bytes = [0]{}, .stringValue = ""}}
12-30 10:54:53.176   398   464 D DiagPropHandler: is not DiagnosticConfig: 0x214021a2
12-30 10:54:53.176   398   464 I VehiclePropertyStore: begin to write value to Store: {.timestamp = 8228997780645, .areaId = 0, .prop = 557851042, .status = AVAILABLE, .value = {.int32Values = [1]{0}, .floatValues = [0]{}, .int64Values = [0]{}, .bytes = [0]{}, .stringValue = ""}}
12-30 10:54:53.176   398   464 D adayocomadapter-CommunicationManager: onUpstreamReceive mPropertyId 0x214021a2
12-30 10:54:53.176   398   464 D adayocomadapter-CommunicationManager: onUpstreamReceive mPropertyId 0x214020ea
12-30 10:54:53.176   398   464 D adayocomadapter-CommunicationManager: convertBytesToInt32Memcpy  0
12-30 10:54:53.176   398   464 I vw-vhal : notifyVehicleProperty, propId = 0x214020ea, data = {status: 2, int32Values: [0]}
12-30 10:54:53.176   398   464 I vw-vhal : CanSignalsAdapter::notifyVehicleProperty: solvedValue = {.timestamp = 8228998443312, .areaId = 0, .prop = 557850858, .status = AVAILABLE, .value = {.int32Values = [1]{0}, .floatValues = [0]{}, .int64Values = [0]{}, .bytes = [0]{}, .stringValue = ""}}
12-30 10:54:53.176   398   464 I VehiclePropertyStore: begin to write value to Store: {.timestamp = 8228998443312, .areaId = 0, .prop = 557850858, .status = AVAILABLE, .value = {.int32Values = [1]{0}, .floatValues = [0]{}, .int64Values = [0]{}, .bytes = [0]{}, .stringValue = ""}}
12-30 10:54:53.176   398   464 I DefaultVehicleHal_v2_0: DefaultVehicleHal::onPropertyValue, value:{.timestamp = 8228998443312, .areaId = 0, .prop = 557850858, .status = AVAILABLE, .value = {.int32Values = [1]{0}, .floatValues = [0]{}, .int64Values = [0]{}, .bytes = [0]{}, .stringValue = ""}}
12-30 10:54:53.176   398   464 D DiagPropHandler: is not DiagnosticConfig: 0x214020ea
12-30 10:54:53.176   398   464 I VehiclePropertyStore: begin to write value to Store: {.timestamp = 8228998443312, .areaId = 0, .prop = 557850858, .status = AVAILABLE, .value = {.int32Values = [1]{0}, .floatValues = [0]{}, .int64Values = [0]{}, .bytes = [0]{}, .stringValue = ""}}
12-30 10:54:53.177   398   464 D adayocomadapter-CommunicationManager: onUpstreamReceive mPropertyId 0x214020ea
12-30 10:54:53.186   596  3076 E WifiHAL : Invalid data received from driver
12-30 10:54:53.188   360   931 D EvsDriver: forwardFrame
12-30 10:54:53.188   360   931 D EvsDriver: forwardFrameDirect
12-30 10:54:53.188   360   931 D EvsDriver: Delivered 0xb400e2ca9e40e270 as id 0
12-30 10:54:53.188   359  2784 D evsmanagerd: /dev/video-evs0 forwarded the buffer #0 to 0xb400f125d2b26dd0 from 0xb400f125e2b20710
12-30 10:54:53.195   360   458 D EvsDriver: doneWithFrame
12-30 10:54:53.215  2358  2623 D RcfController: Rcf proxy is not connected!
12-30 10:54:53.218  1667  2594 W ContextImpl: Calling a method in the system process without a qualified user: android.app.ContextImpl.bindService:1988 android.content.ContextWrapper.bindService:861 com.ford.sync.fnvservice.FordFnv.c:202 com.ford.sync.fnvservice.FordFnv.c:43 com.ford.sync.fnvservice.FordFnv$RetryHandler.handleMessage:245 
12-30 10:54:53.218   916  1492 W ActivityManager: Unable to start service Intent { cmp=com.ford.sync.fnvservice/.FordFnvService } U=0: not found
12-30 10:54:53.219  1667  2594 W FordFnv :  bind ford fnv failed -> sendRetryMessage 
12-30 10:54:53.221   360   931 D EvsDriver: forwardFrame
12-30 10:54:53.221   360   931 D EvsDriver: forwardFrameDirect
12-30 10:54:53.222   360   931 D EvsDriver: Delivered 0xb400e2ca9e40d4b0 as id 1
12-30 10:54:53.222   359  2784 D evsmanagerd: /dev/video-evs0 forwarded the buffer #1 to 0xb400f125d2b26dd0 from 0xb400f125e2b20710
12-30 10:54:53.225   360   458 D EvsDriver: doneWithFrame
12-30 10:54:53.244  1611  1611 I ADAYO_LOG_: handleMessage(UsbFunc.java:3)copyQnx = 0
12-30 10:54:53.245  1611  1611 I ADAYO_LOG_: handleMessage(UsbFunc.java:12)copyState = 2
12-30 10:54:53.247   596  3076 E WifiHAL : Invalid data received from driver
12-30 10:54:53.247   596  3076 E WifiHAL : Invalid data received from driver
12-30 10:54:53.247   596  3076 E WifiHAL : Invalid data received from driver
12-30 10:54:53.247   596  3076 E WifiHAL : Invalid data received from driver
12-30 10:54:53.247   596  3076 E WifiHAL : Invalid data received from driver
12-30 10:54:53.247   596  3076 E WifiHAL : Invalid data received from driver
12-30 10:54:53.247   596  3076 E WifiHAL : Invalid data received from driver
12-30 10:54:53.255   360   931 D EvsDriver: forwardFrame
12-30 10:54:53.255   360   931 D EvsDriver: forwardFrameDirect
12-30 10:54:53.255   360   931 D EvsDriver: Delivered 0xb400e2ca9e40c2d0 as id 0
12-30 10:54:53.255   359  2784 D evsmanagerd: /dev/video-evs0 forwarded the buffer #0 to 0xb400f125d2b26dd0 from 0xb400f125e2b20710
12-30 10:54:53.262   596  3076 E WifiHAL : Invalid data received from driver
12-30 10:54:53.265  2358  2623 D RcfController: Rcf proxy is not connected!
12-30 10:54:53.266   360   458 D EvsDriver: doneWithFrame
12-30 10:54:53.288  1667  2410 I media_message_log->MediaMessageUserProxy: (SourceFile:1)b connectToService action bind
12-30 10:54:53.288   360   931 D EvsDriver: forwardFrame
12-30 10:54:53.288   360   931 D EvsDriver: forwardFrameDirect
12-30 10:54:53.288   360   931 D EvsDriver: Delivered 0xb400e2ca9e40d090 as id 1
12-30 10:54:53.289   359  2784 D evsmanagerd: /dev/video-evs0 forwarded the buffer #1 to 0xb400f125d2b26dd0 from 0xb400f125e2b20710
12-30 10:54:53.289   916  1492 W ActivityManager: Unable to start service Intent { cmp=com.adayo.server.mediamessagetransfer/.MediaMessTransferService (has extras) } U=0: not found
12-30 10:54:53.289  1667  2410 E media_message_log->MediaMessageUserProxy: (SourceFile:7)a bindServiceAsUser isBound = false
12-30 10:54:53.296   360   458 D EvsDriver: doneWithFrame
12-30 10:54:53.316  2358  2623 D RcfController: Rcf proxy is not connected!
12-30 10:54:53.321   360   931 D EvsDriver: forwardFrame
12-30 10:54:53.321   360   931 D EvsDriver: forwardFrameDirect
12-30 10:54:53.322   360   931 D EvsDriver: Delivered 0xb400e2ca9e40e110 as id 0
12-30 10:54:53.322   359  2784 D evsmanagerd: /dev/video-evs0 forwarded the buffer #0 to 0xb400f125d2b26dd0 from 0xb400f125e2b20710
12-30 10:54:53.324   596  3076 E WifiHAL : Invalid data received from driver
12-30 10:54:53.326   360   458 D EvsDriver: doneWithFrame
12-30 10:54:53.327   650   729 D fgemcucomm: sd Uart data : 6AA60200D30002920295
12-30 10:54:53.327   650   729 D fgemcucomm: rev uart=67998,len=15, data : 6AA68100D300079202062141450262
12-30 10:54:53.328   398   882 D adayocomadapter-ParseProtocolFunc: printRaWMsg Name[MCUToUPstream recv] len[7] data[92020621414502]
12-30 10:54:53.328   398   882 D adayocomadapter-CommunicationManager: onUpstreamback   member[6] dataLength[4] timePoint[8229150]
12-30 10:54:53.328   398   882 D adayocomadapter-ParseProtocolFunc: printRaWMsg Name[onUpstreamback] len[4] data[21414502]
12-30 10:54:53.328   398   464 D adayocomadapter-UpstreamHandler: processBeforePacket upSreamtProcessTimePoint[8229150] 
12-30 10:54:53.328   398   464 D adayocomadapter-ParseProtocolFunc: parseGeneralIPCLBytes Processing tablename[Table-3] tableSize[0]
12-30 10:54:53.328   398   464 D adayocomadapter-ParseProtocolFunc: printRaWMsg Name[byteStream recv] len[4] data[21414502]
12-30 10:54:53.339   398   464 D adayocomadapter-ParseProtocolFunc: printRaWMsg Name[IPCLtoVHAL] len[8520] data[214145020121414502000000000000000000000000016000000000F6D300000000000000002140217A000000000000000000000000016000000000C4AE000000000000000021402235000000000000000000000000014000000000BD63000000000000000000000000000000000000000000000000010101000000A0A3000000000000000068D8712E6DFB00B400000000000000000160000000003F270000000000000000214021E1000000000000000000000000014000000000EBE400000000000000000000000000000000000000000000000001600000000002860000000000000000214021720000000000000000000000000141000000001D01000000000000000000000000000000000000000000000000016000000000667C0000000000000000214021C0000000000000000000000000016000000000540100000000000000002140222800000000000000000000000001010100000002710000000000000000000000000000000078D4712E6DFB00B4016000000000F90F0000000000000000214021BF00000000000000000000000001400000000049360000000000000000000000000000000000000000000000000160000000009DF500000000000000002140223B0000000000000000000000000160000000008D1C00000000000000002140224B0
12-30 10:54:53.339   398   464 D adayocomadapter-CommunicationManager: onUpstreamReceive mPropertyId 0x21414502
12-30 10:54:53.340   398   464 D adayocomadapter-CommunicationManager: writeValue id=[557925634]
12-30 10:54:53.340   398   464 D adayocomadapter-VehiclePropertyStore: writeValue id=[557925634]
12-30 10:54:53.355   360   931 D EvsDriver: forwardFrame
12-30 10:54:53.355   360   931 D EvsDriver: forwardFrameDirect
12-30 10:54:53.355   360   931 D EvsDriver: Delivered 0xb400e2ca9e40c7a0 as id 1
12-30 10:54:53.355   359  2784 D evsmanagerd: /dev/video-evs0 forwarded the buffer #1 to 0xb400f125d2b26dd0 from 0xb400f125e2b20710
12-30 10:54:53.357   360   458 D EvsDriver: doneWithFrame
12-30 10:54:53.366  2358  2623 D RcfController: Rcf proxy is not connected!
12-30 10:54:53.367   398   464 I vw-vhal : notifyVehicleProperty, propId = 0x21414502, data = {status: 2, int32Values: [33, 65, 69, 2, 0, 0, 0, 0, 0, 0, 0, 0, 0, 0, 0, 0, 1, 96, 0, 0, 0, 0, 246, 211, 0, 0, 0, 0, 0, 0, 0, 0, 33, 64, 33, 122, 0, 0, 0, 0, 0, 0, 0, 0, 0, 0, 0, 0, 1, 96, 0, 0, 0, 0, 196, 174, 0, 0, 0, 0, 0, 0, 0, 0, 33, 64, 34, 53, 0, 0, 0, 0, 0, 0, 0, 0, 0, 0, 0, 0, 1, 64, 0, 0, 0, 0, 189, 99, 0, 0, 0, 0, 0, 0, 0, 0, 0, 0, 0, 0, 0, 0, 0, 0, 0, 0, 0, 0, 0, 0, 0, 0, 1, 1, 1, 0, 0, 0, 160, 163, 0, 0, 0, 0, 0, 0, 0, 0, 104, 216, 113, 46, 109, 251, 0, 180, 0, 0, 0, 0, 0, 0, 0, 0, 1, 96, 0, 0, 0, 0, 63, 39, 0, 0, 0, 0, 0, 0, 0, 0, 33, 64, 33, 225, 0, 0, 0, 0, 0, 0, 0, 0, 0, 0, 0, 0, 1, 64, 0, 0, 0, 0, 235, 228, 0, 0, 0, 0, 0, 0, 0, 0, 0, 0, 0, 0, 0, 0, 0, 0, 0, 0, 0, 0, 0, 0, 0, 0, 1, 96, 0, 0, 0, 0, 2, 134, 0, 0, 0, 0, 0, 0, 0, 0, 33, 64, 33, 114, 0, 0, 0, 0, 0, 0, 0, 0, 0, 0, 0, 0, 1, 65, 0, 0, 0, 0, 29, 1, 0, 0, 0, 0, 0, 0, 0, 0, 0, 0, 0, 0, 0, 0, 0, 0, 0, 0, 0, 0, 0, 0, 0, 0, 1, 96, 0, 0, 0, 0, 102, 124, 0, 0, 0, 0, 0, 0, 0, 0, 33, 64, 33,
12-30 10:54:53.388   360   931 D EvsDriver: forwardFrame
12-30 10:54:53.388   360   931 D EvsDriver: forwardFrameDirect
12-30 10:54:53.389   360   931 D EvsDriver: Delivered 0xb400e2ca9e40e270 as id 0
12-30 10:54:53.389   359  2784 D evsmanagerd: /dev/video-evs0 forwarded the buffer #0 to 0xb400f125d2b26dd0 from 0xb400f125e2b20710
12-30 10:54:53.391   398   464 I vw-vhal : CanSignalsAdapter::notifyDiagProperty: propId = 0x21414502, data = {status: 2, int32Values: [33, 65, 69, 2, 0, 0, 0, 0, 0, 0, 0, 0, 0, 0, 0, 0, 1, 96, 0, 0, 0, 0, 246, 211, 0, 0, 0, 0, 0, 0, 0, 0, 33, 64, 33, 122, 0, 0, 0, 0, 0, 0, 0, 0, 0, 0, 0, 0, 1, 96, 0, 0, 0, 0, 196, 174, 0, 0, 0, 0, 0, 0, 0, 0, 33, 64, 34, 53, 0, 0, 0, 0, 0, 0, 0, 0, 0, 0, 0, 0, 1, 64, 0, 0, 0, 0, 189, 99, 0, 0, 0, 0, 0, 0, 0, 0, 0, 0, 0, 0, 0, 0, 0, 0, 0, 0, 0, 0, 0, 0, 0, 0, 1, 1, 1, 0, 0, 0, 160, 163, 0, 0, 0, 0, 0, 0, 0, 0, 104, 216, 113, 46, 109, 251, 0, 180, 0, 0, 0, 0, 0, 0, 0, 0, 1, 96, 0, 0, 0, 0, 63, 39, 0, 0, 0, 0, 0, 0, 0, 0, 33, 64, 33, 225, 0, 0, 0, 0, 0, 0, 0, 0, 0, 0, 0, 0, 1, 64, 0, 0, 0, 0, 235, 228, 0, 0, 0, 0, 0, 0, 0, 0, 0, 0, 0, 0, 0, 0, 0, 0, 0, 0, 0, 0, 0, 0, 0, 0, 1, 96, 0, 0, 0, 0, 2, 134, 0, 0, 0, 0, 0, 0, 0, 0, 33, 64, 33, 114, 0, 0, 0, 0, 0, 0, 0, 0, 0, 0, 0, 0, 1, 65, 0, 0, 0, 0, 29, 1, 0, 0, 0, 0, 0, 0, 0, 0, 0, 0, 0, 0, 0, 0, 0, 0, 0, 0, 0, 0, 0, 0, 0, 0, 1, 96, 0, 0, 0, 0, 102, 124, 0, 0, 0, 0, 0, 0, 0
12-30 10:54:53.397   360   458 D EvsDriver: doneWithFrame
12-30 10:54:53.398   398   464 I vw-vhal : CanSignalsAdapter::notifyVehicleProperty: solvedValue = {.timestamp = 8229213562312, .areaId = 0, .prop = 557925634, .status = AVAILABLE, .value = {.int32Values = [8515]{33, 65, 69, 2, 0, 0, 0, 0, 0, 0, 0, 0, 0, 0, 0, 0, 1, 96, 0, 0, 0, 0, 246, 211, 0, 0, 0, 0, 0, 0, 0, 0, 33, 64, 33, 122, 0, 0, 0, 0, 0, 0, 0, 0, 0, 0, 0, 0, 1, 96, 0, 0, 0, 0, 196, 174, 0, 0, 0, 0, 0, 0, 0, 0, 33, 64, 34, 53, 0, 0, 0, 0, 0, 0, 0, 0, 0, 0, 0, 0, 1, 64, 0, 0, 0, 0, 189, 99, 0, 0, 0, 0, 0, 0, 0, 0, 0, 0, 0, 0, 0, 0, 0, 0, 0, 0, 0, 0, 0, 0, 0, 0, 1, 1, 1, 0, 0, 0, 160, 163, 0, 0, 0, 0, 0, 0, 0, 0, 104, 216, 113, 46, 109, 251, 0, 180, 0, 0, 0, 0, 0, 0, 0, 0, 1, 96, 0, 0, 0, 0, 63, 39, 0, 0, 0, 0, 0, 0, 0, 0, 33, 64, 33, 225, 0, 0, 0, 0, 0, 0, 0, 0, 0, 0, 0, 0, 1, 64, 0, 0, 0, 0, 235, 228, 0, 0, 0, 0, 0, 0, 0, 0, 0, 0, 0, 0, 0, 0, 0, 0, 0, 0, 0, 0, 0, 0, 0, 0, 1, 96, 0, 0, 0, 0, 2, 134, 0, 0, 0, 0, 0, 0, 0, 0, 33, 64, 33, 114, 0, 0, 0, 0, 0, 0, 0, 0, 0, 0, 0, 0, 1, 65, 0, 0, 0, 0, 29, 1, 0, 0, 0, 0, 0, 0, 0, 0, 0, 0, 0, 0, 0, 0, 0
12-30 10:54:53.398   650   729 D fgemcucomm: sd Uart data : 6AA60200D40002920294
12-30 10:54:53.399   650   729 D fgemcucomm: rev uart=67999,len=18, data : 6AA68100D4000A9202000700000000000006
12-30 10:54:53.399   398   882 D adayocomadapter-ParseProtocolFunc: printRaWMsg Name[MCUToUPstream recv] len[10] data[92020007000000000000]
12-30 10:54:53.399   398   882 D adayocomadapter-CommunicationManager: onUpstreamback   member[0] dataLength[7] timePoint[8229221]
12-30 10:54:53.399   398   882 D adayocomadapter-ParseProtocolFunc: printRaWMsg Name[onUpstreamback] len[7] data[07000000000000]
12-30 10:54:53.405   398   464 I VehiclePropertyStore: begin to write value to Store: {.timestamp = 8229213562312, .areaId = 0, .prop = 557925634, .status = AVAILABLE, .value = {.int32Values = [8515]{33, 65, 69, 2, 0, 0, 0, 0, 0, 0, 0, 0, 0, 0, 0, 0, 1, 96, 0, 0, 0, 0, 246, 211, 0, 0, 0, 0, 0, 0, 0, 0, 33, 64, 33, 122, 0, 0, 0, 0, 0, 0, 0, 0, 0, 0, 0, 0, 1, 96, 0, 0, 0, 0, 196, 174, 0, 0, 0, 0, 0, 0, 0, 0, 33, 64, 34, 53, 0, 0, 0, 0, 0, 0, 0, 0, 0, 0, 0, 0, 1, 64, 0, 0, 0, 0, 189, 99, 0, 0, 0, 0, 0, 0, 0, 0, 0, 0, 0, 0, 0, 0, 0, 0, 0, 0, 0, 0, 0, 0, 0, 0, 1, 1, 1, 0, 0, 0, 160, 163, 0, 0, 0, 0, 0, 0, 0, 0, 104, 216, 113, 46, 109, 251, 0, 180, 0, 0, 0, 0, 0, 0, 0, 0, 1, 96, 0, 0, 0, 0, 63, 39, 0, 0, 0, 0, 0, 0, 0, 0, 33, 64, 33, 225, 0, 0, 0, 0, 0, 0, 0, 0, 0, 0, 0, 0, 1, 64, 0, 0, 0, 0, 235, 228, 0, 0, 0, 0, 0, 0, 0, 0, 0, 0, 0, 0, 0, 0, 0, 0, 0, 0, 0, 0, 0, 0, 0, 0, 1, 96, 0, 0, 0, 0, 2, 134, 0, 0, 0, 0, 0, 0, 0, 0, 33, 64, 33, 114, 0, 0, 0, 0, 0, 0, 0, 0, 0, 0, 0, 0, 1, 65, 0, 0, 0, 0, 29, 1, 0, 0, 0, 0, 0, 0, 0, 0, 0, 0, 0, 0, 0, 0, 0, 0, 0, 0, 0, 0, 0, 0, 0,
12-30 10:54:53.413   398   464 I VehiclePropertyStore: Prop wirte value to Store success: {.timestamp = 8229213562312, .areaId = 0, .prop = 557925634, .status = AVAILABLE, .value = {.int32Values = [8515]{33, 65, 69, 2, 0, 0, 0, 0, 0, 0, 0, 0, 0, 0, 0, 0, 1, 96, 0, 0, 0, 0, 246, 211, 0, 0, 0, 0, 0, 0, 0, 0, 33, 64, 33, 122, 0, 0, 0, 0, 0, 0, 0, 0, 0, 0, 0, 0, 1, 96, 0, 0, 0, 0, 196, 174, 0, 0, 0, 0, 0, 0, 0, 0, 33, 64, 34, 53, 0, 0, 0, 0, 0, 0, 0, 0, 0, 0, 0, 0, 1, 64, 0, 0, 0, 0, 189, 99, 0, 0, 0, 0, 0, 0, 0, 0, 0, 0, 0, 0, 0, 0, 0, 0, 0, 0, 0, 0, 0, 0, 0, 0, 1, 1, 1, 0, 0, 0, 160, 163, 0, 0, 0, 0, 0, 0, 0, 0, 104, 216, 113, 46, 109, 251, 0, 180, 0, 0, 0, 0, 0, 0, 0, 0, 1, 96, 0, 0, 0, 0, 63, 39, 0, 0, 0, 0, 0, 0, 0, 0, 33, 64, 33, 225, 0, 0, 0, 0, 0, 0, 0, 0, 0, 0, 0, 0, 1, 64, 0, 0, 0, 0, 235, 228, 0, 0, 0, 0, 0, 0, 0, 0, 0, 0, 0, 0, 0, 0, 0, 0, 0, 0, 0, 0, 0, 0, 0, 0, 1, 96, 0, 0, 0, 0, 2, 134, 0, 0, 0, 0, 0, 0, 0, 0, 33, 64, 33, 114, 0, 0, 0, 0, 0, 0, 0, 0, 0, 0, 0, 0, 1, 65, 0, 0, 0, 0, 29, 1, 0, 0, 0, 0, 0, 0, 0, 0, 0, 0, 0, 0, 0, 0, 0, 0, 0, 0, 0, 0, 0, 0
12-30 10:54:53.414   596  3076 E WifiHAL : Invalid data received from driver
12-30 10:54:53.416  2358  2623 D RcfController: Rcf proxy is not connected!
12-30 10:54:53.417   798  4950 W adbd    : timed out while waiting for FUNCTIONFS_BIND, trying again
12-30 10:54:53.417   798  4950 I adbd    : UsbFfs: connection terminated: monitor thread finished
12-30 10:54:53.417   798   798 I adbd    : UsbFfs: already offline
12-30 10:54:53.417   798   798 I adbd    : destroying transport UsbFfs
12-30 10:54:53.417   798   798 I adbd    : UsbFfsConnection being destroyed
12-30 10:54:53.420   398   464 I DefaultVehicleHal_v2_0: DefaultVehicleHal::onPropertyValue, value:{.timestamp = 8229213562312, .areaId = 0, .prop = 557925634, .status = AVAILABLE, .value = {.int32Values = [8515]{33, 65, 69, 2, 0, 0, 0, 0, 0, 0, 0, 0, 0, 0, 0, 0, 1, 96, 0, 0, 0, 0, 246, 211, 0, 0, 0, 0, 0, 0, 0, 0, 33, 64, 33, 122, 0, 0, 0, 0, 0, 0, 0, 0, 0, 0, 0, 0, 1, 96, 0, 0, 0, 0, 196, 174, 0, 0, 0, 0, 0, 0, 0, 0, 33, 64, 34, 53, 0, 0, 0, 0, 0, 0, 0, 0, 0, 0, 0, 0, 1, 64, 0, 0, 0, 0, 189, 99, 0, 0, 0, 0, 0, 0, 0, 0, 0, 0, 0, 0, 0, 0, 0, 0, 0, 0, 0, 0, 0, 0, 0, 0, 1, 1, 1, 0, 0, 0, 160, 163, 0, 0, 0, 0, 0, 0, 0, 0, 104, 216, 113, 46, 109, 251, 0, 180, 0, 0, 0, 0, 0, 0, 0, 0, 1, 96, 0, 0, 0, 0, 63, 39, 0, 0, 0, 0, 0, 0, 0, 0, 33, 64, 33, 225, 0, 0, 0, 0, 0, 0, 0, 0, 0, 0, 0, 0, 1, 64, 0, 0, 0, 0, 235, 228, 0, 0, 0, 0, 0, 0, 0, 0, 0, 0, 0, 0, 0, 0, 0, 0, 0, 0, 0, 0, 0, 0, 0, 0, 1, 96, 0, 0, 0, 0, 2, 134, 0, 0, 0, 0, 0, 0, 0, 0, 33, 64, 33, 114, 0, 0, 0, 0, 0, 0, 0, 0, 0, 0, 0, 0, 1, 65, 0, 0, 0, 0, 29, 1, 0, 0, 0, 0, 0, 0, 0, 0, 0, 0, 0, 0, 0, 0, 0, 0, 0, 0, 0, 
12-30 10:54:53.420   398   464 D DiagPropHandler: is not DiagnosticConfig: 0x21414502
12-30 10:54:53.421   360   931 D EvsDriver: forwardFrame
12-30 10:54:53.421   360   931 D EvsDriver: forwardFrameDirect
12-30 10:54:53.421   360   931 D EvsDriver: Delivered 0xb400e2ca9e40d4b0 as id 1
12-30 10:54:53.422   359  2784 D evsmanagerd: /dev/video-evs0 forwarded the buffer #1 to 0xb400f125d2b26dd0 from 0xb400f125e2b20710
12-30 10:54:53.425  1582  3078 I c       : checkService in back thread add: adayo.upgrade.v2.0
12-30 10:54:53.426  1582  3078 E upgradeApp_251223_V1  l: d(null:11)pre->c(null:23)-> serviceBinder is null
12-30 10:54:53.426  1582  3078 W c       : doBindService in back thread fail: adayo.upgrade.v2.0
12-30 10:54:53.427   398   464 I VehiclePropertyStore: begin to write value to Store: {.timestamp = 8229213562312, .areaId = 0, .prop = 557925634, .status = AVAILABLE, .value = {.int32Values = [8515]{33, 65, 69, 2, 0, 0, 0, 0, 0, 0, 0, 0, 0, 0, 0, 0, 1, 96, 0, 0, 0, 0, 246, 211, 0, 0, 0, 0, 0, 0, 0, 0, 33, 64, 33, 122, 0, 0, 0, 0, 0, 0, 0, 0, 0, 0, 0, 0, 1, 96, 0, 0, 0, 0, 196, 174, 0, 0, 0, 0, 0, 0, 0, 0, 33, 64, 34, 53, 0, 0, 0, 0, 0, 0, 0, 0, 0, 0, 0, 0, 1, 64, 0, 0, 0, 0, 189, 99, 0, 0, 0, 0, 0, 0, 0, 0, 0, 0, 0, 0, 0, 0, 0, 0, 0, 0, 0, 0, 0, 0, 0, 0, 1, 1, 1, 0, 0, 0, 160, 163, 0, 0, 0, 0, 0, 0, 0, 0, 104, 216, 113, 46, 109, 251, 0, 180, 0, 0, 0, 0, 0, 0, 0, 0, 1, 96, 0, 0, 0, 0, 63, 39, 0, 0, 0, 0, 0, 0, 0, 0, 33, 64, 33, 225, 0, 0, 0, 0, 0, 0, 0, 0, 0, 0, 0, 0, 1, 64, 0, 0, 0, 0, 235, 228, 0, 0, 0, 0, 0, 0, 0, 0, 0, 0, 0, 0, 0, 0, 0, 0, 0, 0, 0, 0, 0, 0, 0, 0, 1, 96, 0, 0, 0, 0, 2, 134, 0, 0, 0, 0, 0, 0, 0, 0, 33, 64, 33, 114, 0, 0, 0, 0, 0, 0, 0, 0, 0, 0, 0, 0, 1, 65, 0, 0, 0, 0, 29, 1, 0, 0, 0, 0, 0, 0, 0, 0, 0, 0, 0, 0, 0, 0, 0, 0, 0, 0, 0, 0, 0, 0, 0,
12-30 10:54:53.427   360   458 D EvsDriver: doneWithFrame
12-30 10:54:53.434   398   464 I VehiclePropertyStore: Prop wirte value to Store success: {.timestamp = 8229213562312, .areaId = 0, .prop = 557925634, .status = AVAILABLE, .value = {.int32Values = [8515]{33, 65, 69, 2, 0, 0, 0, 0, 0, 0, 0, 0, 0, 0, 0, 0, 1, 96, 0, 0, 0, 0, 246, 211, 0, 0, 0, 0, 0, 0, 0, 0, 33, 64, 33, 122, 0, 0, 0, 0, 0, 0, 0, 0, 0, 0, 0, 0, 1, 96, 0, 0, 0, 0, 196, 174, 0, 0, 0, 0, 0, 0, 0, 0, 33, 64, 34, 53, 0, 0, 0, 0, 0, 0, 0, 0, 0, 0, 0, 0, 1, 64, 0, 0, 0, 0, 189, 99, 0, 0, 0, 0, 0, 0, 0, 0, 0, 0, 0, 0, 0, 0, 0, 0, 0, 0, 0, 0, 0, 0, 0, 0, 1, 1, 1, 0, 0, 0, 160, 163, 0, 0, 0, 0, 0, 0, 0, 0, 104, 216, 113, 46, 109, 251, 0, 180, 0, 0, 0, 0, 0, 0, 0, 0, 1, 96, 0, 0, 0, 0, 63, 39, 0, 0, 0, 0, 0, 0, 0, 0, 33, 64, 33, 225, 0, 0, 0, 0, 0, 0, 0, 0, 0, 0, 0, 0, 1, 64, 0, 0, 0, 0, 235, 228, 0, 0, 0, 0, 0, 0, 0, 0, 0, 0, 0, 0, 0, 0, 0, 0, 0, 0, 0, 0, 0, 0, 0, 0, 1, 96, 0, 0, 0, 0, 2, 134, 0, 0, 0, 0, 0, 0, 0, 0, 33, 64, 33, 114, 0, 0, 0, 0, 0, 0, 0, 0, 0, 0, 0, 0, 1, 65, 0, 0, 0, 0, 29, 1, 0, 0, 0, 0, 0, 0, 0, 0, 0, 0, 0, 0, 0, 0, 0, 0, 0, 0, 0, 0, 0, 0
12-30 10:54:53.434   398   464 D adayocomadapter-CommunicationManager: onUpstreamReceive mPropertyId 0x21414502
12-30 10:54:53.434   398   464 D adayocomadapter-UpstreamHandler: processBeforePacket upSreamtProcessTimePoint[8229256] 
12-30 10:54:53.434   398   464 D adayocomadapter-UpstreamHandler: processPacket UPSTREAM_QUEUE_DATA_TIMEOUT
12-30 10:54:53.434   398   464 D adayocomadapter-ParseProtocolFunc: parseCommonIPCLBytes Processing tableNumber[7]
12-30 10:54:53.434   398   464 D adayocomadapter-ParseProtocolFunc: parseCommonIPCLBytes Processing tablename[Table-7] tableSize[7]
12-30 10:54:53.434   398   464 D adayocomadapter-ParseProtocolFunc: printRaWMsg Name[byteStream recv] len[7] data[07000000000000]
12-30 10:54:53.434   398   464 D adayocomadapter-ParseProtocolFunc: printRaWMsg Name[IPCLtoVHAL] len[6] data[214020530000]
12-30 10:54:53.434   398   464 D adayocomadapter-ParseProtocolFunc: printRaWMsg Name[IPCLtoVHAL] len[6] data[214020A00000]
12-30 10:54:53.434   398   464 D adayocomadapter-ParseProtocolFunc: printRaWMsg Name[IPCLtoVHAL] len[6] data[214021310000]
12-30 10:54:53.434   398   464 D adayocomadapter-ParseProtocolFunc: printRaWMsg Name[IPCLtoVHAL] len[6] data[214020A20000]
12-30 10:54:53.435   398   464 D adayocomadapter-ParseProtocolFunc: printRaWMsg Name[IPCLtoVHAL] len[6] data[214020A40000]
12-30 10:54:53.435   398   464 D adayocomadapter-ParseProtocolFunc: printRaWMsg Name[IPCLtoVHAL] len[6] data[214021CE0000]
12-30 10:54:53.435   398   464 D adayocomadapter-CommunicationManager: onUpstreamReceive mPropertyId 0x21402053
12-30 10:54:53.435   398   464 D adayocomadapter-CommunicationManager: convertBytesToInt32Memcpy  0
12-30 10:54:53.435   398   464 I vw-vhal : notifyVehicleProperty, propId = 0x21402053, data = {status: 2, int32Values: [0]}
12-30 10:54:53.435   398   464 I vw-vhal : CanSignalsAdapter::notifyVehicleProperty: solvedValue = {.timestamp = 8229257078979, .areaId = 0, .prop = 557850707, .status = AVAILABLE, .value = {.int32Values = [1]{0}, .floatValues = [0]{}, .int64Values = [0]{}, .bytes = [0]{}, .stringValue = ""}}
12-30 10:54:53.435   398   464 I VehiclePropertyStore: begin to write value to Store: {.timestamp = 8229257078979, .areaId = 0, .prop = 557850707, .status = AVAILABLE, .value = {.int32Values = [1]{0}, .floatValues = [0]{}, .int64Values = [0]{}, .bytes = [0]{}, .stringValue = ""}}
12-30 10:54:53.435   398   464 I DefaultVehicleHal_v2_0: DefaultVehicleHal::onPropertyValue, value:{.timestamp = 8229257078979, .areaId = 0, .prop = 557850707, .status = AVAILABLE, .value = {.int32Values = [1]{0}, .floatValues = [0]{}, .int64Values = [0]{}, .bytes = [0]{}, .stringValue = ""}}
12-30 10:54:53.435   398   464 D DiagPropHandler: is not DiagnosticConfig: 0x21402053
12-30 10:54:53.435   398   464 I VehiclePropertyStore: begin to write value to Store: {.timestamp = 8229257078979, .areaId = 0, .prop = 557850707, .status = AVAILABLE, .value = {.int32Values = [1]{0}, .floatValues = [0]{}, .int64Values = [0]{}, .bytes = [0]{}, .stringValue = ""}}
12-30 10:54:53.435   398   464 D adayocomadapter-CommunicationManager: onUpstreamReceive mPropertyId 0x21402053
12-30 10:54:53.435   398   464 D adayocomadapter-CommunicationManager: onUpstreamReceive mPropertyId 0x214020a0
12-30 10:54:53.435   398   464 D adayocomadapter-CommunicationManager: convertBytesToInt32Memcpy  0
12-30 10:54:53.435   398   464 I vw-vhal : notifyVehicleProperty, propId = 0x214020a0, data = {status: 2, int32Values: [0]}
12-30 10:54:53.435   398   464 I vw-vhal : CanSignalsAdapter::notifyVehicleProperty: solvedValue = {.timestamp = 8229257467645, .areaId = 0, .prop = 557850784, .status = AVAILABLE, .value = {.int32Values = [1]{0}, .floatValues = [0]{}, .int64Values = [0]{}, .bytes = [0]{}, .stringValue = ""}}
12-30 10:54:53.435   398   464 I VehiclePropertyStore: begin to write value to Store: {.timestamp = 8229257467645, .areaId = 0, .prop = 557850784, .status = AVAILABLE, .value = {.int32Values = [1]{0}, .floatValues = [0]{}, .int64Values = [0]{}, .bytes = [0]{}, .stringValue = ""}}
12-30 10:54:53.435   398   464 I DefaultVehicleHal_v2_0: DefaultVehicleHal::onPropertyValue, value:{.timestamp = 8229257467645, .areaId = 0, .prop = 557850784, .status = AVAILABLE, .value = {.int32Values = [1]{0}, .floatValues = [0]{}, .int64Values = [0]{}, .bytes = [0]{}, .stringValue = ""}}
12-30 10:54:53.435   398   464 D DiagPropHandler: is not DiagnosticConfig: 0x214020a0
12-30 10:54:53.435   398   464 I VehiclePropertyStore: begin to write value to Store: {.timestamp = 8229257467645, .areaId = 0, .prop = 557850784, .status = AVAILABLE, .value = {.int32Values = [1]{0}, .floatValues = [0]{}, .int64Values = [0]{}, .bytes = [0]{}, .stringValue = ""}}
12-30 10:54:53.435   398   464 D adayocomadapter-CommunicationManager: onUpstreamReceive mPropertyId 0x214020a0
12-30 10:54:53.435   398   464 D adayocomadapter-CommunicationManager: onUpstreamReceive mPropertyId 0x21402131
12-30 10:54:53.435   398   464 D adayocomadapter-CommunicationManager: convertBytesToInt32Memcpy  0
12-30 10:54:53.435   398   464 I vw-vhal : notifyVehicleProperty, propId = 0x21402131, data = {status: 2, int32Values: [0]}
12-30 10:54:53.435   398   464 I vw-vhal : CanSignalsAdapter::notifyVehicleProperty: solvedValue = {.timestamp = 8229257813312, .areaId = 0, .prop = 557850929, .status = AVAILABLE, .value = {.int32Values = [1]{0}, .floatValues = [0]{}, .int64Values = [0]{}, .bytes = [0]{}, .stringValue = ""}}
12-30 10:54:53.436   398   464 I VehiclePropertyStore: begin to write value to Store: {.timestamp = 8229257813312, .areaId = 0, .prop = 557850929, .status = AVAILABLE, .value = {.int32Values = [1]{0}, .floatValues = [0]{}, .int64Values = [0]{}, .bytes = [0]{}, .stringValue = ""}}
12-30 10:54:53.436   398   464 I DefaultVehicleHal_v2_0: DefaultVehicleHal::onPropertyValue, value:{.timestamp = 8229257813312, .areaId = 0, .prop = 557850929, .status = AVAILABLE, .value = {.int32Values = [1]{0}, .floatValues = [0]{}, .int64Values = [0]{}, .bytes = [0]{}, .stringValue = ""}}
12-30 10:54:53.436   398   464 D DiagPropHandler: is not DiagnosticConfig: 0x21402131
12-30 10:54:53.436   398   464 I VehiclePropertyStore: begin to write value to Store: {.timestamp = 8229257813312, .areaId = 0, .prop = 557850929, .status = AVAILABLE, .value = {.int32Values = [1]{0}, .floatValues = [0]{}, .int64Values = [0]{}, .bytes = [0]{}, .stringValue = ""}}
12-30 10:54:53.436   398   464 D adayocomadapter-CommunicationManager: onUpstreamReceive mPropertyId 0x21402131
12-30 10:54:53.436   398   464 D adayocomadapter-CommunicationManager: onUpstreamReceive mPropertyId 0x214020a2
12-30 10:54:53.436   398   464 D adayocomadapter-CommunicationManager: convertBytesToInt32Memcpy  0
12-30 10:54:53.436   398   464 I vw-vhal : notifyVehicleProperty, propId = 0x214020a2, data = {status: 2, int32Values: [0]}
12-30 10:54:53.436   398   464 I vw-vhal : CanSignalsAdapter::notifyVehicleProperty: solvedValue = {.timestamp = 8229258157979, .areaId = 0, .prop = 557850786, .status = AVAILABLE, .value = {.int32Values = [1]{0}, .floatValues = [0]{}, .int64Values = [0]{}, .bytes = [0]{}, .stringValue = ""}}
12-30 10:54:53.436   398   464 I VehiclePropertyStore: begin to write value to Store: {.timestamp = 8229258157979, .areaId = 0, .prop = 557850786, .status = AVAILABLE, .value = {.int32Values = [1]{0}, .floatValues = [0]{}, .int64Values = [0]{}, .bytes = [0]{}, .stringValue = ""}}
12-30 10:54:53.436   398   464 I DefaultVehicleHal_v2_0: DefaultVehicleHal::onPropertyValue, value:{.timestamp = 8229258157979, .areaId = 0, .prop = 557850786, .status = AVAILABLE, .value = {.int32Values = [1]{0}, .floatValues = [0]{}, .int64Values = [0]{}, .bytes = [0]{}, .stringValue = ""}}
12-30 10:54:53.436   398   464 D DiagPropHandler: is not DiagnosticConfig: 0x214020a2
12-30 10:54:53.436   398   464 I VehiclePropertyStore: begin to write value to Store: {.timestamp = 8229258157979, .areaId = 0, .prop = 557850786, .status = AVAILABLE, .value = {.int32Values = [1]{0}, .floatValues = [0]{}, .int64Values = [0]{}, .bytes = [0]{}, .stringValue = ""}}
12-30 10:54:53.436   398   464 D adayocomadapter-CommunicationManager: onUpstreamReceive mPropertyId 0x214020a2
12-30 10:54:53.436   398   464 D adayocomadapter-CommunicationManager: onUpstreamReceive mPropertyId 0x214020a4
12-30 10:54:53.436   398   464 D adayocomadapter-CommunicationManager: convertBytesToInt32Memcpy  0
12-30 10:54:53.436   398   464 I vw-vhal : notifyVehicleProperty, propId = 0x214020a4, data = {status: 2, int32Values: [0]}
12-30 10:54:53.436   398   464 I vw-vhal : CanSignalsAdapter::notifyVehicleProperty: solvedValue = {.timestamp = 8229258494312, .areaId = 0, .prop = 557850788, .status = AVAILABLE, .value = {.int32Values = [1]{0}, .floatValues = [0]{}, .int64Values = [0]{}, .bytes = [0]{}, .stringValue = ""}}
12-30 10:54:53.436   398   464 I VehiclePropertyStore: begin to write value to Store: {.timestamp = 8229258494312, .areaId = 0, .prop = 557850788, .status = AVAILABLE, .value = {.int32Values = [1]{0}, .floatValues = [0]{}, .int64Values = [0]{}, .bytes = [0]{}, .stringValue = ""}}
12-30 10:54:53.436   398   464 I DefaultVehicleHal_v2_0: DefaultVehicleHal::onPropertyValue, value:{.timestamp = 8229258494312, .areaId = 0, .prop = 557850788, .status = AVAILABLE, .value = {.int32Values = [1]{0}, .floatValues = [0]{}, .int64Values = [0]{}, .bytes = [0]{}, .stringValue = ""}}
12-30 10:54:53.436   398   464 D DiagPropHandler: is not DiagnosticConfig: 0x214020a4
12-30 10:54:53.436   398   464 I VehiclePropertyStore: begin to write value to Store: {.timestamp = 8229258494312, .areaId = 0, .prop = 557850788, .status = AVAILABLE, .value = {.int32Values = [1]{0}, .floatValues = [0]{}, .int64Values = [0]{}, .bytes = [0]{}, .stringValue = ""}}
12-30 10:54:53.436   398   464 D adayocomadapter-CommunicationManager: onUpstreamReceive mPropertyId 0x214020a4
12-30 10:54:53.436   398   464 D adayocomadapter-CommunicationManager: onUpstreamReceive mPropertyId 0x214021ce
12-30 10:54:53.436   398   464 D adayocomadapter-CommunicationManager: convertBytesToInt32Memcpy  0
12-30 10:54:53.436   398   464 I vw-vhal : notifyVehicleProperty, propId = 0x214021ce, data = {status: 2, int32Values: [0]}
12-30 10:54:53.437   398   464 I vw-vhal : CanSignalsAdapter::notifyVehicleProperty: solvedValue = {.timestamp = 8229258834645, .areaId = 0, .prop = 557851086, .status = AVAILABLE, .value = {.int32Values = [1]{0}, .floatValues = [0]{}, .int64Values = [0]{}, .bytes = [0]{}, .stringValue = ""}}
12-30 10:54:53.437   398   464 I VehiclePropertyStore: begin to write value to Store: {.timestamp = 8229258834645, .areaId = 0, .prop = 557851086, .status = AVAILABLE, .value = {.int32Values = [1]{0}, .floatValues = [0]{}, .int64Values = [0]{}, .bytes = [0]{}, .stringValue = ""}}
12-30 10:54:53.437   398   464 I DefaultVehicleHal_v2_0: DefaultVehicleHal::onPropertyValue, value:{.timestamp = 8229258834645, .areaId = 0, .prop = 557851086, .status = AVAILABLE, .value = {.int32Values = [1]{0}, .floatValues = [0]{}, .int64Values = [0]{}, .bytes = [0]{}, .stringValue = ""}}
12-30 10:54:53.437   398   464 D DiagPropHandler: is not DiagnosticConfig: 0x214021ce
12-30 10:54:53.437   398   464 I VehiclePropertyStore: begin to write value to Store: {.timestamp = 8229258834645, .areaId = 0, .prop = 557851086, .status = AVAILABLE, .value = {.int32Values = [1]{0}, .floatValues = [0]{}, .int64Values = [0]{}, .bytes = [0]{}, .stringValue = ""}}
12-30 10:54:53.437   398   464 D adayocomadapter-CommunicationManager: onUpstreamReceive mPropertyId 0x214021ce
12-30 10:54:53.454   798   838 I adbd    : opening control endpoint /dev/usb-ffs/adb/ep0
12-30 10:54:53.455   360   931 D EvsDriver: forwardFrame
12-30 10:54:53.455   650   729 D fgemcucomm: sd Uart data : 6AA60200D500028B306C
12-30 10:54:53.455   360   931 D EvsDriver: forwardFrameDirect
12-30 10:54:53.455   360   931 D EvsDriver: Delivered 0xb400e2ca9e40c2d0 as id 0
12-30 10:54:53.455   359  2784 D evsmanagerd: /dev/video-evs0 forwarded the buffer #0 to 0xb400f125d2b26dd0 from 0xb400f125e2b20710
12-30 10:54:53.455   650   729 D fgemcucomm: rev uart=68000,len=92, data : 6AA68100D500548B30B01E0A3633A55A880000010001010E000000000000000000000000000000000000000023C204C30428808080808080808031040AFF0A0D0D09000900BBBBBBBBBBBBBBBBBB000000000000000000004F02058D
12-30 10:54:53.455   798   838 I adbd    : UsbFfsConnection constructed
12-30 10:54:53.456   798  4951 I adbd    : UsbFfs-monitor thread spawned
12-30 10:54:53.458   360   458 D EvsDriver: doneWithFrame
12-30 10:54:53.461   596  3076 E WifiHAL : Invalid data received from driver
12-30 10:54:53.466  2358  2623 D RcfController: Rcf proxy is not connected!
12-30 10:54:53.488   360   931 I EvsDriver: /dev/video-evs0 VideoCapture fps 30.0014
12-30 10:54:53.488   360   931 D EvsDriver: forwardFrame
12-30 10:54:53.488   360   931 D EvsDriver: forwardFrameDirect
12-30 10:54:53.488   360   931 D EvsDriver: Delivered 0xb400e2ca9e40d090 as id 1
12-30 10:54:53.488   359  2784 D evsmanagerd: /dev/video-evs0 forwarded the buffer #1 to 0xb400f125d2b26dd0 from 0xb400f125e2b20710
12-30 10:54:53.498   360   458 D EvsDriver: doneWithFrame
12-30 10:54:53.517  2358  2623 D RcfController: Rcf proxy is not connected!
12-30 10:54:53.521   360   931 D EvsDriver: forwardFrame
12-30 10:54:53.521   360   931 D EvsDriver: forwardFrameDirect
12-30 10:54:53.521   360   931 D EvsDriver: Delivered 0xb400e2ca9e40e110 as id 0
