12-30 10:54:51.649   398   464 I VehiclePropertyStore: begin to write value to Store: {.timestamp = 8227471084978, .areaId = 0, .prop = 557851204, .status = AVAILABLE, .value = {.int32Values = [1]{0}, .floatValues = [0]{}, .int64Values = [0]{}, .bytes = [0]{}, .stringValue = ""}}
12-30 10:54:51.649   398   464 D adayocomadapter-CommunicationManager: onUpstreamReceive mPropertyId 0x21402244
12-30 10:54:51.649   398   464 D adayocomadapter-CommunicationManager: onUpstreamReceive mPropertyId 0x21402245
12-30 10:54:51.649   398   464 D adayocomadapter-CommunicationManager: convertBytesToInt32Memcpy  0
12-30 10:54:51.649   398   464 I vw-vhal : notifyVehicleProperty, propId = 0x21402245, data = {status: 2, int32Values: [0]}
12-30 10:54:51.649   398   464 I vw-vhal : CanSignalsAdapter::notifyVehicleProperty: solvedValue = {.timestamp = 8227471293645, .areaId = 0, .prop = 557851205, .status = AVAILABLE, .value = {.int32Values = [1]{0}, .floatValues = [0]{}, .int64Values = [0]{}, .bytes = [0]{}, .stringValue = ""}}
12-30 10:54:51.649   398   464 I VehiclePropertyStore: begin to write value to Store: {.timestamp = 8227471293645, .areaId = 0, .prop = 557851205, .status = AVAILABLE, .value = {.int32Values = [1]{0}, .floatValues = [0]{}, .int64Values = [0]{}, .bytes = [0]{}, .stringValue = ""}}
12-30 10:54:51.649   398   464 I DefaultVehicleHal_v2_0: DefaultVehicleHal::onPropertyValue, value:{.timestamp = 8227471293645, .areaId = 0, .prop = 557851205, .status = AVAILABLE, .value = {.int32Values = [1]{0}, .floatValues = [0]{}, .int64Values = [0]{}, .bytes = [0]{}, .stringValue = ""}}
12-30 10:54:51.649   398   464 D DiagPropHandler: is not DiagnosticConfig: 0x21402245
12-30 10:54:51.649   398   464 I VehiclePropertyStore: begin to write value to Store: {.timestamp = 8227471293645, .areaId = 0, .prop = 557851205, .status = AVAILABLE, .value = {.int32Values = [1]{0}, .floatValues = [0]{}, .int64Values = [0]{}, .bytes = [0]{}, .stringValue = ""}}
12-30 10:54:51.649   398   464 D adayocomadapter-CommunicationManager: onUpstreamReceive mPropertyId 0x21402245
12-30 10:54:51.649   398   464 D adayocomadapter-CommunicationManager: onUpstreamReceive mPropertyId 0x21402246
12-30 10:54:51.649   398   464 D adayocomadapter-CommunicationManager: convertBytesToInt32Memcpy  0
12-30 10:54:51.649   398   464 I vw-vhal : notifyVehicleProperty, propId = 0x21402246, data = {status: 2, int32Values: [0]}
12-30 10:54:51.649   398   464 I vw-vhal : CanSignalsAdapter::notifyVehicleProperty: solvedValue = {.timestamp = 8227471481645, .areaId = 0, .prop = 557851206, .status = AVAILABLE, .value = {.int32Values = [1]{0}, .floatValues = [0]{}, .int64Values = [0]{}, .bytes = [0]{}, .stringValue = ""}}
12-30 10:54:51.649   398   464 I VehiclePropertyStore: begin to write value to Store: {.timestamp = 8227471481645, .areaId = 0, .prop = 557851206, .status = AVAILABLE, .value = {.int32Values = [1]{0}, .floatValues = [0]{}, .int64Values = [0]{}, .bytes = [0]{}, .stringValue = ""}}
12-30 10:54:51.649   398   464 I DefaultVehicleHal_v2_0: DefaultVehicleHal::onPropertyValue, value:{.timestamp = 8227471481645, .areaId = 0, .prop = 557851206, .status = AVAILABLE, .value = {.int32Values = [1]{0}, .floatValues = [0]{}, .int64Values = [0]{}, .bytes = [0]{}, .stringValue = ""}}
12-30 10:54:51.649   398   464 D DiagPropHandler: is not DiagnosticConfig: 0x21402246
12-30 10:54:51.649   398   464 I VehiclePropertyStore: begin to write value to Store: {.timestamp = 8227471481645, .areaId = 0, .prop = 557851206, .status = AVAILABLE, .value = {.int32Values = [1]{0}, .floatValues = [0]{}, .int64Values = [0]{}, .bytes = [0]{}, .stringValue = ""}}
12-30 10:54:51.649   398   464 D adayocomadapter-CommunicationManager: onUpstreamReceive mPropertyId 0x21402246
12-30 10:54:51.649   398   464 D adayocomadapter-CommunicationManager: onUpstreamReceive mPropertyId 0x21402247
12-30 10:54:51.649   398   464 D adayocomadapter-CommunicationManager: convertBytesToInt32Memcpy  0
12-30 10:54:51.649   398   464 I vw-vhal : notifyVehicleProperty, propId = 0x21402247, data = {status: 2, int32Values: [0]}
12-30 10:54:51.649   398   464 I vw-vhal : CanSignalsAdapter::notifyVehicleProperty: solvedValue = {.timestamp = 8227471671645, .areaId = 0, .prop = 557851207, .status = AVAILABLE, .value = {.int32Values = [1]{0}, .floatValues = [0]{}, .int64Values = [0]{}, .bytes = [0]{}, .stringValue = ""}}
12-30 10:54:51.649   398   464 I VehiclePropertyStore: begin to write value to Store: {.timestamp = 8227471671645, .areaId = 0, .prop = 557851207, .status = AVAILABLE, .value = {.int32Values = [1]{0}, .floatValues = [0]{}, .int64Values = [0]{}, .bytes = [0]{}, .stringValue = ""}}
12-30 10:54:51.649   398   464 I DefaultVehicleHal_v2_0: DefaultVehicleHal::onPropertyValue, value:{.timestamp = 8227471671645, .areaId = 0, .prop = 557851207, .status = AVAILABLE, .value = {.int32Values = [1]{0}, .floatValues = [0]{}, .int64Values = [0]{}, .bytes = [0]{}, .stringValue = ""}}
12-30 10:54:51.649   398   464 D DiagPropHandler: is not DiagnosticConfig: 0x21402247
12-30 10:54:51.649   398   464 I VehiclePropertyStore: begin to write value to Store: {.timestamp = 8227471671645, .areaId = 0, .prop = 557851207, .status = AVAILABLE, .value = {.int32Values = [1]{0}, .floatValues = [0]{}, .int64Values = [0]{}, .bytes = [0]{}, .stringValue = ""}}
12-30 10:54:51.649   398   464 D adayocomadapter-CommunicationManager: onUpstreamReceive mPropertyId 0x21402247
12-30 10:54:51.649   398   464 D adayocomadapter-CommunicationManager: onUpstreamReceive mPropertyId 0x21402248
12-30 10:54:51.649   398   464 D adayocomadapter-CommunicationManager: convertBytesToInt32Memcpy  0
12-30 10:54:51.650   398   464 I vw-vhal : notifyVehicleProperty, propId = 0x21402248, data = {status: 2, int32Values: [0]}
12-30 10:54:51.650   398   464 I vw-vhal : CanSignalsAdapter::notifyVehicleProperty: solvedValue = {.timestamp = 8227471870312, .areaId = 0, .prop = 557851208, .status = AVAILABLE, .value = {.int32Values = [1]{0}, .floatValues = [0]{}, .int64Values = [0]{}, .bytes = [0]{}, .stringValue = ""}}
12-30 10:54:51.650   398   464 I VehiclePropertyStore: begin to write value to Store: {.timestamp = 8227471870312, .areaId = 0, .prop = 557851208, .status = AVAILABLE, .value = {.int32Values = [1]{0}, .floatValues = [0]{}, .int64Values = [0]{}, .bytes = [0]{}, .stringValue = ""}}
12-30 10:54:51.650   596  3076 E WifiHAL : Invalid data received from driver
12-30 10:54:51.650   398   464 I DefaultVehicleHal_v2_0: DefaultVehicleHal::onPropertyValue, value:{.timestamp = 8227471870312, .areaId = 0, .prop = 557851208, .status = AVAILABLE, .value = {.int32Values = [1]{0}, .floatValues = [0]{}, .int64Values = [0]{}, .bytes = [0]{}, .stringValue = ""}}
12-30 10:54:51.650   398   464 D DiagPropHandler: is not DiagnosticConfig: 0x21402248
12-30 10:54:51.650   398   464 I VehiclePropertyStore: begin to write value to Store: {.timestamp = 8227471870312, .areaId = 0, .prop = 557851208, .status = AVAILABLE, .value = {.int32Values = [1]{0}, .floatValues = [0]{}, .int64Values = [0]{}, .bytes = [0]{}, .stringValue = ""}}
12-30 10:54:51.650   398   464 D adayocomadapter-CommunicationManager: onUpstreamReceive mPropertyId 0x21402248
12-30 10:54:51.650   398   464 D adayocomadapter-CommunicationManager: onUpstreamReceive mPropertyId 0x21402249
12-30 10:54:51.650   398   464 D adayocomadapter-CommunicationManager: convertBytesToInt32Memcpy  0
12-30 10:54:51.650   398   464 I vw-vhal : notifyVehicleProperty, propId = 0x21402249, data = {status: 2, int32Values: [0]}
12-30 10:54:51.650   398   464 I vw-vhal : CanSignalsAdapter::notifyVehicleProperty: solvedValue = {.timestamp = 8227472237645, .areaId = 0, .prop = 557851209, .status = AVAILABLE, .value = {.int32Values = [1]{0}, .floatValues = [0]{}, .int64Values = [0]{}, .bytes = [0]{}, .stringValue = ""}}
12-30 10:54:51.650   398   464 I VehiclePropertyStore: begin to write value to Store: {.timestamp = 8227472237645, .areaId = 0, .prop = 557851209, .status = AVAILABLE, .value = {.int32Values = [1]{0}, .floatValues = [0]{}, .int64Values = [0]{}, .bytes = [0]{}, .stringValue = ""}}
12-30 10:54:51.650   398   464 I DefaultVehicleHal_v2_0: DefaultVehicleHal::onPropertyValue, value:{.timestamp = 8227472237645, .areaId = 0, .prop = 557851209, .status = AVAILABLE, .value = {.int32Values = [1]{0}, .floatValues = [0]{}, .int64Values = [0]{}, .bytes = [0]{}, .stringValue = ""}}
12-30 10:54:51.650   398   464 D DiagPropHandler: is not DiagnosticConfig: 0x21402249
12-30 10:54:51.650   398   464 I VehiclePropertyStore: begin to write value to Store: {.timestamp = 8227472237645, .areaId = 0, .prop = 557851209, .status = AVAILABLE, .value = {.int32Values = [1]{0}, .floatValues = [0]{}, .int64Values = [0]{}, .bytes = [0]{}, .stringValue = ""}}
12-30 10:54:51.650   398   464 D adayocomadapter-CommunicationManager: onUpstreamReceive mPropertyId 0x21402249
12-30 10:54:51.650   398   464 D adayocomadapter-CommunicationManager: onUpstreamReceive mPropertyId 0x2140224b
12-30 10:54:51.650   398   464 D adayocomadapter-CommunicationManager: convertBytesToInt32Memcpy  0
12-30 10:54:51.650   398   464 I vw-vhal : notifyVehicleProperty, propId = 0x2140224b, data = {status: 2, int32Values: [0]}
12-30 10:54:51.650   398   464 I vw-vhal : CanSignalsAdapter::notifyVehicleProperty: solvedValue = {.timestamp = 8227472425978, .areaId = 0, .prop = 557851211, .status = AVAILABLE, .value = {.int32Values = [1]{0}, .floatValues = [0]{}, .int64Values = [0]{}, .bytes = [0]{}, .stringValue = ""}}
12-30 10:54:51.650   398   464 I VehiclePropertyStore: begin to write value to Store: {.timestamp = 8227472425978, .areaId = 0, .prop = 557851211, .status = AVAILABLE, .value = {.int32Values = [1]{0}, .floatValues = [0]{}, .int64Values = [0]{}, .bytes = [0]{}, .stringValue = ""}}
12-30 10:54:51.650   398   464 I DefaultVehicleHal_v2_0: DefaultVehicleHal::onPropertyValue, value:{.timestamp = 8227472425978, .areaId = 0, .prop = 557851211, .status = AVAILABLE, .value = {.int32Values = [1]{0}, .floatValues = [0]{}, .int64Values = [0]{}, .bytes = [0]{}, .stringValue = ""}}
12-30 10:54:51.650   398   464 D DiagPropHandler: is not DiagnosticConfig: 0x2140224b
12-30 10:54:51.650   398   464 I VehiclePropertyStore: begin to write value to Store: {.timestamp = 8227472425978, .areaId = 0, .prop = 557851211, .status = AVAILABLE, .value = {.int32Values = [1]{0}, .floatValues = [0]{}, .int64Values = [0]{}, .bytes = [0]{}, .stringValue = ""}}
12-30 10:54:51.650   398   464 D adayocomadapter-CommunicationManager: onUpstreamReceive mPropertyId 0x2140224b
12-30 10:54:51.650   398   464 D adayocomadapter-CommunicationManager: onUpstreamReceive mPropertyId 0x2140224d
12-30 10:54:51.650   398   464 D adayocomadapter-CommunicationManager: convertBytesToInt32Memcpy  0
12-30 10:54:51.650   398   464 I vw-vhal : notifyVehicleProperty, propId = 0x2140224d, data = {status: 2, int32Values: [0]}
12-30 10:54:51.650   398   464 I vw-vhal : CanSignalsAdapter::notifyVehicleProperty: solvedValue = {.timestamp = 8227472609312, .areaId = 0, .prop = 557851213, .status = AVAILABLE, .value = {.int32Values = [1]{0}, .floatValues = [0]{}, .int64Values = [0]{}, .bytes = [0]{}, .stringValue = ""}}
12-30 10:54:51.650   398   464 I VehiclePropertyStore: begin to write value to Store: {.timestamp = 8227472609312, .areaId = 0, .prop = 557851213, .status = AVAILABLE, .value = {.int32Values = [1]{0}, .floatValues = [0]{}, .int64Values = [0]{}, .bytes = [0]{}, .stringValue = ""}}
12-30 10:54:51.650   398   464 I DefaultVehicleHal_v2_0: DefaultVehicleHal::onPropertyValue, value:{.timestamp = 8227472609312, .areaId = 0, .prop = 557851213, .status = AVAILABLE, .value = {.int32Values = [1]{0}, .floatValues = [0]{}, .int64Values = [0]{}, .bytes = [0]{}, .stringValue = ""}}
12-30 10:54:51.650   398   464 D DiagPropHandler: is not DiagnosticConfig: 0x2140224d
12-30 10:54:51.650   398   464 I VehiclePropertyStore: begin to write value to Store: {.timestamp = 8227472609312, .areaId = 0, .prop = 557851213, .status = AVAILABLE, .value = {.int32Values = [1]{0}, .floatValues = [0]{}, .int64Values = [0]{}, .bytes = [0]{}, .stringValue = ""}}
12-30 10:54:51.650   398   464 D adayocomadapter-CommunicationManager: onUpstreamReceive mPropertyId 0x2140224d
12-30 10:54:51.650   398   464 D adayocomadapter-CommunicationManager: onUpstreamReceive mPropertyId 0x2140224f
12-30 10:54:51.650   398   464 D adayocomadapter-CommunicationManager: convertBytesToInt32Memcpy  0
12-30 10:54:51.650   398   464 I vw-vhal : notifyVehicleProperty, propId = 0x2140224f, data = {status: 2, int32Values: [0]}
12-30 10:54:51.650   398   464 I vw-vhal : CanSignalsAdapter::notifyVehicleProperty: solvedValue = {.timestamp = 8227472806312, .areaId = 0, .prop = 557851215, .status = AVAILABLE, .value = {.int32Values = [1]{0}, .floatValues = [0]{}, .int64Values = [0]{}, .bytes = [0]{}, .stringValue = ""}}
12-30 10:54:51.650   398   464 I VehiclePropertyStore: begin to write value to Store: {.timestamp = 8227472806312, .areaId = 0, .prop = 557851215, .status = AVAILABLE, .value = {.int32Values = [1]{0}, .floatValues = [0]{}, .int64Values = [0]{}, .bytes = [0]{}, .stringValue = ""}}
12-30 10:54:51.651   398   464 I DefaultVehicleHal_v2_0: DefaultVehicleHal::onPropertyValue, value:{.timestamp = 8227472806312, .areaId = 0, .prop = 557851215, .status = AVAILABLE, .value = {.int32Values = [1]{0}, .floatValues = [0]{}, .int64Values = [0]{}, .bytes = [0]{}, .stringValue = ""}}
12-30 10:54:51.651   398   464 D DiagPropHandler: is not DiagnosticConfig: 0x2140224f
12-30 10:54:51.651   398   464 I VehiclePropertyStore: begin to write value to Store: {.timestamp = 8227472806312, .areaId = 0, .prop = 557851215, .status = AVAILABLE, .value = {.int32Values = [1]{0}, .floatValues = [0]{}, .int64Values = [0]{}, .bytes = [0]{}, .stringValue = ""}}
12-30 10:54:51.651   398   464 D adayocomadapter-CommunicationManager: onUpstreamReceive mPropertyId 0x2140224f
12-30 10:54:51.651   398   464 D adayocomadapter-CommunicationManager: onUpstreamReceive mPropertyId 0x21402251
12-30 10:54:51.651   398   464 D adayocomadapter-CommunicationManager: convertBytesToInt32Memcpy  0
12-30 10:54:51.651   398   464 I vw-vhal : notifyVehicleProperty, propId = 0x21402251, data = {status: 2, int32Values: [0]}
12-30 10:54:51.651   398   464 I vw-vhal : CanSignalsAdapter::notifyVehicleProperty: solvedValue = {.timestamp = 8227473011978, .areaId = 0, .prop = 557851217, .status = AVAILABLE, .value = {.int32Values = [1]{0}, .floatValues = [0]{}, .int64Values = [0]{}, .bytes = [0]{}, .stringValue = ""}}
12-30 10:54:51.651   398   464 I VehiclePropertyStore: begin to write value to Store: {.timestamp = 8227473011978, .areaId = 0, .prop = 557851217, .status = AVAILABLE, .value = {.int32Values = [1]{0}, .floatValues = [0]{}, .int64Values = [0]{}, .bytes = [0]{}, .stringValue = ""}}
12-30 10:54:51.651   398   464 I DefaultVehicleHal_v2_0: DefaultVehicleHal::onPropertyValue, value:{.timestamp = 8227473011978, .areaId = 0, .prop = 557851217, .status = AVAILABLE, .value = {.int32Values = [1]{0}, .floatValues = [0]{}, .int64Values = [0]{}, .bytes = [0]{}, .stringValue = ""}}
12-30 10:54:51.651   398   464 D DiagPropHandler: is not DiagnosticConfig: 0x21402251
12-30 10:54:51.651   398   464 I VehiclePropertyStore: begin to write value to Store: {.timestamp = 8227473011978, .areaId = 0, .prop = 557851217, .status = AVAILABLE, .value = {.int32Values = [1]{0}, .floatValues = [0]{}, .int64Values = [0]{}, .bytes = [0]{}, .stringValue = ""}}
12-30 10:54:51.651   398   464 D adayocomadapter-CommunicationManager: onUpstreamReceive mPropertyId 0x21402251
12-30 10:54:51.651   398   464 D adayocomadapter-CommunicationManager: onUpstreamReceive mPropertyId 0x21402253
12-30 10:54:51.651   398   464 D adayocomadapter-CommunicationManager: convertBytesToInt32Memcpy  0
12-30 10:54:51.651   398   464 I vw-vhal : notifyVehicleProperty, propId = 0x21402253, data = {status: 2, int32Values: [0]}
12-30 10:54:51.651   398   464 I vw-vhal : CanSignalsAdapter::notifyVehicleProperty: solvedValue = {.timestamp = 8227473198312, .areaId = 0, .prop = 557851219, .status = AVAILABLE, .value = {.int32Values = [1]{0}, .floatValues = [0]{}, .int64Values = [0]{}, .bytes = [0]{}, .stringValue = ""}}
12-30 10:54:51.651   398   464 I VehiclePropertyStore: begin to write value to Store: {.timestamp = 8227473198312, .areaId = 0, .prop = 557851219, .status = AVAILABLE, .value = {.int32Values = [1]{0}, .floatValues = [0]{}, .int64Values = [0]{}, .bytes = [0]{}, .stringValue = ""}}
12-30 10:54:51.651   398   464 I DefaultVehicleHal_v2_0: DefaultVehicleHal::onPropertyValue, value:{.timestamp = 8227473198312, .areaId = 0, .prop = 557851219, .status = AVAILABLE, .value = {.int32Values = [1]{0}, .floatValues = [0]{}, .int64Values = [0]{}, .bytes = [0]{}, .stringValue = ""}}
12-30 10:54:51.651   398   464 D DiagPropHandler: is not DiagnosticConfig: 0x21402253
12-30 10:54:51.651   398   464 I VehiclePropertyStore: begin to write value to Store: {.timestamp = 8227473198312, .areaId = 0, .prop = 557851219, .status = AVAILABLE, .value = {.int32Values = [1]{0}, .floatValues = [0]{}, .int64Values = [0]{}, .bytes = [0]{}, .stringValue = ""}}
12-30 10:54:51.651   398   464 D adayocomadapter-CommunicationManager: onUpstreamReceive mPropertyId 0x21402253
12-30 10:54:51.651   398   464 D adayocomadapter-CommunicationManager: onUpstreamReceive mPropertyId 0x21402254
12-30 10:54:51.651   398   464 D adayocomadapter-CommunicationManager: convertBytesToInt32Memcpy  0
12-30 10:54:51.651   398   464 I vw-vhal : notifyVehicleProperty, propId = 0x21402254, data = {status: 2, int32Values: [0]}
12-30 10:54:51.651   398   464 I vw-vhal : CanSignalsAdapter::notifyVehicleProperty: solvedValue = {.timestamp = 8227473389312, .areaId = 0, .prop = 557851220, .status = AVAILABLE, .value = {.int32Values = [1]{0}, .floatValues = [0]{}, .int64Values = [0]{}, .bytes = [0]{}, .stringValue = ""}}
12-30 10:54:51.651   398   464 I VehiclePropertyStore: begin to write value to Store: {.timestamp = 8227473389312, .areaId = 0, .prop = 557851220, .status = AVAILABLE, .value = {.int32Values = [1]{0}, .floatValues = [0]{}, .int64Values = [0]{}, .bytes = [0]{}, .stringValue = ""}}
12-30 10:54:51.651   398   464 I DefaultVehicleHal_v2_0: DefaultVehicleHal::onPropertyValue, value:{.timestamp = 8227473389312, .areaId = 0, .prop = 557851220, .status = AVAILABLE, .value = {.int32Values = [1]{0}, .floatValues = [0]{}, .int64Values = [0]{}, .bytes = [0]{}, .stringValue = ""}}
12-30 10:54:51.651   398   464 D DiagPropHandler: is not DiagnosticConfig: 0x21402254
12-30 10:54:51.651   650   729 D fgemcucomm: sd Uart data : 6AA60200C700029202A1
12-30 10:54:51.651   398   464 I VehiclePropertyStore: begin to write value to Store: {.timestamp = 8227473389312, .areaId = 0, .prop = 557851220, .status = AVAILABLE, .value = {.int32Values = [1]{0}, .floatValues = [0]{}, .int64Values = [0]{}, .bytes = [0]{}, .stringValue = ""}}
12-30 10:54:51.651   398   464 D adayocomadapter-CommunicationManager: onUpstreamReceive mPropertyId 0x21402254
12-30 10:54:51.651   650   729 D fgemcucomm: rev uart=67986,len=18, data : 6AA68100C7000A9202000D0000000000000D
12-30 10:54:51.652   398   882 D adayocomadapter-ParseProtocolFunc: printRaWMsg Name[MCUToUPstream recv] len[10] data[9202000D000000000000]
12-30 10:54:51.652   398   882 D adayocomadapter-CommunicationManager: onUpstreamback   member[0] dataLength[7] timePoint[8227473]
12-30 10:54:51.652   398   882 D adayocomadapter-ParseProtocolFunc: printRaWMsg Name[onUpstreamback] len[7] data[0D000000000000]
12-30 10:54:51.652   398   464 D adayocomadapter-UpstreamHandler: processBeforePacket upSreamtProcessTimePoint[8227474] 
12-30 10:54:51.652   398   464 D adayocomadapter-UpstreamHandler: processPacket UPSTREAM_QUEUE_DATA_TIMEOUT
12-30 10:54:51.652   398   464 D adayocomadapter-ParseProtocolFunc: parseCommonIPCLBytes Processing tableNumber[13]
12-30 10:54:51.652   398   464 D adayocomadapter-ParseProtocolFunc: parseCommonIPCLBytes Processing tablename[Table-13] tableSize[7]
12-30 10:54:51.652   398   464 D adayocomadapter-ParseProtocolFunc: printRaWMsg Name[byteStream recv] len[7] data[0D000000000000]
12-30 10:54:51.652   398   464 D adayocomadapter-ParseProtocolFunc: printRaWMsg Name[IPCLtoVHAL] len[6] data[214020BB0000]
12-30 10:54:51.652   398   464 D adayocomadapter-ParseProtocolFunc: printRaWMsg Name[IPCLtoVHAL] len[6] data[214020E30000]
12-30 10:54:51.652   398   464 D adayocomadapter-ParseProtocolFunc: printRaWMsg Name[IPCLtoVHAL] len[6] data[214020C70000]
12-30 10:54:51.652   398   464 D adayocomadapter-ParseProtocolFunc: printRaWMsg Name[IPCLtoVHAL] len[6] data[214020DD0000]
12-30 10:54:51.652   398   464 D adayocomadapter-ParseProtocolFunc: printRaWMsg Name[IPCLtoVHAL] len[6] data[214020DF0000]
12-30 10:54:51.652   398   464 D adayocomadapter-ParseProtocolFunc: printRaWMsg Name[IPCLtoVHAL] len[6] data[214020E40000]
12-30 10:54:51.652   398   464 D adayocomadapter-CommunicationManager: onUpstreamReceive mPropertyId 0x214020bb
12-30 10:54:51.652   398   464 D adayocomadapter-CommunicationManager: convertBytesToInt32Memcpy  0
12-30 10:54:51.652   398   464 I vw-vhal : notifyVehicleProperty, propId = 0x214020bb, data = {status: 2, int32Values: [0]}
12-30 10:54:51.652   398   464 I vw-vhal : CanSignalsAdapter::notifyVehicleProperty: solvedValue = {.timestamp = 8227474315312, .areaId = 0, .prop = 557850811, .status = AVAILABLE, .value = {.int32Values = [1]{0}, .floatValues = [0]{}, .int64Values = [0]{}, .bytes = [0]{}, .stringValue = ""}}
12-30 10:54:51.652   398   464 I VehiclePropertyStore: begin to write value to Store: {.timestamp = 8227474315312, .areaId = 0, .prop = 557850811, .status = AVAILABLE, .value = {.int32Values = [1]{0}, .floatValues = [0]{}, .int64Values = [0]{}, .bytes = [0]{}, .stringValue = ""}}
12-30 10:54:51.652   398   464 I DefaultVehicleHal_v2_0: DefaultVehicleHal::onPropertyValue, value:{.timestamp = 8227474315312, .areaId = 0, .prop = 557850811, .status = AVAILABLE, .value = {.int32Values = [1]{0}, .floatValues = [0]{}, .int64Values = [0]{}, .bytes = [0]{}, .stringValue = ""}}
12-30 10:54:51.652   398   464 D DiagPropHandler: is not DiagnosticConfig: 0x214020bb
12-30 10:54:51.652   398   464 I VehiclePropertyStore: begin to write value to Store: {.timestamp = 8227474315312, .areaId = 0, .prop = 557850811, .status = AVAILABLE, .value = {.int32Values = [1]{0}, .floatValues = [0]{}, .int64Values = [0]{}, .bytes = [0]{}, .stringValue = ""}}
12-30 10:54:51.652   398   464 D adayocomadapter-CommunicationManager: onUpstreamReceive mPropertyId 0x214020bb
12-30 10:54:51.652   398   464 D adayocomadapter-CommunicationManager: onUpstreamReceive mPropertyId 0x214020e3
12-30 10:54:51.652   398   464 D adayocomadapter-CommunicationManager: convertBytesToInt32Memcpy  0
12-30 10:54:51.652   398   464 I vw-vhal : notifyVehicleProperty, propId = 0x214020e3, data = {status: 2, int32Values: [0]}
12-30 10:54:51.652   398   464 I vw-vhal : CanSignalsAdapter::notifyVehicleProperty: solvedValue = {.timestamp = 8227474610645, .areaId = 0, .prop = 557850851, .status = AVAILABLE, .value = {.int32Values = [1]{0}, .floatValues = [0]{}, .int64Values = [0]{}, .bytes = [0]{}, .stringValue = ""}}
12-30 10:54:51.652   398   464 I VehiclePropertyStore: begin to write value to Store: {.timestamp = 8227474610645, .areaId = 0, .prop = 557850851, .status = AVAILABLE, .value = {.int32Values = [1]{0}, .floatValues = [0]{}, .int64Values = [0]{}, .bytes = [0]{}, .stringValue = ""}}
12-30 10:54:51.652   398   464 I DefaultVehicleHal_v2_0: DefaultVehicleHal::onPropertyValue, value:{.timestamp = 8227474610645, .areaId = 0, .prop = 557850851, .status = AVAILABLE, .value = {.int32Values = [1]{0}, .floatValues = [0]{}, .int64Values = [0]{}, .bytes = [0]{}, .stringValue = ""}}
12-30 10:54:51.652   398   464 D DiagPropHandler: is not DiagnosticConfig: 0x214020e3
12-30 10:54:51.652   398   464 I VehiclePropertyStore: begin to write value to Store: {.timestamp = 8227474610645, .areaId = 0, .prop = 557850851, .status = AVAILABLE, .value = {.int32Values = [1]{0}, .floatValues = [0]{}, .int64Values = [0]{}, .bytes = [0]{}, .stringValue = ""}}
12-30 10:54:51.652   398   464 D adayocomadapter-CommunicationManager: onUpstreamReceive mPropertyId 0x214020e3
12-30 10:54:51.652   398   464 D adayocomadapter-CommunicationManager: onUpstreamReceive mPropertyId 0x214020c7
12-30 10:54:51.652   398   464 D adayocomadapter-CommunicationManager: convertBytesToInt32Memcpy  0
12-30 10:54:51.653   398   464 I vw-vhal : notifyVehicleProperty, propId = 0x214020c7, data = {status: 2, int32Values: [0]}
12-30 10:54:51.653   398   464 I vw-vhal : CanSignalsAdapter::notifyVehicleProperty: solvedValue = {.timestamp = 8227474913645, .areaId = 0, .prop = 557850823, .status = AVAILABLE, .value = {.int32Values = [1]{0}, .floatValues = [0]{}, .int64Values = [0]{}, .bytes = [0]{}, .stringValue = ""}}
12-30 10:54:51.653   398   464 I VehiclePropertyStore: begin to write value to Store: {.timestamp = 8227474913645, .areaId = 0, .prop = 557850823, .status = AVAILABLE, .value = {.int32Values = [1]{0}, .floatValues = [0]{}, .int64Values = [0]{}, .bytes = [0]{}, .stringValue = ""}}
12-30 10:54:51.653   398   464 I DefaultVehicleHal_v2_0: DefaultVehicleHal::onPropertyValue, value:{.timestamp = 8227474913645, .areaId = 0, .prop = 557850823, .status = AVAILABLE, .value = {.int32Values = [1]{0}, .floatValues = [0]{}, .int64Values = [0]{}, .bytes = [0]{}, .stringValue = ""}}
12-30 10:54:51.653   398   464 D DiagPropHandler: is not DiagnosticConfig: 0x214020c7
12-30 10:54:51.653   398   464 I VehiclePropertyStore: begin to write value to Store: {.timestamp = 8227474913645, .areaId = 0, .prop = 557850823, .status = AVAILABLE, .value = {.int32Values = [1]{0}, .floatValues = [0]{}, .int64Values = [0]{}, .bytes = [0]{}, .stringValue = ""}}
12-30 10:54:51.653   398   464 D adayocomadapter-CommunicationManager: onUpstreamReceive mPropertyId 0x214020c7
12-30 10:54:51.653   398   464 D adayocomadapter-CommunicationManager: onUpstreamReceive mPropertyId 0x214020dd
12-30 10:54:51.653   398   464 D adayocomadapter-CommunicationManager: convertBytesToInt32Memcpy  0
12-30 10:54:51.653   398   464 I vw-vhal : notifyVehicleProperty, propId = 0x214020dd, data = {status: 2, int32Values: [0]}
12-30 10:54:51.653   398   464 I vw-vhal : CanSignalsAdapter::notifyVehicleProperty: solvedValue = {.timestamp = 8227475169978, .areaId = 0, .prop = 557850845, .status = AVAILABLE, .value = {.int32Values = [1]{0}, .floatValues = [0]{}, .int64Values = [0]{}, .bytes = [0]{}, .stringValue = ""}}
12-30 10:54:51.653   398   464 I VehiclePropertyStore: begin to write value to Store: {.timestamp = 8227475169978, .areaId = 0, .prop = 557850845, .status = AVAILABLE, .value = {.int32Values = [1]{0}, .floatValues = [0]{}, .int64Values = [0]{}, .bytes = [0]{}, .stringValue = ""}}
12-30 10:54:51.653   398   464 I DefaultVehicleHal_v2_0: DefaultVehicleHal::onPropertyValue, value:{.timestamp = 8227475169978, .areaId = 0, .prop = 557850845, .status = AVAILABLE, .value = {.int32Values = [1]{0}, .floatValues = [0]{}, .int64Values = [0]{}, .bytes = [0]{}, .stringValue = ""}}
12-30 10:54:51.653   398   464 D DiagPropHandler: is not DiagnosticConfig: 0x214020dd
12-30 10:54:51.653   398   464 I VehiclePropertyStore: begin to write value to Store: {.timestamp = 8227475169978, .areaId = 0, .prop = 557850845, .status = AVAILABLE, .value = {.int32Values = [1]{0}, .floatValues = [0]{}, .int64Values = [0]{}, .bytes = [0]{}, .stringValue = ""}}
12-30 10:54:51.653   398   464 D adayocomadapter-CommunicationManager: onUpstreamReceive mPropertyId 0x214020dd
12-30 10:54:51.653   398   464 D adayocomadapter-CommunicationManager: onUpstreamReceive mPropertyId 0x214020df
12-30 10:54:51.653   398   464 D adayocomadapter-CommunicationManager: convertBytesToInt32Memcpy  0
12-30 10:54:51.653   398   464 I vw-vhal : notifyVehicleProperty, propId = 0x214020df, data = {status: 2, int32Values: [0]}
12-30 10:54:51.653   398   464 I vw-vhal : CanSignalsAdapter::notifyVehicleProperty: solvedValue = {.timestamp = 8227475420312, .areaId = 0, .prop = 557850847, .status = AVAILABLE, .value = {.int32Values = [1]{0}, .floatValues = [0]{}, .int64Values = [0]{}, .bytes = [0]{}, .stringValue = ""}}
12-30 10:54:51.653   398   464 I VehiclePropertyStore: begin to write value to Store: {.timestamp = 8227475420312, .areaId = 0, .prop = 557850847, .status = AVAILABLE, .value = {.int32Values = [1]{0}, .floatValues = [0]{}, .int64Values = [0]{}, .bytes = [0]{}, .stringValue = ""}}
12-30 10:54:51.653   398   464 I DefaultVehicleHal_v2_0: DefaultVehicleHal::onPropertyValue, value:{.timestamp = 8227475420312, .areaId = 0, .prop = 557850847, .status = AVAILABLE, .value = {.int32Values = [1]{0}, .floatValues = [0]{}, .int64Values = [0]{}, .bytes = [0]{}, .stringValue = ""}}
12-30 10:54:51.653   398   464 D DiagPropHandler: is not DiagnosticConfig: 0x214020df
12-30 10:54:51.653   398   464 I VehiclePropertyStore: begin to write value to Store: {.timestamp = 8227475420312, .areaId = 0, .prop = 557850847, .status = AVAILABLE, .value = {.int32Values = [1]{0}, .floatValues = [0]{}, .int64Values = [0]{}, .bytes = [0]{}, .stringValue = ""}}
12-30 10:54:51.653   398   464 D adayocomadapter-CommunicationManager: onUpstreamReceive mPropertyId 0x214020df
12-30 10:54:51.653   398   464 D adayocomadapter-CommunicationManager: onUpstreamReceive mPropertyId 0x214020e4
12-30 10:54:51.653   398   464 D adayocomadapter-CommunicationManager: convertBytesToInt32Memcpy  0
12-30 10:54:51.653   398   464 I vw-vhal : notifyVehicleProperty, propId = 0x214020e4, data = {status: 2, int32Values: [0]}
12-30 10:54:51.653   398   464 I vw-vhal : CanSignalsAdapter::notifyVehicleProperty: solvedValue = {.timestamp = 8227475618645, .areaId = 0, .prop = 557850852, .status = AVAILABLE, .value = {.int32Values = [1]{0}, .floatValues = [0]{}, .int64Values = [0]{}, .bytes = [0]{}, .stringValue = ""}}
12-30 10:54:51.653   398   464 I VehiclePropertyStore: begin to write value to Store: {.timestamp = 8227475618645, .areaId = 0, .prop = 557850852, .status = AVAILABLE, .value = {.int32Values = [1]{0}, .floatValues = [0]{}, .int64Values = [0]{}, .bytes = [0]{}, .stringValue = ""}}
12-30 10:54:51.653   398   464 I DefaultVehicleHal_v2_0: DefaultVehicleHal::onPropertyValue, value:{.timestamp = 8227475618645, .areaId = 0, .prop = 557850852, .status = AVAILABLE, .value = {.int32Values = [1]{0}, .floatValues = [0]{}, .int64Values = [0]{}, .bytes = [0]{}, .stringValue = ""}}
12-30 10:54:51.653   398   464 D DiagPropHandler: is not DiagnosticConfig: 0x214020e4
12-30 10:54:51.653   398   464 I VehiclePropertyStore: begin to write value to Store: {.timestamp = 8227475618645, .areaId = 0, .prop = 557850852, .status = AVAILABLE, .value = {.int32Values = [1]{0}, .floatValues = [0]{}, .int64Values = [0]{}, .bytes = [0]{}, .stringValue = ""}}
12-30 10:54:51.653   398   464 D adayocomadapter-CommunicationManager: onUpstreamReceive mPropertyId 0x214020e4
12-30 10:54:51.655   360   931 D EvsDriver: forwardFrame
12-30 10:54:51.655   360   931 D EvsDriver: forwardFrameDirect
12-30 10:54:51.655   360   931 D EvsDriver: Delivered 0xb400e2ca9e40c2d0 as id 0
12-30 10:54:51.655   359  2784 D evsmanagerd: /dev/video-evs0 forwarded the buffer #0 to 0xb400f125d2b26dd0 from 0xb400f125e2b20710
12-30 10:54:51.657   360   458 D EvsDriver: doneWithFrame
12-30 10:54:51.657  2358  2623 D RcfController: Rcf proxy is not connected!
12-30 10:54:51.688   360   931 D EvsDriver: forwardFrame
12-30 10:54:51.688   360   931 D EvsDriver: forwardFrameDirect
12-30 10:54:51.688   360   931 D EvsDriver: Delivered 0xb400e2ca9e40d090 as id 1
12-30 10:54:51.688   359  2784 D evsmanagerd: /dev/video-evs0 forwarded the buffer #1 to 0xb400f125d2b26dd0 from 0xb400f125e2b20710
12-30 10:54:51.697   360   458 D EvsDriver: doneWithFrame
12-30 10:54:51.707  2358  2623 D RcfController: Rcf proxy is not connected!
12-30 10:54:51.716  4936  4936 I ADAYO_LOG_TRACE_RESOURCE: file_path:/mnt/sdcard/logcat_GNSS//gnss_log.log
12-30 10:54:51.720   596  3076 E WifiHAL : Invalid data received from driver
12-30 10:54:51.721   360   931 D EvsDriver: forwardFrame
12-30 10:54:51.721   360   931 D EvsDriver: forwardFrameDirect
12-30 10:54:51.722   360   931 D EvsDriver: Delivered 0xb400e2ca9e40e110 as id 0
12-30 10:54:51.722   359  2784 D evsmanagerd: /dev/video-evs0 forwarded the buffer #0 to 0xb400f125d2b26dd0 from 0xb400f125e2b20710
12-30 10:54:51.728   360   458 D EvsDriver: doneWithFrame
12-30 10:54:51.755   360   931 D EvsDriver: forwardFrame
12-30 10:54:51.755   360   931 D EvsDriver: forwardFrameDirect
12-30 10:54:51.755   360   931 D EvsDriver: Delivered 0xb400e2ca9e40c7a0 as id 1
12-30 10:54:51.755   359  2784 D evsmanagerd: /dev/video-evs0 forwarded the buffer #1 to 0xb400f125d2b26dd0 from 0xb400f125e2b20710
12-30 10:54:51.757  2358  2623 D RcfController: Rcf proxy is not connected!
12-30 10:54:51.758   360   458 D EvsDriver: doneWithFrame
12-30 10:54:51.764  4939  4939 I ADAYO_LOG_TRACE_RESOURCE: folder_size:0
12-30 10:54:51.788   360   931 D EvsDriver: forwardFrame
12-30 10:54:51.788   360   931 D EvsDriver: forwardFrameDirect
12-30 10:54:51.788   360   931 D EvsDriver: Delivered 0xb400e2ca9e40e270 as id 0
12-30 10:54:51.788   359  2784 D evsmanagerd: /dev/video-evs0 forwarded the buffer #0 to 0xb400f125d2b26dd0 from 0xb400f125e2b20710
12-30 10:54:51.789   596  3076 E WifiHAL : Invalid data received from driver
12-30 10:54:51.794  1667  2513 W ContextImpl: Calling a method in the system process without a qualified user: android.app.ContextImpl.bindService:1988 android.content.ContextWrapper.bindService:861 com.ford.sync.fnvservice.analytics.AnalyticsManager$RetryHandler.a:126 com.ford.sync.fnvservice.analytics.AnalyticsManager$RetryHandler.handleMessage:103 android.os.Handler.dispatchMessage:106 
12-30 10:54:51.795   916  1492 W ActivityManager: Unable to start service Intent { cmp=com.ford.sync.fnvservice/.analytics.AnalyticsService } U=0: not found
12-30 10:54:51.795  1667  2513 W AnalyticsManager:  bind ford Analytics failed -> sendRetryMessage 
12-30 10:54:51.798   360   458 D EvsDriver: doneWithFrame
12-30 10:54:51.808  2358  2623 D RcfController: Rcf proxy is not connected!
12-30 10:54:51.821   360   931 D EvsDriver: forwardFrame
12-30 10:54:51.821   360   931 D EvsDriver: forwardFrameDirect
12-30 10:54:51.821   360   931 D EvsDriver: Delivered 0xb400e2ca9e40d4b0 as id 1
12-30 10:54:51.822   359  2784 D evsmanagerd: /dev/video-evs0 forwarded the buffer #1 to 0xb400f125d2b26dd0 from 0xb400f125e2b20710
12-30 10:54:51.829   360   458 D EvsDriver: doneWithFrame
12-30 10:54:51.841   650   729 D fgemcucomm: sd Uart data : 6AA60200C800029202A0
12-30 10:54:51.841   650   729 D fgemcucomm: rev uart=67987,len=14, data : 6AA68100C800069202000100001C
12-30 10:54:51.841   398   882 D adayocomadapter-ParseProtocolFunc: printRaWMsg Name[MCUToUPstream recv] len[6] data[920200010000]
12-30 10:54:51.841   398   882 D adayocomadapter-CommunicationManager: onUpstreamback   member[0] dataLength[3] timePoint[8227663]
12-30 10:54:51.841   398   882 D adayocomadapter-ParseProtocolFunc: printRaWMsg Name[onUpstreamback] len[3] data[010000]
12-30 10:54:51.841   398   464 D adayocomadapter-UpstreamHandler: processBeforePacket upSreamtProcessTimePoint[8227663] 
12-30 10:54:51.841   398   464 D adayocomadapter-UpstreamHandler: processPacket UPSTREAM_QUEUE_DATA_TIMEOUT
12-30 10:54:51.841   398   464 D adayocomadapter-ParseProtocolFunc: parseCommonIPCLBytes Processing tableNumber[1]
12-30 10:54:51.841   398   464 D adayocomadapter-ParseProtocolFunc: parseCommonIPCLBytes Processing tablename[Table-1] tableSize[3]
12-30 10:54:51.841   398   464 D adayocomadapter-ParseProtocolFunc: printRaWMsg Name[byteStream recv] len[3] data[010000]
12-30 10:54:51.841   398   464 D adayocomadapter-ParseProtocolFunc: printRaWMsg Name[IPCLtoVHAL] len[7] data[21402048000000]
12-30 10:54:51.841   398   464 D adayocomadapter-CommunicationManager: onUpstreamReceive mPropertyId 0x21402048
12-30 10:54:51.841   398   464 D adayocomadapter-CommunicationManager: convertBytesToInt32Memcpy  0
12-30 10:54:51.841   398   464 I vw-vhal : notifyVehicleProperty, propId = 0x21402048, data = {status: 2, int32Values: [0]}
12-30 10:54:51.841   398   464 I vw-vhal : CanSignalsAdapter::notifyVehicleProperty: solvedValue = {.timestamp = 8227663820978, .areaId = 0, .prop = 557850696, .status = AVAILABLE, .value = {.int32Values = [1]{0}, .floatValues = [0]{}, .int64Values = [0]{}, .bytes = [0]{}, .stringValue = ""}}
12-30 10:54:51.842   398   464 I VehiclePropertyStore: begin to write value to Store: {.timestamp = 8227663820978, .areaId = 0, .prop = 557850696, .status = AVAILABLE, .value = {.int32Values = [1]{0}, .floatValues = [0]{}, .int64Values = [0]{}, .bytes = [0]{}, .stringValue = ""}}
12-30 10:54:51.842   398   464 I DefaultVehicleHal_v2_0: DefaultVehicleHal::onPropertyValue, value:{.timestamp = 8227663820978, .areaId = 0, .prop = 557850696, .status = AVAILABLE, .value = {.int32Values = [1]{0}, .floatValues = [0]{}, .int64Values = [0]{}, .bytes = [0]{}, .stringValue = ""}}
12-30 10:54:51.842   398   464 D DiagPropHandler: is not DiagnosticConfig: 0x21402048
12-30 10:54:51.842   398   464 I VehiclePropertyStore: begin to write value to Store: {.timestamp = 8227663820978, .areaId = 0, .prop = 557850696, .status = AVAILABLE, .value = {.int32Values = [1]{0}, .floatValues = [0]{}, .int64Values = [0]{}, .bytes = [0]{}, .stringValue = ""}}
12-30 10:54:51.842   398   464 D adayocomadapter-CommunicationManager: onUpstreamReceive mPropertyId 0x21402048
12-30 10:54:51.848  2475  2681 I TtsServiceAgent: check thread start checking, threadId = 29
12-30 10:54:51.848  2475  2681 D TtsServiceAgent: start bind service...
12-30 10:54:51.848  2475  2681 D TtsServiceAgent: ----->initService, usage = 16
12-30 10:54:51.848  2475  2681 W ContextImpl: Calling a method in the system process without a qualified user: android.app.ContextImpl.bindService:1988 android.content.ContextWrapper.bindService:861 com.iflytek.autofly.ttsaidl.ttsproxy.TtsServiceAgent.initService:189 com.iflytek.autofly.ttsaidl.ttsproxy.TtsServiceAgent.initService:133 com.iflytek.autofly.ttsaidl.ttsproxy.TtsServiceAgent$2.run:517 
12-30 10:54:51.849   916  1492 W ActivityManager: Unable to start service Intent { act=com.iflytek.autofly.tts.ttsservice.TtsAdapterService cmp=com.iflytek.cutefly.speechclient.hmi/com.iflytek.autofly.tts.ttsservice.TtsAdapterService } U=0: not found
12-30 10:54:51.849  2475  2681 D TtsServiceAgent: bindService: false
12-30 10:54:51.849  2475  2681 D TtsServiceAgent: start reInitService
12-30 10:54:51.849  2475  2681 D TtsServiceAgent: aidlCheckThreadRunning = true
12-30 10:54:51.849  2475  2681 D TtsServiceAgent: ----->check connection status in 1000s...
12-30 10:54:51.855   360   931 D EvsDriver: forwardFrame
12-30 10:54:51.855   360   931 D EvsDriver: forwardFrameDirect
12-30 10:54:51.855   360   931 D EvsDriver: Delivered 0xb400e2ca9e40c2d0 as id 0
12-30 10:54:51.855   359  2784 D evsmanagerd: /dev/video-evs0 forwarded the buffer #0 to 0xb400f125d2b26dd0 from 0xb400f125e2b20710
12-30 10:54:51.858  2358  2623 D RcfController: Rcf proxy is not connected!
12-30 10:54:51.859   360   458 D EvsDriver: doneWithFrame
12-30 10:54:51.861   650   729 D fgemcucomm: sd Uart data : 6AA60200C9000292029F
12-30 10:54:51.861   650   729 D fgemcucomm: rev uart=67988,len=16, data : 6AA68100C90008920200030000000017
12-30 10:54:51.861   398   882 D adayocomadapter-ParseProtocolFunc: printRaWMsg Name[MCUToUPstream recv] len[8] data[9202000300000000]
12-30 10:54:51.861   398   882 D adayocomadapter-CommunicationManager: onUpstreamback   member[0] dataLength[5] timePoint[8227683]
12-30 10:54:51.861   398   882 D adayocomadapter-ParseProtocolFunc: printRaWMsg Name[onUpstreamback] len[5] data[0300000000]
12-30 10:54:51.861   398   464 D adayocomadapter-UpstreamHandler: processBeforePacket upSreamtProcessTimePoint[8227683] 
12-30 10:54:51.861   398   464 D adayocomadapter-UpstreamHandler: processPacket UPSTREAM_QUEUE_DATA_TIMEOUT
12-30 10:54:51.861   398   464 D adayocomadapter-ParseProtocolFunc: parseCommonIPCLBytes Processing tableNumber[3]
12-30 10:54:51.861   398   464 D adayocomadapter-ParseProtocolFunc: parseCommonIPCLBytes Processing tablename[Table-3] tableSize[5]
12-30 10:54:51.862   398   464 D adayocomadapter-ParseProtocolFunc: printRaWMsg Name[byteStream recv] len[5] data[0300000000]
12-30 10:54:51.862   398   464 D adayocomadapter-ParseProtocolFunc: printRaWMsg Name[IPCLtoVHAL] len[8] data[2141213801000000]
12-30 10:54:51.862   398   464 D adayocomadapter-ParseProtocolFunc: printRaWMsg Name[IPCLtoVHAL] len[6] data[214021D60000]
12-30 10:54:51.862   398   464 D adayocomadapter-CommunicationManager: onUpstreamReceive mPropertyId 0x21412138
12-30 10:54:51.862   398   464 I vw-vhal : notifyVehicleProperty, propId = 0x21412138, data = {status: 2, int32Values: [0, 0, 0]}
12-30 10:54:51.862   398   464 I vw-vhal : CanSignalsAdapter::notifyVehicleProperty: solvedValue = {.timestamp = 8227684172645, .areaId = 0, .prop = 557916472, .status = AVAILABLE, .value = {.int32Values = [3]{0, 0, 0}, .floatValues = [0]{}, .int64Values = [0]{}, .bytes = [0]{}, .stringValue = ""}}
12-30 10:54:51.862   398   464 I VehiclePropertyStore: begin to write value to Store: {.timestamp = 8227684172645, .areaId = 0, .prop = 557916472, .status = AVAILABLE, .value = {.int32Values = [3]{0, 0, 0}, .floatValues = [0]{}, .int64Values = [0]{}, .bytes = [0]{}, .stringValue = ""}}
12-30 10:54:51.862   398   464 I DefaultVehicleHal_v2_0: DefaultVehicleHal::onPropertyValue, value:{.timestamp = 8227684172645, .areaId = 0, .prop = 557916472, .status = AVAILABLE, .value = {.int32Values = [3]{0, 0, 0}, .floatValues = [0]{}, .int64Values = [0]{}, .bytes = [0]{}, .stringValue = ""}}
12-30 10:54:51.862   398   464 D DiagPropHandler: is not DiagnosticConfig: 0x21412138
12-30 10:54:51.862   398   464 I VehiclePropertyStore: begin to write value to Store: {.timestamp = 8227684172645, .areaId = 0, .prop = 557916472, .status = AVAILABLE, .value = {.int32Values = [3]{0, 0, 0}, .floatValues = [0]{}, .int64Values = [0]{}, .bytes = [0]{}, .stringValue = ""}}
12-30 10:54:51.862   398   464 D adayocomadapter-CommunicationManager: onUpstreamReceive mPropertyId 0x21412138
12-30 10:54:51.862   398   464 D adayocomadapter-CommunicationManager: onUpstreamReceive mPropertyId 0x214021d6
12-30 10:54:51.862   398   464 D adayocomadapter-CommunicationManager: convertBytesToInt32Memcpy  0
12-30 10:54:51.862   398   464 I vw-vhal : notifyVehicleProperty, propId = 0x214021d6, data = {status: 2, int32Values: [0]}
12-30 10:54:51.862   398   464 I vw-vhal : CanSignalsAdapter::notifyVehicleProperty: solvedValue = {.timestamp = 8227684610312, .areaId = 0, .prop = 557851094, .status = AVAILABLE, .value = {.int32Values = [1]{0}, .floatValues = [0]{}, .int64Values = [0]{}, .bytes = [0]{}, .stringValue = ""}}
12-30 10:54:51.862   398   464 I VehiclePropertyStore: begin to write value to Store: {.timestamp = 8227684610312, .areaId = 0, .prop = 557851094, .status = AVAILABLE, .value = {.int32Values = [1]{0}, .floatValues = [0]{}, .int64Values = [0]{}, .bytes = [0]{}, .stringValue = ""}}
12-30 10:54:51.862   398   464 I DefaultVehicleHal_v2_0: DefaultVehicleHal::onPropertyValue, value:{.timestamp = 8227684610312, .areaId = 0, .prop = 557851094, .status = AVAILABLE, .value = {.int32Values = [1]{0}, .floatValues = [0]{}, .int64Values = [0]{}, .bytes = [0]{}, .stringValue = ""}}
12-30 10:54:51.862   398   464 D DiagPropHandler: is not DiagnosticConfig: 0x214021d6
12-30 10:54:51.863   398   464 I VehiclePropertyStore: begin to write value to Store: {.timestamp = 8227684610312, .areaId = 0, .prop = 557851094, .status = AVAILABLE, .value = {.int32Values = [1]{0}, .floatValues = [0]{}, .int64Values = [0]{}, .bytes = [0]{}, .stringValue = ""}}
12-30 10:54:51.863   398   464 D adayocomadapter-CommunicationManager: onUpstreamReceive mPropertyId 0x214021d6
12-30 10:54:51.876   596  3076 E WifiHAL : Invalid data received from driver
12-30 10:54:51.888   360   931 D EvsDriver: forwardFrame
12-30 10:54:51.888   360   931 D EvsDriver: forwardFrameDirect
12-30 10:54:51.888   360   931 D EvsDriver: Delivered 0xb400e2ca9e40d090 as id 1
12-30 10:54:51.888   359  2784 D evsmanagerd: /dev/video-evs0 forwarded the buffer #1 to 0xb400f125d2b26dd0 from 0xb400f125e2b20710
12-30 10:54:51.889   360   458 D EvsDriver: doneWithFrame
12-30 10:54:51.908  2358  2623 D RcfController: Rcf proxy is not connected!
12-30 10:54:51.921   360   931 D EvsDriver: forwardFrame
12-30 10:54:51.921   360   931 D EvsDriver: forwardFrameDirect
12-30 10:54:51.921   360   931 D EvsDriver: Delivered 0xb400e2ca9e40e110 as id 0
12-30 10:54:51.922   359  2784 D evsmanagerd: /dev/video-evs0 forwarded the buffer #0 to 0xb400f125d2b26dd0 from 0xb400f125e2b20710
12-30 10:54:51.930   360   458 D EvsDriver: doneWithFrame
12-30 10:54:51.939   596  3076 E WifiHAL : Invalid data received from driver
12-30 10:54:51.955   360   931 D EvsDriver: forwardFrame
12-30 10:54:51.955   360   931 D EvsDriver: forwardFrameDirect
12-30 10:54:51.955   360   931 D EvsDriver: Delivered 0xb400e2ca9e40c7a0 as id 1
12-30 10:54:51.955   359  2784 D evsmanagerd: /dev/video-evs0 forwarded the buffer #1 to 0xb400f125d2b26dd0 from 0xb400f125e2b20710
12-30 10:54:51.958  2358  2623 D RcfController: Rcf proxy is not connected!
12-30 10:54:51.960   360   458 D EvsDriver: doneWithFrame
12-30 10:54:51.988   360   931 D EvsDriver: forwardFrame
12-30 10:54:51.988   360   931 D EvsDriver: forwardFrameDirect
12-30 10:54:51.988   360   931 D EvsDriver: Delivered 0xb400e2ca9e40e270 as id 0
12-30 10:54:51.988   359  2784 D evsmanagerd: /dev/video-evs0 forwarded the buffer #0 to 0xb400f125d2b26dd0 from 0xb400f125e2b20710
12-30 10:54:51.990   360   458 D EvsDriver: doneWithFrame
12-30 10:54:51.993  4947  4947 I ADAYO_LOG_TRACE_RESOURCE: execute interrupt
12-30 10:54:52.009  2358  2623 D RcfController: Rcf proxy is not connected!
12-30 10:54:52.015  4948  4948 I ADAYO_LOG_TRACE_RESOURCE: execute end
12-30 10:54:52.021   360   931 D EvsDriver: forwardFrame
12-30 10:54:52.021   360   931 D EvsDriver: forwardFrameDirect
12-30 10:54:52.021   360   931 D EvsDriver: Delivered 0xb400e2ca9e40d4b0 as id 1
12-30 10:54:52.022   359  2784 D evsmanagerd: /dev/video-evs0 forwarded the buffer #1 to 0xb400f125d2b26dd0 from 0xb400f125e2b20710
01-01 10:17:09.029     1     1 I init    : Service 'trace_resource' (pid 4928) exited with status 0
01-01 10:17:09.029     1     1 I init    : Sending signal 9 to service 'trace_resource' (pid 4928) process group...
01-01 10:17:09.029     1     1 I libprocessgroup: Successfully killed process cgroup uid 0 pid 4928 in 0ms
01-01 10:17:09.029     1     1 E init    : process with updatable components 'trace_resource' exited 4 times in 4 minutes
12-30 10:54:52.031   360   458 D EvsDriver: doneWithFrame
12-30 10:54:52.037   596  3076 E WifiHAL : Invalid data received from driver
12-30 10:54:52.043  4949  4949 I flags_health_check: ServerConfigurableFlagsReset reset_mode value: 1
12-30 10:54:52.043  4949  4949 I flags_health_check: ServerConfigurableFlagsReset updatable crashing detected, resetting flags.
12-30 10:54:52.055   360   931 D EvsDriver: forwardFrame
12-30 10:54:52.055   360   931 D EvsDriver: forwardFrameDirect
12-30 10:54:52.055   360   931 D EvsDriver: Delivered 0xb400e2ca9e40c2d0 as id 0
12-30 10:54:52.055   359  2784 D evsmanagerd: /dev/video-evs0 forwarded the buffer #0 to 0xb400f125d2b26dd0 from 0xb400f125e2b20710
12-30 10:54:52.059  2358  2623 D RcfController: Rcf proxy is not connected!
12-30 10:54:52.061   360   458 D EvsDriver: doneWithFrame
12-30 10:54:52.070  1667  2407 I media_message_log->MediaMessageProxy: (SourceFile:1)b connectToService action bind
12-30 10:54:52.071   916  1492 W ActivityManager: Unable to start service Intent { cmp=com.adayo.server.mediamessagetransfer/.MediaMessTransferService (has extras) } U=0: not found
12-30 10:54:52.071  1667  2407 E media_message_log->MediaMessageProxy: (SourceFile:7)a bindServiceAsUser isBound = false
12-30 10:54:52.088   360   931 D EvsDriver: forwardFrame
12-30 10:54:52.088   360   931 D EvsDriver: forwardFrameDirect
12-30 10:54:52.088   360   931 D EvsDriver: Delivered 0xb400e2ca9e40d090 as id 1
12-30 10:54:52.088   359  2784 D evsmanagerd: /dev/video-evs0 forwarded the buffer #1 to 0xb400f125d2b26dd0 from 0xb400f125e2b20710
12-30 10:54:52.091   360   458 D EvsDriver: doneWithFrame
12-30 10:54:52.094   596  3076 E WifiHAL : Invalid data received from driver
12-30 10:54:52.109  2358  2623 D RcfController: Rcf proxy is not connected!
12-30 10:54:52.121   360   931 D EvsDriver: forwardFrame
12-30 10:54:52.121   360   931 D EvsDriver: forwardFrameDirect
12-30 10:54:52.121   360   931 D EvsDriver: Delivered 0xb400e2ca9e40e110 as id 0
12-30 10:54:52.121   359  2784 D evsmanagerd: /dev/video-evs0 forwarded the buffer #0 to 0xb400f125d2b26dd0 from 0xb400f125e2b20710
12-30 10:54:52.131   360   458 D EvsDriver: doneWithFrame
12-30 10:54:52.144   596  3076 E WifiHAL : Invalid data received from driver
12-30 10:54:52.155   360   931 D EvsDriver: forwardFrame
12-30 10:54:52.155   360   931 D EvsDriver: forwardFrameDirect
12-30 10:54:52.155   360   931 D EvsDriver: Delivered 0xb400e2ca9e40c7a0 as id 1
12-30 10:54:52.155   359  2784 D evsmanagerd: /dev/video-evs0 forwarded the buffer #1 to 0xb400f125d2b26dd0 from 0xb400f125e2b20710
12-30 10:54:52.159  2358  2623 D RcfController: Rcf proxy is not connected!
12-30 10:54:52.161   650   729 D fgemcucomm: sd Uart data : 6AA60200CA000292029E
12-30 10:54:52.161   650   729 D fgemcucomm: rev uart=67989,len=20, data : 6AA68100CA000C9202000800000000000000000D
12-30 10:54:52.161   360   458 D EvsDriver: doneWithFrame
12-30 10:54:52.162   398   882 D adayocomadapter-ParseProtocolFunc: printRaWMsg Name[MCUToUPstream recv] len[12] data[920200080000000000000000]
