12-30 10:54:53.522   359  2784 D evsmanagerd: /dev/video-evs0 forwarded the buffer #0 to 0xb400f125d2b26dd0 from 0xb400f125e2b20710
12-30 10:54:53.528   360   458 D EvsDriver: doneWithFrame
12-30 10:54:53.537   596  3076 E WifiHAL : Invalid data received from driver
12-30 10:54:53.549   650   729 D fgemcucomm: sd Uart data : 6AA60200D60002920292
12-30 10:54:53.549   650   729 D fgemcucomm: rev uart=68001,len=29, data : 6AA68100D60015920200130000000000000000000000000000000000ED
12-30 10:54:53.550   398   882 D adayocomadapter-ParseProtocolFunc: printRaWMsg Name[MCUToUPstream recv] len[21] data[920200130000000000000000000000000000000000]
12-30 10:54:53.550   398   882 D adayocomadapter-CommunicationManager: onUpstreamback   member[0] dataLength[18] timePoint[8229371]
12-30 10:54:53.550   398   882 D adayocomadapter-ParseProtocolFunc: printRaWMsg Name[onUpstreamback] len[18] data[130000000000000000000000000000000000]
12-30 10:54:53.550   398   464 D adayocomadapter-UpstreamHandler: processBeforePacket upSreamtProcessTimePoint[8229372] 
12-30 10:54:53.550   398   464 D adayocomadapter-UpstreamHandler: processPacket UPSTREAM_QUEUE_DATA_TIMEOUT
12-30 10:54:53.550   398   464 D adayocomadapter-ParseProtocolFunc: parseCommonIPCLBytes Processing tableNumber[19]
12-30 10:54:53.550   398   464 D adayocomadapter-ParseProtocolFunc: parseCommonIPCLBytes Processing tablename[Table-19] tableSize[18]
12-30 10:54:53.550   398   464 D adayocomadapter-ParseProtocolFunc: printRaWMsg Name[byteStream recv] len[18] data[130000000000000000000000000000000000]
12-30 10:54:53.550   398   464 D adayocomadapter-ParseProtocolFunc: printRaWMsg Name[IPCLtoVHAL] len[6] data[214010280000]
12-30 10:54:53.550   398   464 D adayocomadapter-ParseProtocolFunc: printRaWMsg Name[IPCLtoVHAL] len[6] data[214010290000]
12-30 10:54:53.550   398   464 D adayocomadapter-ParseProtocolFunc: printRaWMsg Name[IPCLtoVHAL] len[6] data[2140102E0000]
12-30 10:54:53.550   398   464 D adayocomadapter-ParseProtocolFunc: printRaWMsg Name[IPCLtoVHAL] len[6] data[2140102B0000]
12-30 10:54:53.550   398   464 D adayocomadapter-ParseProtocolFunc: printRaWMsg Name[IPCLtoVHAL] len[6] data[2140104C0000]
12-30 10:54:53.550   398   464 D adayocomadapter-ParseProtocolFunc: printRaWMsg Name[IPCLtoVHAL] len[6] data[2140102C0000]
12-30 10:54:53.550   398   464 D adayocomadapter-ParseProtocolFunc: printRaWMsg Name[IPCLtoVHAL] len[7] data[21402007000000]
12-30 10:54:53.550   398   464 D adayocomadapter-ParseProtocolFunc: printRaWMsg Name[IPCLtoVHAL] len[6] data[2140102F0000]
12-30 10:54:53.550   398   464 D adayocomadapter-ParseProtocolFunc: printRaWMsg Name[IPCLtoVHAL] len[6] data[214010310000]
12-30 10:54:53.550   398   464 D adayocomadapter-ParseProtocolFunc: printRaWMsg Name[IPCLtoVHAL] len[7] data[21402022000000]
12-30 10:54:53.550   398   464 D adayocomadapter-ParseProtocolFunc: printRaWMsg Name[IPCLtoVHAL] len[9] data[214020230000000000]
12-30 10:54:53.550   398   464 D adayocomadapter-ParseProtocolFunc: printRaWMsg Name[IPCLtoVHAL] len[6] data[2140104D0000]
12-30 10:54:53.550   398   464 D adayocomadapter-CommunicationManager: onUpstreamReceive mPropertyId 0x21401028
12-30 10:54:53.550   398   464 D adayocomadapter-CommunicationManager: convertBytesToInt32Memcpy  0
12-30 10:54:53.550   398   464 I vw-vhal : notifyVehicleProperty, propId = 0x21401028, data = {status: 2, int32Values: [0]}
12-30 10:54:53.550   398   464 I vw-vhal : CanSignalsAdapter::notifyVehicleProperty: solvedValue = {.timestamp = 8229372814645, .areaId = 0, .prop = 557846568, .status = AVAILABLE, .value = {.int32Values = [1]{0}, .floatValues = [0]{}, .int64Values = [0]{}, .bytes = [0]{}, .stringValue = ""}}
12-30 10:54:53.551   398   464 I VehiclePropertyStore: begin to write value to Store: {.timestamp = 8229372814645, .areaId = 0, .prop = 557846568, .status = AVAILABLE, .value = {.int32Values = [1]{0}, .floatValues = [0]{}, .int64Values = [0]{}, .bytes = [0]{}, .stringValue = ""}}
12-30 10:54:53.551   398   464 I DefaultVehicleHal_v2_0: DefaultVehicleHal::onPropertyValue, value:{.timestamp = 8229372814645, .areaId = 0, .prop = 557846568, .status = AVAILABLE, .value = {.int32Values = [1]{0}, .floatValues = [0]{}, .int64Values = [0]{}, .bytes = [0]{}, .stringValue = ""}}
12-30 10:54:53.551   398   464 D DiagPropHandler: is not DiagnosticConfig: 0x21401028
12-30 10:54:53.551   398   464 I VehiclePropertyStore: begin to write value to Store: {.timestamp = 8229372814645, .areaId = 0, .prop = 557846568, .status = AVAILABLE, .value = {.int32Values = [1]{0}, .floatValues = [0]{}, .int64Values = [0]{}, .bytes = [0]{}, .stringValue = ""}}
12-30 10:54:53.551   398   464 D adayocomadapter-CommunicationManager: onUpstreamReceive mPropertyId 0x21401028
12-30 10:54:53.551   398   464 D adayocomadapter-CommunicationManager: onUpstreamReceive mPropertyId 0x21401029
12-30 10:54:53.551   398   464 D adayocomadapter-CommunicationManager: convertBytesToInt32Memcpy  0
12-30 10:54:53.551   398   464 I vw-vhal : notifyVehicleProperty, propId = 0x21401029, data = {status: 2, int32Values: [0]}
12-30 10:54:53.551   398   464 I vw-vhal : CanSignalsAdapter::notifyVehicleProperty: solvedValue = {.timestamp = 8229373213979, .areaId = 0, .prop = 557846569, .status = AVAILABLE, .value = {.int32Values = [1]{0}, .floatValues = [0]{}, .int64Values = [0]{}, .bytes = [0]{}, .stringValue = ""}}
12-30 10:54:53.551   398   464 I VehiclePropertyStore: begin to write value to Store: {.timestamp = 8229373213979, .areaId = 0, .prop = 557846569, .status = AVAILABLE, .value = {.int32Values = [1]{0}, .floatValues = [0]{}, .int64Values = [0]{}, .bytes = [0]{}, .stringValue = ""}}
12-30 10:54:53.551   398   464 I DefaultVehicleHal_v2_0: DefaultVehicleHal::onPropertyValue, value:{.timestamp = 8229373213979, .areaId = 0, .prop = 557846569, .status = AVAILABLE, .value = {.int32Values = [1]{0}, .floatValues = [0]{}, .int64Values = [0]{}, .bytes = [0]{}, .stringValue = ""}}
12-30 10:54:53.551   398   464 D DiagPropHandler: is not DiagnosticConfig: 0x21401029
12-30 10:54:53.551   398   464 I VehiclePropertyStore: begin to write value to Store: {.timestamp = 8229373213979, .areaId = 0, .prop = 557846569, .status = AVAILABLE, .value = {.int32Values = [1]{0}, .floatValues = [0]{}, .int64Values = [0]{}, .bytes = [0]{}, .stringValue = ""}}
12-30 10:54:53.551   398   464 D adayocomadapter-CommunicationManager: onUpstreamReceive mPropertyId 0x21401029
12-30 10:54:53.551   398   464 D adayocomadapter-CommunicationManager: onUpstreamReceive mPropertyId 0x2140102e
12-30 10:54:53.551   398   464 D adayocomadapter-CommunicationManager: convertBytesToInt32Memcpy  0
12-30 10:54:53.551   398   464 I vw-vhal : notifyVehicleProperty, propId = 0x2140102e, data = {status: 2, int32Values: [0]}
12-30 10:54:53.551   398   464 I vw-vhal : CanSignalsAdapter::notifyVehicleProperty: solvedValue = {.timestamp = 8229373617312, .areaId = 0, .prop = 557846574, .status = AVAILABLE, .value = {.int32Values = [1]{0}, .floatValues = [0]{}, .int64Values = [0]{}, .bytes = [0]{}, .stringValue = ""}}
12-30 10:54:53.551   398   464 I VehiclePropertyStore: begin to write value to Store: {.timestamp = 8229373617312, .areaId = 0, .prop = 557846574, .status = AVAILABLE, .value = {.int32Values = [1]{0}, .floatValues = [0]{}, .int64Values = [0]{}, .bytes = [0]{}, .stringValue = ""}}
12-30 10:54:53.551   398   464 I DefaultVehicleHal_v2_0: DefaultVehicleHal::onPropertyValue, value:{.timestamp = 8229373617312, .areaId = 0, .prop = 557846574, .status = AVAILABLE, .value = {.int32Values = [1]{0}, .floatValues = [0]{}, .int64Values = [0]{}, .bytes = [0]{}, .stringValue = ""}}
12-30 10:54:53.551   398   464 D DiagPropHandler: is not DiagnosticConfig: 0x2140102e
12-30 10:54:53.551   398   464 I VehiclePropertyStore: begin to write value to Store: {.timestamp = 8229373617312, .areaId = 0, .prop = 557846574, .status = AVAILABLE, .value = {.int32Values = [1]{0}, .floatValues = [0]{}, .int64Values = [0]{}, .bytes = [0]{}, .stringValue = ""}}
12-30 10:54:53.552   398   464 D adayocomadapter-CommunicationManager: onUpstreamReceive mPropertyId 0x2140102e
12-30 10:54:53.552   398   464 D adayocomadapter-CommunicationManager: onUpstreamReceive mPropertyId 0x2140102b
12-30 10:54:53.552   398   464 D adayocomadapter-CommunicationManager: convertBytesToInt32Memcpy  0
12-30 10:54:53.552   398   464 I vw-vhal : notifyVehicleProperty, propId = 0x2140102b, data = {status: 2, int32Values: [0]}
12-30 10:54:53.552   398   464 I vw-vhal : CanSignalsAdapter::notifyVehicleProperty: solvedValue = {.timestamp = 8229373998645, .areaId = 0, .prop = 557846571, .status = AVAILABLE, .value = {.int32Values = [1]{0}, .floatValues = [0]{}, .int64Values = [0]{}, .bytes = [0]{}, .stringValue = ""}}
12-30 10:54:53.552   398   464 I VehiclePropertyStore: begin to write value to Store: {.timestamp = 8229373998645, .areaId = 0, .prop = 557846571, .status = AVAILABLE, .value = {.int32Values = [1]{0}, .floatValues = [0]{}, .int64Values = [0]{}, .bytes = [0]{}, .stringValue = ""}}
12-30 10:54:53.552   398   464 I DefaultVehicleHal_v2_0: DefaultVehicleHal::onPropertyValue, value:{.timestamp = 8229373998645, .areaId = 0, .prop = 557846571, .status = AVAILABLE, .value = {.int32Values = [1]{0}, .floatValues = [0]{}, .int64Values = [0]{}, .bytes = [0]{}, .stringValue = ""}}
12-30 10:54:53.552   398   464 D DiagPropHandler: is not DiagnosticConfig: 0x2140102b
12-30 10:54:53.552   398   464 I VehiclePropertyStore: begin to write value to Store: {.timestamp = 8229373998645, .areaId = 0, .prop = 557846571, .status = AVAILABLE, .value = {.int32Values = [1]{0}, .floatValues = [0]{}, .int64Values = [0]{}, .bytes = [0]{}, .stringValue = ""}}
12-30 10:54:53.552   398   464 D adayocomadapter-CommunicationManager: onUpstreamReceive mPropertyId 0x2140102b
12-30 10:54:53.552   398   464 D adayocomadapter-CommunicationManager: onUpstreamReceive mPropertyId 0x2140104c
12-30 10:54:53.552   398   464 D adayocomadapter-CommunicationManager: convertBytesToInt32Memcpy  0
12-30 10:54:53.552   398   464 I vw-vhal : notifyVehicleProperty, propId = 0x2140104c, data = {status: 2, int32Values: [0]}
12-30 10:54:53.552   398   464 I vw-vhal : CanSignalsAdapter::notifyVehicleProperty: solvedValue = {.timestamp = 8229374341979, .areaId = 0, .prop = 557846604, .status = AVAILABLE, .value = {.int32Values = [1]{0}, .floatValues = [0]{}, .int64Values = [0]{}, .bytes = [0]{}, .stringValue = ""}}
12-30 10:54:53.552   398   464 I VehiclePropertyStore: begin to write value to Store: {.timestamp = 8229374341979, .areaId = 0, .prop = 557846604, .status = AVAILABLE, .value = {.int32Values = [1]{0}, .floatValues = [0]{}, .int64Values = [0]{}, .bytes = [0]{}, .stringValue = ""}}
12-30 10:54:53.552   398   464 I DefaultVehicleHal_v2_0: DefaultVehicleHal::onPropertyValue, value:{.timestamp = 8229374341979, .areaId = 0, .prop = 557846604, .status = AVAILABLE, .value = {.int32Values = [1]{0}, .floatValues = [0]{}, .int64Values = [0]{}, .bytes = [0]{}, .stringValue = ""}}
12-30 10:54:53.552   398   464 D DiagPropHandler: is not DiagnosticConfig: 0x2140104c
12-30 10:54:53.552   398   464 I VehiclePropertyStore: begin to write value to Store: {.timestamp = 8229374341979, .areaId = 0, .prop = 557846604, .status = AVAILABLE, .value = {.int32Values = [1]{0}, .floatValues = [0]{}, .int64Values = [0]{}, .bytes = [0]{}, .stringValue = ""}}
12-30 10:54:53.552   398   464 D adayocomadapter-CommunicationManager: onUpstreamReceive mPropertyId 0x2140104c
12-30 10:54:53.552   398   464 D adayocomadapter-CommunicationManager: onUpstreamReceive mPropertyId 0x2140102c
12-30 10:54:53.552   398   464 D adayocomadapter-CommunicationManager: convertBytesToInt32Memcpy  0
12-30 10:54:53.552   398   464 I vw-vhal : notifyVehicleProperty, propId = 0x2140102c, data = {status: 2, int32Values: [0]}
12-30 10:54:53.552   398   464 I vw-vhal : CanSignalsAdapter::notifyVehicleProperty: solvedValue = {.timestamp = 8229374714312, .areaId = 0, .prop = 557846572, .status = AVAILABLE, .value = {.int32Values = [1]{0}, .floatValues = [0]{}, .int64Values = [0]{}, .bytes = [0]{}, .stringValue = ""}}
12-30 10:54:53.552   398   464 I VehiclePropertyStore: begin to write value to Store: {.timestamp = 8229374714312, .areaId = 0, .prop = 557846572, .status = AVAILABLE, .value = {.int32Values = [1]{0}, .floatValues = [0]{}, .int64Values = [0]{}, .bytes = [0]{}, .stringValue = ""}}
12-30 10:54:53.552   398   464 I DefaultVehicleHal_v2_0: DefaultVehicleHal::onPropertyValue, value:{.timestamp = 8229374714312, .areaId = 0, .prop = 557846572, .status = AVAILABLE, .value = {.int32Values = [1]{0}, .floatValues = [0]{}, .int64Values = [0]{}, .bytes = [0]{}, .stringValue = ""}}
12-30 10:54:53.553   398   464 D DiagPropHandler: is not DiagnosticConfig: 0x2140102c
12-30 10:54:53.553   398   464 I VehiclePropertyStore: begin to write value to Store: {.timestamp = 8229374714312, .areaId = 0, .prop = 557846572, .status = AVAILABLE, .value = {.int32Values = [1]{0}, .floatValues = [0]{}, .int64Values = [0]{}, .bytes = [0]{}, .stringValue = ""}}
12-30 10:54:53.553   398   464 D adayocomadapter-CommunicationManager: onUpstreamReceive mPropertyId 0x2140102c
12-30 10:54:53.553   398   464 D adayocomadapter-CommunicationManager: onUpstreamReceive mPropertyId 0x21402007
12-30 10:54:53.553   398   464 D adayocomadapter-CommunicationManager: convertBytesToInt32Memcpy  0
12-30 10:54:53.553   398   464 I vw-vhal : notifyVehicleProperty, propId = 0x21402007, data = {status: 2, int32Values: [0]}
12-30 10:54:53.553   398   464 I vw-vhal : CanSignalsAdapter::notifyVehicleProperty: solvedValue = {.timestamp = 8229375084645, .areaId = 0, .prop = 557850631, .status = AVAILABLE, .value = {.int32Values = [1]{0}, .floatValues = [0]{}, .int64Values = [0]{}, .bytes = [0]{}, .stringValue = ""}}
12-30 10:54:53.553   398   464 I VehiclePropertyStore: begin to write value to Store: {.timestamp = 8229375084645, .areaId = 0, .prop = 557850631, .status = AVAILABLE, .value = {.int32Values = [1]{0}, .floatValues = [0]{}, .int64Values = [0]{}, .bytes = [0]{}, .stringValue = ""}}
12-30 10:54:53.553   398   464 I DefaultVehicleHal_v2_0: DefaultVehicleHal::onPropertyValue, value:{.timestamp = 8229375084645, .areaId = 0, .prop = 557850631, .status = AVAILABLE, .value = {.int32Values = [1]{0}, .floatValues = [0]{}, .int64Values = [0]{}, .bytes = [0]{}, .stringValue = ""}}
12-30 10:54:53.553   398   464 D DiagPropHandler: is not DiagnosticConfig: 0x21402007
12-30 10:54:53.553   398   464 I VehiclePropertyStore: begin to write value to Store: {.timestamp = 8229375084645, .areaId = 0, .prop = 557850631, .status = AVAILABLE, .value = {.int32Values = [1]{0}, .floatValues = [0]{}, .int64Values = [0]{}, .bytes = [0]{}, .stringValue = ""}}
12-30 10:54:53.553   398   464 D adayocomadapter-CommunicationManager: onUpstreamReceive mPropertyId 0x21402007
12-30 10:54:53.553   398   464 D adayocomadapter-CommunicationManager: onUpstreamReceive mPropertyId 0x2140102f
12-30 10:54:53.553   398   464 D adayocomadapter-CommunicationManager: convertBytesToInt32Memcpy  0
12-30 10:54:53.553   398   464 I vw-vhal : notifyVehicleProperty, propId = 0x2140102f, data = {status: 2, int32Values: [0]}
12-30 10:54:53.553   398   464 I vw-vhal : CanSignalsAdapter::notifyVehicleProperty: solvedValue = {.timestamp = 8229375443312, .areaId = 0, .prop = 557846575, .status = AVAILABLE, .value = {.int32Values = [1]{0}, .floatValues = [0]{}, .int64Values = [0]{}, .bytes = [0]{}, .stringValue = ""}}
12-30 10:54:53.553   398   464 I VehiclePropertyStore: begin to write value to Store: {.timestamp = 8229375443312, .areaId = 0, .prop = 557846575, .status = AVAILABLE, .value = {.int32Values = [1]{0}, .floatValues = [0]{}, .int64Values = [0]{}, .bytes = [0]{}, .stringValue = ""}}
12-30 10:54:53.553   398   464 I DefaultVehicleHal_v2_0: DefaultVehicleHal::onPropertyValue, value:{.timestamp = 8229375443312, .areaId = 0, .prop = 557846575, .status = AVAILABLE, .value = {.int32Values = [1]{0}, .floatValues = [0]{}, .int64Values = [0]{}, .bytes = [0]{}, .stringValue = ""}}
12-30 10:54:53.553   398   464 D DiagPropHandler: is not DiagnosticConfig: 0x2140102f
12-30 10:54:53.553   398   464 I VehiclePropertyStore: begin to write value to Store: {.timestamp = 8229375443312, .areaId = 0, .prop = 557846575, .status = AVAILABLE, .value = {.int32Values = [1]{0}, .floatValues = [0]{}, .int64Values = [0]{}, .bytes = [0]{}, .stringValue = ""}}
12-30 10:54:53.553   398   464 D adayocomadapter-CommunicationManager: onUpstreamReceive mPropertyId 0x2140102f
12-30 10:54:53.553   398   464 D adayocomadapter-CommunicationManager: onUpstreamReceive mPropertyId 0x21401031
12-30 10:54:53.553   398   464 D adayocomadapter-CommunicationManager: convertBytesToInt32Memcpy  0
12-30 10:54:53.553   398   464 I vw-vhal : notifyVehicleProperty, propId = 0x21401031, data = {status: 2, int32Values: [0]}
12-30 10:54:53.553   398   464 I vw-vhal : CanSignalsAdapter::notifyVehicleProperty: solvedValue = {.timestamp = 8229375793312, .areaId = 0, .prop = 557846577, .status = AVAILABLE, .value = {.int32Values = [1]{0}, .floatValues = [0]{}, .int64Values = [0]{}, .bytes = [0]{}, .stringValue = ""}}
12-30 10:54:53.554   398   464 I VehiclePropertyStore: begin to write value to Store: {.timestamp = 8229375793312, .areaId = 0, .prop = 557846577, .status = AVAILABLE, .value = {.int32Values = [1]{0}, .floatValues = [0]{}, .int64Values = [0]{}, .bytes = [0]{}, .stringValue = ""}}
12-30 10:54:53.554   398   464 I DefaultVehicleHal_v2_0: DefaultVehicleHal::onPropertyValue, value:{.timestamp = 8229375793312, .areaId = 0, .prop = 557846577, .status = AVAILABLE, .value = {.int32Values = [1]{0}, .floatValues = [0]{}, .int64Values = [0]{}, .bytes = [0]{}, .stringValue = ""}}
12-30 10:54:53.554   398   464 D DiagPropHandler: is not DiagnosticConfig: 0x21401031
12-30 10:54:53.554   398   464 I VehiclePropertyStore: begin to write value to Store: {.timestamp = 8229375793312, .areaId = 0, .prop = 557846577, .status = AVAILABLE, .value = {.int32Values = [1]{0}, .floatValues = [0]{}, .int64Values = [0]{}, .bytes = [0]{}, .stringValue = ""}}
12-30 10:54:53.554   398   464 D adayocomadapter-CommunicationManager: onUpstreamReceive mPropertyId 0x21401031
12-30 10:54:53.554   398   464 D adayocomadapter-CommunicationManager: onUpstreamReceive mPropertyId 0x21402022
12-30 10:54:53.554   398   464 D adayocomadapter-CommunicationManager: convertBytesToInt32Memcpy  0
12-30 10:54:53.554   398   464 I vw-vhal : notifyVehicleProperty, propId = 0x21402022, data = {status: 2, int32Values: [0]}
12-30 10:54:53.554   398   464 I vw-vhal : CanSignalsAdapter::notifyVehicleProperty: solvedValue = {.timestamp = 8229376200979, .areaId = 0, .prop = 557850658, .status = AVAILABLE, .value = {.int32Values = [1]{0}, .floatValues = [0]{}, .int64Values = [0]{}, .bytes = [0]{}, .stringValue = ""}}
12-30 10:54:53.554   398   464 I VehiclePropertyStore: begin to write value to Store: {.timestamp = 8229376200979, .areaId = 0, .prop = 557850658, .status = AVAILABLE, .value = {.int32Values = [1]{0}, .floatValues = [0]{}, .int64Values = [0]{}, .bytes = [0]{}, .stringValue = ""}}
12-30 10:54:53.554   398   464 I DefaultVehicleHal_v2_0: DefaultVehicleHal::onPropertyValue, value:{.timestamp = 8229376200979, .areaId = 0, .prop = 557850658, .status = AVAILABLE, .value = {.int32Values = [1]{0}, .floatValues = [0]{}, .int64Values = [0]{}, .bytes = [0]{}, .stringValue = ""}}
12-30 10:54:53.554   398   464 D DiagPropHandler: is not DiagnosticConfig: 0x21402022
12-30 10:54:53.554   398   464 I VehiclePropertyStore: begin to write value to Store: {.timestamp = 8229376200979, .areaId = 0, .prop = 557850658, .status = AVAILABLE, .value = {.int32Values = [1]{0}, .floatValues = [0]{}, .int64Values = [0]{}, .bytes = [0]{}, .stringValue = ""}}
12-30 10:54:53.554   398   464 D adayocomadapter-CommunicationManager: onUpstreamReceive mPropertyId 0x21402022
12-30 10:54:53.554   398   464 D adayocomadapter-CommunicationManager: onUpstreamReceive mPropertyId 0x21402023
12-30 10:54:53.554   398   464 D adayocomadapter-CommunicationManager: convertBytesToInt32Memcpy  0
12-30 10:54:53.554   398   464 I vw-vhal : notifyVehicleProperty, propId = 0x21402023, data = {status: 2, int32Values: [0]}
12-30 10:54:53.554   398   464 I vw-vhal : CanSignalsAdapter::notifyVehicleProperty: solvedValue = {.timestamp = 8229376573312, .areaId = 0, .prop = 557850659, .status = AVAILABLE, .value = {.int32Values = [1]{0}, .floatValues = [0]{}, .int64Values = [0]{}, .bytes = [0]{}, .stringValue = ""}}
12-30 10:54:53.554   398   464 I VehiclePropertyStore: begin to write value to Store: {.timestamp = 8229376573312, .areaId = 0, .prop = 557850659, .status = AVAILABLE, .value = {.int32Values = [1]{0}, .floatValues = [0]{}, .int64Values = [0]{}, .bytes = [0]{}, .stringValue = ""}}
12-30 10:54:53.554   398   464 I DefaultVehicleHal_v2_0: DefaultVehicleHal::onPropertyValue, value:{.timestamp = 8229376573312, .areaId = 0, .prop = 557850659, .status = AVAILABLE, .value = {.int32Values = [1]{0}, .floatValues = [0]{}, .int64Values = [0]{}, .bytes = [0]{}, .stringValue = ""}}
12-30 10:54:53.554   398   464 D DiagPropHandler: is not DiagnosticConfig: 0x21402023
12-30 10:54:53.554   398   464 I VehiclePropertyStore: begin to write value to Store: {.timestamp = 8229376573312, .areaId = 0, .prop = 557850659, .status = AVAILABLE, .value = {.int32Values = [1]{0}, .floatValues = [0]{}, .int64Values = [0]{}, .bytes = [0]{}, .stringValue = ""}}
12-30 10:54:53.554   398   464 D adayocomadapter-CommunicationManager: onUpstreamReceive mPropertyId 0x21402023
12-30 10:54:53.554   398   464 D adayocomadapter-CommunicationManager: onUpstreamReceive mPropertyId 0x2140104d
12-30 10:54:53.554   398   464 D adayocomadapter-CommunicationManager: convertBytesToInt32Memcpy  0
12-30 10:54:53.555   360   931 D EvsDriver: forwardFrame
12-30 10:54:53.555   398   464 I vw-vhal : notifyVehicleProperty, propId = 0x2140104d, data = {status: 2, int32Values: [0]}
12-30 10:54:53.555   360   931 D EvsDriver: forwardFrameDirect
12-30 10:54:53.555   398   464 I vw-vhal : CanSignalsAdapter::notifyVehicleProperty: solvedValue = {.timestamp = 8229376923645, .areaId = 0, .prop = 557846605, .status = AVAILABLE, .value = {.int32Values = [1]{0}, .floatValues = [0]{}, .int64Values = [0]{}, .bytes = [0]{}, .stringValue = ""}}
12-30 10:54:53.555   398   464 I VehiclePropertyStore: begin to write value to Store: {.timestamp = 8229376923645, .areaId = 0, .prop = 557846605, .status = AVAILABLE, .value = {.int32Values = [1]{0}, .floatValues = [0]{}, .int64Values = [0]{}, .bytes = [0]{}, .stringValue = ""}}
12-30 10:54:53.555   398   464 I DefaultVehicleHal_v2_0: DefaultVehicleHal::onPropertyValue, value:{.timestamp = 8229376923645, .areaId = 0, .prop = 557846605, .status = AVAILABLE, .value = {.int32Values = [1]{0}, .floatValues = [0]{}, .int64Values = [0]{}, .bytes = [0]{}, .stringValue = ""}}
12-30 10:54:53.555   398   464 D DiagPropHandler: is not DiagnosticConfig: 0x2140104d
12-30 10:54:53.555   398   464 I VehiclePropertyStore: begin to write value to Store: {.timestamp = 8229376923645, .areaId = 0, .prop = 557846605, .status = AVAILABLE, .value = {.int32Values = [1]{0}, .floatValues = [0]{}, .int64Values = [0]{}, .bytes = [0]{}, .stringValue = ""}}
12-30 10:54:53.555   398   464 D adayocomadapter-CommunicationManager: onUpstreamReceive mPropertyId 0x2140104d
12-30 10:54:53.555   360   931 D EvsDriver: Delivered 0xb400e2ca9e40c7a0 as id 1
12-30 10:54:53.555   359  2784 D evsmanagerd: /dev/video-evs0 forwarded the buffer #1 to 0xb400f125d2b26dd0 from 0xb400f125e2b20710
12-30 10:54:53.558   360   458 D EvsDriver: doneWithFrame
12-30 10:54:53.567  2358  2623 D RcfController: Rcf proxy is not connected!
12-30 10:54:53.588   360   931 D EvsDriver: forwardFrame
12-30 10:54:53.588   360   931 D EvsDriver: forwardFrameDirect
12-30 10:54:53.589   360   931 D EvsDriver: Delivered 0xb400e2ca9e40e270 as id 0
12-30 10:54:53.589   359  2784 D evsmanagerd: /dev/video-evs0 forwarded the buffer #0 to 0xb400f125d2b26dd0 from 0xb400f125e2b20710
12-30 10:54:53.599   360   458 D EvsDriver: doneWithFrame
12-30 10:54:53.617  2358  2623 D RcfController: Rcf proxy is not connected!
12-30 10:54:53.617   596  3076 E WifiHAL : Invalid data received from driver
12-30 10:54:53.621   360   931 D EvsDriver: forwardFrame
12-30 10:54:53.621   360   931 D EvsDriver: forwardFrameDirect
12-30 10:54:53.622   360   931 D EvsDriver: Delivered 0xb400e2ca9e40d4b0 as id 1
12-30 10:54:53.622   359  2784 D evsmanagerd: /dev/video-evs0 forwarded the buffer #1 to 0xb400f125d2b26dd0 from 0xb400f125e2b20710
12-30 10:54:53.629   360   458 D EvsDriver: doneWithFrame
12-30 10:54:53.655   360   931 D EvsDriver: forwardFrame
12-30 10:54:53.655   360   931 D EvsDriver: forwardFrameDirect
12-30 10:54:53.655   360   931 D EvsDriver: Delivered 0xb400e2ca9e40c2d0 as id 0
12-30 10:54:53.655   359  2784 D evsmanagerd: /dev/video-evs0 forwarded the buffer #0 to 0xb400f125d2b26dd0 from 0xb400f125e2b20710
12-30 10:54:53.660   360   458 D EvsDriver: doneWithFrame
12-30 10:54:53.666   596  3076 E WifiHAL : Invalid data received from driver
12-30 10:54:53.667  2358  2623 D RcfController: Rcf proxy is not connected!
12-30 10:54:53.688   360   931 D EvsDriver: forwardFrame
12-30 10:54:53.688   360   931 D EvsDriver: forwardFrameDirect
12-30 10:54:53.688   360   931 D EvsDriver: Delivered 0xb400e2ca9e40d090 as id 1
12-30 10:54:53.688   359  2784 D evsmanagerd: /dev/video-evs0 forwarded the buffer #1 to 0xb400f125d2b26dd0 from 0xb400f125e2b20710
12-30 10:54:53.690   360   458 D EvsDriver: doneWithFrame
12-30 10:54:53.718  2358  2623 D RcfController: Rcf proxy is not connected!
12-30 10:54:53.721   360   931 D EvsDriver: forwardFrame
12-30 10:54:53.721   360   931 D EvsDriver: forwardFrameDirect
12-30 10:54:53.722   360   931 D EvsDriver: Delivered 0xb400e2ca9e40e110 as id 0
12-30 10:54:53.722   359  2784 D evsmanagerd: /dev/video-evs0 forwarded the buffer #0 to 0xb400f125d2b26dd0 from 0xb400f125e2b20710
12-30 10:54:53.731   360   458 D EvsDriver: doneWithFrame
12-30 10:54:53.737   596  3076 E WifiHAL : Invalid data received from driver
12-30 10:54:53.755   360   931 D EvsDriver: forwardFrame
12-30 10:54:53.755   360   931 D EvsDriver: forwardFrameDirect
12-30 10:54:53.755   360   931 D EvsDriver: Delivered 0xb400e2ca9e40c7a0 as id 1
12-30 10:54:53.755   359  2784 D evsmanagerd: /dev/video-evs0 forwarded the buffer #1 to 0xb400f125d2b26dd0 from 0xb400f125e2b20710
12-30 10:54:53.761   360   458 D EvsDriver: doneWithFrame
12-30 10:54:53.768  2358  2623 D RcfController: Rcf proxy is not connected!
12-30 10:54:53.770  3077  7067 I HiSight-RTSP-Net: receive frame length is: 112, timeCost 60029359
12-30 10:54:53.772  3077  7056 I HiSight-RTSP-NetM: OnData Request
12-30 10:54:53.773  3077  7056 E AesCtrAlgorithm: encrypt encryptDatas.length = 31; secureRandomIvs.length = 16; cipherTextWithIvs.length =47
12-30 10:54:53.773  3077  7056 I Hisight-Channel-RTSP: frameLength is: 47
12-30 10:54:53.788   360   931 D EvsDriver: forwardFrame
12-30 10:54:53.788   360   931 D EvsDriver: forwardFrameDirect
12-30 10:54:53.788   360   931 D EvsDriver: Delivered 0xb400e2ca9e40e270 as id 0
12-30 10:54:53.789   359  2784 D evsmanagerd: /dev/video-evs0 forwarded the buffer #0 to 0xb400f125d2b26dd0 from 0xb400f125e2b20710
12-30 10:54:53.791   360   458 D EvsDriver: doneWithFrame
12-30 10:54:53.799  1667  2513 W ContextImpl: Calling a method in the system process without a qualified user: android.app.ContextImpl.bindService:1988 android.content.ContextWrapper.bindService:861 com.ford.sync.fnvservice.analytics.AnalyticsManager$RetryHandler.a:126 com.ford.sync.fnvservice.analytics.AnalyticsManager$RetryHandler.handleMessage:103 android.os.Handler.dispatchMessage:106 
12-30 10:54:53.800   916  1492 W ActivityManager: Unable to start service Intent { cmp=com.ford.sync.fnvservice/.analytics.AnalyticsService } U=0: not found
12-30 10:54:53.801  1667  2513 W AnalyticsManager:  bind ford Analytics failed -> sendRetryMessage 
12-30 10:54:53.818  2358  2623 D RcfController: Rcf proxy is not connected!
12-30 10:54:53.821   360   931 D EvsDriver: forwardFrame
12-30 10:54:53.821   360   931 D EvsDriver: forwardFrameDirect
12-30 10:54:53.822   359  2784 D evsmanagerd: /dev/video-evs0 forwarded the buffer #1 to 0xb400f125d2b26dd0 from 0xb400f125e2b20710
12-30 10:54:53.822   360   931 D EvsDriver: Delivered 0xb400e2ca9e40d4b0 as id 1
12-30 10:54:53.822   596  3076 E WifiHAL : Invalid data received from driver
12-30 10:54:53.832   360   458 D EvsDriver: doneWithFrame
12-30 10:54:53.852  2475  2681 I TtsServiceAgent: check thread start checking, threadId = 29
12-30 10:54:53.852  2475  2681 D TtsServiceAgent: start bind service...
12-30 10:54:53.852  2475  2681 D TtsServiceAgent: ----->initService, usage = 16
12-30 10:54:53.852  2475  2681 W ContextImpl: Calling a method in the system process without a qualified user: android.app.ContextImpl.bindService:1988 android.content.ContextWrapper.bindService:861 com.iflytek.autofly.ttsaidl.ttsproxy.TtsServiceAgent.initService:189 com.iflytek.autofly.ttsaidl.ttsproxy.TtsServiceAgent.initService:133 com.iflytek.autofly.ttsaidl.ttsproxy.TtsServiceAgent$2.run:517 
12-30 10:54:53.853   916  1492 W ActivityManager: Unable to start service Intent { act=com.iflytek.autofly.tts.ttsservice.TtsAdapterService cmp=com.iflytek.cutefly.speechclient.hmi/com.iflytek.autofly.tts.ttsservice.TtsAdapterService } U=0: not found
12-30 10:54:53.853  2475  2681 D TtsServiceAgent: bindService: false
12-30 10:54:53.853  2475  2681 D TtsServiceAgent: start reInitService
12-30 10:54:53.853  2475  2681 D TtsServiceAgent: aidlCheckThreadRunning = true
12-30 10:54:53.853  2475  2681 D TtsServiceAgent: ----->check connection status in 1000s...
12-30 10:54:53.855   360   931 D EvsDriver: forwardFrame
12-30 10:54:53.855   360   931 D EvsDriver: forwardFrameDirect
12-30 10:54:53.855   360   931 D EvsDriver: Delivered 0xb400e2ca9e40c2d0 as id 0
12-30 10:54:53.855   359  2784 D evsmanagerd: /dev/video-evs0 forwarded the buffer #0 to 0xb400f125d2b26dd0 from 0xb400f125e2b20710
12-30 10:54:53.859   650   729 D fgemcucomm: sd Uart data : 6AA60200D70002920291
12-30 10:54:53.859   650   729 D fgemcucomm: rev uart=68002,len=20, data : 6AA68100D7000C92020005000000000000000003
12-30 10:54:53.859   398   882 D adayocomadapter-ParseProtocolFunc: printRaWMsg Name[MCUToUPstream recv] len[12] data[920200050000000000000000]
12-30 10:54:53.859   398   882 D adayocomadapter-CommunicationManager: onUpstreamback   member[0] dataLength[9] timePoint[8229681]
12-30 10:54:53.859   398   882 D adayocomadapter-ParseProtocolFunc: printRaWMsg Name[onUpstreamback] len[9] data[050000000000000000]
12-30 10:54:53.860   398   464 D adayocomadapter-UpstreamHandler: processBeforePacket upSreamtProcessTimePoint[8229681] 
12-30 10:54:53.860   398   464 D adayocomadapter-UpstreamHandler: processPacket UPSTREAM_QUEUE_DATA_TIMEOUT
12-30 10:54:53.860   398   464 D adayocomadapter-ParseProtocolFunc: parseCommonIPCLBytes Processing tableNumber[5]
12-30 10:54:53.860   398   464 D adayocomadapter-ParseProtocolFunc: parseCommonIPCLBytes Processing tablename[Table-5] tableSize[9]
12-30 10:54:53.860   398   464 D adayocomadapter-ParseProtocolFunc: printRaWMsg Name[byteStream recv] len[9] data[050000000000000000]
12-30 10:54:53.860   398   464 D adayocomadapter-ParseProtocolFunc: printRaWMsg Name[IPCLtoVHAL] len[7] data[21402134000000]
12-30 10:54:53.860   398   464 D adayocomadapter-ParseProtocolFunc: printRaWMsg Name[IPCLtoVHAL] len[7] data[21402135000000]
12-30 10:54:53.860   398   464 D adayocomadapter-ParseProtocolFunc: printRaWMsg Name[IPCLtoVHAL] len[7] data[21402136000000]
12-30 10:54:53.860   398   464 D adayocomadapter-ParseProtocolFunc: printRaWMsg Name[IPCLtoVHAL] len[7] data[21402137000000]
12-30 10:54:53.860   398   464 D adayocomadapter-CommunicationManager: onUpstreamReceive mPropertyId 0x21402134
12-30 10:54:53.860   398   464 D adayocomadapter-CommunicationManager: convertBytesToInt32Memcpy  0
12-30 10:54:53.860   398   464 I vw-vhal : notifyVehicleProperty, propId = 0x21402134, data = {status: 2, int32Values: [0]}
12-30 10:54:53.860   398   464 I vw-vhal : CanSignalsAdapter::notifyVehicleProperty: solvedValue = {.timestamp = 8229682649979, .areaId = 0, .prop = 557850932, .status = AVAILABLE, .value = {.int32Values = [1]{0}, .floatValues = [0]{}, .int64Values = [0]{}, .bytes = [0]{}, .stringValue = ""}}
12-30 10:54:53.860   398   464 I VehiclePropertyStore: begin to write value to Store: {.timestamp = 8229682649979, .areaId = 0, .prop = 557850932, .status = AVAILABLE, .value = {.int32Values = [1]{0}, .floatValues = [0]{}, .int64Values = [0]{}, .bytes = [0]{}, .stringValue = ""}}
12-30 10:54:53.861   398   464 I DefaultVehicleHal_v2_0: DefaultVehicleHal::onPropertyValue, value:{.timestamp = 8229682649979, .areaId = 0, .prop = 557850932, .status = AVAILABLE, .value = {.int32Values = [1]{0}, .floatValues = [0]{}, .int64Values = [0]{}, .bytes = [0]{}, .stringValue = ""}}
12-30 10:54:53.861   398   464 D DiagPropHandler: is not DiagnosticConfig: 0x21402134
12-30 10:54:53.861   398   464 I VehiclePropertyStore: begin to write value to Store: {.timestamp = 8229682649979, .areaId = 0, .prop = 557850932, .status = AVAILABLE, .value = {.int32Values = [1]{0}, .floatValues = [0]{}, .int64Values = [0]{}, .bytes = [0]{}, .stringValue = ""}}
12-30 10:54:53.861   398   464 D adayocomadapter-CommunicationManager: onUpstreamReceive mPropertyId 0x21402134
12-30 10:54:53.861   398   464 D adayocomadapter-CommunicationManager: onUpstreamReceive mPropertyId 0x21402135
12-30 10:54:53.861   398   464 D adayocomadapter-CommunicationManager: convertBytesToInt32Memcpy  0
12-30 10:54:53.861   398   464 I vw-vhal : notifyVehicleProperty, propId = 0x21402135, data = {status: 2, int32Values: [0]}
12-30 10:54:53.861   398   464 I vw-vhal : CanSignalsAdapter::notifyVehicleProperty: solvedValue = {.timestamp = 8229683341979, .areaId = 0, .prop = 557850933, .status = AVAILABLE, .value = {.int32Values = [1]{0}, .floatValues = [0]{}, .int64Values = [0]{}, .bytes = [0]{}, .stringValue = ""}}
12-30 10:54:53.861   398   464 I VehiclePropertyStore: begin to write value to Store: {.timestamp = 8229683341979, .areaId = 0, .prop = 557850933, .status = AVAILABLE, .value = {.int32Values = [1]{0}, .floatValues = [0]{}, .int64Values = [0]{}, .bytes = [0]{}, .stringValue = ""}}
12-30 10:54:53.861   398   464 I DefaultVehicleHal_v2_0: DefaultVehicleHal::onPropertyValue, value:{.timestamp = 8229683341979, .areaId = 0, .prop = 557850933, .status = AVAILABLE, .value = {.int32Values = [1]{0}, .floatValues = [0]{}, .int64Values = [0]{}, .bytes = [0]{}, .stringValue = ""}}
12-30 10:54:53.861   398   464 D DiagPropHandler: is not DiagnosticConfig: 0x21402135
12-30 10:54:53.861   398   464 I VehiclePropertyStore: begin to write value to Store: {.timestamp = 8229683341979, .areaId = 0, .prop = 557850933, .status = AVAILABLE, .value = {.int32Values = [1]{0}, .floatValues = [0]{}, .int64Values = [0]{}, .bytes = [0]{}, .stringValue = ""}}
12-30 10:54:53.861   398   464 D adayocomadapter-CommunicationManager: onUpstreamReceive mPropertyId 0x21402135
12-30 10:54:53.862   398   464 D adayocomadapter-CommunicationManager: onUpstreamReceive mPropertyId 0x21402136
12-30 10:54:53.862   398   464 D adayocomadapter-CommunicationManager: convertBytesToInt32Memcpy  0
12-30 10:54:53.862   398   464 I vw-vhal : notifyVehicleProperty, propId = 0x21402136, data = {status: 2, int32Values: [0]}
12-30 10:54:53.862   398   464 I vw-vhal : CanSignalsAdapter::notifyVehicleProperty: solvedValue = {.timestamp = 8229684088979, .areaId = 0, .prop = 557850934, .status = AVAILABLE, .value = {.int32Values = [1]{0}, .floatValues = [0]{}, .int64Values = [0]{}, .bytes = [0]{}, .stringValue = ""}}
12-30 10:54:53.862   398   464 I VehiclePropertyStore: begin to write value to Store: {.timestamp = 8229684088979, .areaId = 0, .prop = 557850934, .status = AVAILABLE, .value = {.int32Values = [1]{0}, .floatValues = [0]{}, .int64Values = [0]{}, .bytes = [0]{}, .stringValue = ""}}
12-30 10:54:53.862   398   464 I DefaultVehicleHal_v2_0: DefaultVehicleHal::onPropertyValue, value:{.timestamp = 8229684088979, .areaId = 0, .prop = 557850934, .status = AVAILABLE, .value = {.int32Values = [1]{0}, .floatValues = [0]{}, .int64Values = [0]{}, .bytes = [0]{}, .stringValue = ""}}
12-30 10:54:53.862   398   464 D DiagPropHandler: is not DiagnosticConfig: 0x21402136
12-30 10:54:53.862   398   464 I VehiclePropertyStore: begin to write value to Store: {.timestamp = 8229684088979, .areaId = 0, .prop = 557850934, .status = AVAILABLE, .value = {.int32Values = [1]{0}, .floatValues = [0]{}, .int64Values = [0]{}, .bytes = [0]{}, .stringValue = ""}}
12-30 10:54:53.862   398   464 D adayocomadapter-CommunicationManager: onUpstreamReceive mPropertyId 0x21402136
12-30 10:54:53.862   398   464 D adayocomadapter-CommunicationManager: onUpstreamReceive mPropertyId 0x21402137
12-30 10:54:53.862   398   464 D adayocomadapter-CommunicationManager: convertBytesToInt32Memcpy  0
12-30 10:54:53.862   360   458 D EvsDriver: doneWithFrame
12-30 10:54:53.862   398   464 I vw-vhal : notifyVehicleProperty, propId = 0x21402137, data = {status: 2, int32Values: [0]}
12-30 10:54:53.862   398   464 I vw-vhal : CanSignalsAdapter::notifyVehicleProperty: solvedValue = {.timestamp = 8229684790645, .areaId = 0, .prop = 557850935, .status = AVAILABLE, .value = {.int32Values = [1]{0}, .floatValues = [0]{}, .int64Values = [0]{}, .bytes = [0]{}, .stringValue = ""}}
12-30 10:54:53.863   398   464 I VehiclePropertyStore: begin to write value to Store: {.timestamp = 8229684790645, .areaId = 0, .prop = 557850935, .status = AVAILABLE, .value = {.int32Values = [1]{0}, .floatValues = [0]{}, .int64Values = [0]{}, .bytes = [0]{}, .stringValue = ""}}
12-30 10:54:53.863   398   464 I DefaultVehicleHal_v2_0: DefaultVehicleHal::onPropertyValue, value:{.timestamp = 8229684790645, .areaId = 0, .prop = 557850935, .status = AVAILABLE, .value = {.int32Values = [1]{0}, .floatValues = [0]{}, .int64Values = [0]{}, .bytes = [0]{}, .stringValue = ""}}
12-30 10:54:53.863   398   464 D DiagPropHandler: is not DiagnosticConfig: 0x21402137
12-30 10:54:53.863   398   464 I VehiclePropertyStore: begin to write value to Store: {.timestamp = 8229684790645, .areaId = 0, .prop = 557850935, .status = AVAILABLE, .value = {.int32Values = [1]{0}, .floatValues = [0]{}, .int64Values = [0]{}, .bytes = [0]{}, .stringValue = ""}}
12-30 10:54:53.863   398   464 D adayocomadapter-CommunicationManager: onUpstreamReceive mPropertyId 0x21402137
12-30 10:54:53.868  2358  2623 D RcfController: Rcf proxy is not connected!
12-30 10:54:53.871   596  3076 E WifiHAL : Invalid data received from driver
12-30 10:54:53.888   360   931 D EvsDriver: forwardFrame
12-30 10:54:53.888   360   931 D EvsDriver: forwardFrameDirect
12-30 10:54:53.888   360   931 D EvsDriver: Delivered 0xb400e2ca9e40d090 as id 1
12-30 10:54:53.888   359  2784 D evsmanagerd: /dev/video-evs0 forwarded the buffer #1 to 0xb400f125d2b26dd0 from 0xb400f125e2b20710
12-30 10:54:53.893   360   458 D EvsDriver: doneWithFrame
12-30 10:54:53.919  2358  2623 D RcfController: Rcf proxy is not connected!
12-30 10:54:53.921   360   931 D EvsDriver: forwardFrame
12-30 10:54:53.921   360   931 D EvsDriver: forwardFrameDirect
12-30 10:54:53.922   360   931 D EvsDriver: Delivered 0xb400e2ca9e40e110 as id 0
12-30 10:54:53.922   359  2784 D evsmanagerd: /dev/video-evs0 forwarded the buffer #0 to 0xb400f125d2b26dd0 from 0xb400f125e2b20710
12-30 10:54:53.923   360   458 D EvsDriver: doneWithFrame
12-30 10:54:53.940   596  3076 E WifiHAL : Invalid data received from driver
12-30 10:54:53.955   360   931 D EvsDriver: forwardFrame
12-30 10:54:53.955   360   931 D EvsDriver: forwardFrameDirect
12-30 10:54:53.955   360   931 D EvsDriver: Delivered 0xb400e2ca9e40c7a0 as id 1
12-30 10:54:53.955   359  2784 D evsmanagerd: /dev/video-evs0 forwarded the buffer #1 to 0xb400f125d2b26dd0 from 0xb400f125e2b20710
12-30 10:54:53.964   360   458 D EvsDriver: doneWithFrame
12-30 10:54:53.968   650   729 D fgemcucomm: sd Uart data : 6AA60200D80002920290
12-30 10:54:53.969   650   729 D fgemcucomm: rev uart=68003,len=17, data : 6AA68100D8000992020006000000000004
12-30 10:54:53.969   398   882 D adayocomadapter-ParseProtocolFunc: printRaWMsg Name[MCUToUPstream recv] len[9] data[920200060000000000]
12-30 10:54:53.969   398   882 D adayocomadapter-CommunicationManager: onUpstreamback   member[0] dataLength[6] timePoint[8229791]
12-30 10:54:53.969  2358  2623 D RcfController: Rcf proxy is not connected!
12-30 10:54:53.969   398   882 D adayocomadapter-ParseProtocolFunc: printRaWMsg Name[onUpstreamback] len[6] data[060000000000]
12-30 10:54:53.969   398   464 D adayocomadapter-UpstreamHandler: processBeforePacket upSreamtProcessTimePoint[8229791] 
12-30 10:54:53.969   398   464 D adayocomadapter-UpstreamHandler: processPacket UPSTREAM_QUEUE_DATA_TIMEOUT
12-30 10:54:53.969   398   464 D adayocomadapter-ParseProtocolFunc: parseCommonIPCLBytes Processing tableNumber[6]
12-30 10:54:53.969   398   464 D adayocomadapter-ParseProtocolFunc: parseCommonIPCLBytes Processing tablename[Table-6] tableSize[6]
12-30 10:54:53.969   398   464 D adayocomadapter-ParseProtocolFunc: printRaWMsg Name[byteStream recv] len[6] data[060000000000]
12-30 10:54:53.970   398   464 D adayocomadapter-ParseProtocolFunc: printRaWMsg Name[IPCLtoVHAL] len[6] data[214020020000]
12-30 10:54:53.970   398   464 D adayocomadapter-ParseProtocolFunc: printRaWMsg Name[IPCLtoVHAL] len[6] data[214020200000]
12-30 10:54:53.970   398   464 D adayocomadapter-ParseProtocolFunc: printRaWMsg Name[IPCLtoVHAL] len[6] data[214020040000]
12-30 10:54:53.970   398   464 D adayocomadapter-ParseProtocolFunc: printRaWMsg Name[IPCLtoVHAL] len[6] data[214020090000]
12-30 10:54:53.970   398   464 D adayocomadapter-ParseProtocolFunc: printRaWMsg Name[IPCLtoVHAL] len[6] data[214020080000]
12-30 10:54:53.970   398   464 D adayocomadapter-CommunicationManager: onUpstreamReceive mPropertyId 0x21402002
12-30 10:54:53.970   398   464 D adayocomadapter-CommunicationManager: convertBytesToInt32Memcpy  0
12-30 10:54:53.970   398   464 I vw-vhal : notifyVehicleProperty, propId = 0x21402002, data = {status: 2, int32Values: [0]}
12-30 10:54:53.970   398   464 I vw-vhal : CanSignalsAdapter::notifyVehicleProperty: solvedValue = {.timestamp = 8229792442645, .areaId = 0, .prop = 557850626, .status = AVAILABLE, .value = {.int32Values = [1]{0}, .floatValues = [0]{}, .int64Values = [0]{}, .bytes = [0]{}, .stringValue = ""}}
12-30 10:54:53.970   398   464 I VehiclePropertyStore: begin to write value to Store: {.timestamp = 8229792442645, .areaId = 0, .prop = 557850626, .status = AVAILABLE, .value = {.int32Values = [1]{0}, .floatValues = [0]{}, .int64Values = [0]{}, .bytes = [0]{}, .stringValue = ""}}
12-30 10:54:53.970   398   464 I DefaultVehicleHal_v2_0: DefaultVehicleHal::onPropertyValue, value:{.timestamp = 8229792442645, .areaId = 0, .prop = 557850626, .status = AVAILABLE, .value = {.int32Values = [1]{0}, .floatValues = [0]{}, .int64Values = [0]{}, .bytes = [0]{}, .stringValue = ""}}
12-30 10:54:53.970   398   464 D DiagPropHandler: is not DiagnosticConfig: 0x21402002
12-30 10:54:53.970   398   464 I VehiclePropertyStore: begin to write value to Store: {.timestamp = 8229792442645, .areaId = 0, .prop = 557850626, .status = AVAILABLE, .value = {.int32Values = [1]{0}, .floatValues = [0]{}, .int64Values = [0]{}, .bytes = [0]{}, .stringValue = ""}}
12-30 10:54:53.971   398   464 D adayocomadapter-CommunicationManager: onUpstreamReceive mPropertyId 0x21402002
12-30 10:54:53.971   398   464 D adayocomadapter-CommunicationManager: onUpstreamReceive mPropertyId 0x21402020
12-30 10:54:53.971   398   464 D adayocomadapter-CommunicationManager: convertBytesToInt32Memcpy  0
12-30 10:54:53.971   398   464 I vw-vhal : notifyVehicleProperty, propId = 0x21402020, data = {status: 2, int32Values: [0]}
12-30 10:54:53.971   398   464 I vw-vhal : CanSignalsAdapter::notifyVehicleProperty: solvedValue = {.timestamp = 8229793112645, .areaId = 0, .prop = 557850656, .status = AVAILABLE, .value = {.int32Values = [1]{0}, .floatValues = [0]{}, .int64Values = [0]{}, .bytes = [0]{}, .stringValue = ""}}
12-30 10:54:53.971   398   464 I VehiclePropertyStore: begin to write value to Store: {.timestamp = 8229793112645, .areaId = 0, .prop = 557850656, .status = AVAILABLE, .value = {.int32Values = [1]{0}, .floatValues = [0]{}, .int64Values = [0]{}, .bytes = [0]{}, .stringValue = ""}}
12-30 10:54:53.971   398   464 I DefaultVehicleHal_v2_0: DefaultVehicleHal::onPropertyValue, value:{.timestamp = 8229793112645, .areaId = 0, .prop = 557850656, .status = AVAILABLE, .value = {.int32Values = [1]{0}, .floatValues = [0]{}, .int64Values = [0]{}, .bytes = [0]{}, .stringValue = ""}}
12-30 10:54:53.971   398   464 D DiagPropHandler: is not DiagnosticConfig: 0x21402020
12-30 10:54:53.971   398   464 I VehiclePropertyStore: begin to write value to Store: {.timestamp = 8229793112645, .areaId = 0, .prop = 557850656, .status = AVAILABLE, .value = {.int32Values = [1]{0}, .floatValues = [0]{}, .int64Values = [0]{}, .bytes = [0]{}, .stringValue = ""}}
12-30 10:54:53.971   398   464 D adayocomadapter-CommunicationManager: onUpstreamReceive mPropertyId 0x21402020
12-30 10:54:53.971   398   464 D adayocomadapter-CommunicationManager: onUpstreamReceive mPropertyId 0x21402004
12-30 10:54:53.971   398   464 D adayocomadapter-CommunicationManager: convertBytesToInt32Memcpy  0
12-30 10:54:53.971   398   464 I vw-vhal : notifyVehicleProperty, propId = 0x21402004, data = {status: 2, int32Values: [0]}
12-30 10:54:53.971   398   464 I vw-vhal : CanSignalsAdapter::notifyVehicleProperty: solvedValue = {.timestamp = 8229793768645, .areaId = 0, .prop = 557850628, .status = AVAILABLE, .value = {.int32Values = [1]{0}, .floatValues = [0]{}, .int64Values = [0]{}, .bytes = [0]{}, .stringValue = ""}}
12-30 10:54:53.972   398   464 I VehiclePropertyStore: begin to write value to Store: {.timestamp = 8229793768645, .areaId = 0, .prop = 557850628, .status = AVAILABLE, .value = {.int32Values = [1]{0}, .floatValues = [0]{}, .int64Values = [0]{}, .bytes = [0]{}, .stringValue = ""}}
12-30 10:54:53.972   398   464 I DefaultVehicleHal_v2_0: DefaultVehicleHal::onPropertyValue, value:{.timestamp = 8229793768645, .areaId = 0, .prop = 557850628, .status = AVAILABLE, .value = {.int32Values = [1]{0}, .floatValues = [0]{}, .int64Values = [0]{}, .bytes = [0]{}, .stringValue = ""}}
12-30 10:54:53.972   398   464 D DiagPropHandler: is not DiagnosticConfig: 0x21402004
12-30 10:54:53.972   398   464 I VehiclePropertyStore: begin to write value to Store: {.timestamp = 8229793768645, .areaId = 0, .prop = 557850628, .status = AVAILABLE, .value = {.int32Values = [1]{0}, .floatValues = [0]{}, .int64Values = [0]{}, .bytes = [0]{}, .stringValue = ""}}
12-30 10:54:53.972   398   464 D adayocomadapter-CommunicationManager: onUpstreamReceive mPropertyId 0x21402004
12-30 10:54:53.972   398   464 D adayocomadapter-CommunicationManager: onUpstreamReceive mPropertyId 0x21402009
12-30 10:54:53.972   398   464 D adayocomadapter-CommunicationManager: convertBytesToInt32Memcpy  0
12-30 10:54:53.972   398   464 I vw-vhal : notifyVehicleProperty, propId = 0x21402009, data = {status: 2, int32Values: [0]}
12-30 10:54:53.972   398   464 I vw-vhal : CanSignalsAdapter::notifyVehicleProperty: solvedValue = {.timestamp = 8229794413645, .areaId = 0, .prop = 557850633, .status = AVAILABLE, .value = {.int32Values = [1]{0}, .floatValues = [0]{}, .int64Values = [0]{}, .bytes = [0]{}, .stringValue = ""}}
12-30 10:54:53.972   398   464 I VehiclePropertyStore: begin to write value to Store: {.timestamp = 8229794413645, .areaId = 0, .prop = 557850633, .status = AVAILABLE, .value = {.int32Values = [1]{0}, .floatValues = [0]{}, .int64Values = [0]{}, .bytes = [0]{}, .stringValue = ""}}
12-30 10:54:53.972   398   464 I DefaultVehicleHal_v2_0: DefaultVehicleHal::onPropertyValue, value:{.timestamp = 8229794413645, .areaId = 0, .prop = 557850633, .status = AVAILABLE, .value = {.int32Values = [1]{0}, .floatValues = [0]{}, .int64Values = [0]{}, .bytes = [0]{}, .stringValue = ""}}
12-30 10:54:53.972   398   464 D DiagPropHandler: is not DiagnosticConfig: 0x21402009
12-30 10:54:53.972   398   464 I VehiclePropertyStore: begin to write value to Store: {.timestamp = 8229794413645, .areaId = 0, .prop = 557850633, .status = AVAILABLE, .value = {.int32Values = [1]{0}, .floatValues = [0]{}, .int64Values = [0]{}, .bytes = [0]{}, .stringValue = ""}}
12-30 10:54:53.972   398   464 D adayocomadapter-CommunicationManager: onUpstreamReceive mPropertyId 0x21402009
12-30 10:54:53.973   398   464 D adayocomadapter-CommunicationManager: onUpstreamReceive mPropertyId 0x21402008
12-30 10:54:53.973   398   464 D adayocomadapter-CommunicationManager: convertBytesToInt32Memcpy  0
12-30 10:54:53.973   398   464 I vw-vhal : notifyVehicleProperty, propId = 0x21402008, data = {status: 2, int32Values: [0]}
12-30 10:54:53.973   398   464 I vw-vhal : CanSignalsAdapter::notifyVehicleProperty: solvedValue = {.timestamp = 8229795049979, .areaId = 0, .prop = 557850632, .status = AVAILABLE, .value = {.int32Values = [1]{0}, .floatValues = [0]{}, .int64Values = [0]{}, .bytes = [0]{}, .stringValue = ""}}
12-30 10:54:53.973   398   464 I VehiclePropertyStore: begin to write value to Store: {.timestamp = 8229795049979, .areaId = 0, .prop = 557850632, .status = AVAILABLE, .value = {.int32Values = [1]{0}, .floatValues = [0]{}, .int64Values = [0]{}, .bytes = [0]{}, .stringValue = ""}}
12-30 10:54:53.973   398   464 I DefaultVehicleHal_v2_0: DefaultVehicleHal::onPropertyValue, value:{.timestamp = 8229795049979, .areaId = 0, .prop = 557850632, .status = AVAILABLE, .value = {.int32Values = [1]{0}, .floatValues = [0]{}, .int64Values = [0]{}, .bytes = [0]{}, .stringValue = ""}}
