12-30 10:54:52.311   398   464 D adayocomadapter-CommunicationManager: onUpstreamReceive mPropertyId 0x2140216a
12-30 10:54:52.311   398   464 D adayocomadapter-CommunicationManager: onUpstreamReceive mPropertyId 0x2140216e
12-30 10:54:52.311   398   464 D adayocomadapter-CommunicationManager: convertBytesToInt32Memcpy  0
12-30 10:54:52.311   398   464 I vw-vhal : notifyVehicleProperty, propId = 0x2140216e, data = {status: 2, int32Values: [0]}
12-30 10:54:52.311   398   464 I vw-vhal : CanSignalsAdapter::notifyVehicleProperty: solvedValue = {.timestamp = 8228133215645, .areaId = 0, .prop = 557850990, .status = AVAILABLE, .value = {.int32Values = [1]{0}, .floatValues = [0]{}, .int64Values = [0]{}, .bytes = [0]{}, .stringValue = ""}}
12-30 10:54:52.311   398   464 I VehiclePropertyStore: begin to write value to Store: {.timestamp = 8228133215645, .areaId = 0, .prop = 557850990, .status = AVAILABLE, .value = {.int32Values = [1]{0}, .floatValues = [0]{}, .int64Values = [0]{}, .bytes = [0]{}, .stringValue = ""}}
12-30 10:54:52.311   398   464 I DefaultVehicleHal_v2_0: DefaultVehicleHal::onPropertyValue, value:{.timestamp = 8228133215645, .areaId = 0, .prop = 557850990, .status = AVAILABLE, .value = {.int32Values = [1]{0}, .floatValues = [0]{}, .int64Values = [0]{}, .bytes = [0]{}, .stringValue = ""}}
12-30 10:54:52.311   398   464 D DiagPropHandler: is not DiagnosticConfig: 0x2140216e
12-30 10:54:52.311   398   464 I VehiclePropertyStore: begin to write value to Store: {.timestamp = 8228133215645, .areaId = 0, .prop = 557850990, .status = AVAILABLE, .value = {.int32Values = [1]{0}, .floatValues = [0]{}, .int64Values = [0]{}, .bytes = [0]{}, .stringValue = ""}}
12-30 10:54:52.311   398   464 D adayocomadapter-CommunicationManager: onUpstreamReceive mPropertyId 0x2140216e
12-30 10:54:52.311   398   464 D adayocomadapter-CommunicationManager: onUpstreamReceive mPropertyId 0x21402170
12-30 10:54:52.311   398   464 D adayocomadapter-CommunicationManager: convertBytesToInt32Memcpy  0
12-30 10:54:52.311   398   464 I vw-vhal : notifyVehicleProperty, propId = 0x21402170, data = {status: 2, int32Values: [0]}
12-30 10:54:52.312   398   464 I vw-vhal : CanSignalsAdapter::notifyVehicleProperty: solvedValue = {.timestamp = 8228133862978, .areaId = 0, .prop = 557850992, .status = AVAILABLE, .value = {.int32Values = [1]{0}, .floatValues = [0]{}, .int64Values = [0]{}, .bytes = [0]{}, .stringValue = ""}}
12-30 10:54:52.312   398   464 I VehiclePropertyStore: begin to write value to Store: {.timestamp = 8228133862978, .areaId = 0, .prop = 557850992, .status = AVAILABLE, .value = {.int32Values = [1]{0}, .floatValues = [0]{}, .int64Values = [0]{}, .bytes = [0]{}, .stringValue = ""}}
12-30 10:54:52.312   398   464 I DefaultVehicleHal_v2_0: DefaultVehicleHal::onPropertyValue, value:{.timestamp = 8228133862978, .areaId = 0, .prop = 557850992, .status = AVAILABLE, .value = {.int32Values = [1]{0}, .floatValues = [0]{}, .int64Values = [0]{}, .bytes = [0]{}, .stringValue = ""}}
12-30 10:54:52.312   398   464 D DiagPropHandler: is not DiagnosticConfig: 0x21402170
12-30 10:54:52.312   398   464 I VehiclePropertyStore: begin to write value to Store: {.timestamp = 8228133862978, .areaId = 0, .prop = 557850992, .status = AVAILABLE, .value = {.int32Values = [1]{0}, .floatValues = [0]{}, .int64Values = [0]{}, .bytes = [0]{}, .stringValue = ""}}
12-30 10:54:52.312   398   464 D adayocomadapter-CommunicationManager: onUpstreamReceive mPropertyId 0x21402170
12-30 10:54:52.312   398   464 D adayocomadapter-CommunicationManager: onUpstreamReceive mPropertyId 0x21402172
12-30 10:54:52.312   398   464 D adayocomadapter-CommunicationManager: convertBytesToInt32Memcpy  0
12-30 10:54:52.312   398   464 I vw-vhal : notifyVehicleProperty, propId = 0x21402172, data = {status: 2, int32Values: [0]}
12-30 10:54:52.312   398   464 I vw-vhal : CanSignalsAdapter::notifyVehicleProperty: solvedValue = {.timestamp = 8228134503645, .areaId = 0, .prop = 557850994, .status = AVAILABLE, .value = {.int32Values = [1]{0}, .floatValues = [0]{}, .int64Values = [0]{}, .bytes = [0]{}, .stringValue = ""}}
12-30 10:54:52.312   398   464 I VehiclePropertyStore: begin to write value to Store: {.timestamp = 8228134503645, .areaId = 0, .prop = 557850994, .status = AVAILABLE, .value = {.int32Values = [1]{0}, .floatValues = [0]{}, .int64Values = [0]{}, .bytes = [0]{}, .stringValue = ""}}
12-30 10:54:52.312   398   464 I DefaultVehicleHal_v2_0: DefaultVehicleHal::onPropertyValue, value:{.timestamp = 8228134503645, .areaId = 0, .prop = 557850994, .status = AVAILABLE, .value = {.int32Values = [1]{0}, .floatValues = [0]{}, .int64Values = [0]{}, .bytes = [0]{}, .stringValue = ""}}
12-30 10:54:52.312   398   464 D DiagPropHandler: is not DiagnosticConfig: 0x21402172
12-30 10:54:52.313   398   464 I VehiclePropertyStore: begin to write value to Store: {.timestamp = 8228134503645, .areaId = 0, .prop = 557850994, .status = AVAILABLE, .value = {.int32Values = [1]{0}, .floatValues = [0]{}, .int64Values = [0]{}, .bytes = [0]{}, .stringValue = ""}}
12-30 10:54:52.313   398   464 D adayocomadapter-CommunicationManager: onUpstreamReceive mPropertyId 0x21402172
12-30 10:54:52.313   398   464 D adayocomadapter-CommunicationManager: onUpstreamReceive mPropertyId 0x21402174
12-30 10:54:52.313   398   464 D adayocomadapter-CommunicationManager: convertBytesToInt32Memcpy  0
12-30 10:54:52.313   398   464 I vw-vhal : notifyVehicleProperty, propId = 0x21402174, data = {status: 2, int32Values: [0]}
12-30 10:54:52.313   398   464 I vw-vhal : CanSignalsAdapter::notifyVehicleProperty: solvedValue = {.timestamp = 8228135133645, .areaId = 0, .prop = 557850996, .status = AVAILABLE, .value = {.int32Values = [1]{0}, .floatValues = [0]{}, .int64Values = [0]{}, .bytes = [0]{}, .stringValue = ""}}
12-30 10:54:52.313   398   464 I VehiclePropertyStore: begin to write value to Store: {.timestamp = 8228135133645, .areaId = 0, .prop = 557850996, .status = AVAILABLE, .value = {.int32Values = [1]{0}, .floatValues = [0]{}, .int64Values = [0]{}, .bytes = [0]{}, .stringValue = ""}}
12-30 10:54:52.313   398   464 I DefaultVehicleHal_v2_0: DefaultVehicleHal::onPropertyValue, value:{.timestamp = 8228135133645, .areaId = 0, .prop = 557850996, .status = AVAILABLE, .value = {.int32Values = [1]{0}, .floatValues = [0]{}, .int64Values = [0]{}, .bytes = [0]{}, .stringValue = ""}}
12-30 10:54:52.313   398   464 D DiagPropHandler: is not DiagnosticConfig: 0x21402174
12-30 10:54:52.313   398   464 I VehiclePropertyStore: begin to write value to Store: {.timestamp = 8228135133645, .areaId = 0, .prop = 557850996, .status = AVAILABLE, .value = {.int32Values = [1]{0}, .floatValues = [0]{}, .int64Values = [0]{}, .bytes = [0]{}, .stringValue = ""}}
12-30 10:54:52.313   398   464 D adayocomadapter-CommunicationManager: onUpstreamReceive mPropertyId 0x21402174
12-30 10:54:52.313   398   464 D adayocomadapter-CommunicationManager: onUpstreamReceive mPropertyId 0x21402176
12-30 10:54:52.313   398   464 D adayocomadapter-CommunicationManager: convertBytesToInt32Memcpy  0
12-30 10:54:52.313   398   464 I vw-vhal : notifyVehicleProperty, propId = 0x21402176, data = {status: 2, int32Values: [0]}
12-30 10:54:52.313   398   464 I vw-vhal : CanSignalsAdapter::notifyVehicleProperty: solvedValue = {.timestamp = 8228135790312, .areaId = 0, .prop = 557850998, .status = AVAILABLE, .value = {.int32Values = [1]{0}, .floatValues = [0]{}, .int64Values = [0]{}, .bytes = [0]{}, .stringValue = ""}}
12-30 10:54:52.314   398   464 I VehiclePropertyStore: begin to write value to Store: {.timestamp = 8228135790312, .areaId = 0, .prop = 557850998, .status = AVAILABLE, .value = {.int32Values = [1]{0}, .floatValues = [0]{}, .int64Values = [0]{}, .bytes = [0]{}, .stringValue = ""}}
12-30 10:54:52.314   398   464 I DefaultVehicleHal_v2_0: DefaultVehicleHal::onPropertyValue, value:{.timestamp = 8228135790312, .areaId = 0, .prop = 557850998, .status = AVAILABLE, .value = {.int32Values = [1]{0}, .floatValues = [0]{}, .int64Values = [0]{}, .bytes = [0]{}, .stringValue = ""}}
12-30 10:54:52.314   398   464 D DiagPropHandler: is not DiagnosticConfig: 0x21402176
12-30 10:54:52.314   398   464 I VehiclePropertyStore: begin to write value to Store: {.timestamp = 8228135790312, .areaId = 0, .prop = 557850998, .status = AVAILABLE, .value = {.int32Values = [1]{0}, .floatValues = [0]{}, .int64Values = [0]{}, .bytes = [0]{}, .stringValue = ""}}
12-30 10:54:52.314   398   464 D adayocomadapter-CommunicationManager: onUpstreamReceive mPropertyId 0x21402176
12-30 10:54:52.314   398   464 D adayocomadapter-CommunicationManager: onUpstreamReceive mPropertyId 0x21402178
12-30 10:54:52.314   398   464 D adayocomadapter-CommunicationManager: convertBytesToInt32Memcpy  0
12-30 10:54:52.314   398   464 I vw-vhal : notifyVehicleProperty, propId = 0x21402178, data = {status: 2, int32Values: [0]}
12-30 10:54:52.314   398   464 I vw-vhal : CanSignalsAdapter::notifyVehicleProperty: solvedValue = {.timestamp = 8228136482645, .areaId = 0, .prop = 557851000, .status = AVAILABLE, .value = {.int32Values = [1]{0}, .floatValues = [0]{}, .int64Values = [0]{}, .bytes = [0]{}, .stringValue = ""}}
12-30 10:54:52.314   398   464 I VehiclePropertyStore: begin to write value to Store: {.timestamp = 8228136482645, .areaId = 0, .prop = 557851000, .status = AVAILABLE, .value = {.int32Values = [1]{0}, .floatValues = [0]{}, .int64Values = [0]{}, .bytes = [0]{}, .stringValue = ""}}
12-30 10:54:52.314   398   464 I DefaultVehicleHal_v2_0: DefaultVehicleHal::onPropertyValue, value:{.timestamp = 8228136482645, .areaId = 0, .prop = 557851000, .status = AVAILABLE, .value = {.int32Values = [1]{0}, .floatValues = [0]{}, .int64Values = [0]{}, .bytes = [0]{}, .stringValue = ""}}
12-30 10:54:52.314   398   464 D DiagPropHandler: is not DiagnosticConfig: 0x21402178
12-30 10:54:52.315   398   464 I VehiclePropertyStore: begin to write value to Store: {.timestamp = 8228136482645, .areaId = 0, .prop = 557851000, .status = AVAILABLE, .value = {.int32Values = [1]{0}, .floatValues = [0]{}, .int64Values = [0]{}, .bytes = [0]{}, .stringValue = ""}}
12-30 10:54:52.315   398   464 D adayocomadapter-CommunicationManager: onUpstreamReceive mPropertyId 0x21402178
12-30 10:54:52.315   398   464 D adayocomadapter-CommunicationManager: onUpstreamReceive mPropertyId 0x2140205e
12-30 10:54:52.315   398   464 D adayocomadapter-CommunicationManager: convertBytesToInt32Memcpy  0
12-30 10:54:52.315   398   464 I vw-vhal : notifyVehicleProperty, propId = 0x2140205e, data = {status: 2, int32Values: [0]}
12-30 10:54:52.315   398   464 I vw-vhal : CanSignalsAdapter::notifyVehicleProperty: solvedValue = {.timestamp = 8228137124312, .areaId = 0, .prop = 557850718, .status = AVAILABLE, .value = {.int32Values = [1]{0}, .floatValues = [0]{}, .int64Values = [0]{}, .bytes = [0]{}, .stringValue = ""}}
12-30 10:54:52.315   398   464 I VehiclePropertyStore: begin to write value to Store: {.timestamp = 8228137124312, .areaId = 0, .prop = 557850718, .status = AVAILABLE, .value = {.int32Values = [1]{0}, .floatValues = [0]{}, .int64Values = [0]{}, .bytes = [0]{}, .stringValue = ""}}
12-30 10:54:52.315   398   464 I DefaultVehicleHal_v2_0: DefaultVehicleHal::onPropertyValue, value:{.timestamp = 8228137124312, .areaId = 0, .prop = 557850718, .status = AVAILABLE, .value = {.int32Values = [1]{0}, .floatValues = [0]{}, .int64Values = [0]{}, .bytes = [0]{}, .stringValue = ""}}
12-30 10:54:52.315   398   464 D DiagPropHandler: is not DiagnosticConfig: 0x2140205e
12-30 10:54:52.315   398   464 I VehiclePropertyStore: begin to write value to Store: {.timestamp = 8228137124312, .areaId = 0, .prop = 557850718, .status = AVAILABLE, .value = {.int32Values = [1]{0}, .floatValues = [0]{}, .int64Values = [0]{}, .bytes = [0]{}, .stringValue = ""}}
12-30 10:54:52.315   398   464 D adayocomadapter-CommunicationManager: onUpstreamReceive mPropertyId 0x2140205e
12-30 10:54:52.315   398   464 D adayocomadapter-CommunicationManager: onUpstreamReceive mPropertyId 0x2140217a
12-30 10:54:52.315   398   464 D adayocomadapter-CommunicationManager: convertBytesToInt32Memcpy  0
12-30 10:54:52.315   398   464 I vw-vhal : notifyVehicleProperty, propId = 0x2140217a, data = {status: 2, int32Values: [0]}
12-30 10:54:52.315   398   464 I vw-vhal : CanSignalsAdapter::notifyVehicleProperty: solvedValue = {.timestamp = 8228137787978, .areaId = 0, .prop = 557851002, .status = AVAILABLE, .value = {.int32Values = [1]{0}, .floatValues = [0]{}, .int64Values = [0]{}, .bytes = [0]{}, .stringValue = ""}}
12-30 10:54:52.316   398   464 I VehiclePropertyStore: begin to write value to Store: {.timestamp = 8228137787978, .areaId = 0, .prop = 557851002, .status = AVAILABLE, .value = {.int32Values = [1]{0}, .floatValues = [0]{}, .int64Values = [0]{}, .bytes = [0]{}, .stringValue = ""}}
12-30 10:54:52.316   398   464 I DefaultVehicleHal_v2_0: DefaultVehicleHal::onPropertyValue, value:{.timestamp = 8228137787978, .areaId = 0, .prop = 557851002, .status = AVAILABLE, .value = {.int32Values = [1]{0}, .floatValues = [0]{}, .int64Values = [0]{}, .bytes = [0]{}, .stringValue = ""}}
12-30 10:54:52.316   398   464 D DiagPropHandler: is not DiagnosticConfig: 0x2140217a
12-30 10:54:52.316   398   464 I VehiclePropertyStore: begin to write value to Store: {.timestamp = 8228137787978, .areaId = 0, .prop = 557851002, .status = AVAILABLE, .value = {.int32Values = [1]{0}, .floatValues = [0]{}, .int64Values = [0]{}, .bytes = [0]{}, .stringValue = ""}}
12-30 10:54:52.316   398   464 D adayocomadapter-CommunicationManager: onUpstreamReceive mPropertyId 0x2140217a
12-30 10:54:52.316   398   464 D adayocomadapter-CommunicationManager: onUpstreamReceive mPropertyId 0x21402207
12-30 10:54:52.316   398   464 D adayocomadapter-CommunicationManager: convertBytesToInt32Memcpy  0
12-30 10:54:52.316   398   464 I vw-vhal : notifyVehicleProperty, propId = 0x21402207, data = {status: 2, int32Values: [0]}
12-30 10:54:52.316   398   464 I vw-vhal : CanSignalsAdapter::notifyVehicleProperty: solvedValue = {.timestamp = 8228138438312, .areaId = 0, .prop = 557851143, .status = AVAILABLE, .value = {.int32Values = [1]{0}, .floatValues = [0]{}, .int64Values = [0]{}, .bytes = [0]{}, .stringValue = ""}}
12-30 10:54:52.316   398   464 I VehiclePropertyStore: begin to write value to Store: {.timestamp = 8228138438312, .areaId = 0, .prop = 557851143, .status = AVAILABLE, .value = {.int32Values = [1]{0}, .floatValues = [0]{}, .int64Values = [0]{}, .bytes = [0]{}, .stringValue = ""}}
12-30 10:54:52.316   398   464 I DefaultVehicleHal_v2_0: DefaultVehicleHal::onPropertyValue, value:{.timestamp = 8228138438312, .areaId = 0, .prop = 557851143, .status = AVAILABLE, .value = {.int32Values = [1]{0}, .floatValues = [0]{}, .int64Values = [0]{}, .bytes = [0]{}, .stringValue = ""}}
12-30 10:54:52.316   398   464 D DiagPropHandler: is not DiagnosticConfig: 0x21402207
12-30 10:54:52.316   398   464 I VehiclePropertyStore: begin to write value to Store: {.timestamp = 8228138438312, .areaId = 0, .prop = 557851143, .status = AVAILABLE, .value = {.int32Values = [1]{0}, .floatValues = [0]{}, .int64Values = [0]{}, .bytes = [0]{}, .stringValue = ""}}
12-30 10:54:52.317   398   464 D adayocomadapter-CommunicationManager: onUpstreamReceive mPropertyId 0x21402207
12-30 10:54:52.317   398   464 D adayocomadapter-CommunicationManager: onUpstreamReceive mPropertyId 0x2140217c
12-30 10:54:52.317   398   464 D adayocomadapter-CommunicationManager: convertBytesToInt32Memcpy  0
12-30 10:54:52.317   398   464 I vw-vhal : notifyVehicleProperty, propId = 0x2140217c, data = {status: 2, int32Values: [0]}
12-30 10:54:52.317   398   464 I vw-vhal : CanSignalsAdapter::notifyVehicleProperty: solvedValue = {.timestamp = 8228139090645, .areaId = 0, .prop = 557851004, .status = AVAILABLE, .value = {.int32Values = [1]{0}, .floatValues = [0]{}, .int64Values = [0]{}, .bytes = [0]{}, .stringValue = ""}}
12-30 10:54:52.317   398   464 I VehiclePropertyStore: begin to write value to Store: {.timestamp = 8228139090645, .areaId = 0, .prop = 557851004, .status = AVAILABLE, .value = {.int32Values = [1]{0}, .floatValues = [0]{}, .int64Values = [0]{}, .bytes = [0]{}, .stringValue = ""}}
12-30 10:54:52.317   398   464 I DefaultVehicleHal_v2_0: DefaultVehicleHal::onPropertyValue, value:{.timestamp = 8228139090645, .areaId = 0, .prop = 557851004, .status = AVAILABLE, .value = {.int32Values = [1]{0}, .floatValues = [0]{}, .int64Values = [0]{}, .bytes = [0]{}, .stringValue = ""}}
12-30 10:54:52.317   398   464 D DiagPropHandler: is not DiagnosticConfig: 0x2140217c
12-30 10:54:52.317   398   464 I VehiclePropertyStore: begin to write value to Store: {.timestamp = 8228139090645, .areaId = 0, .prop = 557851004, .status = AVAILABLE, .value = {.int32Values = [1]{0}, .floatValues = [0]{}, .int64Values = [0]{}, .bytes = [0]{}, .stringValue = ""}}
12-30 10:54:52.317   398   464 D adayocomadapter-CommunicationManager: onUpstreamReceive mPropertyId 0x2140217c
12-30 10:54:52.317   398   464 D adayocomadapter-CommunicationManager: onUpstreamReceive mPropertyId 0x2140219c
12-30 10:54:52.317   398   464 D adayocomadapter-CommunicationManager: convertBytesToInt32Memcpy  0
12-30 10:54:52.317   398   464 D adayocomadapter-CommunicationManager: writeValue id=[557851036]
12-30 10:54:52.317   398   464 D adayocomadapter-VehiclePropertyStore: writeValue id=[557851036]
12-30 10:54:52.317   398   464 I vw-vhal : notifyVehicleProperty, propId = 0x2140219c, data = {status: 2, int32Values: [0]}
12-30 10:54:52.318   398   464 I vw-vhal : CanSignalsAdapter::notifyVehicleProperty: solvedValue = {.timestamp = 8228139832978, .areaId = 0, .prop = 557851036, .status = AVAILABLE, .value = {.int32Values = [1]{0}, .floatValues = [0]{}, .int64Values = [0]{}, .bytes = [0]{}, .stringValue = ""}}
12-30 10:54:52.318   398   464 I VehiclePropertyStore: begin to write value to Store: {.timestamp = 8228139832978, .areaId = 0, .prop = 557851036, .status = AVAILABLE, .value = {.int32Values = [1]{0}, .floatValues = [0]{}, .int64Values = [0]{}, .bytes = [0]{}, .stringValue = ""}}
12-30 10:54:52.318   398   464 I DefaultVehicleHal_v2_0: DefaultVehicleHal::onPropertyValue, value:{.timestamp = 8228139832978, .areaId = 0, .prop = 557851036, .status = AVAILABLE, .value = {.int32Values = [1]{0}, .floatValues = [0]{}, .int64Values = [0]{}, .bytes = [0]{}, .stringValue = ""}}
12-30 10:54:52.318   398   464 D DiagPropHandler: is not DiagnosticConfig: 0x2140219c
12-30 10:54:52.318   398   464 I VehiclePropertyStore: begin to write value to Store: {.timestamp = 8228139832978, .areaId = 0, .prop = 557851036, .status = AVAILABLE, .value = {.int32Values = [1]{0}, .floatValues = [0]{}, .int64Values = [0]{}, .bytes = [0]{}, .stringValue = ""}}
12-30 10:54:52.318   398   464 D adayocomadapter-CommunicationManager: onUpstreamReceive mPropertyId 0x2140219c
12-30 10:54:52.318   398   464 D adayocomadapter-CommunicationManager: onUpstreamReceive mPropertyId 0x214021df
12-30 10:54:52.318   398   464 D adayocomadapter-CommunicationManager: convertBytesToInt32Memcpy  0
12-30 10:54:52.318   398   464 I vw-vhal : notifyVehicleProperty, propId = 0x214021df, data = {status: 2, int32Values: [0]}
12-30 10:54:52.318   398   464 I vw-vhal : CanSignalsAdapter::notifyVehicleProperty: solvedValue = {.timestamp = 8228140512312, .areaId = 0, .prop = 557851103, .status = AVAILABLE, .value = {.int32Values = [1]{0}, .floatValues = [0]{}, .int64Values = [0]{}, .bytes = [0]{}, .stringValue = ""}}
12-30 10:54:52.318   398   464 I VehiclePropertyStore: begin to write value to Store: {.timestamp = 8228140512312, .areaId = 0, .prop = 557851103, .status = AVAILABLE, .value = {.int32Values = [1]{0}, .floatValues = [0]{}, .int64Values = [0]{}, .bytes = [0]{}, .stringValue = ""}}
12-30 10:54:52.318   398   464 I DefaultVehicleHal_v2_0: DefaultVehicleHal::onPropertyValue, value:{.timestamp = 8228140512312, .areaId = 0, .prop = 557851103, .status = AVAILABLE, .value = {.int32Values = [1]{0}, .floatValues = [0]{}, .int64Values = [0]{}, .bytes = [0]{}, .stringValue = ""}}
12-30 10:54:52.318   398   464 D DiagPropHandler: is not DiagnosticConfig: 0x214021df
12-30 10:54:52.319   398   464 I VehiclePropertyStore: begin to write value to Store: {.timestamp = 8228140512312, .areaId = 0, .prop = 557851103, .status = AVAILABLE, .value = {.int32Values = [1]{0}, .floatValues = [0]{}, .int64Values = [0]{}, .bytes = [0]{}, .stringValue = ""}}
12-30 10:54:52.319   398   464 D adayocomadapter-CommunicationManager: onUpstreamReceive mPropertyId 0x214021df
12-30 10:54:52.321   360   931 D EvsDriver: forwardFrame
12-30 10:54:52.321   360   931 D EvsDriver: forwardFrameDirect
12-30 10:54:52.322   360   931 D EvsDriver: Delivered 0xb400e2ca9e40e110 as id 0
12-30 10:54:52.322   359  2784 D evsmanagerd: /dev/video-evs0 forwarded the buffer #0 to 0xb400f125d2b26dd0 from 0xb400f125e2b20710
12-30 10:54:52.324   360   458 D EvsDriver: doneWithFrame
12-30 10:54:52.335   596  3076 E WifiHAL : Invalid data received from driver
12-30 10:54:52.335   596  3076 E WifiHAL : Invalid data received from driver
12-30 10:54:52.335   596  3076 E WifiHAL : Invalid data received from driver
12-30 10:54:52.335   596  3076 E WifiHAL : Invalid data received from driver
12-30 10:54:52.336   596  3076 E WifiHAL : Invalid data received from driver
12-30 10:54:52.336   596  3076 E WifiHAL : Invalid data received from driver
12-30 10:54:52.336   596  3076 E WifiHAL : Invalid data received from driver
12-30 10:54:52.336   596  3076 E WifiHAL : Invalid data received from driver
12-30 10:54:52.355   360   931 D EvsDriver: forwardFrame
12-30 10:54:52.355   360   931 D EvsDriver: forwardFrameDirect
12-30 10:54:52.355   360   931 D EvsDriver: Delivered 0xb400e2ca9e40c7a0 as id 1
12-30 10:54:52.355   359  2784 D evsmanagerd: /dev/video-evs0 forwarded the buffer #1 to 0xb400f125d2b26dd0 from 0xb400f125e2b20710
12-30 10:54:52.360  2358  2623 D RcfController: Rcf proxy is not connected!
12-30 10:54:52.364   360   458 D EvsDriver: doneWithFrame
12-30 10:54:52.366   798  4927 W adbd    : timed out while waiting for FUNCTIONFS_BIND, trying again
12-30 10:54:52.366   798  4927 I adbd    : UsbFfs: connection terminated: monitor thread finished
12-30 10:54:52.366   798   798 I adbd    : UsbFfs: already offline
12-30 10:54:52.366   798   798 I adbd    : destroying transport UsbFfs
12-30 10:54:52.367   798   798 I adbd    : UsbFfsConnection being destroyed
12-30 10:54:52.388   360   931 D EvsDriver: forwardFrame
12-30 10:54:52.388   360   931 D EvsDriver: forwardFrameDirect
12-30 10:54:52.388   360   931 D EvsDriver: Delivered 0xb400e2ca9e40e270 as id 0
12-30 10:54:52.388   359  2784 D evsmanagerd: /dev/video-evs0 forwarded the buffer #0 to 0xb400f125d2b26dd0 from 0xb400f125e2b20710
12-30 10:54:52.395   360   458 D EvsDriver: doneWithFrame
12-30 10:54:52.405   596  3076 E WifiHAL : Invalid data received from driver
12-30 10:54:52.411  2358  2623 D RcfController: Rcf proxy is not connected!
12-30 10:54:52.414   798   838 I adbd    : opening control endpoint /dev/usb-ffs/adb/ep0
12-30 10:54:52.414   650   729 D fgemcucomm: sd Uart data : 6AA60200D00002920298
12-30 10:54:52.415   650   729 D fgemcucomm: rev uart=67995,len=48, data : 6AA68100D000289202001B4A503130333531353242204A5031303335313532422041303100000000000000000000007C
12-30 10:54:52.415   398   882 D adayocomadapter-ParseProtocolFunc: printRaWMsg Name[MCUToUPstream recv] len[40] data[9202001B4A503130333531353242204A503130333531353242204130310000000000000000000000]
12-30 10:54:52.415   398   882 D adayocomadapter-CommunicationManager: onUpstreamback   member[0] dataLength[37] timePoint[8228237]
12-30 10:54:52.415   398   882 D adayocomadapter-ParseProtocolFunc: printRaWMsg Name[onUpstreamback] len[37] data[1B4A503130333531353242204A503130333531353242204130310000000000000000000000]
12-30 10:54:52.415   398   464 D adayocomadapter-UpstreamHandler: processBeforePacket upSreamtProcessTimePoint[8228237] 
12-30 10:54:52.415   398   464 D adayocomadapter-UpstreamHandler: processPacket UPSTREAM_QUEUE_DATA_TIMEOUT
12-30 10:54:52.415   398   464 D adayocomadapter-ParseProtocolFunc: parseCommonIPCLBytes Processing tableNumber[27]
12-30 10:54:52.415   398   464 D adayocomadapter-ParseProtocolFunc: parseCommonIPCLBytes Processing tablename[Table-27] tableSize[37]
12-30 10:54:52.415   398   464 D adayocomadapter-ParseProtocolFunc: printRaWMsg Name[byteStream recv] len[37] data[1B4A503130333531353242204A503130333531353242204130310000000000000000000000]
12-30 10:54:52.416   398   464 D adayocomadapter-ParseProtocolFunc: printRaWMsg Name[IPCLtoVHAL] len[16] data[21414157014A50313033353135324220]
12-30 10:54:52.416   798   838 I adbd    : UsbFfsConnection constructed
12-30 10:54:52.416   398   464 D adayocomadapter-ParseProtocolFunc: printRaWMsg Name[IPCLtoVHAL] len[16] data[21414158014A50313033353135324220]
12-30 10:54:52.416   398   464 D adayocomadapter-ParseProtocolFunc: printRaWMsg Name[IPCLtoVHAL] len[8] data[2141415901413031]
12-30 10:54:52.416   398   464 D adayocomadapter-ParseProtocolFunc: printRaWMsg Name[IPCLtoVHAL] len[16] data[2141415A010000000000000000000000]
12-30 10:54:52.416   398   464 D adayocomadapter-CommunicationManager: onUpstreamReceive mPropertyId 0x21414157
12-30 10:54:52.416   398   464 D adayocomadapter-CommunicationManager: writeValue id=[557924695]
12-30 10:54:52.416   398   464 D adayocomadapter-VehiclePropertyStore: writeValue id=[557924695]
12-30 10:54:52.416   398   464 I vw-vhal : notifyVehicleProperty, propId = 0x21414157, data = {status: 2, int32Values: [74, 80, 49, 48, 51, 53, 49, 53, 50, 66, 32]}
12-30 10:54:52.416   398   464 I vw-vhal : CanSignalsAdapter::notifyDiagProperty: propId = 0x21414157, data = {status: 2, int32Values: [74, 80, 49, 48, 51, 53, 49, 53, 50, 66, 32]}
12-30 10:54:52.416   398   464 I vw-vhal : CanSignalsAdapter::notifyVehicleProperty: solvedValue = {.timestamp = 8228238541645, .areaId = 0, .prop = 557924695, .status = AVAILABLE, .value = {.int32Values = [11]{74, 80, 49, 48, 51, 53, 49, 53, 50, 66, 32}, .floatValues = [0]{}, .int64Values = [0]{}, .bytes = [0]{}, .stringValue = ""}}
12-30 10:54:52.416   398   464 I VehiclePropertyStore: begin to write value to Store: {.timestamp = 8228238541645, .areaId = 0, .prop = 557924695, .status = AVAILABLE, .value = {.int32Values = [11]{74, 80, 49, 48, 51, 53, 49, 53, 50, 66, 32}, .floatValues = [0]{}, .int64Values = [0]{}, .bytes = [0]{}, .stringValue = ""}}
12-30 10:54:52.417   398   464 I DefaultVehicleHal_v2_0: DefaultVehicleHal::onPropertyValue, value:{.timestamp = 8228238541645, .areaId = 0, .prop = 557924695, .status = AVAILABLE, .value = {.int32Values = [11]{74, 80, 49, 48, 51, 53, 49, 53, 50, 66, 32}, .floatValues = [0]{}, .int64Values = [0]{}, .bytes = [0]{}, .stringValue = ""}}
12-30 10:54:52.417   398   464 D DiagPropHandler: isDiagnosticConfig: 0x21414157
12-30 10:54:52.417   398   464 D DefaultVehicleHal_v2_0: onPropertyValue: Diagnostic config property: 0x21414157
12-30 10:54:52.417   798  4950 I adbd    : UsbFfs-monitor thread spawned
12-30 10:54:52.417   398   464 D DiagPropHandler: Processing request for prop: 0x21414157
12-30 10:54:52.417   398   464 D DiagPropHandler: String length: 11, size = 11
12-30 10:54:52.417   682   682 I vendor.fawvw.hardware.persistenceservice: [193][persistence_client_library_prct_access::get_db_context] key VW_Spare_Part_Number is not in RCT,will be stored in cached
01-01 10:17:09.424   838   838 I         : read descriptors
12-30 10:54:52.418   682   682 I vendor.fawvw.hardware.persistenceservice: [39][PersistenceService::setValue]Receive aidl setValue:key is VW_Spare_Part_Number,value is JP1035152B ,serviceid is 2
12-30 10:54:52.418   398   464 D DiagPropHandler: Successfully set property [VW_Spare_Part_Number] = JP1035152B 
12-30 10:54:52.419   398   464 I VehiclePropertyStore: begin to write value to Store: {.timestamp = 8228238541645, .areaId = 0, .prop = 557924695, .status = AVAILABLE, .value = {.int32Values = [11]{74, 80, 49, 48, 51, 53, 49, 53, 50, 66, 32}, .floatValues = [0]{}, .int64Values = [0]{}, .bytes = [0]{}, .stringValue = ""}}
12-30 10:54:52.419   398   464 D adayocomadapter-CommunicationManager: onUpstreamReceive mPropertyId 0x21414157
12-30 10:54:52.419   398   464 D adayocomadapter-CommunicationManager: onUpstreamReceive mPropertyId 0x21414158
12-30 10:54:52.419   398   464 D adayocomadapter-CommunicationManager: writeValue id=[557924696]
12-30 10:54:52.419   398   464 D adayocomadapter-VehiclePropertyStore: writeValue id=[557924696]
12-30 10:54:52.419   398   464 I vw-vhal : notifyVehicleProperty, propId = 0x21414158, data = {status: 2, int32Values: [74, 80, 49, 48, 51, 53, 49, 53, 50, 66, 32]}
12-30 10:54:52.419   398   464 I vw-vhal : CanSignalsAdapter::notifyDiagProperty: propId = 0x21414158, data = {status: 2, int32Values: [74, 80, 49, 48, 51, 53, 49, 53, 50, 66, 32]}
12-30 10:54:52.419   398   464 I vw-vhal : CanSignalsAdapter::notifyVehicleProperty: solvedValue = {.timestamp = 8228241593978, .areaId = 0, .prop = 557924696, .status = AVAILABLE, .value = {.int32Values = [11]{74, 80, 49, 48, 51, 53, 49, 53, 50, 66, 32}, .floatValues = [0]{}, .int64Values = [0]{}, .bytes = [0]{}, .stringValue = ""}}
12-30 10:54:52.419   398   464 I VehiclePropertyStore: begin to write value to Store: {.timestamp = 8228241593978, .areaId = 0, .prop = 557924696, .status = AVAILABLE, .value = {.int32Values = [11]{74, 80, 49, 48, 51, 53, 49, 53, 50, 66, 32}, .floatValues = [0]{}, .int64Values = [0]{}, .bytes = [0]{}, .stringValue = ""}}
12-30 10:54:52.420   398   464 I DefaultVehicleHal_v2_0: DefaultVehicleHal::onPropertyValue, value:{.timestamp = 8228241593978, .areaId = 0, .prop = 557924696, .status = AVAILABLE, .value = {.int32Values = [11]{74, 80, 49, 48, 51, 53, 49, 53, 50, 66, 32}, .floatValues = [0]{}, .int64Values = [0]{}, .bytes = [0]{}, .stringValue = ""}}
12-30 10:54:52.420   398   464 D DiagPropHandler: is not DiagnosticConfig: 0x21414158
12-30 10:54:52.420   398   464 I VehiclePropertyStore: begin to write value to Store: {.timestamp = 8228241593978, .areaId = 0, .prop = 557924696, .status = AVAILABLE, .value = {.int32Values = [11]{74, 80, 49, 48, 51, 53, 49, 53, 50, 66, 32}, .floatValues = [0]{}, .int64Values = [0]{}, .bytes = [0]{}, .stringValue = ""}}
12-30 10:54:52.420   398   464 D adayocomadapter-CommunicationManager: onUpstreamReceive mPropertyId 0x21414158
12-30 10:54:52.420   398   464 D adayocomadapter-CommunicationManager: onUpstreamReceive mPropertyId 0x21414159
12-30 10:54:52.420   398   464 D adayocomadapter-CommunicationManager: writeValue id=[557924697]
12-30 10:54:52.420   398   464 D adayocomadapter-VehiclePropertyStore: writeValue id=[557924697]
12-30 10:54:52.420   398   464 I vw-vhal : notifyVehicleProperty, propId = 0x21414159, data = {status: 2, int32Values: [65, 48, 49]}
12-30 10:54:52.420   398   464 I vw-vhal : CanSignalsAdapter::notifyDiagProperty: propId = 0x21414159, data = {status: 2, int32Values: [65, 48, 49]}
12-30 10:54:52.420   398   464 I vw-vhal : CanSignalsAdapter::notifyVehicleProperty: solvedValue = {.timestamp = 8228242472312, .areaId = 0, .prop = 557924697, .status = AVAILABLE, .value = {.int32Values = [3]{65, 48, 49}, .floatValues = [0]{}, .int64Values = [0]{}, .bytes = [0]{}, .stringValue = ""}}
12-30 10:54:52.420   398   464 I VehiclePropertyStore: begin to write value to Store: {.timestamp = 8228242472312, .areaId = 0, .prop = 557924697, .status = AVAILABLE, .value = {.int32Values = [3]{65, 48, 49}, .floatValues = [0]{}, .int64Values = [0]{}, .bytes = [0]{}, .stringValue = ""}}
12-30 10:54:52.420   398   464 I DefaultVehicleHal_v2_0: DefaultVehicleHal::onPropertyValue, value:{.timestamp = 8228242472312, .areaId = 0, .prop = 557924697, .status = AVAILABLE, .value = {.int32Values = [3]{65, 48, 49}, .floatValues = [0]{}, .int64Values = [0]{}, .bytes = [0]{}, .stringValue = ""}}
12-30 10:54:52.420   398   464 D DiagPropHandler: is not DiagnosticConfig: 0x21414159
12-30 10:54:52.420   398   464 I VehiclePropertyStore: begin to write value to Store: {.timestamp = 8228242472312, .areaId = 0, .prop = 557924697, .status = AVAILABLE, .value = {.int32Values = [3]{65, 48, 49}, .floatValues = [0]{}, .int64Values = [0]{}, .bytes = [0]{}, .stringValue = ""}}
12-30 10:54:52.421   398   464 D adayocomadapter-CommunicationManager: onUpstreamReceive mPropertyId 0x21414159
12-30 10:54:52.421   398   464 D adayocomadapter-CommunicationManager: onUpstreamReceive mPropertyId 0x2141415a
12-30 10:54:52.421   398   464 D adayocomadapter-CommunicationManager: writeValue id=[557924698]
12-30 10:54:52.421   398   464 D adayocomadapter-VehiclePropertyStore: writeValue id=[557924698]
12-30 10:54:52.421   398   464 I vw-vhal : notifyVehicleProperty, propId = 0x2141415a, data = {status: 2, int32Values: [0, 0, 0, 0, 0, 0, 0, 0, 0, 0, 0]}
12-30 10:54:52.421   398   464 I vw-vhal : CanSignalsAdapter::notifyDiagProperty: propId = 0x2141415a, data = {status: 2, int32Values: [0, 0, 0, 0, 0, 0, 0, 0, 0, 0, 0]}
12-30 10:54:52.421   398   464 I vw-vhal : CanSignalsAdapter::notifyVehicleProperty: solvedValue = {.timestamp = 8228243302978, .areaId = 0, .prop = 557924698, .status = AVAILABLE, .value = {.int32Values = [11]{0, 0, 0, 0, 0, 0, 0, 0, 0, 0, 0}, .floatValues = [0]{}, .int64Values = [0]{}, .bytes = [0]{}, .stringValue = ""}}
12-30 10:54:52.421   398   464 I VehiclePropertyStore: begin to write value to Store: {.timestamp = 8228243302978, .areaId = 0, .prop = 557924698, .status = AVAILABLE, .value = {.int32Values = [11]{0, 0, 0, 0, 0, 0, 0, 0, 0, 0, 0}, .floatValues = [0]{}, .int64Values = [0]{}, .bytes = [0]{}, .stringValue = ""}}
12-30 10:54:52.421   360   931 D EvsDriver: forwardFrame
12-30 10:54:52.421   398   464 I DefaultVehicleHal_v2_0: DefaultVehicleHal::onPropertyValue, value:{.timestamp = 8228243302978, .areaId = 0, .prop = 557924698, .status = AVAILABLE, .value = {.int32Values = [11]{0, 0, 0, 0, 0, 0, 0, 0, 0, 0, 0}, .floatValues = [0]{}, .int64Values = [0]{}, .bytes = [0]{}, .stringValue = ""}}
12-30 10:54:52.421   398   464 D DiagPropHandler: is not DiagnosticConfig: 0x2141415a
12-30 10:54:52.421   360   931 D EvsDriver: forwardFrameDirect
12-30 10:54:52.421   398   464 I VehiclePropertyStore: begin to write value to Store: {.timestamp = 8228243302978, .areaId = 0, .prop = 557924698, .status = AVAILABLE, .value = {.int32Values = [11]{0, 0, 0, 0, 0, 0, 0, 0, 0, 0, 0}, .floatValues = [0]{}, .int64Values = [0]{}, .bytes = [0]{}, .stringValue = ""}}
12-30 10:54:52.422   398   464 D adayocomadapter-CommunicationManager: onUpstreamReceive mPropertyId 0x2141415a
12-30 10:54:52.422   360   931 D EvsDriver: Delivered 0xb400e2ca9e40d4b0 as id 1
12-30 10:54:52.422   359  2784 D evsmanagerd: /dev/video-evs0 forwarded the buffer #1 to 0xb400f125d2b26dd0 from 0xb400f125e2b20710
12-30 10:54:52.424  1582  3078 I c       : checkService in back thread add: adayo.upgrade.v2.0
12-30 10:54:52.425  1582  3078 E upgradeApp_251223_V1  l: d(null:11)pre->c(null:23)-> serviceBinder is null
12-30 10:54:52.425  1582  3078 W c       : doBindService in back thread fail: adayo.upgrade.v2.0
12-30 10:54:52.425   360   458 D EvsDriver: doneWithFrame
12-30 10:54:52.450   650   730 D fgemcucomm: sd Uart data : 6AA60018DC0002060103
12-30 10:54:52.455   360   931 I EvsDriver: /dev/video-evs0 VideoCapture fps 29.9995
12-30 10:54:52.455   360   931 D EvsDriver: forwardFrame
12-30 10:54:52.455   360   931 D EvsDriver: forwardFrameDirect
12-30 10:54:52.455   360   931 D EvsDriver: Delivered 0xb400e2ca9e40c2d0 as id 0
12-30 10:54:52.455   359  2784 D evsmanagerd: /dev/video-evs0 forwarded the buffer #0 to 0xb400f125d2b26dd0 from 0xb400f125e2b20710
12-30 10:54:52.461  2358  2623 D RcfController: Rcf proxy is not connected!
12-30 10:54:52.466   360   458 D EvsDriver: doneWithFrame
12-30 10:54:52.488   360   931 D EvsDriver: forwardFrame
12-30 10:54:52.488   360   931 D EvsDriver: forwardFrameDirect
12-30 10:54:52.488   360   931 D EvsDriver: Delivered 0xb400e2ca9e40d090 as id 1
12-30 10:54:52.488   359  2784 D evsmanagerd: /dev/video-evs0 forwarded the buffer #1 to 0xb400f125d2b26dd0 from 0xb400f125e2b20710
12-30 10:54:52.496   360   458 D EvsDriver: doneWithFrame
12-30 10:54:52.507   596  3076 E WifiHAL : Invalid data received from driver
12-30 10:54:52.511  2358  2623 D RcfController: Rcf proxy is not connected!
12-30 10:54:52.521   360   931 D EvsDriver: forwardFrame
12-30 10:54:52.521   360   931 D EvsDriver: forwardFrameDirect
12-30 10:54:52.522   360   931 D EvsDriver: Delivered 0xb400e2ca9e40e110 as id 0
12-30 10:54:52.522   359  2784 D evsmanagerd: /dev/video-evs0 forwarded the buffer #0 to 0xb400f125d2b26dd0 from 0xb400f125e2b20710
12-30 10:54:52.526   360   458 D EvsDriver: doneWithFrame
12-30 10:54:52.540   699   699 I auditd  : type=1400 audit(0.0:920929): avc:  denied  { read } for  comm="name_server" laddr=172.20.2.35 lport=34880 faddr=172.20.2.36 fport=60000 scontext=u:r:name_server:s0 tcontext=u:r:name_server:s0 tclass=tcp_socket permissive=1
12-30 10:54:52.540   699   699 I name_server: type=1400 audit(0.0:920929): avc:  denied  { read } for  laddr=172.20.2.35 lport=34880 faddr=172.20.2.36 fport=60000 scontext=u:r:name_server:s0 tcontext=u:r:name_server:s0 tclass=tcp_socket permissive=1
12-30 10:54:52.540   699   699 I auditd  : type=1400 audit(0.0:920930): avc:  denied  { write } for  comm="name_server" laddr=172.20.2.35 lport=34880 faddr=172.20.2.36 fport=60000 scontext=u:r:name_server:s0 tcontext=u:r:name_server:s0 tclass=tcp_socket permissive=1
12-30 10:54:52.540   699   699 I name_server: type=1400 audit(0.0:920930): avc:  denied  { write } for  laddr=172.20.2.35 lport=34880 faddr=172.20.2.36 fport=60000 scontext=u:r:name_server:s0 tcontext=u:r:name_server:s0 tclass=tcp_socket permissive=1
12-30 10:54:52.555   360   931 D EvsDriver: forwardFrame
12-30 10:54:52.555   360   931 D EvsDriver: forwardFrameDirect
12-30 10:54:52.555   360   931 D EvsDriver: Delivered 0xb400e2ca9e40c7a0 as id 1
12-30 10:54:52.555   359  2784 D evsmanagerd: /dev/video-evs0 forwarded the buffer #1 to 0xb400f125d2b26dd0 from 0xb400f125e2b20710
12-30 10:54:52.557   360   458 D EvsDriver: doneWithFrame
12-30 10:54:52.561  2358  2623 D RcfController: Rcf proxy is not connected!
12-30 10:54:52.588   360   931 D EvsDriver: forwardFrame
12-30 10:54:52.588   360   931 D EvsDriver: forwardFrameDirect
12-30 10:54:52.588   360   931 D EvsDriver: Delivered 0xb400e2ca9e40e270 as id 0
12-30 10:54:52.588   359  2784 D evsmanagerd: /dev/video-evs0 forwarded the buffer #0 to 0xb400f125d2b26dd0 from 0xb400f125e2b20710
12-30 10:54:52.593   596  3076 E WifiHAL : Invalid data received from driver
12-30 10:54:52.597   360   458 D EvsDriver: doneWithFrame
12-30 10:54:52.612  2358  2623 D RcfController: Rcf proxy is not connected!
12-30 10:54:52.621   360   931 D EvsDriver: forwardFrame
12-30 10:54:52.621   360   931 D EvsDriver: forwardFrameDirect
12-30 10:54:52.622   360   931 D EvsDriver: Delivered 0xb400e2ca9e40d4b0 as id 1
12-30 10:54:52.622   359  2784 D evsmanagerd: /dev/video-evs0 forwarded the buffer #1 to 0xb400f125d2b26dd0 from 0xb400f125e2b20710
12-30 10:54:52.628   360   458 D EvsDriver: doneWithFrame
12-30 10:54:52.642   596  3076 E WifiHAL : Invalid data received from driver
12-30 10:54:52.655   360   931 D EvsDriver: forwardFrame
12-30 10:54:52.655   360   931 D EvsDriver: forwardFrameDirect
12-30 10:54:52.655   360   931 D EvsDriver: Delivered 0xb400e2ca9e40c2d0 as id 0
12-30 10:54:52.655   359  2784 D evsmanagerd: /dev/video-evs0 forwarded the buffer #0 to 0xb400f125d2b26dd0 from 0xb400f125e2b20710
12-30 10:54:52.658   360   458 D EvsDriver: doneWithFrame
12-30 10:54:52.662  2358  2623 D RcfController: Rcf proxy is not connected!
12-30 10:54:52.673  3066  3066 D hostapd : nl80211: BSS Event 59 (NL80211_CMD_FRAME) received for wlan1
12-30 10:54:52.673  3066  3066 D hostapd : nl80211: RX frame da=12:01:ad:51:45:6f sa=00:82:76:bf:40:50 bssid=12:01:ad:51:45:6f freq=5745 ssi_signal=-8600 fc=0xd0 seq_ctrl=0xe0 stype=13 (WLAN_FC_STYPE_ACTION) len=47
12-30 10:54:52.673  3066  3066 D hostapd : wlan1: Event RX_MGMT (18) received
12-30 10:54:52.674  3066  3066 D hostapd : Receive wpa msg : Event RX_MGMT (18) received
12-30 10:54:52.674  3066  3066 D hostapd : mgmt::action
12-30 10:54:52.674  3066  3066 D hostapd : RX_ACTION category 4 action 10 sa 00:82:76:bf:40:50 da 12:01:ad:51:45:6f len 47 freq 5745
12-30 10:54:52.674  3066  3066 D hostapd : wlan1: GAS: GAS Initial Request from 00:82:76:bf:40:50 (dialog token 13) 
12-30 10:54:52.674  3066  3066 D hostapd : Receive wpa msg : GAS: GAS Initial Request from 00:82:76:bf:40:50 (dialog token 13) 
12-30 10:54:52.674  3066  3066 D hostapd : ANQP: 5 Info IDs requested in Query list
12-30 10:54:52.674  3066  3066 D hostapd : ANQP: Venue Name not available
12-30 10:54:52.674  3066  3066 D hostapd : ANQP: IP Addr Type Availability not available
12-30 10:54:52.674  3066  3066 D hostapd : ANQP: NAI Realm not available
12-30 10:54:52.674  3066  3066 D hostapd : ANQP: 3GPP Cellular Network not available
12-30 10:54:52.674  3066  3066 D hostapd : ANQP: Domain Name not available
12-30 10:54:52.674  3066  3066 D hostapd : ANQP: Initial response (no comeback)
12-30 10:54:52.674  3066  3066 D hostapd : nl80211: Send Action frame (ifindex=58, freq=5745 MHz wait=0 ms no_cck=0 offchanok=0)
12-30 10:54:52.674  3066  3066 D hostapd : nl80211: send_mlme - da=00:82:76:bf:40:50 noack=0 freq=5745 no_cck=0 offchanok=0 wait_time=0 no_encrypt=0 fc=0xd0 (WLAN_FC_STYPE_ACTION) nlmode=3
12-30 10:54:52.674  3066  3066 D hostapd : nl80211: send_mlme -> send_frame_cmd
12-30 10:54:52.675   596  3076 E WifiHAL : Invalid data received from driver
12-30 10:54:52.675  3066  3066 D hostapd : nl80211: Drv Event 60 (NL80211_CMD_FRAME_TX_STATUS) received for wlan1
12-30 10:54:52.675  3066  3066 D hostapd : nl80211: Frame TX status event A1=00:82:76:bf:40:50 stype=13 cookie=0x100 ack=0
12-30 10:54:52.675  3066  3066 D hostapd : wlan1: Event TX_STATUS (16) received
12-30 10:54:52.675  3066  3066 D hostapd : Receive wpa msg : Event TX_STATUS (16) received
12-30 10:54:52.675  3066  3066 D hostapd : mgmt::action cb ok=0
12-30 10:54:52.675  3066  3066 D hostapd : handle_action_cb: STA 00:82:76:bf:40:50 not found
12-30 10:54:52.688   360   931 D EvsDriver: forwardFrame
12-30 10:54:52.688   360   931 D EvsDriver: forwardFrameDirect
12-30 10:54:52.688   360   931 D EvsDriver: Delivered 0xb400e2ca9e40d090 as id 1
12-30 10:54:52.688   359  2784 D evsmanagerd: /dev/video-evs0 forwarded the buffer #1 to 0xb400f125d2b26dd0 from 0xb400f125e2b20710
12-30 10:54:52.699   360   458 D EvsDriver: doneWithFrame
12-30 10:54:52.707   596  3076 E WifiHAL : Invalid data received from driver
12-30 10:54:52.712  2358  2623 D RcfController: Rcf proxy is not connected!
12-30 10:54:52.721   360   931 D EvsDriver: forwardFrame
12-30 10:54:52.721   360   931 D EvsDriver: forwardFrameDirect
12-30 10:54:52.722   360   931 D EvsDriver: Delivered 0xb400e2ca9e40e110 as id 0
12-30 10:54:52.722   359  2784 D evsmanagerd: /dev/video-evs0 forwarded the buffer #0 to 0xb400f125d2b26dd0 from 0xb400f125e2b20710
12-30 10:54:52.729   360   458 D EvsDriver: doneWithFrame
12-30 10:54:52.755   596  3076 E WifiHAL : Invalid data received from driver
12-30 10:54:52.755   360   931 D EvsDriver: forwardFrame
12-30 10:54:52.755   360   931 D EvsDriver: forwardFrameDirect
12-30 10:54:52.755   360   931 D EvsDriver: Delivered 0xb400e2ca9e40c7a0 as id 1
12-30 10:54:52.755   359  2784 D evsmanagerd: /dev/video-evs0 forwarded the buffer #1 to 0xb400f125d2b26dd0 from 0xb400f125e2b20710
12-30 10:54:52.759   360   458 D EvsDriver: doneWithFrame
12-30 10:54:52.763  2358  2623 D RcfController: Rcf proxy is not connected!
12-30 10:54:52.788   360   931 D EvsDriver: forwardFrame
12-30 10:54:52.788   360   931 D EvsDriver: forwardFrameDirect
12-30 10:54:52.788   360   931 D EvsDriver: Delivered 0xb400e2ca9e40e270 as id 0
12-30 10:54:52.788   359  2784 D evsmanagerd: /dev/video-evs0 forwarded the buffer #0 to 0xb400f125d2b26dd0 from 0xb400f125e2b20710
12-30 10:54:52.790   360   458 D EvsDriver: doneWithFrame
12-30 10:54:52.797  1667  2513 W ContextImpl: Calling a method in the system process without a qualified user: android.app.ContextImpl.bindService:1988 android.content.ContextWrapper.bindService:861 com.ford.sync.fnvservice.analytics.AnalyticsManager$RetryHandler.a:126 com.ford.sync.fnvservice.analytics.AnalyticsManager$RetryHandler.handleMessage:103 android.os.Handler.dispatchMessage:106 
12-30 10:54:52.797   916  1492 W ActivityManager: Unable to start service Intent { cmp=com.ford.sync.fnvservice/.analytics.AnalyticsService } U=0: not found
12-30 10:54:52.798  1667  2513 W AnalyticsManager:  bind ford Analytics failed -> sendRetryMessage 
12-30 10:54:52.813  2358  2623 D RcfController: Rcf proxy is not connected!
12-30 10:54:52.821   360   931 D EvsDriver: forwardFrame
12-30 10:54:52.821   360   931 D EvsDriver: forwardFrameDirect
12-30 10:54:52.822   360   931 D EvsDriver: Delivered 0xb400e2ca9e40d4b0 as id 1
12-30 10:54:52.822   359  2784 D evsmanagerd: /dev/video-evs0 forwarded the buffer #1 to 0xb400f125d2b26dd0 from 0xb400f125e2b20710
12-30 10:54:52.830   360   458 D EvsDriver: doneWithFrame
12-30 10:54:52.836   596  3076 E WifiHAL : Invalid data received from driver
12-30 10:54:52.849  2475  2681 I TtsServiceAgent: check thread start checking, threadId = 29
12-30 10:54:52.850  2475  2681 D TtsServiceAgent: start bind service...
12-30 10:54:52.850  2475  2681 D TtsServiceAgent: ----->initService, usage = 16
12-30 10:54:52.850  2475  2681 W ContextImpl: Calling a method in the system process without a qualified user: android.app.ContextImpl.bindService:1988 android.content.ContextWrapper.bindService:861 com.iflytek.autofly.ttsaidl.ttsproxy.TtsServiceAgent.initService:189 com.iflytek.autofly.ttsaidl.ttsproxy.TtsServiceAgent.initService:133 com.iflytek.autofly.ttsaidl.ttsproxy.TtsServiceAgent$2.run:517 
12-30 10:54:52.851   916  1492 W ActivityManager: Unable to start service Intent { act=com.iflytek.autofly.tts.ttsservice.TtsAdapterService cmp=com.iflytek.cutefly.speechclient.hmi/com.iflytek.autofly.tts.ttsservice.TtsAdapterService } U=0: not found
12-30 10:54:52.851  2475  2681 D TtsServiceAgent: bindService: false
12-30 10:54:52.851  2475  2681 D TtsServiceAgent: start reInitService
12-30 10:54:52.851  2475  2681 D TtsServiceAgent: aidlCheckThreadRunning = true
12-30 10:54:52.851  2475  2681 D TtsServiceAgent: ----->check connection status in 1000s...
12-30 10:54:52.855   360   931 D EvsDriver: forwardFrame
12-30 10:54:52.855   360   931 D EvsDriver: forwardFrameDirect
12-30 10:54:52.855   360   931 D EvsDriver: Delivered 0xb400e2ca9e40c2d0 as id 0
12-30 10:54:52.855   359  2784 D evsmanagerd: /dev/video-evs0 forwarded the buffer #0 to 0xb400f125d2b26dd0 from 0xb400f125e2b20710
12-30 10:54:52.861   360   458 D EvsDriver: doneWithFrame
12-30 10:54:52.863  2358  2623 D RcfController: Rcf proxy is not connected!
12-30 10:54:52.888   360   931 D EvsDriver: forwardFrame
12-30 10:54:52.888   360   931 D EvsDriver: forwardFrameDirect
12-30 10:54:52.888   360   931 D EvsDriver: Delivered 0xb400e2ca9e40d090 as id 1
12-30 10:54:52.888   359  2784 D evsmanagerd: /dev/video-evs0 forwarded the buffer #1 to 0xb400f125d2b26dd0 from 0xb400f125e2b20710
12-30 10:54:52.891   360   458 D EvsDriver: doneWithFrame
12-30 10:54:52.913  2358  2623 D RcfController: Rcf proxy is not connected!
12-30 10:54:52.916   596  3076 E WifiHAL : Invalid data received from driver
12-30 10:54:52.921   360   931 D EvsDriver: forwardFrame
12-30 10:54:52.921   360   931 D EvsDriver: forwardFrameDirect
12-30 10:54:52.922   360   931 D EvsDriver: Delivered 0xb400e2ca9e40e110 as id 0
12-30 10:54:52.922   359  2784 D evsmanagerd: /dev/video-evs0 forwarded the buffer #0 to 0xb400f125d2b26dd0 from 0xb400f125e2b20710
12-30 10:54:52.931   360   458 D EvsDriver: doneWithFrame
12-30 10:54:52.955   360   931 D EvsDriver: forwardFrame
12-30 10:54:52.955   360   931 D EvsDriver: forwardFrameDirect
12-30 10:54:52.955   360   931 D EvsDriver: Delivered 0xb400e2ca9e40c7a0 as id 1
12-30 10:54:52.955   359  2784 D evsmanagerd: /dev/video-evs0 forwarded the buffer #1 to 0xb400f125d2b26dd0 from 0xb400f125e2b20710
12-30 10:54:52.962   360   458 D EvsDriver: doneWithFrame
12-30 10:54:52.964  2358  2623 D RcfController: Rcf proxy is not connected!
12-30 10:54:52.988   360   931 D EvsDriver: forwardFrame
12-30 10:54:52.988   360   931 D EvsDriver: forwardFrameDirect
12-30 10:54:52.988   360   931 D EvsDriver: Delivered 0xb400e2ca9e40e270 as id 0
12-30 10:54:52.988   359  2784 D evsmanagerd: /dev/video-evs0 forwarded the buffer #0 to 0xb400f125d2b26dd0 from 0xb400f125e2b20710
12-30 10:54:52.992   360   458 D EvsDriver: doneWithFrame
12-30 10:54:53.003   596  3076 E WifiHAL : Invalid data received from driver
12-30 10:54:53.014  2358  2623 D RcfController: Rcf proxy is not connected!
12-30 10:54:53.021   360   931 D EvsDriver: forwardFrame
12-30 10:54:53.021   360   931 D EvsDriver: forwardFrameDirect
12-30 10:54:53.022   360   931 D EvsDriver: Delivered 0xb400e2ca9e40d4b0 as id 1
12-30 10:54:53.022   359  2784 D evsmanagerd: /dev/video-evs0 forwarded the buffer #1 to 0xb400f125d2b26dd0 from 0xb400f125e2b20710
12-30 10:54:53.033   360   458 D EvsDriver: doneWithFrame
12-30 10:54:53.055   360   931 D EvsDriver: forwardFrame
12-30 10:54:53.055   360   931 D EvsDriver: forwardFrameDirect
12-30 10:54:53.055   360   931 D EvsDriver: Delivered 0xb400e2ca9e40c2d0 as id 0
12-30 10:54:53.055   359  2784 D evsmanagerd: /dev/video-evs0 forwarded the buffer #0 to 0xb400f125d2b26dd0 from 0xb400f125e2b20710
12-30 10:54:53.063   360   458 D EvsDriver: doneWithFrame
12-30 10:54:53.064  2358  2623 D RcfController: Rcf proxy is not connected!
12-30 10:54:53.072  1667  2407 I media_message_log->MediaMessageProxy: (SourceFile:1)b connectToService action bind
