12-30 10:54:55.521   398   464 I VehiclePropertyStore: begin to write value to Store: {.timestamp = 8231342769645, .areaId = 0, .prop = 557851049, .status = AVAILABLE, .value = {.int32Values = [1]{0}, .floatValues = [0]{}, .int64Values = [0]{}, .bytes = [0]{}, .stringValue = ""}}
12-30 10:54:55.521   398   464 D adayocomadapter-CommunicationManager: onUpstreamReceive mPropertyId 0x214021a9
12-30 10:54:55.521   398   464 D adayocomadapter-CommunicationManager: onUpstreamReceive mPropertyId 0x214021aa
12-30 10:54:55.521   398   464 D adayocomadapter-CommunicationManager: convertBytesToInt32Memcpy  0
12-30 10:54:55.521   398   464 I vw-vhal : notifyVehicleProperty, propId = 0x214021aa, data = {status: 2, int32Values: [0]}
12-30 10:54:55.521   398   464 I vw-vhal : CanSignalsAdapter::notifyVehicleProperty: solvedValue = {.timestamp = 8231343427645, .areaId = 0, .prop = 557851050, .status = AVAILABLE, .value = {.int32Values = [1]{0}, .floatValues = [0]{}, .int64Values = [0]{}, .bytes = [0]{}, .stringValue = ""}}
12-30 10:54:55.521   398   464 I VehiclePropertyStore: begin to write value to Store: {.timestamp = 8231343427645, .areaId = 0, .prop = 557851050, .status = AVAILABLE, .value = {.int32Values = [1]{0}, .floatValues = [0]{}, .int64Values = [0]{}, .bytes = [0]{}, .stringValue = ""}}
12-30 10:54:55.521   398   464 I DefaultVehicleHal_v2_0: DefaultVehicleHal::onPropertyValue, value:{.timestamp = 8231343427645, .areaId = 0, .prop = 557851050, .status = AVAILABLE, .value = {.int32Values = [1]{0}, .floatValues = [0]{}, .int64Values = [0]{}, .bytes = [0]{}, .stringValue = ""}}
12-30 10:54:55.521   360   931 I EvsDriver: /dev/video-evs0 VideoCapture fps 30.0006
12-30 10:54:55.521   398   464 D DiagPropHandler: is not DiagnosticConfig: 0x214021aa
12-30 10:54:55.521   360   931 D EvsDriver: forwardFrame
12-30 10:54:55.521   650   729 D fgemcucomm: sd Uart data : 6AA60200E60002920282
12-30 10:54:55.521   398   464 I VehiclePropertyStore: begin to write value to Store: {.timestamp = 8231343427645, .areaId = 0, .prop = 557851050, .status = AVAILABLE, .value = {.int32Values = [1]{0}, .floatValues = [0]{}, .int64Values = [0]{}, .bytes = [0]{}, .stringValue = ""}}
12-30 10:54:55.521   360   931 D EvsDriver: forwardFrameDirect
12-30 10:54:55.521   398   464 D adayocomadapter-CommunicationManager: onUpstreamReceive mPropertyId 0x214021aa
12-30 10:54:55.522   398   464 D adayocomadapter-CommunicationManager: onUpstreamReceive mPropertyId 0x214021ab
12-30 10:54:55.522   398   464 D adayocomadapter-CommunicationManager: convertBytesToInt32Memcpy  0
12-30 10:54:55.522   398   464 I vw-vhal : notifyVehicleProperty, propId = 0x214021ab, data = {status: 2, int32Values: [0]}
12-30 10:54:55.522   398   464 I vw-vhal : CanSignalsAdapter::notifyVehicleProperty: solvedValue = {.timestamp = 8231344108979, .areaId = 0, .prop = 557851051, .status = AVAILABLE, .value = {.int32Values = [1]{0}, .floatValues = [0]{}, .int64Values = [0]{}, .bytes = [0]{}, .stringValue = ""}}
12-30 10:54:55.522   360   931 D EvsDriver: Delivered 0xb400e2ca9e40e110 as id 0
12-30 10:54:55.522   398   464 I VehiclePropertyStore: begin to write value to Store: {.timestamp = 8231344108979, .areaId = 0, .prop = 557851051, .status = AVAILABLE, .value = {.int32Values = [1]{0}, .floatValues = [0]{}, .int64Values = [0]{}, .bytes = [0]{}, .stringValue = ""}}
12-30 10:54:55.522   398   464 I DefaultVehicleHal_v2_0: DefaultVehicleHal::onPropertyValue, value:{.timestamp = 8231344108979, .areaId = 0, .prop = 557851051, .status = AVAILABLE, .value = {.int32Values = [1]{0}, .floatValues = [0]{}, .int64Values = [0]{}, .bytes = [0]{}, .stringValue = ""}}
12-30 10:54:55.522   398   464 D DiagPropHandler: is not DiagnosticConfig: 0x214021ab
12-30 10:54:55.522   359  2784 D evsmanagerd: /dev/video-evs0 forwarded the buffer #0 to 0xb400f125d2b26dd0 from 0xb400f125e2b20710
12-30 10:54:55.522   650   729 D fgemcucomm: rev uart=68017,len=16, data : 6AA68100E600089202000300000000FA
12-30 10:54:55.522   398   464 I VehiclePropertyStore: begin to write value to Store: {.timestamp = 8231344108979, .areaId = 0, .prop = 557851051, .status = AVAILABLE, .value = {.int32Values = [1]{0}, .floatValues = [0]{}, .int64Values = [0]{}, .bytes = [0]{}, .stringValue = ""}}
12-30 10:54:55.522   398   464 D adayocomadapter-CommunicationManager: onUpstreamReceive mPropertyId 0x214021ab
12-30 10:54:55.522   398   464 D adayocomadapter-CommunicationManager: onUpstreamReceive mPropertyId 0x214021ac
12-30 10:54:55.522   398   464 D adayocomadapter-CommunicationManager: convertBytesToInt32Memcpy  0
12-30 10:54:55.522   398   464 I vw-vhal : notifyVehicleProperty, propId = 0x214021ac, data = {status: 2, int32Values: [0]}
12-30 10:54:55.522   398   464 I vw-vhal : CanSignalsAdapter::notifyVehicleProperty: solvedValue = {.timestamp = 8231344766979, .areaId = 0, .prop = 557851052, .status = AVAILABLE, .value = {.int32Values = [1]{0}, .floatValues = [0]{}, .int64Values = [0]{}, .bytes = [0]{}, .stringValue = ""}}
12-30 10:54:55.523   398   464 I VehiclePropertyStore: begin to write value to Store: {.timestamp = 8231344766979, .areaId = 0, .prop = 557851052, .status = AVAILABLE, .value = {.int32Values = [1]{0}, .floatValues = [0]{}, .int64Values = [0]{}, .bytes = [0]{}, .stringValue = ""}}
12-30 10:54:55.523   398   464 I DefaultVehicleHal_v2_0: DefaultVehicleHal::onPropertyValue, value:{.timestamp = 8231344766979, .areaId = 0, .prop = 557851052, .status = AVAILABLE, .value = {.int32Values = [1]{0}, .floatValues = [0]{}, .int64Values = [0]{}, .bytes = [0]{}, .stringValue = ""}}
12-30 10:54:55.523   398   882 D adayocomadapter-ParseProtocolFunc: printRaWMsg Name[MCUToUPstream recv] len[8] data[9202000300000000]
12-30 10:54:55.523   398   464 D DiagPropHandler: is not DiagnosticConfig: 0x214021ac
12-30 10:54:55.523   398   882 D adayocomadapter-CommunicationManager: onUpstreamback   member[0] dataLength[5] timePoint[8231345]
12-30 10:54:55.523   398   464 I VehiclePropertyStore: begin to write value to Store: {.timestamp = 8231344766979, .areaId = 0, .prop = 557851052, .status = AVAILABLE, .value = {.int32Values = [1]{0}, .floatValues = [0]{}, .int64Values = [0]{}, .bytes = [0]{}, .stringValue = ""}}
12-30 10:54:55.523   398   882 D adayocomadapter-ParseProtocolFunc: printRaWMsg Name[onUpstreamback] len[5] data[0300000000]
12-30 10:54:55.523   398   464 D adayocomadapter-CommunicationManager: onUpstreamReceive mPropertyId 0x214021ac
12-30 10:54:55.523   398   464 D adayocomadapter-CommunicationManager: onUpstreamReceive mPropertyId 0x2140220d
12-30 10:54:55.523   398   464 D adayocomadapter-CommunicationManager: convertBytesToInt32Memcpy  0
12-30 10:54:55.523   398   464 I vw-vhal : notifyVehicleProperty, propId = 0x2140220d, data = {status: 2, int32Values: [0]}
12-30 10:54:55.523   398   464 I vw-vhal : CanSignalsAdapter::notifyVehicleProperty: solvedValue = {.timestamp = 8231345456645, .areaId = 0, .prop = 557851149, .status = AVAILABLE, .value = {.int32Values = [1]{0}, .floatValues = [0]{}, .int64Values = [0]{}, .bytes = [0]{}, .stringValue = ""}}
12-30 10:54:55.523   398   464 I VehiclePropertyStore: begin to write value to Store: {.timestamp = 8231345456645, .areaId = 0, .prop = 557851149, .status = AVAILABLE, .value = {.int32Values = [1]{0}, .floatValues = [0]{}, .int64Values = [0]{}, .bytes = [0]{}, .stringValue = ""}}
12-30 10:54:55.523   398   464 I DefaultVehicleHal_v2_0: DefaultVehicleHal::onPropertyValue, value:{.timestamp = 8231345456645, .areaId = 0, .prop = 557851149, .status = AVAILABLE, .value = {.int32Values = [1]{0}, .floatValues = [0]{}, .int64Values = [0]{}, .bytes = [0]{}, .stringValue = ""}}
12-30 10:54:55.523   398   464 D DiagPropHandler: is not DiagnosticConfig: 0x2140220d
12-30 10:54:55.523   398   464 I VehiclePropertyStore: begin to write value to Store: {.timestamp = 8231345456645, .areaId = 0, .prop = 557851149, .status = AVAILABLE, .value = {.int32Values = [1]{0}, .floatValues = [0]{}, .int64Values = [0]{}, .bytes = [0]{}, .stringValue = ""}}
12-30 10:54:55.524   398   464 D adayocomadapter-CommunicationManager: onUpstreamReceive mPropertyId 0x2140220d
12-30 10:54:55.524   398   464 D adayocomadapter-CommunicationManager: onUpstreamReceive mPropertyId 0x214021ad
12-30 10:54:55.524   398   464 D adayocomadapter-CommunicationManager: convertBytesToInt32Memcpy  0
12-30 10:54:55.524   398   464 I vw-vhal : notifyVehicleProperty, propId = 0x214021ad, data = {status: 2, int32Values: [0]}
12-30 10:54:55.524   398   464 I vw-vhal : CanSignalsAdapter::notifyVehicleProperty: solvedValue = {.timestamp = 8231346160312, .areaId = 0, .prop = 557851053, .status = AVAILABLE, .value = {.int32Values = [1]{0}, .floatValues = [0]{}, .int64Values = [0]{}, .bytes = [0]{}, .stringValue = ""}}
12-30 10:54:55.524   398   464 I VehiclePropertyStore: begin to write value to Store: {.timestamp = 8231346160312, .areaId = 0, .prop = 557851053, .status = AVAILABLE, .value = {.int32Values = [1]{0}, .floatValues = [0]{}, .int64Values = [0]{}, .bytes = [0]{}, .stringValue = ""}}
12-30 10:54:55.524   398   464 I DefaultVehicleHal_v2_0: DefaultVehicleHal::onPropertyValue, value:{.timestamp = 8231346160312, .areaId = 0, .prop = 557851053, .status = AVAILABLE, .value = {.int32Values = [1]{0}, .floatValues = [0]{}, .int64Values = [0]{}, .bytes = [0]{}, .stringValue = ""}}
12-30 10:54:55.524   398   464 D DiagPropHandler: is not DiagnosticConfig: 0x214021ad
12-30 10:54:55.524   398   464 I VehiclePropertyStore: begin to write value to Store: {.timestamp = 8231346160312, .areaId = 0, .prop = 557851053, .status = AVAILABLE, .value = {.int32Values = [1]{0}, .floatValues = [0]{}, .int64Values = [0]{}, .bytes = [0]{}, .stringValue = ""}}
12-30 10:54:55.524   398   464 D adayocomadapter-CommunicationManager: onUpstreamReceive mPropertyId 0x214021ad
12-30 10:54:55.524   398   464 D adayocomadapter-CommunicationManager: onUpstreamReceive mPropertyId 0x214021ae
12-30 10:54:55.524   398   464 D adayocomadapter-CommunicationManager: convertBytesToInt32Memcpy  0
12-30 10:54:55.524   398   464 I vw-vhal : notifyVehicleProperty, propId = 0x214021ae, data = {status: 2, int32Values: [0]}
12-30 10:54:55.525   398   464 I vw-vhal : CanSignalsAdapter::notifyVehicleProperty: solvedValue = {.timestamp = 8231346851979, .areaId = 0, .prop = 557851054, .status = AVAILABLE, .value = {.int32Values = [1]{0}, .floatValues = [0]{}, .int64Values = [0]{}, .bytes = [0]{}, .stringValue = ""}}
12-30 10:54:55.525   398   464 I VehiclePropertyStore: begin to write value to Store: {.timestamp = 8231346851979, .areaId = 0, .prop = 557851054, .status = AVAILABLE, .value = {.int32Values = [1]{0}, .floatValues = [0]{}, .int64Values = [0]{}, .bytes = [0]{}, .stringValue = ""}}
12-30 10:54:55.525   398   464 I DefaultVehicleHal_v2_0: DefaultVehicleHal::onPropertyValue, value:{.timestamp = 8231346851979, .areaId = 0, .prop = 557851054, .status = AVAILABLE, .value = {.int32Values = [1]{0}, .floatValues = [0]{}, .int64Values = [0]{}, .bytes = [0]{}, .stringValue = ""}}
12-30 10:54:55.525   398   464 D DiagPropHandler: is not DiagnosticConfig: 0x214021ae
12-30 10:54:55.525   398   464 I VehiclePropertyStore: begin to write value to Store: {.timestamp = 8231346851979, .areaId = 0, .prop = 557851054, .status = AVAILABLE, .value = {.int32Values = [1]{0}, .floatValues = [0]{}, .int64Values = [0]{}, .bytes = [0]{}, .stringValue = ""}}
12-30 10:54:55.525   398   464 D adayocomadapter-CommunicationManager: onUpstreamReceive mPropertyId 0x214021ae
12-30 10:54:55.525   398   464 D adayocomadapter-CommunicationManager: onUpstreamReceive mPropertyId 0x214021af
12-30 10:54:55.525   398   464 D adayocomadapter-CommunicationManager: convertBytesToInt32Memcpy  0
12-30 10:54:55.525   398   464 I vw-vhal : notifyVehicleProperty, propId = 0x214021af, data = {status: 2, int32Values: [0]}
12-30 10:54:55.525   398   464 I vw-vhal : CanSignalsAdapter::notifyVehicleProperty: solvedValue = {.timestamp = 8231347531312, .areaId = 0, .prop = 557851055, .status = AVAILABLE, .value = {.int32Values = [1]{0}, .floatValues = [0]{}, .int64Values = [0]{}, .bytes = [0]{}, .stringValue = ""}}
12-30 10:54:55.525   398   464 I VehiclePropertyStore: begin to write value to Store: {.timestamp = 8231347531312, .areaId = 0, .prop = 557851055, .status = AVAILABLE, .value = {.int32Values = [1]{0}, .floatValues = [0]{}, .int64Values = [0]{}, .bytes = [0]{}, .stringValue = ""}}
12-30 10:54:55.525   398   464 I DefaultVehicleHal_v2_0: DefaultVehicleHal::onPropertyValue, value:{.timestamp = 8231347531312, .areaId = 0, .prop = 557851055, .status = AVAILABLE, .value = {.int32Values = [1]{0}, .floatValues = [0]{}, .int64Values = [0]{}, .bytes = [0]{}, .stringValue = ""}}
12-30 10:54:55.525   398   464 D DiagPropHandler: is not DiagnosticConfig: 0x214021af
12-30 10:54:55.526   398   464 I VehiclePropertyStore: begin to write value to Store: {.timestamp = 8231347531312, .areaId = 0, .prop = 557851055, .status = AVAILABLE, .value = {.int32Values = [1]{0}, .floatValues = [0]{}, .int64Values = [0]{}, .bytes = [0]{}, .stringValue = ""}}
12-30 10:54:55.526   398   464 D adayocomadapter-CommunicationManager: onUpstreamReceive mPropertyId 0x214021af
12-30 10:54:55.526   398   464 D adayocomadapter-CommunicationManager: onUpstreamReceive mPropertyId 0x21402210
12-30 10:54:55.526   398   464 D adayocomadapter-CommunicationManager: convertBytesToInt32Memcpy  0
12-30 10:54:55.526   398   464 I vw-vhal : notifyVehicleProperty, propId = 0x21402210, data = {status: 2, int32Values: [0]}
12-30 10:54:55.526   398   464 I vw-vhal : CanSignalsAdapter::notifyVehicleProperty: solvedValue = {.timestamp = 8231348227979, .areaId = 0, .prop = 557851152, .status = AVAILABLE, .value = {.int32Values = [1]{0}, .floatValues = [0]{}, .int64Values = [0]{}, .bytes = [0]{}, .stringValue = ""}}
12-30 10:54:55.526   398   464 I VehiclePropertyStore: begin to write value to Store: {.timestamp = 8231348227979, .areaId = 0, .prop = 557851152, .status = AVAILABLE, .value = {.int32Values = [1]{0}, .floatValues = [0]{}, .int64Values = [0]{}, .bytes = [0]{}, .stringValue = ""}}
12-30 10:54:55.526   398   464 I DefaultVehicleHal_v2_0: DefaultVehicleHal::onPropertyValue, value:{.timestamp = 8231348227979, .areaId = 0, .prop = 557851152, .status = AVAILABLE, .value = {.int32Values = [1]{0}, .floatValues = [0]{}, .int64Values = [0]{}, .bytes = [0]{}, .stringValue = ""}}
12-30 10:54:55.526   398   464 D DiagPropHandler: is not DiagnosticConfig: 0x21402210
12-30 10:54:55.526   398   464 I VehiclePropertyStore: begin to write value to Store: {.timestamp = 8231348227979, .areaId = 0, .prop = 557851152, .status = AVAILABLE, .value = {.int32Values = [1]{0}, .floatValues = [0]{}, .int64Values = [0]{}, .bytes = [0]{}, .stringValue = ""}}
12-30 10:54:55.526   398   464 D adayocomadapter-CommunicationManager: onUpstreamReceive mPropertyId 0x21402210
12-30 10:54:55.526   398   464 D adayocomadapter-CommunicationManager: onUpstreamReceive mPropertyId 0x214021b0
12-30 10:54:55.526   398   464 D adayocomadapter-CommunicationManager: convertBytesToInt32Memcpy  0
12-30 10:54:55.526   398   464 I vw-vhal : notifyVehicleProperty, propId = 0x214021b0, data = {status: 2, int32Values: [0]}
12-30 10:54:55.527   398   464 I vw-vhal : CanSignalsAdapter::notifyVehicleProperty: solvedValue = {.timestamp = 8231348862312, .areaId = 0, .prop = 557851056, .status = AVAILABLE, .value = {.int32Values = [1]{0}, .floatValues = [0]{}, .int64Values = [0]{}, .bytes = [0]{}, .stringValue = ""}}
12-30 10:54:55.527   398   464 I VehiclePropertyStore: begin to write value to Store: {.timestamp = 8231348862312, .areaId = 0, .prop = 557851056, .status = AVAILABLE, .value = {.int32Values = [1]{0}, .floatValues = [0]{}, .int64Values = [0]{}, .bytes = [0]{}, .stringValue = ""}}
12-30 10:54:55.527   398   464 I DefaultVehicleHal_v2_0: DefaultVehicleHal::onPropertyValue, value:{.timestamp = 8231348862312, .areaId = 0, .prop = 557851056, .status = AVAILABLE, .value = {.int32Values = [1]{0}, .floatValues = [0]{}, .int64Values = [0]{}, .bytes = [0]{}, .stringValue = ""}}
12-30 10:54:55.527   398   464 D DiagPropHandler: is not DiagnosticConfig: 0x214021b0
12-30 10:54:55.527   398   464 I VehiclePropertyStore: begin to write value to Store: {.timestamp = 8231348862312, .areaId = 0, .prop = 557851056, .status = AVAILABLE, .value = {.int32Values = [1]{0}, .floatValues = [0]{}, .int64Values = [0]{}, .bytes = [0]{}, .stringValue = ""}}
12-30 10:54:55.527   398   464 D adayocomadapter-CommunicationManager: onUpstreamReceive mPropertyId 0x214021b0
12-30 10:54:55.527   398   464 D adayocomadapter-CommunicationManager: onUpstreamReceive mPropertyId 0x21402211
12-30 10:54:55.527   398   464 D adayocomadapter-CommunicationManager: convertBytesToInt32Memcpy  0
12-30 10:54:55.527   398   464 I vw-vhal : notifyVehicleProperty, propId = 0x21402211, data = {status: 2, int32Values: [0]}
12-30 10:54:55.527   398   464 I vw-vhal : CanSignalsAdapter::notifyVehicleProperty: solvedValue = {.timestamp = 8231349495979, .areaId = 0, .prop = 557851153, .status = AVAILABLE, .value = {.int32Values = [1]{0}, .floatValues = [0]{}, .int64Values = [0]{}, .bytes = [0]{}, .stringValue = ""}}
12-30 10:54:55.527   398   464 I VehiclePropertyStore: begin to write value to Store: {.timestamp = 8231349495979, .areaId = 0, .prop = 557851153, .status = AVAILABLE, .value = {.int32Values = [1]{0}, .floatValues = [0]{}, .int64Values = [0]{}, .bytes = [0]{}, .stringValue = ""}}
12-30 10:54:55.527  2358  2623 D RcfController: Rcf proxy is not connected!
12-30 10:54:55.528   398   464 I DefaultVehicleHal_v2_0: DefaultVehicleHal::onPropertyValue, value:{.timestamp = 8231349495979, .areaId = 0, .prop = 557851153, .status = AVAILABLE, .value = {.int32Values = [1]{0}, .floatValues = [0]{}, .int64Values = [0]{}, .bytes = [0]{}, .stringValue = ""}}
12-30 10:54:55.528   398   464 D DiagPropHandler: is not DiagnosticConfig: 0x21402211
12-30 10:54:55.528   398   464 I VehiclePropertyStore: begin to write value to Store: {.timestamp = 8231349495979, .areaId = 0, .prop = 557851153, .status = AVAILABLE, .value = {.int32Values = [1]{0}, .floatValues = [0]{}, .int64Values = [0]{}, .bytes = [0]{}, .stringValue = ""}}
12-30 10:54:55.528   398   464 D adayocomadapter-CommunicationManager: onUpstreamReceive mPropertyId 0x21402211
12-30 10:54:55.528   398   464 D adayocomadapter-CommunicationManager: onUpstreamReceive mPropertyId 0x214021b6
12-30 10:54:55.528   398   464 D adayocomadapter-CommunicationManager: convertBytesToInt32Memcpy  0
12-30 10:54:55.528   398   464 I vw-vhal : notifyVehicleProperty, propId = 0x214021b6, data = {status: 2, int32Values: [0]}
12-30 10:54:55.528   398   464 I vw-vhal : CanSignalsAdapter::notifyVehicleProperty: solvedValue = {.timestamp = 8231350396979, .areaId = 0, .prop = 557851062, .status = AVAILABLE, .value = {.int32Values = [1]{0}, .floatValues = [0]{}, .int64Values = [0]{}, .bytes = [0]{}, .stringValue = ""}}
12-30 10:54:55.528   398   464 I VehiclePropertyStore: begin to write value to Store: {.timestamp = 8231350396979, .areaId = 0, .prop = 557851062, .status = AVAILABLE, .value = {.int32Values = [1]{0}, .floatValues = [0]{}, .int64Values = [0]{}, .bytes = [0]{}, .stringValue = ""}}
12-30 10:54:55.528   398   464 I DefaultVehicleHal_v2_0: DefaultVehicleHal::onPropertyValue, value:{.timestamp = 8231350396979, .areaId = 0, .prop = 557851062, .status = AVAILABLE, .value = {.int32Values = [1]{0}, .floatValues = [0]{}, .int64Values = [0]{}, .bytes = [0]{}, .stringValue = ""}}
12-30 10:54:55.528   398   464 D DiagPropHandler: is not DiagnosticConfig: 0x214021b6
12-30 10:54:55.528   398   464 I VehiclePropertyStore: begin to write value to Store: {.timestamp = 8231350396979, .areaId = 0, .prop = 557851062, .status = AVAILABLE, .value = {.int32Values = [1]{0}, .floatValues = [0]{}, .int64Values = [0]{}, .bytes = [0]{}, .stringValue = ""}}
12-30 10:54:55.528   398   464 D adayocomadapter-CommunicationManager: onUpstreamReceive mPropertyId 0x214021b6
12-30 10:54:55.529   398   464 D adayocomadapter-CommunicationManager: onUpstreamReceive mPropertyId 0x21402155
12-30 10:54:55.529   398   464 D adayocomadapter-CommunicationManager: convertBytesToInt32Memcpy  0
12-30 10:54:55.529   398   464 I vw-vhal : notifyVehicleProperty, propId = 0x21402155, data = {status: 2, int32Values: [0]}
12-30 10:54:55.529   398   464 I vw-vhal : CanSignalsAdapter::notifyVehicleProperty: solvedValue = {.timestamp = 8231351068979, .areaId = 0, .prop = 557850965, .status = AVAILABLE, .value = {.int32Values = [1]{0}, .floatValues = [0]{}, .int64Values = [0]{}, .bytes = [0]{}, .stringValue = ""}}
12-30 10:54:55.529   398   464 I VehiclePropertyStore: begin to write value to Store: {.timestamp = 8231351068979, .areaId = 0, .prop = 557850965, .status = AVAILABLE, .value = {.int32Values = [1]{0}, .floatValues = [0]{}, .int64Values = [0]{}, .bytes = [0]{}, .stringValue = ""}}
12-30 10:54:55.529   398   464 I DefaultVehicleHal_v2_0: DefaultVehicleHal::onPropertyValue, value:{.timestamp = 8231351068979, .areaId = 0, .prop = 557850965, .status = AVAILABLE, .value = {.int32Values = [1]{0}, .floatValues = [0]{}, .int64Values = [0]{}, .bytes = [0]{}, .stringValue = ""}}
12-30 10:54:55.529   398   464 D DiagPropHandler: is not DiagnosticConfig: 0x21402155
12-30 10:54:55.529   398   464 I VehiclePropertyStore: begin to write value to Store: {.timestamp = 8231351068979, .areaId = 0, .prop = 557850965, .status = AVAILABLE, .value = {.int32Values = [1]{0}, .floatValues = [0]{}, .int64Values = [0]{}, .bytes = [0]{}, .stringValue = ""}}
12-30 10:54:55.529   398   464 D adayocomadapter-CommunicationManager: onUpstreamReceive mPropertyId 0x21402155
12-30 10:54:55.529   398   464 D adayocomadapter-CommunicationManager: onUpstreamReceive mPropertyId 0x214021ba
12-30 10:54:55.529   398   464 D adayocomadapter-CommunicationManager: convertBytesToInt32Memcpy  0
12-30 10:54:55.529   398   464 I vw-vhal : notifyVehicleProperty, propId = 0x214021ba, data = {status: 2, int32Values: [0]}
12-30 10:54:55.529   398   464 I vw-vhal : CanSignalsAdapter::notifyVehicleProperty: solvedValue = {.timestamp = 8231351709312, .areaId = 0, .prop = 557851066, .status = AVAILABLE, .value = {.int32Values = [1]{0}, .floatValues = [0]{}, .int64Values = [0]{}, .bytes = [0]{}, .stringValue = ""}}
12-30 10:54:55.529   398   464 I VehiclePropertyStore: begin to write value to Store: {.timestamp = 8231351709312, .areaId = 0, .prop = 557851066, .status = AVAILABLE, .value = {.int32Values = [1]{0}, .floatValues = [0]{}, .int64Values = [0]{}, .bytes = [0]{}, .stringValue = ""}}
12-30 10:54:55.530   398   464 I DefaultVehicleHal_v2_0: DefaultVehicleHal::onPropertyValue, value:{.timestamp = 8231351709312, .areaId = 0, .prop = 557851066, .status = AVAILABLE, .value = {.int32Values = [1]{0}, .floatValues = [0]{}, .int64Values = [0]{}, .bytes = [0]{}, .stringValue = ""}}
12-30 10:54:55.530   398   464 D DiagPropHandler: is not DiagnosticConfig: 0x214021ba
12-30 10:54:55.530   398   464 I VehiclePropertyStore: begin to write value to Store: {.timestamp = 8231351709312, .areaId = 0, .prop = 557851066, .status = AVAILABLE, .value = {.int32Values = [1]{0}, .floatValues = [0]{}, .int64Values = [0]{}, .bytes = [0]{}, .stringValue = ""}}
12-30 10:54:55.530   398   464 D adayocomadapter-CommunicationManager: onUpstreamReceive mPropertyId 0x214021ba
12-30 10:54:55.530   398   464 D adayocomadapter-CommunicationManager: onUpstreamReceive mPropertyId 0x21402159
12-30 10:54:55.530   398   464 D adayocomadapter-CommunicationManager: convertBytesToInt32Memcpy  0
12-30 10:54:55.530   398   464 I vw-vhal : notifyVehicleProperty, propId = 0x21402159, data = {status: 2, int32Values: [0]}
12-30 10:54:55.530   398   464 I vw-vhal : CanSignalsAdapter::notifyVehicleProperty: solvedValue = {.timestamp = 8231352427312, .areaId = 0, .prop = 557850969, .status = AVAILABLE, .value = {.int32Values = [1]{0}, .floatValues = [0]{}, .int64Values = [0]{}, .bytes = [0]{}, .stringValue = ""}}
12-30 10:54:55.530   398   464 I VehiclePropertyStore: begin to write value to Store: {.timestamp = 8231352427312, .areaId = 0, .prop = 557850969, .status = AVAILABLE, .value = {.int32Values = [1]{0}, .floatValues = [0]{}, .int64Values = [0]{}, .bytes = [0]{}, .stringValue = ""}}
12-30 10:54:55.530   398   464 I DefaultVehicleHal_v2_0: DefaultVehicleHal::onPropertyValue, value:{.timestamp = 8231352427312, .areaId = 0, .prop = 557850969, .status = AVAILABLE, .value = {.int32Values = [1]{0}, .floatValues = [0]{}, .int64Values = [0]{}, .bytes = [0]{}, .stringValue = ""}}
12-30 10:54:55.530   398   464 D DiagPropHandler: is not DiagnosticConfig: 0x21402159
12-30 10:54:55.530   398   464 I VehiclePropertyStore: begin to write value to Store: {.timestamp = 8231352427312, .areaId = 0, .prop = 557850969, .status = AVAILABLE, .value = {.int32Values = [1]{0}, .floatValues = [0]{}, .int64Values = [0]{}, .bytes = [0]{}, .stringValue = ""}}
12-30 10:54:55.531   398   464 D adayocomadapter-CommunicationManager: onUpstreamReceive mPropertyId 0x21402159
12-30 10:54:55.531   398   464 D adayocomadapter-CommunicationManager: onUpstreamReceive mPropertyId 0x214021bf
12-30 10:54:55.531   398   464 D adayocomadapter-CommunicationManager: convertBytesToInt32Memcpy  0
12-30 10:54:55.531   398   464 I vw-vhal : notifyVehicleProperty, propId = 0x214021bf, data = {status: 2, int32Values: [0]}
12-30 10:54:55.531   398   464 I vw-vhal : CanSignalsAdapter::notifyVehicleProperty: solvedValue = {.timestamp = 8231353068979, .areaId = 0, .prop = 557851071, .status = AVAILABLE, .value = {.int32Values = [1]{0}, .floatValues = [0]{}, .int64Values = [0]{}, .bytes = [0]{}, .stringValue = ""}}
12-30 10:54:55.531   398   464 I VehiclePropertyStore: begin to write value to Store: {.timestamp = 8231353068979, .areaId = 0, .prop = 557851071, .status = AVAILABLE, .value = {.int32Values = [1]{0}, .floatValues = [0]{}, .int64Values = [0]{}, .bytes = [0]{}, .stringValue = ""}}
12-30 10:54:55.531   398   464 I DefaultVehicleHal_v2_0: DefaultVehicleHal::onPropertyValue, value:{.timestamp = 8231353068979, .areaId = 0, .prop = 557851071, .status = AVAILABLE, .value = {.int32Values = [1]{0}, .floatValues = [0]{}, .int64Values = [0]{}, .bytes = [0]{}, .stringValue = ""}}
12-30 10:54:55.531   398   464 D DiagPropHandler: is not DiagnosticConfig: 0x214021bf
12-30 10:54:55.531   398   464 I VehiclePropertyStore: begin to write value to Store: {.timestamp = 8231353068979, .areaId = 0, .prop = 557851071, .status = AVAILABLE, .value = {.int32Values = [1]{0}, .floatValues = [0]{}, .int64Values = [0]{}, .bytes = [0]{}, .stringValue = ""}}
12-30 10:54:55.531   398   464 D adayocomadapter-CommunicationManager: onUpstreamReceive mPropertyId 0x214021bf
12-30 10:54:55.531   398   464 D adayocomadapter-CommunicationManager: onUpstreamReceive mPropertyId 0x2140215e
12-30 10:54:55.531   398   464 D adayocomadapter-CommunicationManager: convertBytesToInt32Memcpy  0
12-30 10:54:55.531   398   464 I vw-vhal : notifyVehicleProperty, propId = 0x2140215e, data = {status: 2, int32Values: [0]}
12-30 10:54:55.531   398   464 I vw-vhal : CanSignalsAdapter::notifyVehicleProperty: solvedValue = {.timestamp = 8231353745979, .areaId = 0, .prop = 557850974, .status = AVAILABLE, .value = {.int32Values = [1]{0}, .floatValues = [0]{}, .int64Values = [0]{}, .bytes = [0]{}, .stringValue = ""}}
12-30 10:54:55.532   398   464 I VehiclePropertyStore: begin to write value to Store: {.timestamp = 8231353745979, .areaId = 0, .prop = 557850974, .status = AVAILABLE, .value = {.int32Values = [1]{0}, .floatValues = [0]{}, .int64Values = [0]{}, .bytes = [0]{}, .stringValue = ""}}
12-30 10:54:55.532   398   464 I DefaultVehicleHal_v2_0: DefaultVehicleHal::onPropertyValue, value:{.timestamp = 8231353745979, .areaId = 0, .prop = 557850974, .status = AVAILABLE, .value = {.int32Values = [1]{0}, .floatValues = [0]{}, .int64Values = [0]{}, .bytes = [0]{}, .stringValue = ""}}
12-30 10:54:55.532   398   464 D DiagPropHandler: is not DiagnosticConfig: 0x2140215e
12-30 10:54:55.532   398   464 I VehiclePropertyStore: begin to write value to Store: {.timestamp = 8231353745979, .areaId = 0, .prop = 557850974, .status = AVAILABLE, .value = {.int32Values = [1]{0}, .floatValues = [0]{}, .int64Values = [0]{}, .bytes = [0]{}, .stringValue = ""}}
12-30 10:54:55.532   398   464 D adayocomadapter-CommunicationManager: onUpstreamReceive mPropertyId 0x2140215e
12-30 10:54:55.532   398   464 D adayocomadapter-CommunicationManager: onUpstreamReceive mPropertyId 0x21402220
12-30 10:54:55.532   398   464 D adayocomadapter-CommunicationManager: convertBytesToInt32Memcpy  0
12-30 10:54:55.532   398   464 I vw-vhal : notifyVehicleProperty, propId = 0x21402220, data = {status: 2, int32Values: [0]}
12-30 10:54:55.532   398   464 I vw-vhal : CanSignalsAdapter::notifyVehicleProperty: solvedValue = {.timestamp = 8231354392979, .areaId = 0, .prop = 557851168, .status = AVAILABLE, .value = {.int32Values = [1]{0}, .floatValues = [0]{}, .int64Values = [0]{}, .bytes = [0]{}, .stringValue = ""}}
12-30 10:54:55.532   398   464 I VehiclePropertyStore: begin to write value to Store: {.timestamp = 8231354392979, .areaId = 0, .prop = 557851168, .status = AVAILABLE, .value = {.int32Values = [1]{0}, .floatValues = [0]{}, .int64Values = [0]{}, .bytes = [0]{}, .stringValue = ""}}
12-30 10:54:55.532   398   464 I DefaultVehicleHal_v2_0: DefaultVehicleHal::onPropertyValue, value:{.timestamp = 8231354392979, .areaId = 0, .prop = 557851168, .status = AVAILABLE, .value = {.int32Values = [1]{0}, .floatValues = [0]{}, .int64Values = [0]{}, .bytes = [0]{}, .stringValue = ""}}
12-30 10:54:55.532   398   464 D DiagPropHandler: is not DiagnosticConfig: 0x21402220
12-30 10:54:55.532   398   464 I VehiclePropertyStore: begin to write value to Store: {.timestamp = 8231354392979, .areaId = 0, .prop = 557851168, .status = AVAILABLE, .value = {.int32Values = [1]{0}, .floatValues = [0]{}, .int64Values = [0]{}, .bytes = [0]{}, .stringValue = ""}}
12-30 10:54:55.532   398   464 D adayocomadapter-CommunicationManager: onUpstreamReceive mPropertyId 0x21402220
12-30 10:54:55.533   398   464 D adayocomadapter-CommunicationManager: onUpstreamReceive mPropertyId 0x214021c0
12-30 10:54:55.533   398   464 D adayocomadapter-CommunicationManager: convertBytesToInt32Memcpy  0
12-30 10:54:55.533   398   464 I vw-vhal : notifyVehicleProperty, propId = 0x214021c0, data = {status: 2, int32Values: [0]}
12-30 10:54:55.533   398   464 I vw-vhal : CanSignalsAdapter::notifyVehicleProperty: solvedValue = {.timestamp = 8231355039312, .areaId = 0, .prop = 557851072, .status = AVAILABLE, .value = {.int32Values = [1]{0}, .floatValues = [0]{}, .int64Values = [0]{}, .bytes = [0]{}, .stringValue = ""}}
12-30 10:54:55.533   398   464 I VehiclePropertyStore: begin to write value to Store: {.timestamp = 8231355039312, .areaId = 0, .prop = 557851072, .status = AVAILABLE, .value = {.int32Values = [1]{0}, .floatValues = [0]{}, .int64Values = [0]{}, .bytes = [0]{}, .stringValue = ""}}
12-30 10:54:55.533   398   464 I DefaultVehicleHal_v2_0: DefaultVehicleHal::onPropertyValue, value:{.timestamp = 8231355039312, .areaId = 0, .prop = 557851072, .status = AVAILABLE, .value = {.int32Values = [1]{0}, .floatValues = [0]{}, .int64Values = [0]{}, .bytes = [0]{}, .stringValue = ""}}
12-30 10:54:55.533   360   458 D EvsDriver: doneWithFrame
12-30 10:54:55.533   398   464 D DiagPropHandler: is not DiagnosticConfig: 0x214021c0
12-30 10:54:55.533   398   464 I VehiclePropertyStore: begin to write value to Store: {.timestamp = 8231355039312, .areaId = 0, .prop = 557851072, .status = AVAILABLE, .value = {.int32Values = [1]{0}, .floatValues = [0]{}, .int64Values = [0]{}, .bytes = [0]{}, .stringValue = ""}}
12-30 10:54:55.533   398   464 D adayocomadapter-CommunicationManager: onUpstreamReceive mPropertyId 0x214021c0
12-30 10:54:55.533   398   464 D adayocomadapter-CommunicationManager: onUpstreamReceive mPropertyId 0x2140215f
12-30 10:54:55.533   398   464 D adayocomadapter-CommunicationManager: convertBytesToInt32Memcpy  0
12-30 10:54:55.533   398   464 I vw-vhal : notifyVehicleProperty, propId = 0x2140215f, data = {status: 2, int32Values: [0]}
12-30 10:54:55.533   398   464 I vw-vhal : CanSignalsAdapter::notifyVehicleProperty: solvedValue = {.timestamp = 8231355680645, .areaId = 0, .prop = 557850975, .status = AVAILABLE, .value = {.int32Values = [1]{0}, .floatValues = [0]{}, .int64Values = [0]{}, .bytes = [0]{}, .stringValue = ""}}
12-30 10:54:55.533   398   464 I VehiclePropertyStore: begin to write value to Store: {.timestamp = 8231355680645, .areaId = 0, .prop = 557850975, .status = AVAILABLE, .value = {.int32Values = [1]{0}, .floatValues = [0]{}, .int64Values = [0]{}, .bytes = [0]{}, .stringValue = ""}}
12-30 10:54:55.534   398   464 I DefaultVehicleHal_v2_0: DefaultVehicleHal::onPropertyValue, value:{.timestamp = 8231355680645, .areaId = 0, .prop = 557850975, .status = AVAILABLE, .value = {.int32Values = [1]{0}, .floatValues = [0]{}, .int64Values = [0]{}, .bytes = [0]{}, .stringValue = ""}}
12-30 10:54:55.534   398   464 D DiagPropHandler: is not DiagnosticConfig: 0x2140215f
12-30 10:54:55.534   398   464 I VehiclePropertyStore: begin to write value to Store: {.timestamp = 8231355680645, .areaId = 0, .prop = 557850975, .status = AVAILABLE, .value = {.int32Values = [1]{0}, .floatValues = [0]{}, .int64Values = [0]{}, .bytes = [0]{}, .stringValue = ""}}
12-30 10:54:55.534   398   464 D adayocomadapter-CommunicationManager: onUpstreamReceive mPropertyId 0x2140215f
12-30 10:54:55.534   398   464 D adayocomadapter-CommunicationManager: onUpstreamReceive mPropertyId 0x214021c1
12-30 10:54:55.534   398   464 D adayocomadapter-CommunicationManager: convertBytesToInt32Memcpy  0
12-30 10:54:55.534   398   464 I vw-vhal : notifyVehicleProperty, propId = 0x214021c1, data = {status: 2, int32Values: [0]}
12-30 10:54:55.534   398   464 I vw-vhal : CanSignalsAdapter::notifyVehicleProperty: solvedValue = {.timestamp = 8231356364312, .areaId = 0, .prop = 557851073, .status = AVAILABLE, .value = {.int32Values = [1]{0}, .floatValues = [0]{}, .int64Values = [0]{}, .bytes = [0]{}, .stringValue = ""}}
12-30 10:54:55.534   398   464 I VehiclePropertyStore: begin to write value to Store: {.timestamp = 8231356364312, .areaId = 0, .prop = 557851073, .status = AVAILABLE, .value = {.int32Values = [1]{0}, .floatValues = [0]{}, .int64Values = [0]{}, .bytes = [0]{}, .stringValue = ""}}
12-30 10:54:55.534   398   464 I DefaultVehicleHal_v2_0: DefaultVehicleHal::onPropertyValue, value:{.timestamp = 8231356364312, .areaId = 0, .prop = 557851073, .status = AVAILABLE, .value = {.int32Values = [1]{0}, .floatValues = [0]{}, .int64Values = [0]{}, .bytes = [0]{}, .stringValue = ""}}
12-30 10:54:55.534   398   464 D DiagPropHandler: is not DiagnosticConfig: 0x214021c1
12-30 10:54:55.534   398   464 I VehiclePropertyStore: begin to write value to Store: {.timestamp = 8231356364312, .areaId = 0, .prop = 557851073, .status = AVAILABLE, .value = {.int32Values = [1]{0}, .floatValues = [0]{}, .int64Values = [0]{}, .bytes = [0]{}, .stringValue = ""}}
12-30 10:54:55.534   398   464 D adayocomadapter-CommunicationManager: onUpstreamReceive mPropertyId 0x214021c1
12-30 10:54:55.534   398   464 D adayocomadapter-CommunicationManager: onUpstreamReceive mPropertyId 0x21402160
12-30 10:54:55.535   398   464 D adayocomadapter-CommunicationManager: convertBytesToInt32Memcpy  0
12-30 10:54:55.535   398   464 I vw-vhal : notifyVehicleProperty, propId = 0x21402160, data = {status: 2, int32Values: [0]}
12-30 10:54:55.535   398   464 I vw-vhal : CanSignalsAdapter::notifyVehicleProperty: solvedValue = {.timestamp = 8231357014979, .areaId = 0, .prop = 557850976, .status = AVAILABLE, .value = {.int32Values = [1]{0}, .floatValues = [0]{}, .int64Values = [0]{}, .bytes = [0]{}, .stringValue = ""}}
12-30 10:54:55.535   398   464 I VehiclePropertyStore: begin to write value to Store: {.timestamp = 8231357014979, .areaId = 0, .prop = 557850976, .status = AVAILABLE, .value = {.int32Values = [1]{0}, .floatValues = [0]{}, .int64Values = [0]{}, .bytes = [0]{}, .stringValue = ""}}
12-30 10:54:55.535   398   464 I DefaultVehicleHal_v2_0: DefaultVehicleHal::onPropertyValue, value:{.timestamp = 8231357014979, .areaId = 0, .prop = 557850976, .status = AVAILABLE, .value = {.int32Values = [1]{0}, .floatValues = [0]{}, .int64Values = [0]{}, .bytes = [0]{}, .stringValue = ""}}
12-30 10:54:55.535   398   464 D DiagPropHandler: is not DiagnosticConfig: 0x21402160
12-30 10:54:55.535   398   464 I VehiclePropertyStore: begin to write value to Store: {.timestamp = 8231357014979, .areaId = 0, .prop = 557850976, .status = AVAILABLE, .value = {.int32Values = [1]{0}, .floatValues = [0]{}, .int64Values = [0]{}, .bytes = [0]{}, .stringValue = ""}}
12-30 10:54:55.535   398   464 D adayocomadapter-CommunicationManager: onUpstreamReceive mPropertyId 0x21402160
12-30 10:54:55.535   398   464 D adayocomadapter-CommunicationManager: onUpstreamReceive mPropertyId 0x21402222
12-30 10:54:55.535   398   464 D adayocomadapter-CommunicationManager: convertBytesToInt32Memcpy  0
12-30 10:54:55.535   398   464 I vw-vhal : notifyVehicleProperty, propId = 0x21402222, data = {status: 2, int32Values: [0]}
12-30 10:54:55.535   398   464 I vw-vhal : CanSignalsAdapter::notifyVehicleProperty: solvedValue = {.timestamp = 8231357693312, .areaId = 0, .prop = 557851170, .status = AVAILABLE, .value = {.int32Values = [1]{0}, .floatValues = [0]{}, .int64Values = [0]{}, .bytes = [0]{}, .stringValue = ""}}
12-30 10:54:55.535   398   464 I VehiclePropertyStore: begin to write value to Store: {.timestamp = 8231357693312, .areaId = 0, .prop = 557851170, .status = AVAILABLE, .value = {.int32Values = [1]{0}, .floatValues = [0]{}, .int64Values = [0]{}, .bytes = [0]{}, .stringValue = ""}}
12-30 10:54:55.536   398   464 I DefaultVehicleHal_v2_0: DefaultVehicleHal::onPropertyValue, value:{.timestamp = 8231357693312, .areaId = 0, .prop = 557851170, .status = AVAILABLE, .value = {.int32Values = [1]{0}, .floatValues = [0]{}, .int64Values = [0]{}, .bytes = [0]{}, .stringValue = ""}}
12-30 10:54:55.536   398   464 D DiagPropHandler: is not DiagnosticConfig: 0x21402222
12-30 10:54:55.536   398   464 I VehiclePropertyStore: begin to write value to Store: {.timestamp = 8231357693312, .areaId = 0, .prop = 557851170, .status = AVAILABLE, .value = {.int32Values = [1]{0}, .floatValues = [0]{}, .int64Values = [0]{}, .bytes = [0]{}, .stringValue = ""}}
12-30 10:54:55.536   398   464 D adayocomadapter-CommunicationManager: onUpstreamReceive mPropertyId 0x21402222
12-30 10:54:55.536   398   464 D adayocomadapter-CommunicationManager: onUpstreamReceive mPropertyId 0x214021c2
12-30 10:54:55.536   398   464 D adayocomadapter-CommunicationManager: convertBytesToInt32Memcpy  0
12-30 10:54:55.536   398   464 I vw-vhal : notifyVehicleProperty, propId = 0x214021c2, data = {status: 2, int32Values: [0]}
12-30 10:54:55.536   398   464 I vw-vhal : CanSignalsAdapter::notifyVehicleProperty: solvedValue = {.timestamp = 8231358350312, .areaId = 0, .prop = 557851074, .status = AVAILABLE, .value = {.int32Values = [1]{0}, .floatValues = [0]{}, .int64Values = [0]{}, .bytes = [0]{}, .stringValue = ""}}
12-30 10:54:55.536   398   464 I VehiclePropertyStore: begin to write value to Store: {.timestamp = 8231358350312, .areaId = 0, .prop = 557851074, .status = AVAILABLE, .value = {.int32Values = [1]{0}, .floatValues = [0]{}, .int64Values = [0]{}, .bytes = [0]{}, .stringValue = ""}}
12-30 10:54:55.536   398   464 I DefaultVehicleHal_v2_0: DefaultVehicleHal::onPropertyValue, value:{.timestamp = 8231358350312, .areaId = 0, .prop = 557851074, .status = AVAILABLE, .value = {.int32Values = [1]{0}, .floatValues = [0]{}, .int64Values = [0]{}, .bytes = [0]{}, .stringValue = ""}}
12-30 10:54:55.536   398   464 D DiagPropHandler: is not DiagnosticConfig: 0x214021c2
12-30 10:54:55.537   398   464 I VehiclePropertyStore: begin to write value to Store: {.timestamp = 8231358350312, .areaId = 0, .prop = 557851074, .status = AVAILABLE, .value = {.int32Values = [1]{0}, .floatValues = [0]{}, .int64Values = [0]{}, .bytes = [0]{}, .stringValue = ""}}
12-30 10:54:55.537   398   464 D adayocomadapter-CommunicationManager: onUpstreamReceive mPropertyId 0x214021c2
12-30 10:54:55.537   398   464 D adayocomadapter-CommunicationManager: onUpstreamReceive mPropertyId 0x214021c4
12-30 10:54:55.537   398   464 D adayocomadapter-CommunicationManager: convertBytesToInt32Memcpy  0
12-30 10:54:55.537   398   464 I vw-vhal : notifyVehicleProperty, propId = 0x214021c4, data = {status: 2, int32Values: [0]}
12-30 10:54:55.537   398   464 I vw-vhal : CanSignalsAdapter::notifyVehicleProperty: solvedValue = {.timestamp = 8231359186979, .areaId = 0, .prop = 557851076, .status = AVAILABLE, .value = {.int32Values = [1]{0}, .floatValues = [0]{}, .int64Values = [0]{}, .bytes = [0]{}, .stringValue = ""}}
12-30 10:54:55.537   398   464 I VehiclePropertyStore: begin to write value to Store: {.timestamp = 8231359186979, .areaId = 0, .prop = 557851076, .status = AVAILABLE, .value = {.int32Values = [1]{0}, .floatValues = [0]{}, .int64Values = [0]{}, .bytes = [0]{}, .stringValue = ""}}
12-30 10:54:55.537   398   464 I DefaultVehicleHal_v2_0: DefaultVehicleHal::onPropertyValue, value:{.timestamp = 8231359186979, .areaId = 0, .prop = 557851076, .status = AVAILABLE, .value = {.int32Values = [1]{0}, .floatValues = [0]{}, .int64Values = [0]{}, .bytes = [0]{}, .stringValue = ""}}
12-30 10:54:55.537   398   464 D DiagPropHandler: is not DiagnosticConfig: 0x214021c4
12-30 10:54:55.537   398   464 I VehiclePropertyStore: begin to write value to Store: {.timestamp = 8231359186979, .areaId = 0, .prop = 557851076, .status = AVAILABLE, .value = {.int32Values = [1]{0}, .floatValues = [0]{}, .int64Values = [0]{}, .bytes = [0]{}, .stringValue = ""}}
12-30 10:54:55.537   398   464 D adayocomadapter-CommunicationManager: onUpstreamReceive mPropertyId 0x214021c4
12-30 10:54:55.537   398   464 D adayocomadapter-CommunicationManager: onUpstreamReceive mPropertyId 0x21402225
12-30 10:54:55.537   398   464 D adayocomadapter-CommunicationManager: convertBytesToInt32Memcpy  0
12-30 10:54:55.537   398   464 I vw-vhal : notifyVehicleProperty, propId = 0x21402225, data = {status: 2, int32Values: [0]}
12-30 10:54:55.538   398   464 I vw-vhal : CanSignalsAdapter::notifyVehicleProperty: solvedValue = {.timestamp = 8231359815645, .areaId = 0, .prop = 557851173, .status = AVAILABLE, .value = {.int32Values = [1]{0}, .floatValues = [0]{}, .int64Values = [0]{}, .bytes = [0]{}, .stringValue = ""}}
12-30 10:54:55.538   398   464 I VehiclePropertyStore: begin to write value to Store: {.timestamp = 8231359815645, .areaId = 0, .prop = 557851173, .status = AVAILABLE, .value = {.int32Values = [1]{0}, .floatValues = [0]{}, .int64Values = [0]{}, .bytes = [0]{}, .stringValue = ""}}
12-30 10:54:55.538   398   464 I DefaultVehicleHal_v2_0: DefaultVehicleHal::onPropertyValue, value:{.timestamp = 8231359815645, .areaId = 0, .prop = 557851173, .status = AVAILABLE, .value = {.int32Values = [1]{0}, .floatValues = [0]{}, .int64Values = [0]{}, .bytes = [0]{}, .stringValue = ""}}
12-30 10:54:55.538   398   464 D DiagPropHandler: is not DiagnosticConfig: 0x21402225
12-30 10:54:55.538   398   464 I VehiclePropertyStore: begin to write value to Store: {.timestamp = 8231359815645, .areaId = 0, .prop = 557851173, .status = AVAILABLE, .value = {.int32Values = [1]{0}, .floatValues = [0]{}, .int64Values = [0]{}, .bytes = [0]{}, .stringValue = ""}}
12-30 10:54:55.538   398   464 D adayocomadapter-CommunicationManager: onUpstreamReceive mPropertyId 0x21402225
12-30 10:54:55.538   398   464 D adayocomadapter-CommunicationManager: onUpstreamReceive mPropertyId 0x214021c5
12-30 10:54:55.538   398   464 D adayocomadapter-CommunicationManager: convertBytesToInt32Memcpy  0
12-30 10:54:55.538   398   464 I vw-vhal : notifyVehicleProperty, propId = 0x214021c5, data = {status: 2, int32Values: [0]}
12-30 10:54:55.538   398   464 I vw-vhal : CanSignalsAdapter::notifyVehicleProperty: solvedValue = {.timestamp = 8231360513312, .areaId = 0, .prop = 557851077, .status = AVAILABLE, .value = {.int32Values = [1]{0}, .floatValues = [0]{}, .int64Values = [0]{}, .bytes = [0]{}, .stringValue = ""}}
12-30 10:54:55.538   398   464 I VehiclePropertyStore: begin to write value to Store: {.timestamp = 8231360513312, .areaId = 0, .prop = 557851077, .status = AVAILABLE, .value = {.int32Values = [1]{0}, .floatValues = [0]{}, .int64Values = [0]{}, .bytes = [0]{}, .stringValue = ""}}
12-30 10:54:55.538   398   464 I DefaultVehicleHal_v2_0: DefaultVehicleHal::onPropertyValue, value:{.timestamp = 8231360513312, .areaId = 0, .prop = 557851077, .status = AVAILABLE, .value = {.int32Values = [1]{0}, .floatValues = [0]{}, .int64Values = [0]{}, .bytes = [0]{}, .stringValue = ""}}
12-30 10:54:55.538   398   464 D DiagPropHandler: is not DiagnosticConfig: 0x214021c5
12-30 10:54:55.539   398   464 I VehiclePropertyStore: begin to write value to Store: {.timestamp = 8231360513312, .areaId = 0, .prop = 557851077, .status = AVAILABLE, .value = {.int32Values = [1]{0}, .floatValues = [0]{}, .int64Values = [0]{}, .bytes = [0]{}, .stringValue = ""}}
12-30 10:54:55.539   398   464 D adayocomadapter-CommunicationManager: onUpstreamReceive mPropertyId 0x214021c5
12-30 10:54:55.539   398   464 D adayocomadapter-CommunicationManager: onUpstreamReceive mPropertyId 0x21402226
12-30 10:54:55.539   398   464 D adayocomadapter-CommunicationManager: convertBytesToInt32Memcpy  0
12-30 10:54:55.539   398   464 I vw-vhal : notifyVehicleProperty, propId = 0x21402226, data = {status: 2, int32Values: [0]}
12-30 10:54:55.539   398   464 I vw-vhal : CanSignalsAdapter::notifyVehicleProperty: solvedValue = {.timestamp = 8231361161645, .areaId = 0, .prop = 557851174, .status = AVAILABLE, .value = {.int32Values = [1]{0}, .floatValues = [0]{}, .int64Values = [0]{}, .bytes = [0]{}, .stringValue = ""}}
12-30 10:54:55.539   398   464 I VehiclePropertyStore: begin to write value to Store: {.timestamp = 8231361161645, .areaId = 0, .prop = 557851174, .status = AVAILABLE, .value = {.int32Values = [1]{0}, .floatValues = [0]{}, .int64Values = [0]{}, .bytes = [0]{}, .stringValue = ""}}
12-30 10:54:55.539   398   464 I DefaultVehicleHal_v2_0: DefaultVehicleHal::onPropertyValue, value:{.timestamp = 8231361161645, .areaId = 0, .prop = 557851174, .status = AVAILABLE, .value = {.int32Values = [1]{0}, .floatValues = [0]{}, .int64Values = [0]{}, .bytes = [0]{}, .stringValue = ""}}
12-30 10:54:55.539   398   464 D DiagPropHandler: is not DiagnosticConfig: 0x21402226
12-30 10:54:55.539   398   464 I VehiclePropertyStore: begin to write value to Store: {.timestamp = 8231361161645, .areaId = 0, .prop = 557851174, .status = AVAILABLE, .value = {.int32Values = [1]{0}, .floatValues = [0]{}, .int64Values = [0]{}, .bytes = [0]{}, .stringValue = ""}}
12-30 10:54:55.539   398   464 D adayocomadapter-CommunicationManager: onUpstreamReceive mPropertyId 0x21402226
12-30 10:54:55.539   398   464 D adayocomadapter-CommunicationManager: onUpstreamReceive mPropertyId 0x214021c6
12-30 10:54:55.539   398   464 D adayocomadapter-CommunicationManager: convertBytesToInt32Memcpy  0
12-30 10:54:55.539   398   464 I vw-vhal : notifyVehicleProperty, propId = 0x214021c6, data = {status: 2, int32Values: [0]}
12-30 10:54:55.539   398   464 I vw-vhal : CanSignalsAdapter::notifyVehicleProperty: solvedValue = {.timestamp = 8231361804645, .areaId = 0, .prop = 557851078, .status = AVAILABLE, .value = {.int32Values = [1]{0}, .floatValues = [0]{}, .int64Values = [0]{}, .bytes = [0]{}, .stringValue = ""}}
12-30 10:54:55.540   398   464 I VehiclePropertyStore: begin to write value to Store: {.timestamp = 8231361804645, .areaId = 0, .prop = 557851078, .status = AVAILABLE, .value = {.int32Values = [1]{0}, .floatValues = [0]{}, .int64Values = [0]{}, .bytes = [0]{}, .stringValue = ""}}
12-30 10:54:55.540   398   464 I DefaultVehicleHal_v2_0: DefaultVehicleHal::onPropertyValue, value:{.timestamp = 8231361804645, .areaId = 0, .prop = 557851078, .status = AVAILABLE, .value = {.int32Values = [1]{0}, .floatValues = [0]{}, .int64Values = [0]{}, .bytes = [0]{}, .stringValue = ""}}
12-30 10:54:55.540   398   464 D DiagPropHandler: is not DiagnosticConfig: 0x214021c6
12-30 10:54:55.540   398   464 I VehiclePropertyStore: begin to write value to Store: {.timestamp = 8231361804645, .areaId = 0, .prop = 557851078, .status = AVAILABLE, .value = {.int32Values = [1]{0}, .floatValues = [0]{}, .int64Values = [0]{}, .bytes = [0]{}, .stringValue = ""}}
12-30 10:54:55.540   398   464 D adayocomadapter-CommunicationManager: onUpstreamReceive mPropertyId 0x214021c6
12-30 10:54:55.540   398   464 D adayocomadapter-CommunicationManager: onUpstreamReceive mPropertyId 0x21402227
12-30 10:54:55.540   398   464 D adayocomadapter-CommunicationManager: convertBytesToInt32Memcpy  0
12-30 10:54:55.540   398   464 I vw-vhal : notifyVehicleProperty, propId = 0x21402227, data = {status: 2, int32Values: [0]}
12-30 10:54:55.540   398   464 I vw-vhal : CanSignalsAdapter::notifyVehicleProperty: solvedValue = {.timestamp = 8231362436645, .areaId = 0, .prop = 557851175, .status = AVAILABLE, .value = {.int32Values = [1]{0}, .floatValues = [0]{}, .int64Values = [0]{}, .bytes = [0]{}, .stringValue = ""}}
12-30 10:54:55.540   398   464 I VehiclePropertyStore: begin to write value to Store: {.timestamp = 8231362436645, .areaId = 0, .prop = 557851175, .status = AVAILABLE, .value = {.int32Values = [1]{0}, .floatValues = [0]{}, .int64Values = [0]{}, .bytes = [0]{}, .stringValue = ""}}
12-30 10:54:55.540   398   464 I DefaultVehicleHal_v2_0: DefaultVehicleHal::onPropertyValue, value:{.timestamp = 8231362436645, .areaId = 0, .prop = 557851175, .status = AVAILABLE, .value = {.int32Values = [1]{0}, .floatValues = [0]{}, .int64Values = [0]{}, .bytes = [0]{}, .stringValue = ""}}
12-30 10:54:55.540   398   464 D DiagPropHandler: is not DiagnosticConfig: 0x21402227
