12-30 10:54:48.508   398   464 I VehiclePropertyStore: begin to write value to Store: {.timestamp = 8224330452645, .areaId = 0, .prop = 557924696, .status = AVAILABLE, .value = {.int32Values = [11]{74, 80, 49, 48, 51, 53, 49, 53, 50, 66, 32}, .floatValues = [0]{}, .int64Values = [0]{}, .bytes = [0]{}, .stringValue = ""}}
12-30 10:54:48.508   398   464 D adayocomadapter-CommunicationManager: onUpstreamReceive mPropertyId 0x21414158
12-30 10:54:48.508   398   464 D adayocomadapter-CommunicationManager: onUpstreamReceive mPropertyId 0x21414159
12-30 10:54:48.508   398   464 D adayocomadapter-CommunicationManager: writeValue id=[557924697]
12-30 10:54:48.508   398   464 D adayocomadapter-VehiclePropertyStore: writeValue id=[557924697]
12-30 10:54:48.508   398   464 I vw-vhal : notifyVehicleProperty, propId = 0x21414159, data = {status: 2, int32Values: [65, 48, 49]}
12-30 10:54:48.508   398   464 I vw-vhal : CanSignalsAdapter::notifyDiagProperty: propId = 0x21414159, data = {status: 2, int32Values: [65, 48, 49]}
12-30 10:54:48.508   398   464 I vw-vhal : CanSignalsAdapter::notifyVehicleProperty: solvedValue = {.timestamp = 8224330745645, .areaId = 0, .prop = 557924697, .status = AVAILABLE, .value = {.int32Values = [3]{65, 48, 49}, .floatValues = [0]{}, .int64Values = [0]{}, .bytes = [0]{}, .stringValue = ""}}
12-30 10:54:48.508   398   464 I VehiclePropertyStore: begin to write value to Store: {.timestamp = 8224330745645, .areaId = 0, .prop = 557924697, .status = AVAILABLE, .value = {.int32Values = [3]{65, 48, 49}, .floatValues = [0]{}, .int64Values = [0]{}, .bytes = [0]{}, .stringValue = ""}}
12-30 10:54:48.508   398   464 I DefaultVehicleHal_v2_0: DefaultVehicleHal::onPropertyValue, value:{.timestamp = 8224330745645, .areaId = 0, .prop = 557924697, .status = AVAILABLE, .value = {.int32Values = [3]{65, 48, 49}, .floatValues = [0]{}, .int64Values = [0]{}, .bytes = [0]{}, .stringValue = ""}}
12-30 10:54:48.509   398   464 D DiagPropHandler: is not DiagnosticConfig: 0x21414159
12-30 10:54:48.509   398   464 I VehiclePropertyStore: begin to write value to Store: {.timestamp = 8224330745645, .areaId = 0, .prop = 557924697, .status = AVAILABLE, .value = {.int32Values = [3]{65, 48, 49}, .floatValues = [0]{}, .int64Values = [0]{}, .bytes = [0]{}, .stringValue = ""}}
12-30 10:54:48.509   398   464 D adayocomadapter-CommunicationManager: onUpstreamReceive mPropertyId 0x21414159
12-30 10:54:48.509   398   464 D adayocomadapter-CommunicationManager: onUpstreamReceive mPropertyId 0x2141415a
12-30 10:54:48.509   398   464 D adayocomadapter-CommunicationManager: writeValue id=[557924698]
12-30 10:54:48.509   398   464 D adayocomadapter-VehiclePropertyStore: writeValue id=[557924698]
12-30 10:54:48.509   398   464 I vw-vhal : notifyVehicleProperty, propId = 0x2141415a, data = {status: 2, int32Values: [0, 0, 0, 0, 0, 0, 0, 0, 0, 0, 0]}
12-30 10:54:48.509   398   464 I vw-vhal : CanSignalsAdapter::notifyDiagProperty: propId = 0x2141415a, data = {status: 2, int32Values: [0, 0, 0, 0, 0, 0, 0, 0, 0, 0, 0]}
12-30 10:54:48.509   398   464 I vw-vhal : CanSignalsAdapter::notifyVehicleProperty: solvedValue = {.timestamp = 8224331158311, .areaId = 0, .prop = 557924698, .status = AVAILABLE, .value = {.int32Values = [11]{0, 0, 0, 0, 0, 0, 0, 0, 0, 0, 0}, .floatValues = [0]{}, .int64Values = [0]{}, .bytes = [0]{}, .stringValue = ""}}
12-30 10:54:48.509   398   464 I VehiclePropertyStore: begin to write value to Store: {.timestamp = 8224331158311, .areaId = 0, .prop = 557924698, .status = AVAILABLE, .value = {.int32Values = [11]{0, 0, 0, 0, 0, 0, 0, 0, 0, 0, 0}, .floatValues = [0]{}, .int64Values = [0]{}, .bytes = [0]{}, .stringValue = ""}}
12-30 10:54:48.509   398   464 I DefaultVehicleHal_v2_0: DefaultVehicleHal::onPropertyValue, value:{.timestamp = 8224331158311, .areaId = 0, .prop = 557924698, .status = AVAILABLE, .value = {.int32Values = [11]{0, 0, 0, 0, 0, 0, 0, 0, 0, 0, 0}, .floatValues = [0]{}, .int64Values = [0]{}, .bytes = [0]{}, .stringValue = ""}}
12-30 10:54:48.509   398   464 D DiagPropHandler: is not DiagnosticConfig: 0x2141415a
12-30 10:54:48.509   398   464 I VehiclePropertyStore: begin to write value to Store: {.timestamp = 8224331158311, .areaId = 0, .prop = 557924698, .status = AVAILABLE, .value = {.int32Values = [11]{0, 0, 0, 0, 0, 0, 0, 0, 0, 0, 0}, .floatValues = [0]{}, .int64Values = [0]{}, .bytes = [0]{}, .stringValue = ""}}
12-30 10:54:48.509   398   464 D adayocomadapter-CommunicationManager: onUpstreamReceive mPropertyId 0x2141415a
12-30 10:54:48.521   360   931 D EvsDriver: forwardFrame
12-30 10:54:48.521   360   931 D EvsDriver: forwardFrameDirect
12-30 10:54:48.522   360   931 D EvsDriver: Delivered 0xb400e2ca9e40e110 as id 0
12-30 10:54:48.522   359  2784 D evsmanagerd: /dev/video-evs0 forwarded the buffer #0 to 0xb400f125d2b26dd0 from 0xb400f125e2b20710
12-30 10:54:48.527   360   458 D EvsDriver: doneWithFrame
12-30 10:54:48.536   596  3076 E WifiHAL : Invalid data received from driver
12-30 10:54:48.543  2358  2623 D RcfController: Rcf proxy is not connected!
12-30 10:54:48.555   360   931 D EvsDriver: forwardFrame
12-30 10:54:48.555   360   931 D EvsDriver: forwardFrameDirect
12-30 10:54:48.555   360   931 D EvsDriver: Delivered 0xb400e2ca9e40c7a0 as id 1
12-30 10:54:48.555   359  2784 D evsmanagerd: /dev/video-evs0 forwarded the buffer #1 to 0xb400f125d2b26dd0 from 0xb400f125e2b20710
12-30 10:54:48.557   360   458 D EvsDriver: doneWithFrame
12-30 10:54:48.586  4905  4905 I ADAYO_LOG_TRACE_LOGCAT: file_path:/mnt/sdcard/AndroidLog/logcat/logcat_2025_12_30_10_54_48_098-11.txt
12-30 10:54:48.588   360   931 D EvsDriver: forwardFrame
12-30 10:54:48.588   360   931 D EvsDriver: forwardFrameDirect
12-30 10:54:48.588   360   931 D EvsDriver: Delivered 0xb400e2ca9e40e270 as id 0
12-30 10:54:48.588   359  2784 D evsmanagerd: /dev/video-evs0 forwarded the buffer #0 to 0xb400f125d2b26dd0 from 0xb400f125e2b20710
12-30 10:54:48.594  2358  2623 D RcfController: Rcf proxy is not connected!
12-30 10:54:48.597   360   458 D EvsDriver: doneWithFrame
12-30 10:54:48.604   596  3076 E WifiHAL : Invalid data received from driver
12-30 10:54:48.621   360   931 D EvsDriver: forwardFrame
12-30 10:54:48.621   360   931 D EvsDriver: forwardFrameDirect
12-30 10:54:48.622   360   931 D EvsDriver: Delivered 0xb400e2ca9e40d4b0 as id 1
12-30 10:54:48.622   359  2784 D evsmanagerd: /dev/video-evs0 forwarded the buffer #1 to 0xb400f125d2b26dd0 from 0xb400f125e2b20710
12-30 10:54:48.628   360   458 D EvsDriver: doneWithFrame
12-30 10:54:48.635  4908  4908 I ADAYO_LOG_TRACE_LOGCAT: folder_size:
12-30 10:54:48.644  2358  2623 D RcfController: Rcf proxy is not connected!
12-30 10:54:48.655   360   931 D EvsDriver: forwardFrame
12-30 10:54:48.655   360   931 D EvsDriver: forwardFrameDirect
12-30 10:54:48.655   360   931 D EvsDriver: Delivered 0xb400e2ca9e40c2d0 as id 0
12-30 10:54:48.655   359  2784 D evsmanagerd: /dev/video-evs0 forwarded the buffer #0 to 0xb400f125d2b26dd0 from 0xb400f125e2b20710
12-30 10:54:48.658   360   458 D EvsDriver: doneWithFrame
12-30 10:54:48.672  4910  4910 I auditd  : type=1400 audit(0.0:920276): avc:  denied  { write } for  comm="logcat" name="logd" dev="tmpfs" ino=747 scontext=u:r:trace_logcat:s0 tcontext=u:object_r:logd_socket:s0 tclass=sock_file permissive=1
12-30 10:54:48.672  4910  4910 I logcat  : type=1400 audit(0.0:920276): avc:  denied  { write } for  name="logd" dev="tmpfs" ino=747 scontext=u:r:trace_logcat:s0 tcontext=u:object_r:logd_socket:s0 tclass=sock_file permissive=1
12-30 10:54:48.672  4910  4910 I auditd  : type=1400 audit(0.0:920277): avc:  denied  { connectto } for  comm="logcat" path="/dev/socket/logd" scontext=u:r:trace_logcat:s0 tcontext=u:r:logd:s0 tclass=unix_stream_socket permissive=1
12-30 10:54:48.672  4910  4910 I logcat  : type=1400 audit(0.0:920277): avc:  denied  { connectto } for  path="/dev/socket/logd" scontext=u:r:trace_logcat:s0 tcontext=u:r:logd:s0 tclass=unix_stream_socket permissive=1
12-30 10:54:48.680   596  3076 E WifiHAL : Invalid data received from driver
12-30 10:54:48.688   360   931 D EvsDriver: forwardFrame
12-30 10:54:48.688   360   931 D EvsDriver: forwardFrameDirect
12-30 10:54:48.688   360   931 D EvsDriver: Delivered 0xb400e2ca9e40d090 as id 1
12-30 10:54:48.688   359  2784 D evsmanagerd: /dev/video-evs0 forwarded the buffer #1 to 0xb400f125d2b26dd0 from 0xb400f125e2b20710
12-30 10:54:48.694  2358  2623 D RcfController: Rcf proxy is not connected!
12-30 10:54:48.699   360   458 D EvsDriver: doneWithFrame
12-30 10:54:48.721   360   931 D EvsDriver: forwardFrame
12-30 10:54:48.721   360   931 D EvsDriver: forwardFrameDirect
12-30 10:54:48.722   360   931 D EvsDriver: Delivered 0xb400e2ca9e40e110 as id 0
12-30 10:54:48.722   359  2784 D evsmanagerd: /dev/video-evs0 forwarded the buffer #0 to 0xb400f125d2b26dd0 from 0xb400f125e2b20710
12-30 10:54:48.729   360   458 D EvsDriver: doneWithFrame
12-30 10:54:48.732  4913  4913 I auditd  : type=1400 audit(0.0:920278): avc:  denied  { write } for  comm="touch" name="logcat" dev="fuse" ino=10538 scontext=u:r:trace_logcat:s0 tcontext=u:object_r:fuse:s0 tclass=dir permissive=1
12-30 10:54:48.732  4913  4913 I touch   : type=1400 audit(0.0:920278): avc:  denied  { write } for  name="logcat" dev="fuse" ino=10538 scontext=u:r:trace_logcat:s0 tcontext=u:object_r:fuse:s0 tclass=dir permissive=1
12-30 10:54:48.732  4913  4913 I auditd  : type=1400 audit(0.0:920279): avc:  denied  { add_name } for  comm="touch" name="logcat_2025_12_30_10_54_48_098-11.txt" scontext=u:r:trace_logcat:s0 tcontext=u:object_r:fuse:s0 tclass=dir permissive=1
12-30 10:54:48.732  4913  4913 I touch   : type=1400 audit(0.0:920279): avc:  denied  { add_name } for  name="logcat_2025_12_30_10_54_48_098-11.txt" scontext=u:r:trace_logcat:s0 tcontext=u:object_r:fuse:s0 tclass=dir permissive=1
12-30 10:54:48.732  4913  4913 I auditd  : type=1400 audit(0.0:920280): avc:  denied  { create } for  comm="touch" name="logcat_2025_12_30_10_54_48_098-11.txt" scontext=u:r:trace_logcat:s0 tcontext=u:object_r:fuse:s0 tclass=file permissive=1
12-30 10:54:48.732  4913  4913 I touch   : type=1400 audit(0.0:920280): avc:  denied  { create } for  name="logcat_2025_12_30_10_54_48_098-11.txt" scontext=u:r:trace_logcat:s0 tcontext=u:object_r:fuse:s0 tclass=file permissive=1
12-30 10:54:48.737  2310  2804 D FuseDaemon: Node: 12970642256212204944 created.
12-30 10:54:48.744  2358  2623 D RcfController: Rcf proxy is not connected!
12-30 10:54:48.746   596  3076 E WifiHAL : Invalid data received from driver
12-30 10:54:48.755   360   931 D EvsDriver: forwardFrame
12-30 10:54:48.755   360   931 D EvsDriver: forwardFrameDirect
12-30 10:54:48.755   360   931 D EvsDriver: Delivered 0xb400e2ca9e40c7a0 as id 1
12-30 10:54:48.755   359  2784 D evsmanagerd: /dev/video-evs0 forwarded the buffer #1 to 0xb400f125d2b26dd0 from 0xb400f125e2b20710
12-30 10:54:48.759   360   458 D EvsDriver: doneWithFrame
12-30 10:54:48.788   360   931 D EvsDriver: forwardFrame
12-30 10:54:48.788   360   931 D EvsDriver: forwardFrameDirect
12-30 10:54:48.788  1667  2513 W ContextImpl: Calling a method in the system process without a qualified user: android.app.ContextImpl.bindService:1988 android.content.ContextWrapper.bindService:861 com.ford.sync.fnvservice.analytics.AnalyticsManager$RetryHandler.a:126 com.ford.sync.fnvservice.analytics.AnalyticsManager$RetryHandler.handleMessage:103 android.os.Handler.dispatchMessage:106 
12-30 10:54:48.788   360   931 D EvsDriver: Delivered 0xb400e2ca9e40e270 as id 0
12-30 10:54:48.788   359  2784 D evsmanagerd: /dev/video-evs0 forwarded the buffer #0 to 0xb400f125d2b26dd0 from 0xb400f125e2b20710
12-30 10:54:48.789   916  1492 W ActivityManager: Unable to start service Intent { cmp=com.ford.sync.fnvservice/.analytics.AnalyticsService } U=0: not found
12-30 10:54:48.789  1667  2513 W AnalyticsManager:  bind ford Analytics failed -> sendRetryMessage 
12-30 10:54:48.789   360   458 D EvsDriver: doneWithFrame
12-30 10:54:48.795  2358  2623 D RcfController: Rcf proxy is not connected!
12-30 10:54:48.809   596  3076 E WifiHAL : Invalid data received from driver
12-30 10:54:48.821   360   931 D EvsDriver: forwardFrame
12-30 10:54:48.821   360   931 D EvsDriver: forwardFrameDirect
12-30 10:54:48.822   360   931 D EvsDriver: Delivered 0xb400e2ca9e40d4b0 as id 1
12-30 10:54:48.822   359  2784 D evsmanagerd: /dev/video-evs0 forwarded the buffer #1 to 0xb400f125d2b26dd0 from 0xb400f125e2b20710
12-30 10:54:48.830   360   458 D EvsDriver: doneWithFrame
12-30 10:54:48.844  2475  2681 I TtsServiceAgent: check thread start checking, threadId = 29
12-30 10:54:48.844  2475  2681 D TtsServiceAgent: start bind service...
12-30 10:54:48.844  2475  2681 D TtsServiceAgent: ----->initService, usage = 16
12-30 10:54:48.845  2475  2681 W ContextImpl: Calling a method in the system process without a qualified user: android.app.ContextImpl.bindService:1988 android.content.ContextWrapper.bindService:861 com.iflytek.autofly.ttsaidl.ttsproxy.TtsServiceAgent.initService:189 com.iflytek.autofly.ttsaidl.ttsproxy.TtsServiceAgent.initService:133 com.iflytek.autofly.ttsaidl.ttsproxy.TtsServiceAgent$2.run:517 
12-30 10:54:48.845  2358  2623 D RcfController: Rcf proxy is not connected!
12-30 10:54:48.845   916  1492 W ActivityManager: Unable to start service Intent { act=com.iflytek.autofly.tts.ttsservice.TtsAdapterService cmp=com.iflytek.cutefly.speechclient.hmi/com.iflytek.autofly.tts.ttsservice.TtsAdapterService } U=0: not found
12-30 10:54:48.845  2475  2681 D TtsServiceAgent: bindService: false
12-30 10:54:48.845  2475  2681 D TtsServiceAgent: start reInitService
12-30 10:54:48.845  2475  2681 D TtsServiceAgent: aidlCheckThreadRunning = true
12-30 10:54:48.845  2475  2681 D TtsServiceAgent: ----->check connection status in 1000s...
12-30 10:54:48.855   360   931 D EvsDriver: forwardFrame
12-30 10:54:48.855   360   931 D EvsDriver: forwardFrameDirect
12-30 10:54:48.855   360   931 D EvsDriver: Delivered 0xb400e2ca9e40c2d0 as id 0
12-30 10:54:48.855   359  2784 D evsmanagerd: /dev/video-evs0 forwarded the buffer #0 to 0xb400f125d2b26dd0 from 0xb400f125e2b20710
12-30 10:54:48.860   360   458 D EvsDriver: doneWithFrame
12-30 10:54:48.885   596  3076 E WifiHAL : Invalid data received from driver
12-30 10:54:48.888   360   931 D EvsDriver: forwardFrame
12-30 10:54:48.888   360   931 D EvsDriver: forwardFrameDirect
12-30 10:54:48.888   360   931 D EvsDriver: Delivered 0xb400e2ca9e40d090 as id 1
12-30 10:54:48.888   359  2784 D evsmanagerd: /dev/video-evs0 forwarded the buffer #1 to 0xb400f125d2b26dd0 from 0xb400f125e2b20710
12-30 10:54:48.890   360   458 D EvsDriver: doneWithFrame
12-30 10:54:48.895  2358  2623 D RcfController: Rcf proxy is not connected!
12-30 10:54:48.921   360   931 D EvsDriver: forwardFrame
12-30 10:54:48.921   360   931 D EvsDriver: forwardFrameDirect
12-30 10:54:48.921   360   931 D EvsDriver: Delivered 0xb400e2ca9e40e110 as id 0
12-30 10:54:48.922   359  2784 D evsmanagerd: /dev/video-evs0 forwarded the buffer #0 to 0xb400f125d2b26dd0 from 0xb400f125e2b20710
12-30 10:54:48.931   360   458 D EvsDriver: doneWithFrame
12-30 10:54:48.945  2358  2623 D RcfController: Rcf proxy is not connected!
12-30 10:54:48.955   360   931 D EvsDriver: forwardFrame
12-30 10:54:48.955   360   931 D EvsDriver: forwardFrameDirect
12-30 10:54:48.955   360   931 D EvsDriver: Delivered 0xb400e2ca9e40c7a0 as id 1
12-30 10:54:48.955   359  2784 D evsmanagerd: /dev/video-evs0 forwarded the buffer #1 to 0xb400f125d2b26dd0 from 0xb400f125e2b20710
12-30 10:54:48.955   596  3076 E WifiHAL : Invalid data received from driver
12-30 10:54:48.961   360   458 D EvsDriver: doneWithFrame
12-30 10:54:48.988   360   931 D EvsDriver: forwardFrame
12-30 10:54:48.988   360   931 D EvsDriver: forwardFrameDirect
12-30 10:54:48.988   360   931 D EvsDriver: Delivered 0xb400e2ca9e40e270 as id 0
12-30 10:54:48.988   359  2784 D evsmanagerd: /dev/video-evs0 forwarded the buffer #0 to 0xb400f125d2b26dd0 from 0xb400f125e2b20710
12-30 10:54:48.991   360   458 D EvsDriver: doneWithFrame
12-30 10:54:48.995  2358  2623 D RcfController: Rcf proxy is not connected!
12-30 10:54:49.021   360   931 D EvsDriver: forwardFrame
12-30 10:54:49.021   360   931 D EvsDriver: forwardFrameDirect
12-30 10:54:49.021   360   931 D EvsDriver: Delivered 0xb400e2ca9e40d4b0 as id 1
12-30 10:54:49.022   359  2784 D evsmanagerd: /dev/video-evs0 forwarded the buffer #1 to 0xb400f125d2b26dd0 from 0xb400f125e2b20710
12-30 10:54:49.023   596  3076 E WifiHAL : Invalid data received from driver
12-30 10:54:49.032   360   458 D EvsDriver: doneWithFrame
12-30 10:54:49.046  2358  2623 D RcfController: Rcf proxy is not connected!
12-30 10:54:49.055   360   931 D EvsDriver: forwardFrame
12-30 10:54:49.055   360   931 D EvsDriver: forwardFrameDirect
12-30 10:54:49.055   360   931 D EvsDriver: Delivered 0xb400e2ca9e40c2d0 as id 0
12-30 10:54:49.055   359  2784 D evsmanagerd: /dev/video-evs0 forwarded the buffer #0 to 0xb400f125d2b26dd0 from 0xb400f125e2b20710
12-30 10:54:49.062   360   458 D EvsDriver: doneWithFrame
12-30 10:54:49.065  1667  2407 I media_message_log->MediaMessageProxy: (SourceFile:1)b connectToService action bind
12-30 10:54:49.066   916  1492 W ActivityManager: Unable to start service Intent { cmp=com.adayo.server.mediamessagetransfer/.MediaMessTransferService (has extras) } U=0: not found
12-30 10:54:49.066  1667  2407 E media_message_log->MediaMessageProxy: (SourceFile:7)a bindServiceAsUser isBound = false
12-30 10:54:49.072   596  3076 E WifiHAL : Invalid data received from driver
12-30 10:54:49.088   360   931 D EvsDriver: forwardFrame
12-30 10:54:49.088   360   931 D EvsDriver: forwardFrameDirect
12-30 10:54:49.088   360   931 D EvsDriver: Delivered 0xb400e2ca9e40d090 as id 1
12-30 10:54:49.088   359  2784 D evsmanagerd: /dev/video-evs0 forwarded the buffer #1 to 0xb400f125d2b26dd0 from 0xb400f125e2b20710
12-30 10:54:49.092   360   458 D EvsDriver: doneWithFrame
12-30 10:54:49.096  2358  2623 D RcfController: Rcf proxy is not connected!
12-30 10:54:49.121   360   931 D EvsDriver: forwardFrame
12-30 10:54:49.121   360   931 D EvsDriver: forwardFrameDirect
12-30 10:54:49.121   360   931 D EvsDriver: Delivered 0xb400e2ca9e40e110 as id 0
12-30 10:54:49.122   359  2784 D evsmanagerd: /dev/video-evs0 forwarded the buffer #0 to 0xb400f125d2b26dd0 from 0xb400f125e2b20710
12-30 10:54:49.122   360   458 D EvsDriver: doneWithFrame
12-30 10:54:49.146  2358  2623 D RcfController: Rcf proxy is not connected!
12-30 10:54:49.150   596  3076 E WifiHAL : Invalid data received from driver
12-30 10:54:49.155   360   931 D EvsDriver: forwardFrame
12-30 10:54:49.155   360   931 D EvsDriver: forwardFrameDirect
12-30 10:54:49.155   360   931 D EvsDriver: Delivered 0xb400e2ca9e40c7a0 as id 1
12-30 10:54:49.155   359  2784 D evsmanagerd: /dev/video-evs0 forwarded the buffer #1 to 0xb400f125d2b26dd0 from 0xb400f125e2b20710
12-30 10:54:49.163   360   458 D EvsDriver: doneWithFrame
12-30 10:54:49.188   360   931 D EvsDriver: forwardFrame
12-30 10:54:49.188   360   931 D EvsDriver: forwardFrameDirect
12-30 10:54:49.188   360   931 D EvsDriver: Delivered 0xb400e2ca9e40e270 as id 0
12-30 10:54:49.188   359  2784 D evsmanagerd: /dev/video-evs0 forwarded the buffer #0 to 0xb400f125d2b26dd0 from 0xb400f125e2b20710
12-30 10:54:49.193   360   458 D EvsDriver: doneWithFrame
12-30 10:54:49.196  2358  2623 D RcfController: Rcf proxy is not connected!
12-30 10:54:49.208  1667  2594 W ContextImpl: Calling a method in the system process without a qualified user: android.app.ContextImpl.bindService:1988 android.content.ContextWrapper.bindService:861 com.ford.sync.fnvservice.FordFnv.c:202 com.ford.sync.fnvservice.FordFnv.c:43 com.ford.sync.fnvservice.FordFnv$RetryHandler.handleMessage:245 
12-30 10:54:49.209   916  1492 W ActivityManager: Unable to start service Intent { cmp=com.ford.sync.fnvservice/.FordFnvService } U=0: not found
12-30 10:54:49.209  1667  2594 W FordFnv :  bind ford fnv failed -> sendRetryMessage 
12-30 10:54:49.219   596  3076 E WifiHAL : Invalid data received from driver
12-30 10:54:49.220   798  4895 W adbd    : timed out while waiting for FUNCTIONFS_BIND, trying again
12-30 10:54:49.220   798  4895 I adbd    : UsbFfs: connection terminated: monitor thread finished
12-30 10:54:49.221   798   798 I adbd    : UsbFfs: already offline
12-30 10:54:49.221   798   798 I adbd    : destroying transport UsbFfs
12-30 10:54:49.221   798   798 I adbd    : UsbFfsConnection being destroyed
12-30 10:54:49.221   360   931 D EvsDriver: forwardFrame
12-30 10:54:49.221   360   931 D EvsDriver: forwardFrameDirect
12-30 10:54:49.221   360   931 D EvsDriver: Delivered 0xb400e2ca9e40d4b0 as id 1
12-30 10:54:49.222   359  2784 D evsmanagerd: /dev/video-evs0 forwarded the buffer #1 to 0xb400f125d2b26dd0 from 0xb400f125e2b20710
12-30 10:54:49.223   360   458 D EvsDriver: doneWithFrame
12-30 10:54:49.240  1611  1611 I ADAYO_LOG_: handleMessage(UsbFunc.java:3)copyQnx = 0
12-30 10:54:49.240  1611  1611 I ADAYO_LOG_: handleMessage(UsbFunc.java:12)copyState = 2
12-30 10:54:49.246  2358  2623 D RcfController: Rcf proxy is not connected!
12-30 10:54:49.255   360   931 D EvsDriver: forwardFrame
12-30 10:54:49.255   360   931 D EvsDriver: forwardFrameDirect
12-30 10:54:49.255   360   931 D EvsDriver: Delivered 0xb400e2ca9e40c2d0 as id 0
12-30 10:54:49.255   359  2784 D evsmanagerd: /dev/video-evs0 forwarded the buffer #0 to 0xb400f125d2b26dd0 from 0xb400f125e2b20710
12-30 10:54:49.262   798   838 I adbd    : opening control endpoint /dev/usb-ffs/adb/ep0
12-30 10:54:49.263   798   838 I adbd    : UsbFfsConnection constructed
12-30 10:54:49.263   798  4919 I adbd    : UsbFfs-monitor thread spawned
12-30 10:54:49.264   360   458 D EvsDriver: doneWithFrame
01-01 10:17:06.272   838   838 I         : read descriptors
12-30 10:54:49.274   596  3076 E WifiHAL : Invalid data received from driver
12-30 10:54:49.277  1667  2410 I media_message_log->MediaMessageUserProxy: (SourceFile:1)b connectToService action bind
12-30 10:54:49.278   916  1492 W ActivityManager: Unable to start service Intent { cmp=com.adayo.server.mediamessagetransfer/.MediaMessTransferService (has extras) } U=0: not found
12-30 10:54:49.278  1667  2410 E media_message_log->MediaMessageUserProxy: (SourceFile:7)a bindServiceAsUser isBound = false
12-30 10:54:49.288   360   931 D EvsDriver: forwardFrame
12-30 10:54:49.288   360   931 D EvsDriver: forwardFrameDirect
12-30 10:54:49.288   360   931 D EvsDriver: Delivered 0xb400e2ca9e40d090 as id 1
12-30 10:54:49.288   359  2784 D evsmanagerd: /dev/video-evs0 forwarded the buffer #1 to 0xb400f125d2b26dd0 from 0xb400f125e2b20710
12-30 10:54:49.294   360   458 D EvsDriver: doneWithFrame
12-30 10:54:49.297  2358  2623 D RcfController: Rcf proxy is not connected!
12-30 10:54:49.321   360   931 D EvsDriver: forwardFrame
12-30 10:54:49.321   360   931 D EvsDriver: forwardFrameDirect
12-30 10:54:49.321   360   931 D EvsDriver: Delivered 0xb400e2ca9e40e110 as id 0
12-30 10:54:49.322   359  2784 D evsmanagerd: /dev/video-evs0 forwarded the buffer #0 to 0xb400f125d2b26dd0 from 0xb400f125e2b20710
12-30 10:54:49.324   360   458 D EvsDriver: doneWithFrame
12-30 10:54:49.333   596  3076 E WifiHAL : Invalid data received from driver
12-30 10:54:49.333   596  3076 E WifiHAL : Invalid data received from driver
12-30 10:54:49.333   596  3076 E WifiHAL : Invalid data received from driver
12-30 10:54:49.333   596  3076 E WifiHAL : Invalid data received from driver
12-30 10:54:49.333   596  3076 E WifiHAL : Invalid data received from driver
12-30 10:54:49.333   596  3076 E WifiHAL : Invalid data received from driver
12-30 10:54:49.333   596  3076 E WifiHAL : Invalid data received from driver
12-30 10:54:49.339   596  3076 E WifiHAL : Invalid data received from driver
12-30 10:54:49.347  2358  2623 D RcfController: Rcf proxy is not connected!
12-30 10:54:49.354   650   729 D fgemcucomm: sd Uart data : 6AA60200B300029202B5
12-30 10:54:49.354   650   729 D fgemcucomm: rev uart=67965,len=23, data : 6AA68100B3000F92020004000000000000000000000025
12-30 10:54:49.354   398   882 D adayocomadapter-ParseProtocolFunc: printRaWMsg Name[MCUToUPstream recv] len[15] data[920200040000000000000000000000]
12-30 10:54:49.354   398   882 D adayocomadapter-CommunicationManager: onUpstreamback   member[0] dataLength[12] timePoint[8225176]
12-30 10:54:49.354   398   882 D adayocomadapter-ParseProtocolFunc: printRaWMsg Name[onUpstreamback] len[12] data[040000000000000000000000]
12-30 10:54:49.354   398   464 D adayocomadapter-UpstreamHandler: processBeforePacket upSreamtProcessTimePoint[8225176] 
12-30 10:54:49.354   398   464 D adayocomadapter-UpstreamHandler: processPacket UPSTREAM_QUEUE_DATA_TIMEOUT
12-30 10:54:49.354   398   464 D adayocomadapter-ParseProtocolFunc: parseCommonIPCLBytes Processing tableNumber[4]
12-30 10:54:49.354   398   464 D adayocomadapter-ParseProtocolFunc: parseCommonIPCLBytes Processing tablename[Table-4] tableSize[12]
12-30 10:54:49.354   398   464 D adayocomadapter-ParseProtocolFunc: printRaWMsg Name[byteStream recv] len[12] data[040000000000000000000000]
12-30 10:54:49.354   398   464 D adayocomadapter-ParseProtocolFunc: printRaWMsg Name[IPCLtoVHAL] len[7] data[2140200C000000]
12-30 10:54:49.354   398   464 D adayocomadapter-ParseProtocolFunc: printRaWMsg Name[IPCLtoVHAL] len[7] data[2140200D000000]
12-30 10:54:49.354   398   464 D adayocomadapter-ParseProtocolFunc: printRaWMsg Name[IPCLtoVHAL] len[6] data[214022330000]
12-30 10:54:49.354   398   464 D adayocomadapter-ParseProtocolFunc: printRaWMsg Name[IPCLtoVHAL] len[9] data[2140201D0000000000]
12-30 10:54:49.354   398   464 D adayocomadapter-ParseProtocolFunc: printRaWMsg Name[IPCLtoVHAL] len[7] data[2140201E000000]
12-30 10:54:49.354   398   464 D adayocomadapter-CommunicationManager: onUpstreamReceive mPropertyId 0x2140200c
12-30 10:54:49.354   398   464 D adayocomadapter-CommunicationManager: convertBytesToInt32Memcpy  0
12-30 10:54:49.354   398   464 I vw-vhal : notifyVehicleProperty, propId = 0x2140200c, data = {status: 2, int32Values: [0]}
12-30 10:54:49.355   398   464 I vw-vhal : CanSignalsAdapter::notifyVehicleProperty: solvedValue = {.timestamp = 8225176858978, .areaId = 0, .prop = 557850636, .status = AVAILABLE, .value = {.int32Values = [1]{0}, .floatValues = [0]{}, .int64Values = [0]{}, .bytes = [0]{}, .stringValue = ""}}
12-30 10:54:49.355   398   464 I VehiclePropertyStore: begin to write value to Store: {.timestamp = 8225176858978, .areaId = 0, .prop = 557850636, .status = AVAILABLE, .value = {.int32Values = [1]{0}, .floatValues = [0]{}, .int64Values = [0]{}, .bytes = [0]{}, .stringValue = ""}}
12-30 10:54:49.355   360   931 D EvsDriver: forwardFrame
12-30 10:54:49.355   398   464 I DefaultVehicleHal_v2_0: DefaultVehicleHal::onPropertyValue, value:{.timestamp = 8225176858978, .areaId = 0, .prop = 557850636, .status = AVAILABLE, .value = {.int32Values = [1]{0}, .floatValues = [0]{}, .int64Values = [0]{}, .bytes = [0]{}, .stringValue = ""}}
12-30 10:54:49.355   360   931 D EvsDriver: forwardFrameDirect
12-30 10:54:49.355   398   464 D DiagPropHandler: is not DiagnosticConfig: 0x2140200c
12-30 10:54:49.355   398   464 I VehiclePropertyStore: begin to write value to Store: {.timestamp = 8225176858978, .areaId = 0, .prop = 557850636, .status = AVAILABLE, .value = {.int32Values = [1]{0}, .floatValues = [0]{}, .int64Values = [0]{}, .bytes = [0]{}, .stringValue = ""}}
12-30 10:54:49.355   398   464 D adayocomadapter-CommunicationManager: onUpstreamReceive mPropertyId 0x2140200c
12-30 10:54:49.355   398   464 D adayocomadapter-CommunicationManager: onUpstreamReceive mPropertyId 0x2140200d
12-30 10:54:49.355   398   464 D adayocomadapter-CommunicationManager: convertBytesToInt32Memcpy  0
12-30 10:54:49.355   360   931 D EvsDriver: Delivered 0xb400e2ca9e40c7a0 as id 1
12-30 10:54:49.355   398   464 I vw-vhal : notifyVehicleProperty, propId = 0x2140200d, data = {status: 2, int32Values: [0]}
12-30 10:54:49.355   398   464 I vw-vhal : CanSignalsAdapter::notifyVehicleProperty: solvedValue = {.timestamp = 8225177195311, .areaId = 0, .prop = 557850637, .status = AVAILABLE, .value = {.int32Values = [1]{0}, .floatValues = [0]{}, .int64Values = [0]{}, .bytes = [0]{}, .stringValue = ""}}
12-30 10:54:49.355   398   464 I VehiclePropertyStore: begin to write value to Store: {.timestamp = 8225177195311, .areaId = 0, .prop = 557850637, .status = AVAILABLE, .value = {.int32Values = [1]{0}, .floatValues = [0]{}, .int64Values = [0]{}, .bytes = [0]{}, .stringValue = ""}}
12-30 10:54:49.355   359  2784 D evsmanagerd: /dev/video-evs0 forwarded the buffer #1 to 0xb400f125d2b26dd0 from 0xb400f125e2b20710
12-30 10:54:49.355   398   464 I DefaultVehicleHal_v2_0: DefaultVehicleHal::onPropertyValue, value:{.timestamp = 8225177195311, .areaId = 0, .prop = 557850637, .status = AVAILABLE, .value = {.int32Values = [1]{0}, .floatValues = [0]{}, .int64Values = [0]{}, .bytes = [0]{}, .stringValue = ""}}
12-30 10:54:49.355   398   464 D DiagPropHandler: is not DiagnosticConfig: 0x2140200d
12-30 10:54:49.355   398   464 I VehiclePropertyStore: begin to write value to Store: {.timestamp = 8225177195311, .areaId = 0, .prop = 557850637, .status = AVAILABLE, .value = {.int32Values = [1]{0}, .floatValues = [0]{}, .int64Values = [0]{}, .bytes = [0]{}, .stringValue = ""}}
12-30 10:54:49.355   398   464 D adayocomadapter-CommunicationManager: onUpstreamReceive mPropertyId 0x2140200d
12-30 10:54:49.355   398   464 D adayocomadapter-CommunicationManager: onUpstreamReceive mPropertyId 0x21402233
12-30 10:54:49.355   398   464 D adayocomadapter-CommunicationManager: convertBytesToInt32Memcpy  0
12-30 10:54:49.355   398   464 I vw-vhal : notifyVehicleProperty, propId = 0x21402233, data = {status: 2, int32Values: [0]}
12-30 10:54:49.355   398   464 I vw-vhal : CanSignalsAdapter::notifyVehicleProperty: solvedValue = {.timestamp = 8225177399645, .areaId = 0, .prop = 557851187, .status = AVAILABLE, .value = {.int32Values = [1]{0}, .floatValues = [0]{}, .int64Values = [0]{}, .bytes = [0]{}, .stringValue = ""}}
12-30 10:54:49.355   398   464 I VehiclePropertyStore: begin to write value to Store: {.timestamp = 8225177399645, .areaId = 0, .prop = 557851187, .status = AVAILABLE, .value = {.int32Values = [1]{0}, .floatValues = [0]{}, .int64Values = [0]{}, .bytes = [0]{}, .stringValue = ""}}
12-30 10:54:49.355   398   464 I DefaultVehicleHal_v2_0: DefaultVehicleHal::onPropertyValue, value:{.timestamp = 8225177399645, .areaId = 0, .prop = 557851187, .status = AVAILABLE, .value = {.int32Values = [1]{0}, .floatValues = [0]{}, .int64Values = [0]{}, .bytes = [0]{}, .stringValue = ""}}
12-30 10:54:49.355   398   464 D DiagPropHandler: is not DiagnosticConfig: 0x21402233
12-30 10:54:49.355   398   464 I VehiclePropertyStore: begin to write value to Store: {.timestamp = 8225177399645, .areaId = 0, .prop = 557851187, .status = AVAILABLE, .value = {.int32Values = [1]{0}, .floatValues = [0]{}, .int64Values = [0]{}, .bytes = [0]{}, .stringValue = ""}}
12-30 10:54:49.355   398   464 D adayocomadapter-CommunicationManager: onUpstreamReceive mPropertyId 0x21402233
12-30 10:54:49.355   398   464 D adayocomadapter-CommunicationManager: onUpstreamReceive mPropertyId 0x2140201d
12-30 10:54:49.355   398   464 D adayocomadapter-CommunicationManager: convertBytesToInt32Memcpy  0
12-30 10:54:49.355   398   464 I vw-vhal : notifyVehicleProperty, propId = 0x2140201d, data = {status: 2, int32Values: [0]}
12-30 10:54:49.355   398   464 I vw-vhal : CanSignalsAdapter::notifyVehicleProperty: solvedValue = {.timestamp = 8225177611311, .areaId = 0, .prop = 557850653, .status = AVAILABLE, .value = {.int32Values = [1]{0}, .floatValues = [0]{}, .int64Values = [0]{}, .bytes = [0]{}, .stringValue = ""}}
12-30 10:54:49.355   398   464 I VehiclePropertyStore: begin to write value to Store: {.timestamp = 8225177611311, .areaId = 0, .prop = 557850653, .status = AVAILABLE, .value = {.int32Values = [1]{0}, .floatValues = [0]{}, .int64Values = [0]{}, .bytes = [0]{}, .stringValue = ""}}
12-30 10:54:49.355   398   464 I DefaultVehicleHal_v2_0: DefaultVehicleHal::onPropertyValue, value:{.timestamp = 8225177611311, .areaId = 0, .prop = 557850653, .status = AVAILABLE, .value = {.int32Values = [1]{0}, .floatValues = [0]{}, .int64Values = [0]{}, .bytes = [0]{}, .stringValue = ""}}
12-30 10:54:49.355   398   464 D DiagPropHandler: is not DiagnosticConfig: 0x2140201d
12-30 10:54:49.355   398   464 I VehiclePropertyStore: begin to write value to Store: {.timestamp = 8225177611311, .areaId = 0, .prop = 557850653, .status = AVAILABLE, .value = {.int32Values = [1]{0}, .floatValues = [0]{}, .int64Values = [0]{}, .bytes = [0]{}, .stringValue = ""}}
12-30 10:54:49.355   398   464 D adayocomadapter-CommunicationManager: onUpstreamReceive mPropertyId 0x2140201d
12-30 10:54:49.355   398   464 D adayocomadapter-CommunicationManager: onUpstreamReceive mPropertyId 0x2140201e
12-30 10:54:49.355   398   464 D adayocomadapter-CommunicationManager: convertBytesToInt32Memcpy  0
12-30 10:54:49.355   398   464 I vw-vhal : notifyVehicleProperty, propId = 0x2140201e, data = {status: 2, int32Values: [0]}
12-30 10:54:49.355   398   464 I vw-vhal : CanSignalsAdapter::notifyVehicleProperty: solvedValue = {.timestamp = 8225177819645, .areaId = 0, .prop = 557850654, .status = AVAILABLE, .value = {.int32Values = [1]{0}, .floatValues = [0]{}, .int64Values = [0]{}, .bytes = [0]{}, .stringValue = ""}}
12-30 10:54:49.356   398   464 I VehiclePropertyStore: begin to write value to Store: {.timestamp = 8225177819645, .areaId = 0, .prop = 557850654, .status = AVAILABLE, .value = {.int32Values = [1]{0}, .floatValues = [0]{}, .int64Values = [0]{}, .bytes = [0]{}, .stringValue = ""}}
12-30 10:54:49.356   398   464 I DefaultVehicleHal_v2_0: DefaultVehicleHal::onPropertyValue, value:{.timestamp = 8225177819645, .areaId = 0, .prop = 557850654, .status = AVAILABLE, .value = {.int32Values = [1]{0}, .floatValues = [0]{}, .int64Values = [0]{}, .bytes = [0]{}, .stringValue = ""}}
12-30 10:54:49.356   398   464 D DiagPropHandler: is not DiagnosticConfig: 0x2140201e
12-30 10:54:49.356   398   464 I VehiclePropertyStore: begin to write value to Store: {.timestamp = 8225177819645, .areaId = 0, .prop = 557850654, .status = AVAILABLE, .value = {.int32Values = [1]{0}, .floatValues = [0]{}, .int64Values = [0]{}, .bytes = [0]{}, .stringValue = ""}}
12-30 10:54:49.356   398   464 D adayocomadapter-CommunicationManager: onUpstreamReceive mPropertyId 0x2140201e
12-30 10:54:49.364   360   458 D EvsDriver: doneWithFrame
12-30 10:54:49.388   360   931 I EvsDriver: /dev/video-evs0 VideoCapture fps 30.0013
12-30 10:54:49.388   360   931 D EvsDriver: forwardFrame
12-30 10:54:49.388   360   931 D EvsDriver: forwardFrameDirect
12-30 10:54:49.388   360   931 D EvsDriver: Delivered 0xb400e2ca9e40e270 as id 0
12-30 10:54:49.388   359  2784 D evsmanagerd: /dev/video-evs0 forwarded the buffer #0 to 0xb400f125d2b26dd0 from 0xb400f125e2b20710
12-30 10:54:49.395   360   458 D EvsDriver: doneWithFrame
12-30 10:54:49.397  2358  2623 D RcfController: Rcf proxy is not connected!
12-30 10:54:49.420  1582  3078 I c       : checkService in back thread add: adayo.upgrade.v2.0
12-30 10:54:49.421  1582  3078 E upgradeApp_251223_V1  l: d(null:11)pre->c(null:23)-> serviceBinder is null
12-30 10:54:49.421  1582  3078 W c       : doBindService in back thread fail: adayo.upgrade.v2.0
12-30 10:54:49.421   360   931 D EvsDriver: forwardFrame
12-30 10:54:49.421   360   931 D EvsDriver: forwardFrameDirect
12-30 10:54:49.421   360   931 D EvsDriver: Delivered 0xb400e2ca9e40d4b0 as id 1
12-30 10:54:49.422   359  2784 D evsmanagerd: /dev/video-evs0 forwarded the buffer #1 to 0xb400f125d2b26dd0 from 0xb400f125e2b20710
12-30 10:54:49.424   596  3076 E WifiHAL : Invalid data received from driver
12-30 10:54:49.425   360   458 D EvsDriver: doneWithFrame
12-30 10:54:49.435   657   908 D EvsApp  : state:255,subState:255,desiredState:0,subDesiredState:0
12-30 10:54:49.447  2358  2623 D RcfController: Rcf proxy is not connected!
12-30 10:54:49.455   360   931 D EvsDriver: forwardFrame
12-30 10:54:49.455   360   931 D EvsDriver: forwardFrameDirect
12-30 10:54:49.455   360   931 D EvsDriver: Delivered 0xb400e2ca9e40c2d0 as id 0
12-30 10:54:49.455   359  2784 D evsmanagerd: /dev/video-evs0 forwarded the buffer #0 to 0xb400f125d2b26dd0 from 0xb400f125e2b20710
12-30 10:54:49.465   360   458 D EvsDriver: doneWithFrame
12-30 10:54:49.479   596  3076 E WifiHAL : Invalid data received from driver
12-30 10:54:49.488   360   931 D EvsDriver: forwardFrame
12-30 10:54:49.488   360   931 D EvsDriver: forwardFrameDirect
12-30 10:54:49.488   360   931 D EvsDriver: Delivered 0xb400e2ca9e40d090 as id 1
12-30 10:54:49.488   359  2784 D evsmanagerd: /dev/video-evs0 forwarded the buffer #1 to 0xb400f125d2b26dd0 from 0xb400f125e2b20710
12-30 10:54:49.496   360   458 D EvsDriver: doneWithFrame
12-30 10:54:49.497  2358  2623 D RcfController: Rcf proxy is not connected!
12-30 10:54:49.503   650   729 D fgemcucomm: sd Uart data : 6AA60200B400029202B4
12-30 10:54:49.503   650   729 D fgemcucomm: rev uart=67966,len=15, data : 6AA68100B40007920200020000002E
12-30 10:54:49.503   398   882 D adayocomadapter-ParseProtocolFunc: printRaWMsg Name[MCUToUPstream recv] len[7] data[92020002000000]
12-30 10:54:49.503   398   882 D adayocomadapter-CommunicationManager: onUpstreamback   member[0] dataLength[4] timePoint[8225325]
12-30 10:54:49.503   398   882 D adayocomadapter-ParseProtocolFunc: printRaWMsg Name[onUpstreamback] len[4] data[02000000]
12-30 10:54:49.503   398   464 D adayocomadapter-UpstreamHandler: processBeforePacket upSreamtProcessTimePoint[8225325] 
12-30 10:54:49.503   398   464 D adayocomadapter-UpstreamHandler: processPacket UPSTREAM_QUEUE_DATA_TIMEOUT
12-30 10:54:49.503   398   464 D adayocomadapter-ParseProtocolFunc: parseCommonIPCLBytes Processing tableNumber[2]
12-30 10:54:49.503   398   464 D adayocomadapter-ParseProtocolFunc: parseCommonIPCLBytes Processing tablename[Table-2] tableSize[4]
12-30 10:54:49.503   398   464 D adayocomadapter-ParseProtocolFunc: printRaWMsg Name[byteStream recv] len[4] data[02000000]
12-30 10:54:49.503   398   464 D adayocomadapter-ParseProtocolFunc: printRaWMsg Name[IPCLtoVHAL] len[6] data[214020490000]
12-30 10:54:49.503   398   464 D adayocomadapter-ParseProtocolFunc: printRaWMsg Name[IPCLtoVHAL] len[6] data[214021A20000]
12-30 10:54:49.503   398   464 D adayocomadapter-ParseProtocolFunc: printRaWMsg Name[IPCLtoVHAL] len[6] data[214020EA0000]
12-30 10:54:49.503   398   464 D adayocomadapter-CommunicationManager: onUpstreamReceive mPropertyId 0x21402049
12-30 10:54:49.503   398   464 D adayocomadapter-CommunicationManager: convertBytesToInt32Memcpy  0
12-30 10:54:49.503   398   464 I vw-vhal : notifyVehicleProperty, propId = 0x21402049, data = {status: 2, int32Values: [0]}
12-30 10:54:49.504   398   464 I vw-vhal : CanSignalsAdapter::notifyVehicleProperty: solvedValue = {.timestamp = 8225325871978, .areaId = 0, .prop = 557850697, .status = AVAILABLE, .value = {.int32Values = [1]{0}, .floatValues = [0]{}, .int64Values = [0]{}, .bytes = [0]{}, .stringValue = ""}}
12-30 10:54:49.504   398   464 I VehiclePropertyStore: begin to write value to Store: {.timestamp = 8225325871978, .areaId = 0, .prop = 557850697, .status = AVAILABLE, .value = {.int32Values = [1]{0}, .floatValues = [0]{}, .int64Values = [0]{}, .bytes = [0]{}, .stringValue = ""}}
12-30 10:54:49.504   398   464 I DefaultVehicleHal_v2_0: DefaultVehicleHal::onPropertyValue, value:{.timestamp = 8225325871978, .areaId = 0, .prop = 557850697, .status = AVAILABLE, .value = {.int32Values = [1]{0}, .floatValues = [0]{}, .int64Values = [0]{}, .bytes = [0]{}, .stringValue = ""}}
12-30 10:54:49.504   398   464 D DiagPropHandler: is not DiagnosticConfig: 0x21402049
12-30 10:54:49.504   398   464 I VehiclePropertyStore: begin to write value to Store: {.timestamp = 8225325871978, .areaId = 0, .prop = 557850697, .status = AVAILABLE, .value = {.int32Values = [1]{0}, .floatValues = [0]{}, .int64Values = [0]{}, .bytes = [0]{}, .stringValue = ""}}
12-30 10:54:49.504   398   464 D adayocomadapter-CommunicationManager: onUpstreamReceive mPropertyId 0x21402049
12-30 10:54:49.504   398   464 D adayocomadapter-CommunicationManager: onUpstreamReceive mPropertyId 0x214021a2
12-30 10:54:49.504   398   464 D adayocomadapter-CommunicationManager: convertBytesToInt32Memcpy  0
12-30 10:54:49.504   398   464 I vw-vhal : notifyVehicleProperty, propId = 0x214021a2, data = {status: 2, int32Values: [0]}
12-30 10:54:49.504   398   464 I vw-vhal : CanSignalsAdapter::notifyVehicleProperty: solvedValue = {.timestamp = 8225326123645, .areaId = 0, .prop = 557851042, .status = AVAILABLE, .value = {.int32Values = [1]{0}, .floatValues = [0]{}, .int64Values = [0]{}, .bytes = [0]{}, .stringValue = ""}}
12-30 10:54:49.504   398   464 I VehiclePropertyStore: begin to write value to Store: {.timestamp = 8225326123645, .areaId = 0, .prop = 557851042, .status = AVAILABLE, .value = {.int32Values = [1]{0}, .floatValues = [0]{}, .int64Values = [0]{}, .bytes = [0]{}, .stringValue = ""}}
12-30 10:54:49.504   398   464 I DefaultVehicleHal_v2_0: DefaultVehicleHal::onPropertyValue, value:{.timestamp = 8225326123645, .areaId = 0, .prop = 557851042, .status = AVAILABLE, .value = {.int32Values = [1]{0}, .floatValues = [0]{}, .int64Values = [0]{}, .bytes = [0]{}, .stringValue = ""}}
12-30 10:54:49.504   398   464 D DiagPropHandler: is not DiagnosticConfig: 0x214021a2
12-30 10:54:49.504   398   464 I VehiclePropertyStore: begin to write value to Store: {.timestamp = 8225326123645, .areaId = 0, .prop = 557851042, .status = AVAILABLE, .value = {.int32Values = [1]{0}, .floatValues = [0]{}, .int64Values = [0]{}, .bytes = [0]{}, .stringValue = ""}}
12-30 10:54:49.504   398   464 D adayocomadapter-CommunicationManager: onUpstreamReceive mPropertyId 0x214021a2
12-30 10:54:49.504   398   464 D adayocomadapter-CommunicationManager: onUpstreamReceive mPropertyId 0x214020ea
12-30 10:54:49.504   398   464 D adayocomadapter-CommunicationManager: convertBytesToInt32Memcpy  0
12-30 10:54:49.504   398   464 I vw-vhal : notifyVehicleProperty, propId = 0x214020ea, data = {status: 2, int32Values: [0]}
12-30 10:54:49.504   398   464 I vw-vhal : CanSignalsAdapter::notifyVehicleProperty: solvedValue = {.timestamp = 8225326331311, .areaId = 0, .prop = 557850858, .status = AVAILABLE, .value = {.int32Values = [1]{0}, .floatValues = [0]{}, .int64Values = [0]{}, .bytes = [0]{}, .stringValue = ""}}
12-30 10:54:49.504   398   464 I VehiclePropertyStore: begin to write value to Store: {.timestamp = 8225326331311, .areaId = 0, .prop = 557850858, .status = AVAILABLE, .value = {.int32Values = [1]{0}, .floatValues = [0]{}, .int64Values = [0]{}, .bytes = [0]{}, .stringValue = ""}}
12-30 10:54:49.504   398   464 I DefaultVehicleHal_v2_0: DefaultVehicleHal::onPropertyValue, value:{.timestamp = 8225326331311, .areaId = 0, .prop = 557850858, .status = AVAILABLE, .value = {.int32Values = [1]{0}, .floatValues = [0]{}, .int64Values = [0]{}, .bytes = [0]{}, .stringValue = ""}}
12-30 10:54:49.504   398   464 D DiagPropHandler: is not DiagnosticConfig: 0x214020ea
12-30 10:54:49.504   398   464 I VehiclePropertyStore: begin to write value to Store: {.timestamp = 8225326331311, .areaId = 0, .prop = 557850858, .status = AVAILABLE, .value = {.int32Values = [1]{0}, .floatValues = [0]{}, .int64Values = [0]{}, .bytes = [0]{}, .stringValue = ""}}
12-30 10:54:49.504   398   464 D adayocomadapter-CommunicationManager: onUpstreamReceive mPropertyId 0x214020ea
12-30 10:54:49.521   360   931 D EvsDriver: forwardFrame
12-30 10:54:49.521   360   931 D EvsDriver: forwardFrameDirect
12-30 10:54:49.521   360   931 D EvsDriver: Delivered 0xb400e2ca9e40e110 as id 0
12-30 10:54:49.522   359  2784 D evsmanagerd: /dev/video-evs0 forwarded the buffer #0 to 0xb400f125d2b26dd0 from 0xb400f125e2b20710
12-30 10:54:49.526   360   458 D EvsDriver: doneWithFrame
12-30 10:54:49.547  2358  2623 D RcfController: Rcf proxy is not connected!
12-30 10:54:49.555   360   931 D EvsDriver: forwardFrame
12-30 10:54:49.555   360   931 D EvsDriver: forwardFrameDirect
12-30 10:54:49.555   360   931 D EvsDriver: Delivered 0xb400e2ca9e40c7a0 as id 1
12-30 10:54:49.555   359  2784 D evsmanagerd: /dev/video-evs0 forwarded the buffer #1 to 0xb400f125d2b26dd0 from 0xb400f125e2b20710
12-30 10:54:49.556   360   458 D EvsDriver: doneWithFrame
12-30 10:54:49.569   596  3076 E WifiHAL : Invalid data received from driver
12-30 10:54:49.588   360   931 D EvsDriver: forwardFrame
12-30 10:54:49.588   360   931 D EvsDriver: forwardFrameDirect
12-30 10:54:49.588   360   931 D EvsDriver: Delivered 0xb400e2ca9e40e270 as id 0
12-30 10:54:49.588   359  2784 D evsmanagerd: /dev/video-evs0 forwarded the buffer #0 to 0xb400f125d2b26dd0 from 0xb400f125e2b20710
12-30 10:54:49.596   360   458 D EvsDriver: doneWithFrame
12-30 10:54:49.598  2358  2623 D RcfController: Rcf proxy is not connected!
12-30 10:54:49.613   650   729 D fgemcucomm: sd Uart data : 6AA60200B500029202B3
12-30 10:54:49.613   650   729 D fgemcucomm: rev uart=67967,len=18, data : 6AA68100B5000A9202000700000000000025
12-30 10:54:49.613   398   882 D adayocomadapter-ParseProtocolFunc: printRaWMsg Name[MCUToUPstream recv] len[10] data[92020007000000000000]
12-30 10:54:49.613   398   882 D adayocomadapter-CommunicationManager: onUpstreamback   member[0] dataLength[7] timePoint[8225435]
12-30 10:54:49.613   398   882 D adayocomadapter-ParseProtocolFunc: printRaWMsg Name[onUpstreamback] len[7] data[07000000000000]
12-30 10:54:49.613   398   464 D adayocomadapter-UpstreamHandler: processBeforePacket upSreamtProcessTimePoint[8225435] 
12-30 10:54:49.614   398   464 D adayocomadapter-UpstreamHandler: processPacket UPSTREAM_QUEUE_DATA_TIMEOUT
12-30 10:54:49.614   398   464 D adayocomadapter-ParseProtocolFunc: parseCommonIPCLBytes Processing tableNumber[7]
12-30 10:54:49.614   398   464 D adayocomadapter-ParseProtocolFunc: parseCommonIPCLBytes Processing tablename[Table-7] tableSize[7]
12-30 10:54:49.614   398   464 D adayocomadapter-ParseProtocolFunc: printRaWMsg Name[byteStream recv] len[7] data[07000000000000]
12-30 10:54:49.614   398   464 D adayocomadapter-ParseProtocolFunc: printRaWMsg Name[IPCLtoVHAL] len[6] data[214020530000]
12-30 10:54:49.614   398   464 D adayocomadapter-ParseProtocolFunc: printRaWMsg Name[IPCLtoVHAL] len[6] data[214020A00000]
12-30 10:54:49.614   398   464 D adayocomadapter-ParseProtocolFunc: printRaWMsg Name[IPCLtoVHAL] len[6] data[214021310000]
12-30 10:54:49.614   398   464 D adayocomadapter-ParseProtocolFunc: printRaWMsg Name[IPCLtoVHAL] len[6] data[214020A20000]
12-30 10:54:49.614   398   464 D adayocomadapter-ParseProtocolFunc: printRaWMsg Name[IPCLtoVHAL] len[6] data[214020A40000]
12-30 10:54:49.614   398   464 D adayocomadapter-ParseProtocolFunc: printRaWMsg Name[IPCLtoVHAL] len[6] data[214021CE0000]
12-30 10:54:49.614   398   464 D adayocomadapter-CommunicationManager: onUpstreamReceive mPropertyId 0x21402053
12-30 10:54:49.614   398   464 D adayocomadapter-CommunicationManager: convertBytesToInt32Memcpy  0
12-30 10:54:49.614   398   464 I vw-vhal : notifyVehicleProperty, propId = 0x21402053, data = {status: 2, int32Values: [0]}
12-30 10:54:49.614   398   464 I vw-vhal : CanSignalsAdapter::notifyVehicleProperty: solvedValue = {.timestamp = 8225436205978, .areaId = 0, .prop = 557850707, .status = AVAILABLE, .value = {.int32Values = [1]{0}, .floatValues = [0]{}, .int64Values = [0]{}, .bytes = [0]{}, .stringValue = ""}}
12-30 10:54:49.614   398   464 I VehiclePropertyStore: begin to write value to Store: {.timestamp = 8225436205978, .areaId = 0, .prop = 557850707, .status = AVAILABLE, .value = {.int32Values = [1]{0}, .floatValues = [0]{}, .int64Values = [0]{}, .bytes = [0]{}, .stringValue = ""}}
12-30 10:54:49.614   398   464 I DefaultVehicleHal_v2_0: DefaultVehicleHal::onPropertyValue, value:{.timestamp = 8225436205978, .areaId = 0, .prop = 557850707, .status = AVAILABLE, .value = {.int32Values = [1]{0}, .floatValues = [0]{}, .int64Values = [0]{}, .bytes = [0]{}, .stringValue = ""}}
12-30 10:54:49.614   398   464 D DiagPropHandler: is not DiagnosticConfig: 0x21402053
12-30 10:54:49.614   398   464 I VehiclePropertyStore: begin to write value to Store: {.timestamp = 8225436205978, .areaId = 0, .prop = 557850707, .status = AVAILABLE, .value = {.int32Values = [1]{0}, .floatValues = [0]{}, .int64Values = [0]{}, .bytes = [0]{}, .stringValue = ""}}
12-30 10:54:49.614   398   464 D adayocomadapter-CommunicationManager: onUpstreamReceive mPropertyId 0x21402053
12-30 10:54:49.614   398   464 D adayocomadapter-CommunicationManager: onUpstreamReceive mPropertyId 0x214020a0
12-30 10:54:49.614   398   464 D adayocomadapter-CommunicationManager: convertBytesToInt32Memcpy  0
12-30 10:54:49.614   398   464 I vw-vhal : notifyVehicleProperty, propId = 0x214020a0, data = {status: 2, int32Values: [0]}
12-30 10:54:49.614   398   464 I vw-vhal : CanSignalsAdapter::notifyVehicleProperty: solvedValue = {.timestamp = 8225436435645, .areaId = 0, .prop = 557850784, .status = AVAILABLE, .value = {.int32Values = [1]{0}, .floatValues = [0]{}, .int64Values = [0]{}, .bytes = [0]{}, .stringValue = ""}}
12-30 10:54:49.614   398   464 I VehiclePropertyStore: begin to write value to Store: {.timestamp = 8225436435645, .areaId = 0, .prop = 557850784, .status = AVAILABLE, .value = {.int32Values = [1]{0}, .floatValues = [0]{}, .int64Values = [0]{}, .bytes = [0]{}, .stringValue = ""}}
12-30 10:54:49.614   398   464 I DefaultVehicleHal_v2_0: DefaultVehicleHal::onPropertyValue, value:{.timestamp = 8225436435645, .areaId = 0, .prop = 557850784, .status = AVAILABLE, .value = {.int32Values = [1]{0}, .floatValues = [0]{}, .int64Values = [0]{}, .bytes = [0]{}, .stringValue = ""}}
12-30 10:54:49.614   398   464 D DiagPropHandler: is not DiagnosticConfig: 0x214020a0
