12-30 10:54:51.401   398   464 I VehiclePropertyStore: begin to write value to Store: {.timestamp = 8227223326645, .areaId = 0, .prop = 557850911, .status = AVAILABLE, .value = {.int32Values = [1]{0}, .floatValues = [0]{}, .int64Values = [0]{}, .bytes = [0]{}, .stringValue = ""}}
12-30 10:54:51.401   398   464 D adayocomadapter-CommunicationManager: onUpstreamReceive mPropertyId 0x2140211f
12-30 10:54:51.401   398   464 D adayocomadapter-CommunicationManager: onUpstreamReceive mPropertyId 0x21402094
12-30 10:54:51.401   398   464 D adayocomadapter-CommunicationManager: convertBytesToInt32Memcpy  0
12-30 10:54:51.401   398   464 I vw-vhal : notifyVehicleProperty, propId = 0x21402094, data = {status: 2, int32Values: [0]}
12-30 10:54:51.401   398   464 I vw-vhal : CanSignalsAdapter::notifyVehicleProperty: solvedValue = {.timestamp = 8227223673645, .areaId = 0, .prop = 557850772, .status = AVAILABLE, .value = {.int32Values = [1]{0}, .floatValues = [0]{}, .int64Values = [0]{}, .bytes = [0]{}, .stringValue = ""}}
12-30 10:54:51.401   398   464 I VehiclePropertyStore: begin to write value to Store: {.timestamp = 8227223673645, .areaId = 0, .prop = 557850772, .status = AVAILABLE, .value = {.int32Values = [1]{0}, .floatValues = [0]{}, .int64Values = [0]{}, .bytes = [0]{}, .stringValue = ""}}
12-30 10:54:51.401   398   464 I DefaultVehicleHal_v2_0: DefaultVehicleHal::onPropertyValue, value:{.timestamp = 8227223673645, .areaId = 0, .prop = 557850772, .status = AVAILABLE, .value = {.int32Values = [1]{0}, .floatValues = [0]{}, .int64Values = [0]{}, .bytes = [0]{}, .stringValue = ""}}
12-30 10:54:51.401   398   464 D DiagPropHandler: is not DiagnosticConfig: 0x21402094
12-30 10:54:51.402   398   464 I VehiclePropertyStore: begin to write value to Store: {.timestamp = 8227223673645, .areaId = 0, .prop = 557850772, .status = AVAILABLE, .value = {.int32Values = [1]{0}, .floatValues = [0]{}, .int64Values = [0]{}, .bytes = [0]{}, .stringValue = ""}}
12-30 10:54:51.402   398   464 D adayocomadapter-CommunicationManager: onUpstreamReceive mPropertyId 0x21402094
12-30 10:54:51.402   398   464 D adayocomadapter-CommunicationManager: onUpstreamReceive mPropertyId 0x21402036
12-30 10:54:51.402   398   464 D adayocomadapter-CommunicationManager: convertBytesToInt32Memcpy  0
12-30 10:54:51.402   398   464 I vw-vhal : notifyVehicleProperty, propId = 0x21402036, data = {status: 2, int32Values: [0]}
12-30 10:54:51.402   398   464 I vw-vhal : CanSignalsAdapter::notifyVehicleProperty: solvedValue = {.timestamp = 8227224050645, .areaId = 0, .prop = 557850678, .status = AVAILABLE, .value = {.int32Values = [1]{0}, .floatValues = [0]{}, .int64Values = [0]{}, .bytes = [0]{}, .stringValue = ""}}
12-30 10:54:51.402   398   464 I VehiclePropertyStore: begin to write value to Store: {.timestamp = 8227224050645, .areaId = 0, .prop = 557850678, .status = AVAILABLE, .value = {.int32Values = [1]{0}, .floatValues = [0]{}, .int64Values = [0]{}, .bytes = [0]{}, .stringValue = ""}}
12-30 10:54:51.402   398   464 I DefaultVehicleHal_v2_0: DefaultVehicleHal::onPropertyValue, value:{.timestamp = 8227224050645, .areaId = 0, .prop = 557850678, .status = AVAILABLE, .value = {.int32Values = [1]{0}, .floatValues = [0]{}, .int64Values = [0]{}, .bytes = [0]{}, .stringValue = ""}}
12-30 10:54:51.402   398   464 D DiagPropHandler: is not DiagnosticConfig: 0x21402036
12-30 10:54:51.402   398   464 I VehiclePropertyStore: begin to write value to Store: {.timestamp = 8227224050645, .areaId = 0, .prop = 557850678, .status = AVAILABLE, .value = {.int32Values = [1]{0}, .floatValues = [0]{}, .int64Values = [0]{}, .bytes = [0]{}, .stringValue = ""}}
12-30 10:54:51.402   398   464 D adayocomadapter-CommunicationManager: onUpstreamReceive mPropertyId 0x21402036
12-30 10:54:51.402   398   464 D adayocomadapter-CommunicationManager: onUpstreamReceive mPropertyId 0x214020c3
12-30 10:54:51.402   398   464 D adayocomadapter-CommunicationManager: convertBytesToInt32Memcpy  0
12-30 10:54:51.402   398   464 I vw-vhal : notifyVehicleProperty, propId = 0x214020c3, data = {status: 2, int32Values: [0]}
12-30 10:54:51.402   398   464 I vw-vhal : CanSignalsAdapter::notifyVehicleProperty: solvedValue = {.timestamp = 8227224411978, .areaId = 0, .prop = 557850819, .status = AVAILABLE, .value = {.int32Values = [1]{0}, .floatValues = [0]{}, .int64Values = [0]{}, .bytes = [0]{}, .stringValue = ""}}
12-30 10:54:51.402   398   464 I VehiclePropertyStore: begin to write value to Store: {.timestamp = 8227224411978, .areaId = 0, .prop = 557850819, .status = AVAILABLE, .value = {.int32Values = [1]{0}, .floatValues = [0]{}, .int64Values = [0]{}, .bytes = [0]{}, .stringValue = ""}}
12-30 10:54:51.402   398   464 I DefaultVehicleHal_v2_0: DefaultVehicleHal::onPropertyValue, value:{.timestamp = 8227224411978, .areaId = 0, .prop = 557850819, .status = AVAILABLE, .value = {.int32Values = [1]{0}, .floatValues = [0]{}, .int64Values = [0]{}, .bytes = [0]{}, .stringValue = ""}}
12-30 10:54:51.402   398   464 D DiagPropHandler: is not DiagnosticConfig: 0x214020c3
12-30 10:54:51.402   398   464 I VehiclePropertyStore: begin to write value to Store: {.timestamp = 8227224411978, .areaId = 0, .prop = 557850819, .status = AVAILABLE, .value = {.int32Values = [1]{0}, .floatValues = [0]{}, .int64Values = [0]{}, .bytes = [0]{}, .stringValue = ""}}
12-30 10:54:51.402   398   464 D adayocomadapter-CommunicationManager: onUpstreamReceive mPropertyId 0x214020c3
12-30 10:54:51.402   398   464 D adayocomadapter-CommunicationManager: onUpstreamReceive mPropertyId 0x21402114
12-30 10:54:51.402   398   464 D adayocomadapter-CommunicationManager: convertBytesToInt32Memcpy  0
12-30 10:54:51.402   398   464 I vw-vhal : notifyVehicleProperty, propId = 0x21402114, data = {status: 2, int32Values: [0]}
12-30 10:54:51.402   398   464 I vw-vhal : CanSignalsAdapter::notifyVehicleProperty: solvedValue = {.timestamp = 8227224751312, .areaId = 0, .prop = 557850900, .status = AVAILABLE, .value = {.int32Values = [1]{0}, .floatValues = [0]{}, .int64Values = [0]{}, .bytes = [0]{}, .stringValue = ""}}
12-30 10:54:51.402   398   464 I VehiclePropertyStore: begin to write value to Store: {.timestamp = 8227224751312, .areaId = 0, .prop = 557850900, .status = AVAILABLE, .value = {.int32Values = [1]{0}, .floatValues = [0]{}, .int64Values = [0]{}, .bytes = [0]{}, .stringValue = ""}}
12-30 10:54:51.403   398   464 I DefaultVehicleHal_v2_0: DefaultVehicleHal::onPropertyValue, value:{.timestamp = 8227224751312, .areaId = 0, .prop = 557850900, .status = AVAILABLE, .value = {.int32Values = [1]{0}, .floatValues = [0]{}, .int64Values = [0]{}, .bytes = [0]{}, .stringValue = ""}}
12-30 10:54:51.403   398   464 D DiagPropHandler: is not DiagnosticConfig: 0x21402114
12-30 10:54:51.403   398   464 I VehiclePropertyStore: begin to write value to Store: {.timestamp = 8227224751312, .areaId = 0, .prop = 557850900, .status = AVAILABLE, .value = {.int32Values = [1]{0}, .floatValues = [0]{}, .int64Values = [0]{}, .bytes = [0]{}, .stringValue = ""}}
12-30 10:54:51.403   398   464 D adayocomadapter-CommunicationManager: onUpstreamReceive mPropertyId 0x21402114
12-30 10:54:51.403   398   464 D adayocomadapter-CommunicationManager: onUpstreamReceive mPropertyId 0x214020b6
12-30 10:54:51.403   398   464 D adayocomadapter-CommunicationManager: convertBytesToInt32Memcpy  0
12-30 10:54:51.403   398   464 I vw-vhal : notifyVehicleProperty, propId = 0x214020b6, data = {status: 2, int32Values: [0]}
12-30 10:54:51.403   398   464 I vw-vhal : CanSignalsAdapter::notifyVehicleProperty: solvedValue = {.timestamp = 8227225102312, .areaId = 0, .prop = 557850806, .status = AVAILABLE, .value = {.int32Values = [1]{0}, .floatValues = [0]{}, .int64Values = [0]{}, .bytes = [0]{}, .stringValue = ""}}
12-30 10:54:51.403   398   464 I VehiclePropertyStore: begin to write value to Store: {.timestamp = 8227225102312, .areaId = 0, .prop = 557850806, .status = AVAILABLE, .value = {.int32Values = [1]{0}, .floatValues = [0]{}, .int64Values = [0]{}, .bytes = [0]{}, .stringValue = ""}}
12-30 10:54:51.403   398   464 I DefaultVehicleHal_v2_0: DefaultVehicleHal::onPropertyValue, value:{.timestamp = 8227225102312, .areaId = 0, .prop = 557850806, .status = AVAILABLE, .value = {.int32Values = [1]{0}, .floatValues = [0]{}, .int64Values = [0]{}, .bytes = [0]{}, .stringValue = ""}}
12-30 10:54:51.403   398   464 D DiagPropHandler: is not DiagnosticConfig: 0x214020b6
12-30 10:54:51.403   398   464 I VehiclePropertyStore: begin to write value to Store: {.timestamp = 8227225102312, .areaId = 0, .prop = 557850806, .status = AVAILABLE, .value = {.int32Values = [1]{0}, .floatValues = [0]{}, .int64Values = [0]{}, .bytes = [0]{}, .stringValue = ""}}
12-30 10:54:51.403   398   464 D adayocomadapter-CommunicationManager: onUpstreamReceive mPropertyId 0x214020b6
12-30 10:54:51.403   398   464 D adayocomadapter-CommunicationManager: onUpstreamReceive mPropertyId 0x21402115
12-30 10:54:51.403   398   464 D adayocomadapter-CommunicationManager: convertBytesToInt32Memcpy  0
12-30 10:54:51.403   398   464 I vw-vhal : notifyVehicleProperty, propId = 0x21402115, data = {status: 2, int32Values: [0]}
12-30 10:54:51.403   398   464 I vw-vhal : CanSignalsAdapter::notifyVehicleProperty: solvedValue = {.timestamp = 8227225439645, .areaId = 0, .prop = 557850901, .status = AVAILABLE, .value = {.int32Values = [1]{0}, .floatValues = [0]{}, .int64Values = [0]{}, .bytes = [0]{}, .stringValue = ""}}
12-30 10:54:51.403   398   464 I VehiclePropertyStore: begin to write value to Store: {.timestamp = 8227225439645, .areaId = 0, .prop = 557850901, .status = AVAILABLE, .value = {.int32Values = [1]{0}, .floatValues = [0]{}, .int64Values = [0]{}, .bytes = [0]{}, .stringValue = ""}}
12-30 10:54:51.403   398   464 I DefaultVehicleHal_v2_0: DefaultVehicleHal::onPropertyValue, value:{.timestamp = 8227225439645, .areaId = 0, .prop = 557850901, .status = AVAILABLE, .value = {.int32Values = [1]{0}, .floatValues = [0]{}, .int64Values = [0]{}, .bytes = [0]{}, .stringValue = ""}}
12-30 10:54:51.403   398   464 D DiagPropHandler: is not DiagnosticConfig: 0x21402115
12-30 10:54:51.403   398   464 I VehiclePropertyStore: begin to write value to Store: {.timestamp = 8227225439645, .areaId = 0, .prop = 557850901, .status = AVAILABLE, .value = {.int32Values = [1]{0}, .floatValues = [0]{}, .int64Values = [0]{}, .bytes = [0]{}, .stringValue = ""}}
12-30 10:54:51.403   398   464 D adayocomadapter-CommunicationManager: onUpstreamReceive mPropertyId 0x21402115
12-30 10:54:51.403   398   464 D adayocomadapter-CommunicationManager: onUpstreamReceive mPropertyId 0x2140211a
12-30 10:54:51.403   398   464 D adayocomadapter-CommunicationManager: convertBytesToInt32Memcpy  0
12-30 10:54:51.403   398   464 I vw-vhal : notifyVehicleProperty, propId = 0x2140211a, data = {status: 2, int32Values: [0]}
12-30 10:54:51.403   398   464 I vw-vhal : CanSignalsAdapter::notifyVehicleProperty: solvedValue = {.timestamp = 8227225789645, .areaId = 0, .prop = 557850906, .status = AVAILABLE, .value = {.int32Values = [1]{0}, .floatValues = [0]{}, .int64Values = [0]{}, .bytes = [0]{}, .stringValue = ""}}
12-30 10:54:51.404   398   464 I VehiclePropertyStore: begin to write value to Store: {.timestamp = 8227225789645, .areaId = 0, .prop = 557850906, .status = AVAILABLE, .value = {.int32Values = [1]{0}, .floatValues = [0]{}, .int64Values = [0]{}, .bytes = [0]{}, .stringValue = ""}}
12-30 10:54:51.404   398   464 I DefaultVehicleHal_v2_0: DefaultVehicleHal::onPropertyValue, value:{.timestamp = 8227225789645, .areaId = 0, .prop = 557850906, .status = AVAILABLE, .value = {.int32Values = [1]{0}, .floatValues = [0]{}, .int64Values = [0]{}, .bytes = [0]{}, .stringValue = ""}}
12-30 10:54:51.404   398   464 D DiagPropHandler: is not DiagnosticConfig: 0x2140211a
12-30 10:54:51.404   398   464 I VehiclePropertyStore: begin to write value to Store: {.timestamp = 8227225789645, .areaId = 0, .prop = 557850906, .status = AVAILABLE, .value = {.int32Values = [1]{0}, .floatValues = [0]{}, .int64Values = [0]{}, .bytes = [0]{}, .stringValue = ""}}
12-30 10:54:51.404   398   464 D adayocomadapter-CommunicationManager: onUpstreamReceive mPropertyId 0x2140211a
12-30 10:54:51.404   398   464 D adayocomadapter-CommunicationManager: onUpstreamReceive mPropertyId 0x2140204b
12-30 10:54:51.404   398   464 D adayocomadapter-CommunicationManager: convertBytesToInt32Memcpy  0
12-30 10:54:51.404   398   464 I vw-vhal : notifyVehicleProperty, propId = 0x2140204b, data = {status: 2, int32Values: [0]}
12-30 10:54:51.404   398   464 I vw-vhal : CanSignalsAdapter::notifyVehicleProperty: solvedValue = {.timestamp = 8227226241312, .areaId = 0, .prop = 557850699, .status = AVAILABLE, .value = {.int32Values = [1]{0}, .floatValues = [0]{}, .int64Values = [0]{}, .bytes = [0]{}, .stringValue = ""}}
12-30 10:54:51.404   398   464 I VehiclePropertyStore: begin to write value to Store: {.timestamp = 8227226241312, .areaId = 0, .prop = 557850699, .status = AVAILABLE, .value = {.int32Values = [1]{0}, .floatValues = [0]{}, .int64Values = [0]{}, .bytes = [0]{}, .stringValue = ""}}
12-30 10:54:51.404   398   464 I DefaultVehicleHal_v2_0: DefaultVehicleHal::onPropertyValue, value:{.timestamp = 8227226241312, .areaId = 0, .prop = 557850699, .status = AVAILABLE, .value = {.int32Values = [1]{0}, .floatValues = [0]{}, .int64Values = [0]{}, .bytes = [0]{}, .stringValue = ""}}
12-30 10:54:51.404   398   464 D DiagPropHandler: is not DiagnosticConfig: 0x2140204b
12-30 10:54:51.404   398   464 I VehiclePropertyStore: begin to write value to Store: {.timestamp = 8227226241312, .areaId = 0, .prop = 557850699, .status = AVAILABLE, .value = {.int32Values = [1]{0}, .floatValues = [0]{}, .int64Values = [0]{}, .bytes = [0]{}, .stringValue = ""}}
12-30 10:54:51.404   398   464 D adayocomadapter-CommunicationManager: onUpstreamReceive mPropertyId 0x2140204b
12-30 10:54:51.404   398   464 D adayocomadapter-CommunicationManager: onUpstreamReceive mPropertyId 0x2140211b
12-30 10:54:51.404   398   464 D adayocomadapter-CommunicationManager: convertBytesToInt32Memcpy  0
12-30 10:54:51.404   398   464 I vw-vhal : notifyVehicleProperty, propId = 0x2140211b, data = {status: 2, int32Values: [0]}
12-30 10:54:51.404   398   464 I vw-vhal : CanSignalsAdapter::notifyVehicleProperty: solvedValue = {.timestamp = 8227226588312, .areaId = 0, .prop = 557850907, .status = AVAILABLE, .value = {.int32Values = [1]{0}, .floatValues = [0]{}, .int64Values = [0]{}, .bytes = [0]{}, .stringValue = ""}}
12-30 10:54:51.404   398   464 I VehiclePropertyStore: begin to write value to Store: {.timestamp = 8227226588312, .areaId = 0, .prop = 557850907, .status = AVAILABLE, .value = {.int32Values = [1]{0}, .floatValues = [0]{}, .int64Values = [0]{}, .bytes = [0]{}, .stringValue = ""}}
12-30 10:54:51.404   398   464 I DefaultVehicleHal_v2_0: DefaultVehicleHal::onPropertyValue, value:{.timestamp = 8227226588312, .areaId = 0, .prop = 557850907, .status = AVAILABLE, .value = {.int32Values = [1]{0}, .floatValues = [0]{}, .int64Values = [0]{}, .bytes = [0]{}, .stringValue = ""}}
12-30 10:54:51.404   398   464 D DiagPropHandler: is not DiagnosticConfig: 0x2140211b
12-30 10:54:51.404   398   464 I VehiclePropertyStore: begin to write value to Store: {.timestamp = 8227226588312, .areaId = 0, .prop = 557850907, .status = AVAILABLE, .value = {.int32Values = [1]{0}, .floatValues = [0]{}, .int64Values = [0]{}, .bytes = [0]{}, .stringValue = ""}}
12-30 10:54:51.404   398   464 D adayocomadapter-CommunicationManager: onUpstreamReceive mPropertyId 0x2140211b
12-30 10:54:51.404   398   464 D adayocomadapter-CommunicationManager: onUpstreamReceive mPropertyId 0x2140203b
12-30 10:54:51.405   398   464 D adayocomadapter-CommunicationManager: convertBytesToInt32Memcpy  0
12-30 10:54:51.405   398   464 I vw-vhal : notifyVehicleProperty, propId = 0x2140203b, data = {status: 2, int32Values: [0]}
12-30 10:54:51.405   398   464 I vw-vhal : CanSignalsAdapter::notifyVehicleProperty: solvedValue = {.timestamp = 8227226934645, .areaId = 0, .prop = 557850683, .status = AVAILABLE, .value = {.int32Values = [1]{0}, .floatValues = [0]{}, .int64Values = [0]{}, .bytes = [0]{}, .stringValue = ""}}
12-30 10:54:51.405   398   464 I VehiclePropertyStore: begin to write value to Store: {.timestamp = 8227226934645, .areaId = 0, .prop = 557850683, .status = AVAILABLE, .value = {.int32Values = [1]{0}, .floatValues = [0]{}, .int64Values = [0]{}, .bytes = [0]{}, .stringValue = ""}}
12-30 10:54:51.405   398   464 I DefaultVehicleHal_v2_0: DefaultVehicleHal::onPropertyValue, value:{.timestamp = 8227226934645, .areaId = 0, .prop = 557850683, .status = AVAILABLE, .value = {.int32Values = [1]{0}, .floatValues = [0]{}, .int64Values = [0]{}, .bytes = [0]{}, .stringValue = ""}}
12-30 10:54:51.405   398   464 D DiagPropHandler: is not DiagnosticConfig: 0x2140203b
12-30 10:54:51.405   398   464 I VehiclePropertyStore: begin to write value to Store: {.timestamp = 8227226934645, .areaId = 0, .prop = 557850683, .status = AVAILABLE, .value = {.int32Values = [1]{0}, .floatValues = [0]{}, .int64Values = [0]{}, .bytes = [0]{}, .stringValue = ""}}
12-30 10:54:51.405   398   464 D adayocomadapter-CommunicationManager: onUpstreamReceive mPropertyId 0x2140203b
12-30 10:54:51.405   398   464 D adayocomadapter-CommunicationManager: onUpstreamReceive mPropertyId 0x2140203f
12-30 10:54:51.405   398   464 D adayocomadapter-CommunicationManager: convertBytesToInt32Memcpy  0
12-30 10:54:51.405   398   464 I vw-vhal : notifyVehicleProperty, propId = 0x2140203f, data = {status: 2, int32Values: [0]}
12-30 10:54:51.405   398   464 I vw-vhal : CanSignalsAdapter::notifyVehicleProperty: solvedValue = {.timestamp = 8227227268978, .areaId = 0, .prop = 557850687, .status = AVAILABLE, .value = {.int32Values = [1]{0}, .floatValues = [0]{}, .int64Values = [0]{}, .bytes = [0]{}, .stringValue = ""}}
12-30 10:54:51.405   398   464 I VehiclePropertyStore: begin to write value to Store: {.timestamp = 8227227268978, .areaId = 0, .prop = 557850687, .status = AVAILABLE, .value = {.int32Values = [1]{0}, .floatValues = [0]{}, .int64Values = [0]{}, .bytes = [0]{}, .stringValue = ""}}
12-30 10:54:51.405   398   464 I DefaultVehicleHal_v2_0: DefaultVehicleHal::onPropertyValue, value:{.timestamp = 8227227268978, .areaId = 0, .prop = 557850687, .status = AVAILABLE, .value = {.int32Values = [1]{0}, .floatValues = [0]{}, .int64Values = [0]{}, .bytes = [0]{}, .stringValue = ""}}
12-30 10:54:51.405   398   464 D DiagPropHandler: is not DiagnosticConfig: 0x2140203f
12-30 10:54:51.405   398   464 I VehiclePropertyStore: begin to write value to Store: {.timestamp = 8227227268978, .areaId = 0, .prop = 557850687, .status = AVAILABLE, .value = {.int32Values = [1]{0}, .floatValues = [0]{}, .int64Values = [0]{}, .bytes = [0]{}, .stringValue = ""}}
12-30 10:54:51.405   398   464 D adayocomadapter-CommunicationManager: onUpstreamReceive mPropertyId 0x2140203f
12-30 10:54:51.405   398   464 D adayocomadapter-CommunicationManager: onUpstreamReceive mPropertyId 0x2140203a
12-30 10:54:51.405   398   464 D adayocomadapter-CommunicationManager: convertBytesToInt32Memcpy  0
12-30 10:54:51.405   398   464 I vw-vhal : notifyVehicleProperty, propId = 0x2140203a, data = {status: 2, int32Values: [0]}
12-30 10:54:51.405   398   464 I vw-vhal : CanSignalsAdapter::notifyVehicleProperty: solvedValue = {.timestamp = 8227227603645, .areaId = 0, .prop = 557850682, .status = AVAILABLE, .value = {.int32Values = [1]{0}, .floatValues = [0]{}, .int64Values = [0]{}, .bytes = [0]{}, .stringValue = ""}}
12-30 10:54:51.405   398   464 I VehiclePropertyStore: begin to write value to Store: {.timestamp = 8227227603645, .areaId = 0, .prop = 557850682, .status = AVAILABLE, .value = {.int32Values = [1]{0}, .floatValues = [0]{}, .int64Values = [0]{}, .bytes = [0]{}, .stringValue = ""}}
12-30 10:54:51.405   398   464 I DefaultVehicleHal_v2_0: DefaultVehicleHal::onPropertyValue, value:{.timestamp = 8227227603645, .areaId = 0, .prop = 557850682, .status = AVAILABLE, .value = {.int32Values = [1]{0}, .floatValues = [0]{}, .int64Values = [0]{}, .bytes = [0]{}, .stringValue = ""}}
12-30 10:54:51.405   398   464 D DiagPropHandler: is not DiagnosticConfig: 0x2140203a
12-30 10:54:51.405   398   464 I VehiclePropertyStore: begin to write value to Store: {.timestamp = 8227227603645, .areaId = 0, .prop = 557850682, .status = AVAILABLE, .value = {.int32Values = [1]{0}, .floatValues = [0]{}, .int64Values = [0]{}, .bytes = [0]{}, .stringValue = ""}}
12-30 10:54:51.405   398   464 D adayocomadapter-CommunicationManager: onUpstreamReceive mPropertyId 0x2140203a
12-30 10:54:51.406   398   464 D adayocomadapter-CommunicationManager: onUpstreamReceive mPropertyId 0x2140203e
12-30 10:54:51.406   398   464 D adayocomadapter-CommunicationManager: convertBytesToInt32Memcpy  0
12-30 10:54:51.406   398   464 I vw-vhal : notifyVehicleProperty, propId = 0x2140203e, data = {status: 2, int32Values: [0]}
12-30 10:54:51.406   398   464 I vw-vhal : CanSignalsAdapter::notifyVehicleProperty: solvedValue = {.timestamp = 8227227954978, .areaId = 0, .prop = 557850686, .status = AVAILABLE, .value = {.int32Values = [1]{0}, .floatValues = [0]{}, .int64Values = [0]{}, .bytes = [0]{}, .stringValue = ""}}
12-30 10:54:51.406   398   464 I VehiclePropertyStore: begin to write value to Store: {.timestamp = 8227227954978, .areaId = 0, .prop = 557850686, .status = AVAILABLE, .value = {.int32Values = [1]{0}, .floatValues = [0]{}, .int64Values = [0]{}, .bytes = [0]{}, .stringValue = ""}}
12-30 10:54:51.406   398   464 I DefaultVehicleHal_v2_0: DefaultVehicleHal::onPropertyValue, value:{.timestamp = 8227227954978, .areaId = 0, .prop = 557850686, .status = AVAILABLE, .value = {.int32Values = [1]{0}, .floatValues = [0]{}, .int64Values = [0]{}, .bytes = [0]{}, .stringValue = ""}}
12-30 10:54:51.406   398   464 D DiagPropHandler: is not DiagnosticConfig: 0x2140203e
12-30 10:54:51.406   398   464 I VehiclePropertyStore: begin to write value to Store: {.timestamp = 8227227954978, .areaId = 0, .prop = 557850686, .status = AVAILABLE, .value = {.int32Values = [1]{0}, .floatValues = [0]{}, .int64Values = [0]{}, .bytes = [0]{}, .stringValue = ""}}
12-30 10:54:51.406   398   464 D adayocomadapter-CommunicationManager: onUpstreamReceive mPropertyId 0x2140203e
12-30 10:54:51.406   398   464 D adayocomadapter-CommunicationManager: onUpstreamReceive mPropertyId 0x21402042
12-30 10:54:51.406   398   464 D adayocomadapter-CommunicationManager: convertBytesToInt32Memcpy  0
12-30 10:54:51.406   398   464 I vw-vhal : notifyVehicleProperty, propId = 0x21402042, data = {status: 2, int32Values: [0]}
12-30 10:54:51.406  2358  2623 D RcfController: Rcf proxy is not connected!
12-30 10:54:51.406   398   464 I vw-vhal : CanSignalsAdapter::notifyVehicleProperty: solvedValue = {.timestamp = 8227228333312, .areaId = 0, .prop = 557850690, .status = AVAILABLE, .value = {.int32Values = [1]{0}, .floatValues = [0]{}, .int64Values = [0]{}, .bytes = [0]{}, .stringValue = ""}}
12-30 10:54:51.406   398   464 I VehiclePropertyStore: begin to write value to Store: {.timestamp = 8227228333312, .areaId = 0, .prop = 557850690, .status = AVAILABLE, .value = {.int32Values = [1]{0}, .floatValues = [0]{}, .int64Values = [0]{}, .bytes = [0]{}, .stringValue = ""}}
12-30 10:54:51.406   398   464 I DefaultVehicleHal_v2_0: DefaultVehicleHal::onPropertyValue, value:{.timestamp = 8227228333312, .areaId = 0, .prop = 557850690, .status = AVAILABLE, .value = {.int32Values = [1]{0}, .floatValues = [0]{}, .int64Values = [0]{}, .bytes = [0]{}, .stringValue = ""}}
12-30 10:54:51.406   398   464 D DiagPropHandler: is not DiagnosticConfig: 0x21402042
12-30 10:54:51.406   398   464 I VehiclePropertyStore: begin to write value to Store: {.timestamp = 8227228333312, .areaId = 0, .prop = 557850690, .status = AVAILABLE, .value = {.int32Values = [1]{0}, .floatValues = [0]{}, .int64Values = [0]{}, .bytes = [0]{}, .stringValue = ""}}
12-30 10:54:51.406   398   464 D adayocomadapter-CommunicationManager: onUpstreamReceive mPropertyId 0x21402042
12-30 10:54:51.406   398   464 D adayocomadapter-CommunicationManager: onUpstreamReceive mPropertyId 0x21402039
12-30 10:54:51.406   398   464 D adayocomadapter-CommunicationManager: convertBytesToInt32Memcpy  0
12-30 10:54:51.406   398   464 I vw-vhal : notifyVehicleProperty, propId = 0x21402039, data = {status: 2, int32Values: [0]}
12-30 10:54:51.406   398   464 I vw-vhal : CanSignalsAdapter::notifyVehicleProperty: solvedValue = {.timestamp = 8227228668312, .areaId = 0, .prop = 557850681, .status = AVAILABLE, .value = {.int32Values = [1]{0}, .floatValues = [0]{}, .int64Values = [0]{}, .bytes = [0]{}, .stringValue = ""}}
12-30 10:54:51.406   398   464 I VehiclePropertyStore: begin to write value to Store: {.timestamp = 8227228668312, .areaId = 0, .prop = 557850681, .status = AVAILABLE, .value = {.int32Values = [1]{0}, .floatValues = [0]{}, .int64Values = [0]{}, .bytes = [0]{}, .stringValue = ""}}
12-30 10:54:51.406   398   464 I DefaultVehicleHal_v2_0: DefaultVehicleHal::onPropertyValue, value:{.timestamp = 8227228668312, .areaId = 0, .prop = 557850681, .status = AVAILABLE, .value = {.int32Values = [1]{0}, .floatValues = [0]{}, .int64Values = [0]{}, .bytes = [0]{}, .stringValue = ""}}
12-30 10:54:51.406   398   464 D DiagPropHandler: is not DiagnosticConfig: 0x21402039
12-30 10:54:51.407   398   464 I VehiclePropertyStore: begin to write value to Store: {.timestamp = 8227228668312, .areaId = 0, .prop = 557850681, .status = AVAILABLE, .value = {.int32Values = [1]{0}, .floatValues = [0]{}, .int64Values = [0]{}, .bytes = [0]{}, .stringValue = ""}}
12-30 10:54:51.407   398   464 D adayocomadapter-CommunicationManager: onUpstreamReceive mPropertyId 0x21402039
12-30 10:54:51.407   398   464 D adayocomadapter-CommunicationManager: onUpstreamReceive mPropertyId 0x2140203d
12-30 10:54:51.407   398   464 D adayocomadapter-CommunicationManager: convertBytesToInt32Memcpy  0
12-30 10:54:51.407   398   464 I vw-vhal : notifyVehicleProperty, propId = 0x2140203d, data = {status: 2, int32Values: [0]}
12-30 10:54:51.407   398   464 I vw-vhal : CanSignalsAdapter::notifyVehicleProperty: solvedValue = {.timestamp = 8227229029645, .areaId = 0, .prop = 557850685, .status = AVAILABLE, .value = {.int32Values = [1]{0}, .floatValues = [0]{}, .int64Values = [0]{}, .bytes = [0]{}, .stringValue = ""}}
12-30 10:54:51.407   398   464 I VehiclePropertyStore: begin to write value to Store: {.timestamp = 8227229029645, .areaId = 0, .prop = 557850685, .status = AVAILABLE, .value = {.int32Values = [1]{0}, .floatValues = [0]{}, .int64Values = [0]{}, .bytes = [0]{}, .stringValue = ""}}
12-30 10:54:51.407   398   464 I DefaultVehicleHal_v2_0: DefaultVehicleHal::onPropertyValue, value:{.timestamp = 8227229029645, .areaId = 0, .prop = 557850685, .status = AVAILABLE, .value = {.int32Values = [1]{0}, .floatValues = [0]{}, .int64Values = [0]{}, .bytes = [0]{}, .stringValue = ""}}
12-30 10:54:51.407   398   464 D DiagPropHandler: is not DiagnosticConfig: 0x2140203d
12-30 10:54:51.407   398   464 I VehiclePropertyStore: begin to write value to Store: {.timestamp = 8227229029645, .areaId = 0, .prop = 557850685, .status = AVAILABLE, .value = {.int32Values = [1]{0}, .floatValues = [0]{}, .int64Values = [0]{}, .bytes = [0]{}, .stringValue = ""}}
12-30 10:54:51.407   398   464 D adayocomadapter-CommunicationManager: onUpstreamReceive mPropertyId 0x2140203d
12-30 10:54:51.407   398   464 D adayocomadapter-CommunicationManager: onUpstreamReceive mPropertyId 0x21402041
12-30 10:54:51.407   398   464 D adayocomadapter-CommunicationManager: convertBytesToInt32Memcpy  0
12-30 10:54:51.407   398   464 I vw-vhal : notifyVehicleProperty, propId = 0x21402041, data = {status: 2, int32Values: [0]}
12-30 10:54:51.407   398   464 I vw-vhal : CanSignalsAdapter::notifyVehicleProperty: solvedValue = {.timestamp = 8227229376978, .areaId = 0, .prop = 557850689, .status = AVAILABLE, .value = {.int32Values = [1]{0}, .floatValues = [0]{}, .int64Values = [0]{}, .bytes = [0]{}, .stringValue = ""}}
12-30 10:54:51.407   398   464 I VehiclePropertyStore: begin to write value to Store: {.timestamp = 8227229376978, .areaId = 0, .prop = 557850689, .status = AVAILABLE, .value = {.int32Values = [1]{0}, .floatValues = [0]{}, .int64Values = [0]{}, .bytes = [0]{}, .stringValue = ""}}
12-30 10:54:51.407   398   464 I DefaultVehicleHal_v2_0: DefaultVehicleHal::onPropertyValue, value:{.timestamp = 8227229376978, .areaId = 0, .prop = 557850689, .status = AVAILABLE, .value = {.int32Values = [1]{0}, .floatValues = [0]{}, .int64Values = [0]{}, .bytes = [0]{}, .stringValue = ""}}
12-30 10:54:51.407   398   464 D DiagPropHandler: is not DiagnosticConfig: 0x21402041
12-30 10:54:51.407   398   464 I VehiclePropertyStore: begin to write value to Store: {.timestamp = 8227229376978, .areaId = 0, .prop = 557850689, .status = AVAILABLE, .value = {.int32Values = [1]{0}, .floatValues = [0]{}, .int64Values = [0]{}, .bytes = [0]{}, .stringValue = ""}}
12-30 10:54:51.407   398   464 D adayocomadapter-CommunicationManager: onUpstreamReceive mPropertyId 0x21402041
12-30 10:54:51.407   398   464 D adayocomadapter-CommunicationManager: onUpstreamReceive mPropertyId 0x21402045
12-30 10:54:51.407   398   464 D adayocomadapter-CommunicationManager: convertBytesToInt32Memcpy  0
12-30 10:54:51.407   398   464 I vw-vhal : notifyVehicleProperty, propId = 0x21402045, data = {status: 2, int32Values: [0]}
12-30 10:54:51.407   398   464 I vw-vhal : CanSignalsAdapter::notifyVehicleProperty: solvedValue = {.timestamp = 8227229710978, .areaId = 0, .prop = 557850693, .status = AVAILABLE, .value = {.int32Values = [1]{0}, .floatValues = [0]{}, .int64Values = [0]{}, .bytes = [0]{}, .stringValue = ""}}
12-30 10:54:51.407   398   464 I VehiclePropertyStore: begin to write value to Store: {.timestamp = 8227229710978, .areaId = 0, .prop = 557850693, .status = AVAILABLE, .value = {.int32Values = [1]{0}, .floatValues = [0]{}, .int64Values = [0]{}, .bytes = [0]{}, .stringValue = ""}}
12-30 10:54:51.407   398   464 I DefaultVehicleHal_v2_0: DefaultVehicleHal::onPropertyValue, value:{.timestamp = 8227229710978, .areaId = 0, .prop = 557850693, .status = AVAILABLE, .value = {.int32Values = [1]{0}, .floatValues = [0]{}, .int64Values = [0]{}, .bytes = [0]{}, .stringValue = ""}}
12-30 10:54:51.408   398   464 D DiagPropHandler: is not DiagnosticConfig: 0x21402045
12-30 10:54:51.408   398   464 I VehiclePropertyStore: begin to write value to Store: {.timestamp = 8227229710978, .areaId = 0, .prop = 557850693, .status = AVAILABLE, .value = {.int32Values = [1]{0}, .floatValues = [0]{}, .int64Values = [0]{}, .bytes = [0]{}, .stringValue = ""}}
12-30 10:54:51.408   398   464 D adayocomadapter-CommunicationManager: onUpstreamReceive mPropertyId 0x21402045
12-30 10:54:51.408   398   464 D adayocomadapter-CommunicationManager: onUpstreamReceive mPropertyId 0x2140204d
12-30 10:54:51.408   398   464 D adayocomadapter-CommunicationManager: convertBytesToInt32Memcpy  0
12-30 10:54:51.408   398   464 I vw-vhal : notifyVehicleProperty, propId = 0x2140204d, data = {status: 2, int32Values: [0]}
12-30 10:54:51.408   398   464 I vw-vhal : CanSignalsAdapter::notifyVehicleProperty: solvedValue = {.timestamp = 8227230051978, .areaId = 0, .prop = 557850701, .status = AVAILABLE, .value = {.int32Values = [1]{0}, .floatValues = [0]{}, .int64Values = [0]{}, .bytes = [0]{}, .stringValue = ""}}
12-30 10:54:51.408   398   464 I VehiclePropertyStore: begin to write value to Store: {.timestamp = 8227230051978, .areaId = 0, .prop = 557850701, .status = AVAILABLE, .value = {.int32Values = [1]{0}, .floatValues = [0]{}, .int64Values = [0]{}, .bytes = [0]{}, .stringValue = ""}}
12-30 10:54:51.408   398   464 I DefaultVehicleHal_v2_0: DefaultVehicleHal::onPropertyValue, value:{.timestamp = 8227230051978, .areaId = 0, .prop = 557850701, .status = AVAILABLE, .value = {.int32Values = [1]{0}, .floatValues = [0]{}, .int64Values = [0]{}, .bytes = [0]{}, .stringValue = ""}}
12-30 10:54:51.408   398   464 D DiagPropHandler: is not DiagnosticConfig: 0x2140204d
12-30 10:54:51.408   398   464 I VehiclePropertyStore: begin to write value to Store: {.timestamp = 8227230051978, .areaId = 0, .prop = 557850701, .status = AVAILABLE, .value = {.int32Values = [1]{0}, .floatValues = [0]{}, .int64Values = [0]{}, .bytes = [0]{}, .stringValue = ""}}
12-30 10:54:51.408   398   464 D adayocomadapter-CommunicationManager: onUpstreamReceive mPropertyId 0x2140204d
12-30 10:54:51.408   398   464 D adayocomadapter-CommunicationManager: onUpstreamReceive mPropertyId 0x2140220b
12-30 10:54:51.408   398   464 D adayocomadapter-CommunicationManager: convertBytesToInt32Memcpy  0
12-30 10:54:51.408   398   464 I vw-vhal : notifyVehicleProperty, propId = 0x2140220b, data = {status: 2, int32Values: [0]}
12-30 10:54:51.408   398   464 I vw-vhal : CanSignalsAdapter::notifyVehicleProperty: solvedValue = {.timestamp = 8227230394312, .areaId = 0, .prop = 557851147, .status = AVAILABLE, .value = {.int32Values = [1]{0}, .floatValues = [0]{}, .int64Values = [0]{}, .bytes = [0]{}, .stringValue = ""}}
12-30 10:54:51.408   398   464 I VehiclePropertyStore: begin to write value to Store: {.timestamp = 8227230394312, .areaId = 0, .prop = 557851147, .status = AVAILABLE, .value = {.int32Values = [1]{0}, .floatValues = [0]{}, .int64Values = [0]{}, .bytes = [0]{}, .stringValue = ""}}
12-30 10:54:51.408   398   464 I DefaultVehicleHal_v2_0: DefaultVehicleHal::onPropertyValue, value:{.timestamp = 8227230394312, .areaId = 0, .prop = 557851147, .status = AVAILABLE, .value = {.int32Values = [1]{0}, .floatValues = [0]{}, .int64Values = [0]{}, .bytes = [0]{}, .stringValue = ""}}
12-30 10:54:51.408   398   464 D DiagPropHandler: is not DiagnosticConfig: 0x2140220b
12-30 10:54:51.408   398   464 I VehiclePropertyStore: begin to write value to Store: {.timestamp = 8227230394312, .areaId = 0, .prop = 557851147, .status = AVAILABLE, .value = {.int32Values = [1]{0}, .floatValues = [0]{}, .int64Values = [0]{}, .bytes = [0]{}, .stringValue = ""}}
12-30 10:54:51.408   398   464 D adayocomadapter-CommunicationManager: onUpstreamReceive mPropertyId 0x2140220b
12-30 10:54:51.421   360   931 D EvsDriver: forwardFrame
12-30 10:54:51.421   360   931 D EvsDriver: forwardFrameDirect
12-30 10:54:51.422   360   931 D EvsDriver: Delivered 0xb400e2ca9e40d4b0 as id 1
12-30 10:54:51.422   359  2784 D evsmanagerd: /dev/video-evs0 forwarded the buffer #1 to 0xb400f125d2b26dd0 from 0xb400f125e2b20710
12-30 10:54:51.422  1582  3078 I c       : checkService in back thread add: adayo.upgrade.v2.0
12-30 10:54:51.423  1582  3078 E upgradeApp_251223_V1  l: d(null:11)pre->c(null:23)-> serviceBinder is null
12-30 10:54:51.423  1582  3078 W c       : doBindService in back thread fail: adayo.upgrade.v2.0
12-30 10:54:51.424   360   458 D EvsDriver: doneWithFrame
12-30 10:54:51.425   596  3076 E WifiHAL : Invalid data received from driver
12-30 10:54:51.455   360   931 I EvsDriver: /dev/video-evs0 VideoCapture fps 30.0005
12-30 10:54:51.455   360   931 D EvsDriver: forwardFrame
12-30 10:54:51.455   360   931 D EvsDriver: forwardFrameDirect
12-30 10:54:51.455   360   931 D EvsDriver: Delivered 0xb400e2ca9e40c2d0 as id 0
12-30 10:54:51.455   359  2784 D evsmanagerd: /dev/video-evs0 forwarded the buffer #0 to 0xb400f125d2b26dd0 from 0xb400f125e2b20710
12-30 10:54:51.456  2358  2623 D RcfController: Rcf proxy is not connected!
12-30 10:54:51.465   360   458 D EvsDriver: doneWithFrame
01-01 10:17:08.472     1     1 I init    : starting service 'trace_resource'...
12-30 10:54:51.488   360   931 D EvsDriver: forwardFrame
12-30 10:54:51.488   360   931 D EvsDriver: forwardFrameDirect
12-30 10:54:51.488   360   931 D EvsDriver: Delivered 0xb400e2ca9e40d090 as id 1
12-30 10:54:51.488   359  2784 D evsmanagerd: /dev/video-evs0 forwarded the buffer #1 to 0xb400f125d2b26dd0 from 0xb400f125e2b20710
12-30 10:54:51.488  4928  4928 I auditd  : type=1400 audit(0.0:920287): avc:  denied  { entrypoint } for  comm="init" path="/system/bin/sh" dev="dm-1" ino=8660711 scontext=u:r:trace_resource:s0 tcontext=u:object_r:shell_exec:s0 tclass=file permissive=1
12-30 10:54:51.488  4928  4928 I init    : type=1400 audit(0.0:920287): avc:  denied  { entrypoint } for  path="/system/bin/sh" dev="dm-1" ino=8660711 scontext=u:r:trace_resource:s0 tcontext=u:object_r:shell_exec:s0 tclass=file permissive=1
12-30 10:54:51.495   360   458 D EvsDriver: doneWithFrame
12-30 10:54:51.492  4928  4928 I auditd  : type=1400 audit(0.0:920288): avc:  denied  { map } for  comm="sh" path="/system/bin/sh" dev="dm-1" ino=8660711 scontext=u:r:trace_resource:s0 tcontext=u:object_r:shell_exec:s0 tclass=file permissive=1
12-30 10:54:51.492  4928  4928 I sh      : type=1400 audit(0.0:920288): avc:  denied  { map } for  path="/system/bin/sh" dev="dm-1" ino=8660711 scontext=u:r:trace_resource:s0 tcontext=u:object_r:shell_exec:s0 tclass=file permissive=1
12-30 10:54:51.492  4928  4928 I auditd  : type=1400 audit(0.0:920289): avc:  denied  { read } for  comm="sh" path="/system/bin/sh" dev="dm-1" ino=8660711 scontext=u:r:trace_resource:s0 tcontext=u:object_r:shell_exec:s0 tclass=file permissive=1
12-30 10:54:51.492  4928  4928 I sh      : type=1400 audit(0.0:920289): avc:  denied  { read } for  path="/system/bin/sh" dev="dm-1" ino=8660711 scontext=u:r:trace_resource:s0 tcontext=u:object_r:shell_exec:s0 tclass=file permissive=1
12-30 10:54:51.492  4928  4928 I auditd  : type=1400 audit(0.0:920290): avc:  denied  { execute } for  comm="sh" path="/system/bin/sh" dev="dm-1" ino=8660711 scontext=u:r:trace_resource:s0 tcontext=u:object_r:shell_exec:s0 tclass=file permissive=1
12-30 10:54:51.492  4928  4928 I sh      : type=1400 audit(0.0:920290): avc:  denied  { execute } for  path="/system/bin/sh" dev="dm-1" ino=8660711 scontext=u:r:trace_resource:s0 tcontext=u:object_r:shell_exec:s0 tclass=file permissive=1
01-01 10:17:08.508  4928  4928 W audit   : audit_lost=900081 audit_rate_limit=5 audit_backlog_limit=64
01-01 10:17:08.508  4928  4928 E audit   : rate limit exceeded
12-30 10:54:51.505   596  3076 E WifiHAL : Invalid data received from driver
12-30 10:54:51.506  2358  2623 D RcfController: Rcf proxy is not connected!
12-30 10:54:51.521   360   931 D EvsDriver: forwardFrame
12-30 10:54:51.521   360   931 D EvsDriver: forwardFrameDirect
12-30 10:54:51.522   360   931 D EvsDriver: Delivered 0xb400e2ca9e40e110 as id 0
12-30 10:54:51.522   359  2784 D evsmanagerd: /dev/video-evs0 forwarded the buffer #0 to 0xb400f125d2b26dd0 from 0xb400f125e2b20710
12-30 10:54:51.525   360   458 D EvsDriver: doneWithFrame
12-30 10:54:51.541   650   729 D fgemcucomm: sd Uart data : 6AA60200C500029202A3
12-30 10:54:51.541   650   729 D fgemcucomm: rev uart=67984,len=17, data : 6AA68100C500099202000A000000000013
12-30 10:54:51.542   398   882 D adayocomadapter-ParseProtocolFunc: printRaWMsg Name[MCUToUPstream recv] len[9] data[9202000A0000000000]
12-30 10:54:51.542   398   882 D adayocomadapter-CommunicationManager: onUpstreamback   member[0] dataLength[6] timePoint[8227363]
12-30 10:54:51.542   398   882 D adayocomadapter-ParseProtocolFunc: printRaWMsg Name[onUpstreamback] len[6] data[0A0000000000]
12-30 10:54:51.542   398   464 D adayocomadapter-UpstreamHandler: processBeforePacket upSreamtProcessTimePoint[8227364] 
12-30 10:54:51.542   398   464 D adayocomadapter-UpstreamHandler: processPacket UPSTREAM_QUEUE_DATA_TIMEOUT
12-30 10:54:51.542   398   464 D adayocomadapter-ParseProtocolFunc: parseCommonIPCLBytes Processing tableNumber[10]
12-30 10:54:51.542   398   464 D adayocomadapter-ParseProtocolFunc: parseCommonIPCLBytes Processing tablename[Table-10] tableSize[6]
12-30 10:54:51.542   398   464 D adayocomadapter-ParseProtocolFunc: printRaWMsg Name[byteStream recv] len[6] data[0A0000000000]
12-30 10:54:51.542   398   464 D adayocomadapter-ParseProtocolFunc: printRaWMsg Name[IPCLtoVHAL] len[9] data[2140201C0000000000]
12-30 10:54:51.542   398   464 D adayocomadapter-ParseProtocolFunc: printRaWMsg Name[IPCLtoVHAL] len[6] data[214022320000]
12-30 10:54:51.542   398   464 D adayocomadapter-CommunicationManager: onUpstreamReceive mPropertyId 0x2140201c
12-30 10:54:51.542   398   464 D adayocomadapter-CommunicationManager: convertBytesToInt32Memcpy  0
12-30 10:54:51.542   398   464 I vw-vhal : notifyVehicleProperty, propId = 0x2140201c, data = {status: 2, int32Values: [0]}
12-30 10:54:51.542   398   464 I vw-vhal : CanSignalsAdapter::notifyVehicleProperty: solvedValue = {.timestamp = 8227364521645, .areaId = 0, .prop = 557850652, .status = AVAILABLE, .value = {.int32Values = [1]{0}, .floatValues = [0]{}, .int64Values = [0]{}, .bytes = [0]{}, .stringValue = ""}}
12-30 10:54:51.542   398   464 I VehiclePropertyStore: begin to write value to Store: {.timestamp = 8227364521645, .areaId = 0, .prop = 557850652, .status = AVAILABLE, .value = {.int32Values = [1]{0}, .floatValues = [0]{}, .int64Values = [0]{}, .bytes = [0]{}, .stringValue = ""}}
12-30 10:54:51.542   398   464 I DefaultVehicleHal_v2_0: DefaultVehicleHal::onPropertyValue, value:{.timestamp = 8227364521645, .areaId = 0, .prop = 557850652, .status = AVAILABLE, .value = {.int32Values = [1]{0}, .floatValues = [0]{}, .int64Values = [0]{}, .bytes = [0]{}, .stringValue = ""}}
12-30 10:54:51.542   398   464 D DiagPropHandler: is not DiagnosticConfig: 0x2140201c
12-30 10:54:51.542   398   464 I VehiclePropertyStore: begin to write value to Store: {.timestamp = 8227364521645, .areaId = 0, .prop = 557850652, .status = AVAILABLE, .value = {.int32Values = [1]{0}, .floatValues = [0]{}, .int64Values = [0]{}, .bytes = [0]{}, .stringValue = ""}}
12-30 10:54:51.542   398   464 D adayocomadapter-CommunicationManager: onUpstreamReceive mPropertyId 0x2140201c
12-30 10:54:51.542   398   464 D adayocomadapter-CommunicationManager: onUpstreamReceive mPropertyId 0x21402232
12-30 10:54:51.542   398   464 D adayocomadapter-CommunicationManager: convertBytesToInt32Memcpy  0
12-30 10:54:51.543   398   464 I vw-vhal : notifyVehicleProperty, propId = 0x21402232, data = {status: 2, int32Values: [0]}
12-30 10:54:51.543   398   464 I vw-vhal : CanSignalsAdapter::notifyVehicleProperty: solvedValue = {.timestamp = 8227364914312, .areaId = 0, .prop = 557851186, .status = AVAILABLE, .value = {.int32Values = [1]{0}, .floatValues = [0]{}, .int64Values = [0]{}, .bytes = [0]{}, .stringValue = ""}}
12-30 10:54:51.543   398   464 I VehiclePropertyStore: begin to write value to Store: {.timestamp = 8227364914312, .areaId = 0, .prop = 557851186, .status = AVAILABLE, .value = {.int32Values = [1]{0}, .floatValues = [0]{}, .int64Values = [0]{}, .bytes = [0]{}, .stringValue = ""}}
12-30 10:54:51.543   398   464 I DefaultVehicleHal_v2_0: DefaultVehicleHal::onPropertyValue, value:{.timestamp = 8227364914312, .areaId = 0, .prop = 557851186, .status = AVAILABLE, .value = {.int32Values = [1]{0}, .floatValues = [0]{}, .int64Values = [0]{}, .bytes = [0]{}, .stringValue = ""}}
12-30 10:54:51.543   398   464 D DiagPropHandler: is not DiagnosticConfig: 0x21402232
12-30 10:54:51.543   398   464 I VehiclePropertyStore: begin to write value to Store: {.timestamp = 8227364914312, .areaId = 0, .prop = 557851186, .status = AVAILABLE, .value = {.int32Values = [1]{0}, .floatValues = [0]{}, .int64Values = [0]{}, .bytes = [0]{}, .stringValue = ""}}
12-30 10:54:51.543   398   464 D adayocomadapter-CommunicationManager: onUpstreamReceive mPropertyId 0x21402232
12-30 10:54:51.554  4929  4929 I ADAYO_LOG_TRACE_RESOURCE: execute start
12-30 10:54:51.555   360   931 D EvsDriver: forwardFrame
12-30 10:54:51.555   360   931 D EvsDriver: forwardFrameDirect
12-30 10:54:51.555   360   931 D EvsDriver: Delivered 0xb400e2ca9e40c7a0 as id 1
12-30 10:54:51.555   359  2784 D evsmanagerd: /dev/video-evs0 forwarded the buffer #1 to 0xb400f125d2b26dd0 from 0xb400f125e2b20710
12-30 10:54:51.556   360   458 D EvsDriver: doneWithFrame
12-30 10:54:51.557  2358  2623 D RcfController: Rcf proxy is not connected!
12-30 10:54:51.583   596  3076 E WifiHAL : Invalid data received from driver
12-30 10:54:51.588   360   931 D EvsDriver: forwardFrame
12-30 10:54:51.588   360   931 D EvsDriver: forwardFrameDirect
12-30 10:54:51.588   360   931 D EvsDriver: Delivered 0xb400e2ca9e40e270 as id 0
12-30 10:54:51.588   359  2784 D evsmanagerd: /dev/video-evs0 forwarded the buffer #0 to 0xb400f125d2b26dd0 from 0xb400f125e2b20710
12-30 10:54:51.596   360   458 D EvsDriver: doneWithFrame
12-30 10:54:51.605  4931  4931 I ADAYO_LOG_TRACE_RESOURCE: executing
12-30 10:54:51.607  2358  2623 D RcfController: Rcf proxy is not connected!
12-30 10:54:51.621   360   931 D EvsDriver: forwardFrame
12-30 10:54:51.621   360   931 D EvsDriver: forwardFrameDirect
12-30 10:54:51.621   360   931 D EvsDriver: Delivered 0xb400e2ca9e40d4b0 as id 1
12-30 10:54:51.622   359  2784 D evsmanagerd: /dev/video-evs0 forwarded the buffer #1 to 0xb400f125d2b26dd0 from 0xb400f125e2b20710
12-30 10:54:51.627   360   458 D EvsDriver: doneWithFrame
12-30 10:54:51.629   650   729 D fgemcucomm: sd Uart data : 6AA60200C600029202A2
12-30 10:54:51.629   650   729 D fgemcucomm: rev uart=67985,len=109, data : 6AA68100C600659202001000000000000000000000000000000000000000000000000000000000000000000000000000000000000000000000000000000000000000000000000000000000000000000000000000000000000000000000000000000000000000000000000000B0
12-30 10:54:51.629   398   882 D adayocomadapter-ParseProtocolFunc: printRaWMsg Name[MCUToUPstream recv] len[101] data[9202001000000000000000000000000000000000000000000000000000000000000000000000000000000000000000000000000000000000000000000000000000000000000000000000000000000000000000000000000000000000000000000000000000]
12-30 10:54:51.629   398   882 D adayocomadapter-CommunicationManager: onUpstreamback   member[0] dataLength[98] timePoint[8227451]
12-30 10:54:51.629   398   882 D adayocomadapter-ParseProtocolFunc: printRaWMsg Name[onUpstreamback] len[98] data[1000000000000000000000000000000000000000000000000000000000000000000000000000000000000000000000000000000000000000000000000000000000000000000000000000000000000000000000000000000000000000000000000000]
12-30 10:54:51.630   398   464 D adayocomadapter-UpstreamHandler: processBeforePacket upSreamtProcessTimePoint[8227451] 
12-30 10:54:51.630   398   464 D adayocomadapter-UpstreamHandler: processPacket UPSTREAM_QUEUE_DATA_TIMEOUT
12-30 10:54:51.630   398   464 D adayocomadapter-ParseProtocolFunc: parseCommonIPCLBytes Processing tableNumber[16]
12-30 10:54:51.630   398   464 D adayocomadapter-ParseProtocolFunc: parseCommonIPCLBytes Processing tablename[Table-16] tableSize[98]
12-30 10:54:51.630   398   464 D adayocomadapter-ParseProtocolFunc: printRaWMsg Name[byteStream recv] len[98] data[1000000000000000000000000000000000000000000000000000000000000000000000000000000000000000000000000000000000000000000000000000000000000000000000000000000000000000000000000000000000000000000000000000]
12-30 10:54:51.630   398   464 D adayocomadapter-ParseProtocolFunc: printRaWMsg Name[IPCLtoVHAL] len[6] data[214021B10000]
12-30 10:54:51.630   398   464 D adayocomadapter-ParseProtocolFunc: printRaWMsg Name[IPCLtoVHAL] len[6] data[214022120000]
12-30 10:54:51.630   398   464 D adayocomadapter-ParseProtocolFunc: printRaWMsg Name[IPCLtoVHAL] len[6] data[214021B20000]
12-30 10:54:51.630   398   464 D adayocomadapter-ParseProtocolFunc: printRaWMsg Name[IPCLtoVHAL] len[6] data[214021BD0000]
12-30 10:54:51.630   398   464 D adayocomadapter-ParseProtocolFunc: printRaWMsg Name[IPCLtoVHAL] len[6] data[2140221E0000]
12-30 10:54:51.630   398   464 D adayocomadapter-ParseProtocolFunc: printRaWMsg Name[IPCLtoVHAL] len[6] data[214021B30000]
12-30 10:54:51.630   398   464 D adayocomadapter-ParseProtocolFunc: printRaWMsg Name[IPCLtoVHAL] len[6] data[214022140000]
12-30 10:54:51.630   398   464 D adayocomadapter-ParseProtocolFunc: printRaWMsg Name[IPCLtoVHAL] len[6] data[214021B40000]
12-30 10:54:51.630   398   464 D adayocomadapter-ParseProtocolFunc: printRaWMsg Name[IPCLtoVHAL] len[6] data[214021530000]
12-30 10:54:51.630   398   464 D adayocomadapter-ParseProtocolFunc: printRaWMsg Name[IPCLtoVHAL] len[6] data[214022150000]
12-30 10:54:51.630   398   464 D adayocomadapter-ParseProtocolFunc: printRaWMsg Name[IPCLtoVHAL] len[6] data[214021B50000]
12-30 10:54:51.630   398   464 D adayocomadapter-ParseProtocolFunc: printRaWMsg Name[IPCLtoVHAL] len[6] data[214021540000]
12-30 10:54:51.630   398   464 D adayocomadapter-ParseProtocolFunc: printRaWMsg Name[IPCLtoVHAL] len[6] data[214021B70000]
12-30 10:54:51.630   398   464 D adayocomadapter-ParseProtocolFunc: printRaWMsg Name[IPCLtoVHAL] len[6] data[214021560000]
12-30 10:54:51.630   398   464 D adayocomadapter-ParseProtocolFunc: printRaWMsg Name[IPCLtoVHAL] len[6] data[214021B80000]
12-30 10:54:51.630   398   464 D adayocomadapter-ParseProtocolFunc: printRaWMsg Name[IPCLtoVHAL] len[6] data[214021570000]
12-30 10:54:51.630   398   464 D adayocomadapter-ParseProtocolFunc: printRaWMsg Name[IPCLtoVHAL] len[6] data[214022190000]
12-30 10:54:51.630   398   464 D adayocomadapter-ParseProtocolFunc: printRaWMsg Name[IPCLtoVHAL] len[6] data[2140215B0000]
12-30 10:54:51.630   398   464 D adayocomadapter-ParseProtocolFunc: printRaWMsg Name[IPCLtoVHAL] len[6] data[214021BC0000]
12-30 10:54:51.630   398   464 D adayocomadapter-ParseProtocolFunc: printRaWMsg Name[IPCLtoVHAL] len[6] data[2140221D0000]
12-30 10:54:51.630   398   464 D adayocomadapter-ParseProtocolFunc: printRaWMsg Name[IPCLtoVHAL] len[6] data[214021B90000]
12-30 10:54:51.630   398   464 D adayocomadapter-ParseProtocolFunc: printRaWMsg Name[IPCLtoVHAL] len[6] data[2140221A0000]
12-30 10:54:51.630   398   464 D adayocomadapter-ParseProtocolFunc: printRaWMsg Name[IPCLtoVHAL] len[6] data[214021BB0000]
12-30 10:54:51.630   398   464 D adayocomadapter-ParseProtocolFunc: printRaWMsg Name[IPCLtoVHAL] len[6] data[2140215A0000]
12-30 10:54:51.630   398   464 D adayocomadapter-ParseProtocolFunc: printRaWMsg Name[IPCLtoVHAL] len[6] data[2140221C0000]
