12-30 10:54:57.422   359  2784 D evsmanagerd: /dev/video-evs0 forwarded the buffer #1 to 0xb400f125d2b26dd0 from 0xb400f125e2b20710
12-30 10:54:57.422   596  3076 E WifiHAL : Invalid data received from driver
12-30 10:54:57.423   360   458 D EvsDriver: doneWithFrame
12-30 10:54:57.430  1582  3078 I c       : checkService in back thread add: adayo.upgrade.v2.0
12-30 10:54:57.431  1582  3078 E upgradeApp_251223_V1  l: d(null:11)pre->c(null:23)-> serviceBinder is null
12-30 10:54:57.431  1582  3078 W c       : doBindService in back thread fail: adayo.upgrade.v2.0
12-30 10:54:57.437  2358  2623 D RcfController: Rcf proxy is not connected!
12-30 10:54:57.454   360   931 D EvsDriver: forwardFrame
12-30 10:54:57.454   360   931 D EvsDriver: forwardFrameDirect
12-30 10:54:57.455   360   931 D EvsDriver: Delivered 0xb400e2ca9e40c2d0 as id 0
12-30 10:54:57.455   359  2784 D evsmanagerd: /dev/video-evs0 forwarded the buffer #0 to 0xb400f125d2b26dd0 from 0xb400f125e2b20710
12-30 10:54:57.464   360   458 D EvsDriver: doneWithFrame
12-30 10:54:57.487  2358  2623 D RcfController: Rcf proxy is not connected!
12-30 10:54:57.488   360   931 D EvsDriver: forwardFrame
12-30 10:54:57.488   360   931 D EvsDriver: forwardFrameDirect
12-30 10:54:57.488   360   931 D EvsDriver: Delivered 0xb400e2ca9e40d090 as id 1
12-30 10:54:57.488   359  2784 D evsmanagerd: /dev/video-evs0 forwarded the buffer #1 to 0xb400f125d2b26dd0 from 0xb400f125e2b20710
12-30 10:54:57.494   360   458 D EvsDriver: doneWithFrame
12-30 10:54:57.513   596  3076 E WifiHAL : Invalid data received from driver
12-30 10:54:57.521   360   931 D EvsDriver: forwardFrame
12-30 10:54:57.521   360   931 D EvsDriver: forwardFrameDirect
12-30 10:54:57.521   360   931 D EvsDriver: Delivered 0xb400e2ca9e40e110 as id 0
12-30 10:54:57.521   359  2784 D evsmanagerd: /dev/video-evs0 forwarded the buffer #0 to 0xb400f125d2b26dd0 from 0xb400f125e2b20710
12-30 10:54:57.524   360   458 D EvsDriver: doneWithFrame
12-30 10:54:57.537  2358  2623 D RcfController: Rcf proxy is not connected!
12-30 10:54:57.544   699   699 I auditd  : type=1400 audit(0.0:921513): avc:  denied  { read } for  comm="name_server" laddr=172.20.2.35 lport=34880 faddr=172.20.2.36 fport=60000 scontext=u:r:name_server:s0 tcontext=u:r:name_server:s0 tclass=tcp_socket permissive=1
12-30 10:54:57.544   699   699 I name_server: type=1400 audit(0.0:921513): avc:  denied  { read } for  laddr=172.20.2.35 lport=34880 faddr=172.20.2.36 fport=60000 scontext=u:r:name_server:s0 tcontext=u:r:name_server:s0 tclass=tcp_socket permissive=1
12-30 10:54:57.544   699   699 I auditd  : type=1400 audit(0.0:921514): avc:  denied  { write } for  comm="name_server" laddr=172.20.2.35 lport=34880 faddr=172.20.2.36 fport=60000 scontext=u:r:name_server:s0 tcontext=u:r:name_server:s0 tclass=tcp_socket permissive=1
12-30 10:54:57.544   699   699 I name_server: type=1400 audit(0.0:921514): avc:  denied  { write } for  laddr=172.20.2.35 lport=34880 faddr=172.20.2.36 fport=60000 scontext=u:r:name_server:s0 tcontext=u:r:name_server:s0 tclass=tcp_socket permissive=1
12-30 10:54:57.548 15305 15305 I auditd  : type=1400 audit(0.0:921515): avc:  denied  { syslog_mod } for  comm="cat" scontext=u:r:trace_kernel:s0 tcontext=u:r:kernel:s0 tclass=system permissive=1
12-30 10:54:57.548 15305 15305 I cat     : type=1400 audit(0.0:921515): avc:  denied  { syslog_mod } for  scontext=u:r:trace_kernel:s0 tcontext=u:r:kernel:s0 tclass=system permissive=1
12-30 10:54:57.554   360   931 D EvsDriver: forwardFrame
12-30 10:54:57.555   360   931 D EvsDriver: forwardFrameDirect
12-30 10:54:57.555   360   931 D EvsDriver: Delivered 0xb400e2ca9e40c7a0 as id 1
12-30 10:54:57.555   359  2784 D evsmanagerd: /dev/video-evs0 forwarded the buffer #1 to 0xb400f125d2b26dd0 from 0xb400f125e2b20710
12-30 10:54:57.565   360   458 D EvsDriver: doneWithFrame
12-30 10:54:57.572   596  3076 E WifiHAL : Invalid data received from driver
12-30 10:54:57.588  2358  2623 D RcfController: Rcf proxy is not connected!
12-30 10:54:57.588   360   931 I EvsDriver: /dev/video-evs0 VideoCapture fps 30.0019
12-30 10:54:57.588   360   931 D EvsDriver: forwardFrame
12-30 10:54:57.588   360   931 D EvsDriver: forwardFrameDirect
12-30 10:54:57.588   360   931 D EvsDriver: Delivered 0xb400e2ca9e40e270 as id 0
12-30 10:54:57.588   359  2784 D evsmanagerd: /dev/video-evs0 forwarded the buffer #0 to 0xb400f125d2b26dd0 from 0xb400f125e2b20710
12-30 10:54:57.595   360   458 D EvsDriver: doneWithFrame
12-30 10:54:57.592   657   657 I auditd  : type=1400 audit(0.0:921516): avc:  denied  { ioctl } for  comm="evs_app.adayo" path="/dev/dri/renderD128" dev="tmpfs" ino=468 ioctlcmd=0x6440 scontext=u:r:evs_app_adayo:s0 tcontext=u:object_r:gpu_device:s0 tclass=chr_file permissive=1
12-30 10:54:57.592   657   657 I evs_app.adayo: type=1400 audit(0.0:921516): avc:  denied  { ioctl } for  path="/dev/dri/renderD128" dev="tmpfs" ino=468 ioctlcmd=0x6440 scontext=u:r:evs_app_adayo:s0 tcontext=u:object_r:gpu_device:s0 tclass=chr_file permissive=1
12-30 10:54:57.603   650   729 D fgemcucomm: sd Uart data : 6AA60200F50002920273
12-30 10:54:57.604   650   729 D fgemcucomm: rev uart=68033,len=20, data : 6AA68100F5000C920200050000000000000000E5
12-30 10:54:57.604   398   882 D adayocomadapter-ParseProtocolFunc: printRaWMsg Name[MCUToUPstream recv] len[12] data[920200050000000000000000]
12-30 10:54:57.604   398   882 D adayocomadapter-CommunicationManager: onUpstreamback   member[0] dataLength[9] timePoint[8233426]
12-30 10:54:57.604   398   882 D adayocomadapter-ParseProtocolFunc: printRaWMsg Name[onUpstreamback] len[9] data[050000000000000000]
12-30 10:54:57.604   398   464 D adayocomadapter-UpstreamHandler: processBeforePacket upSreamtProcessTimePoint[8233426] 
12-30 10:54:57.605   398   464 D adayocomadapter-UpstreamHandler: processPacket UPSTREAM_QUEUE_DATA_TIMEOUT
12-30 10:54:57.605   398   464 D adayocomadapter-ParseProtocolFunc: parseCommonIPCLBytes Processing tableNumber[5]
12-30 10:54:57.605   398   464 D adayocomadapter-ParseProtocolFunc: parseCommonIPCLBytes Processing tablename[Table-5] tableSize[9]
12-30 10:54:57.605   398   464 D adayocomadapter-ParseProtocolFunc: printRaWMsg Name[byteStream recv] len[9] data[050000000000000000]
12-30 10:54:57.605   398   464 D adayocomadapter-ParseProtocolFunc: printRaWMsg Name[IPCLtoVHAL] len[7] data[21402134000000]
12-30 10:54:57.605   398   464 D adayocomadapter-ParseProtocolFunc: printRaWMsg Name[IPCLtoVHAL] len[7] data[21402135000000]
12-30 10:54:57.605   398   464 D adayocomadapter-ParseProtocolFunc: printRaWMsg Name[IPCLtoVHAL] len[7] data[21402136000000]
12-30 10:54:57.605   398   464 D adayocomadapter-ParseProtocolFunc: printRaWMsg Name[IPCLtoVHAL] len[7] data[21402137000000]
12-30 10:54:57.605   398   464 D adayocomadapter-CommunicationManager: onUpstreamReceive mPropertyId 0x21402134
12-30 10:54:57.605   398   464 D adayocomadapter-CommunicationManager: convertBytesToInt32Memcpy  0
12-30 10:54:57.605   398   464 I vw-vhal : notifyVehicleProperty, propId = 0x21402134, data = {status: 2, int32Values: [0]}
12-30 10:54:57.605   398   464 I vw-vhal : CanSignalsAdapter::notifyVehicleProperty: solvedValue = {.timestamp = 8233427585312, .areaId = 0, .prop = 557850932, .status = AVAILABLE, .value = {.int32Values = [1]{0}, .floatValues = [0]{}, .int64Values = [0]{}, .bytes = [0]{}, .stringValue = ""}}
12-30 10:54:57.605   398   464 I VehiclePropertyStore: begin to write value to Store: {.timestamp = 8233427585312, .areaId = 0, .prop = 557850932, .status = AVAILABLE, .value = {.int32Values = [1]{0}, .floatValues = [0]{}, .int64Values = [0]{}, .bytes = [0]{}, .stringValue = ""}}
12-30 10:54:57.605   398   464 I DefaultVehicleHal_v2_0: DefaultVehicleHal::onPropertyValue, value:{.timestamp = 8233427585312, .areaId = 0, .prop = 557850932, .status = AVAILABLE, .value = {.int32Values = [1]{0}, .floatValues = [0]{}, .int64Values = [0]{}, .bytes = [0]{}, .stringValue = ""}}
12-30 10:54:57.606   398   464 D DiagPropHandler: is not DiagnosticConfig: 0x21402134
12-30 10:54:57.606   398   464 I VehiclePropertyStore: begin to write value to Store: {.timestamp = 8233427585312, .areaId = 0, .prop = 557850932, .status = AVAILABLE, .value = {.int32Values = [1]{0}, .floatValues = [0]{}, .int64Values = [0]{}, .bytes = [0]{}, .stringValue = ""}}
12-30 10:54:57.606   398   464 D adayocomadapter-CommunicationManager: onUpstreamReceive mPropertyId 0x21402134
12-30 10:54:57.606   398   464 D adayocomadapter-CommunicationManager: onUpstreamReceive mPropertyId 0x21402135
12-30 10:54:57.606   398   464 D adayocomadapter-CommunicationManager: convertBytesToInt32Memcpy  0
12-30 10:54:57.606   398   464 I vw-vhal : notifyVehicleProperty, propId = 0x21402135, data = {status: 2, int32Values: [0]}
12-30 10:54:57.606   398   464 I vw-vhal : CanSignalsAdapter::notifyVehicleProperty: solvedValue = {.timestamp = 8233428332312, .areaId = 0, .prop = 557850933, .status = AVAILABLE, .value = {.int32Values = [1]{0}, .floatValues = [0]{}, .int64Values = [0]{}, .bytes = [0]{}, .stringValue = ""}}
12-30 10:54:57.606   398   464 I VehiclePropertyStore: begin to write value to Store: {.timestamp = 8233428332312, .areaId = 0, .prop = 557850933, .status = AVAILABLE, .value = {.int32Values = [1]{0}, .floatValues = [0]{}, .int64Values = [0]{}, .bytes = [0]{}, .stringValue = ""}}
12-30 10:54:57.606   398   464 I DefaultVehicleHal_v2_0: DefaultVehicleHal::onPropertyValue, value:{.timestamp = 8233428332312, .areaId = 0, .prop = 557850933, .status = AVAILABLE, .value = {.int32Values = [1]{0}, .floatValues = [0]{}, .int64Values = [0]{}, .bytes = [0]{}, .stringValue = ""}}
12-30 10:54:57.606   398   464 D DiagPropHandler: is not DiagnosticConfig: 0x21402135
12-30 10:54:57.606   398   464 I VehiclePropertyStore: begin to write value to Store: {.timestamp = 8233428332312, .areaId = 0, .prop = 557850933, .status = AVAILABLE, .value = {.int32Values = [1]{0}, .floatValues = [0]{}, .int64Values = [0]{}, .bytes = [0]{}, .stringValue = ""}}
12-30 10:54:57.606   398   464 D adayocomadapter-CommunicationManager: onUpstreamReceive mPropertyId 0x21402135
12-30 10:54:57.606   398   464 D adayocomadapter-CommunicationManager: onUpstreamReceive mPropertyId 0x21402136
12-30 10:54:57.607   398   464 D adayocomadapter-CommunicationManager: convertBytesToInt32Memcpy  0
12-30 10:54:57.607   398   464 I vw-vhal : notifyVehicleProperty, propId = 0x21402136, data = {status: 2, int32Values: [0]}
12-30 10:54:57.607   398   464 I vw-vhal : CanSignalsAdapter::notifyVehicleProperty: solvedValue = {.timestamp = 8233429014312, .areaId = 0, .prop = 557850934, .status = AVAILABLE, .value = {.int32Values = [1]{0}, .floatValues = [0]{}, .int64Values = [0]{}, .bytes = [0]{}, .stringValue = ""}}
12-30 10:54:57.607   398   464 I VehiclePropertyStore: begin to write value to Store: {.timestamp = 8233429014312, .areaId = 0, .prop = 557850934, .status = AVAILABLE, .value = {.int32Values = [1]{0}, .floatValues = [0]{}, .int64Values = [0]{}, .bytes = [0]{}, .stringValue = ""}}
12-30 10:54:57.607   398   464 I DefaultVehicleHal_v2_0: DefaultVehicleHal::onPropertyValue, value:{.timestamp = 8233429014312, .areaId = 0, .prop = 557850934, .status = AVAILABLE, .value = {.int32Values = [1]{0}, .floatValues = [0]{}, .int64Values = [0]{}, .bytes = [0]{}, .stringValue = ""}}
12-30 10:54:57.607   398   464 D DiagPropHandler: is not DiagnosticConfig: 0x21402136
12-30 10:54:57.607   398   464 I VehiclePropertyStore: begin to write value to Store: {.timestamp = 8233429014312, .areaId = 0, .prop = 557850934, .status = AVAILABLE, .value = {.int32Values = [1]{0}, .floatValues = [0]{}, .int64Values = [0]{}, .bytes = [0]{}, .stringValue = ""}}
12-30 10:54:57.607   398   464 D adayocomadapter-CommunicationManager: onUpstreamReceive mPropertyId 0x21402136
12-30 10:54:57.607   398   464 D adayocomadapter-CommunicationManager: onUpstreamReceive mPropertyId 0x21402137
12-30 10:54:57.607   398   464 D adayocomadapter-CommunicationManager: convertBytesToInt32Memcpy  0
12-30 10:54:57.607   398   464 I vw-vhal : notifyVehicleProperty, propId = 0x21402137, data = {status: 2, int32Values: [0]}
12-30 10:54:57.607   398   464 I vw-vhal : CanSignalsAdapter::notifyVehicleProperty: solvedValue = {.timestamp = 8233429674979, .areaId = 0, .prop = 557850935, .status = AVAILABLE, .value = {.int32Values = [1]{0}, .floatValues = [0]{}, .int64Values = [0]{}, .bytes = [0]{}, .stringValue = ""}}
12-30 10:54:57.607   398   464 I VehiclePropertyStore: begin to write value to Store: {.timestamp = 8233429674979, .areaId = 0, .prop = 557850935, .status = AVAILABLE, .value = {.int32Values = [1]{0}, .floatValues = [0]{}, .int64Values = [0]{}, .bytes = [0]{}, .stringValue = ""}}
12-30 10:54:57.608   398   464 I DefaultVehicleHal_v2_0: DefaultVehicleHal::onPropertyValue, value:{.timestamp = 8233429674979, .areaId = 0, .prop = 557850935, .status = AVAILABLE, .value = {.int32Values = [1]{0}, .floatValues = [0]{}, .int64Values = [0]{}, .bytes = [0]{}, .stringValue = ""}}
12-30 10:54:57.608   398   464 D DiagPropHandler: is not DiagnosticConfig: 0x21402137
12-30 10:54:57.608   398   464 I VehiclePropertyStore: begin to write value to Store: {.timestamp = 8233429674979, .areaId = 0, .prop = 557850935, .status = AVAILABLE, .value = {.int32Values = [1]{0}, .floatValues = [0]{}, .int64Values = [0]{}, .bytes = [0]{}, .stringValue = ""}}
12-30 10:54:57.608   398   464 D adayocomadapter-CommunicationManager: onUpstreamReceive mPropertyId 0x21402137
12-30 10:54:57.621   360   931 D EvsDriver: forwardFrame
12-30 10:54:57.621   360   931 D EvsDriver: forwardFrameDirect
12-30 10:54:57.622   360   931 D EvsDriver: Delivered 0xb400e2ca9e40d4b0 as id 1
12-30 10:54:57.622   359  2784 D evsmanagerd: /dev/video-evs0 forwarded the buffer #1 to 0xb400f125d2b26dd0 from 0xb400f125e2b20710
12-30 10:54:57.624   798  4964 W adbd    : timed out while waiting for FUNCTIONFS_BIND, trying again
12-30 10:54:57.625   798  4964 I adbd    : UsbFfs: connection terminated: monitor thread finished
12-30 10:54:57.625   798   798 I adbd    : UsbFfs: already offline
12-30 10:54:57.625   798   798 I adbd    : destroying transport UsbFfs
12-30 10:54:57.625   798   798 I adbd    : UsbFfsConnection being destroyed
12-30 10:54:57.625   360   458 D EvsDriver: doneWithFrame
12-30 10:54:57.636   596  3076 E WifiHAL : Invalid data received from driver
12-30 10:54:57.638  2358  2623 D RcfController: Rcf proxy is not connected!
12-30 10:54:57.654   360   931 D EvsDriver: forwardFrame
12-30 10:54:57.655   360   931 D EvsDriver: forwardFrameDirect
12-30 10:54:57.655   360   931 D EvsDriver: Delivered 0xb400e2ca9e40c2d0 as id 0
12-30 10:54:57.655   359  2784 D evsmanagerd: /dev/video-evs0 forwarded the buffer #0 to 0xb400f125d2b26dd0 from 0xb400f125e2b20710
12-30 10:54:57.666   360   458 D EvsDriver: doneWithFrame
12-30 10:54:57.666   798   838 I adbd    : opening control endpoint /dev/usb-ffs/adb/ep0
12-30 10:54:57.668   798   838 I adbd    : UsbFfsConnection constructed
12-30 10:54:57.669   798  4988 I adbd    : UsbFfs-monitor thread spawned
01-01 10:17:14.677   838   838 I         : read strings
12-30 10:54:57.688   360   931 D EvsDriver: forwardFrame
12-30 10:54:57.688   360   931 D EvsDriver: forwardFrameDirect
12-30 10:54:57.688  2358  2623 D RcfController: Rcf proxy is not connected!
12-30 10:54:57.688   360   931 D EvsDriver: Delivered 0xb400e2ca9e40d090 as id 1
12-30 10:54:57.688   359  2784 D evsmanagerd: /dev/video-evs0 forwarded the buffer #1 to 0xb400f125d2b26dd0 from 0xb400f125e2b20710
12-30 10:54:57.696   360   458 D EvsDriver: doneWithFrame
12-30 10:54:57.715   596  3076 E WifiHAL : Invalid data received from driver
12-30 10:54:57.721   360   931 D EvsDriver: forwardFrame
12-30 10:54:57.721   360   931 D EvsDriver: forwardFrameDirect
12-30 10:54:57.722   360   931 D EvsDriver: Delivered 0xb400e2ca9e40e110 as id 0
12-30 10:54:57.722   359  2784 D evsmanagerd: /dev/video-evs0 forwarded the buffer #0 to 0xb400f125d2b26dd0 from 0xb400f125e2b20710
12-30 10:54:57.727   360   458 D EvsDriver: doneWithFrame
12-30 10:54:57.733   650   729 D fgemcucomm: sd Uart data : 6AA60200F60002920272
12-30 10:54:57.734   650   729 D fgemcucomm: rev uart=68034,len=17, data : 6AA68100F60009920200060000000000E6
12-30 10:54:57.734   398   882 D adayocomadapter-ParseProtocolFunc: printRaWMsg Name[MCUToUPstream recv] len[9] data[920200060000000000]
12-30 10:54:57.734   398   882 D adayocomadapter-CommunicationManager: onUpstreamback   member[0] dataLength[6] timePoint[8233556]
12-30 10:54:57.734   398   882 D adayocomadapter-ParseProtocolFunc: printRaWMsg Name[onUpstreamback] len[6] data[060000000000]
12-30 10:54:57.734   398   464 D adayocomadapter-UpstreamHandler: processBeforePacket upSreamtProcessTimePoint[8233556] 
12-30 10:54:57.734   398   464 D adayocomadapter-UpstreamHandler: processPacket UPSTREAM_QUEUE_DATA_TIMEOUT
12-30 10:54:57.734   398   464 D adayocomadapter-ParseProtocolFunc: parseCommonIPCLBytes Processing tableNumber[6]
12-30 10:54:57.734   398   464 D adayocomadapter-ParseProtocolFunc: parseCommonIPCLBytes Processing tablename[Table-6] tableSize[6]
12-30 10:54:57.734   398   464 D adayocomadapter-ParseProtocolFunc: printRaWMsg Name[byteStream recv] len[6] data[060000000000]
12-30 10:54:57.734   398   464 D adayocomadapter-ParseProtocolFunc: printRaWMsg Name[IPCLtoVHAL] len[6] data[214020020000]
12-30 10:54:57.734   398   464 D adayocomadapter-ParseProtocolFunc: printRaWMsg Name[IPCLtoVHAL] len[6] data[214020200000]
12-30 10:54:57.735   398   464 D adayocomadapter-ParseProtocolFunc: printRaWMsg Name[IPCLtoVHAL] len[6] data[214020040000]
12-30 10:54:57.735   398   464 D adayocomadapter-ParseProtocolFunc: printRaWMsg Name[IPCLtoVHAL] len[6] data[214020090000]
12-30 10:54:57.735   398   464 D adayocomadapter-ParseProtocolFunc: printRaWMsg Name[IPCLtoVHAL] len[6] data[214020080000]
12-30 10:54:57.735   398   464 D adayocomadapter-CommunicationManager: onUpstreamReceive mPropertyId 0x21402002
12-30 10:54:57.735   398   464 D adayocomadapter-CommunicationManager: convertBytesToInt32Memcpy  0
12-30 10:54:57.735   398   464 I vw-vhal : notifyVehicleProperty, propId = 0x21402002, data = {status: 2, int32Values: [0]}
12-30 10:54:57.735   398   464 I vw-vhal : CanSignalsAdapter::notifyVehicleProperty: solvedValue = {.timestamp = 8233557300312, .areaId = 0, .prop = 557850626, .status = AVAILABLE, .value = {.int32Values = [1]{0}, .floatValues = [0]{}, .int64Values = [0]{}, .bytes = [0]{}, .stringValue = ""}}
12-30 10:54:57.735   398   464 I VehiclePropertyStore: begin to write value to Store: {.timestamp = 8233557300312, .areaId = 0, .prop = 557850626, .status = AVAILABLE, .value = {.int32Values = [1]{0}, .floatValues = [0]{}, .int64Values = [0]{}, .bytes = [0]{}, .stringValue = ""}}
12-30 10:54:57.735   398   464 I DefaultVehicleHal_v2_0: DefaultVehicleHal::onPropertyValue, value:{.timestamp = 8233557300312, .areaId = 0, .prop = 557850626, .status = AVAILABLE, .value = {.int32Values = [1]{0}, .floatValues = [0]{}, .int64Values = [0]{}, .bytes = [0]{}, .stringValue = ""}}
12-30 10:54:57.735   398   464 D DiagPropHandler: is not DiagnosticConfig: 0x21402002
12-30 10:54:57.735   398   464 I VehiclePropertyStore: begin to write value to Store: {.timestamp = 8233557300312, .areaId = 0, .prop = 557850626, .status = AVAILABLE, .value = {.int32Values = [1]{0}, .floatValues = [0]{}, .int64Values = [0]{}, .bytes = [0]{}, .stringValue = ""}}
12-30 10:54:57.735   398   464 D adayocomadapter-CommunicationManager: onUpstreamReceive mPropertyId 0x21402002
12-30 10:54:57.735   398   464 D adayocomadapter-CommunicationManager: onUpstreamReceive mPropertyId 0x21402020
12-30 10:54:57.736   398   464 D adayocomadapter-CommunicationManager: convertBytesToInt32Memcpy  0
12-30 10:54:57.736   398   464 I vw-vhal : notifyVehicleProperty, propId = 0x21402020, data = {status: 2, int32Values: [0]}
12-30 10:54:57.736   398   464 I vw-vhal : CanSignalsAdapter::notifyVehicleProperty: solvedValue = {.timestamp = 8233557995312, .areaId = 0, .prop = 557850656, .status = AVAILABLE, .value = {.int32Values = [1]{0}, .floatValues = [0]{}, .int64Values = [0]{}, .bytes = [0]{}, .stringValue = ""}}
12-30 10:54:57.736   398   464 I VehiclePropertyStore: begin to write value to Store: {.timestamp = 8233557995312, .areaId = 0, .prop = 557850656, .status = AVAILABLE, .value = {.int32Values = [1]{0}, .floatValues = [0]{}, .int64Values = [0]{}, .bytes = [0]{}, .stringValue = ""}}
12-30 10:54:57.736   398   464 I DefaultVehicleHal_v2_0: DefaultVehicleHal::onPropertyValue, value:{.timestamp = 8233557995312, .areaId = 0, .prop = 557850656, .status = AVAILABLE, .value = {.int32Values = [1]{0}, .floatValues = [0]{}, .int64Values = [0]{}, .bytes = [0]{}, .stringValue = ""}}
12-30 10:54:57.736   398   464 D DiagPropHandler: is not DiagnosticConfig: 0x21402020
12-30 10:54:57.736   398   464 I VehiclePropertyStore: begin to write value to Store: {.timestamp = 8233557995312, .areaId = 0, .prop = 557850656, .status = AVAILABLE, .value = {.int32Values = [1]{0}, .floatValues = [0]{}, .int64Values = [0]{}, .bytes = [0]{}, .stringValue = ""}}
12-30 10:54:57.736   398   464 D adayocomadapter-CommunicationManager: onUpstreamReceive mPropertyId 0x21402020
12-30 10:54:57.736   398   464 D adayocomadapter-CommunicationManager: onUpstreamReceive mPropertyId 0x21402004
12-30 10:54:57.736   398   464 D adayocomadapter-CommunicationManager: convertBytesToInt32Memcpy  0
12-30 10:54:57.736   398   464 I vw-vhal : notifyVehicleProperty, propId = 0x21402004, data = {status: 2, int32Values: [0]}
12-30 10:54:57.736   398   464 I vw-vhal : CanSignalsAdapter::notifyVehicleProperty: solvedValue = {.timestamp = 8233558647646, .areaId = 0, .prop = 557850628, .status = AVAILABLE, .value = {.int32Values = [1]{0}, .floatValues = [0]{}, .int64Values = [0]{}, .bytes = [0]{}, .stringValue = ""}}
12-30 10:54:57.736   398   464 I VehiclePropertyStore: begin to write value to Store: {.timestamp = 8233558647646, .areaId = 0, .prop = 557850628, .status = AVAILABLE, .value = {.int32Values = [1]{0}, .floatValues = [0]{}, .int64Values = [0]{}, .bytes = [0]{}, .stringValue = ""}}
12-30 10:54:57.737   398   464 I DefaultVehicleHal_v2_0: DefaultVehicleHal::onPropertyValue, value:{.timestamp = 8233558647646, .areaId = 0, .prop = 557850628, .status = AVAILABLE, .value = {.int32Values = [1]{0}, .floatValues = [0]{}, .int64Values = [0]{}, .bytes = [0]{}, .stringValue = ""}}
12-30 10:54:57.737   398   464 D DiagPropHandler: is not DiagnosticConfig: 0x21402004
12-30 10:54:57.737   398   464 I VehiclePropertyStore: begin to write value to Store: {.timestamp = 8233558647646, .areaId = 0, .prop = 557850628, .status = AVAILABLE, .value = {.int32Values = [1]{0}, .floatValues = [0]{}, .int64Values = [0]{}, .bytes = [0]{}, .stringValue = ""}}
12-30 10:54:57.737   398   464 D adayocomadapter-CommunicationManager: onUpstreamReceive mPropertyId 0x21402004
12-30 10:54:57.737   398   464 D adayocomadapter-CommunicationManager: onUpstreamReceive mPropertyId 0x21402009
12-30 10:54:57.737   398   464 D adayocomadapter-CommunicationManager: convertBytesToInt32Memcpy  0
12-30 10:54:57.737   398   464 I vw-vhal : notifyVehicleProperty, propId = 0x21402009, data = {status: 2, int32Values: [0]}
12-30 10:54:57.737   398   464 I vw-vhal : CanSignalsAdapter::notifyVehicleProperty: solvedValue = {.timestamp = 8233559302979, .areaId = 0, .prop = 557850633, .status = AVAILABLE, .value = {.int32Values = [1]{0}, .floatValues = [0]{}, .int64Values = [0]{}, .bytes = [0]{}, .stringValue = ""}}
12-30 10:54:57.737   398   464 I VehiclePropertyStore: begin to write value to Store: {.timestamp = 8233559302979, .areaId = 0, .prop = 557850633, .status = AVAILABLE, .value = {.int32Values = [1]{0}, .floatValues = [0]{}, .int64Values = [0]{}, .bytes = [0]{}, .stringValue = ""}}
12-30 10:54:57.737   398   464 I DefaultVehicleHal_v2_0: DefaultVehicleHal::onPropertyValue, value:{.timestamp = 8233559302979, .areaId = 0, .prop = 557850633, .status = AVAILABLE, .value = {.int32Values = [1]{0}, .floatValues = [0]{}, .int64Values = [0]{}, .bytes = [0]{}, .stringValue = ""}}
12-30 10:54:57.737   398   464 D DiagPropHandler: is not DiagnosticConfig: 0x21402009
12-30 10:54:57.737   398   464 I VehiclePropertyStore: begin to write value to Store: {.timestamp = 8233559302979, .areaId = 0, .prop = 557850633, .status = AVAILABLE, .value = {.int32Values = [1]{0}, .floatValues = [0]{}, .int64Values = [0]{}, .bytes = [0]{}, .stringValue = ""}}
12-30 10:54:57.737   398   464 D adayocomadapter-CommunicationManager: onUpstreamReceive mPropertyId 0x21402009
12-30 10:54:57.737   398   464 D adayocomadapter-CommunicationManager: onUpstreamReceive mPropertyId 0x21402008
12-30 10:54:57.737   398   464 D adayocomadapter-CommunicationManager: convertBytesToInt32Memcpy  0
12-30 10:54:57.738   398   464 I vw-vhal : notifyVehicleProperty, propId = 0x21402008, data = {status: 2, int32Values: [0]}
12-30 10:54:57.738   398   464 I vw-vhal : CanSignalsAdapter::notifyVehicleProperty: solvedValue = {.timestamp = 8233559951646, .areaId = 0, .prop = 557850632, .status = AVAILABLE, .value = {.int32Values = [1]{0}, .floatValues = [0]{}, .int64Values = [0]{}, .bytes = [0]{}, .stringValue = ""}}
12-30 10:54:57.738   398   464 I VehiclePropertyStore: begin to write value to Store: {.timestamp = 8233559951646, .areaId = 0, .prop = 557850632, .status = AVAILABLE, .value = {.int32Values = [1]{0}, .floatValues = [0]{}, .int64Values = [0]{}, .bytes = [0]{}, .stringValue = ""}}
12-30 10:54:57.738   398   464 I DefaultVehicleHal_v2_0: DefaultVehicleHal::onPropertyValue, value:{.timestamp = 8233559951646, .areaId = 0, .prop = 557850632, .status = AVAILABLE, .value = {.int32Values = [1]{0}, .floatValues = [0]{}, .int64Values = [0]{}, .bytes = [0]{}, .stringValue = ""}}
12-30 10:54:57.738   398   464 D DiagPropHandler: is not DiagnosticConfig: 0x21402008
12-30 10:54:57.738   398   464 I VehiclePropertyStore: begin to write value to Store: {.timestamp = 8233559951646, .areaId = 0, .prop = 557850632, .status = AVAILABLE, .value = {.int32Values = [1]{0}, .floatValues = [0]{}, .int64Values = [0]{}, .bytes = [0]{}, .stringValue = ""}}
12-30 10:54:57.738   398   464 D adayocomadapter-CommunicationManager: onUpstreamReceive mPropertyId 0x21402008
12-30 10:54:57.738  2358  2623 D RcfController: Rcf proxy is not connected!
12-30 10:54:57.754   360   931 D EvsDriver: forwardFrame
12-30 10:54:57.755   360   931 D EvsDriver: forwardFrameDirect
12-30 10:54:57.755   360   931 D EvsDriver: Delivered 0xb400e2ca9e40c7a0 as id 1
12-30 10:54:57.755   359  2784 D evsmanagerd: /dev/video-evs0 forwarded the buffer #1 to 0xb400f125d2b26dd0 from 0xb400f125e2b20710
12-30 10:54:57.757   360   458 D EvsDriver: doneWithFrame
12-30 10:54:57.763   596  3076 E WifiHAL : Invalid data received from driver
12-30 10:54:57.764   596  3076 E WifiHAL : Invalid data received from driver
12-30 10:54:57.764   596  3076 E WifiHAL : Invalid data received from driver
12-30 10:54:57.764   596  3076 E WifiHAL : Invalid data received from driver
12-30 10:54:57.764   596  3076 E WifiHAL : Invalid data received from driver
12-30 10:54:57.764   596  3076 E WifiHAL : Invalid data received from driver
12-30 10:54:57.764   596  3076 E WifiHAL : Invalid data received from driver
12-30 10:54:57.773   596  3076 E WifiHAL : Invalid data received from driver
12-30 10:54:57.788   360   931 D EvsDriver: forwardFrame
12-30 10:54:57.788   360   931 D EvsDriver: forwardFrameDirect
12-30 10:54:57.788   360   931 D EvsDriver: Delivered 0xb400e2ca9e40e270 as id 0
12-30 10:54:57.788   359  2784 D evsmanagerd: /dev/video-evs0 forwarded the buffer #0 to 0xb400f125d2b26dd0 from 0xb400f125e2b20710
12-30 10:54:57.789  2358  2623 D RcfController: Rcf proxy is not connected!
12-30 10:54:57.794   650   729 D fgemcucomm: sd Uart data : 6AA60200F70002920271
12-30 10:54:57.794   650   729 D fgemcucomm: rev uart=68035,len=23, data : 6AA68100F7000F920200150000000000000000000000D0
12-30 10:54:57.794   398   882 D adayocomadapter-ParseProtocolFunc: printRaWMsg Name[MCUToUPstream recv] len[15] data[920200150000000000000000000000]
12-30 10:54:57.794   398   882 D adayocomadapter-CommunicationManager: onUpstreamback   member[0] dataLength[12] timePoint[8233616]
12-30 10:54:57.794   398   882 D adayocomadapter-ParseProtocolFunc: printRaWMsg Name[onUpstreamback] len[12] data[150000000000000000000000]
12-30 10:54:57.795   398   464 D adayocomadapter-UpstreamHandler: processBeforePacket upSreamtProcessTimePoint[8233616] 
12-30 10:54:57.795   398   464 D adayocomadapter-UpstreamHandler: processPacket UPSTREAM_QUEUE_DATA_TIMEOUT
12-30 10:54:57.795   398   464 D adayocomadapter-ParseProtocolFunc: parseCommonIPCLBytes Processing tableNumber[21]
12-30 10:54:57.795   398   464 D adayocomadapter-ParseProtocolFunc: parseCommonIPCLBytes Processing tablename[Table-21] tableSize[12]
12-30 10:54:57.795   398   464 D adayocomadapter-ParseProtocolFunc: printRaWMsg Name[byteStream recv] len[12] data[150000000000000000000000]
12-30 10:54:57.795   398   464 D adayocomadapter-ParseProtocolFunc: printRaWMsg Name[IPCLtoVHAL] len[6] data[2140208B0000]
12-30 10:54:57.795   398   464 D adayocomadapter-ParseProtocolFunc: printRaWMsg Name[IPCLtoVHAL] len[6] data[214021930000]
12-30 10:54:57.795   398   464 D adayocomadapter-ParseProtocolFunc: printRaWMsg Name[IPCLtoVHAL] len[6] data[2140208C0000]
12-30 10:54:57.795   398   464 D adayocomadapter-ParseProtocolFunc: printRaWMsg Name[IPCLtoVHAL] len[6] data[214021940000]
12-30 10:54:57.795   398   464 D adayocomadapter-ParseProtocolFunc: printRaWMsg Name[IPCLtoVHAL] len[6] data[2140208D0000]
12-30 10:54:57.795   398   464 D adayocomadapter-ParseProtocolFunc: printRaWMsg Name[IPCLtoVHAL] len[6] data[214021950000]
12-30 10:54:57.795   398   464 D adayocomadapter-ParseProtocolFunc: printRaWMsg Name[IPCLtoVHAL] len[6] data[214021920000]
12-30 10:54:57.795   398   464 D adayocomadapter-ParseProtocolFunc: printRaWMsg Name[IPCLtoVHAL] len[6] data[2140208A0000]
12-30 10:54:57.795   398   464 D adayocomadapter-ParseProtocolFunc: printRaWMsg Name[IPCLtoVHAL] len[6] data[214021960000]
12-30 10:54:57.795   398   464 D adayocomadapter-ParseProtocolFunc: printRaWMsg Name[IPCLtoVHAL] len[6] data[214021970000]
12-30 10:54:57.795   398   464 D adayocomadapter-ParseProtocolFunc: printRaWMsg Name[IPCLtoVHAL] len[6] data[214021990000]
12-30 10:54:57.795   398   464 D adayocomadapter-CommunicationManager: onUpstreamReceive mPropertyId 0x2140208b
12-30 10:54:57.796   398   464 D adayocomadapter-CommunicationManager: convertBytesToInt32Memcpy  0
12-30 10:54:57.796   398   464 I vw-vhal : notifyVehicleProperty, propId = 0x2140208b, data = {status: 2, int32Values: [0]}
12-30 10:54:57.796   398   464 I vw-vhal : CanSignalsAdapter::notifyVehicleProperty: solvedValue = {.timestamp = 8233618053312, .areaId = 0, .prop = 557850763, .status = AVAILABLE, .value = {.int32Values = [1]{0}, .floatValues = [0]{}, .int64Values = [0]{}, .bytes = [0]{}, .stringValue = ""}}
12-30 10:54:57.796   398   464 I VehiclePropertyStore: begin to write value to Store: {.timestamp = 8233618053312, .areaId = 0, .prop = 557850763, .status = AVAILABLE, .value = {.int32Values = [1]{0}, .floatValues = [0]{}, .int64Values = [0]{}, .bytes = [0]{}, .stringValue = ""}}
12-30 10:54:57.796   398   464 I DefaultVehicleHal_v2_0: DefaultVehicleHal::onPropertyValue, value:{.timestamp = 8233618053312, .areaId = 0, .prop = 557850763, .status = AVAILABLE, .value = {.int32Values = [1]{0}, .floatValues = [0]{}, .int64Values = [0]{}, .bytes = [0]{}, .stringValue = ""}}
12-30 10:54:57.796   398   464 D DiagPropHandler: is not DiagnosticConfig: 0x2140208b
12-30 10:54:57.796   398   464 I VehiclePropertyStore: begin to write value to Store: {.timestamp = 8233618053312, .areaId = 0, .prop = 557850763, .status = AVAILABLE, .value = {.int32Values = [1]{0}, .floatValues = [0]{}, .int64Values = [0]{}, .bytes = [0]{}, .stringValue = ""}}
12-30 10:54:57.796   398   464 D adayocomadapter-CommunicationManager: onUpstreamReceive mPropertyId 0x2140208b
12-30 10:54:57.796   398   464 D adayocomadapter-CommunicationManager: onUpstreamReceive mPropertyId 0x21402193
12-30 10:54:57.796   398   464 D adayocomadapter-CommunicationManager: convertBytesToInt32Memcpy  0
12-30 10:54:57.796   398   464 I vw-vhal : notifyVehicleProperty, propId = 0x21402193, data = {status: 2, int32Values: [0]}
12-30 10:54:57.796   398   464 I vw-vhal : CanSignalsAdapter::notifyVehicleProperty: solvedValue = {.timestamp = 8233618736646, .areaId = 0, .prop = 557851027, .status = AVAILABLE, .value = {.int32Values = [1]{0}, .floatValues = [0]{}, .int64Values = [0]{}, .bytes = [0]{}, .stringValue = ""}}
12-30 10:54:57.797   398   464 I VehiclePropertyStore: begin to write value to Store: {.timestamp = 8233618736646, .areaId = 0, .prop = 557851027, .status = AVAILABLE, .value = {.int32Values = [1]{0}, .floatValues = [0]{}, .int64Values = [0]{}, .bytes = [0]{}, .stringValue = ""}}
12-30 10:54:57.797   398   464 I DefaultVehicleHal_v2_0: DefaultVehicleHal::onPropertyValue, value:{.timestamp = 8233618736646, .areaId = 0, .prop = 557851027, .status = AVAILABLE, .value = {.int32Values = [1]{0}, .floatValues = [0]{}, .int64Values = [0]{}, .bytes = [0]{}, .stringValue = ""}}
12-30 10:54:57.797   398   464 D DiagPropHandler: is not DiagnosticConfig: 0x21402193
12-30 10:54:57.797   398   464 I VehiclePropertyStore: begin to write value to Store: {.timestamp = 8233618736646, .areaId = 0, .prop = 557851027, .status = AVAILABLE, .value = {.int32Values = [1]{0}, .floatValues = [0]{}, .int64Values = [0]{}, .bytes = [0]{}, .stringValue = ""}}
12-30 10:54:57.797   398   464 D adayocomadapter-CommunicationManager: onUpstreamReceive mPropertyId 0x21402193
12-30 10:54:57.797   398   464 D adayocomadapter-CommunicationManager: onUpstreamReceive mPropertyId 0x2140208c
12-30 10:54:57.797   398   464 D adayocomadapter-CommunicationManager: convertBytesToInt32Memcpy  0
12-30 10:54:57.797   398   464 I vw-vhal : notifyVehicleProperty, propId = 0x2140208c, data = {status: 2, int32Values: [0]}
12-30 10:54:57.797   398   464 I vw-vhal : CanSignalsAdapter::notifyVehicleProperty: solvedValue = {.timestamp = 8233619379312, .areaId = 0, .prop = 557850764, .status = AVAILABLE, .value = {.int32Values = [1]{0}, .floatValues = [0]{}, .int64Values = [0]{}, .bytes = [0]{}, .stringValue = ""}}
12-30 10:54:57.797   398   464 I VehiclePropertyStore: begin to write value to Store: {.timestamp = 8233619379312, .areaId = 0, .prop = 557850764, .status = AVAILABLE, .value = {.int32Values = [1]{0}, .floatValues = [0]{}, .int64Values = [0]{}, .bytes = [0]{}, .stringValue = ""}}
12-30 10:54:57.797   398   464 I DefaultVehicleHal_v2_0: DefaultVehicleHal::onPropertyValue, value:{.timestamp = 8233619379312, .areaId = 0, .prop = 557850764, .status = AVAILABLE, .value = {.int32Values = [1]{0}, .floatValues = [0]{}, .int64Values = [0]{}, .bytes = [0]{}, .stringValue = ""}}
12-30 10:54:57.798   360   458 D EvsDriver: doneWithFrame
12-30 10:54:57.798   398   464 D DiagPropHandler: is not DiagnosticConfig: 0x2140208c
12-30 10:54:57.798   398   464 I VehiclePropertyStore: begin to write value to Store: {.timestamp = 8233619379312, .areaId = 0, .prop = 557850764, .status = AVAILABLE, .value = {.int32Values = [1]{0}, .floatValues = [0]{}, .int64Values = [0]{}, .bytes = [0]{}, .stringValue = ""}}
12-30 10:54:57.798   398   464 D adayocomadapter-CommunicationManager: onUpstreamReceive mPropertyId 0x2140208c
12-30 10:54:57.798   398   464 D adayocomadapter-CommunicationManager: onUpstreamReceive mPropertyId 0x21402194
12-30 10:54:57.798   398   464 D adayocomadapter-CommunicationManager: convertBytesToInt32Memcpy  0
12-30 10:54:57.798   398   464 I vw-vhal : notifyVehicleProperty, propId = 0x21402194, data = {status: 2, int32Values: [0]}
12-30 10:54:57.798   398   464 I vw-vhal : CanSignalsAdapter::notifyVehicleProperty: solvedValue = {.timestamp = 8233620460979, .areaId = 0, .prop = 557851028, .status = AVAILABLE, .value = {.int32Values = [1]{0}, .floatValues = [0]{}, .int64Values = [0]{}, .bytes = [0]{}, .stringValue = ""}}
12-30 10:54:57.798   398   464 I VehiclePropertyStore: begin to write value to Store: {.timestamp = 8233620460979, .areaId = 0, .prop = 557851028, .status = AVAILABLE, .value = {.int32Values = [1]{0}, .floatValues = [0]{}, .int64Values = [0]{}, .bytes = [0]{}, .stringValue = ""}}
12-30 10:54:57.798   398   464 I DefaultVehicleHal_v2_0: DefaultVehicleHal::onPropertyValue, value:{.timestamp = 8233620460979, .areaId = 0, .prop = 557851028, .status = AVAILABLE, .value = {.int32Values = [1]{0}, .floatValues = [0]{}, .int64Values = [0]{}, .bytes = [0]{}, .stringValue = ""}}
12-30 10:54:57.798   398   464 D DiagPropHandler: is not DiagnosticConfig: 0x21402194
12-30 10:54:57.798   398   464 I VehiclePropertyStore: begin to write value to Store: {.timestamp = 8233620460979, .areaId = 0, .prop = 557851028, .status = AVAILABLE, .value = {.int32Values = [1]{0}, .floatValues = [0]{}, .int64Values = [0]{}, .bytes = [0]{}, .stringValue = ""}}
12-30 10:54:57.799   398   464 D adayocomadapter-CommunicationManager: onUpstreamReceive mPropertyId 0x21402194
12-30 10:54:57.799   398   464 D adayocomadapter-CommunicationManager: onUpstreamReceive mPropertyId 0x2140208d
12-30 10:54:57.799   398   464 D adayocomadapter-CommunicationManager: convertBytesToInt32Memcpy  0
12-30 10:54:57.799   398   464 I vw-vhal : notifyVehicleProperty, propId = 0x2140208d, data = {status: 2, int32Values: [0]}
12-30 10:54:57.799   398   464 I vw-vhal : CanSignalsAdapter::notifyVehicleProperty: solvedValue = {.timestamp = 8233621127646, .areaId = 0, .prop = 557850765, .status = AVAILABLE, .value = {.int32Values = [1]{0}, .floatValues = [0]{}, .int64Values = [0]{}, .bytes = [0]{}, .stringValue = ""}}
12-30 10:54:57.799   398   464 I VehiclePropertyStore: begin to write value to Store: {.timestamp = 8233621127646, .areaId = 0, .prop = 557850765, .status = AVAILABLE, .value = {.int32Values = [1]{0}, .floatValues = [0]{}, .int64Values = [0]{}, .bytes = [0]{}, .stringValue = ""}}
12-30 10:54:57.799   398   464 I DefaultVehicleHal_v2_0: DefaultVehicleHal::onPropertyValue, value:{.timestamp = 8233621127646, .areaId = 0, .prop = 557850765, .status = AVAILABLE, .value = {.int32Values = [1]{0}, .floatValues = [0]{}, .int64Values = [0]{}, .bytes = [0]{}, .stringValue = ""}}
12-30 10:54:57.800   398   464 D DiagPropHandler: is not DiagnosticConfig: 0x2140208d
12-30 10:54:57.800   398   464 I VehiclePropertyStore: begin to write value to Store: {.timestamp = 8233621127646, .areaId = 0, .prop = 557850765, .status = AVAILABLE, .value = {.int32Values = [1]{0}, .floatValues = [0]{}, .int64Values = [0]{}, .bytes = [0]{}, .stringValue = ""}}
12-30 10:54:57.800   398   464 D adayocomadapter-CommunicationManager: onUpstreamReceive mPropertyId 0x2140208d
12-30 10:54:57.800   398   464 D adayocomadapter-CommunicationManager: onUpstreamReceive mPropertyId 0x21402195
12-30 10:54:57.801   398   464 D adayocomadapter-CommunicationManager: convertBytesToInt32Memcpy  0
12-30 10:54:57.801   398   464 I vw-vhal : notifyVehicleProperty, propId = 0x21402195, data = {status: 2, int32Values: [0]}
12-30 10:54:57.801   398   464 I vw-vhal : CanSignalsAdapter::notifyVehicleProperty: solvedValue = {.timestamp = 8233623153312, .areaId = 0, .prop = 557851029, .status = AVAILABLE, .value = {.int32Values = [1]{0}, .floatValues = [0]{}, .int64Values = [0]{}, .bytes = [0]{}, .stringValue = ""}}
12-30 10:54:57.801   398   464 I VehiclePropertyStore: begin to write value to Store: {.timestamp = 8233623153312, .areaId = 0, .prop = 557851029, .status = AVAILABLE, .value = {.int32Values = [1]{0}, .floatValues = [0]{}, .int64Values = [0]{}, .bytes = [0]{}, .stringValue = ""}}
12-30 10:54:57.801   398   464 I DefaultVehicleHal_v2_0: DefaultVehicleHal::onPropertyValue, value:{.timestamp = 8233623153312, .areaId = 0, .prop = 557851029, .status = AVAILABLE, .value = {.int32Values = [1]{0}, .floatValues = [0]{}, .int64Values = [0]{}, .bytes = [0]{}, .stringValue = ""}}
12-30 10:54:57.801   398   464 D DiagPropHandler: is not DiagnosticConfig: 0x21402195
12-30 10:54:57.801   398   464 I VehiclePropertyStore: begin to write value to Store: {.timestamp = 8233623153312, .areaId = 0, .prop = 557851029, .status = AVAILABLE, .value = {.int32Values = [1]{0}, .floatValues = [0]{}, .int64Values = [0]{}, .bytes = [0]{}, .stringValue = ""}}
12-30 10:54:57.801   398   464 D adayocomadapter-CommunicationManager: onUpstreamReceive mPropertyId 0x21402195
12-30 10:54:57.802   398   464 D adayocomadapter-CommunicationManager: onUpstreamReceive mPropertyId 0x21402192
12-30 10:54:57.802   398   464 D adayocomadapter-CommunicationManager: convertBytesToInt32Memcpy  0
12-30 10:54:57.802   398   464 I vw-vhal : notifyVehicleProperty, propId = 0x21402192, data = {status: 2, int32Values: [0]}
12-30 10:54:57.802   398   464 I vw-vhal : CanSignalsAdapter::notifyVehicleProperty: solvedValue = {.timestamp = 8233624105979, .areaId = 0, .prop = 557851026, .status = AVAILABLE, .value = {.int32Values = [1]{0}, .floatValues = [0]{}, .int64Values = [0]{}, .bytes = [0]{}, .stringValue = ""}}
12-30 10:54:57.802   398   464 I VehiclePropertyStore: begin to write value to Store: {.timestamp = 8233624105979, .areaId = 0, .prop = 557851026, .status = AVAILABLE, .value = {.int32Values = [1]{0}, .floatValues = [0]{}, .int64Values = [0]{}, .bytes = [0]{}, .stringValue = ""}}
12-30 10:54:57.802   398   464 I DefaultVehicleHal_v2_0: DefaultVehicleHal::onPropertyValue, value:{.timestamp = 8233624105979, .areaId = 0, .prop = 557851026, .status = AVAILABLE, .value = {.int32Values = [1]{0}, .floatValues = [0]{}, .int64Values = [0]{}, .bytes = [0]{}, .stringValue = ""}}
12-30 10:54:57.802   398   464 D DiagPropHandler: is not DiagnosticConfig: 0x21402192
12-30 10:54:57.802   398   464 I VehiclePropertyStore: begin to write value to Store: {.timestamp = 8233624105979, .areaId = 0, .prop = 557851026, .status = AVAILABLE, .value = {.int32Values = [1]{0}, .floatValues = [0]{}, .int64Values = [0]{}, .bytes = [0]{}, .stringValue = ""}}
12-30 10:54:57.802   398   464 D adayocomadapter-CommunicationManager: onUpstreamReceive mPropertyId 0x21402192
12-30 10:54:57.802   398   464 D adayocomadapter-CommunicationManager: onUpstreamReceive mPropertyId 0x2140208a
12-30 10:54:57.802   398   464 D adayocomadapter-CommunicationManager: convertBytesToInt32Memcpy  0
12-30 10:54:57.802   398   464 I vw-vhal : notifyVehicleProperty, propId = 0x2140208a, data = {status: 2, int32Values: [0]}
12-30 10:54:57.803   398   464 I vw-vhal : CanSignalsAdapter::notifyVehicleProperty: solvedValue = {.timestamp = 8233624812979, .areaId = 0, .prop = 557850762, .status = AVAILABLE, .value = {.int32Values = [1]{0}, .floatValues = [0]{}, .int64Values = [0]{}, .bytes = [0]{}, .stringValue = ""}}
12-30 10:54:57.803   398   464 I VehiclePropertyStore: begin to write value to Store: {.timestamp = 8233624812979, .areaId = 0, .prop = 557850762, .status = AVAILABLE, .value = {.int32Values = [1]{0}, .floatValues = [0]{}, .int64Values = [0]{}, .bytes = [0]{}, .stringValue = ""}}
12-30 10:54:57.803   398   464 I DefaultVehicleHal_v2_0: DefaultVehicleHal::onPropertyValue, value:{.timestamp = 8233624812979, .areaId = 0, .prop = 557850762, .status = AVAILABLE, .value = {.int32Values = [1]{0}, .floatValues = [0]{}, .int64Values = [0]{}, .bytes = [0]{}, .stringValue = ""}}
12-30 10:54:57.803   398   464 D DiagPropHandler: is not DiagnosticConfig: 0x2140208a
12-30 10:54:57.803   398   464 I VehiclePropertyStore: begin to write value to Store: {.timestamp = 8233624812979, .areaId = 0, .prop = 557850762, .status = AVAILABLE, .value = {.int32Values = [1]{0}, .floatValues = [0]{}, .int64Values = [0]{}, .bytes = [0]{}, .stringValue = ""}}
12-30 10:54:57.803   398   464 D adayocomadapter-CommunicationManager: onUpstreamReceive mPropertyId 0x2140208a
12-30 10:54:57.803   398   464 D adayocomadapter-CommunicationManager: onUpstreamReceive mPropertyId 0x21402196
12-30 10:54:57.803   398   464 D adayocomadapter-CommunicationManager: convertBytesToInt32Memcpy  0
12-30 10:54:57.803   398   464 I vw-vhal : notifyVehicleProperty, propId = 0x21402196, data = {status: 2, int32Values: [0]}
12-30 10:54:57.803   398   464 I vw-vhal : CanSignalsAdapter::notifyVehicleProperty: solvedValue = {.timestamp = 8233625465312, .areaId = 0, .prop = 557851030, .status = AVAILABLE, .value = {.int32Values = [1]{0}, .floatValues = [0]{}, .int64Values = [0]{}, .bytes = [0]{}, .stringValue = ""}}
12-30 10:54:57.803   398   464 I VehiclePropertyStore: begin to write value to Store: {.timestamp = 8233625465312, .areaId = 0, .prop = 557851030, .status = AVAILABLE, .value = {.int32Values = [1]{0}, .floatValues = [0]{}, .int64Values = [0]{}, .bytes = [0]{}, .stringValue = ""}}
12-30 10:54:57.803   398   464 I DefaultVehicleHal_v2_0: DefaultVehicleHal::onPropertyValue, value:{.timestamp = 8233625465312, .areaId = 0, .prop = 557851030, .status = AVAILABLE, .value = {.int32Values = [1]{0}, .floatValues = [0]{}, .int64Values = [0]{}, .bytes = [0]{}, .stringValue = ""}}
12-30 10:54:57.803   398   464 D DiagPropHandler: is not DiagnosticConfig: 0x21402196
12-30 10:54:57.804   398   464 I VehiclePropertyStore: begin to write value to Store: {.timestamp = 8233625465312, .areaId = 0, .prop = 557851030, .status = AVAILABLE, .value = {.int32Values = [1]{0}, .floatValues = [0]{}, .int64Values = [0]{}, .bytes = [0]{}, .stringValue = ""}}
12-30 10:54:57.804   398   464 D adayocomadapter-CommunicationManager: onUpstreamReceive mPropertyId 0x21402196
12-30 10:54:57.804   398   464 D adayocomadapter-CommunicationManager: onUpstreamReceive mPropertyId 0x21402197
12-30 10:54:57.804   398   464 D adayocomadapter-CommunicationManager: convertBytesToInt32Memcpy  0
12-30 10:54:57.804   398   464 I vw-vhal : notifyVehicleProperty, propId = 0x21402197, data = {status: 2, int32Values: [0]}
12-30 10:54:57.804   398   464 I vw-vhal : CanSignalsAdapter::notifyVehicleProperty: solvedValue = {.timestamp = 8233626189979, .areaId = 0, .prop = 557851031, .status = AVAILABLE, .value = {.int32Values = [1]{0}, .floatValues = [0]{}, .int64Values = [0]{}, .bytes = [0]{}, .stringValue = ""}}
12-30 10:54:57.804   398   464 I VehiclePropertyStore: begin to write value to Store: {.timestamp = 8233626189979, .areaId = 0, .prop = 557851031, .status = AVAILABLE, .value = {.int32Values = [1]{0}, .floatValues = [0]{}, .int64Values = [0]{}, .bytes = [0]{}, .stringValue = ""}}
12-30 10:54:57.804   398   464 I DefaultVehicleHal_v2_0: DefaultVehicleHal::onPropertyValue, value:{.timestamp = 8233626189979, .areaId = 0, .prop = 557851031, .status = AVAILABLE, .value = {.int32Values = [1]{0}, .floatValues = [0]{}, .int64Values = [0]{}, .bytes = [0]{}, .stringValue = ""}}
12-30 10:54:57.804   398   464 D DiagPropHandler: is not DiagnosticConfig: 0x21402197
12-30 10:54:57.804   398   464 I VehiclePropertyStore: begin to write value to Store: {.timestamp = 8233626189979, .areaId = 0, .prop = 557851031, .status = AVAILABLE, .value = {.int32Values = [1]{0}, .floatValues = [0]{}, .int64Values = [0]{}, .bytes = [0]{}, .stringValue = ""}}
12-30 10:54:57.804   398   464 D adayocomadapter-CommunicationManager: onUpstreamReceive mPropertyId 0x21402197
12-30 10:54:57.804   398   464 D adayocomadapter-CommunicationManager: onUpstreamReceive mPropertyId 0x21402199
12-30 10:54:57.804   398   464 D adayocomadapter-CommunicationManager: convertBytesToInt32Memcpy  0
12-30 10:54:57.804   398   464 I vw-vhal : notifyVehicleProperty, propId = 0x21402199, data = {status: 2, int32Values: [0]}
12-30 10:54:57.805   398   464 I vw-vhal : CanSignalsAdapter::notifyVehicleProperty: solvedValue = {.timestamp = 8233626833646, .areaId = 0, .prop = 557851033, .status = AVAILABLE, .value = {.int32Values = [1]{0}, .floatValues = [0]{}, .int64Values = [0]{}, .bytes = [0]{}, .stringValue = ""}}
12-30 10:54:57.805   398   464 I VehiclePropertyStore: begin to write value to Store: {.timestamp = 8233626833646, .areaId = 0, .prop = 557851033, .status = AVAILABLE, .value = {.int32Values = [1]{0}, .floatValues = [0]{}, .int64Values = [0]{}, .bytes = [0]{}, .stringValue = ""}}
12-30 10:54:57.805   398   464 I DefaultVehicleHal_v2_0: DefaultVehicleHal::onPropertyValue, value:{.timestamp = 8233626833646, .areaId = 0, .prop = 557851033, .status = AVAILABLE, .value = {.int32Values = [1]{0}, .floatValues = [0]{}, .int64Values = [0]{}, .bytes = [0]{}, .stringValue = ""}}
12-30 10:54:57.805   398   464 D DiagPropHandler: is not DiagnosticConfig: 0x21402199
12-30 10:54:57.805   398   464 I VehiclePropertyStore: begin to write value to Store: {.timestamp = 8233626833646, .areaId = 0, .prop = 557851033, .status = AVAILABLE, .value = {.int32Values = [1]{0}, .floatValues = [0]{}, .int64Values = [0]{}, .bytes = [0]{}, .stringValue = ""}}
12-30 10:54:57.805   398   464 D adayocomadapter-CommunicationManager: onUpstreamReceive mPropertyId 0x21402199
12-30 10:54:57.807  1667  2513 W ContextImpl: Calling a method in the system process without a qualified user: android.app.ContextImpl.bindService:1988 android.content.ContextWrapper.bindService:861 com.ford.sync.fnvservice.analytics.AnalyticsManager$RetryHandler.a:126 com.ford.sync.fnvservice.analytics.AnalyticsManager$RetryHandler.handleMessage:103 android.os.Handler.dispatchMessage:106 
12-30 10:54:57.808   916  1492 W ActivityManager: Unable to start service Intent { cmp=com.ford.sync.fnvservice/.analytics.AnalyticsService } U=0: not found
12-30 10:54:57.809  1667  2513 W AnalyticsManager:  bind ford Analytics failed -> sendRetryMessage 
12-30 10:54:57.821   360   931 D EvsDriver: forwardFrame
12-30 10:54:57.821   360   931 D EvsDriver: forwardFrameDirect
12-30 10:54:57.822   360   931 D EvsDriver: Delivered 0xb400e2ca9e40d4b0 as id 1
12-30 10:54:57.822   359  2784 D evsmanagerd: /dev/video-evs0 forwarded the buffer #1 to 0xb400f125d2b26dd0 from 0xb400f125e2b20710
12-30 10:54:57.828   360   458 D EvsDriver: doneWithFrame
