--------- beginning of main
12-30 10:50:16.160   360   931 D EvsDriver: forwardFrame
12-30 10:50:16.160   360   931 D EvsDriver: forwardFrameDirect
12-30 10:50:16.192   657   657 I evs_app.adayo: type=1400 audit(0.0:889281): avc:  denied  { ioctl } for  path="/dev/g2d0" dev="tmpfs" ino=690 ioctlcmd=0x6703 scontext=u:r:evs_app_adayo:s0 tcontext=u:object_r:g2d_device:s0 tclass=chr_file permissive=1
12-30 10:50:16.160   360   931 D EvsDriver: Delivered 0xb400e2ca9e40c7a0 as id 1
12-30 10:50:16.160   359  2784 D evsmanagerd: /dev/video-evs0 forwarded the buffer #1 to 0xb400f125d2b26dd0 from 0xb400f125e2b20710
12-30 10:50:16.164   360   458 D EvsDriver: doneWithFrame
12-30 10:50:16.174  2358  2623 D RcfController: Rcf proxy is not connected!
12-30 10:50:16.180   596  3076 E WifiHAL : Invalid data received from driver
12-30 10:50:16.193   360   931 D EvsDriver: forwardFrame
12-30 10:50:16.193   360   931 D EvsDriver: forwardFrameDirect
12-30 10:50:16.193   360   931 D EvsDriver: Delivered 0xb400e2ca9e40e270 as id 0
12-30 10:50:16.193   359  2784 D evsmanagerd: /dev/video-evs0 forwarded the buffer #0 to 0xb400f125d2b26dd0 from 0xb400f125e2b20710
12-30 10:50:16.194   360   458 D EvsDriver: doneWithFrame
12-30 10:50:16.198   798   838 I adbd    : opening control endpoint /dev/usb-ffs/adb/ep0
12-30 10:50:16.199   798   838 I adbd    : UsbFfsConnection constructed
12-30 10:50:16.200   798  1698 I adbd    : UsbFfs-monitor thread spawned
12-30 10:50:16.202  1697  1697 I ADAYO_LOG_TRACE_RESOURCE: execute start
12-30 10:50:16.220   596  3076 E WifiHAL : Invalid data received from driver
12-30 10:50:16.220   596  3076 E WifiHAL : Invalid data received from driver
12-30 10:50:16.220   596  3076 E WifiHAL : Invalid data received from driver
12-30 10:50:16.220   596  3076 E WifiHAL : Invalid data received from driver
12-30 10:50:16.220   596  3076 E WifiHAL : Invalid data received from driver
12-30 10:50:16.220   596  3076 E WifiHAL : Invalid data received from driver
12-30 10:50:16.220   596  3076 E WifiHAL : Invalid data received from driver
12-30 10:50:16.224  2358  2623 D RcfController: Rcf proxy is not connected!
12-30 10:50:16.226   360   931 D EvsDriver: forwardFrame
12-30 10:50:16.226   360   931 D EvsDriver: forwardFrameDirect
12-30 10:50:16.226   360   931 D EvsDriver: Delivered 0xb400e2ca9e40d4b0 as id 1
12-30 10:50:16.227   359  2784 D evsmanagerd: /dev/video-evs0 forwarded the buffer #1 to 0xb400f125d2b26dd0 from 0xb400f125e2b20710
12-30 10:50:16.235   360   458 D EvsDriver: doneWithFrame
12-30 10:50:16.248  1700  1700 I ADAYO_LOG_TRACE_RESOURCE: executing
12-30 10:50:16.260   360   931 D EvsDriver: forwardFrame
12-30 10:50:16.260   360   931 D EvsDriver: forwardFrameDirect
12-30 10:50:16.260   360   931 D EvsDriver: Delivered 0xb400e2ca9e40c2d0 as id 0
12-30 10:50:16.260   359  2784 D evsmanagerd: /dev/video-evs0 forwarded the buffer #0 to 0xb400f125d2b26dd0 from 0xb400f125e2b20710
12-30 10:50:16.265   596  3076 E WifiHAL : Invalid data received from driver
12-30 10:50:16.265   360   458 D EvsDriver: doneWithFrame
12-30 10:50:16.275  2358  2623 D RcfController: Rcf proxy is not connected!
12-30 10:50:16.277  1611 15258 I ADAYO_LOG_: a(CmdFunc.java:22)logcat execute command finally : [logcat -b all -c]
12-30 10:50:16.277  1611 15258 I ADAYO_LOG_: a(CmdFunc.java:38)logcatexecute command end, errorMsg: , and status: 0: 
--------- beginning of kernel
01-01 10:12:33.293     1     1 I init    : processing action (persist.log.adayo_collect.logcat=2) from (/system/etc/init/LogSystem.rc:46)
01-01 10:12:33.293     1     1 I init    : Sending signal 9 to service 'trace_logcat' (pid 31604) process group...
12-30 10:50:16.291  1716  1716 I ADAYO_LOG_TRACE_RESOURCE: collect_dest_path:/mnt/sdcard/logcat_GNSS/
12-30 10:50:16.292  1611 15258 I ADAYO_LOG_: b(LogcatFunc.java:5)path:/mnt/sdcard/AndroidLog/logcat/logcat_2025_12_30_10_50_16_106-10.txt
12-30 10:50:16.293   360   931 D EvsDriver: forwardFrame
12-30 10:50:16.293   360   931 D EvsDriver: forwardFrameDirect
12-30 10:50:16.293   360   931 D EvsDriver: Delivered 0xb400e2ca9e40d090 as id 1
12-30 10:50:16.293   359  2784 D evsmanagerd: /dev/video-evs0 forwarded the buffer #1 to 0xb400f125d2b26dd0 from 0xb400f125e2b20710
--------- beginning of events
12-30 10:50:16.288  1687  1687 I auditd  : type=1400 audit(0.0:889282): avc:  denied  { getattr } for  comm="sh" path="/system/bin/toybox" dev="dm-1" ino=8926292 scontext=u:r:trace_resource:s0 tcontext=u:object_r:toolbox_exec:s0 tclass=file permissive=1
12-30 10:50:16.288  1687  1687 I sh      : type=1400 audit(0.0:889282): avc:  denied  { getattr } for  path="/system/bin/toybox" dev="dm-1" ino=8926292 scontext=u:r:trace_resource:s0 tcontext=u:object_r:toolbox_exec:s0 tclass=file permissive=1
12-30 10:50:16.288  1687  1687 I auditd  : type=1400 audit(0.0:889283): avc:  denied  { execute } for  comm="sh" name="toybox" dev="dm-1" ino=8926292 scontext=u:r:trace_resource:s0 tcontext=u:object_r:toolbox_exec:s0 tclass=file permissive=1
12-30 10:50:16.288  1687  1687 I sh      : type=1400 audit(0.0:889283): avc:  denied  { execute } for  name="toybox" dev="dm-1" ino=8926292 scontext=u:r:trace_resource:s0 tcontext=u:object_r:toolbox_exec:s0 tclass=file permissive=1
12-30 10:50:16.292  1722  1722 I auditd  : type=1400 audit(0.0:889284): avc:  denied  { read open } for  comm="sh" path="/system/bin/toybox" dev="dm-1" ino=8926292 scontext=u:r:trace_resource:s0 tcontext=u:object_r:toolbox_exec:s0 tclass=file permissive=1
12-30 10:50:16.292  1722  1722 I sh      : type=1400 audit(0.0:889284): avc:  denied  { read open } for  path="/system/bin/toybox" dev="dm-1" ino=8926292 scontext=u:r:trace_resource:s0 tcontext=u:object_r:toolbox_exec:s0 tclass=file permissive=1
12-30 10:50:16.292  1722  1722 I auditd  : type=1400 audit(0.0:889285): avc:  denied  { execute_no_trans } for  comm="sh" path="/system/bin/toybox" dev="dm-1" ino=8926292 scontext=u:r:trace_resource:s0 tcontext=u:object_r:toolbox_exec:s0 tclass=file permissive=1
12-30 10:50:16.292  1722  1722 I sh      : type=1400 audit(0.0:889285): avc:  denied  { execute_no_trans } for  path="/system/bin/toybox" dev="dm-1" ino=8926292 scontext=u:r:trace_resource:s0 tcontext=u:object_r:toolbox_exec:s0 tclass=file permissive=1
12-30 10:50:16.296   360   458 D EvsDriver: doneWithFrame
12-30 10:50:16.292  1722  1722 I auditd  : type=1400 audit(0.0:889286): avc:  denied  { map } for  comm="mkdir" path="/system/bin/toybox" dev="dm-1" ino=8926292 scontext=u:r:trace_resource:s0 tcontext=u:object_r:toolbox_exec:s0 tclass=file permissive=1
12-30 10:50:16.292  1722  1722 I mkdir   : type=1400 audit(0.0:889286): avc:  denied  { map } for  path="/system/bin/toybox" dev="dm-1" ino=8926292 scontext=u:r:trace_resource:s0 tcontext=u:object_r:toolbox_exec:s0 tclass=file permissive=1
12-30 10:50:16.297  1611 15258 I ADAYO_LOG_: b(LogcatFunc.java:7)COLLECT_INT_START
12-30 10:50:16.297  1611 15258 I ADAYO_LOG_: g(null:15)logcat file is zip packing, zipFilePath: /mnt/sdcard/AndroidLog/logcat/logcat_2025_12_30_10_50_16_105-9.zip
12-30 10:50:16.297  1611 15258 I ADAYO_LOG_: e(LogcatFunc.java:2)isOpenEncrypt: false
12-30 10:50:16.292  1611  1611 I auditd  : type=1400 audit(0.0:889287): avc:  denied  { read } for  comm="CACHEABLE" name="sdcard" dev="tmpfs" ino=37 scontext=u:r:system_app:s0 tcontext=u:object_r:mnt_sdcard_file:s0 tclass=lnk_file permissive=1
12-30 10:50:16.292  1611  1611 I CACHEABLE: type=1400 audit(0.0:889287): avc:  denied  { read } for  name="sdcard" dev="tmpfs" ino=37 scontext=u:r:system_app:s0 tcontext=u:object_r:mnt_sdcard_file:s0 tclass=lnk_file permissive=1
12-30 10:50:16.299  2310  2804 D FuseDaemon: Node: 12970642256212211472 created.
12-30 10:50:16.312  1722  1722 I auditd  : type=1400 audit(0.0:889288): avc:  denied  { search } for  comm="mkdir" name="0" dev="tmpfs" ino=17 scontext=u:r:trace_resource:s0 tcontext=u:object_r:mnt_user_file:s0 tclass=dir permissive=1
12-30 10:50:16.312  1722  1722 I mkdir   : type=1400 audit(0.0:889288): avc:  denied  { search } for  name="0" dev="tmpfs" ino=17 scontext=u:r:trace_resource:s0 tcontext=u:object_r:mnt_user_file:s0 tclass=dir permissive=1
12-30 10:50:16.316   650   729 D fgemcucomm: sd Uart data : 6AA602F833000292023D
12-30 10:50:16.317   650   729 D fgemcucomm: rev uart=65718,len=15, data : 6AA681F8330007920206214145020A
12-30 10:50:16.317   398  2883 D adayocomadapter-ParseProtocolFunc: printRaWMsg Name[MCUToUPstream recv] len[7] data[92020621414502]
12-30 10:50:16.317   398  2883 D adayocomadapter-CommunicationManager: onUpstreamback   member[6] dataLength[4] timePoint[7952139]
12-30 10:50:16.317   398  2883 D adayocomadapter-ParseProtocolFunc: printRaWMsg Name[onUpstreamback] len[4] data[21414502]
12-30 10:50:16.317   398   464 D adayocomadapter-UpstreamHandler: processBeforePacket upSreamtProcessTimePoint[7952139] 
12-30 10:50:16.317   398   464 D adayocomadapter-ParseProtocolFunc: parseGeneralIPCLBytes Processing tablename[Table-3] tableSize[0]
12-30 10:50:16.317   398   464 D adayocomadapter-ParseProtocolFunc: printRaWMsg Name[byteStream recv] len[4] data[21414502]
12-30 10:50:16.320   398   464 D adayocomadapter-ParseProtocolFunc: printRaWMsg Name[IPCLtoVHAL] len[8520] data[214145020121414502000000000000000000000000016000000000A60800000000000000002140217A000000000000000000000000016000000000F08F00000000000000002140224F000000000000000000000000014000000000244C000000000000000000000000000000000000000000000000014000000000BB3F0000000000000000000000000000000000000000000000000140000000008942000000000000000000000000000000000000000000000000014000000000DFC5000000000000000000000000000000000000000000000000014000000000EDB8000000000000000000000000000000000000000000000000014000000000FD51000000000000000000000000000000000000000000000000014000000000CF2C00000000000000000000000000000000000000000000000001400000000099AB000000000000000000000000000000000000000000000000014000000000ABD600000000000000000000000000000000000000000000000001400000000034A500000000000000000000000000000000000000000000000001400000000006D8000000000000000000000000000000000000000000000000014000000000505F00000000000000000000000000000000000000000000000001400000000062220000000000000000000000000
12-30 10:50:16.320   398   464 D adayocomadapter-CommunicationManager: onUpstreamReceive mPropertyId 0x21414502
12-30 10:50:16.320   398   464 D adayocomadapter-CommunicationManager: writeValue id=[557925634]
12-30 10:50:16.320   398   464 D adayocomadapter-VehiclePropertyStore: writeValue id=[557925634]
12-30 10:50:16.325  2358  2623 D RcfController: Rcf proxy is not connected!
12-30 10:50:16.326   360   931 D EvsDriver: forwardFrame
12-30 10:50:16.326   360   931 D EvsDriver: forwardFrameDirect
12-30 10:50:16.326   360   931 D EvsDriver: Delivered 0xb400e2ca9e40e110 as id 0
12-30 10:50:16.327   359  2784 D evsmanagerd: /dev/video-evs0 forwarded the buffer #0 to 0xb400f125d2b26dd0 from 0xb400f125e2b20710
12-30 10:50:16.327   398   464 I vw-vhal : notifyVehicleProperty, propId = 0x21414502, data = {status: 2, int32Values: [33, 65, 69, 2, 0, 0, 0, 0, 0, 0, 0, 0, 0, 0, 0, 0, 1, 96, 0, 0, 0, 0, 166, 8, 0, 0, 0, 0, 0, 0, 0, 0, 33, 64, 33, 122, 0, 0, 0, 0, 0, 0, 0, 0, 0, 0, 0, 0, 1, 96, 0, 0, 0, 0, 240, 143, 0, 0, 0, 0, 0, 0, 0, 0, 33, 64, 34, 79, 0, 0, 0, 0, 0, 0, 0, 0, 0, 0, 0, 0, 1, 64, 0, 0, 0, 0, 36, 76, 0, 0, 0, 0, 0, 0, 0, 0, 0, 0, 0, 0, 0, 0, 0, 0, 0, 0, 0, 0, 0, 0, 0, 0, 1, 64, 0, 0, 0, 0, 187, 63, 0, 0, 0, 0, 0, 0, 0, 0, 0, 0, 0, 0, 0, 0, 0, 0, 0, 0, 0, 0, 0, 0, 0, 0, 1, 64, 0, 0, 0, 0, 137, 66, 0, 0, 0, 0, 0, 0, 0, 0, 0, 0, 0, 0, 0, 0, 0, 0, 0, 0, 0, 0, 0, 0, 0, 0, 1, 64, 0, 0, 0, 0, 223, 197, 0, 0, 0, 0, 0, 0, 0, 0, 0, 0, 0, 0, 0, 0, 0, 0, 0, 0, 0, 0, 0, 0, 0, 0, 1, 64, 0, 0, 0, 0, 237, 184, 0, 0, 0, 0, 0, 0, 0, 0, 0, 0, 0, 0, 0, 0, 0, 0, 0, 0, 0, 0, 0, 0, 0, 0, 1, 64, 0, 0, 0, 0, 253, 81, 0, 0, 0, 0, 0, 0, 0, 0, 0, 0, 0, 0, 0, 0, 0, 0, 0, 0, 0, 0, 0, 0, 0, 0, 1, 64, 0, 0, 0, 0, 207, 44, 0, 0, 0, 0, 0, 0, 0, 0, 0, 0, 0, 0, 0, 0, 0, 0, 0, 0, 0, 
01-01 10:12:33.337  1723  1723 W audit   : audit_lost=869694 audit_rate_limit=5 audit_backlog_limit=64
01-01 10:12:33.337  1723  1723 E audit   : rate limit exceeded
12-30 10:50:16.331  2475  2681 I TtsServiceAgent: check thread start checking, threadId = 29
12-30 10:50:16.331  2475  2681 D TtsServiceAgent: start bind service...
12-30 10:50:16.331  2475  2681 D TtsServiceAgent: ----->initService, usage = 16
--------- beginning of system
12-30 10:50:16.331  2475  2681 W ContextImpl: Calling a method in the system process without a qualified user: android.app.ContextImpl.bindService:1988 android.content.ContextWrapper.bindService:861 com.iflytek.autofly.ttsaidl.ttsproxy.TtsServiceAgent.initService:189 com.iflytek.autofly.ttsaidl.ttsproxy.TtsServiceAgent.initService:133 com.iflytek.autofly.ttsaidl.ttsproxy.TtsServiceAgent$2.run:517 
12-30 10:50:16.332   916  5915 W ActivityManager: Unable to start service Intent { act=com.iflytek.autofly.tts.ttsservice.TtsAdapterService cmp=com.iflytek.cutefly.speechclient.hmi/com.iflytek.autofly.tts.ttsservice.TtsAdapterService } U=0: not found
12-30 10:50:16.332   596  3076 E WifiHAL : Invalid data received from driver
12-30 10:50:16.333  2475  2681 D TtsServiceAgent: bindService: false
12-30 10:50:16.333  2475  2681 D TtsServiceAgent: start reInitService
12-30 10:50:16.333  2475  2681 D TtsServiceAgent: aidlCheckThreadRunning = true
12-30 10:50:16.333  2475  2681 D TtsServiceAgent: ----->check connection status in 1000s...
12-30 10:50:16.334   398   464 I vw-vhal : CanSignalsAdapter::notifyDiagProperty: propId = 0x21414502, data = {status: 2, int32Values: [33, 65, 69, 2, 0, 0, 0, 0, 0, 0, 0, 0, 0, 0, 0, 0, 1, 96, 0, 0, 0, 0, 166, 8, 0, 0, 0, 0, 0, 0, 0, 0, 33, 64, 33, 122, 0, 0, 0, 0, 0, 0, 0, 0, 0, 0, 0, 0, 1, 96, 0, 0, 0, 0, 240, 143, 0, 0, 0, 0, 0, 0, 0, 0, 33, 64, 34, 79, 0, 0, 0, 0, 0, 0, 0, 0, 0, 0, 0, 0, 1, 64, 0, 0, 0, 0, 36, 76, 0, 0, 0, 0, 0, 0, 0, 0, 0, 0, 0, 0, 0, 0, 0, 0, 0, 0, 0, 0, 0, 0, 0, 0, 1, 64, 0, 0, 0, 0, 187, 63, 0, 0, 0, 0, 0, 0, 0, 0, 0, 0, 0, 0, 0, 0, 0, 0, 0, 0, 0, 0, 0, 0, 0, 0, 1, 64, 0, 0, 0, 0, 137, 66, 0, 0, 0, 0, 0, 0, 0, 0, 0, 0, 0, 0, 0, 0, 0, 0, 0, 0, 0, 0, 0, 0, 0, 0, 1, 64, 0, 0, 0, 0, 223, 197, 0, 0, 0, 0, 0, 0, 0, 0, 0, 0, 0, 0, 0, 0, 0, 0, 0, 0, 0, 0, 0, 0, 0, 0, 1, 64, 0, 0, 0, 0, 237, 184, 0, 0, 0, 0, 0, 0, 0, 0, 0, 0, 0, 0, 0, 0, 0, 0, 0, 0, 0, 0, 0, 0, 0, 0, 1, 64, 0, 0, 0, 0, 253, 81, 0, 0, 0, 0, 0, 0, 0, 0, 0, 0, 0, 0, 0, 0, 0, 0, 0, 0, 0, 0, 0, 0, 0, 0, 1, 64, 0, 0, 0, 0, 207, 44, 0, 0, 0, 0, 0, 0, 0, 0, 0, 0, 0, 0, 0, 0,
12-30 10:50:16.336   360   458 D EvsDriver: doneWithFrame
12-30 10:50:16.338   398   464 I vw-vhal : CanSignalsAdapter::notifyVehicleProperty: solvedValue = {.timestamp = 7952156674279, .areaId = 0, .prop = 557925634, .status = AVAILABLE, .value = {.int32Values = [8515]{33, 65, 69, 2, 0, 0, 0, 0, 0, 0, 0, 0, 0, 0, 0, 0, 1, 96, 0, 0, 0, 0, 166, 8, 0, 0, 0, 0, 0, 0, 0, 0, 33, 64, 33, 122, 0, 0, 0, 0, 0, 0, 0, 0, 0, 0, 0, 0, 1, 96, 0, 0, 0, 0, 240, 143, 0, 0, 0, 0, 0, 0, 0, 0, 33, 64, 34, 79, 0, 0, 0, 0, 0, 0, 0, 0, 0, 0, 0, 0, 1, 64, 0, 0, 0, 0, 36, 76, 0, 0, 0, 0, 0, 0, 0, 0, 0, 0, 0, 0, 0, 0, 0, 0, 0, 0, 0, 0, 0, 0, 0, 0, 1, 64, 0, 0, 0, 0, 187, 63, 0, 0, 0, 0, 0, 0, 0, 0, 0, 0, 0, 0, 0, 0, 0, 0, 0, 0, 0, 0, 0, 0, 0, 0, 1, 64, 0, 0, 0, 0, 137, 66, 0, 0, 0, 0, 0, 0, 0, 0, 0, 0, 0, 0, 0, 0, 0, 0, 0, 0, 0, 0, 0, 0, 0, 0, 1, 64, 0, 0, 0, 0, 223, 197, 0, 0, 0, 0, 0, 0, 0, 0, 0, 0, 0, 0, 0, 0, 0, 0, 0, 0, 0, 0, 0, 0, 0, 0, 1, 64, 0, 0, 0, 0, 237, 184, 0, 0, 0, 0, 0, 0, 0, 0, 0, 0, 0, 0, 0, 0, 0, 0, 0, 0, 0, 0, 0, 0, 0, 0, 1, 64, 0, 0, 0, 0, 253, 81, 0, 0, 0, 0, 0, 0, 0, 0, 0, 0, 0, 0, 0, 0, 0, 0, 0, 0, 0, 0, 0, 0
12-30 10:50:16.342   398   464 I VehiclePropertyStore: begin to write value to Store: {.timestamp = 7952156674279, .areaId = 0, .prop = 557925634, .status = AVAILABLE, .value = {.int32Values = [8515]{33, 65, 69, 2, 0, 0, 0, 0, 0, 0, 0, 0, 0, 0, 0, 0, 1, 96, 0, 0, 0, 0, 166, 8, 0, 0, 0, 0, 0, 0, 0, 0, 33, 64, 33, 122, 0, 0, 0, 0, 0, 0, 0, 0, 0, 0, 0, 0, 1, 96, 0, 0, 0, 0, 240, 143, 0, 0, 0, 0, 0, 0, 0, 0, 33, 64, 34, 79, 0, 0, 0, 0, 0, 0, 0, 0, 0, 0, 0, 0, 1, 64, 0, 0, 0, 0, 36, 76, 0, 0, 0, 0, 0, 0, 0, 0, 0, 0, 0, 0, 0, 0, 0, 0, 0, 0, 0, 0, 0, 0, 0, 0, 1, 64, 0, 0, 0, 0, 187, 63, 0, 0, 0, 0, 0, 0, 0, 0, 0, 0, 0, 0, 0, 0, 0, 0, 0, 0, 0, 0, 0, 0, 0, 0, 1, 64, 0, 0, 0, 0, 137, 66, 0, 0, 0, 0, 0, 0, 0, 0, 0, 0, 0, 0, 0, 0, 0, 0, 0, 0, 0, 0, 0, 0, 0, 0, 1, 64, 0, 0, 0, 0, 223, 197, 0, 0, 0, 0, 0, 0, 0, 0, 0, 0, 0, 0, 0, 0, 0, 0, 0, 0, 0, 0, 0, 0, 0, 0, 1, 64, 0, 0, 0, 0, 237, 184, 0, 0, 0, 0, 0, 0, 0, 0, 0, 0, 0, 0, 0, 0, 0, 0, 0, 0, 0, 0, 0, 0, 0, 0, 1, 64, 0, 0, 0, 0, 253, 81, 0, 0, 0, 0, 0, 0, 0, 0, 0, 0, 0, 0, 0, 0, 0, 0, 0, 0, 0, 0, 0, 0, 0, 0, 1, 64, 0, 0, 0, 0
12-30 10:50:16.345   398   464 I VehiclePropertyStore: Prop wirte value to Store success: {.timestamp = 7952156674279, .areaId = 0, .prop = 557925634, .status = AVAILABLE, .value = {.int32Values = [8515]{33, 65, 69, 2, 0, 0, 0, 0, 0, 0, 0, 0, 0, 0, 0, 0, 1, 96, 0, 0, 0, 0, 166, 8, 0, 0, 0, 0, 0, 0, 0, 0, 33, 64, 33, 122, 0, 0, 0, 0, 0, 0, 0, 0, 0, 0, 0, 0, 1, 96, 0, 0, 0, 0, 240, 143, 0, 0, 0, 0, 0, 0, 0, 0, 33, 64, 34, 79, 0, 0, 0, 0, 0, 0, 0, 0, 0, 0, 0, 0, 1, 64, 0, 0, 0, 0, 36, 76, 0, 0, 0, 0, 0, 0, 0, 0, 0, 0, 0, 0, 0, 0, 0, 0, 0, 0, 0, 0, 0, 0, 0, 0, 1, 64, 0, 0, 0, 0, 187, 63, 0, 0, 0, 0, 0, 0, 0, 0, 0, 0, 0, 0, 0, 0, 0, 0, 0, 0, 0, 0, 0, 0, 0, 0, 1, 64, 0, 0, 0, 0, 137, 66, 0, 0, 0, 0, 0, 0, 0, 0, 0, 0, 0, 0, 0, 0, 0, 0, 0, 0, 0, 0, 0, 0, 0, 0, 1, 64, 0, 0, 0, 0, 223, 197, 0, 0, 0, 0, 0, 0, 0, 0, 0, 0, 0, 0, 0, 0, 0, 0, 0, 0, 0, 0, 0, 0, 0, 0, 1, 64, 0, 0, 0, 0, 237, 184, 0, 0, 0, 0, 0, 0, 0, 0, 0, 0, 0, 0, 0, 0, 0, 0, 0, 0, 0, 0, 0, 0, 0, 0, 1, 64, 0, 0, 0, 0, 253, 81, 0, 0, 0, 0, 0, 0, 0, 0, 0, 0, 0, 0, 0, 0, 0, 0, 0, 0, 0, 0, 0, 0, 0, 0, 1, 64, 0, 0, 
12-30 10:50:16.349   398   464 I DefaultVehicleHal_v2_0: DefaultVehicleHal::onPropertyValue, value:{.timestamp = 7952156674279, .areaId = 0, .prop = 557925634, .status = AVAILABLE, .value = {.int32Values = [8515]{33, 65, 69, 2, 0, 0, 0, 0, 0, 0, 0, 0, 0, 0, 0, 0, 1, 96, 0, 0, 0, 0, 166, 8, 0, 0, 0, 0, 0, 0, 0, 0, 33, 64, 33, 122, 0, 0, 0, 0, 0, 0, 0, 0, 0, 0, 0, 0, 1, 96, 0, 0, 0, 0, 240, 143, 0, 0, 0, 0, 0, 0, 0, 0, 33, 64, 34, 79, 0, 0, 0, 0, 0, 0, 0, 0, 0, 0, 0, 0, 1, 64, 0, 0, 0, 0, 36, 76, 0, 0, 0, 0, 0, 0, 0, 0, 0, 0, 0, 0, 0, 0, 0, 0, 0, 0, 0, 0, 0, 0, 0, 0, 1, 64, 0, 0, 0, 0, 187, 63, 0, 0, 0, 0, 0, 0, 0, 0, 0, 0, 0, 0, 0, 0, 0, 0, 0, 0, 0, 0, 0, 0, 0, 0, 1, 64, 0, 0, 0, 0, 137, 66, 0, 0, 0, 0, 0, 0, 0, 0, 0, 0, 0, 0, 0, 0, 0, 0, 0, 0, 0, 0, 0, 0, 0, 0, 1, 64, 0, 0, 0, 0, 223, 197, 0, 0, 0, 0, 0, 0, 0, 0, 0, 0, 0, 0, 0, 0, 0, 0, 0, 0, 0, 0, 0, 0, 0, 0, 1, 64, 0, 0, 0, 0, 237, 184, 0, 0, 0, 0, 0, 0, 0, 0, 0, 0, 0, 0, 0, 0, 0, 0, 0, 0, 0, 0, 0, 0, 0, 0, 1, 64, 0, 0, 0, 0, 253, 81, 0, 0, 0, 0, 0, 0, 0, 0, 0, 0, 0, 0, 0, 0, 0, 0, 0, 0, 0, 0, 0, 0, 0, 0, 1, 64,
12-30 10:50:16.349   398   464 D DiagPropHandler: is not DiagnosticConfig: 0x21414502
12-30 10:50:16.353   398   464 I VehiclePropertyStore: begin to write value to Store: {.timestamp = 7952156674279, .areaId = 0, .prop = 557925634, .status = AVAILABLE, .value = {.int32Values = [8515]{33, 65, 69, 2, 0, 0, 0, 0, 0, 0, 0, 0, 0, 0, 0, 0, 1, 96, 0, 0, 0, 0, 166, 8, 0, 0, 0, 0, 0, 0, 0, 0, 33, 64, 33, 122, 0, 0, 0, 0, 0, 0, 0, 0, 0, 0, 0, 0, 1, 96, 0, 0, 0, 0, 240, 143, 0, 0, 0, 0, 0, 0, 0, 0, 33, 64, 34, 79, 0, 0, 0, 0, 0, 0, 0, 0, 0, 0, 0, 0, 1, 64, 0, 0, 0, 0, 36, 76, 0, 0, 0, 0, 0, 0, 0, 0, 0, 0, 0, 0, 0, 0, 0, 0, 0, 0, 0, 0, 0, 0, 0, 0, 1, 64, 0, 0, 0, 0, 187, 63, 0, 0, 0, 0, 0, 0, 0, 0, 0, 0, 0, 0, 0, 0, 0, 0, 0, 0, 0, 0, 0, 0, 0, 0, 1, 64, 0, 0, 0, 0, 137, 66, 0, 0, 0, 0, 0, 0, 0, 0, 0, 0, 0, 0, 0, 0, 0, 0, 0, 0, 0, 0, 0, 0, 0, 0, 1, 64, 0, 0, 0, 0, 223, 197, 0, 0, 0, 0, 0, 0, 0, 0, 0, 0, 0, 0, 0, 0, 0, 0, 0, 0, 0, 0, 0, 0, 0, 0, 1, 64, 0, 0, 0, 0, 237, 184, 0, 0, 0, 0, 0, 0, 0, 0, 0, 0, 0, 0, 0, 0, 0, 0, 0, 0, 0, 0, 0, 0, 0, 0, 1, 64, 0, 0, 0, 0, 253, 81, 0, 0, 0, 0, 0, 0, 0, 0, 0, 0, 0, 0, 0, 0, 0, 0, 0, 0, 0, 0, 0, 0, 0, 0, 1, 64, 0, 0, 0, 0
12-30 10:50:16.356   398   464 I VehiclePropertyStore: Prop wirte value to Store success: {.timestamp = 7952156674279, .areaId = 0, .prop = 557925634, .status = AVAILABLE, .value = {.int32Values = [8515]{33, 65, 69, 2, 0, 0, 0, 0, 0, 0, 0, 0, 0, 0, 0, 0, 1, 96, 0, 0, 0, 0, 166, 8, 0, 0, 0, 0, 0, 0, 0, 0, 33, 64, 33, 122, 0, 0, 0, 0, 0, 0, 0, 0, 0, 0, 0, 0, 1, 96, 0, 0, 0, 0, 240, 143, 0, 0, 0, 0, 0, 0, 0, 0, 33, 64, 34, 79, 0, 0, 0, 0, 0, 0, 0, 0, 0, 0, 0, 0, 1, 64, 0, 0, 0, 0, 36, 76, 0, 0, 0, 0, 0, 0, 0, 0, 0, 0, 0, 0, 0, 0, 0, 0, 0, 0, 0, 0, 0, 0, 0, 0, 1, 64, 0, 0, 0, 0, 187, 63, 0, 0, 0, 0, 0, 0, 0, 0, 0, 0, 0, 0, 0, 0, 0, 0, 0, 0, 0, 0, 0, 0, 0, 0, 1, 64, 0, 0, 0, 0, 137, 66, 0, 0, 0, 0, 0, 0, 0, 0, 0, 0, 0, 0, 0, 0, 0, 0, 0, 0, 0, 0, 0, 0, 0, 0, 1, 64, 0, 0, 0, 0, 223, 197, 0, 0, 0, 0, 0, 0, 0, 0, 0, 0, 0, 0, 0, 0, 0, 0, 0, 0, 0, 0, 0, 0, 0, 0, 1, 64, 0, 0, 0, 0, 237, 184, 0, 0, 0, 0, 0, 0, 0, 0, 0, 0, 0, 0, 0, 0, 0, 0, 0, 0, 0, 0, 0, 0, 0, 0, 1, 64, 0, 0, 0, 0, 253, 81, 0, 0, 0, 0, 0, 0, 0, 0, 0, 0, 0, 0, 0, 0, 0, 0, 0, 0, 0, 0, 0, 0, 0, 0, 1, 64, 0, 0, 
12-30 10:50:16.357   398   464 D adayocomadapter-CommunicationManager: onUpstreamReceive mPropertyId 0x21414502
12-30 10:50:16.360   360   931 D EvsDriver: forwardFrame
12-30 10:50:16.360   360   931 D EvsDriver: forwardFrameDirect
12-30 10:50:16.360   360   931 D EvsDriver: Delivered 0xb400e2ca9e40c7a0 as id 1
12-30 10:50:16.360   359  2784 D evsmanagerd: /dev/video-evs0 forwarded the buffer #1 to 0xb400f125d2b26dd0 from 0xb400f125e2b20710
12-30 10:50:16.366   360   458 D EvsDriver: doneWithFrame
12-30 10:50:16.367  1725  1725 I ADAYO_LOG_TRACE_RESOURCE: file_path:/mnt/sdcard/logcat_GNSS//gnss_log.log
12-30 10:50:16.369  1726  1726 I ADAYO_LOG_TRACE_LOGCAT: execute start
12-30 10:50:16.373  1667  2407 I media_message_log->MediaMessageProxy: (SourceFile:1)b connectToService action bind
12-30 10:50:16.374   916  5915 W ActivityManager: Unable to start service Intent { cmp=com.adayo.server.mediamessagetransfer/.MediaMessTransferService (has extras) } U=0: not found
12-30 10:50:16.374  1667  2407 E media_message_log->MediaMessageProxy: (SourceFile:7)a bindServiceAsUser isBound = false
12-30 10:50:16.375  2358  2623 D RcfController: Rcf proxy is not connected!
12-30 10:50:16.380   596  3076 E WifiHAL : Invalid data received from driver
12-30 10:50:16.393   360   931 D EvsDriver: forwardFrame
12-30 10:50:16.393   360   931 D EvsDriver: forwardFrameDirect
12-30 10:50:16.393   360   931 D EvsDriver: Delivered 0xb400e2ca9e40e270 as id 0
12-30 10:50:16.393   359  2784 D evsmanagerd: /dev/video-evs0 forwarded the buffer #0 to 0xb400f125d2b26dd0 from 0xb400f125e2b20710
12-30 10:50:16.397   360   458 D EvsDriver: doneWithFrame
12-30 10:50:16.412  1739  1739 I ADAYO_LOG_TRACE_LOGCAT: executing
12-30 10:50:16.417  1740  1740 I ADAYO_LOG_TRACE_RESOURCE: folder_size:0
12-30 10:50:16.425  2358  2623 D RcfController: Rcf proxy is not connected!
12-30 10:50:16.426   360   931 D EvsDriver: forwardFrame
12-30 10:50:16.426   360   931 D EvsDriver: forwardFrameDirect
12-30 10:50:16.426   360   931 D EvsDriver: Delivered 0xb400e2ca9e40d4b0 as id 1
12-30 10:50:16.427   359  2784 D evsmanagerd: /dev/video-evs0 forwarded the buffer #1 to 0xb400f125d2b26dd0 from 0xb400f125e2b20710
12-30 10:50:16.427   360   458 D EvsDriver: doneWithFrame
12-30 10:50:16.439   596  3076 E WifiHAL : Invalid data received from driver
12-30 10:50:16.450   650   730 D fgemcucomm: sd Uart data : 6AA600180900020601D6
12-30 10:50:16.452  1743  1743 I ADAYO_LOG_TRACE_LOGCAT: collect_dest_path:/mnt/sdcard/AndroidLog/logcat
12-30 10:50:16.460   360   931 D EvsDriver: forwardFrame
12-30 10:50:16.460   360   931 D EvsDriver: forwardFrameDirect
12-30 10:50:16.460   360   931 D EvsDriver: Delivered 0xb400e2ca9e40c2d0 as id 0
12-30 10:50:16.460   359  2784 D evsmanagerd: /dev/video-evs0 forwarded the buffer #0 to 0xb400f125d2b26dd0 from 0xb400f125e2b20710
12-30 10:50:16.468   360   458 D EvsDriver: doneWithFrame
12-30 10:50:16.475  2358  2623 D RcfController: Rcf proxy is not connected!
12-30 10:50:16.493   360   931 D EvsDriver: forwardFrame
12-30 10:50:16.493   360   931 D EvsDriver: forwardFrameDirect
12-30 10:50:16.493   360   931 D EvsDriver: Delivered 0xb400e2ca9e40d090 as id 1
12-30 10:50:16.493   359  2784 D evsmanagerd: /dev/video-evs0 forwarded the buffer #1 to 0xb400f125d2b26dd0 from 0xb400f125e2b20710
12-30 10:50:16.498   360   458 D EvsDriver: doneWithFrame
12-30 10:50:16.526  2358  2623 D RcfController: Rcf proxy is not connected!
12-30 10:50:16.526   360   931 D EvsDriver: forwardFrame
12-30 10:50:16.526   360   931 D EvsDriver: forwardFrameDirect
12-30 10:50:16.526   360   931 D EvsDriver: Delivered 0xb400e2ca9e40e110 as id 0
12-30 10:50:16.527   359  2784 D evsmanagerd: /dev/video-evs0 forwarded the buffer #0 to 0xb400f125d2b26dd0 from 0xb400f125e2b20710
12-30 10:50:16.529   360   458 D EvsDriver: doneWithFrame
12-30 10:50:16.534   596  3076 E WifiHAL : Invalid data received from driver
12-30 10:50:16.545  1760  1760 I ADAYO_LOG_TRACE_LOGCAT: file_path:/mnt/sdcard/AndroidLog/logcat/logcat_2025_12_30_10_50_16_106-10.txt
12-30 10:50:16.560   360   931 D EvsDriver: forwardFrame
12-30 10:50:16.560   360   931 D EvsDriver: forwardFrameDirect
12-30 10:50:16.560   360   931 D EvsDriver: Delivered 0xb400e2ca9e40c7a0 as id 1
12-30 10:50:16.560   359  2784 D evsmanagerd: /dev/video-evs0 forwarded the buffer #1 to 0xb400f125d2b26dd0 from 0xb400f125e2b20710
12-30 10:50:16.571   360   458 D EvsDriver: doneWithFrame
12-30 10:50:16.576  2358  2623 D RcfController: Rcf proxy is not connected!
12-30 10:50:16.578  1667  2594 W ContextImpl: Calling a method in the system process without a qualified user: android.app.ContextImpl.bindService:1988 android.content.ContextWrapper.bindService:861 com.ford.sync.fnvservice.FordFnv.c:202 com.ford.sync.fnvservice.FordFnv.c:43 com.ford.sync.fnvservice.FordFnv$RetryHandler.handleMessage:245 
12-30 10:50:16.579   916  5915 W ActivityManager: Unable to start service Intent { cmp=com.ford.sync.fnvservice/.FordFnvService } U=0: not found
12-30 10:50:16.579  1667  2594 W FordFnv :  bind ford fnv failed -> sendRetryMessage 
12-30 10:50:16.585  1667  2410 I media_message_log->MediaMessageUserProxy: (SourceFile:1)b connectToService action bind
12-30 10:50:16.585   916  5915 W ActivityManager: Unable to start service Intent { cmp=com.adayo.server.mediamessagetransfer/.MediaMessTransferService (has extras) } U=0: not found
12-30 10:50:16.586  1667  2410 E media_message_log->MediaMessageUserProxy: (SourceFile:7)a bindServiceAsUser isBound = false
12-30 10:50:16.593   360   931 D EvsDriver: forwardFrame
12-30 10:50:16.593   360   931 D EvsDriver: forwardFrameDirect
12-30 10:50:16.593   360   931 D EvsDriver: Delivered 0xb400e2ca9e40e270 as id 0
12-30 10:50:16.593   359  2784 D evsmanagerd: /dev/video-evs0 forwarded the buffer #0 to 0xb400f125d2b26dd0 from 0xb400f125e2b20710
12-30 10:50:16.597  1766  1766 I ADAYO_LOG_TRACE_LOGCAT: folder_size:
12-30 10:50:16.601   360   458 D EvsDriver: doneWithFrame
12-30 10:50:16.626  2358  2623 D RcfController: Rcf proxy is not connected!
12-30 10:50:16.626   360   931 D EvsDriver: forwardFrame
12-30 10:50:16.626   360   931 D EvsDriver: forwardFrameDirect
12-30 10:50:16.627   360   931 D EvsDriver: Delivered 0xb400e2ca9e40d4b0 as id 1
12-30 10:50:16.627   359  2784 D evsmanagerd: /dev/video-evs0 forwarded the buffer #1 to 0xb400f125d2b26dd0 from 0xb400f125e2b20710
12-30 10:50:16.630   596  3076 E WifiHAL : Invalid data received from driver
12-30 10:50:16.631   360   458 D EvsDriver: doneWithFrame
12-30 10:50:16.641  1772  1772 I ADAYO_LOG_TRACE_RESOURCE: execute interrupt
12-30 10:50:16.660   360   931 D EvsDriver: forwardFrame
12-30 10:50:16.660   360   931 D EvsDriver: forwardFrameDirect
12-30 10:50:16.660   360   931 D EvsDriver: Delivered 0xb400e2ca9e40c2d0 as id 0
12-30 10:50:16.660   359  2784 D evsmanagerd: /dev/video-evs0 forwarded the buffer #0 to 0xb400f125d2b26dd0 from 0xb400f125e2b20710
12-30 10:50:16.661   360   458 D EvsDriver: doneWithFrame
12-30 10:50:16.666  1779  1779 I ADAYO_LOG_TRACE_RESOURCE: execute end
12-30 10:50:16.676  2358  2623 D RcfController: Rcf proxy is not connected!
12-30 10:50:16.681   596  3076 E WifiHAL : Invalid data received from driver
12-30 10:50:16.693   360   931 D EvsDriver: forwardFrame
12-30 10:50:16.693   360   931 D EvsDriver: forwardFrameDirect
12-30 10:50:16.693   360   931 D EvsDriver: Delivered 0xb400e2ca9e40d090 as id 1
12-30 10:50:16.693   359  2784 D evsmanagerd: /dev/video-evs0 forwarded the buffer #1 to 0xb400f125d2b26dd0 from 0xb400f125e2b20710
12-30 10:50:16.701  2310  2720 D FuseDaemon: Node: 12970642256212313232 created.
12-30 10:50:16.702   360   458 D EvsDriver: doneWithFrame
12-30 10:50:16.708  1781  1781 I flags_health_check: ServerConfigurableFlagsReset reset_mode value: 1
12-30 10:50:16.708  1781  1781 I flags_health_check: ServerConfigurableFlagsReset updatable crashing detected, resetting flags.
12-30 10:50:16.726   360   931 D EvsDriver: forwardFrame
12-30 10:50:16.726   360   931 D EvsDriver: forwardFrameDirect
12-30 10:50:16.726   360   931 D EvsDriver: Delivered 0xb400e2ca9e40e110 as id 0
12-30 10:50:16.727   359  2784 D evsmanagerd: /dev/video-evs0 forwarded the buffer #0 to 0xb400f125d2b26dd0 from 0xb400f125e2b20710
12-30 10:50:16.727  2358  2623 D RcfController: Rcf proxy is not connected!
12-30 10:50:16.732   360   458 D EvsDriver: doneWithFrame
12-30 10:50:16.749   596  3076 E WifiHAL : Invalid data received from driver
12-30 10:50:16.760   360   931 I EvsDriver: /dev/video-evs0 VideoCapture fps 30.0011
12-30 10:50:16.760   360   931 D EvsDriver: forwardFrame
12-30 10:50:16.760   360   931 D EvsDriver: forwardFrameDirect
12-30 10:50:16.760   360   931 D EvsDriver: Delivered 0xb400e2ca9e40c7a0 as id 1
12-30 10:50:16.760   359  2784 D evsmanagerd: /dev/video-evs0 forwarded the buffer #1 to 0xb400f125d2b26dd0 from 0xb400f125e2b20710
12-30 10:50:16.762   360   458 D EvsDriver: doneWithFrame
12-30 10:50:16.777  2358  2623 D RcfController: Rcf proxy is not connected!
12-30 10:50:16.793   360   931 D EvsDriver: forwardFrame
12-30 10:50:16.793   360   931 D EvsDriver: forwardFrameDirect
12-30 10:50:16.793   360   931 D EvsDriver: Delivered 0xb400e2ca9e40e270 as id 0
12-30 10:50:16.793   359  2784 D evsmanagerd: /dev/video-evs0 forwarded the buffer #0 to 0xb400f125d2b26dd0 from 0xb400f125e2b20710
12-30 10:50:16.803   360   458 D EvsDriver: doneWithFrame
01-01 10:12:33.817   346   346 I logd    : logdr: UID=0 GID=0 PID=1802 b tail=0 logMask=bf pid=0 start=0ns deadline=0ns
12-30 10:50:16.826   360   931 D EvsDriver: forwardFrame
12-30 10:50:16.826   360   931 D EvsDriver: forwardFrameDirect
12-30 10:50:16.826   360   931 D EvsDriver: Delivered 0xb400e2ca9e40d4b0 as id 1
12-30 10:50:16.827   359  2784 D evsmanagerd: /dev/video-evs0 forwarded the buffer #1 to 0xb400f125d2b26dd0 from 0xb400f125e2b20710
12-30 10:50:16.827  2358  2623 D RcfController: Rcf proxy is not connected!
12-30 10:50:16.833   360   458 D EvsDriver: doneWithFrame
12-30 10:50:16.835   596  3076 E WifiHAL : Invalid data received from driver
12-30 10:50:16.857   650   729 D fgemcucomm: sd Uart data : 6AA602F834000292023C
12-30 10:50:16.857   650   729 D fgemcucomm: rev uart=65719,len=18, data : 6AA681F834000A9202000D000000000000A8
12-30 10:50:16.857   398  2883 D adayocomadapter-ParseProtocolFunc: printRaWMsg Name[MCUToUPstream recv] len[10] data[9202000D000000000000]
12-30 10:50:16.857   398  2883 D adayocomadapter-CommunicationManager: onUpstreamback   member[0] dataLength[7] timePoint[7952679]
12-30 10:50:16.857   398  2883 D adayocomadapter-ParseProtocolFunc: printRaWMsg Name[onUpstreamback] len[7] data[0D000000000000]
12-30 10:50:16.857   398   464 D adayocomadapter-UpstreamHandler: processBeforePacket upSreamtProcessTimePoint[7952679] 
12-30 10:50:16.857   398   464 D adayocomadapter-UpstreamHandler: processPacket UPSTREAM_QUEUE_DATA_TIMEOUT
12-30 10:50:16.857   398   464 D adayocomadapter-ParseProtocolFunc: parseCommonIPCLBytes Processing tableNumber[13]
12-30 10:50:16.857   398   464 D adayocomadapter-ParseProtocolFunc: parseCommonIPCLBytes Processing tablename[Table-13] tableSize[7]
12-30 10:50:16.857   398   464 D adayocomadapter-ParseProtocolFunc: printRaWMsg Name[byteStream recv] len[7] data[0D000000000000]
12-30 10:50:16.857   398   464 D adayocomadapter-ParseProtocolFunc: printRaWMsg Name[IPCLtoVHAL] len[6] data[214020BB0000]
12-30 10:50:16.857   398   464 D adayocomadapter-ParseProtocolFunc: printRaWMsg Name[IPCLtoVHAL] len[6] data[214020E30000]
12-30 10:50:16.857   398   464 D adayocomadapter-ParseProtocolFunc: printRaWMsg Name[IPCLtoVHAL] len[6] data[214020C70000]
12-30 10:50:16.857   398   464 D adayocomadapter-ParseProtocolFunc: printRaWMsg Name[IPCLtoVHAL] len[6] data[214020DD0000]
12-30 10:50:16.857   398   464 D adayocomadapter-ParseProtocolFunc: printRaWMsg Name[IPCLtoVHAL] len[6] data[214020DF0000]
12-30 10:50:16.857   398   464 D adayocomadapter-ParseProtocolFunc: printRaWMsg Name[IPCLtoVHAL] len[6] data[214020E40000]
12-30 10:50:16.857   398   464 D adayocomadapter-CommunicationManager: onUpstreamReceive mPropertyId 0x214020bb
12-30 10:50:16.857   398   464 D adayocomadapter-CommunicationManager: convertBytesToInt32Memcpy  0
12-30 10:50:16.857   398   464 I vw-vhal : notifyVehicleProperty, propId = 0x214020bb, data = {status: 2, int32Values: [0]}
12-30 10:50:16.858   398   464 I vw-vhal : CanSignalsAdapter::notifyVehicleProperty: solvedValue = {.timestamp = 7952679868946, .areaId = 0, .prop = 557850811, .status = AVAILABLE, .value = {.int32Values = [1]{0}, .floatValues = [0]{}, .int64Values = [0]{}, .bytes = [0]{}, .stringValue = ""}}
12-30 10:50:16.858   398   464 I VehiclePropertyStore: begin to write value to Store: {.timestamp = 7952679868946, .areaId = 0, .prop = 557850811, .status = AVAILABLE, .value = {.int32Values = [1]{0}, .floatValues = [0]{}, .int64Values = [0]{}, .bytes = [0]{}, .stringValue = ""}}
12-30 10:50:16.858   398   464 I DefaultVehicleHal_v2_0: DefaultVehicleHal::onPropertyValue, value:{.timestamp = 7952679868946, .areaId = 0, .prop = 557850811, .status = AVAILABLE, .value = {.int32Values = [1]{0}, .floatValues = [0]{}, .int64Values = [0]{}, .bytes = [0]{}, .stringValue = ""}}
12-30 10:50:16.858   398   464 D DiagPropHandler: is not DiagnosticConfig: 0x214020bb
12-30 10:50:16.858   398   464 I VehiclePropertyStore: begin to write value to Store: {.timestamp = 7952679868946, .areaId = 0, .prop = 557850811, .status = AVAILABLE, .value = {.int32Values = [1]{0}, .floatValues = [0]{}, .int64Values = [0]{}, .bytes = [0]{}, .stringValue = ""}}
12-30 10:50:16.858   398   464 D adayocomadapter-CommunicationManager: onUpstreamReceive mPropertyId 0x214020bb
12-30 10:50:16.858   398   464 D adayocomadapter-CommunicationManager: onUpstreamReceive mPropertyId 0x214020e3
12-30 10:50:16.858   398   464 D adayocomadapter-CommunicationManager: convertBytesToInt32Memcpy  0
12-30 10:50:16.858   398   464 I vw-vhal : notifyVehicleProperty, propId = 0x214020e3, data = {status: 2, int32Values: [0]}
12-30 10:50:16.858   398   464 I vw-vhal : CanSignalsAdapter::notifyVehicleProperty: solvedValue = {.timestamp = 7952680143946, .areaId = 0, .prop = 557850851, .status = AVAILABLE, .value = {.int32Values = [1]{0}, .floatValues = [0]{}, .int64Values = [0]{}, .bytes = [0]{}, .stringValue = ""}}
12-30 10:50:16.858   398   464 I VehiclePropertyStore: begin to write value to Store: {.timestamp = 7952680143946, .areaId = 0, .prop = 557850851, .status = AVAILABLE, .value = {.int32Values = [1]{0}, .floatValues = [0]{}, .int64Values = [0]{}, .bytes = [0]{}, .stringValue = ""}}
12-30 10:50:16.858   398   464 I DefaultVehicleHal_v2_0: DefaultVehicleHal::onPropertyValue, value:{.timestamp = 7952680143946, .areaId = 0, .prop = 557850851, .status = AVAILABLE, .value = {.int32Values = [1]{0}, .floatValues = [0]{}, .int64Values = [0]{}, .bytes = [0]{}, .stringValue = ""}}
12-30 10:50:16.858   398   464 D DiagPropHandler: is not DiagnosticConfig: 0x214020e3
12-30 10:50:16.858   398   464 I VehiclePropertyStore: begin to write value to Store: {.timestamp = 7952680143946, .areaId = 0, .prop = 557850851, .status = AVAILABLE, .value = {.int32Values = [1]{0}, .floatValues = [0]{}, .int64Values = [0]{}, .bytes = [0]{}, .stringValue = ""}}
12-30 10:50:16.858   398   464 D adayocomadapter-CommunicationManager: onUpstreamReceive mPropertyId 0x214020e3
12-30 10:50:16.858   398   464 D adayocomadapter-CommunicationManager: onUpstreamReceive mPropertyId 0x214020c7
12-30 10:50:16.858   398   464 D adayocomadapter-CommunicationManager: convertBytesToInt32Memcpy  0
12-30 10:50:16.858   398   464 I vw-vhal : notifyVehicleProperty, propId = 0x214020c7, data = {status: 2, int32Values: [0]}
12-30 10:50:16.858   398   464 I vw-vhal : CanSignalsAdapter::notifyVehicleProperty: solvedValue = {.timestamp = 7952680356946, .areaId = 0, .prop = 557850823, .status = AVAILABLE, .value = {.int32Values = [1]{0}, .floatValues = [0]{}, .int64Values = [0]{}, .bytes = [0]{}, .stringValue = ""}}
12-30 10:50:16.858   398   464 I VehiclePropertyStore: begin to write value to Store: {.timestamp = 7952680356946, .areaId = 0, .prop = 557850823, .status = AVAILABLE, .value = {.int32Values = [1]{0}, .floatValues = [0]{}, .int64Values = [0]{}, .bytes = [0]{}, .stringValue = ""}}
12-30 10:50:16.858   398   464 I DefaultVehicleHal_v2_0: DefaultVehicleHal::onPropertyValue, value:{.timestamp = 7952680356946, .areaId = 0, .prop = 557850823, .status = AVAILABLE, .value = {.int32Values = [1]{0}, .floatValues = [0]{}, .int64Values = [0]{}, .bytes = [0]{}, .stringValue = ""}}
12-30 10:50:16.858   398   464 D DiagPropHandler: is not DiagnosticConfig: 0x214020c7
12-30 10:50:16.858   398   464 I VehiclePropertyStore: begin to write value to Store: {.timestamp = 7952680356946, .areaId = 0, .prop = 557850823, .status = AVAILABLE, .value = {.int32Values = [1]{0}, .floatValues = [0]{}, .int64Values = [0]{}, .bytes = [0]{}, .stringValue = ""}}
12-30 10:50:16.858   398   464 D adayocomadapter-CommunicationManager: onUpstreamReceive mPropertyId 0x214020c7
12-30 10:50:16.858   398   464 D adayocomadapter-CommunicationManager: onUpstreamReceive mPropertyId 0x214020dd
12-30 10:50:16.858   398   464 D adayocomadapter-CommunicationManager: convertBytesToInt32Memcpy  0
12-30 10:50:16.858   398   464 I vw-vhal : notifyVehicleProperty, propId = 0x214020dd, data = {status: 2, int32Values: [0]}
12-30 10:50:16.858   398   464 I vw-vhal : CanSignalsAdapter::notifyVehicleProperty: solvedValue = {.timestamp = 7952680571612, .areaId = 0, .prop = 557850845, .status = AVAILABLE, .value = {.int32Values = [1]{0}, .floatValues = [0]{}, .int64Values = [0]{}, .bytes = [0]{}, .stringValue = ""}}
12-30 10:50:16.858   398   464 I VehiclePropertyStore: begin to write value to Store: {.timestamp = 7952680571612, .areaId = 0, .prop = 557850845, .status = AVAILABLE, .value = {.int32Values = [1]{0}, .floatValues = [0]{}, .int64Values = [0]{}, .bytes = [0]{}, .stringValue = ""}}
12-30 10:50:16.858   398   464 I DefaultVehicleHal_v2_0: DefaultVehicleHal::onPropertyValue, value:{.timestamp = 7952680571612, .areaId = 0, .prop = 557850845, .status = AVAILABLE, .value = {.int32Values = [1]{0}, .floatValues = [0]{}, .int64Values = [0]{}, .bytes = [0]{}, .stringValue = ""}}
12-30 10:50:16.858   398   464 D DiagPropHandler: is not DiagnosticConfig: 0x214020dd
12-30 10:50:16.858   398   464 I VehiclePropertyStore: begin to write value to Store: {.timestamp = 7952680571612, .areaId = 0, .prop = 557850845, .status = AVAILABLE, .value = {.int32Values = [1]{0}, .floatValues = [0]{}, .int64Values = [0]{}, .bytes = [0]{}, .stringValue = ""}}
12-30 10:50:16.858   398   464 D adayocomadapter-CommunicationManager: onUpstreamReceive mPropertyId 0x214020dd
12-30 10:50:16.858   398   464 D adayocomadapter-CommunicationManager: onUpstreamReceive mPropertyId 0x214020df
12-30 10:50:16.858   398   464 D adayocomadapter-CommunicationManager: convertBytesToInt32Memcpy  0
12-30 10:50:16.858   398   464 I vw-vhal : notifyVehicleProperty, propId = 0x214020df, data = {status: 2, int32Values: [0]}
12-30 10:50:16.858   398   464 I vw-vhal : CanSignalsAdapter::notifyVehicleProperty: solvedValue = {.timestamp = 7952680783946, .areaId = 0, .prop = 557850847, .status = AVAILABLE, .value = {.int32Values = [1]{0}, .floatValues = [0]{}, .int64Values = [0]{}, .bytes = [0]{}, .stringValue = ""}}
12-30 10:50:16.858   398   464 I VehiclePropertyStore: begin to write value to Store: {.timestamp = 7952680783946, .areaId = 0, .prop = 557850847, .status = AVAILABLE, .value = {.int32Values = [1]{0}, .floatValues = [0]{}, .int64Values = [0]{}, .bytes = [0]{}, .stringValue = ""}}
12-30 10:50:16.859   398   464 I DefaultVehicleHal_v2_0: DefaultVehicleHal::onPropertyValue, value:{.timestamp = 7952680783946, .areaId = 0, .prop = 557850847, .status = AVAILABLE, .value = {.int32Values = [1]{0}, .floatValues = [0]{}, .int64Values = [0]{}, .bytes = [0]{}, .stringValue = ""}}
12-30 10:50:16.859   398   464 D DiagPropHandler: is not DiagnosticConfig: 0x214020df
12-30 10:50:16.859   398   464 I VehiclePropertyStore: begin to write value to Store: {.timestamp = 7952680783946, .areaId = 0, .prop = 557850847, .status = AVAILABLE, .value = {.int32Values = [1]{0}, .floatValues = [0]{}, .int64Values = [0]{}, .bytes = [0]{}, .stringValue = ""}}
12-30 10:50:16.859   398   464 D adayocomadapter-CommunicationManager: onUpstreamReceive mPropertyId 0x214020df
12-30 10:50:16.859   398   464 D adayocomadapter-CommunicationManager: onUpstreamReceive mPropertyId 0x214020e4
12-30 10:50:16.859   398   464 D adayocomadapter-CommunicationManager: convertBytesToInt32Memcpy  0
12-30 10:50:16.859   398   464 I vw-vhal : notifyVehicleProperty, propId = 0x214020e4, data = {status: 2, int32Values: [0]}
12-30 10:50:16.859   398   464 I vw-vhal : CanSignalsAdapter::notifyVehicleProperty: solvedValue = {.timestamp = 7952681150946, .areaId = 0, .prop = 557850852, .status = AVAILABLE, .value = {.int32Values = [1]{0}, .floatValues = [0]{}, .int64Values = [0]{}, .bytes = [0]{}, .stringValue = ""}}
12-30 10:50:16.859   398   464 I VehiclePropertyStore: begin to write value to Store: {.timestamp = 7952681150946, .areaId = 0, .prop = 557850852, .status = AVAILABLE, .value = {.int32Values = [1]{0}, .floatValues = [0]{}, .int64Values = [0]{}, .bytes = [0]{}, .stringValue = ""}}
12-30 10:50:16.859   398   464 I DefaultVehicleHal_v2_0: DefaultVehicleHal::onPropertyValue, value:{.timestamp = 7952681150946, .areaId = 0, .prop = 557850852, .status = AVAILABLE, .value = {.int32Values = [1]{0}, .floatValues = [0]{}, .int64Values = [0]{}, .bytes = [0]{}, .stringValue = ""}}
12-30 10:50:16.859   398   464 D DiagPropHandler: is not DiagnosticConfig: 0x214020e4
12-30 10:50:16.859   398   464 I VehiclePropertyStore: begin to write value to Store: {.timestamp = 7952681150946, .areaId = 0, .prop = 557850852, .status = AVAILABLE, .value = {.int32Values = [1]{0}, .floatValues = [0]{}, .int64Values = [0]{}, .bytes = [0]{}, .stringValue = ""}}
12-30 10:50:16.859   398   464 D adayocomadapter-CommunicationManager: onUpstreamReceive mPropertyId 0x214020e4
12-30 10:50:16.859   360   931 D EvsDriver: forwardFrame
12-30 10:50:16.860   360   931 D EvsDriver: forwardFrameDirect
12-30 10:50:16.860   360   931 D EvsDriver: Delivered 0xb400e2ca9e40c2d0 as id 0
12-30 10:50:16.860   359  2784 D evsmanagerd: /dev/video-evs0 forwarded the buffer #0 to 0xb400f125d2b26dd0 from 0xb400f125e2b20710
12-30 10:50:16.863   360   458 D EvsDriver: doneWithFrame
12-30 10:50:16.876   650   729 D fgemcucomm: sd Uart data : 6AA602F835000292023B
12-30 10:50:16.876   650   729 D fgemcucomm: rev uart=65720,len=14, data : 6AA681F83500069202000B0000AD
12-30 10:50:16.877   398  2883 D adayocomadapter-ParseProtocolFunc: printRaWMsg Name[MCUToUPstream recv] len[6] data[9202000B0000]
12-30 10:50:16.877   398  2883 D adayocomadapter-CommunicationManager: onUpstreamback   member[0] dataLength[3] timePoint[7952698]
12-30 10:50:16.877   398  2883 D adayocomadapter-ParseProtocolFunc: printRaWMsg Name[onUpstreamback] len[3] data[0B0000]
12-30 10:50:16.877   398   464 D adayocomadapter-UpstreamHandler: processBeforePacket upSreamtProcessTimePoint[7952699] 
12-30 10:50:16.877   398   464 D adayocomadapter-UpstreamHandler: processPacket UPSTREAM_QUEUE_DATA_TIMEOUT
12-30 10:50:16.877   398   464 D adayocomadapter-ParseProtocolFunc: parseCommonIPCLBytes Processing tableNumber[11]
12-30 10:50:16.877   398   464 D adayocomadapter-ParseProtocolFunc: parseCommonIPCLBytes Processing tablename[Table-11] tableSize[3]
12-30 10:50:16.877   398   464 D adayocomadapter-ParseProtocolFunc: printRaWMsg Name[byteStream recv] len[3] data[0B0000]
12-30 10:50:16.877   398   464 D adayocomadapter-ParseProtocolFunc: printRaWMsg Name[IPCLtoVHAL] len[7] data[2140200B000000]
12-30 10:50:16.877   398   464 D adayocomadapter-CommunicationManager: onUpstreamReceive mPropertyId 0x2140200b
12-30 10:50:16.877   398   464 D adayocomadapter-CommunicationManager: convertBytesToInt32Memcpy  0
12-30 10:50:16.877   596  3076 E WifiHAL : Invalid data received from driver
12-30 10:50:16.877   398   464 I vw-vhal : notifyVehicleProperty, propId = 0x2140200b, data = {status: 2, int32Values: [0]}
12-30 10:50:16.877   398   464 I vw-vhal : CanSignalsAdapter::notifyVehicleProperty: solvedValue = {.timestamp = 7952699289946, .areaId = 0, .prop = 557850635, .status = AVAILABLE, .value = {.int32Values = [1]{0}, .floatValues = [0]{}, .int64Values = [0]{}, .bytes = [0]{}, .stringValue = ""}}
12-30 10:50:16.877   398   464 I VehiclePropertyStore: begin to write value to Store: {.timestamp = 7952699289946, .areaId = 0, .prop = 557850635, .status = AVAILABLE, .value = {.int32Values = [1]{0}, .floatValues = [0]{}, .int64Values = [0]{}, .bytes = [0]{}, .stringValue = ""}}
12-30 10:50:16.877   398   464 I DefaultVehicleHal_v2_0: DefaultVehicleHal::onPropertyValue, value:{.timestamp = 7952699289946, .areaId = 0, .prop = 557850635, .status = AVAILABLE, .value = {.int32Values = [1]{0}, .floatValues = [0]{}, .int64Values = [0]{}, .bytes = [0]{}, .stringValue = ""}}
12-30 10:50:16.877   398   464 D DiagPropHandler: is not DiagnosticConfig: 0x2140200b
12-30 10:50:16.877   398   464 I VehiclePropertyStore: begin to write value to Store: {.timestamp = 7952699289946, .areaId = 0, .prop = 557850635, .status = AVAILABLE, .value = {.int32Values = [1]{0}, .floatValues = [0]{}, .int64Values = [0]{}, .bytes = [0]{}, .stringValue = ""}}
12-30 10:50:16.877   398   464 D adayocomadapter-CommunicationManager: onUpstreamReceive mPropertyId 0x2140200b
12-30 10:50:16.877  2358  2623 D RcfController: Rcf proxy is not connected!
12-30 10:50:16.893   360   931 D EvsDriver: forwardFrame
12-30 10:50:16.893   360   931 D EvsDriver: forwardFrameDirect
12-30 10:50:16.893   360   931 D EvsDriver: Delivered 0xb400e2ca9e40d090 as id 1
12-30 10:50:16.893   359  2784 D evsmanagerd: /dev/video-evs0 forwarded the buffer #1 to 0xb400f125d2b26dd0 from 0xb400f125e2b20710
12-30 10:50:16.904   360   458 D EvsDriver: doneWithFrame
12-30 10:50:16.926   360   931 D EvsDriver: forwardFrame
12-30 10:50:16.926   360   931 D EvsDriver: forwardFrameDirect
12-30 10:50:16.926   360   931 D EvsDriver: Delivered 0xb400e2ca9e40e110 as id 0
12-30 10:50:16.926   359  2784 D evsmanagerd: /dev/video-evs0 forwarded the buffer #0 to 0xb400f125d2b26dd0 from 0xb400f125e2b20710
12-30 10:50:16.927   650   729 D fgemcucomm: sd Uart data : 6AA602F836000292023A
12-30 10:50:16.927   650   729 D fgemcucomm: rev uart=65721,len=19, data : 6AA681F836000B9202000F00000000000000A3
12-30 10:50:16.927   398  2883 D adayocomadapter-ParseProtocolFunc: printRaWMsg Name[MCUToUPstream recv] len[11] data[9202000F00000000000000]
12-30 10:50:16.927   398  2883 D adayocomadapter-CommunicationManager: onUpstreamback   member[0] dataLength[8] timePoint[7952749]
12-30 10:50:16.927   398  2883 D adayocomadapter-ParseProtocolFunc: printRaWMsg Name[onUpstreamback] len[8] data[0F00000000000000]
12-30 10:50:16.927   398   464 D adayocomadapter-UpstreamHandler: processBeforePacket upSreamtProcessTimePoint[7952749] 
12-30 10:50:16.927   398   464 D adayocomadapter-UpstreamHandler: processPacket UPSTREAM_QUEUE_DATA_TIMEOUT
12-30 10:50:16.927   398   464 D adayocomadapter-ParseProtocolFunc: parseCommonIPCLBytes Processing tableNumber[15]
12-30 10:50:16.927   398   464 D adayocomadapter-ParseProtocolFunc: parseCommonIPCLBytes Processing tablename[Table-15] tableSize[8]
12-30 10:50:16.927   398   464 D adayocomadapter-ParseProtocolFunc: printRaWMsg Name[byteStream recv] len[8] data[0F00000000000000]
12-30 10:50:16.927   398   464 D adayocomadapter-ParseProtocolFunc: printRaWMsg Name[IPCLtoVHAL] len[6] data[214020F30000]
12-30 10:50:16.927   398   464 D adayocomadapter-ParseProtocolFunc: printRaWMsg Name[IPCLtoVHAL] len[6] data[214020F40000]
12-30 10:50:16.927   398   464 D adayocomadapter-ParseProtocolFunc: printRaWMsg Name[IPCLtoVHAL] len[6] data[214020F50000]
12-30 10:50:16.927   398   464 D adayocomadapter-ParseProtocolFunc: printRaWMsg Name[IPCLtoVHAL] len[6] data[214020F60000]
12-30 10:50:16.927   398   464 D adayocomadapter-ParseProtocolFunc: printRaWMsg Name[IPCLtoVHAL] len[6] data[214020F70000]
12-30 10:50:16.927   398   464 D adayocomadapter-ParseProtocolFunc: printRaWMsg Name[IPCLtoVHAL] len[6] data[214020F80000]
12-30 10:50:16.927   398   464 D adayocomadapter-ParseProtocolFunc: printRaWMsg Name[IPCLtoVHAL] len[6] data[214020F90000]
12-30 10:50:16.927   398   464 D adayocomadapter-CommunicationManager: onUpstreamReceive mPropertyId 0x214020f3
12-30 10:50:16.927   398   464 D adayocomadapter-CommunicationManager: convertBytesToInt32Memcpy  0
12-30 10:50:16.927   398   464 I vw-vhal : notifyVehicleProperty, propId = 0x214020f3, data = {status: 2, int32Values: [0]}
