12-30 10:50:17.890   398   464 I DefaultVehicleHal_v2_0: DefaultVehicleHal::onPropertyValue, value:{.timestamp = 7953711899612, .areaId = 0, .prop = 557850943, .status = AVAILABLE, .value = {.int32Values = [1]{0}, .floatValues = [0]{}, .int64Values = [0]{}, .bytes = [0]{}, .stringValue = ""}}
12-30 10:50:17.890   398   464 D DiagPropHandler: is not DiagnosticConfig: 0x2140213f
12-30 10:50:17.890   398   464 I VehiclePropertyStore: begin to write value to Store: {.timestamp = 7953711899612, .areaId = 0, .prop = 557850943, .status = AVAILABLE, .value = {.int32Values = [1]{0}, .floatValues = [0]{}, .int64Values = [0]{}, .bytes = [0]{}, .stringValue = ""}}
12-30 10:50:17.890   398   464 D adayocomadapter-CommunicationManager: onUpstreamReceive mPropertyId 0x2140213f
12-30 10:50:17.890   398   464 D adayocomadapter-CommunicationManager: onUpstreamReceive mPropertyId 0x21402140
12-30 10:50:17.890   398   464 D adayocomadapter-CommunicationManager: convertBytesToInt32Memcpy  0
12-30 10:50:17.890   398   464 I vw-vhal : notifyVehicleProperty, propId = 0x21402140, data = {status: 2, int32Values: [0]}
12-30 10:50:17.890   398   464 I vw-vhal : CanSignalsAdapter::notifyVehicleProperty: solvedValue = {.timestamp = 7953712188279, .areaId = 0, .prop = 557850944, .status = AVAILABLE, .value = {.int32Values = [1]{0}, .floatValues = [0]{}, .int64Values = [0]{}, .bytes = [0]{}, .stringValue = ""}}
12-30 10:50:17.890   398   464 I VehiclePropertyStore: begin to write value to Store: {.timestamp = 7953712188279, .areaId = 0, .prop = 557850944, .status = AVAILABLE, .value = {.int32Values = [1]{0}, .floatValues = [0]{}, .int64Values = [0]{}, .bytes = [0]{}, .stringValue = ""}}
12-30 10:50:17.890   398   464 I DefaultVehicleHal_v2_0: DefaultVehicleHal::onPropertyValue, value:{.timestamp = 7953712188279, .areaId = 0, .prop = 557850944, .status = AVAILABLE, .value = {.int32Values = [1]{0}, .floatValues = [0]{}, .int64Values = [0]{}, .bytes = [0]{}, .stringValue = ""}}
12-30 10:50:17.890   398   464 D DiagPropHandler: is not DiagnosticConfig: 0x21402140
12-30 10:50:17.890   398   464 I VehiclePropertyStore: begin to write value to Store: {.timestamp = 7953712188279, .areaId = 0, .prop = 557850944, .status = AVAILABLE, .value = {.int32Values = [1]{0}, .floatValues = [0]{}, .int64Values = [0]{}, .bytes = [0]{}, .stringValue = ""}}
12-30 10:50:17.890   398   464 D adayocomadapter-CommunicationManager: onUpstreamReceive mPropertyId 0x21402140
12-30 10:50:17.890   398   464 D adayocomadapter-CommunicationManager: onUpstreamReceive mPropertyId 0x214021ca
12-30 10:50:17.890   398   464 D adayocomadapter-CommunicationManager: convertBytesToInt32Memcpy  0
12-30 10:50:17.890   398   464 I vw-vhal : notifyVehicleProperty, propId = 0x214021ca, data = {status: 2, int32Values: [0]}
12-30 10:50:17.890   398   464 I vw-vhal : CanSignalsAdapter::notifyVehicleProperty: solvedValue = {.timestamp = 7953712402279, .areaId = 0, .prop = 557851082, .status = AVAILABLE, .value = {.int32Values = [1]{0}, .floatValues = [0]{}, .int64Values = [0]{}, .bytes = [0]{}, .stringValue = ""}}
12-30 10:50:17.890   398   464 I VehiclePropertyStore: begin to write value to Store: {.timestamp = 7953712402279, .areaId = 0, .prop = 557851082, .status = AVAILABLE, .value = {.int32Values = [1]{0}, .floatValues = [0]{}, .int64Values = [0]{}, .bytes = [0]{}, .stringValue = ""}}
12-30 10:50:17.890   398   464 I DefaultVehicleHal_v2_0: DefaultVehicleHal::onPropertyValue, value:{.timestamp = 7953712402279, .areaId = 0, .prop = 557851082, .status = AVAILABLE, .value = {.int32Values = [1]{0}, .floatValues = [0]{}, .int64Values = [0]{}, .bytes = [0]{}, .stringValue = ""}}
12-30 10:50:17.890   398   464 D DiagPropHandler: is not DiagnosticConfig: 0x214021ca
12-30 10:50:17.890   398   464 I VehiclePropertyStore: begin to write value to Store: {.timestamp = 7953712402279, .areaId = 0, .prop = 557851082, .status = AVAILABLE, .value = {.int32Values = [1]{0}, .floatValues = [0]{}, .int64Values = [0]{}, .bytes = [0]{}, .stringValue = ""}}
12-30 10:50:17.890   398   464 D adayocomadapter-CommunicationManager: onUpstreamReceive mPropertyId 0x214021ca
12-30 10:50:17.890   398   464 D adayocomadapter-CommunicationManager: onUpstreamReceive mPropertyId 0x2140214b
12-30 10:50:17.890   398   464 D adayocomadapter-CommunicationManager: convertBytesToInt32Memcpy  0
12-30 10:50:17.890   398   464 I vw-vhal : notifyVehicleProperty, propId = 0x2140214b, data = {status: 2, int32Values: [0]}
12-30 10:50:17.890   398   464 I vw-vhal : CanSignalsAdapter::notifyVehicleProperty: solvedValue = {.timestamp = 7953712617946, .areaId = 0, .prop = 557850955, .status = AVAILABLE, .value = {.int32Values = [1]{0}, .floatValues = [0]{}, .int64Values = [0]{}, .bytes = [0]{}, .stringValue = ""}}
12-30 10:50:17.890   398   464 I VehiclePropertyStore: begin to write value to Store: {.timestamp = 7953712617946, .areaId = 0, .prop = 557850955, .status = AVAILABLE, .value = {.int32Values = [1]{0}, .floatValues = [0]{}, .int64Values = [0]{}, .bytes = [0]{}, .stringValue = ""}}
12-30 10:50:17.890   398   464 I DefaultVehicleHal_v2_0: DefaultVehicleHal::onPropertyValue, value:{.timestamp = 7953712617946, .areaId = 0, .prop = 557850955, .status = AVAILABLE, .value = {.int32Values = [1]{0}, .floatValues = [0]{}, .int64Values = [0]{}, .bytes = [0]{}, .stringValue = ""}}
12-30 10:50:17.890   398   464 D DiagPropHandler: is not DiagnosticConfig: 0x2140214b
12-30 10:50:17.890   398   464 I VehiclePropertyStore: begin to write value to Store: {.timestamp = 7953712617946, .areaId = 0, .prop = 557850955, .status = AVAILABLE, .value = {.int32Values = [1]{0}, .floatValues = [0]{}, .int64Values = [0]{}, .bytes = [0]{}, .stringValue = ""}}
12-30 10:50:17.890   398   464 D adayocomadapter-CommunicationManager: onUpstreamReceive mPropertyId 0x2140214b
12-30 10:50:17.890   398   464 D adayocomadapter-CommunicationManager: onUpstreamReceive mPropertyId 0x21402141
12-30 10:50:17.890   398   464 D adayocomadapter-CommunicationManager: convertBytesToInt32Memcpy  0
12-30 10:50:17.890   398   464 I vw-vhal : notifyVehicleProperty, propId = 0x21402141, data = {status: 2, int32Values: [0]}
12-30 10:50:17.890   398   464 I vw-vhal : CanSignalsAdapter::notifyVehicleProperty: solvedValue = {.timestamp = 7953712821279, .areaId = 0, .prop = 557850945, .status = AVAILABLE, .value = {.int32Values = [1]{0}, .floatValues = [0]{}, .int64Values = [0]{}, .bytes = [0]{}, .stringValue = ""}}
12-30 10:50:17.891   398   464 I VehiclePropertyStore: begin to write value to Store: {.timestamp = 7953712821279, .areaId = 0, .prop = 557850945, .status = AVAILABLE, .value = {.int32Values = [1]{0}, .floatValues = [0]{}, .int64Values = [0]{}, .bytes = [0]{}, .stringValue = ""}}
12-30 10:50:17.891   398   464 I DefaultVehicleHal_v2_0: DefaultVehicleHal::onPropertyValue, value:{.timestamp = 7953712821279, .areaId = 0, .prop = 557850945, .status = AVAILABLE, .value = {.int32Values = [1]{0}, .floatValues = [0]{}, .int64Values = [0]{}, .bytes = [0]{}, .stringValue = ""}}
12-30 10:50:17.891   398   464 D DiagPropHandler: is not DiagnosticConfig: 0x21402141
12-30 10:50:17.891   398   464 I VehiclePropertyStore: begin to write value to Store: {.timestamp = 7953712821279, .areaId = 0, .prop = 557850945, .status = AVAILABLE, .value = {.int32Values = [1]{0}, .floatValues = [0]{}, .int64Values = [0]{}, .bytes = [0]{}, .stringValue = ""}}
12-30 10:50:17.891   398   464 D adayocomadapter-CommunicationManager: onUpstreamReceive mPropertyId 0x21402141
12-30 10:50:17.891   398   464 D adayocomadapter-CommunicationManager: onUpstreamReceive mPropertyId 0x21402142
12-30 10:50:17.891   398   464 D adayocomadapter-CommunicationManager: convertBytesToInt32Memcpy  0
12-30 10:50:17.891   398   464 I vw-vhal : notifyVehicleProperty, propId = 0x21402142, data = {status: 2, int32Values: [0]}
12-30 10:50:17.891   398   464 I vw-vhal : CanSignalsAdapter::notifyVehicleProperty: solvedValue = {.timestamp = 7953713017279, .areaId = 0, .prop = 557850946, .status = AVAILABLE, .value = {.int32Values = [1]{0}, .floatValues = [0]{}, .int64Values = [0]{}, .bytes = [0]{}, .stringValue = ""}}
12-30 10:50:17.891   398   464 I VehiclePropertyStore: begin to write value to Store: {.timestamp = 7953713017279, .areaId = 0, .prop = 557850946, .status = AVAILABLE, .value = {.int32Values = [1]{0}, .floatValues = [0]{}, .int64Values = [0]{}, .bytes = [0]{}, .stringValue = ""}}
12-30 10:50:17.891   398   464 I DefaultVehicleHal_v2_0: DefaultVehicleHal::onPropertyValue, value:{.timestamp = 7953713017279, .areaId = 0, .prop = 557850946, .status = AVAILABLE, .value = {.int32Values = [1]{0}, .floatValues = [0]{}, .int64Values = [0]{}, .bytes = [0]{}, .stringValue = ""}}
12-30 10:50:17.891   398   464 D DiagPropHandler: is not DiagnosticConfig: 0x21402142
12-30 10:50:17.891   398   464 I VehiclePropertyStore: begin to write value to Store: {.timestamp = 7953713017279, .areaId = 0, .prop = 557850946, .status = AVAILABLE, .value = {.int32Values = [1]{0}, .floatValues = [0]{}, .int64Values = [0]{}, .bytes = [0]{}, .stringValue = ""}}
12-30 10:50:17.891   398   464 D adayocomadapter-CommunicationManager: onUpstreamReceive mPropertyId 0x21402142
12-30 10:50:17.891   398   464 D adayocomadapter-CommunicationManager: onUpstreamReceive mPropertyId 0x2140214d
12-30 10:50:17.891   398   464 D adayocomadapter-CommunicationManager: convertBytesToInt32Memcpy  0
12-30 10:50:17.891   398   464 I vw-vhal : notifyVehicleProperty, propId = 0x2140214d, data = {status: 2, int32Values: [0]}
12-30 10:50:17.891   398   464 I vw-vhal : CanSignalsAdapter::notifyVehicleProperty: solvedValue = {.timestamp = 7953713218612, .areaId = 0, .prop = 557850957, .status = AVAILABLE, .value = {.int32Values = [1]{0}, .floatValues = [0]{}, .int64Values = [0]{}, .bytes = [0]{}, .stringValue = ""}}
12-30 10:50:17.891   398   464 I VehiclePropertyStore: begin to write value to Store: {.timestamp = 7953713218612, .areaId = 0, .prop = 557850957, .status = AVAILABLE, .value = {.int32Values = [1]{0}, .floatValues = [0]{}, .int64Values = [0]{}, .bytes = [0]{}, .stringValue = ""}}
12-30 10:50:17.891   398   464 I DefaultVehicleHal_v2_0: DefaultVehicleHal::onPropertyValue, value:{.timestamp = 7953713218612, .areaId = 0, .prop = 557850957, .status = AVAILABLE, .value = {.int32Values = [1]{0}, .floatValues = [0]{}, .int64Values = [0]{}, .bytes = [0]{}, .stringValue = ""}}
12-30 10:50:17.891   398   464 D DiagPropHandler: is not DiagnosticConfig: 0x2140214d
12-30 10:50:17.891   398   464 I VehiclePropertyStore: begin to write value to Store: {.timestamp = 7953713218612, .areaId = 0, .prop = 557850957, .status = AVAILABLE, .value = {.int32Values = [1]{0}, .floatValues = [0]{}, .int64Values = [0]{}, .bytes = [0]{}, .stringValue = ""}}
12-30 10:50:17.891   398   464 D adayocomadapter-CommunicationManager: onUpstreamReceive mPropertyId 0x2140214d
12-30 10:50:17.891   398   464 D adayocomadapter-CommunicationManager: onUpstreamReceive mPropertyId 0x214021d7
12-30 10:50:17.891   398   464 D adayocomadapter-CommunicationManager: convertBytesToInt32Memcpy  0
12-30 10:50:17.891   398   464 I vw-vhal : notifyVehicleProperty, propId = 0x214021d7, data = {status: 2, int32Values: [0]}
12-30 10:50:17.891   398   464 I vw-vhal : CanSignalsAdapter::notifyVehicleProperty: solvedValue = {.timestamp = 7953713414612, .areaId = 0, .prop = 557851095, .status = AVAILABLE, .value = {.int32Values = [1]{0}, .floatValues = [0]{}, .int64Values = [0]{}, .bytes = [0]{}, .stringValue = ""}}
12-30 10:50:17.891   398   464 I VehiclePropertyStore: begin to write value to Store: {.timestamp = 7953713414612, .areaId = 0, .prop = 557851095, .status = AVAILABLE, .value = {.int32Values = [1]{0}, .floatValues = [0]{}, .int64Values = [0]{}, .bytes = [0]{}, .stringValue = ""}}
12-30 10:50:17.891   398   464 I DefaultVehicleHal_v2_0: DefaultVehicleHal::onPropertyValue, value:{.timestamp = 7953713414612, .areaId = 0, .prop = 557851095, .status = AVAILABLE, .value = {.int32Values = [1]{0}, .floatValues = [0]{}, .int64Values = [0]{}, .bytes = [0]{}, .stringValue = ""}}
12-30 10:50:17.891   398   464 D DiagPropHandler: is not DiagnosticConfig: 0x214021d7
12-30 10:50:17.891   398   464 I VehiclePropertyStore: begin to write value to Store: {.timestamp = 7953713414612, .areaId = 0, .prop = 557851095, .status = AVAILABLE, .value = {.int32Values = [1]{0}, .floatValues = [0]{}, .int64Values = [0]{}, .bytes = [0]{}, .stringValue = ""}}
12-30 10:50:17.891   398   464 D adayocomadapter-CommunicationManager: onUpstreamReceive mPropertyId 0x214021d7
12-30 10:50:17.891   398   464 D adayocomadapter-CommunicationManager: onUpstreamReceive mPropertyId 0x21402143
12-30 10:50:17.891   398   464 D adayocomadapter-CommunicationManager: convertBytesToInt32Memcpy  0
12-30 10:50:17.891   398   464 I vw-vhal : notifyVehicleProperty, propId = 0x21402143, data = {status: 2, int32Values: [0]}
12-30 10:50:17.891   398   464 I vw-vhal : CanSignalsAdapter::notifyVehicleProperty: solvedValue = {.timestamp = 7953713609279, .areaId = 0, .prop = 557850947, .status = AVAILABLE, .value = {.int32Values = [1]{0}, .floatValues = [0]{}, .int64Values = [0]{}, .bytes = [0]{}, .stringValue = ""}}
12-30 10:50:17.891   398   464 I VehiclePropertyStore: begin to write value to Store: {.timestamp = 7953713609279, .areaId = 0, .prop = 557850947, .status = AVAILABLE, .value = {.int32Values = [1]{0}, .floatValues = [0]{}, .int64Values = [0]{}, .bytes = [0]{}, .stringValue = ""}}
12-30 10:50:17.891   398   464 I DefaultVehicleHal_v2_0: DefaultVehicleHal::onPropertyValue, value:{.timestamp = 7953713609279, .areaId = 0, .prop = 557850947, .status = AVAILABLE, .value = {.int32Values = [1]{0}, .floatValues = [0]{}, .int64Values = [0]{}, .bytes = [0]{}, .stringValue = ""}}
12-30 10:50:17.891   398   464 D DiagPropHandler: is not DiagnosticConfig: 0x21402143
12-30 10:50:17.891   398   464 I VehiclePropertyStore: begin to write value to Store: {.timestamp = 7953713609279, .areaId = 0, .prop = 557850947, .status = AVAILABLE, .value = {.int32Values = [1]{0}, .floatValues = [0]{}, .int64Values = [0]{}, .bytes = [0]{}, .stringValue = ""}}
12-30 10:50:17.891   398   464 D adayocomadapter-CommunicationManager: onUpstreamReceive mPropertyId 0x21402143
12-30 10:50:17.891   398   464 D adayocomadapter-CommunicationManager: onUpstreamReceive mPropertyId 0x21402146
12-30 10:50:17.891   398   464 D adayocomadapter-CommunicationManager: convertBytesToInt32Memcpy  0
12-30 10:50:17.891   398   464 I vw-vhal : notifyVehicleProperty, propId = 0x21402146, data = {status: 2, int32Values: [0]}
12-30 10:50:17.891   398   464 I vw-vhal : CanSignalsAdapter::notifyVehicleProperty: solvedValue = {.timestamp = 7953713810612, .areaId = 0, .prop = 557850950, .status = AVAILABLE, .value = {.int32Values = [1]{0}, .floatValues = [0]{}, .int64Values = [0]{}, .bytes = [0]{}, .stringValue = ""}}
12-30 10:50:17.891   398   464 I VehiclePropertyStore: begin to write value to Store: {.timestamp = 7953713810612, .areaId = 0, .prop = 557850950, .status = AVAILABLE, .value = {.int32Values = [1]{0}, .floatValues = [0]{}, .int64Values = [0]{}, .bytes = [0]{}, .stringValue = ""}}
12-30 10:50:17.892   398   464 I DefaultVehicleHal_v2_0: DefaultVehicleHal::onPropertyValue, value:{.timestamp = 7953713810612, .areaId = 0, .prop = 557850950, .status = AVAILABLE, .value = {.int32Values = [1]{0}, .floatValues = [0]{}, .int64Values = [0]{}, .bytes = [0]{}, .stringValue = ""}}
12-30 10:50:17.892   398   464 D DiagPropHandler: is not DiagnosticConfig: 0x21402146
12-30 10:50:17.892   398   464 I VehiclePropertyStore: begin to write value to Store: {.timestamp = 7953713810612, .areaId = 0, .prop = 557850950, .status = AVAILABLE, .value = {.int32Values = [1]{0}, .floatValues = [0]{}, .int64Values = [0]{}, .bytes = [0]{}, .stringValue = ""}}
12-30 10:50:17.892   398   464 D adayocomadapter-CommunicationManager: onUpstreamReceive mPropertyId 0x21402146
12-30 10:50:17.892   398   464 D adayocomadapter-CommunicationManager: onUpstreamReceive mPropertyId 0x21402147
12-30 10:50:17.892   398   464 D adayocomadapter-CommunicationManager: convertBytesToInt32Memcpy  0
12-30 10:50:17.892   398   464 I vw-vhal : notifyVehicleProperty, propId = 0x21402147, data = {status: 2, int32Values: [0]}
12-30 10:50:17.892   398   464 I vw-vhal : CanSignalsAdapter::notifyVehicleProperty: solvedValue = {.timestamp = 7953714009612, .areaId = 0, .prop = 557850951, .status = AVAILABLE, .value = {.int32Values = [1]{0}, .floatValues = [0]{}, .int64Values = [0]{}, .bytes = [0]{}, .stringValue = ""}}
12-30 10:50:17.892   398   464 I VehiclePropertyStore: begin to write value to Store: {.timestamp = 7953714009612, .areaId = 0, .prop = 557850951, .status = AVAILABLE, .value = {.int32Values = [1]{0}, .floatValues = [0]{}, .int64Values = [0]{}, .bytes = [0]{}, .stringValue = ""}}
12-30 10:50:17.892   398   464 I DefaultVehicleHal_v2_0: DefaultVehicleHal::onPropertyValue, value:{.timestamp = 7953714009612, .areaId = 0, .prop = 557850951, .status = AVAILABLE, .value = {.int32Values = [1]{0}, .floatValues = [0]{}, .int64Values = [0]{}, .bytes = [0]{}, .stringValue = ""}}
12-30 10:50:17.892   398   464 D DiagPropHandler: is not DiagnosticConfig: 0x21402147
12-30 10:50:17.892   398   464 I VehiclePropertyStore: begin to write value to Store: {.timestamp = 7953714009612, .areaId = 0, .prop = 557850951, .status = AVAILABLE, .value = {.int32Values = [1]{0}, .floatValues = [0]{}, .int64Values = [0]{}, .bytes = [0]{}, .stringValue = ""}}
12-30 10:50:17.892   398   464 D adayocomadapter-CommunicationManager: onUpstreamReceive mPropertyId 0x21402147
12-30 10:50:17.892   398   464 D adayocomadapter-CommunicationManager: onUpstreamReceive mPropertyId 0x21402148
12-30 10:50:17.892   398   464 D adayocomadapter-CommunicationManager: convertBytesToInt32Memcpy  0
12-30 10:50:17.892   398   464 I vw-vhal : notifyVehicleProperty, propId = 0x21402148, data = {status: 2, int32Values: [0]}
12-30 10:50:17.892   398   464 I vw-vhal : CanSignalsAdapter::notifyVehicleProperty: solvedValue = {.timestamp = 7953714203279, .areaId = 0, .prop = 557850952, .status = AVAILABLE, .value = {.int32Values = [1]{0}, .floatValues = [0]{}, .int64Values = [0]{}, .bytes = [0]{}, .stringValue = ""}}
12-30 10:50:17.892   398   464 I VehiclePropertyStore: begin to write value to Store: {.timestamp = 7953714203279, .areaId = 0, .prop = 557850952, .status = AVAILABLE, .value = {.int32Values = [1]{0}, .floatValues = [0]{}, .int64Values = [0]{}, .bytes = [0]{}, .stringValue = ""}}
12-30 10:50:17.892   398   464 I DefaultVehicleHal_v2_0: DefaultVehicleHal::onPropertyValue, value:{.timestamp = 7953714203279, .areaId = 0, .prop = 557850952, .status = AVAILABLE, .value = {.int32Values = [1]{0}, .floatValues = [0]{}, .int64Values = [0]{}, .bytes = [0]{}, .stringValue = ""}}
12-30 10:50:17.892   398   464 D DiagPropHandler: is not DiagnosticConfig: 0x21402148
12-30 10:50:17.892   398   464 I VehiclePropertyStore: begin to write value to Store: {.timestamp = 7953714203279, .areaId = 0, .prop = 557850952, .status = AVAILABLE, .value = {.int32Values = [1]{0}, .floatValues = [0]{}, .int64Values = [0]{}, .bytes = [0]{}, .stringValue = ""}}
12-30 10:50:17.892   398   464 D adayocomadapter-CommunicationManager: onUpstreamReceive mPropertyId 0x21402148
12-30 10:50:17.892   398   464 D adayocomadapter-CommunicationManager: onUpstreamReceive mPropertyId 0x21402149
12-30 10:50:17.892   398   464 D adayocomadapter-CommunicationManager: convertBytesToInt32Memcpy  0
12-30 10:50:17.892   398   464 I vw-vhal : notifyVehicleProperty, propId = 0x21402149, data = {status: 2, int32Values: [0]}
12-30 10:50:17.892   398   464 I vw-vhal : CanSignalsAdapter::notifyVehicleProperty: solvedValue = {.timestamp = 7953714395279, .areaId = 0, .prop = 557850953, .status = AVAILABLE, .value = {.int32Values = [1]{0}, .floatValues = [0]{}, .int64Values = [0]{}, .bytes = [0]{}, .stringValue = ""}}
12-30 10:50:17.892   398   464 I VehiclePropertyStore: begin to write value to Store: {.timestamp = 7953714395279, .areaId = 0, .prop = 557850953, .status = AVAILABLE, .value = {.int32Values = [1]{0}, .floatValues = [0]{}, .int64Values = [0]{}, .bytes = [0]{}, .stringValue = ""}}
12-30 10:50:17.892   398   464 I DefaultVehicleHal_v2_0: DefaultVehicleHal::onPropertyValue, value:{.timestamp = 7953714395279, .areaId = 0, .prop = 557850953, .status = AVAILABLE, .value = {.int32Values = [1]{0}, .floatValues = [0]{}, .int64Values = [0]{}, .bytes = [0]{}, .stringValue = ""}}
12-30 10:50:17.892   398   464 D DiagPropHandler: is not DiagnosticConfig: 0x21402149
12-30 10:50:17.892   398   464 I VehiclePropertyStore: begin to write value to Store: {.timestamp = 7953714395279, .areaId = 0, .prop = 557850953, .status = AVAILABLE, .value = {.int32Values = [1]{0}, .floatValues = [0]{}, .int64Values = [0]{}, .bytes = [0]{}, .stringValue = ""}}
12-30 10:50:17.892   398   464 D adayocomadapter-CommunicationManager: onUpstreamReceive mPropertyId 0x21402149
12-30 10:50:17.892   398   464 D adayocomadapter-CommunicationManager: onUpstreamReceive mPropertyId 0x2140214f
12-30 10:50:17.892   398   464 D adayocomadapter-CommunicationManager: convertBytesToInt32Memcpy  0
12-30 10:50:17.892   398   464 I vw-vhal : notifyVehicleProperty, propId = 0x2140214f, data = {status: 2, int32Values: [0]}
12-30 10:50:17.892   398   464 I vw-vhal : CanSignalsAdapter::notifyVehicleProperty: solvedValue = {.timestamp = 7953714592612, .areaId = 0, .prop = 557850959, .status = AVAILABLE, .value = {.int32Values = [1]{0}, .floatValues = [0]{}, .int64Values = [0]{}, .bytes = [0]{}, .stringValue = ""}}
12-30 10:50:17.892   398   464 I VehiclePropertyStore: begin to write value to Store: {.timestamp = 7953714592612, .areaId = 0, .prop = 557850959, .status = AVAILABLE, .value = {.int32Values = [1]{0}, .floatValues = [0]{}, .int64Values = [0]{}, .bytes = [0]{}, .stringValue = ""}}
12-30 10:50:17.892   398   464 I DefaultVehicleHal_v2_0: DefaultVehicleHal::onPropertyValue, value:{.timestamp = 7953714592612, .areaId = 0, .prop = 557850959, .status = AVAILABLE, .value = {.int32Values = [1]{0}, .floatValues = [0]{}, .int64Values = [0]{}, .bytes = [0]{}, .stringValue = ""}}
12-30 10:50:17.892   398   464 D DiagPropHandler: is not DiagnosticConfig: 0x2140214f
12-30 10:50:17.892   398   464 I VehiclePropertyStore: begin to write value to Store: {.timestamp = 7953714592612, .areaId = 0, .prop = 557850959, .status = AVAILABLE, .value = {.int32Values = [1]{0}, .floatValues = [0]{}, .int64Values = [0]{}, .bytes = [0]{}, .stringValue = ""}}
12-30 10:50:17.892   398   464 D adayocomadapter-CommunicationManager: onUpstreamReceive mPropertyId 0x2140214f
12-30 10:50:17.892   398   464 D adayocomadapter-CommunicationManager: onUpstreamReceive mPropertyId 0x21402150
12-30 10:50:17.892   398   464 D adayocomadapter-CommunicationManager: convertBytesToInt32Memcpy  0
12-30 10:50:17.892   398   464 I vw-vhal : notifyVehicleProperty, propId = 0x21402150, data = {status: 2, int32Values: [0]}
12-30 10:50:17.892   398   464 I vw-vhal : CanSignalsAdapter::notifyVehicleProperty: solvedValue = {.timestamp = 7953714785946, .areaId = 0, .prop = 557850960, .status = AVAILABLE, .value = {.int32Values = [1]{0}, .floatValues = [0]{}, .int64Values = [0]{}, .bytes = [0]{}, .stringValue = ""}}
12-30 10:50:17.892   398   464 I VehiclePropertyStore: begin to write value to Store: {.timestamp = 7953714785946, .areaId = 0, .prop = 557850960, .status = AVAILABLE, .value = {.int32Values = [1]{0}, .floatValues = [0]{}, .int64Values = [0]{}, .bytes = [0]{}, .stringValue = ""}}
12-30 10:50:17.892   398   464 I DefaultVehicleHal_v2_0: DefaultVehicleHal::onPropertyValue, value:{.timestamp = 7953714785946, .areaId = 0, .prop = 557850960, .status = AVAILABLE, .value = {.int32Values = [1]{0}, .floatValues = [0]{}, .int64Values = [0]{}, .bytes = [0]{}, .stringValue = ""}}
12-30 10:50:17.893   398   464 D DiagPropHandler: is not DiagnosticConfig: 0x21402150
12-30 10:50:17.893   398   464 I VehiclePropertyStore: begin to write value to Store: {.timestamp = 7953714785946, .areaId = 0, .prop = 557850960, .status = AVAILABLE, .value = {.int32Values = [1]{0}, .floatValues = [0]{}, .int64Values = [0]{}, .bytes = [0]{}, .stringValue = ""}}
12-30 10:50:17.893   398   464 D adayocomadapter-CommunicationManager: onUpstreamReceive mPropertyId 0x21402150
12-30 10:50:17.893   398   464 D adayocomadapter-CommunicationManager: onUpstreamReceive mPropertyId 0x21402144
12-30 10:50:17.893   398   464 I vw-vhal : notifyVehicleProperty, propId = 0x21402144, data = {status: 2, int32Values: [0, 0]}
12-30 10:50:17.893   398   464 D adayocomadapter-CommunicationManager: onUpstreamReceive mPropertyId 0x21402144
12-30 10:50:17.893   398   464 D adayocomadapter-CommunicationManager: onUpstreamReceive mPropertyId 0x21402151
12-30 10:50:17.893   398   464 D adayocomadapter-CommunicationManager: convertBytesToInt32Memcpy  0
12-30 10:50:17.893   398   464 I vw-vhal : notifyVehicleProperty, propId = 0x21402151, data = {status: 2, int32Values: [0]}
12-30 10:50:17.893   398   464 I vw-vhal : CanSignalsAdapter::notifyVehicleProperty: solvedValue = {.timestamp = 7953715029279, .areaId = 0, .prop = 557850961, .status = AVAILABLE, .value = {.int32Values = [1]{0}, .floatValues = [0]{}, .int64Values = [0]{}, .bytes = [0]{}, .stringValue = ""}}
12-30 10:50:17.893   398   464 I VehiclePropertyStore: begin to write value to Store: {.timestamp = 7953715029279, .areaId = 0, .prop = 557850961, .status = AVAILABLE, .value = {.int32Values = [1]{0}, .floatValues = [0]{}, .int64Values = [0]{}, .bytes = [0]{}, .stringValue = ""}}
12-30 10:50:17.893   360   931 D EvsDriver: forwardFrame
12-30 10:50:17.893   398   464 I DefaultVehicleHal_v2_0: DefaultVehicleHal::onPropertyValue, value:{.timestamp = 7953715029279, .areaId = 0, .prop = 557850961, .status = AVAILABLE, .value = {.int32Values = [1]{0}, .floatValues = [0]{}, .int64Values = [0]{}, .bytes = [0]{}, .stringValue = ""}}
12-30 10:50:17.893   398   464 D DiagPropHandler: is not DiagnosticConfig: 0x21402151
12-30 10:50:17.893   398   464 I VehiclePropertyStore: begin to write value to Store: {.timestamp = 7953715029279, .areaId = 0, .prop = 557850961, .status = AVAILABLE, .value = {.int32Values = [1]{0}, .floatValues = [0]{}, .int64Values = [0]{}, .bytes = [0]{}, .stringValue = ""}}
12-30 10:50:17.893   398   464 D adayocomadapter-CommunicationManager: onUpstreamReceive mPropertyId 0x21402151
12-30 10:50:17.893   360   931 D EvsDriver: forwardFrameDirect
12-30 10:50:17.893   398   464 D adayocomadapter-CommunicationManager: onUpstreamReceive mPropertyId 0x21402145
12-30 10:50:17.893   398   464 I vw-vhal : notifyVehicleProperty, propId = 0x21402145, data = {status: 2, int32Values: [0, 0]}
12-30 10:50:17.893   398   464 D adayocomadapter-CommunicationManager: onUpstreamReceive mPropertyId 0x21402145
12-30 10:50:17.893   398   464 D adayocomadapter-CommunicationManager: onUpstreamReceive mPropertyId 0x2140213d
12-30 10:50:17.893   398   464 D adayocomadapter-CommunicationManager: convertBytesToInt32Memcpy  0
12-30 10:50:17.893   398   464 I vw-vhal : notifyVehicleProperty, propId = 0x2140213d, data = {status: 2, int32Values: [0]}
12-30 10:50:17.893   398   464 I vw-vhal : CanSignalsAdapter::notifyVehicleProperty: solvedValue = {.timestamp = 7953715429279, .areaId = 0, .prop = 557850941, .status = AVAILABLE, .value = {.int32Values = [1]{0}, .floatValues = [0]{}, .int64Values = [0]{}, .bytes = [0]{}, .stringValue = ""}}
12-30 10:50:17.893   398   464 I VehiclePropertyStore: begin to write value to Store: {.timestamp = 7953715429279, .areaId = 0, .prop = 557850941, .status = AVAILABLE, .value = {.int32Values = [1]{0}, .floatValues = [0]{}, .int64Values = [0]{}, .bytes = [0]{}, .stringValue = ""}}
12-30 10:50:17.893   398   464 I DefaultVehicleHal_v2_0: DefaultVehicleHal::onPropertyValue, value:{.timestamp = 7953715429279, .areaId = 0, .prop = 557850941, .status = AVAILABLE, .value = {.int32Values = [1]{0}, .floatValues = [0]{}, .int64Values = [0]{}, .bytes = [0]{}, .stringValue = ""}}
12-30 10:50:17.893   398   464 D DiagPropHandler: is not DiagnosticConfig: 0x2140213d
12-30 10:50:17.893   398   464 I VehiclePropertyStore: begin to write value to Store: {.timestamp = 7953715429279, .areaId = 0, .prop = 557850941, .status = AVAILABLE, .value = {.int32Values = [1]{0}, .floatValues = [0]{}, .int64Values = [0]{}, .bytes = [0]{}, .stringValue = ""}}
12-30 10:50:17.893   398   464 D adayocomadapter-CommunicationManager: onUpstreamReceive mPropertyId 0x2140213d
12-30 10:50:17.893   398   464 D adayocomadapter-CommunicationManager: onUpstreamReceive mPropertyId 0x2140213e
12-30 10:50:17.893   398   464 D adayocomadapter-CommunicationManager: convertBytesToInt32Memcpy  0
12-30 10:50:17.893   398   464 I vw-vhal : notifyVehicleProperty, propId = 0x2140213e, data = {status: 2, int32Values: [0]}
12-30 10:50:17.893   398   464 I vw-vhal : CanSignalsAdapter::notifyVehicleProperty: solvedValue = {.timestamp = 7953715627279, .areaId = 0, .prop = 557850942, .status = AVAILABLE, .value = {.int32Values = [1]{0}, .floatValues = [0]{}, .int64Values = [0]{}, .bytes = [0]{}, .stringValue = ""}}
12-30 10:50:17.893   398   464 I VehiclePropertyStore: begin to write value to Store: {.timestamp = 7953715627279, .areaId = 0, .prop = 557850942, .status = AVAILABLE, .value = {.int32Values = [1]{0}, .floatValues = [0]{}, .int64Values = [0]{}, .bytes = [0]{}, .stringValue = ""}}
12-30 10:50:17.893   398   464 I DefaultVehicleHal_v2_0: DefaultVehicleHal::onPropertyValue, value:{.timestamp = 7953715627279, .areaId = 0, .prop = 557850942, .status = AVAILABLE, .value = {.int32Values = [1]{0}, .floatValues = [0]{}, .int64Values = [0]{}, .bytes = [0]{}, .stringValue = ""}}
12-30 10:50:17.893   398   464 D DiagPropHandler: is not DiagnosticConfig: 0x2140213e
12-30 10:50:17.893   359  2784 D evsmanagerd: /dev/video-evs0 forwarded the buffer #1 to 0xb400f125d2b26dd0 from 0xb400f125e2b20710
12-30 10:50:17.893   360   931 D EvsDriver: Delivered 0xb400e2ca9e40d090 as id 1
12-30 10:50:17.894   398   464 I VehiclePropertyStore: begin to write value to Store: {.timestamp = 7953715627279, .areaId = 0, .prop = 557850942, .status = AVAILABLE, .value = {.int32Values = [1]{0}, .floatValues = [0]{}, .int64Values = [0]{}, .bytes = [0]{}, .stringValue = ""}}
12-30 10:50:17.894   398   464 D adayocomadapter-CommunicationManager: onUpstreamReceive mPropertyId 0x2140213e
12-30 10:50:17.894   398   464 D adayocomadapter-CommunicationManager: onUpstreamReceive mPropertyId 0x2140214a
12-30 10:50:17.894   398   464 D adayocomadapter-CommunicationManager: convertBytesToInt32Memcpy  0
12-30 10:50:17.894   398   464 I vw-vhal : notifyVehicleProperty, propId = 0x2140214a, data = {status: 2, int32Values: [0]}
12-30 10:50:17.894   398   464 I vw-vhal : CanSignalsAdapter::notifyVehicleProperty: solvedValue = {.timestamp = 7953715995612, .areaId = 0, .prop = 557850954, .status = AVAILABLE, .value = {.int32Values = [1]{0}, .floatValues = [0]{}, .int64Values = [0]{}, .bytes = [0]{}, .stringValue = ""}}
12-30 10:50:17.894   398   464 I VehiclePropertyStore: begin to write value to Store: {.timestamp = 7953715995612, .areaId = 0, .prop = 557850954, .status = AVAILABLE, .value = {.int32Values = [1]{0}, .floatValues = [0]{}, .int64Values = [0]{}, .bytes = [0]{}, .stringValue = ""}}
12-30 10:50:17.894   398   464 I DefaultVehicleHal_v2_0: DefaultVehicleHal::onPropertyValue, value:{.timestamp = 7953715995612, .areaId = 0, .prop = 557850954, .status = AVAILABLE, .value = {.int32Values = [1]{0}, .floatValues = [0]{}, .int64Values = [0]{}, .bytes = [0]{}, .stringValue = ""}}
12-30 10:50:17.894   398   464 D DiagPropHandler: is not DiagnosticConfig: 0x2140214a
12-30 10:50:17.894   398   464 I VehiclePropertyStore: begin to write value to Store: {.timestamp = 7953715995612, .areaId = 0, .prop = 557850954, .status = AVAILABLE, .value = {.int32Values = [1]{0}, .floatValues = [0]{}, .int64Values = [0]{}, .bytes = [0]{}, .stringValue = ""}}
12-30 10:50:17.894   398   464 D adayocomadapter-CommunicationManager: onUpstreamReceive mPropertyId 0x2140214a
12-30 10:50:17.902   360   458 D EvsDriver: doneWithFrame
12-30 10:50:17.903   596  3076 E WifiHAL : Invalid data received from driver
12-30 10:50:17.916   650   729 D fgemcucomm: sd Uart data : 6AA602F83C0002920234
12-30 10:50:17.917   650   729 D fgemcucomm: rev uart=65727,len=17, data : 6AA681F83C00099202000A0000000000A4
12-30 10:50:17.917   398  2883 D adayocomadapter-ParseProtocolFunc: printRaWMsg Name[MCUToUPstream recv] len[9] data[9202000A0000000000]
12-30 10:50:17.917   398  2883 D adayocomadapter-CommunicationManager: onUpstreamback   member[0] dataLength[6] timePoint[7953739]
12-30 10:50:17.917   398  2883 D adayocomadapter-ParseProtocolFunc: printRaWMsg Name[onUpstreamback] len[6] data[0A0000000000]
12-30 10:50:17.917   398   464 D adayocomadapter-UpstreamHandler: processBeforePacket upSreamtProcessTimePoint[7953739] 
12-30 10:50:17.917   398   464 D adayocomadapter-UpstreamHandler: processPacket UPSTREAM_QUEUE_DATA_TIMEOUT
12-30 10:50:17.917   398   464 D adayocomadapter-ParseProtocolFunc: parseCommonIPCLBytes Processing tableNumber[10]
12-30 10:50:17.917   398   464 D adayocomadapter-ParseProtocolFunc: parseCommonIPCLBytes Processing tablename[Table-10] tableSize[6]
12-30 10:50:17.917   398   464 D adayocomadapter-ParseProtocolFunc: printRaWMsg Name[byteStream recv] len[6] data[0A0000000000]
12-30 10:50:17.917   398   464 D adayocomadapter-ParseProtocolFunc: printRaWMsg Name[IPCLtoVHAL] len[9] data[2140201C0000000000]
12-30 10:50:17.917   398   464 D adayocomadapter-ParseProtocolFunc: printRaWMsg Name[IPCLtoVHAL] len[6] data[214022320000]
12-30 10:50:17.917   398   464 D adayocomadapter-CommunicationManager: onUpstreamReceive mPropertyId 0x2140201c
12-30 10:50:17.917   398   464 D adayocomadapter-CommunicationManager: convertBytesToInt32Memcpy  0
12-30 10:50:17.917   398   464 I vw-vhal : notifyVehicleProperty, propId = 0x2140201c, data = {status: 2, int32Values: [0]}
12-30 10:50:17.917   398   464 I vw-vhal : CanSignalsAdapter::notifyVehicleProperty: solvedValue = {.timestamp = 7953739523279, .areaId = 0, .prop = 557850652, .status = AVAILABLE, .value = {.int32Values = [1]{0}, .floatValues = [0]{}, .int64Values = [0]{}, .bytes = [0]{}, .stringValue = ""}}
12-30 10:50:17.917   398   464 I VehiclePropertyStore: begin to write value to Store: {.timestamp = 7953739523279, .areaId = 0, .prop = 557850652, .status = AVAILABLE, .value = {.int32Values = [1]{0}, .floatValues = [0]{}, .int64Values = [0]{}, .bytes = [0]{}, .stringValue = ""}}
12-30 10:50:17.917   398   464 I DefaultVehicleHal_v2_0: DefaultVehicleHal::onPropertyValue, value:{.timestamp = 7953739523279, .areaId = 0, .prop = 557850652, .status = AVAILABLE, .value = {.int32Values = [1]{0}, .floatValues = [0]{}, .int64Values = [0]{}, .bytes = [0]{}, .stringValue = ""}}
12-30 10:50:17.917   398   464 D DiagPropHandler: is not DiagnosticConfig: 0x2140201c
12-30 10:50:17.917   398   464 I VehiclePropertyStore: begin to write value to Store: {.timestamp = 7953739523279, .areaId = 0, .prop = 557850652, .status = AVAILABLE, .value = {.int32Values = [1]{0}, .floatValues = [0]{}, .int64Values = [0]{}, .bytes = [0]{}, .stringValue = ""}}
12-30 10:50:17.917   398   464 D adayocomadapter-CommunicationManager: onUpstreamReceive mPropertyId 0x2140201c
12-30 10:50:17.917   398   464 D adayocomadapter-CommunicationManager: onUpstreamReceive mPropertyId 0x21402232
12-30 10:50:17.917   398   464 D adayocomadapter-CommunicationManager: convertBytesToInt32Memcpy  0
12-30 10:50:17.917   398   464 I vw-vhal : notifyVehicleProperty, propId = 0x21402232, data = {status: 2, int32Values: [0]}
12-30 10:50:17.917   398   464 I vw-vhal : CanSignalsAdapter::notifyVehicleProperty: solvedValue = {.timestamp = 7953739775279, .areaId = 0, .prop = 557851186, .status = AVAILABLE, .value = {.int32Values = [1]{0}, .floatValues = [0]{}, .int64Values = [0]{}, .bytes = [0]{}, .stringValue = ""}}
12-30 10:50:17.917   398   464 I VehiclePropertyStore: begin to write value to Store: {.timestamp = 7953739775279, .areaId = 0, .prop = 557851186, .status = AVAILABLE, .value = {.int32Values = [1]{0}, .floatValues = [0]{}, .int64Values = [0]{}, .bytes = [0]{}, .stringValue = ""}}
12-30 10:50:17.917   398   464 I DefaultVehicleHal_v2_0: DefaultVehicleHal::onPropertyValue, value:{.timestamp = 7953739775279, .areaId = 0, .prop = 557851186, .status = AVAILABLE, .value = {.int32Values = [1]{0}, .floatValues = [0]{}, .int64Values = [0]{}, .bytes = [0]{}, .stringValue = ""}}
12-30 10:50:17.918   398   464 D DiagPropHandler: is not DiagnosticConfig: 0x21402232
12-30 10:50:17.918   398   464 I VehiclePropertyStore: begin to write value to Store: {.timestamp = 7953739775279, .areaId = 0, .prop = 557851186, .status = AVAILABLE, .value = {.int32Values = [1]{0}, .floatValues = [0]{}, .int64Values = [0]{}, .bytes = [0]{}, .stringValue = ""}}
12-30 10:50:17.918   398   464 D adayocomadapter-CommunicationManager: onUpstreamReceive mPropertyId 0x21402232
12-30 10:50:17.926   360   931 D EvsDriver: forwardFrame
12-30 10:50:17.926   360   931 D EvsDriver: forwardFrameDirect
12-30 10:50:17.926   360   931 D EvsDriver: Delivered 0xb400e2ca9e40e110 as id 0
12-30 10:50:17.926   359  2784 D evsmanagerd: /dev/video-evs0 forwarded the buffer #0 to 0xb400f125d2b26dd0 from 0xb400f125e2b20710
12-30 10:50:17.932  2358  2623 D RcfController: Rcf proxy is not connected!
12-30 10:50:17.933   360   458 D EvsDriver: doneWithFrame
12-30 10:50:17.959   360   931 D EvsDriver: forwardFrame
12-30 10:50:17.960   360   931 D EvsDriver: forwardFrameDirect
12-30 10:50:17.960   360   931 D EvsDriver: Delivered 0xb400e2ca9e40c7a0 as id 1
12-30 10:50:17.960   359  2784 D evsmanagerd: /dev/video-evs0 forwarded the buffer #1 to 0xb400f125d2b26dd0 from 0xb400f125e2b20710
12-30 10:50:17.963   360   458 D EvsDriver: doneWithFrame
12-30 10:50:17.973   596  3076 E WifiHAL : Invalid data received from driver
12-30 10:50:17.982  2358  2623 D RcfController: Rcf proxy is not connected!
12-30 10:50:17.993   360   931 D EvsDriver: forwardFrame
12-30 10:50:17.993   360   931 D EvsDriver: forwardFrameDirect
12-30 10:50:17.993   360   931 D EvsDriver: Delivered 0xb400e2ca9e40e270 as id 0
12-30 10:50:17.993   359  2784 D evsmanagerd: /dev/video-evs0 forwarded the buffer #0 to 0xb400f125d2b26dd0 from 0xb400f125e2b20710
12-30 10:50:17.994   596  3076 E WifiHAL : Invalid data received from driver
12-30 10:50:17.994   596  3076 E WifiHAL : Invalid data received from driver
12-30 10:50:17.994   596  3076 E WifiHAL : Invalid data received from driver
12-30 10:50:17.994   596  3076 E WifiHAL : Invalid data received from driver
12-30 10:50:17.995   596  3076 E WifiHAL : Invalid data received from driver
12-30 10:50:17.995   650   729 D fgemcucomm: sd Uart data : 6AA602F83D0002920233
12-30 10:50:17.995   596  3076 E WifiHAL : Invalid data received from driver
12-30 10:50:17.995   596  3076 E WifiHAL : Invalid data received from driver
12-30 10:50:17.995   650   729 D fgemcucomm: rev uart=65728,len=109, data : 6AA681F83D0065920200100000000000000000000000000000000000000000000000000000000000000000000000000000000000000000000000000000000000000000000000000000000000000000000000000000000000000000000000000000000000000000000000000041
12-30 10:50:17.995   398  2883 D adayocomadapter-ParseProtocolFunc: printRaWMsg Name[MCUToUPstream recv] len[101] data[9202001000000000000000000000000000000000000000000000000000000000000000000000000000000000000000000000000000000000000000000000000000000000000000000000000000000000000000000000000000000000000000000000000000]
12-30 10:50:17.995   398  2883 D adayocomadapter-CommunicationManager: onUpstreamback   member[0] dataLength[98] timePoint[7953817]
12-30 10:50:17.995   398  2883 D adayocomadapter-ParseProtocolFunc: printRaWMsg Name[onUpstreamback] len[98] data[1000000000000000000000000000000000000000000000000000000000000000000000000000000000000000000000000000000000000000000000000000000000000000000000000000000000000000000000000000000000000000000000000000]
12-30 10:50:17.995   398   464 D adayocomadapter-UpstreamHandler: processBeforePacket upSreamtProcessTimePoint[7953817] 
12-30 10:50:17.995   398   464 D adayocomadapter-UpstreamHandler: processPacket UPSTREAM_QUEUE_DATA_TIMEOUT
12-30 10:50:17.995   398   464 D adayocomadapter-ParseProtocolFunc: parseCommonIPCLBytes Processing tableNumber[16]
12-30 10:50:17.995   398   464 D adayocomadapter-ParseProtocolFunc: parseCommonIPCLBytes Processing tablename[Table-16] tableSize[98]
12-30 10:50:17.995   398   464 D adayocomadapter-ParseProtocolFunc: printRaWMsg Name[byteStream recv] len[98] data[1000000000000000000000000000000000000000000000000000000000000000000000000000000000000000000000000000000000000000000000000000000000000000000000000000000000000000000000000000000000000000000000000000]
12-30 10:50:17.995   398   464 D adayocomadapter-ParseProtocolFunc: printRaWMsg Name[IPCLtoVHAL] len[6] data[214021B10000]
12-30 10:50:17.995   398   464 D adayocomadapter-ParseProtocolFunc: printRaWMsg Name[IPCLtoVHAL] len[6] data[214022120000]
12-30 10:50:17.995   398   464 D adayocomadapter-ParseProtocolFunc: printRaWMsg Name[IPCLtoVHAL] len[6] data[214021B20000]
12-30 10:50:17.995   398   464 D adayocomadapter-ParseProtocolFunc: printRaWMsg Name[IPCLtoVHAL] len[6] data[214021BD0000]
12-30 10:50:17.995   398   464 D adayocomadapter-ParseProtocolFunc: printRaWMsg Name[IPCLtoVHAL] len[6] data[2140221E0000]
12-30 10:50:17.995   398   464 D adayocomadapter-ParseProtocolFunc: printRaWMsg Name[IPCLtoVHAL] len[6] data[214021B30000]
12-30 10:50:17.995   398   464 D adayocomadapter-ParseProtocolFunc: printRaWMsg Name[IPCLtoVHAL] len[6] data[214022140000]
12-30 10:50:17.995   398   464 D adayocomadapter-ParseProtocolFunc: printRaWMsg Name[IPCLtoVHAL] len[6] data[214021B40000]
12-30 10:50:17.995   398   464 D adayocomadapter-ParseProtocolFunc: printRaWMsg Name[IPCLtoVHAL] len[6] data[214021530000]
12-30 10:50:17.995   398   464 D adayocomadapter-ParseProtocolFunc: printRaWMsg Name[IPCLtoVHAL] len[6] data[214022150000]
12-30 10:50:17.995   398   464 D adayocomadapter-ParseProtocolFunc: printRaWMsg Name[IPCLtoVHAL] len[6] data[214021B50000]
12-30 10:50:17.995   398   464 D adayocomadapter-ParseProtocolFunc: printRaWMsg Name[IPCLtoVHAL] len[6] data[214021540000]
12-30 10:50:17.995   398   464 D adayocomadapter-ParseProtocolFunc: printRaWMsg Name[IPCLtoVHAL] len[6] data[214021B70000]
12-30 10:50:17.995   398   464 D adayocomadapter-ParseProtocolFunc: printRaWMsg Name[IPCLtoVHAL] len[6] data[214021560000]
12-30 10:50:17.995   398   464 D adayocomadapter-ParseProtocolFunc: printRaWMsg Name[IPCLtoVHAL] len[6] data[214021B80000]
12-30 10:50:17.995   398   464 D adayocomadapter-ParseProtocolFunc: printRaWMsg Name[IPCLtoVHAL] len[6] data[214021570000]
12-30 10:50:17.995   398   464 D adayocomadapter-ParseProtocolFunc: printRaWMsg Name[IPCLtoVHAL] len[6] data[214022190000]
12-30 10:50:17.995   398   464 D adayocomadapter-ParseProtocolFunc: printRaWMsg Name[IPCLtoVHAL] len[6] data[2140215B0000]
12-30 10:50:17.995   398   464 D adayocomadapter-ParseProtocolFunc: printRaWMsg Name[IPCLtoVHAL] len[6] data[214021BC0000]
12-30 10:50:17.995   398   464 D adayocomadapter-ParseProtocolFunc: printRaWMsg Name[IPCLtoVHAL] len[6] data[2140221D0000]
12-30 10:50:17.995   398   464 D adayocomadapter-ParseProtocolFunc: printRaWMsg Name[IPCLtoVHAL] len[6] data[214021B90000]
12-30 10:50:17.996   398   464 D adayocomadapter-ParseProtocolFunc: printRaWMsg Name[IPCLtoVHAL] len[6] data[2140221A0000]
12-30 10:50:17.996   398   464 D adayocomadapter-ParseProtocolFunc: printRaWMsg Name[IPCLtoVHAL] len[6] data[214021BB0000]
12-30 10:50:17.996   398   464 D adayocomadapter-ParseProtocolFunc: printRaWMsg Name[IPCLtoVHAL] len[6] data[2140215A0000]
12-30 10:50:17.996   398   464 D adayocomadapter-ParseProtocolFunc: printRaWMsg Name[IPCLtoVHAL] len[6] data[2140221C0000]
12-30 10:50:17.996   398   464 D adayocomadapter-ParseProtocolFunc: printRaWMsg Name[IPCLtoVHAL] len[6] data[214021BE0000]
12-30 10:50:17.996   398   464 D adayocomadapter-ParseProtocolFunc: printRaWMsg Name[IPCLtoVHAL] len[6] data[2140215D0000]
12-30 10:50:17.996   398   464 D adayocomadapter-ParseProtocolFunc: printRaWMsg Name[IPCLtoVHAL] len[6] data[2140221F0000]
12-30 10:50:17.996   398   464 D adayocomadapter-ParseProtocolFunc: printRaWMsg Name[IPCLtoVHAL] len[6] data[214021A50000]
12-30 10:50:17.996   398   464 D adayocomadapter-ParseProtocolFunc: printRaWMsg Name[IPCLtoVHAL] len[6] data[214021070000]
12-30 10:50:17.996   398   464 D adayocomadapter-ParseProtocolFunc: printRaWMsg Name[IPCLtoVHAL] len[6] data[2140222A0000]
12-30 10:50:17.996   398   464 D adayocomadapter-ParseProtocolFunc: printRaWMsg Name[IPCLtoVHAL] len[6] data[214021C30000]
12-30 10:50:17.996   398   464 D adayocomadapter-ParseProtocolFunc: printRaWMsg Name[IPCLtoVHAL] len[6] data[214021A80000]
12-30 10:50:17.996   398   464 D adayocomadapter-ParseProtocolFunc: printRaWMsg Name[IPCLtoVHAL] len[6] data[214021A60000]
12-30 10:50:17.996   398   464 D adayocomadapter-ParseProtocolFunc: printRaWMsg Name[IPCLtoVHAL] len[6] data[214021A70000]
12-30 10:50:17.996   398   464 D adayocomadapter-ParseProtocolFunc: printRaWMsg Name[IPCLtoVHAL] len[6] data[214022080000]
12-30 10:50:17.996   398   464 D adayocomadapter-ParseProtocolFunc: printRaWMsg Name[IPCLtoVHAL] len[6] data[214021A90000]
12-30 10:50:17.996   398   464 D adayocomadapter-ParseProtocolFunc: printRaWMsg Name[IPCLtoVHAL] len[6] data[214021AA0000]
12-30 10:50:17.996   398   464 D adayocomadapter-ParseProtocolFunc: printRaWMsg Name[IPCLtoVHAL] len[6] data[214021AB0000]
12-30 10:50:17.996   398   464 D adayocomadapter-ParseProtocolFunc: printRaWMsg Name[IPCLtoVHAL] len[6] data[214021AC0000]
12-30 10:50:17.996   398   464 D adayocomadapter-ParseProtocolFunc: printRaWMsg Name[IPCLtoVHAL] len[6] data[2140220D0000]
12-30 10:50:17.996   398   464 D adayocomadapter-ParseProtocolFunc: printRaWMsg Name[IPCLtoVHAL] len[6] data[214021AD0000]
12-30 10:50:17.996   398   464 D adayocomadapter-ParseProtocolFunc: printRaWMsg Name[IPCLtoVHAL] len[6] data[214021AE0000]
12-30 10:50:17.996   398   464 D adayocomadapter-ParseProtocolFunc: printRaWMsg Name[IPCLtoVHAL] len[6] data[214021AF0000]
12-30 10:50:17.996   398   464 D adayocomadapter-ParseProtocolFunc: printRaWMsg Name[IPCLtoVHAL] len[6] data[214022100000]
12-30 10:50:17.996   398   464 D adayocomadapter-ParseProtocolFunc: printRaWMsg Name[IPCLtoVHAL] len[6] data[214021B00000]
12-30 10:50:17.996   398   464 D adayocomadapter-ParseProtocolFunc: printRaWMsg Name[IPCLtoVHAL] len[6] data[214022110000]
12-30 10:50:17.996   398   464 D adayocomadapter-ParseProtocolFunc: printRaWMsg Name[IPCLtoVHAL] len[6] data[214021B60000]
12-30 10:50:17.996   398   464 D adayocomadapter-ParseProtocolFunc: printRaWMsg Name[IPCLtoVHAL] len[6] data[214021550000]
12-30 10:50:17.996   398   464 D adayocomadapter-ParseProtocolFunc: printRaWMsg Name[IPCLtoVHAL] len[6] data[214021BA0000]
12-30 10:50:17.996   398   464 D adayocomadapter-ParseProtocolFunc: printRaWMsg Name[IPCLtoVHAL] len[6] data[214021590000]
12-30 10:50:17.996   398   464 D adayocomadapter-ParseProtocolFunc: printRaWMsg Name[IPCLtoVHAL] len[6] data[214021BF0000]
12-30 10:50:17.996   398   464 D adayocomadapter-ParseProtocolFunc: printRaWMsg Name[IPCLtoVHAL] len[6] data[2140215E0000]
12-30 10:50:17.996   398   464 D adayocomadapter-ParseProtocolFunc: printRaWMsg Name[IPCLtoVHAL] len[6] data[214022200000]
12-30 10:50:17.996   398   464 D adayocomadapter-ParseProtocolFunc: printRaWMsg Name[IPCLtoVHAL] len[6] data[214021C00000]
12-30 10:50:17.996   398   464 D adayocomadapter-ParseProtocolFunc: printRaWMsg Name[IPCLtoVHAL] len[6] data[2140215F0000]
12-30 10:50:17.996   398   464 D adayocomadapter-ParseProtocolFunc: printRaWMsg Name[IPCLtoVHAL] len[6] data[214021C10000]
12-30 10:50:17.996   398   464 D adayocomadapter-ParseProtocolFunc: printRaWMsg Name[IPCLtoVHAL] len[6] data[214021600000]
12-30 10:50:17.996   398   464 D adayocomadapter-ParseProtocolFunc: printRaWMsg Name[IPCLtoVHAL] len[6] data[214022220000]
12-30 10:50:17.996   398   464 D adayocomadapter-ParseProtocolFunc: printRaWMsg Name[IPCLtoVHAL] len[6] data[214021C20000]
12-30 10:50:17.996   398   464 D adayocomadapter-ParseProtocolFunc: printRaWMsg Name[IPCLtoVHAL] len[6] data[214021C40000]
12-30 10:50:17.996   398   464 D adayocomadapter-ParseProtocolFunc: printRaWMsg Name[IPCLtoVHAL] len[6] data[214022250000]
12-30 10:50:17.996   398   464 D adayocomadapter-ParseProtocolFunc: printRaWMsg Name[IPCLtoVHAL] len[6] data[214021C50000]
12-30 10:50:17.996   398   464 D adayocomadapter-ParseProtocolFunc: printRaWMsg Name[IPCLtoVHAL] len[6] data[214022260000]
12-30 10:50:17.996   398   464 D adayocomadapter-ParseProtocolFunc: printRaWMsg Name[IPCLtoVHAL] len[6] data[214021C60000]
12-30 10:50:17.996   398   464 D adayocomadapter-ParseProtocolFunc: printRaWMsg Name[IPCLtoVHAL] len[6] data[214022270000]
12-30 10:50:17.996   398   464 D adayocomadapter-ParseProtocolFunc: printRaWMsg Name[IPCLtoVHAL] len[6] data[214021D30000]
12-30 10:50:17.996   398   464 D adayocomadapter-ParseProtocolFunc: printRaWMsg Name[IPCLtoVHAL] len[6] data[214022340000]
12-30 10:50:17.996   398   464 D adayocomadapter-ParseProtocolFunc: printRaWMsg Name[IPCLtoVHAL] len[6] data[214021D40000]
12-30 10:50:17.996   398   464 D adayocomadapter-ParseProtocolFunc: printRaWMsg Name[IPCLtoVHAL] len[6] data[214022350000]
12-30 10:50:17.996   398   464 D adayocomadapter-ParseProtocolFunc: printRaWMsg Name[IPCLtoVHAL] len[6] data[214022280000]
12-30 10:50:17.996   398   464 D adayocomadapter-ParseProtocolFunc: printRaWMsg Name[IPCLtoVHAL] len[6] data[214022290000]
12-30 10:50:17.996   398   464 D adayocomadapter-ParseProtocolFunc: printRaWMsg Name[IPCLtoVHAL] len[6] data[214022360000]
12-30 10:50:17.996   398   464 D adayocomadapter-ParseProtocolFunc: printRaWMsg Name[IPCLtoVHAL] len[6] data[214022370000]
