12-30 10:50:23.534   398   464 D adayocomadapter-CommunicationManager: convertBytesToInt32Memcpy  0
12-30 10:50:23.534   398   464 I vw-vhal : notifyVehicleProperty, propId = 0x21402057, data = {status: 2, int32Values: [0]}
12-30 10:50:23.534   398   464 I vw-vhal : CanSignalsAdapter::notifyVehicleProperty: solvedValue = {.timestamp = 7959356214946, .areaId = 0, .prop = 557850711, .status = AVAILABLE, .value = {.int32Values = [1]{0}, .floatValues = [0]{}, .int64Values = [0]{}, .bytes = [0]{}, .stringValue = ""}}
12-30 10:50:23.534   398   464 I VehiclePropertyStore: begin to write value to Store: {.timestamp = 7959356214946, .areaId = 0, .prop = 557850711, .status = AVAILABLE, .value = {.int32Values = [1]{0}, .floatValues = [0]{}, .int64Values = [0]{}, .bytes = [0]{}, .stringValue = ""}}
12-30 10:50:23.534   398   464 I DefaultVehicleHal_v2_0: DefaultVehicleHal::onPropertyValue, value:{.timestamp = 7959356214946, .areaId = 0, .prop = 557850711, .status = AVAILABLE, .value = {.int32Values = [1]{0}, .floatValues = [0]{}, .int64Values = [0]{}, .bytes = [0]{}, .stringValue = ""}}
12-30 10:50:23.534   398   464 D DiagPropHandler: is not DiagnosticConfig: 0x21402057
12-30 10:50:23.534   398   464 I VehiclePropertyStore: begin to write value to Store: {.timestamp = 7959356214946, .areaId = 0, .prop = 557850711, .status = AVAILABLE, .value = {.int32Values = [1]{0}, .floatValues = [0]{}, .int64Values = [0]{}, .bytes = [0]{}, .stringValue = ""}}
12-30 10:50:23.534   398   464 D adayocomadapter-CommunicationManager: onUpstreamReceive mPropertyId 0x21402057
12-30 10:50:23.534   398   464 D adayocomadapter-CommunicationManager: onUpstreamReceive mPropertyId 0x21402058
12-30 10:50:23.534   398   464 D adayocomadapter-CommunicationManager: convertBytesToInt32Memcpy  0
12-30 10:50:23.534   398   464 I vw-vhal : notifyVehicleProperty, propId = 0x21402058, data = {status: 2, int32Values: [0]}
12-30 10:50:23.535   398   464 I vw-vhal : CanSignalsAdapter::notifyVehicleProperty: solvedValue = {.timestamp = 7959356879946, .areaId = 0, .prop = 557850712, .status = AVAILABLE, .value = {.int32Values = [1]{0}, .floatValues = [0]{}, .int64Values = [0]{}, .bytes = [0]{}, .stringValue = ""}}
12-30 10:50:23.535   398   464 I VehiclePropertyStore: begin to write value to Store: {.timestamp = 7959356879946, .areaId = 0, .prop = 557850712, .status = AVAILABLE, .value = {.int32Values = [1]{0}, .floatValues = [0]{}, .int64Values = [0]{}, .bytes = [0]{}, .stringValue = ""}}
12-30 10:50:23.535   398   464 I DefaultVehicleHal_v2_0: DefaultVehicleHal::onPropertyValue, value:{.timestamp = 7959356879946, .areaId = 0, .prop = 557850712, .status = AVAILABLE, .value = {.int32Values = [1]{0}, .floatValues = [0]{}, .int64Values = [0]{}, .bytes = [0]{}, .stringValue = ""}}
12-30 10:50:23.535   398   464 D DiagPropHandler: is not DiagnosticConfig: 0x21402058
12-30 10:50:23.535   398   464 I VehiclePropertyStore: begin to write value to Store: {.timestamp = 7959356879946, .areaId = 0, .prop = 557850712, .status = AVAILABLE, .value = {.int32Values = [1]{0}, .floatValues = [0]{}, .int64Values = [0]{}, .bytes = [0]{}, .stringValue = ""}}
12-30 10:50:23.535   398   464 D adayocomadapter-CommunicationManager: onUpstreamReceive mPropertyId 0x21402058
12-30 10:50:23.535   398   464 D adayocomadapter-CommunicationManager: onUpstreamReceive mPropertyId 0x2140205a
12-30 10:50:23.535   398   464 D adayocomadapter-CommunicationManager: convertBytesToInt32Memcpy  0
12-30 10:50:23.535   398   464 I vw-vhal : notifyVehicleProperty, propId = 0x2140205a, data = {status: 2, int32Values: [0]}
12-30 10:50:23.535   398   464 I vw-vhal : CanSignalsAdapter::notifyVehicleProperty: solvedValue = {.timestamp = 7959357656613, .areaId = 0, .prop = 557850714, .status = AVAILABLE, .value = {.int32Values = [1]{0}, .floatValues = [0]{}, .int64Values = [0]{}, .bytes = [0]{}, .stringValue = ""}}
12-30 10:50:23.535   398   464 I VehiclePropertyStore: begin to write value to Store: {.timestamp = 7959357656613, .areaId = 0, .prop = 557850714, .status = AVAILABLE, .value = {.int32Values = [1]{0}, .floatValues = [0]{}, .int64Values = [0]{}, .bytes = [0]{}, .stringValue = ""}}
12-30 10:50:23.536   398   464 I DefaultVehicleHal_v2_0: DefaultVehicleHal::onPropertyValue, value:{.timestamp = 7959357656613, .areaId = 0, .prop = 557850714, .status = AVAILABLE, .value = {.int32Values = [1]{0}, .floatValues = [0]{}, .int64Values = [0]{}, .bytes = [0]{}, .stringValue = ""}}
12-30 10:50:23.536   398   464 D DiagPropHandler: is not DiagnosticConfig: 0x2140205a
12-30 10:50:23.536   398   464 I VehiclePropertyStore: begin to write value to Store: {.timestamp = 7959357656613, .areaId = 0, .prop = 557850714, .status = AVAILABLE, .value = {.int32Values = [1]{0}, .floatValues = [0]{}, .int64Values = [0]{}, .bytes = [0]{}, .stringValue = ""}}
12-30 10:50:23.536   398   464 D adayocomadapter-CommunicationManager: onUpstreamReceive mPropertyId 0x2140205a
12-30 10:50:23.536   398   464 D adayocomadapter-CommunicationManager: onUpstreamReceive mPropertyId 0x2140205b
12-30 10:50:23.536   360   458 D EvsDriver: doneWithFrame
12-30 10:50:23.536   398   464 D adayocomadapter-CommunicationManager: convertBytesToInt32Memcpy  0
12-30 10:50:23.536   398   464 I vw-vhal : notifyVehicleProperty, propId = 0x2140205b, data = {status: 2, int32Values: [0]}
12-30 10:50:23.536   398   464 I vw-vhal : CanSignalsAdapter::notifyVehicleProperty: solvedValue = {.timestamp = 7959358286946, .areaId = 0, .prop = 557850715, .status = AVAILABLE, .value = {.int32Values = [1]{0}, .floatValues = [0]{}, .int64Values = [0]{}, .bytes = [0]{}, .stringValue = ""}}
12-30 10:50:23.536   398   464 I VehiclePropertyStore: begin to write value to Store: {.timestamp = 7959358286946, .areaId = 0, .prop = 557850715, .status = AVAILABLE, .value = {.int32Values = [1]{0}, .floatValues = [0]{}, .int64Values = [0]{}, .bytes = [0]{}, .stringValue = ""}}
12-30 10:50:23.536   398   464 I DefaultVehicleHal_v2_0: DefaultVehicleHal::onPropertyValue, value:{.timestamp = 7959358286946, .areaId = 0, .prop = 557850715, .status = AVAILABLE, .value = {.int32Values = [1]{0}, .floatValues = [0]{}, .int64Values = [0]{}, .bytes = [0]{}, .stringValue = ""}}
12-30 10:50:23.536   398   464 D DiagPropHandler: is not DiagnosticConfig: 0x2140205b
12-30 10:50:23.536   398   464 I VehiclePropertyStore: begin to write value to Store: {.timestamp = 7959358286946, .areaId = 0, .prop = 557850715, .status = AVAILABLE, .value = {.int32Values = [1]{0}, .floatValues = [0]{}, .int64Values = [0]{}, .bytes = [0]{}, .stringValue = ""}}
12-30 10:50:23.536   398   464 D adayocomadapter-CommunicationManager: onUpstreamReceive mPropertyId 0x2140205b
12-30 10:50:23.536   398   464 D adayocomadapter-CommunicationManager: onUpstreamReceive mPropertyId 0x2140205c
12-30 10:50:23.536   398   464 D adayocomadapter-CommunicationManager: convertBytesToInt32Memcpy  0
12-30 10:50:23.537   398   464 I vw-vhal : notifyVehicleProperty, propId = 0x2140205c, data = {status: 2, int32Values: [0]}
12-30 10:50:23.537   398   464 I vw-vhal : CanSignalsAdapter::notifyVehicleProperty: solvedValue = {.timestamp = 7959358950280, .areaId = 0, .prop = 557850716, .status = AVAILABLE, .value = {.int32Values = [1]{0}, .floatValues = [0]{}, .int64Values = [0]{}, .bytes = [0]{}, .stringValue = ""}}
12-30 10:50:23.537   398   464 I VehiclePropertyStore: begin to write value to Store: {.timestamp = 7959358950280, .areaId = 0, .prop = 557850716, .status = AVAILABLE, .value = {.int32Values = [1]{0}, .floatValues = [0]{}, .int64Values = [0]{}, .bytes = [0]{}, .stringValue = ""}}
12-30 10:50:23.537   398   464 I DefaultVehicleHal_v2_0: DefaultVehicleHal::onPropertyValue, value:{.timestamp = 7959358950280, .areaId = 0, .prop = 557850716, .status = AVAILABLE, .value = {.int32Values = [1]{0}, .floatValues = [0]{}, .int64Values = [0]{}, .bytes = [0]{}, .stringValue = ""}}
12-30 10:50:23.537   398   464 D DiagPropHandler: is not DiagnosticConfig: 0x2140205c
12-30 10:50:23.537   398   464 I VehiclePropertyStore: begin to write value to Store: {.timestamp = 7959358950280, .areaId = 0, .prop = 557850716, .status = AVAILABLE, .value = {.int32Values = [1]{0}, .floatValues = [0]{}, .int64Values = [0]{}, .bytes = [0]{}, .stringValue = ""}}
12-30 10:50:23.537   398   464 D adayocomadapter-CommunicationManager: onUpstreamReceive mPropertyId 0x2140205c
12-30 10:50:23.537   398   464 D adayocomadapter-CommunicationManager: onUpstreamReceive mPropertyId 0x2140218e
12-30 10:50:23.537   398   464 D adayocomadapter-CommunicationManager: convertBytesToInt32Memcpy  0
12-30 10:50:23.537   398   464 I vw-vhal : notifyVehicleProperty, propId = 0x2140218e, data = {status: 2, int32Values: [0]}
12-30 10:50:23.537   398   464 I vw-vhal : CanSignalsAdapter::notifyVehicleProperty: solvedValue = {.timestamp = 7959359625946, .areaId = 0, .prop = 557851022, .status = AVAILABLE, .value = {.int32Values = [1]{0}, .floatValues = [0]{}, .int64Values = [0]{}, .bytes = [0]{}, .stringValue = ""}}
12-30 10:50:23.538   398   464 I VehiclePropertyStore: begin to write value to Store: {.timestamp = 7959359625946, .areaId = 0, .prop = 557851022, .status = AVAILABLE, .value = {.int32Values = [1]{0}, .floatValues = [0]{}, .int64Values = [0]{}, .bytes = [0]{}, .stringValue = ""}}
12-30 10:50:23.538   398   464 I DefaultVehicleHal_v2_0: DefaultVehicleHal::onPropertyValue, value:{.timestamp = 7959359625946, .areaId = 0, .prop = 557851022, .status = AVAILABLE, .value = {.int32Values = [1]{0}, .floatValues = [0]{}, .int64Values = [0]{}, .bytes = [0]{}, .stringValue = ""}}
12-30 10:50:23.538   398   464 D DiagPropHandler: is not DiagnosticConfig: 0x2140218e
12-30 10:50:23.538   398   464 I VehiclePropertyStore: begin to write value to Store: {.timestamp = 7959359625946, .areaId = 0, .prop = 557851022, .status = AVAILABLE, .value = {.int32Values = [1]{0}, .floatValues = [0]{}, .int64Values = [0]{}, .bytes = [0]{}, .stringValue = ""}}
12-30 10:50:23.538   398   464 D adayocomadapter-CommunicationManager: onUpstreamReceive mPropertyId 0x2140218e
12-30 10:50:23.538   398   464 D adayocomadapter-CommunicationManager: onUpstreamReceive mPropertyId 0x2140218f
12-30 10:50:23.538   398   464 D adayocomadapter-CommunicationManager: convertBytesToInt32Memcpy  0
12-30 10:50:23.538   398   464 I vw-vhal : notifyVehicleProperty, propId = 0x2140218f, data = {status: 2, int32Values: [0]}
12-30 10:50:23.538   398   464 I vw-vhal : CanSignalsAdapter::notifyVehicleProperty: solvedValue = {.timestamp = 7959360804613, .areaId = 0, .prop = 557851023, .status = AVAILABLE, .value = {.int32Values = [1]{0}, .floatValues = [0]{}, .int64Values = [0]{}, .bytes = [0]{}, .stringValue = ""}}
12-30 10:50:23.539   398   464 I VehiclePropertyStore: begin to write value to Store: {.timestamp = 7959360804613, .areaId = 0, .prop = 557851023, .status = AVAILABLE, .value = {.int32Values = [1]{0}, .floatValues = [0]{}, .int64Values = [0]{}, .bytes = [0]{}, .stringValue = ""}}
12-30 10:50:23.539   398   464 I DefaultVehicleHal_v2_0: DefaultVehicleHal::onPropertyValue, value:{.timestamp = 7959360804613, .areaId = 0, .prop = 557851023, .status = AVAILABLE, .value = {.int32Values = [1]{0}, .floatValues = [0]{}, .int64Values = [0]{}, .bytes = [0]{}, .stringValue = ""}}
12-30 10:50:23.539   398   464 D DiagPropHandler: is not DiagnosticConfig: 0x2140218f
12-30 10:50:23.539   398   464 I VehiclePropertyStore: begin to write value to Store: {.timestamp = 7959360804613, .areaId = 0, .prop = 557851023, .status = AVAILABLE, .value = {.int32Values = [1]{0}, .floatValues = [0]{}, .int64Values = [0]{}, .bytes = [0]{}, .stringValue = ""}}
12-30 10:50:23.539   398   464 D adayocomadapter-CommunicationManager: onUpstreamReceive mPropertyId 0x2140218f
12-30 10:50:23.539   398   464 D adayocomadapter-CommunicationManager: onUpstreamReceive mPropertyId 0x21402191
12-30 10:50:23.539   398   464 D adayocomadapter-CommunicationManager: convertBytesToInt32Memcpy  0
12-30 10:50:23.539   398   464 I vw-vhal : notifyVehicleProperty, propId = 0x21402191, data = {status: 2, int32Values: [0]}
12-30 10:50:23.539   398   464 I vw-vhal : CanSignalsAdapter::notifyVehicleProperty: solvedValue = {.timestamp = 7959361500613, .areaId = 0, .prop = 557851025, .status = AVAILABLE, .value = {.int32Values = [1]{0}, .floatValues = [0]{}, .int64Values = [0]{}, .bytes = [0]{}, .stringValue = ""}}
12-30 10:50:23.539   398   464 I VehiclePropertyStore: begin to write value to Store: {.timestamp = 7959361500613, .areaId = 0, .prop = 557851025, .status = AVAILABLE, .value = {.int32Values = [1]{0}, .floatValues = [0]{}, .int64Values = [0]{}, .bytes = [0]{}, .stringValue = ""}}
12-30 10:50:23.539   398   464 I DefaultVehicleHal_v2_0: DefaultVehicleHal::onPropertyValue, value:{.timestamp = 7959361500613, .areaId = 0, .prop = 557851025, .status = AVAILABLE, .value = {.int32Values = [1]{0}, .floatValues = [0]{}, .int64Values = [0]{}, .bytes = [0]{}, .stringValue = ""}}
12-30 10:50:23.539   398   464 D DiagPropHandler: is not DiagnosticConfig: 0x21402191
12-30 10:50:23.540   398   464 I VehiclePropertyStore: begin to write value to Store: {.timestamp = 7959361500613, .areaId = 0, .prop = 557851025, .status = AVAILABLE, .value = {.int32Values = [1]{0}, .floatValues = [0]{}, .int64Values = [0]{}, .bytes = [0]{}, .stringValue = ""}}
12-30 10:50:23.540   398   464 D adayocomadapter-CommunicationManager: onUpstreamReceive mPropertyId 0x21402191
12-30 10:50:23.540   398   464 D adayocomadapter-CommunicationManager: onUpstreamReceive mPropertyId 0x2140223d
12-30 10:50:23.540   398   464 D adayocomadapter-CommunicationManager: convertBytesToInt32Memcpy  0
12-30 10:50:23.540   398   464 I vw-vhal : notifyVehicleProperty, propId = 0x2140223d, data = {status: 2, int32Values: [0]}
12-30 10:50:23.540   398   464 I vw-vhal : CanSignalsAdapter::notifyVehicleProperty: solvedValue = {.timestamp = 7959362154613, .areaId = 0, .prop = 557851197, .status = AVAILABLE, .value = {.int32Values = [1]{0}, .floatValues = [0]{}, .int64Values = [0]{}, .bytes = [0]{}, .stringValue = ""}}
12-30 10:50:23.540   398   464 I VehiclePropertyStore: begin to write value to Store: {.timestamp = 7959362154613, .areaId = 0, .prop = 557851197, .status = AVAILABLE, .value = {.int32Values = [1]{0}, .floatValues = [0]{}, .int64Values = [0]{}, .bytes = [0]{}, .stringValue = ""}}
12-30 10:50:23.540   398   464 I DefaultVehicleHal_v2_0: DefaultVehicleHal::onPropertyValue, value:{.timestamp = 7959362154613, .areaId = 0, .prop = 557851197, .status = AVAILABLE, .value = {.int32Values = [1]{0}, .floatValues = [0]{}, .int64Values = [0]{}, .bytes = [0]{}, .stringValue = ""}}
12-30 10:50:23.540   398   464 D DiagPropHandler: is not DiagnosticConfig: 0x2140223d
12-30 10:50:23.540   398   464 I VehiclePropertyStore: begin to write value to Store: {.timestamp = 7959362154613, .areaId = 0, .prop = 557851197, .status = AVAILABLE, .value = {.int32Values = [1]{0}, .floatValues = [0]{}, .int64Values = [0]{}, .bytes = [0]{}, .stringValue = ""}}
12-30 10:50:23.541   398   464 D adayocomadapter-CommunicationManager: onUpstreamReceive mPropertyId 0x2140223d
12-30 10:50:23.551   596  3076 E WifiHAL : Invalid data received from driver
12-30 10:50:23.559   360   931 D EvsDriver: forwardFrame
12-30 10:50:23.559   360   931 D EvsDriver: forwardFrameDirect
12-30 10:50:23.560   360   931 D EvsDriver: Delivered 0xb400e2ca9e40c7a0 as id 1
12-30 10:50:23.560   359  2784 D evsmanagerd: /dev/video-evs0 forwarded the buffer #1 to 0xb400f125d2b26dd0 from 0xb400f125e2b20710
12-30 10:50:23.562  2358  2623 D RcfController: Rcf proxy is not connected!
12-30 10:50:23.566   360   458 D EvsDriver: doneWithFrame
12-30 10:50:23.593   360   931 D EvsDriver: forwardFrame
12-30 10:50:23.593   360   931 D EvsDriver: forwardFrameDirect
12-30 10:50:23.593   360   931 D EvsDriver: Delivered 0xb400e2ca9e40e270 as id 0
12-30 10:50:23.593   359  2784 D evsmanagerd: /dev/video-evs0 forwarded the buffer #0 to 0xb400f125d2b26dd0 from 0xb400f125e2b20710
12-30 10:50:23.595  1667  2594 W ContextImpl: Calling a method in the system process without a qualified user: android.app.ContextImpl.bindService:1988 android.content.ContextWrapper.bindService:861 com.ford.sync.fnvservice.FordFnv.c:202 com.ford.sync.fnvservice.FordFnv.c:43 com.ford.sync.fnvservice.FordFnv$RetryHandler.handleMessage:245 
12-30 10:50:23.596   916  5915 W ActivityManager: Unable to start service Intent { cmp=com.ford.sync.fnvservice/.FordFnvService } U=0: not found
12-30 10:50:23.596   360   458 D EvsDriver: doneWithFrame
12-30 10:50:23.596  1667  2594 W FordFnv :  bind ford fnv failed -> sendRetryMessage 
12-30 10:50:23.602  1667  2410 I media_message_log->MediaMessageUserProxy: (SourceFile:1)b connectToService action bind
12-30 10:50:23.602   916  5915 W ActivityManager: Unable to start service Intent { cmp=com.adayo.server.mediamessagetransfer/.MediaMessTransferService (has extras) } U=0: not found
12-30 10:50:23.603  1667  2410 E media_message_log->MediaMessageUserProxy: (SourceFile:7)a bindServiceAsUser isBound = false
12-30 10:50:23.612  2358  2623 D RcfController: Rcf proxy is not connected!
12-30 10:50:23.617   596  3076 E WifiHAL : Invalid data received from driver
12-30 10:50:23.626   360   931 D EvsDriver: forwardFrame
12-30 10:50:23.626   360   931 D EvsDriver: forwardFrameDirect
12-30 10:50:23.626   360   931 D EvsDriver: Delivered 0xb400e2ca9e40d4b0 as id 1
12-30 10:50:23.626   359  2784 D evsmanagerd: /dev/video-evs0 forwarded the buffer #1 to 0xb400f125d2b26dd0 from 0xb400f125e2b20710
12-30 10:50:23.636   360   458 D EvsDriver: doneWithFrame
12-30 10:50:23.659   360   931 D EvsDriver: forwardFrame
12-30 10:50:23.659   360   931 D EvsDriver: forwardFrameDirect
12-30 10:50:23.660   360   931 D EvsDriver: Delivered 0xb400e2ca9e40c2d0 as id 0
12-30 10:50:23.660   359  2784 D evsmanagerd: /dev/video-evs0 forwarded the buffer #0 to 0xb400f125d2b26dd0 from 0xb400f125e2b20710
12-30 10:50:23.662  2358  2623 D RcfController: Rcf proxy is not connected!
12-30 10:50:23.667   360   458 D EvsDriver: doneWithFrame
12-30 10:50:23.693   360   931 D EvsDriver: forwardFrame
12-30 10:50:23.693   360   931 D EvsDriver: forwardFrameDirect
12-30 10:50:23.693   360   931 D EvsDriver: Delivered 0xb400e2ca9e40d090 as id 1
12-30 10:50:23.693   359  2784 D evsmanagerd: /dev/video-evs0 forwarded the buffer #1 to 0xb400f125d2b26dd0 from 0xb400f125e2b20710
12-30 10:50:23.697   360   458 D EvsDriver: doneWithFrame
12-30 10:50:23.702   596  3076 E WifiHAL : Invalid data received from driver
12-30 10:50:23.713  2358  2623 D RcfController: Rcf proxy is not connected!
12-30 10:50:23.726   360   931 D EvsDriver: forwardFrame
12-30 10:50:23.726   360   931 D EvsDriver: forwardFrameDirect
12-30 10:50:23.726   360   931 D EvsDriver: Delivered 0xb400e2ca9e40e110 as id 0
12-30 10:50:23.726   359  2784 D evsmanagerd: /dev/video-evs0 forwarded the buffer #0 to 0xb400f125d2b26dd0 from 0xb400f125e2b20710
12-30 10:50:23.727   360   458 D EvsDriver: doneWithFrame
12-30 10:50:23.753   596  3076 E WifiHAL : Invalid data received from driver
12-30 10:50:23.759   360   931 D EvsDriver: forwardFrame
12-30 10:50:23.760   360   931 D EvsDriver: forwardFrameDirect
12-30 10:50:23.760   360   931 D EvsDriver: Delivered 0xb400e2ca9e40c7a0 as id 1
12-30 10:50:23.760   359  2784 D evsmanagerd: /dev/video-evs0 forwarded the buffer #1 to 0xb400f125d2b26dd0 from 0xb400f125e2b20710
12-30 10:50:23.763  2358  2623 D RcfController: Rcf proxy is not connected!
12-30 10:50:23.768   360   458 D EvsDriver: doneWithFrame
12-30 10:50:23.793   360   931 D EvsDriver: forwardFrame
12-30 10:50:23.793   360   931 D EvsDriver: forwardFrameDirect
12-30 10:50:23.793   360   931 D EvsDriver: Delivered 0xb400e2ca9e40e270 as id 0
12-30 10:50:23.793   359  2784 D evsmanagerd: /dev/video-evs0 forwarded the buffer #0 to 0xb400f125d2b26dd0 from 0xb400f125e2b20710
12-30 10:50:23.798   360   458 D EvsDriver: doneWithFrame
12-30 10:50:23.813  2358  2623 D RcfController: Rcf proxy is not connected!
12-30 10:50:23.814   596  3076 E WifiHAL : Invalid data received from driver
12-30 10:50:23.826   360   931 D EvsDriver: forwardFrame
12-30 10:50:23.826   360   931 D EvsDriver: forwardFrameDirect
12-30 10:50:23.827   360   931 D EvsDriver: Delivered 0xb400e2ca9e40d4b0 as id 1
12-30 10:50:23.827   359  2784 D evsmanagerd: /dev/video-evs0 forwarded the buffer #1 to 0xb400f125d2b26dd0 from 0xb400f125e2b20710
12-30 10:50:23.829   360   458 D EvsDriver: doneWithFrame
12-30 10:50:23.859   360   931 D EvsDriver: forwardFrame
12-30 10:50:23.860   360   931 D EvsDriver: forwardFrameDirect
12-30 10:50:23.860   360   931 D EvsDriver: Delivered 0xb400e2ca9e40c2d0 as id 0
12-30 10:50:23.860   359  2784 D evsmanagerd: /dev/video-evs0 forwarded the buffer #0 to 0xb400f125d2b26dd0 from 0xb400f125e2b20710
12-30 10:50:23.863  2358  2623 D RcfController: Rcf proxy is not connected!
12-30 10:50:23.869   360   458 D EvsDriver: doneWithFrame
12-30 10:50:23.878   596  3076 E WifiHAL : Invalid data received from driver
12-30 10:50:23.893   360   931 D EvsDriver: forwardFrame
12-30 10:50:23.893   360   931 D EvsDriver: forwardFrameDirect
12-30 10:50:23.893   360   931 D EvsDriver: Delivered 0xb400e2ca9e40d090 as id 1
12-30 10:50:23.893   359  2784 D evsmanagerd: /dev/video-evs0 forwarded the buffer #1 to 0xb400f125d2b26dd0 from 0xb400f125e2b20710
12-30 10:50:23.899   360   458 D EvsDriver: doneWithFrame
12-30 10:50:23.914  2358  2623 D RcfController: Rcf proxy is not connected!
12-30 10:50:23.926   360   931 I EvsDriver: /dev/video-evs0 VideoCapture fps 29.9987
12-30 10:50:23.926   360   931 D EvsDriver: forwardFrame
12-30 10:50:23.926   360   931 D EvsDriver: forwardFrameDirect
12-30 10:50:23.927   360   931 D EvsDriver: Delivered 0xb400e2ca9e40e110 as id 0
12-30 10:50:23.927   359  2784 D evsmanagerd: /dev/video-evs0 forwarded the buffer #0 to 0xb400f125d2b26dd0 from 0xb400f125e2b20710
12-30 10:50:23.930   360   458 D EvsDriver: doneWithFrame
12-30 10:50:23.938   596  3076 E WifiHAL : Invalid data received from driver
12-30 10:50:23.959   360   931 D EvsDriver: forwardFrame
12-30 10:50:23.960   360   931 D EvsDriver: forwardFrameDirect
12-30 10:50:23.960   360   931 D EvsDriver: Delivered 0xb400e2ca9e40c7a0 as id 1
12-30 10:50:23.960   359  2784 D evsmanagerd: /dev/video-evs0 forwarded the buffer #1 to 0xb400f125d2b26dd0 from 0xb400f125e2b20710
12-30 10:50:23.964  2358  2623 D RcfController: Rcf proxy is not connected!
12-30 10:50:23.970   360   458 D EvsDriver: doneWithFrame
12-30 10:50:23.993   360   931 D EvsDriver: forwardFrame
12-30 10:50:23.993   360   931 D EvsDriver: forwardFrameDirect
12-30 10:50:23.993   360   931 D EvsDriver: Delivered 0xb400e2ca9e40e270 as id 0
12-30 10:50:23.993   359  2784 D evsmanagerd: /dev/video-evs0 forwarded the buffer #0 to 0xb400f125d2b26dd0 from 0xb400f125e2b20710
12-30 10:50:24.001   360   458 D EvsDriver: doneWithFrame
12-30 10:50:24.003   596  3076 E WifiHAL : Invalid data received from driver
12-30 10:50:24.014  2358  2623 D RcfController: Rcf proxy is not connected!
12-30 10:50:24.021   650   729 D fgemcucomm: sd Uart data : 6AA602F87000028B30D9
12-30 10:50:24.022   650   729 D fgemcucomm: rev uart=65780,len=96, data : 6AA681F87000588B30B01E0A3217A55A8B000101010000000000002A000000000000000000002A000000000201000000012A000401040100000002FF2A010000000002000001002A00000101000A0000002A0000010900000000000000000031
12-30 10:50:24.026   360   931 D EvsDriver: forwardFrame
12-30 10:50:24.026   360   931 D EvsDriver: forwardFrameDirect
12-30 10:50:24.027   360   931 D EvsDriver: Delivered 0xb400e2ca9e40d4b0 as id 1
12-30 10:50:24.027   359  2784 D evsmanagerd: /dev/video-evs0 forwarded the buffer #1 to 0xb400f125d2b26dd0 from 0xb400f125e2b20710
12-30 10:50:24.031   360   458 D EvsDriver: doneWithFrame
12-30 10:50:24.050   596  3076 E WifiHAL : Invalid data received from driver
12-30 10:50:24.059   360   931 D EvsDriver: forwardFrame
12-30 10:50:24.060   360   931 D EvsDriver: forwardFrameDirect
12-30 10:50:24.060   360   931 D EvsDriver: Delivered 0xb400e2ca9e40c2d0 as id 0
12-30 10:50:24.060   359  2784 D evsmanagerd: /dev/video-evs0 forwarded the buffer #0 to 0xb400f125d2b26dd0 from 0xb400f125e2b20710
12-30 10:50:24.061   360   458 D EvsDriver: doneWithFrame
12-30 10:50:24.065  2358  2623 D RcfController: Rcf proxy is not connected!
12-30 10:50:24.085  1582  3078 I c       : checkService in back thread add: adayo.upgrade.v2.0
12-30 10:50:24.086  1582  3078 E upgradeApp_251223_V1  l: d(null:11)pre->c(null:23)-> serviceBinder is null
12-30 10:50:24.086  1582  3078 W c       : doBindService in back thread fail: adayo.upgrade.v2.0
12-30 10:50:24.093   360   931 D EvsDriver: forwardFrame
12-30 10:50:24.093   360   931 D EvsDriver: forwardFrameDirect
12-30 10:50:24.093   360   931 D EvsDriver: Delivered 0xb400e2ca9e40d090 as id 1
12-30 10:50:24.093   359  2784 D evsmanagerd: /dev/video-evs0 forwarded the buffer #1 to 0xb400f125d2b26dd0 from 0xb400f125e2b20710
12-30 10:50:24.102   360   458 D EvsDriver: doneWithFrame
12-30 10:50:24.115  2358  2623 D RcfController: Rcf proxy is not connected!
12-30 10:50:24.119   596  3076 E WifiHAL : Invalid data received from driver
12-30 10:50:24.126   360   931 D EvsDriver: forwardFrame
12-30 10:50:24.126   360   931 D EvsDriver: forwardFrameDirect
12-30 10:50:24.127   360   931 D EvsDriver: Delivered 0xb400e2ca9e40e110 as id 0
12-30 10:50:24.127   359  2784 D evsmanagerd: /dev/video-evs0 forwarded the buffer #0 to 0xb400f125d2b26dd0 from 0xb400f125e2b20710
12-30 10:50:24.132   360   458 D EvsDriver: doneWithFrame
12-30 10:50:24.159   360   931 D EvsDriver: forwardFrame
12-30 10:50:24.160   360   931 D EvsDriver: forwardFrameDirect
12-30 10:50:24.160   360   931 D EvsDriver: Delivered 0xb400e2ca9e40c7a0 as id 1
12-30 10:50:24.160   359  2784 D evsmanagerd: /dev/video-evs0 forwarded the buffer #1 to 0xb400f125d2b26dd0 from 0xb400f125e2b20710
12-30 10:50:24.163   360   458 D EvsDriver: doneWithFrame
12-30 10:50:24.163  1667  2513 W ContextImpl: Calling a method in the system process without a qualified user: android.app.ContextImpl.bindService:1988 android.content.ContextWrapper.bindService:861 com.ford.sync.fnvservice.analytics.AnalyticsManager$RetryHandler.a:126 com.ford.sync.fnvservice.analytics.AnalyticsManager$RetryHandler.handleMessage:103 android.os.Handler.dispatchMessage:106 
12-30 10:50:24.164   916  5915 W ActivityManager: Unable to start service Intent { cmp=com.ford.sync.fnvservice/.analytics.AnalyticsService } U=0: not found
12-30 10:50:24.165  1667  2513 W AnalyticsManager:  bind ford Analytics failed -> sendRetryMessage 
12-30 10:50:24.165  2358  2623 D RcfController: Rcf proxy is not connected!
12-30 10:50:24.167   596  3076 E WifiHAL : Invalid data received from driver
12-30 10:50:24.193   360   931 D EvsDriver: forwardFrame
12-30 10:50:24.193   360   931 D EvsDriver: forwardFrameDirect
12-30 10:50:24.193   360   931 D EvsDriver: Delivered 0xb400e2ca9e40e270 as id 0
12-30 10:50:24.193   359  2784 D evsmanagerd: /dev/video-evs0 forwarded the buffer #0 to 0xb400f125d2b26dd0 from 0xb400f125e2b20710
12-30 10:50:24.203   360   458 D EvsDriver: doneWithFrame
12-30 10:50:24.216  2358  2623 D RcfController: Rcf proxy is not connected!
12-30 10:50:24.226   360   931 D EvsDriver: forwardFrame
12-30 10:50:24.226   360   931 D EvsDriver: forwardFrameDirect
12-30 10:50:24.227   360   931 D EvsDriver: Delivered 0xb400e2ca9e40d4b0 as id 1
12-30 10:50:24.227   359  2784 D evsmanagerd: /dev/video-evs0 forwarded the buffer #1 to 0xb400f125d2b26dd0 from 0xb400f125e2b20710
12-30 10:50:24.233   360   458 D EvsDriver: doneWithFrame
12-30 10:50:24.246   596  3076 E WifiHAL : Invalid data received from driver
12-30 10:50:24.259   665  1525 I gps_hdbd: [gps_upgrade_thread 3403]Enter
12-30 10:50:24.259   665  1525 I gps_hdbd: [gps_upgrade_thread 3432] sys.gps.update:0 ,file:not ,upgrate_ing:0
12-30 10:50:24.259   360   931 D EvsDriver: forwardFrame
12-30 10:50:24.260   360   931 D EvsDriver: forwardFrameDirect
12-30 10:50:24.260   360   931 D EvsDriver: Delivered 0xb400e2ca9e40c2d0 as id 0
12-30 10:50:24.260   359  2784 D evsmanagerd: /dev/video-evs0 forwarded the buffer #0 to 0xb400f125d2b26dd0 from 0xb400f125e2b20710
12-30 10:50:24.264   360   458 D EvsDriver: doneWithFrame
12-30 10:50:24.266  2358  2623 D RcfController: Rcf proxy is not connected!
12-30 10:50:24.293   360   931 D EvsDriver: forwardFrame
12-30 10:50:24.293   360   931 D EvsDriver: forwardFrameDirect
12-30 10:50:24.293   360   931 D EvsDriver: Delivered 0xb400e2ca9e40d090 as id 1
12-30 10:50:24.293   359  2784 D evsmanagerd: /dev/video-evs0 forwarded the buffer #1 to 0xb400f125d2b26dd0 from 0xb400f125e2b20710
12-30 10:50:24.294   596  3076 E WifiHAL : Invalid data received from driver
12-30 10:50:24.294   596  3076 E WifiHAL : Invalid data received from driver
12-30 10:50:24.304   360   458 D EvsDriver: doneWithFrame
12-30 10:50:24.309   596  3076 E WifiHAL : Invalid data received from driver
12-30 10:50:24.310   596  3076 E WifiHAL : Invalid data received from driver
12-30 10:50:24.310   596  3076 E WifiHAL : Invalid data received from driver
12-30 10:50:24.310   596  3076 E WifiHAL : Invalid data received from driver
12-30 10:50:24.310   596  3076 E WifiHAL : Invalid data received from driver
12-30 10:50:24.310   596  3076 E WifiHAL : Invalid data received from driver
12-30 10:50:24.310   596  3076 E WifiHAL : Invalid data received from driver
12-30 10:50:24.316   596  3076 E WifiHAL : Invalid data received from driver
12-30 10:50:24.316  2358  2623 D RcfController: Rcf proxy is not connected!
12-30 10:50:24.317   596  3076 E WifiHAL : Invalid data received from driver
12-30 10:50:24.326   360   931 D EvsDriver: forwardFrame
12-30 10:50:24.326   360   931 D EvsDriver: forwardFrameDirect
12-30 10:50:24.327   360   931 D EvsDriver: Delivered 0xb400e2ca9e40e110 as id 0
12-30 10:50:24.327   359  2784 D evsmanagerd: /dev/video-evs0 forwarded the buffer #0 to 0xb400f125d2b26dd0 from 0xb400f125e2b20710
12-30 10:50:24.335   360   458 D EvsDriver: doneWithFrame
12-30 10:50:24.346  2475  2681 I TtsServiceAgent: check thread start checking, threadId = 29
12-30 10:50:24.346  2475  2681 D TtsServiceAgent: start bind service...
12-30 10:50:24.346  2475  2681 D TtsServiceAgent: ----->initService, usage = 16
12-30 10:50:24.347  2475  2681 W ContextImpl: Calling a method in the system process without a qualified user: android.app.ContextImpl.bindService:1988 android.content.ContextWrapper.bindService:861 com.iflytek.autofly.ttsaidl.ttsproxy.TtsServiceAgent.initService:189 com.iflytek.autofly.ttsaidl.ttsproxy.TtsServiceAgent.initService:133 com.iflytek.autofly.ttsaidl.ttsproxy.TtsServiceAgent$2.run:517 
12-30 10:50:24.348   916  5915 W ActivityManager: Unable to start service Intent { act=com.iflytek.autofly.tts.ttsservice.TtsAdapterService cmp=com.iflytek.cutefly.speechclient.hmi/com.iflytek.autofly.tts.ttsservice.TtsAdapterService } U=0: not found
12-30 10:50:24.348  2475  2681 D TtsServiceAgent: bindService: false
12-30 10:50:24.348  2475  2681 D TtsServiceAgent: start reInitService
12-30 10:50:24.348  2475  2681 D TtsServiceAgent: aidlCheckThreadRunning = true
12-30 10:50:24.348  2475  2681 D TtsServiceAgent: ----->check connection status in 1000s...
12-30 10:50:24.357   596  3076 E WifiHAL : Invalid data received from driver
12-30 10:50:24.359   360   931 D EvsDriver: forwardFrame
12-30 10:50:24.360   360   931 D EvsDriver: forwardFrameDirect
12-30 10:50:24.360   360   931 D EvsDriver: Delivered 0xb400e2ca9e40c7a0 as id 1
12-30 10:50:24.360   359  2784 D evsmanagerd: /dev/video-evs0 forwarded the buffer #1 to 0xb400f125d2b26dd0 from 0xb400f125e2b20710
12-30 10:50:24.365   360   458 D EvsDriver: doneWithFrame
12-30 10:50:24.366  2358  2623 D RcfController: Rcf proxy is not connected!
12-30 10:50:24.392  1667  2407 I media_message_log->MediaMessageProxy: (SourceFile:1)b connectToService action bind
12-30 10:50:24.393   360   931 D EvsDriver: forwardFrame
12-30 10:50:24.393   360   931 D EvsDriver: forwardFrameDirect
12-30 10:50:24.393   360   931 D EvsDriver: Delivered 0xb400e2ca9e40e270 as id 0
12-30 10:50:24.393   916  5915 W ActivityManager: Unable to start service Intent { cmp=com.adayo.server.mediamessagetransfer/.MediaMessTransferService (has extras) } U=0: not found
12-30 10:50:24.393   359  2784 D evsmanagerd: /dev/video-evs0 forwarded the buffer #0 to 0xb400f125d2b26dd0 from 0xb400f125e2b20710
12-30 10:50:24.394  1667  2407 E media_message_log->MediaMessageProxy: (SourceFile:7)a bindServiceAsUser isBound = false
12-30 10:50:24.395   360   458 D EvsDriver: doneWithFrame
12-30 10:50:24.417  2358  2623 D RcfController: Rcf proxy is not connected!
12-30 10:50:24.426   360   931 D EvsDriver: forwardFrame
12-30 10:50:24.426   360   931 D EvsDriver: forwardFrameDirect
12-30 10:50:24.427   360   931 D EvsDriver: Delivered 0xb400e2ca9e40d4b0 as id 1
12-30 10:50:24.427   359  2784 D evsmanagerd: /dev/video-evs0 forwarded the buffer #1 to 0xb400f125d2b26dd0 from 0xb400f125e2b20710
12-30 10:50:24.429   596  3076 E WifiHAL : Invalid data received from driver
12-30 10:50:24.436   360   458 D EvsDriver: doneWithFrame
12-30 10:50:24.450   650   730 D fgemcucomm: sd Uart data : 6AA600180E00020601D1
12-30 10:50:24.459   360   931 D EvsDriver: forwardFrame
12-30 10:50:24.460   360   931 D EvsDriver: forwardFrameDirect
12-30 10:50:24.460   360   931 D EvsDriver: Delivered 0xb400e2ca9e40c2d0 as id 0
12-30 10:50:24.460   359  2784 D evsmanagerd: /dev/video-evs0 forwarded the buffer #0 to 0xb400f125d2b26dd0 from 0xb400f125e2b20710
12-30 10:50:24.466   360   458 D EvsDriver: doneWithFrame
12-30 10:50:24.467  2358  2623 D RcfController: Rcf proxy is not connected!
12-30 10:50:24.493   360   931 D EvsDriver: forwardFrame
12-30 10:50:24.493   360   931 D EvsDriver: forwardFrameDirect
12-30 10:50:24.493   360   931 D EvsDriver: Delivered 0xb400e2ca9e40d090 as id 1
12-30 10:50:24.493   359  2784 D evsmanagerd: /dev/video-evs0 forwarded the buffer #1 to 0xb400f125d2b26dd0 from 0xb400f125e2b20710
12-30 10:50:24.497   360   458 D EvsDriver: doneWithFrame
12-30 10:50:24.509   798  1904 W adbd    : timed out while waiting for FUNCTIONFS_BIND, trying again
12-30 10:50:24.510   798  1904 I adbd    : UsbFfs: connection terminated: monitor thread finished
12-30 10:50:24.510   798   798 I adbd    : UsbFfs: already offline
12-30 10:50:24.510   798   798 I adbd    : destroying transport UsbFfs
12-30 10:50:24.510   798   798 I adbd    : UsbFfsConnection being destroyed
12-30 10:50:24.515   596  3076 E WifiHAL : Invalid data received from driver
12-30 10:50:24.517  2358  2623 D RcfController: Rcf proxy is not connected!
12-30 10:50:24.526   360   931 D EvsDriver: forwardFrame
12-30 10:50:24.526   360   931 D EvsDriver: forwardFrameDirect
12-30 10:50:24.527   360   931 D EvsDriver: Delivered 0xb400e2ca9e40e110 as id 0
12-30 10:50:24.527   359  2784 D evsmanagerd: /dev/video-evs0 forwarded the buffer #0 to 0xb400f125d2b26dd0 from 0xb400f125e2b20710
12-30 10:50:24.537   360   458 D EvsDriver: doneWithFrame
12-30 10:50:24.559   596  3076 E WifiHAL : Invalid data received from driver
12-30 10:50:24.559   360   931 D EvsDriver: forwardFrame
12-30 10:50:24.559   360   931 D EvsDriver: forwardFrameDirect
12-30 10:50:24.560   360   931 D EvsDriver: Delivered 0xb400e2ca9e40c7a0 as id 1
12-30 10:50:24.560   359  2784 D evsmanagerd: /dev/video-evs0 forwarded the buffer #1 to 0xb400f125d2b26dd0 from 0xb400f125e2b20710
12-30 10:50:24.567   360   458 D EvsDriver: doneWithFrame
12-30 10:50:24.568  2358  2623 D RcfController: Rcf proxy is not connected!
12-30 10:50:24.582   798   838 I adbd    : opening control endpoint /dev/usb-ffs/adb/ep0
12-30 10:50:24.583   798   838 I adbd    : UsbFfsConnection constructed
12-30 10:50:24.583   798  1908 I adbd    : UsbFfs-monitor thread spawned
12-30 10:50:24.584 15305 15305 I auditd  : type=1400 audit(0.0:890614): avc:  denied  { syslog_mod } for  comm="cat" scontext=u:r:trace_kernel:s0 tcontext=u:r:kernel:s0 tclass=system permissive=1
12-30 10:50:24.584 15305 15305 I cat     : type=1400 audit(0.0:890614): avc:  denied  { syslog_mod } for  scontext=u:r:trace_kernel:s0 tcontext=u:r:kernel:s0 tclass=system permissive=1
12-30 10:50:24.593   360   931 D EvsDriver: forwardFrame
12-30 10:50:24.593   360   931 D EvsDriver: forwardFrameDirect
12-30 10:50:24.593   360   931 D EvsDriver: Delivered 0xb400e2ca9e40e270 as id 0
12-30 10:50:24.593   359  2784 D evsmanagerd: /dev/video-evs0 forwarded the buffer #0 to 0xb400f125d2b26dd0 from 0xb400f125e2b20710
12-30 10:50:24.597  1667  2594 W ContextImpl: Calling a method in the system process without a qualified user: android.app.ContextImpl.bindService:1988 android.content.ContextWrapper.bindService:861 com.ford.sync.fnvservice.FordFnv.c:202 com.ford.sync.fnvservice.FordFnv.c:43 com.ford.sync.fnvservice.FordFnv$RetryHandler.handleMessage:245 
12-30 10:50:24.598   360   458 D EvsDriver: doneWithFrame
12-30 10:50:24.598   916  5915 W ActivityManager: Unable to start service Intent { cmp=com.ford.sync.fnvservice/.FordFnvService } U=0: not found
12-30 10:50:24.599  1667  2594 W FordFnv :  bind ford fnv failed -> sendRetryMessage 
12-30 10:50:24.604  1667  2410 I media_message_log->MediaMessageUserProxy: (SourceFile:1)b connectToService action bind
12-30 10:50:24.605   916  5915 W ActivityManager: Unable to start service Intent { cmp=com.adayo.server.mediamessagetransfer/.MediaMessTransferService (has extras) } U=0: not found
12-30 10:50:24.605  1667  2410 E media_message_log->MediaMessageUserProxy: (SourceFile:7)a bindServiceAsUser isBound = false
12-30 10:50:24.606   650   729 D fgemcucomm: sd Uart data : 6AA602F87100029202FF
12-30 10:50:24.606   650   729 D fgemcucomm: rev uart=65781,len=14, data : 6AA681F87100069202000B000071
12-30 10:50:24.607   398  2883 D adayocomadapter-ParseProtocolFunc: printRaWMsg Name[MCUToUPstream recv] len[6] data[9202000B0000]
12-30 10:50:24.607   398  2883 D adayocomadapter-CommunicationManager: onUpstreamback   member[0] dataLength[3] timePoint[7960428]
12-30 10:50:24.607   398  2883 D adayocomadapter-ParseProtocolFunc: printRaWMsg Name[onUpstreamback] len[3] data[0B0000]
12-30 10:50:24.607   398   464 D adayocomadapter-UpstreamHandler: processBeforePacket upSreamtProcessTimePoint[7960429] 
12-30 10:50:24.607   398   464 D adayocomadapter-UpstreamHandler: processPacket UPSTREAM_QUEUE_DATA_TIMEOUT
12-30 10:50:24.607   398   464 D adayocomadapter-ParseProtocolFunc: parseCommonIPCLBytes Processing tableNumber[11]
12-30 10:50:24.607   398   464 D adayocomadapter-ParseProtocolFunc: parseCommonIPCLBytes Processing tablename[Table-11] tableSize[3]
12-30 10:50:24.607   398   464 D adayocomadapter-ParseProtocolFunc: printRaWMsg Name[byteStream recv] len[3] data[0B0000]
12-30 10:50:24.607   398   464 D adayocomadapter-ParseProtocolFunc: printRaWMsg Name[IPCLtoVHAL] len[7] data[2140200B000000]
12-30 10:50:24.607   398   464 D adayocomadapter-CommunicationManager: onUpstreamReceive mPropertyId 0x2140200b
12-30 10:50:24.607   398   464 D adayocomadapter-CommunicationManager: convertBytesToInt32Memcpy  0
12-30 10:50:24.607   398   464 I vw-vhal : notifyVehicleProperty, propId = 0x2140200b, data = {status: 2, int32Values: [0]}
12-30 10:50:24.607   398   464 I vw-vhal : CanSignalsAdapter::notifyVehicleProperty: solvedValue = {.timestamp = 7960429280613, .areaId = 0, .prop = 557850635, .status = AVAILABLE, .value = {.int32Values = [1]{0}, .floatValues = [0]{}, .int64Values = [0]{}, .bytes = [0]{}, .stringValue = ""}}
12-30 10:50:24.607   398   464 I VehiclePropertyStore: begin to write value to Store: {.timestamp = 7960429280613, .areaId = 0, .prop = 557850635, .status = AVAILABLE, .value = {.int32Values = [1]{0}, .floatValues = [0]{}, .int64Values = [0]{}, .bytes = [0]{}, .stringValue = ""}}
12-30 10:50:24.607   398   464 I DefaultVehicleHal_v2_0: DefaultVehicleHal::onPropertyValue, value:{.timestamp = 7960429280613, .areaId = 0, .prop = 557850635, .status = AVAILABLE, .value = {.int32Values = [1]{0}, .floatValues = [0]{}, .int64Values = [0]{}, .bytes = [0]{}, .stringValue = ""}}
12-30 10:50:24.607   398   464 D DiagPropHandler: is not DiagnosticConfig: 0x2140200b
12-30 10:50:24.607   398   464 I VehiclePropertyStore: begin to write value to Store: {.timestamp = 7960429280613, .areaId = 0, .prop = 557850635, .status = AVAILABLE, .value = {.int32Values = [1]{0}, .floatValues = [0]{}, .int64Values = [0]{}, .bytes = [0]{}, .stringValue = ""}}
12-30 10:50:24.607   398   464 D adayocomadapter-CommunicationManager: onUpstreamReceive mPropertyId 0x2140200b
12-30 10:50:24.618  2358  2623 D RcfController: Rcf proxy is not connected!
12-30 10:50:24.626   360   931 D EvsDriver: forwardFrame
12-30 10:50:24.626   360   931 D EvsDriver: forwardFrameDirect
12-30 10:50:24.626   360   931 D EvsDriver: Delivered 0xb400e2ca9e40d4b0 as id 1
12-30 10:50:24.626   359  2784 D evsmanagerd: /dev/video-evs0 forwarded the buffer #1 to 0xb400f125d2b26dd0 from 0xb400f125e2b20710
12-30 10:50:24.628   360   458 D EvsDriver: doneWithFrame
12-30 10:50:24.631   596  3076 E WifiHAL : Invalid data received from driver
12-30 10:50:24.647   650   729 D fgemcucomm: sd Uart data : 6AA602F87200029202FE
12-30 10:50:24.647   650   729 D fgemcucomm: rev uart=65782,len=19, data : 6AA681F872000B9202000F0000000000000067
12-30 10:50:24.648   398  2883 D adayocomadapter-ParseProtocolFunc: printRaWMsg Name[MCUToUPstream recv] len[11] data[9202000F00000000000000]
12-30 10:50:24.648   398  2883 D adayocomadapter-CommunicationManager: onUpstreamback   member[0] dataLength[8] timePoint[7960469]
12-30 10:50:24.648   398  2883 D adayocomadapter-ParseProtocolFunc: printRaWMsg Name[onUpstreamback] len[8] data[0F00000000000000]
12-30 10:50:24.648   398   464 D adayocomadapter-UpstreamHandler: processBeforePacket upSreamtProcessTimePoint[7960470] 
12-30 10:50:24.648   398   464 D adayocomadapter-UpstreamHandler: processPacket UPSTREAM_QUEUE_DATA_TIMEOUT
12-30 10:50:24.648   398   464 D adayocomadapter-ParseProtocolFunc: parseCommonIPCLBytes Processing tableNumber[15]
12-30 10:50:24.648   398   464 D adayocomadapter-ParseProtocolFunc: parseCommonIPCLBytes Processing tablename[Table-15] tableSize[8]
12-30 10:50:24.648   398   464 D adayocomadapter-ParseProtocolFunc: printRaWMsg Name[byteStream recv] len[8] data[0F00000000000000]
12-30 10:50:24.648   398   464 D adayocomadapter-ParseProtocolFunc: printRaWMsg Name[IPCLtoVHAL] len[6] data[214020F30000]
12-30 10:50:24.648   398   464 D adayocomadapter-ParseProtocolFunc: printRaWMsg Name[IPCLtoVHAL] len[6] data[214020F40000]
12-30 10:50:24.648   398   464 D adayocomadapter-ParseProtocolFunc: printRaWMsg Name[IPCLtoVHAL] len[6] data[214020F50000]
12-30 10:50:24.648   398   464 D adayocomadapter-ParseProtocolFunc: printRaWMsg Name[IPCLtoVHAL] len[6] data[214020F60000]
12-30 10:50:24.648   398   464 D adayocomadapter-ParseProtocolFunc: printRaWMsg Name[IPCLtoVHAL] len[6] data[214020F70000]
12-30 10:50:24.648   398   464 D adayocomadapter-ParseProtocolFunc: printRaWMsg Name[IPCLtoVHAL] len[6] data[214020F80000]
12-30 10:50:24.648   398   464 D adayocomadapter-ParseProtocolFunc: printRaWMsg Name[IPCLtoVHAL] len[6] data[214020F90000]
12-30 10:50:24.648   398   464 D adayocomadapter-CommunicationManager: onUpstreamReceive mPropertyId 0x214020f3
12-30 10:50:24.648   398   464 D adayocomadapter-CommunicationManager: convertBytesToInt32Memcpy  0
12-30 10:50:24.648   398   464 I vw-vhal : notifyVehicleProperty, propId = 0x214020f3, data = {status: 2, int32Values: [0]}
12-30 10:50:24.648   398   464 I vw-vhal : CanSignalsAdapter::notifyVehicleProperty: solvedValue = {.timestamp = 7960470332280, .areaId = 0, .prop = 557850867, .status = AVAILABLE, .value = {.int32Values = [1]{0}, .floatValues = [0]{}, .int64Values = [0]{}, .bytes = [0]{}, .stringValue = ""}}
12-30 10:50:24.648   398   464 I VehiclePropertyStore: begin to write value to Store: {.timestamp = 7960470332280, .areaId = 0, .prop = 557850867, .status = AVAILABLE, .value = {.int32Values = [1]{0}, .floatValues = [0]{}, .int64Values = [0]{}, .bytes = [0]{}, .stringValue = ""}}
12-30 10:50:24.648   398   464 I DefaultVehicleHal_v2_0: DefaultVehicleHal::onPropertyValue, value:{.timestamp = 7960470332280, .areaId = 0, .prop = 557850867, .status = AVAILABLE, .value = {.int32Values = [1]{0}, .floatValues = [0]{}, .int64Values = [0]{}, .bytes = [0]{}, .stringValue = ""}}
12-30 10:50:24.648   398   464 D DiagPropHandler: is not DiagnosticConfig: 0x214020f3
12-30 10:50:24.648   398   464 I VehiclePropertyStore: begin to write value to Store: {.timestamp = 7960470332280, .areaId = 0, .prop = 557850867, .status = AVAILABLE, .value = {.int32Values = [1]{0}, .floatValues = [0]{}, .int64Values = [0]{}, .bytes = [0]{}, .stringValue = ""}}
12-30 10:50:24.648   398   464 D adayocomadapter-CommunicationManager: onUpstreamReceive mPropertyId 0x214020f3
12-30 10:50:24.648   398   464 D adayocomadapter-CommunicationManager: onUpstreamReceive mPropertyId 0x214020f4
12-30 10:50:24.648   398   464 D adayocomadapter-CommunicationManager: convertBytesToInt32Memcpy  0
12-30 10:50:24.648   398   464 I vw-vhal : notifyVehicleProperty, propId = 0x214020f4, data = {status: 2, int32Values: [0]}
12-30 10:50:24.648   398   464 I vw-vhal : CanSignalsAdapter::notifyVehicleProperty: solvedValue = {.timestamp = 7960470565280, .areaId = 0, .prop = 557850868, .status = AVAILABLE, .value = {.int32Values = [1]{0}, .floatValues = [0]{}, .int64Values = [0]{}, .bytes = [0]{}, .stringValue = ""}}
12-30 10:50:24.648   398   464 I VehiclePropertyStore: begin to write value to Store: {.timestamp = 7960470565280, .areaId = 0, .prop = 557850868, .status = AVAILABLE, .value = {.int32Values = [1]{0}, .floatValues = [0]{}, .int64Values = [0]{}, .bytes = [0]{}, .stringValue = ""}}
12-30 10:50:24.648   398   464 I DefaultVehicleHal_v2_0: DefaultVehicleHal::onPropertyValue, value:{.timestamp = 7960470565280, .areaId = 0, .prop = 557850868, .status = AVAILABLE, .value = {.int32Values = [1]{0}, .floatValues = [0]{}, .int64Values = [0]{}, .bytes = [0]{}, .stringValue = ""}}
12-30 10:50:24.648   398   464 D DiagPropHandler: is not DiagnosticConfig: 0x214020f4
12-30 10:50:24.648   398   464 I VehiclePropertyStore: begin to write value to Store: {.timestamp = 7960470565280, .areaId = 0, .prop = 557850868, .status = AVAILABLE, .value = {.int32Values = [1]{0}, .floatValues = [0]{}, .int64Values = [0]{}, .bytes = [0]{}, .stringValue = ""}}
12-30 10:50:24.648   398   464 D adayocomadapter-CommunicationManager: onUpstreamReceive mPropertyId 0x214020f4
12-30 10:50:24.648   398   464 D adayocomadapter-CommunicationManager: onUpstreamReceive mPropertyId 0x214020f5
12-30 10:50:24.648   398   464 D adayocomadapter-CommunicationManager: convertBytesToInt32Memcpy  0
12-30 10:50:24.648   398   464 I vw-vhal : notifyVehicleProperty, propId = 0x214020f5, data = {status: 2, int32Values: [0]}
12-30 10:50:24.648   398   464 I vw-vhal : CanSignalsAdapter::notifyVehicleProperty: solvedValue = {.timestamp = 7960470761280, .areaId = 0, .prop = 557850869, .status = AVAILABLE, .value = {.int32Values = [1]{0}, .floatValues = [0]{}, .int64Values = [0]{}, .bytes = [0]{}, .stringValue = ""}}
12-30 10:50:24.648   398   464 I VehiclePropertyStore: begin to write value to Store: {.timestamp = 7960470761280, .areaId = 0, .prop = 557850869, .status = AVAILABLE, .value = {.int32Values = [1]{0}, .floatValues = [0]{}, .int64Values = [0]{}, .bytes = [0]{}, .stringValue = ""}}
12-30 10:50:24.648   398   464 I DefaultVehicleHal_v2_0: DefaultVehicleHal::onPropertyValue, value:{.timestamp = 7960470761280, .areaId = 0, .prop = 557850869, .status = AVAILABLE, .value = {.int32Values = [1]{0}, .floatValues = [0]{}, .int64Values = [0]{}, .bytes = [0]{}, .stringValue = ""}}
12-30 10:50:24.648   398   464 D DiagPropHandler: is not DiagnosticConfig: 0x214020f5
12-30 10:50:24.649   398   464 I VehiclePropertyStore: begin to write value to Store: {.timestamp = 7960470761280, .areaId = 0, .prop = 557850869, .status = AVAILABLE, .value = {.int32Values = [1]{0}, .floatValues = [0]{}, .int64Values = [0]{}, .bytes = [0]{}, .stringValue = ""}}
12-30 10:50:24.649   398   464 D adayocomadapter-CommunicationManager: onUpstreamReceive mPropertyId 0x214020f5
12-30 10:50:24.649   398   464 D adayocomadapter-CommunicationManager: onUpstreamReceive mPropertyId 0x214020f6
12-30 10:50:24.649   398   464 D adayocomadapter-CommunicationManager: convertBytesToInt32Memcpy  0
12-30 10:50:24.649   398   464 I vw-vhal : notifyVehicleProperty, propId = 0x214020f6, data = {status: 2, int32Values: [0]}
12-30 10:50:24.649   398   464 I vw-vhal : CanSignalsAdapter::notifyVehicleProperty: solvedValue = {.timestamp = 7960470954280, .areaId = 0, .prop = 557850870, .status = AVAILABLE, .value = {.int32Values = [1]{0}, .floatValues = [0]{}, .int64Values = [0]{}, .bytes = [0]{}, .stringValue = ""}}
12-30 10:50:24.649   398   464 I VehiclePropertyStore: begin to write value to Store: {.timestamp = 7960470954280, .areaId = 0, .prop = 557850870, .status = AVAILABLE, .value = {.int32Values = [1]{0}, .floatValues = [0]{}, .int64Values = [0]{}, .bytes = [0]{}, .stringValue = ""}}
12-30 10:50:24.649   398   464 I DefaultVehicleHal_v2_0: DefaultVehicleHal::onPropertyValue, value:{.timestamp = 7960470954280, .areaId = 0, .prop = 557850870, .status = AVAILABLE, .value = {.int32Values = [1]{0}, .floatValues = [0]{}, .int64Values = [0]{}, .bytes = [0]{}, .stringValue = ""}}
12-30 10:50:24.649   398   464 D DiagPropHandler: is not DiagnosticConfig: 0x214020f6
12-30 10:50:24.649   398   464 I VehiclePropertyStore: begin to write value to Store: {.timestamp = 7960470954280, .areaId = 0, .prop = 557850870, .status = AVAILABLE, .value = {.int32Values = [1]{0}, .floatValues = [0]{}, .int64Values = [0]{}, .bytes = [0]{}, .stringValue = ""}}
12-30 10:50:24.649   398   464 D adayocomadapter-CommunicationManager: onUpstreamReceive mPropertyId 0x214020f6
