12-30 10:50:22.242   398   464 D DiagPropHandler: is not DiagnosticConfig: 0x2140216c
12-30 10:50:22.242   398   464 I VehiclePropertyStore: begin to write value to Store: {.timestamp = 7958064152613, .areaId = 0, .prop = 557850988, .status = AVAILABLE, .value = {.int32Values = [1]{0}, .floatValues = [0]{}, .int64Values = [0]{}, .bytes = [0]{}, .stringValue = ""}}
12-30 10:50:22.242   398   464 D adayocomadapter-CommunicationManager: onUpstreamReceive mPropertyId 0x2140216c
12-30 10:50:22.242   398   464 D adayocomadapter-CommunicationManager: onUpstreamReceive mPropertyId 0x214020a6
12-30 10:50:22.242   398   464 D adayocomadapter-CommunicationManager: convertBytesToInt32Memcpy  0
12-30 10:50:22.242   398   464 I vw-vhal : notifyVehicleProperty, propId = 0x214020a6, data = {status: 2, int32Values: [0]}
12-30 10:50:22.243   398   464 I vw-vhal : CanSignalsAdapter::notifyVehicleProperty: solvedValue = {.timestamp = 7958064830280, .areaId = 0, .prop = 557850790, .status = AVAILABLE, .value = {.int32Values = [1]{0}, .floatValues = [0]{}, .int64Values = [0]{}, .bytes = [0]{}, .stringValue = ""}}
12-30 10:50:22.243   398   464 I VehiclePropertyStore: begin to write value to Store: {.timestamp = 7958064830280, .areaId = 0, .prop = 557850790, .status = AVAILABLE, .value = {.int32Values = [1]{0}, .floatValues = [0]{}, .int64Values = [0]{}, .bytes = [0]{}, .stringValue = ""}}
12-30 10:50:22.243   398   464 I DefaultVehicleHal_v2_0: DefaultVehicleHal::onPropertyValue, value:{.timestamp = 7958064830280, .areaId = 0, .prop = 557850790, .status = AVAILABLE, .value = {.int32Values = [1]{0}, .floatValues = [0]{}, .int64Values = [0]{}, .bytes = [0]{}, .stringValue = ""}}
12-30 10:50:22.243   398   464 D DiagPropHandler: is not DiagnosticConfig: 0x214020a6
12-30 10:50:22.243   398   464 I VehiclePropertyStore: begin to write value to Store: {.timestamp = 7958064830280, .areaId = 0, .prop = 557850790, .status = AVAILABLE, .value = {.int32Values = [1]{0}, .floatValues = [0]{}, .int64Values = [0]{}, .bytes = [0]{}, .stringValue = ""}}
12-30 10:50:22.243   398   464 D adayocomadapter-CommunicationManager: onUpstreamReceive mPropertyId 0x214020a6
12-30 10:50:22.243   398   464 D adayocomadapter-CommunicationManager: onUpstreamReceive mPropertyId 0x214020fc
12-30 10:50:22.243   398   464 D adayocomadapter-CommunicationManager: convertBytesToInt32Memcpy  0
12-30 10:50:22.243   398   464 I vw-vhal : notifyVehicleProperty, propId = 0x214020fc, data = {status: 2, int32Values: [0]}
12-30 10:50:22.243   398   464 I vw-vhal : CanSignalsAdapter::notifyVehicleProperty: solvedValue = {.timestamp = 7958065497613, .areaId = 0, .prop = 557850876, .status = AVAILABLE, .value = {.int32Values = [1]{0}, .floatValues = [0]{}, .int64Values = [0]{}, .bytes = [0]{}, .stringValue = ""}}
12-30 10:50:22.243   398   464 I VehiclePropertyStore: begin to write value to Store: {.timestamp = 7958065497613, .areaId = 0, .prop = 557850876, .status = AVAILABLE, .value = {.int32Values = [1]{0}, .floatValues = [0]{}, .int64Values = [0]{}, .bytes = [0]{}, .stringValue = ""}}
12-30 10:50:22.243   398   464 I DefaultVehicleHal_v2_0: DefaultVehicleHal::onPropertyValue, value:{.timestamp = 7958065497613, .areaId = 0, .prop = 557850876, .status = AVAILABLE, .value = {.int32Values = [1]{0}, .floatValues = [0]{}, .int64Values = [0]{}, .bytes = [0]{}, .stringValue = ""}}
12-30 10:50:22.243   398   464 D DiagPropHandler: is not DiagnosticConfig: 0x214020fc
12-30 10:50:22.244   398   464 I VehiclePropertyStore: begin to write value to Store: {.timestamp = 7958065497613, .areaId = 0, .prop = 557850876, .status = AVAILABLE, .value = {.int32Values = [1]{0}, .floatValues = [0]{}, .int64Values = [0]{}, .bytes = [0]{}, .stringValue = ""}}
12-30 10:50:22.244   398   464 D adayocomadapter-CommunicationManager: onUpstreamReceive mPropertyId 0x214020fc
12-30 10:50:22.244   398   464 D adayocomadapter-CommunicationManager: onUpstreamReceive mPropertyId 0x21402108
12-30 10:50:22.244   398   464 D adayocomadapter-CommunicationManager: convertBytesToInt32Memcpy  0
12-30 10:50:22.244   398   464 I vw-vhal : notifyVehicleProperty, propId = 0x21402108, data = {status: 2, int32Values: [0]}
12-30 10:50:22.244   398   464 I vw-vhal : CanSignalsAdapter::notifyVehicleProperty: solvedValue = {.timestamp = 7958066148280, .areaId = 0, .prop = 557850888, .status = AVAILABLE, .value = {.int32Values = [1]{0}, .floatValues = [0]{}, .int64Values = [0]{}, .bytes = [0]{}, .stringValue = ""}}
12-30 10:50:22.244   398   464 I VehiclePropertyStore: begin to write value to Store: {.timestamp = 7958066148280, .areaId = 0, .prop = 557850888, .status = AVAILABLE, .value = {.int32Values = [1]{0}, .floatValues = [0]{}, .int64Values = [0]{}, .bytes = [0]{}, .stringValue = ""}}
12-30 10:50:22.244   398   464 I DefaultVehicleHal_v2_0: DefaultVehicleHal::onPropertyValue, value:{.timestamp = 7958066148280, .areaId = 0, .prop = 557850888, .status = AVAILABLE, .value = {.int32Values = [1]{0}, .floatValues = [0]{}, .int64Values = [0]{}, .bytes = [0]{}, .stringValue = ""}}
12-30 10:50:22.244   398   464 D DiagPropHandler: is not DiagnosticConfig: 0x21402108
12-30 10:50:22.244   398   464 I VehiclePropertyStore: begin to write value to Store: {.timestamp = 7958066148280, .areaId = 0, .prop = 557850888, .status = AVAILABLE, .value = {.int32Values = [1]{0}, .floatValues = [0]{}, .int64Values = [0]{}, .bytes = [0]{}, .stringValue = ""}}
12-30 10:50:22.244   398   464 D adayocomadapter-CommunicationManager: onUpstreamReceive mPropertyId 0x21402108
12-30 10:50:22.244   398   464 D adayocomadapter-CommunicationManager: onUpstreamReceive mPropertyId 0x2140210a
12-30 10:50:22.244   398   464 D adayocomadapter-CommunicationManager: convertBytesToInt32Memcpy  0
12-30 10:50:22.244   398   464 I vw-vhal : notifyVehicleProperty, propId = 0x2140210a, data = {status: 2, int32Values: [0]}
12-30 10:50:22.244   398   464 I vw-vhal : CanSignalsAdapter::notifyVehicleProperty: solvedValue = {.timestamp = 7958066808946, .areaId = 0, .prop = 557850890, .status = AVAILABLE, .value = {.int32Values = [1]{0}, .floatValues = [0]{}, .int64Values = [0]{}, .bytes = [0]{}, .stringValue = ""}}
12-30 10:50:22.245   398   464 I VehiclePropertyStore: begin to write value to Store: {.timestamp = 7958066808946, .areaId = 0, .prop = 557850890, .status = AVAILABLE, .value = {.int32Values = [1]{0}, .floatValues = [0]{}, .int64Values = [0]{}, .bytes = [0]{}, .stringValue = ""}}
12-30 10:50:22.245   398   464 I DefaultVehicleHal_v2_0: DefaultVehicleHal::onPropertyValue, value:{.timestamp = 7958066808946, .areaId = 0, .prop = 557850890, .status = AVAILABLE, .value = {.int32Values = [1]{0}, .floatValues = [0]{}, .int64Values = [0]{}, .bytes = [0]{}, .stringValue = ""}}
12-30 10:50:22.245   398   464 D DiagPropHandler: is not DiagnosticConfig: 0x2140210a
12-30 10:50:22.245   398   464 I VehiclePropertyStore: begin to write value to Store: {.timestamp = 7958066808946, .areaId = 0, .prop = 557850890, .status = AVAILABLE, .value = {.int32Values = [1]{0}, .floatValues = [0]{}, .int64Values = [0]{}, .bytes = [0]{}, .stringValue = ""}}
12-30 10:50:22.245   398   464 D adayocomadapter-CommunicationManager: onUpstreamReceive mPropertyId 0x2140210a
12-30 10:50:22.245   398   464 D adayocomadapter-CommunicationManager: onUpstreamReceive mPropertyId 0x21402024
12-30 10:50:22.245   398   464 D adayocomadapter-CommunicationManager: convertBytesToInt32Memcpy  0
12-30 10:50:22.245   398   464 I vw-vhal : notifyVehicleProperty, propId = 0x21402024, data = {status: 2, int32Values: [0]}
12-30 10:50:22.245   398   464 I vw-vhal : CanSignalsAdapter::notifyVehicleProperty: solvedValue = {.timestamp = 7958067483613, .areaId = 0, .prop = 557850660, .status = AVAILABLE, .value = {.int32Values = [1]{0}, .floatValues = [0]{}, .int64Values = [0]{}, .bytes = [0]{}, .stringValue = ""}}
12-30 10:50:22.245   398   464 I VehiclePropertyStore: begin to write value to Store: {.timestamp = 7958067483613, .areaId = 0, .prop = 557850660, .status = AVAILABLE, .value = {.int32Values = [1]{0}, .floatValues = [0]{}, .int64Values = [0]{}, .bytes = [0]{}, .stringValue = ""}}
12-30 10:50:22.245   398   464 I DefaultVehicleHal_v2_0: DefaultVehicleHal::onPropertyValue, value:{.timestamp = 7958067483613, .areaId = 0, .prop = 557850660, .status = AVAILABLE, .value = {.int32Values = [1]{0}, .floatValues = [0]{}, .int64Values = [0]{}, .bytes = [0]{}, .stringValue = ""}}
12-30 10:50:22.245   398   464 D DiagPropHandler: is not DiagnosticConfig: 0x21402024
12-30 10:50:22.246   398   464 I VehiclePropertyStore: begin to write value to Store: {.timestamp = 7958067483613, .areaId = 0, .prop = 557850660, .status = AVAILABLE, .value = {.int32Values = [1]{0}, .floatValues = [0]{}, .int64Values = [0]{}, .bytes = [0]{}, .stringValue = ""}}
12-30 10:50:22.246   398   464 D adayocomadapter-CommunicationManager: onUpstreamReceive mPropertyId 0x21402024
12-30 10:50:22.246   398   464 D adayocomadapter-CommunicationManager: onUpstreamReceive mPropertyId 0x21402120
12-30 10:50:22.246   398   464 D adayocomadapter-CommunicationManager: convertBytesToInt32Memcpy  0
12-30 10:50:22.246   398   464 I vw-vhal : notifyVehicleProperty, propId = 0x21402120, data = {status: 2, int32Values: [0]}
12-30 10:50:22.246   398   464 I vw-vhal : CanSignalsAdapter::notifyVehicleProperty: solvedValue = {.timestamp = 7958068207280, .areaId = 0, .prop = 557850912, .status = AVAILABLE, .value = {.int32Values = [1]{0}, .floatValues = [0]{}, .int64Values = [0]{}, .bytes = [0]{}, .stringValue = ""}}
12-30 10:50:22.246   398   464 I VehiclePropertyStore: begin to write value to Store: {.timestamp = 7958068207280, .areaId = 0, .prop = 557850912, .status = AVAILABLE, .value = {.int32Values = [1]{0}, .floatValues = [0]{}, .int64Values = [0]{}, .bytes = [0]{}, .stringValue = ""}}
12-30 10:50:22.246   398   464 I DefaultVehicleHal_v2_0: DefaultVehicleHal::onPropertyValue, value:{.timestamp = 7958068207280, .areaId = 0, .prop = 557850912, .status = AVAILABLE, .value = {.int32Values = [1]{0}, .floatValues = [0]{}, .int64Values = [0]{}, .bytes = [0]{}, .stringValue = ""}}
12-30 10:50:22.246   398   464 D DiagPropHandler: is not DiagnosticConfig: 0x21402120
12-30 10:50:22.246   398   464 I VehiclePropertyStore: begin to write value to Store: {.timestamp = 7958068207280, .areaId = 0, .prop = 557850912, .status = AVAILABLE, .value = {.int32Values = [1]{0}, .floatValues = [0]{}, .int64Values = [0]{}, .bytes = [0]{}, .stringValue = ""}}
12-30 10:50:22.246   398   464 D adayocomadapter-CommunicationManager: onUpstreamReceive mPropertyId 0x21402120
12-30 10:50:22.246   398   464 D adayocomadapter-CommunicationManager: onUpstreamReceive mPropertyId 0x21402109
12-30 10:50:22.246   398   464 D adayocomadapter-CommunicationManager: convertBytesToInt32Memcpy  0
12-30 10:50:22.246   398   464 I vw-vhal : notifyVehicleProperty, propId = 0x21402109, data = {status: 2, int32Values: [0]}
12-30 10:50:22.247   398   464 I vw-vhal : CanSignalsAdapter::notifyVehicleProperty: solvedValue = {.timestamp = 7958068869613, .areaId = 0, .prop = 557850889, .status = AVAILABLE, .value = {.int32Values = [1]{0}, .floatValues = [0]{}, .int64Values = [0]{}, .bytes = [0]{}, .stringValue = ""}}
12-30 10:50:22.247   398   464 I VehiclePropertyStore: begin to write value to Store: {.timestamp = 7958068869613, .areaId = 0, .prop = 557850889, .status = AVAILABLE, .value = {.int32Values = [1]{0}, .floatValues = [0]{}, .int64Values = [0]{}, .bytes = [0]{}, .stringValue = ""}}
12-30 10:50:22.247   398   464 I DefaultVehicleHal_v2_0: DefaultVehicleHal::onPropertyValue, value:{.timestamp = 7958068869613, .areaId = 0, .prop = 557850889, .status = AVAILABLE, .value = {.int32Values = [1]{0}, .floatValues = [0]{}, .int64Values = [0]{}, .bytes = [0]{}, .stringValue = ""}}
12-30 10:50:22.247   398   464 D DiagPropHandler: is not DiagnosticConfig: 0x21402109
12-30 10:50:22.247   398   464 I VehiclePropertyStore: begin to write value to Store: {.timestamp = 7958068869613, .areaId = 0, .prop = 557850889, .status = AVAILABLE, .value = {.int32Values = [1]{0}, .floatValues = [0]{}, .int64Values = [0]{}, .bytes = [0]{}, .stringValue = ""}}
12-30 10:50:22.247   398   464 D adayocomadapter-CommunicationManager: onUpstreamReceive mPropertyId 0x21402109
12-30 10:50:22.247   398   464 D adayocomadapter-CommunicationManager: onUpstreamReceive mPropertyId 0x214020a7
12-30 10:50:22.247   398   464 D adayocomadapter-CommunicationManager: convertBytesToInt32Memcpy  0
12-30 10:50:22.247   398   464 I vw-vhal : notifyVehicleProperty, propId = 0x214020a7, data = {status: 2, int32Values: [0]}
12-30 10:50:22.247   398   464 I vw-vhal : CanSignalsAdapter::notifyVehicleProperty: solvedValue = {.timestamp = 7958069557946, .areaId = 0, .prop = 557850791, .status = AVAILABLE, .value = {.int32Values = [1]{0}, .floatValues = [0]{}, .int64Values = [0]{}, .bytes = [0]{}, .stringValue = ""}}
12-30 10:50:22.247   398   464 I VehiclePropertyStore: begin to write value to Store: {.timestamp = 7958069557946, .areaId = 0, .prop = 557850791, .status = AVAILABLE, .value = {.int32Values = [1]{0}, .floatValues = [0]{}, .int64Values = [0]{}, .bytes = [0]{}, .stringValue = ""}}
12-30 10:50:22.247   398   464 I DefaultVehicleHal_v2_0: DefaultVehicleHal::onPropertyValue, value:{.timestamp = 7958069557946, .areaId = 0, .prop = 557850791, .status = AVAILABLE, .value = {.int32Values = [1]{0}, .floatValues = [0]{}, .int64Values = [0]{}, .bytes = [0]{}, .stringValue = ""}}
12-30 10:50:22.247   398   464 D DiagPropHandler: is not DiagnosticConfig: 0x214020a7
12-30 10:50:22.248   398   464 I VehiclePropertyStore: begin to write value to Store: {.timestamp = 7958069557946, .areaId = 0, .prop = 557850791, .status = AVAILABLE, .value = {.int32Values = [1]{0}, .floatValues = [0]{}, .int64Values = [0]{}, .bytes = [0]{}, .stringValue = ""}}
12-30 10:50:22.248   398   464 D adayocomadapter-CommunicationManager: onUpstreamReceive mPropertyId 0x214020a7
12-30 10:50:22.248   398   464 D adayocomadapter-CommunicationManager: onUpstreamReceive mPropertyId 0x2140212e
12-30 10:50:22.248   398   464 D adayocomadapter-CommunicationManager: convertBytesToInt32Memcpy  0
12-30 10:50:22.248   398   464 I vw-vhal : notifyVehicleProperty, propId = 0x2140212e, data = {status: 2, int32Values: [0]}
12-30 10:50:22.248   398   464 I vw-vhal : CanSignalsAdapter::notifyVehicleProperty: solvedValue = {.timestamp = 7958070219280, .areaId = 0, .prop = 557850926, .status = AVAILABLE, .value = {.int32Values = [1]{0}, .floatValues = [0]{}, .int64Values = [0]{}, .bytes = [0]{}, .stringValue = ""}}
12-30 10:50:22.248   398   464 I VehiclePropertyStore: begin to write value to Store: {.timestamp = 7958070219280, .areaId = 0, .prop = 557850926, .status = AVAILABLE, .value = {.int32Values = [1]{0}, .floatValues = [0]{}, .int64Values = [0]{}, .bytes = [0]{}, .stringValue = ""}}
12-30 10:50:22.248   398   464 I DefaultVehicleHal_v2_0: DefaultVehicleHal::onPropertyValue, value:{.timestamp = 7958070219280, .areaId = 0, .prop = 557850926, .status = AVAILABLE, .value = {.int32Values = [1]{0}, .floatValues = [0]{}, .int64Values = [0]{}, .bytes = [0]{}, .stringValue = ""}}
12-30 10:50:22.248   398   464 D DiagPropHandler: is not DiagnosticConfig: 0x2140212e
12-30 10:50:22.248   398   464 I VehiclePropertyStore: begin to write value to Store: {.timestamp = 7958070219280, .areaId = 0, .prop = 557850926, .status = AVAILABLE, .value = {.int32Values = [1]{0}, .floatValues = [0]{}, .int64Values = [0]{}, .bytes = [0]{}, .stringValue = ""}}
12-30 10:50:22.248   398   464 D adayocomadapter-CommunicationManager: onUpstreamReceive mPropertyId 0x2140212e
12-30 10:50:22.248   398   464 D adayocomadapter-CommunicationManager: onUpstreamReceive mPropertyId 0x2140205f
12-30 10:50:22.248   398   464 D adayocomadapter-CommunicationManager: convertBytesToInt32Memcpy  0
12-30 10:50:22.248   398   464 I vw-vhal : notifyVehicleProperty, propId = 0x2140205f, data = {status: 2, int32Values: [0]}
12-30 10:50:22.249   398   464 I vw-vhal : CanSignalsAdapter::notifyVehicleProperty: solvedValue = {.timestamp = 7958070884946, .areaId = 0, .prop = 557850719, .status = AVAILABLE, .value = {.int32Values = [1]{0}, .floatValues = [0]{}, .int64Values = [0]{}, .bytes = [0]{}, .stringValue = ""}}
12-30 10:50:22.249   398   464 I VehiclePropertyStore: begin to write value to Store: {.timestamp = 7958070884946, .areaId = 0, .prop = 557850719, .status = AVAILABLE, .value = {.int32Values = [1]{0}, .floatValues = [0]{}, .int64Values = [0]{}, .bytes = [0]{}, .stringValue = ""}}
12-30 10:50:22.249   398   464 I DefaultVehicleHal_v2_0: DefaultVehicleHal::onPropertyValue, value:{.timestamp = 7958070884946, .areaId = 0, .prop = 557850719, .status = AVAILABLE, .value = {.int32Values = [1]{0}, .floatValues = [0]{}, .int64Values = [0]{}, .bytes = [0]{}, .stringValue = ""}}
12-30 10:50:22.249   398   464 D DiagPropHandler: is not DiagnosticConfig: 0x2140205f
12-30 10:50:22.249   398   464 I VehiclePropertyStore: begin to write value to Store: {.timestamp = 7958070884946, .areaId = 0, .prop = 557850719, .status = AVAILABLE, .value = {.int32Values = [1]{0}, .floatValues = [0]{}, .int64Values = [0]{}, .bytes = [0]{}, .stringValue = ""}}
12-30 10:50:22.249   398   464 D adayocomadapter-CommunicationManager: onUpstreamReceive mPropertyId 0x2140205f
12-30 10:50:22.249   398   464 D adayocomadapter-CommunicationManager: onUpstreamReceive mPropertyId 0x21402100
12-30 10:50:22.249   398   464 D adayocomadapter-CommunicationManager: convertBytesToInt32Memcpy  0
12-30 10:50:22.249   398   464 I vw-vhal : notifyVehicleProperty, propId = 0x21402100, data = {status: 2, int32Values: [0]}
12-30 10:50:22.249   398   464 I vw-vhal : CanSignalsAdapter::notifyVehicleProperty: solvedValue = {.timestamp = 7958071546613, .areaId = 0, .prop = 557850880, .status = AVAILABLE, .value = {.int32Values = [1]{0}, .floatValues = [0]{}, .int64Values = [0]{}, .bytes = [0]{}, .stringValue = ""}}
12-30 10:50:22.249   398   464 I VehiclePropertyStore: begin to write value to Store: {.timestamp = 7958071546613, .areaId = 0, .prop = 557850880, .status = AVAILABLE, .value = {.int32Values = [1]{0}, .floatValues = [0]{}, .int64Values = [0]{}, .bytes = [0]{}, .stringValue = ""}}
12-30 10:50:22.249   398   464 I DefaultVehicleHal_v2_0: DefaultVehicleHal::onPropertyValue, value:{.timestamp = 7958071546613, .areaId = 0, .prop = 557850880, .status = AVAILABLE, .value = {.int32Values = [1]{0}, .floatValues = [0]{}, .int64Values = [0]{}, .bytes = [0]{}, .stringValue = ""}}
12-30 10:50:22.250   398   464 D DiagPropHandler: is not DiagnosticConfig: 0x21402100
12-30 10:50:22.250   398   464 I VehiclePropertyStore: begin to write value to Store: {.timestamp = 7958071546613, .areaId = 0, .prop = 557850880, .status = AVAILABLE, .value = {.int32Values = [1]{0}, .floatValues = [0]{}, .int64Values = [0]{}, .bytes = [0]{}, .stringValue = ""}}
12-30 10:50:22.250   398   464 D adayocomadapter-CommunicationManager: onUpstreamReceive mPropertyId 0x21402100
12-30 10:50:22.250   398   464 D adayocomadapter-CommunicationManager: onUpstreamReceive mPropertyId 0x214021a1
12-30 10:50:22.250   398   464 D adayocomadapter-CommunicationManager: convertBytesToInt32Memcpy  0
12-30 10:50:22.250   398   464 I vw-vhal : notifyVehicleProperty, propId = 0x214021a1, data = {status: 2, int32Values: [0]}
12-30 10:50:22.250   398   464 I vw-vhal : CanSignalsAdapter::notifyVehicleProperty: solvedValue = {.timestamp = 7958072276946, .areaId = 0, .prop = 557851041, .status = AVAILABLE, .value = {.int32Values = [1]{0}, .floatValues = [0]{}, .int64Values = [0]{}, .bytes = [0]{}, .stringValue = ""}}
12-30 10:50:22.250   398   464 I VehiclePropertyStore: begin to write value to Store: {.timestamp = 7958072276946, .areaId = 0, .prop = 557851041, .status = AVAILABLE, .value = {.int32Values = [1]{0}, .floatValues = [0]{}, .int64Values = [0]{}, .bytes = [0]{}, .stringValue = ""}}
12-30 10:50:22.250   398   464 I DefaultVehicleHal_v2_0: DefaultVehicleHal::onPropertyValue, value:{.timestamp = 7958072276946, .areaId = 0, .prop = 557851041, .status = AVAILABLE, .value = {.int32Values = [1]{0}, .floatValues = [0]{}, .int64Values = [0]{}, .bytes = [0]{}, .stringValue = ""}}
12-30 10:50:22.250   398   464 D DiagPropHandler: is not DiagnosticConfig: 0x214021a1
12-30 10:50:22.250   398   464 I VehiclePropertyStore: begin to write value to Store: {.timestamp = 7958072276946, .areaId = 0, .prop = 557851041, .status = AVAILABLE, .value = {.int32Values = [1]{0}, .floatValues = [0]{}, .int64Values = [0]{}, .bytes = [0]{}, .stringValue = ""}}
12-30 10:50:22.250   398   464 D adayocomadapter-CommunicationManager: onUpstreamReceive mPropertyId 0x214021a1
12-30 10:50:22.250   398   464 D adayocomadapter-CommunicationManager: onUpstreamReceive mPropertyId 0x21402027
12-30 10:50:22.250   398   464 D adayocomadapter-CommunicationManager: convertBytesToInt32Memcpy  0
12-30 10:50:22.251   398   464 I vw-vhal : notifyVehicleProperty, propId = 0x21402027, data = {status: 2, int32Values: [0]}
12-30 10:50:22.251   398   464 I vw-vhal : CanSignalsAdapter::notifyVehicleProperty: solvedValue = {.timestamp = 7958072925946, .areaId = 0, .prop = 557850663, .status = AVAILABLE, .value = {.int32Values = [1]{0}, .floatValues = [0]{}, .int64Values = [0]{}, .bytes = [0]{}, .stringValue = ""}}
12-30 10:50:22.251   398   464 I VehiclePropertyStore: begin to write value to Store: {.timestamp = 7958072925946, .areaId = 0, .prop = 557850663, .status = AVAILABLE, .value = {.int32Values = [1]{0}, .floatValues = [0]{}, .int64Values = [0]{}, .bytes = [0]{}, .stringValue = ""}}
12-30 10:50:22.251   398   464 I DefaultVehicleHal_v2_0: DefaultVehicleHal::onPropertyValue, value:{.timestamp = 7958072925946, .areaId = 0, .prop = 557850663, .status = AVAILABLE, .value = {.int32Values = [1]{0}, .floatValues = [0]{}, .int64Values = [0]{}, .bytes = [0]{}, .stringValue = ""}}
12-30 10:50:22.251   398   464 D DiagPropHandler: is not DiagnosticConfig: 0x21402027
12-30 10:50:22.251   398   464 I VehiclePropertyStore: begin to write value to Store: {.timestamp = 7958072925946, .areaId = 0, .prop = 557850663, .status = AVAILABLE, .value = {.int32Values = [1]{0}, .floatValues = [0]{}, .int64Values = [0]{}, .bytes = [0]{}, .stringValue = ""}}
12-30 10:50:22.251   398   464 D adayocomadapter-CommunicationManager: onUpstreamReceive mPropertyId 0x21402027
12-30 10:50:22.251   398   464 D adayocomadapter-CommunicationManager: onUpstreamReceive mPropertyId 0x21402180
12-30 10:50:22.251   398   464 D adayocomadapter-CommunicationManager: convertBytesToInt32Memcpy  0
12-30 10:50:22.251   398   464 I vw-vhal : notifyVehicleProperty, propId = 0x21402180, data = {status: 2, int32Values: [0]}
12-30 10:50:22.251   398   464 I vw-vhal : CanSignalsAdapter::notifyVehicleProperty: solvedValue = {.timestamp = 7958073589613, .areaId = 0, .prop = 557851008, .status = AVAILABLE, .value = {.int32Values = [1]{0}, .floatValues = [0]{}, .int64Values = [0]{}, .bytes = [0]{}, .stringValue = ""}}
12-30 10:50:22.251   398   464 I VehiclePropertyStore: begin to write value to Store: {.timestamp = 7958073589613, .areaId = 0, .prop = 557851008, .status = AVAILABLE, .value = {.int32Values = [1]{0}, .floatValues = [0]{}, .int64Values = [0]{}, .bytes = [0]{}, .stringValue = ""}}
12-30 10:50:22.251   398   464 I DefaultVehicleHal_v2_0: DefaultVehicleHal::onPropertyValue, value:{.timestamp = 7958073589613, .areaId = 0, .prop = 557851008, .status = AVAILABLE, .value = {.int32Values = [1]{0}, .floatValues = [0]{}, .int64Values = [0]{}, .bytes = [0]{}, .stringValue = ""}}
12-30 10:50:22.252   398   464 D DiagPropHandler: is not DiagnosticConfig: 0x21402180
12-30 10:50:22.252   398   464 I VehiclePropertyStore: begin to write value to Store: {.timestamp = 7958073589613, .areaId = 0, .prop = 557851008, .status = AVAILABLE, .value = {.int32Values = [1]{0}, .floatValues = [0]{}, .int64Values = [0]{}, .bytes = [0]{}, .stringValue = ""}}
12-30 10:50:22.252   398   464 D adayocomadapter-CommunicationManager: onUpstreamReceive mPropertyId 0x21402180
12-30 10:50:22.252   398   464 D adayocomadapter-CommunicationManager: onUpstreamReceive mPropertyId 0x2140210b
12-30 10:50:22.252   398   464 D adayocomadapter-CommunicationManager: convertBytesToInt32Memcpy  0
12-30 10:50:22.252   398   464 I vw-vhal : notifyVehicleProperty, propId = 0x2140210b, data = {status: 2, int32Values: [0]}
12-30 10:50:22.252   398   464 I vw-vhal : CanSignalsAdapter::notifyVehicleProperty: solvedValue = {.timestamp = 7958074229280, .areaId = 0, .prop = 557850891, .status = AVAILABLE, .value = {.int32Values = [1]{0}, .floatValues = [0]{}, .int64Values = [0]{}, .bytes = [0]{}, .stringValue = ""}}
12-30 10:50:22.252   398   464 I VehiclePropertyStore: begin to write value to Store: {.timestamp = 7958074229280, .areaId = 0, .prop = 557850891, .status = AVAILABLE, .value = {.int32Values = [1]{0}, .floatValues = [0]{}, .int64Values = [0]{}, .bytes = [0]{}, .stringValue = ""}}
12-30 10:50:22.252   398   464 I DefaultVehicleHal_v2_0: DefaultVehicleHal::onPropertyValue, value:{.timestamp = 7958074229280, .areaId = 0, .prop = 557850891, .status = AVAILABLE, .value = {.int32Values = [1]{0}, .floatValues = [0]{}, .int64Values = [0]{}, .bytes = [0]{}, .stringValue = ""}}
12-30 10:50:22.252   398   464 D DiagPropHandler: is not DiagnosticConfig: 0x2140210b
12-30 10:50:22.252   398   464 I VehiclePropertyStore: begin to write value to Store: {.timestamp = 7958074229280, .areaId = 0, .prop = 557850891, .status = AVAILABLE, .value = {.int32Values = [1]{0}, .floatValues = [0]{}, .int64Values = [0]{}, .bytes = [0]{}, .stringValue = ""}}
12-30 10:50:22.252   398   464 D adayocomadapter-CommunicationManager: onUpstreamReceive mPropertyId 0x2140210b
12-30 10:50:22.252   398   464 D adayocomadapter-CommunicationManager: onUpstreamReceive mPropertyId 0x2140217e
12-30 10:50:22.252   398   464 D adayocomadapter-CommunicationManager: convertBytesToInt32Memcpy  0
12-30 10:50:22.252   398   464 I vw-vhal : notifyVehicleProperty, propId = 0x2140217e, data = {status: 2, int32Values: [0]}
12-30 10:50:22.253   398   464 I vw-vhal : CanSignalsAdapter::notifyVehicleProperty: solvedValue = {.timestamp = 7958074863946, .areaId = 0, .prop = 557851006, .status = AVAILABLE, .value = {.int32Values = [1]{0}, .floatValues = [0]{}, .int64Values = [0]{}, .bytes = [0]{}, .stringValue = ""}}
12-30 10:50:22.253   398   464 I VehiclePropertyStore: begin to write value to Store: {.timestamp = 7958074863946, .areaId = 0, .prop = 557851006, .status = AVAILABLE, .value = {.int32Values = [1]{0}, .floatValues = [0]{}, .int64Values = [0]{}, .bytes = [0]{}, .stringValue = ""}}
12-30 10:50:22.253   398   464 I DefaultVehicleHal_v2_0: DefaultVehicleHal::onPropertyValue, value:{.timestamp = 7958074863946, .areaId = 0, .prop = 557851006, .status = AVAILABLE, .value = {.int32Values = [1]{0}, .floatValues = [0]{}, .int64Values = [0]{}, .bytes = [0]{}, .stringValue = ""}}
12-30 10:50:22.253   398   464 D DiagPropHandler: is not DiagnosticConfig: 0x2140217e
12-30 10:50:22.253   398   464 I VehiclePropertyStore: begin to write value to Store: {.timestamp = 7958074863946, .areaId = 0, .prop = 557851006, .status = AVAILABLE, .value = {.int32Values = [1]{0}, .floatValues = [0]{}, .int64Values = [0]{}, .bytes = [0]{}, .stringValue = ""}}
12-30 10:50:22.253   398   464 D adayocomadapter-CommunicationManager: onUpstreamReceive mPropertyId 0x2140217e
12-30 10:50:22.253   398   464 D adayocomadapter-CommunicationManager: onUpstreamReceive mPropertyId 0x214020fe
12-30 10:50:22.253   398   464 D adayocomadapter-CommunicationManager: convertBytesToInt32Memcpy  0
12-30 10:50:22.253   398   464 I vw-vhal : notifyVehicleProperty, propId = 0x214020fe, data = {status: 2, int32Values: [0]}
12-30 10:50:22.253   398   464 I vw-vhal : CanSignalsAdapter::notifyVehicleProperty: solvedValue = {.timestamp = 7958075573946, .areaId = 0, .prop = 557850878, .status = AVAILABLE, .value = {.int32Values = [1]{0}, .floatValues = [0]{}, .int64Values = [0]{}, .bytes = [0]{}, .stringValue = ""}}
12-30 10:50:22.253   398   464 I VehiclePropertyStore: begin to write value to Store: {.timestamp = 7958075573946, .areaId = 0, .prop = 557850878, .status = AVAILABLE, .value = {.int32Values = [1]{0}, .floatValues = [0]{}, .int64Values = [0]{}, .bytes = [0]{}, .stringValue = ""}}
12-30 10:50:22.253   398   464 I DefaultVehicleHal_v2_0: DefaultVehicleHal::onPropertyValue, value:{.timestamp = 7958075573946, .areaId = 0, .prop = 557850878, .status = AVAILABLE, .value = {.int32Values = [1]{0}, .floatValues = [0]{}, .int64Values = [0]{}, .bytes = [0]{}, .stringValue = ""}}
12-30 10:50:22.254   398   464 D DiagPropHandler: is not DiagnosticConfig: 0x214020fe
12-30 10:50:22.254   398   464 I VehiclePropertyStore: begin to write value to Store: {.timestamp = 7958075573946, .areaId = 0, .prop = 557850878, .status = AVAILABLE, .value = {.int32Values = [1]{0}, .floatValues = [0]{}, .int64Values = [0]{}, .bytes = [0]{}, .stringValue = ""}}
12-30 10:50:22.254   398   464 D adayocomadapter-CommunicationManager: onUpstreamReceive mPropertyId 0x214020fe
12-30 10:50:22.254   398   464 D adayocomadapter-CommunicationManager: onUpstreamReceive mPropertyId 0x214020ff
12-30 10:50:22.254   398   464 D adayocomadapter-CommunicationManager: convertBytesToInt32Memcpy  0
12-30 10:50:22.254   398   464 I vw-vhal : notifyVehicleProperty, propId = 0x214020ff, data = {status: 2, int32Values: [0]}
12-30 10:50:22.254   398   464 I vw-vhal : CanSignalsAdapter::notifyVehicleProperty: solvedValue = {.timestamp = 7958076287946, .areaId = 0, .prop = 557850879, .status = AVAILABLE, .value = {.int32Values = [1]{0}, .floatValues = [0]{}, .int64Values = [0]{}, .bytes = [0]{}, .stringValue = ""}}
12-30 10:50:22.254   398   464 I VehiclePropertyStore: begin to write value to Store: {.timestamp = 7958076287946, .areaId = 0, .prop = 557850879, .status = AVAILABLE, .value = {.int32Values = [1]{0}, .floatValues = [0]{}, .int64Values = [0]{}, .bytes = [0]{}, .stringValue = ""}}
12-30 10:50:22.254   398   464 I DefaultVehicleHal_v2_0: DefaultVehicleHal::onPropertyValue, value:{.timestamp = 7958076287946, .areaId = 0, .prop = 557850879, .status = AVAILABLE, .value = {.int32Values = [1]{0}, .floatValues = [0]{}, .int64Values = [0]{}, .bytes = [0]{}, .stringValue = ""}}
12-30 10:50:22.254   398   464 D DiagPropHandler: is not DiagnosticConfig: 0x214020ff
12-30 10:50:22.254   398   464 I VehiclePropertyStore: begin to write value to Store: {.timestamp = 7958076287946, .areaId = 0, .prop = 557850879, .status = AVAILABLE, .value = {.int32Values = [1]{0}, .floatValues = [0]{}, .int64Values = [0]{}, .bytes = [0]{}, .stringValue = ""}}
12-30 10:50:22.254   398   464 D adayocomadapter-CommunicationManager: onUpstreamReceive mPropertyId 0x214020ff
12-30 10:50:22.254  2358  2623 D RcfController: Rcf proxy is not connected!
12-30 10:50:22.254   398   464 D adayocomadapter-CommunicationManager: onUpstreamReceive mPropertyId 0x21402182
12-30 10:50:22.254   398   464 D adayocomadapter-CommunicationManager: convertBytesToInt32Memcpy  0
12-30 10:50:22.255   398   464 I vw-vhal : notifyVehicleProperty, propId = 0x21402182, data = {status: 2, int32Values: [0]}
12-30 10:50:22.255   398   464 I vw-vhal : CanSignalsAdapter::notifyVehicleProperty: solvedValue = {.timestamp = 7958076941280, .areaId = 0, .prop = 557851010, .status = AVAILABLE, .value = {.int32Values = [1]{0}, .floatValues = [0]{}, .int64Values = [0]{}, .bytes = [0]{}, .stringValue = ""}}
12-30 10:50:22.255   398   464 I VehiclePropertyStore: begin to write value to Store: {.timestamp = 7958076941280, .areaId = 0, .prop = 557851010, .status = AVAILABLE, .value = {.int32Values = [1]{0}, .floatValues = [0]{}, .int64Values = [0]{}, .bytes = [0]{}, .stringValue = ""}}
12-30 10:50:22.255   398   464 I DefaultVehicleHal_v2_0: DefaultVehicleHal::onPropertyValue, value:{.timestamp = 7958076941280, .areaId = 0, .prop = 557851010, .status = AVAILABLE, .value = {.int32Values = [1]{0}, .floatValues = [0]{}, .int64Values = [0]{}, .bytes = [0]{}, .stringValue = ""}}
12-30 10:50:22.255   398   464 D DiagPropHandler: is not DiagnosticConfig: 0x21402182
12-30 10:50:22.255   398   464 I VehiclePropertyStore: begin to write value to Store: {.timestamp = 7958076941280, .areaId = 0, .prop = 557851010, .status = AVAILABLE, .value = {.int32Values = [1]{0}, .floatValues = [0]{}, .int64Values = [0]{}, .bytes = [0]{}, .stringValue = ""}}
12-30 10:50:22.255   398   464 D adayocomadapter-CommunicationManager: onUpstreamReceive mPropertyId 0x21402182
12-30 10:50:22.259   360   931 D EvsDriver: forwardFrame
12-30 10:50:22.260   360   931 D EvsDriver: forwardFrameDirect
12-30 10:50:22.260   360   931 D EvsDriver: Delivered 0xb400e2ca9e40c2d0 as id 0
12-30 10:50:22.260   359  2784 D evsmanagerd: /dev/video-evs0 forwarded the buffer #0 to 0xb400f125d2b26dd0 from 0xb400f125e2b20710
12-30 10:50:22.261   360   458 D EvsDriver: doneWithFrame
12-30 10:50:22.271   596  3076 E WifiHAL : Invalid data received from driver
12-30 10:50:22.284   699   699 I auditd  : type=1400 audit(0.0:890612): avc:  denied  { read } for  comm="name_server" laddr=172.20.2.35 lport=34880 faddr=172.20.2.36 fport=60000 scontext=u:r:name_server:s0 tcontext=u:r:name_server:s0 tclass=tcp_socket permissive=1
12-30 10:50:22.284   699   699 I name_server: type=1400 audit(0.0:890612): avc:  denied  { read } for  laddr=172.20.2.35 lport=34880 faddr=172.20.2.36 fport=60000 scontext=u:r:name_server:s0 tcontext=u:r:name_server:s0 tclass=tcp_socket permissive=1
12-30 10:50:22.284   699   699 I auditd  : type=1400 audit(0.0:890613): avc:  denied  { write } for  comm="name_server" laddr=172.20.2.35 lport=34880 faddr=172.20.2.36 fport=60000 scontext=u:r:name_server:s0 tcontext=u:r:name_server:s0 tclass=tcp_socket permissive=1
12-30 10:50:22.284   699   699 I name_server: type=1400 audit(0.0:890613): avc:  denied  { write } for  laddr=172.20.2.35 lport=34880 faddr=172.20.2.36 fport=60000 scontext=u:r:name_server:s0 tcontext=u:r:name_server:s0 tclass=tcp_socket permissive=1
12-30 10:50:22.293   360   931 D EvsDriver: forwardFrame
12-30 10:50:22.293   360   931 D EvsDriver: forwardFrameDirect
12-30 10:50:22.293   360   931 D EvsDriver: Delivered 0xb400e2ca9e40d090 as id 1
12-30 10:50:22.293   359  2784 D evsmanagerd: /dev/video-evs0 forwarded the buffer #1 to 0xb400f125d2b26dd0 from 0xb400f125e2b20710
12-30 10:50:22.302   360   458 D EvsDriver: doneWithFrame
12-30 10:50:22.305  2358  2623 D RcfController: Rcf proxy is not connected!
12-30 10:50:22.322   596  3076 E WifiHAL : Invalid data received from driver
12-30 10:50:22.326   360   931 D EvsDriver: forwardFrame
12-30 10:50:22.326   360   931 D EvsDriver: forwardFrameDirect
12-30 10:50:22.327   360   931 D EvsDriver: Delivered 0xb400e2ca9e40e110 as id 0
12-30 10:50:22.327   359  2784 D evsmanagerd: /dev/video-evs0 forwarded the buffer #0 to 0xb400f125d2b26dd0 from 0xb400f125e2b20710
12-30 10:50:22.332   360   458 D EvsDriver: doneWithFrame
12-30 10:50:22.341  2475  2681 I TtsServiceAgent: check thread start checking, threadId = 29
12-30 10:50:22.342  2475  2681 D TtsServiceAgent: start bind service...
12-30 10:50:22.342  2475  2681 D TtsServiceAgent: ----->initService, usage = 16
12-30 10:50:22.342  2475  2681 W ContextImpl: Calling a method in the system process without a qualified user: android.app.ContextImpl.bindService:1988 android.content.ContextWrapper.bindService:861 com.iflytek.autofly.ttsaidl.ttsproxy.TtsServiceAgent.initService:189 com.iflytek.autofly.ttsaidl.ttsproxy.TtsServiceAgent.initService:133 com.iflytek.autofly.ttsaidl.ttsproxy.TtsServiceAgent$2.run:517 
12-30 10:50:22.343   916  5915 W ActivityManager: Unable to start service Intent { act=com.iflytek.autofly.tts.ttsservice.TtsAdapterService cmp=com.iflytek.cutefly.speechclient.hmi/com.iflytek.autofly.tts.ttsservice.TtsAdapterService } U=0: not found
12-30 10:50:22.343  2475  2681 D TtsServiceAgent: bindService: false
12-30 10:50:22.343  2475  2681 D TtsServiceAgent: start reInitService
12-30 10:50:22.343  2475  2681 D TtsServiceAgent: aidlCheckThreadRunning = true
12-30 10:50:22.343  2475  2681 D TtsServiceAgent: ----->check connection status in 1000s...
12-30 10:50:22.355  2358  2623 D RcfController: Rcf proxy is not connected!
12-30 10:50:22.359   360   931 D EvsDriver: forwardFrame
12-30 10:50:22.360   360   931 D EvsDriver: forwardFrameDirect
12-30 10:50:22.360   360   931 D EvsDriver: Delivered 0xb400e2ca9e40c7a0 as id 1
12-30 10:50:22.360   359  2784 D evsmanagerd: /dev/video-evs0 forwarded the buffer #1 to 0xb400f125d2b26dd0 from 0xb400f125e2b20710
12-30 10:50:22.363   360   458 D EvsDriver: doneWithFrame
12-30 10:50:22.386   596  3076 E WifiHAL : Invalid data received from driver
12-30 10:50:22.386  1667  2407 I media_message_log->MediaMessageProxy: (SourceFile:1)b connectToService action bind
12-30 10:50:22.387   916  5915 W ActivityManager: Unable to start service Intent { cmp=com.adayo.server.mediamessagetransfer/.MediaMessTransferService (has extras) } U=0: not found
12-30 10:50:22.388  1667  2407 E media_message_log->MediaMessageProxy: (SourceFile:7)a bindServiceAsUser isBound = false
12-30 10:50:22.393   360   931 D EvsDriver: forwardFrame
12-30 10:50:22.393   360   931 D EvsDriver: forwardFrameDirect
12-30 10:50:22.393   360   931 D EvsDriver: Delivered 0xb400e2ca9e40e270 as id 0
12-30 10:50:22.393   359  2784 D evsmanagerd: /dev/video-evs0 forwarded the buffer #0 to 0xb400f125d2b26dd0 from 0xb400f125e2b20710
12-30 10:50:22.403   360   458 D EvsDriver: doneWithFrame
12-30 10:50:22.405  2358  2623 D RcfController: Rcf proxy is not connected!
12-30 10:50:22.420   798  1860 W adbd    : timed out while waiting for FUNCTIONFS_BIND, trying again
12-30 10:50:22.421   798  1860 I adbd    : UsbFfs: connection terminated: monitor thread finished
12-30 10:50:22.421   798   798 I adbd    : UsbFfs: already offline
12-30 10:50:22.421   798   798 I adbd    : destroying transport UsbFfs
12-30 10:50:22.421   798   798 I adbd    : UsbFfsConnection being destroyed
12-30 10:50:22.426   360   931 D EvsDriver: forwardFrame
12-30 10:50:22.426   360   931 D EvsDriver: forwardFrameDirect
12-30 10:50:22.427   360   931 D EvsDriver: Delivered 0xb400e2ca9e40d4b0 as id 1
12-30 10:50:22.427   359  2784 D evsmanagerd: /dev/video-evs0 forwarded the buffer #1 to 0xb400f125d2b26dd0 from 0xb400f125e2b20710
12-30 10:50:22.434   360   458 D EvsDriver: doneWithFrame
12-30 10:50:22.450   650   730 D fgemcucomm: sd Uart data : 6AA600180D00020601D2
12-30 10:50:22.456  2358  2623 D RcfController: Rcf proxy is not connected!
12-30 10:50:22.459   360   931 D EvsDriver: forwardFrame
12-30 10:50:22.460   360   931 D EvsDriver: forwardFrameDirect
12-30 10:50:22.460   360   931 D EvsDriver: Delivered 0xb400e2ca9e40c2d0 as id 0
12-30 10:50:22.460   359  2784 D evsmanagerd: /dev/video-evs0 forwarded the buffer #0 to 0xb400f125d2b26dd0 from 0xb400f125e2b20710
12-30 10:50:22.462   798   838 I adbd    : opening control endpoint /dev/usb-ffs/adb/ep0
12-30 10:50:22.463   798   838 I adbd    : UsbFfsConnection constructed
12-30 10:50:22.464   360   458 D EvsDriver: doneWithFrame
12-30 10:50:22.464   798  1903 I adbd    : UsbFfs-monitor thread spawned
01-01 10:12:39.472   838   838 I         : read descriptors
12-30 10:50:22.468   596  3076 E WifiHAL : Invalid data received from driver
12-30 10:50:22.468   596  3076 E WifiHAL : Invalid data received from driver
12-30 10:50:22.468   596  3076 E WifiHAL : Invalid data received from driver
12-30 10:50:22.468   596  3076 E WifiHAL : Invalid data received from driver
12-30 10:50:22.468   596  3076 E WifiHAL : Invalid data received from driver
12-30 10:50:22.468   596  3076 E WifiHAL : Invalid data received from driver
12-30 10:50:22.468   596  3076 E WifiHAL : Invalid data received from driver
12-30 10:50:22.468   596  3076 E WifiHAL : Invalid data received from driver
12-30 10:50:22.493   360   931 D EvsDriver: forwardFrame
12-30 10:50:22.493   360   931 D EvsDriver: forwardFrameDirect
12-30 10:50:22.493   360   931 D EvsDriver: Delivered 0xb400e2ca9e40d090 as id 1
12-30 10:50:22.493   359  2784 D evsmanagerd: /dev/video-evs0 forwarded the buffer #1 to 0xb400f125d2b26dd0 from 0xb400f125e2b20710
12-30 10:50:22.494   360   458 D EvsDriver: doneWithFrame
12-30 10:50:22.506  2358  2623 D RcfController: Rcf proxy is not connected!
12-30 10:50:22.518   596  3076 E WifiHAL : Invalid data received from driver
12-30 10:50:22.526   360   931 D EvsDriver: forwardFrame
12-30 10:50:22.526   360   931 D EvsDriver: forwardFrameDirect
12-30 10:50:22.527   360   931 D EvsDriver: Delivered 0xb400e2ca9e40e110 as id 0
12-30 10:50:22.527   359  2784 D evsmanagerd: /dev/video-evs0 forwarded the buffer #0 to 0xb400f125d2b26dd0 from 0xb400f125e2b20710
12-30 10:50:22.535   360   458 D EvsDriver: doneWithFrame
12-30 10:50:22.556  2358  2623 D RcfController: Rcf proxy is not connected!
12-30 10:50:22.559   360   931 D EvsDriver: forwardFrame
12-30 10:50:22.560   360   931 D EvsDriver: forwardFrameDirect
12-30 10:50:22.560   360   931 D EvsDriver: Delivered 0xb400e2ca9e40c7a0 as id 1
12-30 10:50:22.560   359  2784 D evsmanagerd: /dev/video-evs0 forwarded the buffer #1 to 0xb400f125d2b26dd0 from 0xb400f125e2b20710
12-30 10:50:22.565   360   458 D EvsDriver: doneWithFrame
12-30 10:50:22.585   650   729 D fgemcucomm: sd Uart data : 6AA602F8680002920208
12-30 10:50:22.585   650   729 D fgemcucomm: rev uart=65772,len=15, data : 6AA681F868000792020621414502D5
12-30 10:50:22.585   398  2883 D adayocomadapter-ParseProtocolFunc: printRaWMsg Name[MCUToUPstream recv] len[7] data[92020621414502]
12-30 10:50:22.585   398  2883 D adayocomadapter-CommunicationManager: onUpstreamback   member[6] dataLength[4] timePoint[7958407]
12-30 10:50:22.585   398  2883 D adayocomadapter-ParseProtocolFunc: printRaWMsg Name[onUpstreamback] len[4] data[21414502]
12-30 10:50:22.585   398   464 D adayocomadapter-UpstreamHandler: processBeforePacket upSreamtProcessTimePoint[7958407] 
12-30 10:50:22.586   398   464 D adayocomadapter-ParseProtocolFunc: parseGeneralIPCLBytes Processing tablename[Table-3] tableSize[0]
12-30 10:50:22.586   398   464 D adayocomadapter-ParseProtocolFunc: printRaWMsg Name[byteStream recv] len[4] data[21414502]
12-30 10:50:22.592  1667  2594 W ContextImpl: Calling a method in the system process without a qualified user: android.app.ContextImpl.bindService:1988 android.content.ContextWrapper.bindService:861 com.ford.sync.fnvservice.FordFnv.c:202 com.ford.sync.fnvservice.FordFnv.c:43 com.ford.sync.fnvservice.FordFnv$RetryHandler.handleMessage:245 
12-30 10:50:22.593   360   931 D EvsDriver: forwardFrame
12-30 10:50:22.593   360   931 D EvsDriver: forwardFrameDirect
12-30 10:50:22.593   916  5915 W ActivityManager: Unable to start service Intent { cmp=com.ford.sync.fnvservice/.FordFnvService } U=0: not found
12-30 10:50:22.593   360   931 D EvsDriver: Delivered 0xb400e2ca9e40e270 as id 0
12-30 10:50:22.593   359  2784 D evsmanagerd: /dev/video-evs0 forwarded the buffer #0 to 0xb400f125d2b26dd0 from 0xb400f125e2b20710
12-30 10:50:22.594  1667  2594 W FordFnv :  bind ford fnv failed -> sendRetryMessage 
12-30 10:50:22.595   360   458 D EvsDriver: doneWithFrame
12-30 10:50:22.596   398   464 D adayocomadapter-ParseProtocolFunc: printRaWMsg Name[IPCLtoVHAL] len[8520] data[2141450201214145020000000000000000000000000140000000006BA2000000000000000000000000000000000000000000000000016000000000BF6100000000000000002140224B000000000000000000000000016000000000E9E600000000000000002140223B00000000000000000000000001010100000012980000000000000000000000000000000088B6712E6DFB00B4014000000000A256000000000000000000000000000000000000000000000000014000000000902B000000000000000000000000000000000000000000000000010101000000E9110000000000000000000000000000000048B4712E6DFB00B4016000000000126F000000000000000021402176000000000000000000000000016000000000B66C00000000000000002140224400000000000000000000000001600000000084110000000000000000214021D70000000000000000000000000101010000001B950000000000000000000000000000000090B4712E6DFB00B401010100000029E80000000000000000A04072CE6DFB00B4A04173CE6DFB00B40160000000007F980000000000000000214022260000000000000000000000000160000000004DE500000000000000002140219C0000000000000000000000000160000000001B620000000000000000214022290
12-30 10:50:22.596   398   464 D adayocomadapter-CommunicationManager: onUpstreamReceive mPropertyId 0x21414502
12-30 10:50:22.597   398   464 D adayocomadapter-CommunicationManager: writeValue id=[557925634]
12-30 10:50:22.597   398   464 D adayocomadapter-VehiclePropertyStore: writeValue id=[557925634]
12-30 10:50:22.599  1667  2410 I media_message_log->MediaMessageUserProxy: (SourceFile:1)b connectToService action bind
12-30 10:50:22.600   916  5915 W ActivityManager: Unable to start service Intent { cmp=com.adayo.server.mediamessagetransfer/.MediaMessTransferService (has extras) } U=0: not found
12-30 10:50:22.600  1667  2410 E media_message_log->MediaMessageUserProxy: (SourceFile:7)a bindServiceAsUser isBound = false
12-30 10:50:22.607  2358  2623 D RcfController: Rcf proxy is not connected!
12-30 10:50:22.608   596  3076 E WifiHAL : Invalid data received from driver
12-30 10:50:22.624   398   464 I vw-vhal : notifyVehicleProperty, propId = 0x21414502, data = {status: 2, int32Values: [33, 65, 69, 2, 0, 0, 0, 0, 0, 0, 0, 0, 0, 0, 0, 0, 1, 64, 0, 0, 0, 0, 107, 162, 0, 0, 0, 0, 0, 0, 0, 0, 0, 0, 0, 0, 0, 0, 0, 0, 0, 0, 0, 0, 0, 0, 0, 0, 1, 96, 0, 0, 0, 0, 191, 97, 0, 0, 0, 0, 0, 0, 0, 0, 33, 64, 34, 75, 0, 0, 0, 0, 0, 0, 0, 0, 0, 0, 0, 0, 1, 96, 0, 0, 0, 0, 233, 230, 0, 0, 0, 0, 0, 0, 0, 0, 33, 64, 34, 59, 0, 0, 0, 0, 0, 0, 0, 0, 0, 0, 0, 0, 1, 1, 1, 0, 0, 0, 18, 152, 0, 0, 0, 0, 0, 0, 0, 0, 0, 0, 0, 0, 0, 0, 0, 0, 136, 182, 113, 46, 109, 251, 0, 180, 1, 64, 0, 0, 0, 0, 162, 86, 0, 0, 0, 0, 0, 0, 0, 0, 0, 0, 0, 0, 0, 0, 0, 0, 0, 0, 0, 0, 0, 0, 0, 0, 1, 64, 0, 0, 0, 0, 144, 43, 0, 0, 0, 0, 0, 0, 0, 0, 0, 0, 0, 0, 0, 0, 0, 0, 0, 0, 0, 0, 0, 0, 0, 0, 1, 1, 1, 0, 0, 0, 233, 17, 0, 0, 0, 0, 0, 0, 0, 0, 0, 0, 0, 0, 0, 0, 0, 0, 72, 180, 113, 46, 109, 251, 0, 180, 1, 96, 0, 0, 0, 0, 18, 111, 0, 0, 0, 0, 0, 0, 0, 0, 33, 64, 33, 118, 0, 0, 0, 0, 0, 0, 0, 0, 0, 0, 0, 0, 1, 96, 0, 0, 0, 0, 182, 108, 0, 0, 0, 0, 0, 0, 0, 0, 33, 
12-30 10:50:22.626   360   931 D EvsDriver: forwardFrame
12-30 10:50:22.626   360   931 D EvsDriver: forwardFrameDirect
12-30 10:50:22.627   360   931 D EvsDriver: Delivered 0xb400e2ca9e40d4b0 as id 1
12-30 10:50:22.627   359  2784 D evsmanagerd: /dev/video-evs0 forwarded the buffer #1 to 0xb400f125d2b26dd0 from 0xb400f125e2b20710
12-30 10:50:22.636   360   458 D EvsDriver: doneWithFrame
12-30 10:50:22.651   398   464 I vw-vhal : CanSignalsAdapter::notifyDiagProperty: propId = 0x21414502, data = {status: 2, int32Values: [33, 65, 69, 2, 0, 0, 0, 0, 0, 0, 0, 0, 0, 0, 0, 0, 1, 64, 0, 0, 0, 0, 107, 162, 0, 0, 0, 0, 0, 0, 0, 0, 0, 0, 0, 0, 0, 0, 0, 0, 0, 0, 0, 0, 0, 0, 0, 0, 1, 96, 0, 0, 0, 0, 191, 97, 0, 0, 0, 0, 0, 0, 0, 0, 33, 64, 34, 75, 0, 0, 0, 0, 0, 0, 0, 0, 0, 0, 0, 0, 1, 96, 0, 0, 0, 0, 233, 230, 0, 0, 0, 0, 0, 0, 0, 0, 33, 64, 34, 59, 0, 0, 0, 0, 0, 0, 0, 0, 0, 0, 0, 0, 1, 1, 1, 0, 0, 0, 18, 152, 0, 0, 0, 0, 0, 0, 0, 0, 0, 0, 0, 0, 0, 0, 0, 0, 136, 182, 113, 46, 109, 251, 0, 180, 1, 64, 0, 0, 0, 0, 162, 86, 0, 0, 0, 0, 0, 0, 0, 0, 0, 0, 0, 0, 0, 0, 0, 0, 0, 0, 0, 0, 0, 0, 0, 0, 1, 64, 0, 0, 0, 0, 144, 43, 0, 0, 0, 0, 0, 0, 0, 0, 0, 0, 0, 0, 0, 0, 0, 0, 0, 0, 0, 0, 0, 0, 0, 0, 1, 1, 1, 0, 0, 0, 233, 17, 0, 0, 0, 0, 0, 0, 0, 0, 0, 0, 0, 0, 0, 0, 0, 0, 72, 180, 113, 46, 109, 251, 0, 180, 1, 96, 0, 0, 0, 0, 18, 111, 0, 0, 0, 0, 0, 0, 0, 0, 33, 64, 33, 118, 0, 0, 0, 0, 0, 0, 0, 0, 0, 0, 0, 0, 1, 96, 0, 0, 0, 0, 182, 108, 0, 0, 0, 0, 
12-30 10:50:22.657  2358  2623 D RcfController: Rcf proxy is not connected!
12-30 10:50:22.659   360   931 D EvsDriver: forwardFrame
12-30 10:50:22.660   360   931 D EvsDriver: forwardFrameDirect
12-30 10:50:22.660   360   931 D EvsDriver: Delivered 0xb400e2ca9e40c2d0 as id 0
12-30 10:50:22.660   359  2784 D evsmanagerd: /dev/video-evs0 forwarded the buffer #0 to 0xb400f125d2b26dd0 from 0xb400f125e2b20710
12-30 10:50:22.666   398   464 I vw-vhal : CanSignalsAdapter::notifyVehicleProperty: solvedValue = {.timestamp = 7958473752613, .areaId = 0, .prop = 557925634, .status = AVAILABLE, .value = {.int32Values = [8515]{33, 65, 69, 2, 0, 0, 0, 0, 0, 0, 0, 0, 0, 0, 0, 0, 1, 64, 0, 0, 0, 0, 107, 162, 0, 0, 0, 0, 0, 0, 0, 0, 0, 0, 0, 0, 0, 0, 0, 0, 0, 0, 0, 0, 0, 0, 0, 0, 1, 96, 0, 0, 0, 0, 191, 97, 0, 0, 0, 0, 0, 0, 0, 0, 33, 64, 34, 75, 0, 0, 0, 0, 0, 0, 0, 0, 0, 0, 0, 0, 1, 96, 0, 0, 0, 0, 233, 230, 0, 0, 0, 0, 0, 0, 0, 0, 33, 64, 34, 59, 0, 0, 0, 0, 0, 0, 0, 0, 0, 0, 0, 0, 1, 1, 1, 0, 0, 0, 18, 152, 0, 0, 0, 0, 0, 0, 0, 0, 0, 0, 0, 0, 0, 0, 0, 0, 136, 182, 113, 46, 109, 251, 0, 180, 1, 64, 0, 0, 0, 0, 162, 86, 0, 0, 0, 0, 0, 0, 0, 0, 0, 0, 0, 0, 0, 0, 0, 0, 0, 0, 0, 0, 0, 0, 0, 0, 1, 64, 0, 0, 0, 0, 144, 43, 0, 0, 0, 0, 0, 0, 0, 0, 0, 0, 0, 0, 0, 0, 0, 0, 0, 0, 0, 0, 0, 0, 0, 0, 1, 1, 1, 0, 0, 0, 233, 17, 0, 0, 0, 0, 0, 0, 0, 0, 0, 0, 0, 0, 0, 0, 0, 0, 72, 180, 113, 46, 109, 251, 0, 180, 1, 96, 0, 0, 0, 0, 18, 111, 0, 0, 0, 0, 0, 0, 0, 0, 33, 64, 33, 118, 
12-30 10:50:22.666   360   458 D EvsDriver: doneWithFrame
