12-30 10:46:20.233   398   464 I VehiclePropertyStore: begin to write value to Store: {.timestamp = 7716055187584, .areaId = 0, .prop = 557850870, .status = AVAILABLE, .value = {.int32Values = [1]{0}, .floatValues = [0]{}, .int64Values = [0]{}, .bytes = [0]{}, .stringValue = ""}}
12-30 10:46:20.233   398   464 D adayocomadapter-CommunicationManager: onUpstreamReceive mPropertyId 0x214020f6
12-30 10:46:20.233   398   464 D adayocomadapter-CommunicationManager: onUpstreamReceive mPropertyId 0x214020f7
12-30 10:46:20.233   398   464 D adayocomadapter-CommunicationManager: convertBytesToInt32Memcpy  0
12-30 10:46:20.233   398   464 I vw-vhal : notifyVehicleProperty, propId = 0x214020f7, data = {status: 2, int32Values: [0]}
12-30 10:46:20.234   398   464 I vw-vhal : CanSignalsAdapter::notifyVehicleProperty: solvedValue = {.timestamp = 7716055819917, .areaId = 0, .prop = 557850871, .status = AVAILABLE, .value = {.int32Values = [1]{0}, .floatValues = [0]{}, .int64Values = [0]{}, .bytes = [0]{}, .stringValue = ""}}
12-30 10:46:20.234   398   464 I VehiclePropertyStore: begin to write value to Store: {.timestamp = 7716055819917, .areaId = 0, .prop = 557850871, .status = AVAILABLE, .value = {.int32Values = [1]{0}, .floatValues = [0]{}, .int64Values = [0]{}, .bytes = [0]{}, .stringValue = ""}}
12-30 10:46:20.234   398   464 I DefaultVehicleHal_v2_0: DefaultVehicleHal::onPropertyValue, value:{.timestamp = 7716055819917, .areaId = 0, .prop = 557850871, .status = AVAILABLE, .value = {.int32Values = [1]{0}, .floatValues = [0]{}, .int64Values = [0]{}, .bytes = [0]{}, .stringValue = ""}}
12-30 10:46:20.234   398   464 D DiagPropHandler: is not DiagnosticConfig: 0x214020f7
12-30 10:46:20.234   398   464 I VehiclePropertyStore: begin to write value to Store: {.timestamp = 7716055819917, .areaId = 0, .prop = 557850871, .status = AVAILABLE, .value = {.int32Values = [1]{0}, .floatValues = [0]{}, .int64Values = [0]{}, .bytes = [0]{}, .stringValue = ""}}
12-30 10:46:20.234   398   464 D adayocomadapter-CommunicationManager: onUpstreamReceive mPropertyId 0x214020f7
12-30 10:46:20.234   398   464 D adayocomadapter-CommunicationManager: onUpstreamReceive mPropertyId 0x214020f8
12-30 10:46:20.234   398   464 D adayocomadapter-CommunicationManager: convertBytesToInt32Memcpy  0
12-30 10:46:20.234   398   464 I vw-vhal : notifyVehicleProperty, propId = 0x214020f8, data = {status: 2, int32Values: [0]}
12-30 10:46:20.234   398   464 I vw-vhal : CanSignalsAdapter::notifyVehicleProperty: solvedValue = {.timestamp = 7716056524917, .areaId = 0, .prop = 557850872, .status = AVAILABLE, .value = {.int32Values = [1]{0}, .floatValues = [0]{}, .int64Values = [0]{}, .bytes = [0]{}, .stringValue = ""}}
12-30 10:46:20.234   398   464 I VehiclePropertyStore: begin to write value to Store: {.timestamp = 7716056524917, .areaId = 0, .prop = 557850872, .status = AVAILABLE, .value = {.int32Values = [1]{0}, .floatValues = [0]{}, .int64Values = [0]{}, .bytes = [0]{}, .stringValue = ""}}
12-30 10:46:20.234   398   464 I DefaultVehicleHal_v2_0: DefaultVehicleHal::onPropertyValue, value:{.timestamp = 7716056524917, .areaId = 0, .prop = 557850872, .status = AVAILABLE, .value = {.int32Values = [1]{0}, .floatValues = [0]{}, .int64Values = [0]{}, .bytes = [0]{}, .stringValue = ""}}
12-30 10:46:20.234   398   464 D DiagPropHandler: is not DiagnosticConfig: 0x214020f8
12-30 10:46:20.235   398   464 I VehiclePropertyStore: begin to write value to Store: {.timestamp = 7716056524917, .areaId = 0, .prop = 557850872, .status = AVAILABLE, .value = {.int32Values = [1]{0}, .floatValues = [0]{}, .int64Values = [0]{}, .bytes = [0]{}, .stringValue = ""}}
12-30 10:46:20.235   398   464 D adayocomadapter-CommunicationManager: onUpstreamReceive mPropertyId 0x214020f8
12-30 10:46:20.235   398   464 D adayocomadapter-CommunicationManager: onUpstreamReceive mPropertyId 0x214020f9
12-30 10:46:20.235   398   464 D adayocomadapter-CommunicationManager: convertBytesToInt32Memcpy  0
12-30 10:46:20.235   398   464 I vw-vhal : notifyVehicleProperty, propId = 0x214020f9, data = {status: 2, int32Values: [0]}
12-30 10:46:20.235   398   464 I vw-vhal : CanSignalsAdapter::notifyVehicleProperty: solvedValue = {.timestamp = 7716057158584, .areaId = 0, .prop = 557850873, .status = AVAILABLE, .value = {.int32Values = [1]{0}, .floatValues = [0]{}, .int64Values = [0]{}, .bytes = [0]{}, .stringValue = ""}}
12-30 10:46:20.235   398   464 I VehiclePropertyStore: begin to write value to Store: {.timestamp = 7716057158584, .areaId = 0, .prop = 557850873, .status = AVAILABLE, .value = {.int32Values = [1]{0}, .floatValues = [0]{}, .int64Values = [0]{}, .bytes = [0]{}, .stringValue = ""}}
12-30 10:46:20.235   398   464 I DefaultVehicleHal_v2_0: DefaultVehicleHal::onPropertyValue, value:{.timestamp = 7716057158584, .areaId = 0, .prop = 557850873, .status = AVAILABLE, .value = {.int32Values = [1]{0}, .floatValues = [0]{}, .int64Values = [0]{}, .bytes = [0]{}, .stringValue = ""}}
12-30 10:46:20.235   398   464 D DiagPropHandler: is not DiagnosticConfig: 0x214020f9
12-30 10:46:20.235   398   464 I VehiclePropertyStore: begin to write value to Store: {.timestamp = 7716057158584, .areaId = 0, .prop = 557850873, .status = AVAILABLE, .value = {.int32Values = [1]{0}, .floatValues = [0]{}, .int64Values = [0]{}, .bytes = [0]{}, .stringValue = ""}}
12-30 10:46:20.235   398   464 D adayocomadapter-CommunicationManager: onUpstreamReceive mPropertyId 0x214020f9
12-30 10:46:20.241   360   458 D EvsDriver: doneWithFrame
12-30 10:46:20.264   360   931 D EvsDriver: forwardFrame
12-30 10:46:20.264   360   931 D EvsDriver: forwardFrameDirect
12-30 10:46:20.264   360   931 D EvsDriver: Delivered 0xb400e2ca9e40c2d0 as id 0
12-30 10:46:20.264   359  2784 D evsmanagerd: /dev/video-evs0 forwarded the buffer #0 to 0xb400f125d2b26dd0 from 0xb400f125e2b20710
12-30 10:46:20.272   360   458 D EvsDriver: doneWithFrame
12-30 10:46:20.280  2358  2623 D RcfController: Rcf proxy is not connected!
12-30 10:46:20.289   650   729 D fgemcucomm: sd Uart data : 6AA602F0D800029202A0
12-30 10:46:20.289   650   729 D fgemcucomm: rev uart=63771,len=15, data : 6AA681F0D80007920200020000001A
12-30 10:46:20.289   398  2883 D adayocomadapter-ParseProtocolFunc: printRaWMsg Name[MCUToUPstream recv] len[7] data[92020002000000]
12-30 10:46:20.289   398  2883 D adayocomadapter-CommunicationManager: onUpstreamback   member[0] dataLength[4] timePoint[7716111]
12-30 10:46:20.289   398  2883 D adayocomadapter-ParseProtocolFunc: printRaWMsg Name[onUpstreamback] len[4] data[02000000]
12-30 10:46:20.290   398   464 D adayocomadapter-UpstreamHandler: processBeforePacket upSreamtProcessTimePoint[7716111] 
12-30 10:46:20.290   398   464 D adayocomadapter-UpstreamHandler: processPacket UPSTREAM_QUEUE_DATA_TIMEOUT
12-30 10:46:20.290   398   464 D adayocomadapter-ParseProtocolFunc: parseCommonIPCLBytes Processing tableNumber[2]
12-30 10:46:20.290   398   464 D adayocomadapter-ParseProtocolFunc: parseCommonIPCLBytes Processing tablename[Table-2] tableSize[4]
12-30 10:46:20.290   398   464 D adayocomadapter-ParseProtocolFunc: printRaWMsg Name[byteStream recv] len[4] data[02000000]
12-30 10:46:20.290   398   464 D adayocomadapter-ParseProtocolFunc: printRaWMsg Name[IPCLtoVHAL] len[6] data[214020490000]
12-30 10:46:20.290   398   464 D adayocomadapter-ParseProtocolFunc: printRaWMsg Name[IPCLtoVHAL] len[6] data[214021A20000]
12-30 10:46:20.290   398   464 D adayocomadapter-ParseProtocolFunc: printRaWMsg Name[IPCLtoVHAL] len[6] data[214020EA0000]
12-30 10:46:20.290   398   464 D adayocomadapter-CommunicationManager: onUpstreamReceive mPropertyId 0x21402049
12-30 10:46:20.290   398   464 D adayocomadapter-CommunicationManager: convertBytesToInt32Memcpy  0
12-30 10:46:20.290   398   464 I vw-vhal : notifyVehicleProperty, propId = 0x21402049, data = {status: 2, int32Values: [0]}
12-30 10:46:20.290   398   464 I vw-vhal : CanSignalsAdapter::notifyVehicleProperty: solvedValue = {.timestamp = 7716112641251, .areaId = 0, .prop = 557850697, .status = AVAILABLE, .value = {.int32Values = [1]{0}, .floatValues = [0]{}, .int64Values = [0]{}, .bytes = [0]{}, .stringValue = ""}}
12-30 10:46:20.290   398   464 I VehiclePropertyStore: begin to write value to Store: {.timestamp = 7716112641251, .areaId = 0, .prop = 557850697, .status = AVAILABLE, .value = {.int32Values = [1]{0}, .floatValues = [0]{}, .int64Values = [0]{}, .bytes = [0]{}, .stringValue = ""}}
12-30 10:46:20.291   398   464 I DefaultVehicleHal_v2_0: DefaultVehicleHal::onPropertyValue, value:{.timestamp = 7716112641251, .areaId = 0, .prop = 557850697, .status = AVAILABLE, .value = {.int32Values = [1]{0}, .floatValues = [0]{}, .int64Values = [0]{}, .bytes = [0]{}, .stringValue = ""}}
12-30 10:46:20.291   398   464 D DiagPropHandler: is not DiagnosticConfig: 0x21402049
12-30 10:46:20.291   398   464 I VehiclePropertyStore: begin to write value to Store: {.timestamp = 7716112641251, .areaId = 0, .prop = 557850697, .status = AVAILABLE, .value = {.int32Values = [1]{0}, .floatValues = [0]{}, .int64Values = [0]{}, .bytes = [0]{}, .stringValue = ""}}
12-30 10:46:20.291   398   464 D adayocomadapter-CommunicationManager: onUpstreamReceive mPropertyId 0x21402049
12-30 10:46:20.291   398   464 D adayocomadapter-CommunicationManager: onUpstreamReceive mPropertyId 0x214021a2
12-30 10:46:20.291   398   464 D adayocomadapter-CommunicationManager: convertBytesToInt32Memcpy  0
12-30 10:46:20.291   398   464 I vw-vhal : notifyVehicleProperty, propId = 0x214021a2, data = {status: 2, int32Values: [0]}
12-30 10:46:20.291   398   464 I vw-vhal : CanSignalsAdapter::notifyVehicleProperty: solvedValue = {.timestamp = 7716113400251, .areaId = 0, .prop = 557851042, .status = AVAILABLE, .value = {.int32Values = [1]{0}, .floatValues = [0]{}, .int64Values = [0]{}, .bytes = [0]{}, .stringValue = ""}}
12-30 10:46:20.291   398   464 I VehiclePropertyStore: begin to write value to Store: {.timestamp = 7716113400251, .areaId = 0, .prop = 557851042, .status = AVAILABLE, .value = {.int32Values = [1]{0}, .floatValues = [0]{}, .int64Values = [0]{}, .bytes = [0]{}, .stringValue = ""}}
12-30 10:46:20.291   398   464 I DefaultVehicleHal_v2_0: DefaultVehicleHal::onPropertyValue, value:{.timestamp = 7716113400251, .areaId = 0, .prop = 557851042, .status = AVAILABLE, .value = {.int32Values = [1]{0}, .floatValues = [0]{}, .int64Values = [0]{}, .bytes = [0]{}, .stringValue = ""}}
12-30 10:46:20.291   398   464 D DiagPropHandler: is not DiagnosticConfig: 0x214021a2
12-30 10:46:20.291   398   464 I VehiclePropertyStore: begin to write value to Store: {.timestamp = 7716113400251, .areaId = 0, .prop = 557851042, .status = AVAILABLE, .value = {.int32Values = [1]{0}, .floatValues = [0]{}, .int64Values = [0]{}, .bytes = [0]{}, .stringValue = ""}}
12-30 10:46:20.291   398   464 D adayocomadapter-CommunicationManager: onUpstreamReceive mPropertyId 0x214021a2
12-30 10:46:20.292   398   464 D adayocomadapter-CommunicationManager: onUpstreamReceive mPropertyId 0x214020ea
12-30 10:46:20.292   398   464 D adayocomadapter-CommunicationManager: convertBytesToInt32Memcpy  0
12-30 10:46:20.292   398   464 I vw-vhal : notifyVehicleProperty, propId = 0x214020ea, data = {status: 2, int32Values: [0]}
12-30 10:46:20.292   398   464 I vw-vhal : CanSignalsAdapter::notifyVehicleProperty: solvedValue = {.timestamp = 7716114045917, .areaId = 0, .prop = 557850858, .status = AVAILABLE, .value = {.int32Values = [1]{0}, .floatValues = [0]{}, .int64Values = [0]{}, .bytes = [0]{}, .stringValue = ""}}
12-30 10:46:20.292   398   464 I VehiclePropertyStore: begin to write value to Store: {.timestamp = 7716114045917, .areaId = 0, .prop = 557850858, .status = AVAILABLE, .value = {.int32Values = [1]{0}, .floatValues = [0]{}, .int64Values = [0]{}, .bytes = [0]{}, .stringValue = ""}}
12-30 10:46:20.292   398   464 I DefaultVehicleHal_v2_0: DefaultVehicleHal::onPropertyValue, value:{.timestamp = 7716114045917, .areaId = 0, .prop = 557850858, .status = AVAILABLE, .value = {.int32Values = [1]{0}, .floatValues = [0]{}, .int64Values = [0]{}, .bytes = [0]{}, .stringValue = ""}}
12-30 10:46:20.292   398   464 D DiagPropHandler: is not DiagnosticConfig: 0x214020ea
12-30 10:46:20.292   398   464 I VehiclePropertyStore: begin to write value to Store: {.timestamp = 7716114045917, .areaId = 0, .prop = 557850858, .status = AVAILABLE, .value = {.int32Values = [1]{0}, .floatValues = [0]{}, .int64Values = [0]{}, .bytes = [0]{}, .stringValue = ""}}
12-30 10:46:20.292   398   464 D adayocomadapter-CommunicationManager: onUpstreamReceive mPropertyId 0x214020ea
12-30 10:46:20.297   360   931 D EvsDriver: forwardFrame
12-30 10:46:20.297   360   931 D EvsDriver: forwardFrameDirect
12-30 10:46:20.298   360   931 D EvsDriver: Delivered 0xb400e2ca9e40d090 as id 1
12-30 10:46:20.298   359  2784 D evsmanagerd: /dev/video-evs0 forwarded the buffer #1 to 0xb400f125d2b26dd0 from 0xb400f125e2b20710
12-30 10:46:20.302   360   458 D EvsDriver: doneWithFrame
12-30 10:46:20.305   596  3076 E WifiHAL : Invalid data received from driver
12-30 10:46:20.330  2358  2623 D RcfController: Rcf proxy is not connected!
12-30 10:46:20.330   360   931 D EvsDriver: forwardFrame
12-30 10:46:20.331   360   931 D EvsDriver: forwardFrameDirect
12-30 10:46:20.331   360   931 D EvsDriver: Delivered 0xb400e2ca9e40e110 as id 0
12-30 10:46:20.331   359  2784 D evsmanagerd: /dev/video-evs0 forwarded the buffer #0 to 0xb400f125d2b26dd0 from 0xb400f125e2b20710
12-30 10:46:20.332   360   458 D EvsDriver: doneWithFrame
12-30 10:46:20.354   596  3076 E WifiHAL : Invalid data received from driver
12-30 10:46:20.354   596  3076 E WifiHAL : Invalid data received from driver
12-30 10:46:20.354   596  3076 E WifiHAL : Invalid data received from driver
12-30 10:46:20.354   596  3076 E WifiHAL : Invalid data received from driver
12-30 10:46:20.355   596  3076 E WifiHAL : Invalid data received from driver
12-30 10:46:20.355   596  3076 E WifiHAL : Invalid data received from driver
12-30 10:46:20.355   596  3076 E WifiHAL : Invalid data received from driver
12-30 10:46:20.364   360   931 D EvsDriver: forwardFrame
12-30 10:46:20.364   360   931 D EvsDriver: forwardFrameDirect
12-30 10:46:20.364   360   931 D EvsDriver: Delivered 0xb400e2ca9e40c7a0 as id 1
12-30 10:46:20.364   359  2784 D evsmanagerd: /dev/video-evs0 forwarded the buffer #1 to 0xb400f125d2b26dd0 from 0xb400f125e2b20710
12-30 10:46:20.373   360   458 D EvsDriver: doneWithFrame
12-30 10:46:20.380  2358  2623 D RcfController: Rcf proxy is not connected!
12-30 10:46:20.397   360   931 D EvsDriver: forwardFrame
12-30 10:46:20.397   360   931 D EvsDriver: forwardFrameDirect
12-30 10:46:20.398   360   931 D EvsDriver: Delivered 0xb400e2ca9e40e270 as id 0
12-30 10:46:20.398   359  2784 D evsmanagerd: /dev/video-evs0 forwarded the buffer #0 to 0xb400f125d2b26dd0 from 0xb400f125e2b20710
12-30 10:46:20.403   360   458 D EvsDriver: doneWithFrame
12-30 10:46:20.405   596  3076 E WifiHAL : Invalid data received from driver
12-30 10:46:20.430   360   931 D EvsDriver: forwardFrame
12-30 10:46:20.431  2358  2623 D RcfController: Rcf proxy is not connected!
12-30 10:46:20.431   360   931 D EvsDriver: forwardFrameDirect
12-30 10:46:20.431   360   931 D EvsDriver: Delivered 0xb400e2ca9e40d4b0 as id 1
12-30 10:46:20.431   359  2784 D evsmanagerd: /dev/video-evs0 forwarded the buffer #1 to 0xb400f125d2b26dd0 from 0xb400f125e2b20710
12-30 10:46:20.434   360   458 D EvsDriver: doneWithFrame
12-30 10:46:20.450   650   730 D fgemcucomm: sd Uart data : 6AA6001753000206018D
12-30 10:46:20.464   360   931 D EvsDriver: forwardFrame
12-30 10:46:20.464   360   931 D EvsDriver: forwardFrameDirect
12-30 10:46:20.464   360   931 D EvsDriver: Delivered 0xb400e2ca9e40c2d0 as id 0
12-30 10:46:20.464   359  2784 D evsmanagerd: /dev/video-evs0 forwarded the buffer #0 to 0xb400f125d2b26dd0 from 0xb400f125e2b20710
12-30 10:46:20.474   360   458 D EvsDriver: doneWithFrame
12-30 10:46:20.478   596  3076 E WifiHAL : Invalid data received from driver
12-30 10:46:20.481  2358  2623 D RcfController: Rcf proxy is not connected!
12-30 10:46:20.497   360   931 D EvsDriver: forwardFrame
12-30 10:46:20.497   360   931 D EvsDriver: forwardFrameDirect
12-30 10:46:20.498   360   931 D EvsDriver: Delivered 0xb400e2ca9e40d090 as id 1
12-30 10:46:20.498   359  2784 D evsmanagerd: /dev/video-evs0 forwarded the buffer #1 to 0xb400f125d2b26dd0 from 0xb400f125e2b20710
12-30 10:46:20.504   360   458 D EvsDriver: doneWithFrame
12-30 10:46:20.531   360   931 D EvsDriver: forwardFrame
12-30 10:46:20.531   360   931 D EvsDriver: forwardFrameDirect
12-30 10:46:20.531   360   931 D EvsDriver: Delivered 0xb400e2ca9e40e110 as id 0
12-30 10:46:20.531  2358  2623 D RcfController: Rcf proxy is not connected!
12-30 10:46:20.531   359  2784 D evsmanagerd: /dev/video-evs0 forwarded the buffer #0 to 0xb400f125d2b26dd0 from 0xb400f125e2b20710
12-30 10:46:20.535   360   458 D EvsDriver: doneWithFrame
12-30 10:46:20.538   798 31663 W adbd    : timed out while waiting for FUNCTIONFS_BIND, trying again
12-30 10:46:20.538   798 31663 I adbd    : UsbFfs: connection terminated: monitor thread finished
12-30 10:46:20.538   798   798 I adbd    : UsbFfs: already offline
12-30 10:46:20.538   798   798 I adbd    : destroying transport UsbFfs
12-30 10:46:20.538   798   798 I adbd    : UsbFfsConnection being destroyed
12-30 10:46:20.546  1667  2513 W ContextImpl: Calling a method in the system process without a qualified user: android.app.ContextImpl.bindService:1988 android.content.ContextWrapper.bindService:861 com.ford.sync.fnvservice.analytics.AnalyticsManager$RetryHandler.a:126 com.ford.sync.fnvservice.analytics.AnalyticsManager$RetryHandler.handleMessage:103 android.os.Handler.dispatchMessage:106 
12-30 10:46:20.547   916  2591 W ActivityManager: Unable to start service Intent { cmp=com.ford.sync.fnvservice/.analytics.AnalyticsService } U=0: not found
12-30 10:46:20.547  1667  2513 W AnalyticsManager:  bind ford Analytics failed -> sendRetryMessage 
12-30 10:46:20.551   596  3076 E WifiHAL : Invalid data received from driver
12-30 10:46:20.564   360   931 D EvsDriver: forwardFrame
12-30 10:46:20.564   360   931 D EvsDriver: forwardFrameDirect
12-30 10:46:20.564   360   931 D EvsDriver: Delivered 0xb400e2ca9e40c7a0 as id 1
12-30 10:46:20.564   359  2784 D evsmanagerd: /dev/video-evs0 forwarded the buffer #1 to 0xb400f125d2b26dd0 from 0xb400f125e2b20710
12-30 10:46:20.565   360   458 D EvsDriver: doneWithFrame
12-30 10:46:20.581  2358  2623 D RcfController: Rcf proxy is not connected!
12-30 10:46:20.586   798   838 I adbd    : opening control endpoint /dev/usb-ffs/adb/ep0
12-30 10:46:20.586   798   838 I adbd    : UsbFfsConnection constructed
12-30 10:46:20.587   798 31665 I adbd    : UsbFfs-monitor thread spawned
01-01 10:08:37.596   838   838 I         : read strings
12-30 10:46:20.597   360   931 D EvsDriver: forwardFrame
12-30 10:46:20.597   360   931 D EvsDriver: forwardFrameDirect
12-30 10:46:20.597   360   931 D EvsDriver: Delivered 0xb400e2ca9e40e270 as id 0
12-30 10:46:20.597   359  2784 D evsmanagerd: /dev/video-evs0 forwarded the buffer #0 to 0xb400f125d2b26dd0 from 0xb400f125e2b20710
12-30 10:46:20.605   360   458 D EvsDriver: doneWithFrame
12-30 10:46:20.628   650   729 D fgemcucomm: sd Uart data : 6AA602F0D9000292029F
12-30 10:46:20.629   650   729 D fgemcucomm: rev uart=63772,len=14, data : 6AA681F0D900069202000100001B
12-30 10:46:20.629   398  2883 D adayocomadapter-ParseProtocolFunc: printRaWMsg Name[MCUToUPstream recv] len[6] data[920200010000]
12-30 10:46:20.629   398  2883 D adayocomadapter-CommunicationManager: onUpstreamback   member[0] dataLength[3] timePoint[7716451]
12-30 10:46:20.629   398  2883 D adayocomadapter-ParseProtocolFunc: printRaWMsg Name[onUpstreamback] len[3] data[010000]
12-30 10:46:20.629   398   464 D adayocomadapter-UpstreamHandler: processBeforePacket upSreamtProcessTimePoint[7716451] 
12-30 10:46:20.629   398   464 D adayocomadapter-UpstreamHandler: processPacket UPSTREAM_QUEUE_DATA_TIMEOUT
12-30 10:46:20.629   398   464 D adayocomadapter-ParseProtocolFunc: parseCommonIPCLBytes Processing tableNumber[1]
12-30 10:46:20.629   398   464 D adayocomadapter-ParseProtocolFunc: parseCommonIPCLBytes Processing tablename[Table-1] tableSize[3]
12-30 10:46:20.629   398   464 D adayocomadapter-ParseProtocolFunc: printRaWMsg Name[byteStream recv] len[3] data[010000]
12-30 10:46:20.629   398   464 D adayocomadapter-ParseProtocolFunc: printRaWMsg Name[IPCLtoVHAL] len[7] data[21402048000000]
12-30 10:46:20.629   398   464 D adayocomadapter-CommunicationManager: onUpstreamReceive mPropertyId 0x21402048
12-30 10:46:20.629   398   464 D adayocomadapter-CommunicationManager: convertBytesToInt32Memcpy  0
12-30 10:46:20.629   398   464 I vw-vhal : notifyVehicleProperty, propId = 0x21402048, data = {status: 2, int32Values: [0]}
12-30 10:46:20.629   398   464 I vw-vhal : CanSignalsAdapter::notifyVehicleProperty: solvedValue = {.timestamp = 7716451419251, .areaId = 0, .prop = 557850696, .status = AVAILABLE, .value = {.int32Values = [1]{0}, .floatValues = [0]{}, .int64Values = [0]{}, .bytes = [0]{}, .stringValue = ""}}
12-30 10:46:20.629   398   464 I VehiclePropertyStore: begin to write value to Store: {.timestamp = 7716451419251, .areaId = 0, .prop = 557850696, .status = AVAILABLE, .value = {.int32Values = [1]{0}, .floatValues = [0]{}, .int64Values = [0]{}, .bytes = [0]{}, .stringValue = ""}}
12-30 10:46:20.629   398   464 I DefaultVehicleHal_v2_0: DefaultVehicleHal::onPropertyValue, value:{.timestamp = 7716451419251, .areaId = 0, .prop = 557850696, .status = AVAILABLE, .value = {.int32Values = [1]{0}, .floatValues = [0]{}, .int64Values = [0]{}, .bytes = [0]{}, .stringValue = ""}}
12-30 10:46:20.629   398   464 D DiagPropHandler: is not DiagnosticConfig: 0x21402048
12-30 10:46:20.629   398   464 I VehiclePropertyStore: begin to write value to Store: {.timestamp = 7716451419251, .areaId = 0, .prop = 557850696, .status = AVAILABLE, .value = {.int32Values = [1]{0}, .floatValues = [0]{}, .int64Values = [0]{}, .bytes = [0]{}, .stringValue = ""}}
12-30 10:46:20.629   398   464 D adayocomadapter-CommunicationManager: onUpstreamReceive mPropertyId 0x21402048
12-30 10:46:20.630   360   931 D EvsDriver: forwardFrame
12-30 10:46:20.630   360   931 D EvsDriver: forwardFrameDirect
12-30 10:46:20.631   360   931 D EvsDriver: Delivered 0xb400e2ca9e40d4b0 as id 1
12-30 10:46:20.631   359  2784 D evsmanagerd: /dev/video-evs0 forwarded the buffer #1 to 0xb400f125d2b26dd0 from 0xb400f125e2b20710
12-30 10:46:20.632  2358  2623 D RcfController: Rcf proxy is not connected!
12-30 10:46:20.636   360   458 D EvsDriver: doneWithFrame
12-30 10:46:20.653   596  3076 E WifiHAL : Invalid data received from driver
12-30 10:46:20.659   650   729 D fgemcucomm: sd Uart data : 6AA602F0DA000292029E
12-30 10:46:20.659   650   729 D fgemcucomm: rev uart=63773,len=16, data : 6AA681F0DA0008920200030000000016
12-30 10:46:20.659   398  2883 D adayocomadapter-ParseProtocolFunc: printRaWMsg Name[MCUToUPstream recv] len[8] data[9202000300000000]
12-30 10:46:20.659   398  2883 D adayocomadapter-CommunicationManager: onUpstreamback   member[0] dataLength[5] timePoint[7716481]
12-30 10:46:20.659   398  2883 D adayocomadapter-ParseProtocolFunc: printRaWMsg Name[onUpstreamback] len[5] data[0300000000]
12-30 10:46:20.659   398   464 D adayocomadapter-UpstreamHandler: processBeforePacket upSreamtProcessTimePoint[7716481] 
12-30 10:46:20.659   398   464 D adayocomadapter-UpstreamHandler: processPacket UPSTREAM_QUEUE_DATA_TIMEOUT
12-30 10:46:20.659   398   464 D adayocomadapter-ParseProtocolFunc: parseCommonIPCLBytes Processing tableNumber[3]
12-30 10:46:20.659   398   464 D adayocomadapter-ParseProtocolFunc: parseCommonIPCLBytes Processing tablename[Table-3] tableSize[5]
12-30 10:46:20.659   398   464 D adayocomadapter-ParseProtocolFunc: printRaWMsg Name[byteStream recv] len[5] data[0300000000]
12-30 10:46:20.659   398   464 D adayocomadapter-ParseProtocolFunc: printRaWMsg Name[IPCLtoVHAL] len[8] data[2141213801000000]
12-30 10:46:20.659   398   464 D adayocomadapter-ParseProtocolFunc: printRaWMsg Name[IPCLtoVHAL] len[6] data[214021D60000]
12-30 10:46:20.659   398   464 D adayocomadapter-CommunicationManager: onUpstreamReceive mPropertyId 0x21412138
12-30 10:46:20.659   398   464 I vw-vhal : notifyVehicleProperty, propId = 0x21412138, data = {status: 2, int32Values: [0, 0, 0]}
12-30 10:46:20.659   398   464 I vw-vhal : CanSignalsAdapter::notifyVehicleProperty: solvedValue = {.timestamp = 7716481562251, .areaId = 0, .prop = 557916472, .status = AVAILABLE, .value = {.int32Values = [3]{0, 0, 0}, .floatValues = [0]{}, .int64Values = [0]{}, .bytes = [0]{}, .stringValue = ""}}
12-30 10:46:20.659   398   464 I VehiclePropertyStore: begin to write value to Store: {.timestamp = 7716481562251, .areaId = 0, .prop = 557916472, .status = AVAILABLE, .value = {.int32Values = [3]{0, 0, 0}, .floatValues = [0]{}, .int64Values = [0]{}, .bytes = [0]{}, .stringValue = ""}}
12-30 10:46:20.659   398   464 I DefaultVehicleHal_v2_0: DefaultVehicleHal::onPropertyValue, value:{.timestamp = 7716481562251, .areaId = 0, .prop = 557916472, .status = AVAILABLE, .value = {.int32Values = [3]{0, 0, 0}, .floatValues = [0]{}, .int64Values = [0]{}, .bytes = [0]{}, .stringValue = ""}}
12-30 10:46:20.659   398   464 D DiagPropHandler: is not DiagnosticConfig: 0x21412138
12-30 10:46:20.659   398   464 I VehiclePropertyStore: begin to write value to Store: {.timestamp = 7716481562251, .areaId = 0, .prop = 557916472, .status = AVAILABLE, .value = {.int32Values = [3]{0, 0, 0}, .floatValues = [0]{}, .int64Values = [0]{}, .bytes = [0]{}, .stringValue = ""}}
12-30 10:46:20.659   398   464 D adayocomadapter-CommunicationManager: onUpstreamReceive mPropertyId 0x21412138
12-30 10:46:20.659   398   464 D adayocomadapter-CommunicationManager: onUpstreamReceive mPropertyId 0x214021d6
12-30 10:46:20.659   398   464 D adayocomadapter-CommunicationManager: convertBytesToInt32Memcpy  0
12-30 10:46:20.659   398   464 I vw-vhal : notifyVehicleProperty, propId = 0x214021d6, data = {status: 2, int32Values: [0]}
12-30 10:46:20.659   398   464 I vw-vhal : CanSignalsAdapter::notifyVehicleProperty: solvedValue = {.timestamp = 7716481793917, .areaId = 0, .prop = 557851094, .status = AVAILABLE, .value = {.int32Values = [1]{0}, .floatValues = [0]{}, .int64Values = [0]{}, .bytes = [0]{}, .stringValue = ""}}
12-30 10:46:20.659   398   464 I VehiclePropertyStore: begin to write value to Store: {.timestamp = 7716481793917, .areaId = 0, .prop = 557851094, .status = AVAILABLE, .value = {.int32Values = [1]{0}, .floatValues = [0]{}, .int64Values = [0]{}, .bytes = [0]{}, .stringValue = ""}}
12-30 10:46:20.660   398   464 I DefaultVehicleHal_v2_0: DefaultVehicleHal::onPropertyValue, value:{.timestamp = 7716481793917, .areaId = 0, .prop = 557851094, .status = AVAILABLE, .value = {.int32Values = [1]{0}, .floatValues = [0]{}, .int64Values = [0]{}, .bytes = [0]{}, .stringValue = ""}}
12-30 10:46:20.660   398   464 D DiagPropHandler: is not DiagnosticConfig: 0x214021d6
12-30 10:46:20.660   398   464 I VehiclePropertyStore: begin to write value to Store: {.timestamp = 7716481793917, .areaId = 0, .prop = 557851094, .status = AVAILABLE, .value = {.int32Values = [1]{0}, .floatValues = [0]{}, .int64Values = [0]{}, .bytes = [0]{}, .stringValue = ""}}
12-30 10:46:20.660   398   464 D adayocomadapter-CommunicationManager: onUpstreamReceive mPropertyId 0x214021d6
12-30 10:46:20.663  1628  1851 I CCarServiceManager: CarServiceManager->t()35:link:[48]     ---26:pool-2-thread-1
12-30 10:46:20.663  1628  1851 I CCarServiceManager: CarServiceManager->t()64:link 转换后:48     ---26:pool-2-thread-1
12-30 10:46:20.663  1628  1851 I CCarServiceManager: CarServiceManager->t()84:link 转换后:48     ---26:pool-2-thread-1
12-30 10:46:20.663  1628  1851 D CarPropertyManager: setProperty, propertyId: 0x2141400f, areaId: 0x0, class: class [Ljava.lang.Integer;, val: [Ljava.lang.Integer;@cb983b3
12-30 10:46:20.664   360   931 D EvsDriver: forwardFrame
12-30 10:46:20.664   360   931 D EvsDriver: forwardFrameDirect
12-30 10:46:20.664   360   931 D EvsDriver: Delivered 0xb400e2ca9e40c2d0 as id 0
12-30 10:46:20.664  1365  2014 D CarPropertyService: mSyncGetSetPropertyOpCount: 1
12-30 10:46:20.664   359  2784 D evsmanagerd: /dev/video-evs0 forwarded the buffer #0 to 0xb400f125d2b26dd0 from 0xb400f125e2b20710
12-30 10:46:20.664   398  2883 I DefaultVehicleHal_v2_0: DefaultVehicleHal::set, current value:{.timestamp = 0, .areaId = 0, .prop = 557924367, .status = AVAILABLE, .value = {.int32Values = [1]{0}, .floatValues = [0]{}, .int64Values = [0]{}, .bytes = [0]{}, .stringValue = ""}}
12-30 10:46:20.664   398  2883 I DefaultVehicleHalServer: onSetProperty(0x2141400f)
12-30 10:46:20.664   398  2883 D vw-vhal : CanSignalsAdapter::setVehicleProperty: propValue = {.timestamp = 0, .areaId = 0, .prop = 557924367, .status = AVAILABLE, .value = {.int32Values = [1]{1}, .floatValues = [0]{}, .int64Values = [0]{}, .bytes = [0]{}, .stringValue = ""}}
12-30 10:46:20.665   398  2883 D vw-vhal : CanSignalsAdapter::setVehicleProperty: propId = 0x2141400f, data = {status: 0, int32Values: [1]}
12-30 10:46:20.665   398  2883 D adayocomadapter-CommunicationManager: setProperty id=[557924367]
12-30 10:46:20.665   398  2883 D adayocomadapter-CommunicationManager: writeValue id=[557924367]
12-30 10:46:20.665   398  2883 D adayocomadapter-VehiclePropertyStore: writeValue id=[557924367]
12-30 10:46:20.665   398  2883 D adayocomadapter-CommunicationManager: sendToDownstream mPropertyId 0x2141400f
12-30 10:46:20.665   398  2883 D adayocomadapter-ParseProtocolFunc: printRaWMsg Name[sendToDownstream] len[4] data[00000000]
12-30 10:46:20.665   398  2883 D adayocomadapter-ParseProtocolFunc: printRaWMsg Name[sendToDownstream] len[4] data[2141400F]
12-30 10:46:20.665   398  2883 D adayocomadapter-ParseProtocolFunc: printRaWMsg Name[sendToDownstream] len[5] data[2141400F01]
12-30 10:46:20.665   398  2883 D adayocomadapter-CommunicationManager: sendToDownstream ret[0]   member[130] dataLength[1] timePoint[7716487] 
12-30 10:46:20.665   398  2883 D adayocomadapter-ParseProtocolFunc: printRaWMsg Name[sendToDownstream] len[5] data[2141400F01]
12-30 10:46:20.665   398  2883 D adayocomadapter-CommunicationManager: sendToDownstream  000 mPropertyId[0x557924367]  
12-30 10:46:20.665   398   698 D adayocomadapter-DownstreamHandler: processBeforePacket downSreamtProcessTimePoint[7716487] 
12-30 10:46:20.665   398   698 D adayocomadapter-DownstreamHandler: DownstreamHandler processPacket 
12-30 10:46:20.665   398   698 D adayocomadapter-DownstreamHandler: DownstreamHandler processPacket valueIndex 0x2141400f
12-30 10:46:20.665   398   698 D adayocomadapter-DownstreamHandler: DownstreamHandler processPacket 0002
12-30 10:46:20.665   398   698 D adayocomadapter-DownstreamHandler: DownstreamHandler processPacket sendMCUData2 
12-30 10:46:20.665   398   698 D adayocomadapter-CommunicationManager: sendMCUData 
12-30 10:46:20.665   398   698 D adayocomadapter-MCUInterfaceHandler: sendToMCU start
12-30 10:46:20.665  1365  2014 D CarPropertyService: mSyncGetSetPropertyOpCount: 0
12-30 10:46:20.665   650   730 D fgemcucomm: sd Uart data : 6AA601175400081202022141400F01C4
12-30 10:46:20.665   398   698 D adayocomadapter-ParseProtocolFunc: printRaWMsg Name[sendToMCU] len[8] data[1202022141400F01]
12-30 10:46:20.665  1628  1851 I CCarServiceManager: CarServiceManager->t()118:link:0     ---26:pool-2-thread-1
12-30 10:46:20.666   360   458 D EvsDriver: doneWithFrame
12-30 10:46:20.681  1611  1611 I ADAYO_LOG_: handleMessage(UsbFunc.java:3)copyQnx = 0
12-30 10:46:20.681  1611  1611 I ADAYO_LOG_: handleMessage(UsbFunc.java:12)copyState = 2
12-30 10:46:20.682  2358  2623 D RcfController: Rcf proxy is not connected!
12-30 10:46:20.697   360   931 D EvsDriver: forwardFrame
12-30 10:46:20.697   360   931 D EvsDriver: forwardFrameDirect
12-30 10:46:20.697   360   931 D EvsDriver: Delivered 0xb400e2ca9e40d090 as id 1
12-30 10:46:20.697   359  2784 D evsmanagerd: /dev/video-evs0 forwarded the buffer #1 to 0xb400f125d2b26dd0 from 0xb400f125e2b20710
12-30 10:46:20.706   360   458 D EvsDriver: doneWithFrame
12-30 10:46:20.725   596  3076 E WifiHAL : Invalid data received from driver
12-30 10:46:20.728   650   729 D fgemcucomm: sd Uart data : 6AA602F0DB000292029D
12-30 10:46:20.729   650   729 D fgemcucomm: rev uart=63774,len=15, data : 6AA681F0DB00079202000900000010
12-30 10:46:20.729   398  2883 D adayocomadapter-ParseProtocolFunc: printRaWMsg Name[MCUToUPstream recv] len[7] data[92020009000000]
12-30 10:46:20.729   398  2883 D adayocomadapter-CommunicationManager: onUpstreamback   member[0] dataLength[4] timePoint[7716551]
12-30 10:46:20.729   398  2883 D adayocomadapter-ParseProtocolFunc: printRaWMsg Name[onUpstreamback] len[4] data[09000000]
12-30 10:46:20.729   398   464 D adayocomadapter-UpstreamHandler: processBeforePacket upSreamtProcessTimePoint[7716551] 
12-30 10:46:20.729   398   464 D adayocomadapter-UpstreamHandler: processPacket UPSTREAM_QUEUE_DATA_TIMEOUT
12-30 10:46:20.729   398   464 D adayocomadapter-ParseProtocolFunc: parseCommonIPCLBytes Processing tableNumber[9]
12-30 10:46:20.729   398   464 D adayocomadapter-ParseProtocolFunc: parseCommonIPCLBytes Processing tablename[Table-9] tableSize[4]
12-30 10:46:20.729   398   464 D adayocomadapter-ParseProtocolFunc: printRaWMsg Name[byteStream recv] len[4] data[09000000]
12-30 10:46:20.729   650   730 D fgemcucomm: file = hardware/interfaces/fgemcucomm/1.0/default/mcucomm/src/mcuCommFunctionTimer.cpp, function = startTimer  start timer OK = 5972 
12-30 10:46:20.729   398   464 D adayocomadapter-ParseProtocolFunc: printRaWMsg Name[IPCLtoVHAL] len[6] data[214020600000]
12-30 10:46:20.729   398   464 D adayocomadapter-ParseProtocolFunc: printRaWMsg Name[IPCLtoVHAL] len[6] data[2140218D0000]
12-30 10:46:20.729   398   464 D adayocomadapter-ParseProtocolFunc: printRaWMsg Name[IPCLtoVHAL] len[6] data[214022550000]
12-30 10:46:20.729   398   464 D adayocomadapter-CommunicationManager: onUpstreamReceive mPropertyId 0x21402060
12-30 10:46:20.729   398   464 D adayocomadapter-CommunicationManager: convertBytesToInt32Memcpy  0
12-30 10:46:20.729   398   464 I vw-vhal : notifyVehicleProperty, propId = 0x21402060, data = {status: 2, int32Values: [0]}
12-30 10:46:20.729   398   464 I vw-vhal : CanSignalsAdapter::notifyVehicleProperty: solvedValue = {.timestamp = 7716551420584, .areaId = 0, .prop = 557850720, .status = AVAILABLE, .value = {.int32Values = [1]{0}, .floatValues = [0]{}, .int64Values = [0]{}, .bytes = [0]{}, .stringValue = ""}}
12-30 10:46:20.729   398   464 I VehiclePropertyStore: begin to write value to Store: {.timestamp = 7716551420584, .areaId = 0, .prop = 557850720, .status = AVAILABLE, .value = {.int32Values = [1]{0}, .floatValues = [0]{}, .int64Values = [0]{}, .bytes = [0]{}, .stringValue = ""}}
12-30 10:46:20.729   398   464 I DefaultVehicleHal_v2_0: DefaultVehicleHal::onPropertyValue, value:{.timestamp = 7716551420584, .areaId = 0, .prop = 557850720, .status = AVAILABLE, .value = {.int32Values = [1]{0}, .floatValues = [0]{}, .int64Values = [0]{}, .bytes = [0]{}, .stringValue = ""}}
12-30 10:46:20.729   398   464 D DiagPropHandler: is not DiagnosticConfig: 0x21402060
12-30 10:46:20.729   398   464 I VehiclePropertyStore: begin to write value to Store: {.timestamp = 7716551420584, .areaId = 0, .prop = 557850720, .status = AVAILABLE, .value = {.int32Values = [1]{0}, .floatValues = [0]{}, .int64Values = [0]{}, .bytes = [0]{}, .stringValue = ""}}
12-30 10:46:20.729   398   464 D adayocomadapter-CommunicationManager: onUpstreamReceive mPropertyId 0x21402060
12-30 10:46:20.729   398   464 D adayocomadapter-CommunicationManager: onUpstreamReceive mPropertyId 0x2140218d
12-30 10:46:20.729   398   464 D adayocomadapter-CommunicationManager: convertBytesToInt32Memcpy  0
12-30 10:46:20.729   398   464 I vw-vhal : notifyVehicleProperty, propId = 0x2140218d, data = {status: 2, int32Values: [0]}
12-30 10:46:20.729   398   464 I vw-vhal : CanSignalsAdapter::notifyVehicleProperty: solvedValue = {.timestamp = 7716551666584, .areaId = 0, .prop = 557851021, .status = AVAILABLE, .value = {.int32Values = [1]{0}, .floatValues = [0]{}, .int64Values = [0]{}, .bytes = [0]{}, .stringValue = ""}}
12-30 10:46:20.729   398   464 I VehiclePropertyStore: begin to write value to Store: {.timestamp = 7716551666584, .areaId = 0, .prop = 557851021, .status = AVAILABLE, .value = {.int32Values = [1]{0}, .floatValues = [0]{}, .int64Values = [0]{}, .bytes = [0]{}, .stringValue = ""}}
12-30 10:46:20.729   398   464 I DefaultVehicleHal_v2_0: DefaultVehicleHal::onPropertyValue, value:{.timestamp = 7716551666584, .areaId = 0, .prop = 557851021, .status = AVAILABLE, .value = {.int32Values = [1]{0}, .floatValues = [0]{}, .int64Values = [0]{}, .bytes = [0]{}, .stringValue = ""}}
12-30 10:46:20.729   398   464 D DiagPropHandler: is not DiagnosticConfig: 0x2140218d
12-30 10:46:20.729   398   464 I VehiclePropertyStore: begin to write value to Store: {.timestamp = 7716551666584, .areaId = 0, .prop = 557851021, .status = AVAILABLE, .value = {.int32Values = [1]{0}, .floatValues = [0]{}, .int64Values = [0]{}, .bytes = [0]{}, .stringValue = ""}}
12-30 10:46:20.729   398   464 D adayocomadapter-CommunicationManager: onUpstreamReceive mPropertyId 0x2140218d
12-30 10:46:20.729   398   464 D adayocomadapter-CommunicationManager: onUpstreamReceive mPropertyId 0x21402255
12-30 10:46:20.729   398   464 D adayocomadapter-CommunicationManager: convertBytesToInt32Memcpy  0
12-30 10:46:20.729   398   464 I vw-vhal : notifyVehicleProperty, propId = 0x21402255, data = {status: 2, int32Values: [0]}
12-30 10:46:20.730   398   464 I vw-vhal : CanSignalsAdapter::notifyVehicleProperty: solvedValue = {.timestamp = 7716551857584, .areaId = 0, .prop = 557851221, .status = AVAILABLE, .value = {.int32Values = [1]{0}, .floatValues = [0]{}, .int64Values = [0]{}, .bytes = [0]{}, .stringValue = ""}}
12-30 10:46:20.730   398   464 I VehiclePropertyStore: begin to write value to Store: {.timestamp = 7716551857584, .areaId = 0, .prop = 557851221, .status = AVAILABLE, .value = {.int32Values = [1]{0}, .floatValues = [0]{}, .int64Values = [0]{}, .bytes = [0]{}, .stringValue = ""}}
12-30 10:46:20.730   398   464 I DefaultVehicleHal_v2_0: DefaultVehicleHal::onPropertyValue, value:{.timestamp = 7716551857584, .areaId = 0, .prop = 557851221, .status = AVAILABLE, .value = {.int32Values = [1]{0}, .floatValues = [0]{}, .int64Values = [0]{}, .bytes = [0]{}, .stringValue = ""}}
12-30 10:46:20.730   398   464 D DiagPropHandler: is not DiagnosticConfig: 0x21402255
12-30 10:46:20.730   398   464 I VehiclePropertyStore: begin to write value to Store: {.timestamp = 7716551857584, .areaId = 0, .prop = 557851221, .status = AVAILABLE, .value = {.int32Values = [1]{0}, .floatValues = [0]{}, .int64Values = [0]{}, .bytes = [0]{}, .stringValue = ""}}
12-30 10:46:20.730   398   464 D adayocomadapter-CommunicationManager: onUpstreamReceive mPropertyId 0x21402255
12-30 10:46:20.730   360   931 D EvsDriver: forwardFrame
12-30 10:46:20.730   360   931 D EvsDriver: forwardFrameDirect
12-30 10:46:20.731   360   931 D EvsDriver: Delivered 0xb400e2ca9e40e110 as id 0
12-30 10:46:20.731   359  2784 D evsmanagerd: /dev/video-evs0 forwarded the buffer #0 to 0xb400f125d2b26dd0 from 0xb400f125e2b20710
12-30 10:46:20.732  2358  2623 D RcfController: Rcf proxy is not connected!
12-30 10:46:20.737   360   458 D EvsDriver: doneWithFrame
12-30 10:46:20.740  1667  2407 I media_message_log->MediaMessageProxy: (SourceFile:1)b connectToService action bind
12-30 10:46:20.741   916  2591 W ActivityManager: Unable to start service Intent { cmp=com.adayo.server.mediamessagetransfer/.MediaMessTransferService (has extras) } U=0: not found
12-30 10:46:20.741  1667  2407 E media_message_log->MediaMessageProxy: (SourceFile:7)a bindServiceAsUser isBound = false
12-30 10:46:20.748   650   729 D fgemcucomm: file = hardware/interfaces/fgemcucomm/1.0/default/mcucomm/src/mcuCommFunctionTimer.cpp, func = stopTimer  stop timer = 5972 
12-30 10:46:20.748   650   729 D fgemcucomm: rev uart=63775,len=10, data : 6AA682175400021202FD
12-30 10:46:20.764   360   931 D EvsDriver: forwardFrame
12-30 10:46:20.764   360   931 D EvsDriver: forwardFrameDirect
12-30 10:46:20.764   360   931 D EvsDriver: Delivered 0xb400e2ca9e40c7a0 as id 1
12-30 10:46:20.764   359  2784 D evsmanagerd: /dev/video-evs0 forwarded the buffer #1 to 0xb400f125d2b26dd0 from 0xb400f125e2b20710
12-30 10:46:20.767   360   458 D EvsDriver: doneWithFrame
12-30 10:46:20.777  1582  3078 I c       : checkService in back thread add: adayo.upgrade.v2.0
12-30 10:46:20.778  1582  3078 E upgradeApp_251223_V1  l: d(null:11)pre->c(null:23)-> serviceBinder is null
12-30 10:46:20.778  1582  3078 W c       : doBindService in back thread fail: adayo.upgrade.v2.0
12-30 10:46:20.782  2358  2623 D RcfController: Rcf proxy is not connected!
12-30 10:46:20.797   360   931 D EvsDriver: forwardFrame
12-30 10:46:20.797   360   931 D EvsDriver: forwardFrameDirect
12-30 10:46:20.797   360   931 D EvsDriver: Delivered 0xb400e2ca9e40e270 as id 0
12-30 10:46:20.797   359  2784 D evsmanagerd: /dev/video-evs0 forwarded the buffer #0 to 0xb400f125d2b26dd0 from 0xb400f125e2b20710
01-01 10:08:37.809     1     1 I init    : starting service 'trace_resource'...
12-30 10:46:20.802   596  3076 E WifiHAL : Invalid data received from driver
12-30 10:46:20.802   596  3076 E WifiHAL : Invalid data received from driver
12-30 10:46:20.802   596  3076 E WifiHAL : Invalid data received from driver
12-30 10:46:20.802   596  3076 E WifiHAL : Invalid data received from driver
12-30 10:46:20.802   596  3076 E WifiHAL : Invalid data received from driver
12-30 10:46:20.802   596  3076 E WifiHAL : Invalid data received from driver
12-30 10:46:20.802   596  3076 E WifiHAL : Invalid data received from driver
12-30 10:46:20.808   360   458 D EvsDriver: doneWithFrame
12-30 10:46:20.808   650   729 D fgemcucomm: sd Uart data : 6AA602F0DC000292029C
12-30 10:46:20.809   650   729 D fgemcucomm: rev uart=63776,len=14, data : 6AA681F0DC00069202001A0000FF
12-30 10:46:20.804   657   657 I auditd  : type=1400 audit(0.0:863495): avc:  denied  { ioctl } for  comm="evs_app.adayo" path="/dev/dri/renderD128" dev="tmpfs" ino=468 ioctlcmd=0x6440 scontext=u:r:evs_app_adayo:s0 tcontext=u:object_r:gpu_device:s0 tclass=chr_file permissive=1
12-30 10:46:20.804   657   657 I evs_app.adayo: type=1400 audit(0.0:863495): avc:  denied  { ioctl } for  path="/dev/dri/renderD128" dev="tmpfs" ino=468 ioctlcmd=0x6440 scontext=u:r:evs_app_adayo:s0 tcontext=u:object_r:gpu_device:s0 tclass=chr_file permissive=1
12-30 10:46:20.809   398  2883 D adayocomadapter-ParseProtocolFunc: printRaWMsg Name[MCUToUPstream recv] len[6] data[9202001A0000]
12-30 10:46:20.809   398  2883 D adayocomadapter-CommunicationManager: onUpstreamback   member[0] dataLength[3] timePoint[7716631]
12-30 10:46:20.809   398  2883 D adayocomadapter-ParseProtocolFunc: printRaWMsg Name[onUpstreamback] len[3] data[1A0000]
12-30 10:46:20.809   398   464 D adayocomadapter-UpstreamHandler: processBeforePacket upSreamtProcessTimePoint[7716631] 
12-30 10:46:20.809   398   464 D adayocomadapter-UpstreamHandler: processPacket UPSTREAM_QUEUE_DATA_TIMEOUT
12-30 10:46:20.809   398   464 D adayocomadapter-ParseProtocolFunc: parseCommonIPCLBytes Processing tableNumber[26]
12-30 10:46:20.809   398   464 D adayocomadapter-ParseProtocolFunc: parseCommonIPCLBytes Processing tablename[Table-26] tableSize[3]
12-30 10:46:20.809   398   464 D adayocomadapter-ParseProtocolFunc: printRaWMsg Name[byteStream recv] len[3] data[1A0000]
12-30 10:46:20.809   398   464 D adayocomadapter-ParseProtocolFunc: printRaWMsg Name[IPCLtoVHAL] len[6] data[214021C90000]
12-30 10:46:20.809   398   464 D adayocomadapter-ParseProtocolFunc: printRaWMsg Name[IPCLtoVHAL] len[6] data[214022060000]
12-30 10:46:20.810   398   464 D adayocomadapter-CommunicationManager: onUpstreamReceive mPropertyId 0x214021c9
12-30 10:46:20.810   398   464 D adayocomadapter-CommunicationManager: convertBytesToInt32Memcpy  0
12-30 10:46:20.810   398   464 I vw-vhal : notifyVehicleProperty, propId = 0x214021c9, data = {status: 2, int32Values: [0]}
12-30 10:46:20.810   398   464 I vw-vhal : CanSignalsAdapter::notifyVehicleProperty: solvedValue = {.timestamp = 7716632057251, .areaId = 0, .prop = 557851081, .status = AVAILABLE, .value = {.int32Values = [1]{0}, .floatValues = [0]{}, .int64Values = [0]{}, .bytes = [0]{}, .stringValue = ""}}
12-30 10:46:20.810   398   464 I VehiclePropertyStore: begin to write value to Store: {.timestamp = 7716632057251, .areaId = 0, .prop = 557851081, .status = AVAILABLE, .value = {.int32Values = [1]{0}, .floatValues = [0]{}, .int64Values = [0]{}, .bytes = [0]{}, .stringValue = ""}}
12-30 10:46:20.810   398   464 I DefaultVehicleHal_v2_0: DefaultVehicleHal::onPropertyValue, value:{.timestamp = 7716632057251, .areaId = 0, .prop = 557851081, .status = AVAILABLE, .value = {.int32Values = [1]{0}, .floatValues = [0]{}, .int64Values = [0]{}, .bytes = [0]{}, .stringValue = ""}}
12-30 10:46:20.810   398   464 D DiagPropHandler: is not DiagnosticConfig: 0x214021c9
12-30 10:46:20.810   398   464 I VehiclePropertyStore: begin to write value to Store: {.timestamp = 7716632057251, .areaId = 0, .prop = 557851081, .status = AVAILABLE, .value = {.int32Values = [1]{0}, .floatValues = [0]{}, .int64Values = [0]{}, .bytes = [0]{}, .stringValue = ""}}
12-30 10:46:20.810   398   464 D adayocomadapter-CommunicationManager: onUpstreamReceive mPropertyId 0x214021c9
12-30 10:46:20.810   398   464 D adayocomadapter-CommunicationManager: onUpstreamReceive mPropertyId 0x21402206
12-30 10:46:20.810   398   464 D adayocomadapter-CommunicationManager: convertBytesToInt32Memcpy  0
12-30 10:46:20.810   398   464 I vw-vhal : notifyVehicleProperty, propId = 0x21402206, data = {status: 2, int32Values: [0]}
12-30 10:46:20.810   398   464 I vw-vhal : CanSignalsAdapter::notifyVehicleProperty: solvedValue = {.timestamp = 7716632470251, .areaId = 0, .prop = 557851142, .status = AVAILABLE, .value = {.int32Values = [1]{0}, .floatValues = [0]{}, .int64Values = [0]{}, .bytes = [0]{}, .stringValue = ""}}
12-30 10:46:20.810   398   464 I VehiclePropertyStore: begin to write value to Store: {.timestamp = 7716632470251, .areaId = 0, .prop = 557851142, .status = AVAILABLE, .value = {.int32Values = [1]{0}, .floatValues = [0]{}, .int64Values = [0]{}, .bytes = [0]{}, .stringValue = ""}}
12-30 10:46:20.810   398   464 I DefaultVehicleHal_v2_0: DefaultVehicleHal::onPropertyValue, value:{.timestamp = 7716632470251, .areaId = 0, .prop = 557851142, .status = AVAILABLE, .value = {.int32Values = [1]{0}, .floatValues = [0]{}, .int64Values = [0]{}, .bytes = [0]{}, .stringValue = ""}}
12-30 10:46:20.810   398   464 D DiagPropHandler: is not DiagnosticConfig: 0x21402206
12-30 10:46:20.810   398   464 I VehiclePropertyStore: begin to write value to Store: {.timestamp = 7716632470251, .areaId = 0, .prop = 557851142, .status = AVAILABLE, .value = {.int32Values = [1]{0}, .floatValues = [0]{}, .int64Values = [0]{}, .bytes = [0]{}, .stringValue = ""}}
12-30 10:46:20.810   398   464 D adayocomadapter-CommunicationManager: onUpstreamReceive mPropertyId 0x21402206
12-30 10:46:20.815   596  3076 E WifiHAL : Invalid data received from driver
12-30 10:46:20.816 31671 31671 I auditd  : type=1400 audit(0.0:863496): avc:  denied  { entrypoint } for  comm="init" path="/system/bin/sh" dev="dm-1" ino=8660711 scontext=u:r:trace_resource:s0 tcontext=u:object_r:shell_exec:s0 tclass=file permissive=1
12-30 10:46:20.816 31671 31671 I init    : type=1400 audit(0.0:863496): avc:  denied  { entrypoint } for  path="/system/bin/sh" dev="dm-1" ino=8660711 scontext=u:r:trace_resource:s0 tcontext=u:object_r:shell_exec:s0 tclass=file permissive=1
12-30 10:46:20.820 31671 31671 I auditd  : type=1400 audit(0.0:863497): avc:  denied  { map } for  comm="sh" path="/system/bin/sh" dev="dm-1" ino=8660711 scontext=u:r:trace_resource:s0 tcontext=u:object_r:shell_exec:s0 tclass=file permissive=1
12-30 10:46:20.820 31671 31671 I sh      : type=1400 audit(0.0:863497): avc:  denied  { map } for  path="/system/bin/sh" dev="dm-1" ino=8660711 scontext=u:r:trace_resource:s0 tcontext=u:object_r:shell_exec:s0 tclass=file permissive=1
12-30 10:46:20.820 31671 31671 I auditd  : type=1400 audit(0.0:863498): avc:  denied  { read } for  comm="sh" path="/system/bin/sh" dev="dm-1" ino=8660711 scontext=u:r:trace_resource:s0 tcontext=u:object_r:shell_exec:s0 tclass=file permissive=1
12-30 10:46:20.820 31671 31671 I sh      : type=1400 audit(0.0:863498): avc:  denied  { read } for  path="/system/bin/sh" dev="dm-1" ino=8660711 scontext=u:r:trace_resource:s0 tcontext=u:object_r:shell_exec:s0 tclass=file permissive=1
12-30 10:46:20.820 31671 31671 I auditd  : type=1400 audit(0.0:863499): avc:  denied  { execute } for  comm="sh" path="/system/bin/sh" dev="dm-1" ino=8660711 scontext=u:r:trace_resource:s0 tcontext=u:object_r:shell_exec:s0 tclass=file permissive=1
12-30 10:46:20.820 31671 31671 I sh      : type=1400 audit(0.0:863499): avc:  denied  { execute } for  path="/system/bin/sh" dev="dm-1" ino=8660711 scontext=u:r:trace_resource:s0 tcontext=u:object_r:shell_exec:s0 tclass=file permissive=1
12-30 10:46:20.824 31671 31671 I auditd  : type=1400 audit(0.0:863500): avc:  denied  { getattr } for  comm="sh" path="/system/bin/sh" dev="dm-1" ino=8660711 scontext=u:r:trace_resource:s0 tcontext=u:object_r:shell_exec:s0 tclass=file permissive=1
12-30 10:46:20.824 31671 31671 I sh      : type=1400 audit(0.0:863500): avc:  denied  { getattr } for  path="/system/bin/sh" dev="dm-1" ino=8660711 scontext=u:r:trace_resource:s0 tcontext=u:object_r:shell_exec:s0 tclass=file permissive=1
12-30 10:46:20.830   360   931 D EvsDriver: forwardFrame
12-30 10:46:20.831   360   931 D EvsDriver: forwardFrameDirect
12-30 10:46:20.831   360   931 D EvsDriver: Delivered 0xb400e2ca9e40d4b0 as id 1
