12-30 10:46:19.119   398   464 D adayocomadapter-CommunicationManager: convertBytesToInt32Memcpy  0
12-30 10:46:19.119   398   464 I vw-vhal : notifyVehicleProperty, propId = 0x21402056, data = {status: 2, int32Values: [0]}
12-30 10:46:19.119   398   464 I vw-vhal : CanSignalsAdapter::notifyVehicleProperty: solvedValue = {.timestamp = 7714941138917, .areaId = 0, .prop = 557850710, .status = AVAILABLE, .value = {.int32Values = [1]{0}, .floatValues = [0]{}, .int64Values = [0]{}, .bytes = [0]{}, .stringValue = ""}}
12-30 10:46:19.119   398   464 I VehiclePropertyStore: begin to write value to Store: {.timestamp = 7714941138917, .areaId = 0, .prop = 557850710, .status = AVAILABLE, .value = {.int32Values = [1]{0}, .floatValues = [0]{}, .int64Values = [0]{}, .bytes = [0]{}, .stringValue = ""}}
12-30 10:46:19.119   398   464 I DefaultVehicleHal_v2_0: DefaultVehicleHal::onPropertyValue, value:{.timestamp = 7714941138917, .areaId = 0, .prop = 557850710, .status = AVAILABLE, .value = {.int32Values = [1]{0}, .floatValues = [0]{}, .int64Values = [0]{}, .bytes = [0]{}, .stringValue = ""}}
12-30 10:46:19.119   398   464 D DiagPropHandler: is not DiagnosticConfig: 0x21402056
12-30 10:46:19.119   398   464 I VehiclePropertyStore: begin to write value to Store: {.timestamp = 7714941138917, .areaId = 0, .prop = 557850710, .status = AVAILABLE, .value = {.int32Values = [1]{0}, .floatValues = [0]{}, .int64Values = [0]{}, .bytes = [0]{}, .stringValue = ""}}
12-30 10:46:19.119   398   464 D adayocomadapter-CommunicationManager: onUpstreamReceive mPropertyId 0x21402056
12-30 10:46:19.119   398   464 D adayocomadapter-CommunicationManager: onUpstreamReceive mPropertyId 0x21402057
12-30 10:46:19.119   398   464 D adayocomadapter-CommunicationManager: convertBytesToInt32Memcpy  0
12-30 10:46:19.119   398   464 I vw-vhal : notifyVehicleProperty, propId = 0x21402057, data = {status: 2, int32Values: [0]}
12-30 10:46:19.119   398   464 I vw-vhal : CanSignalsAdapter::notifyVehicleProperty: solvedValue = {.timestamp = 7714941471251, .areaId = 0, .prop = 557850711, .status = AVAILABLE, .value = {.int32Values = [1]{0}, .floatValues = [0]{}, .int64Values = [0]{}, .bytes = [0]{}, .stringValue = ""}}
12-30 10:46:19.119   398   464 I VehiclePropertyStore: begin to write value to Store: {.timestamp = 7714941471251, .areaId = 0, .prop = 557850711, .status = AVAILABLE, .value = {.int32Values = [1]{0}, .floatValues = [0]{}, .int64Values = [0]{}, .bytes = [0]{}, .stringValue = ""}}
12-30 10:46:19.119   398   464 I DefaultVehicleHal_v2_0: DefaultVehicleHal::onPropertyValue, value:{.timestamp = 7714941471251, .areaId = 0, .prop = 557850711, .status = AVAILABLE, .value = {.int32Values = [1]{0}, .floatValues = [0]{}, .int64Values = [0]{}, .bytes = [0]{}, .stringValue = ""}}
12-30 10:46:19.119   398   464 D DiagPropHandler: is not DiagnosticConfig: 0x21402057
12-30 10:46:19.119   398   464 I VehiclePropertyStore: begin to write value to Store: {.timestamp = 7714941471251, .areaId = 0, .prop = 557850711, .status = AVAILABLE, .value = {.int32Values = [1]{0}, .floatValues = [0]{}, .int64Values = [0]{}, .bytes = [0]{}, .stringValue = ""}}
12-30 10:46:19.119   398   464 D adayocomadapter-CommunicationManager: onUpstreamReceive mPropertyId 0x21402057
12-30 10:46:19.119   398   464 D adayocomadapter-CommunicationManager: onUpstreamReceive mPropertyId 0x21402058
12-30 10:46:19.119   398   464 D adayocomadapter-CommunicationManager: convertBytesToInt32Memcpy  0
12-30 10:46:19.119   398   464 I vw-vhal : notifyVehicleProperty, propId = 0x21402058, data = {status: 2, int32Values: [0]}
12-30 10:46:19.119   398   464 I vw-vhal : CanSignalsAdapter::notifyVehicleProperty: solvedValue = {.timestamp = 7714941804917, .areaId = 0, .prop = 557850712, .status = AVAILABLE, .value = {.int32Values = [1]{0}, .floatValues = [0]{}, .int64Values = [0]{}, .bytes = [0]{}, .stringValue = ""}}
12-30 10:46:19.120   398   464 I VehiclePropertyStore: begin to write value to Store: {.timestamp = 7714941804917, .areaId = 0, .prop = 557850712, .status = AVAILABLE, .value = {.int32Values = [1]{0}, .floatValues = [0]{}, .int64Values = [0]{}, .bytes = [0]{}, .stringValue = ""}}
12-30 10:46:19.120   398   464 I DefaultVehicleHal_v2_0: DefaultVehicleHal::onPropertyValue, value:{.timestamp = 7714941804917, .areaId = 0, .prop = 557850712, .status = AVAILABLE, .value = {.int32Values = [1]{0}, .floatValues = [0]{}, .int64Values = [0]{}, .bytes = [0]{}, .stringValue = ""}}
12-30 10:46:19.120   398   464 D DiagPropHandler: is not DiagnosticConfig: 0x21402058
12-30 10:46:19.120   398   464 I VehiclePropertyStore: begin to write value to Store: {.timestamp = 7714941804917, .areaId = 0, .prop = 557850712, .status = AVAILABLE, .value = {.int32Values = [1]{0}, .floatValues = [0]{}, .int64Values = [0]{}, .bytes = [0]{}, .stringValue = ""}}
12-30 10:46:19.120   398   464 D adayocomadapter-CommunicationManager: onUpstreamReceive mPropertyId 0x21402058
12-30 10:46:19.120   398   464 D adayocomadapter-CommunicationManager: onUpstreamReceive mPropertyId 0x2140205a
12-30 10:46:19.120   398   464 D adayocomadapter-CommunicationManager: convertBytesToInt32Memcpy  0
12-30 10:46:19.120   398   464 I vw-vhal : notifyVehicleProperty, propId = 0x2140205a, data = {status: 2, int32Values: [0]}
12-30 10:46:19.120   398   464 I vw-vhal : CanSignalsAdapter::notifyVehicleProperty: solvedValue = {.timestamp = 7714942156917, .areaId = 0, .prop = 557850714, .status = AVAILABLE, .value = {.int32Values = [1]{0}, .floatValues = [0]{}, .int64Values = [0]{}, .bytes = [0]{}, .stringValue = ""}}
12-30 10:46:19.120   398   464 I VehiclePropertyStore: begin to write value to Store: {.timestamp = 7714942156917, .areaId = 0, .prop = 557850714, .status = AVAILABLE, .value = {.int32Values = [1]{0}, .floatValues = [0]{}, .int64Values = [0]{}, .bytes = [0]{}, .stringValue = ""}}
12-30 10:46:19.120   398   464 I DefaultVehicleHal_v2_0: DefaultVehicleHal::onPropertyValue, value:{.timestamp = 7714942156917, .areaId = 0, .prop = 557850714, .status = AVAILABLE, .value = {.int32Values = [1]{0}, .floatValues = [0]{}, .int64Values = [0]{}, .bytes = [0]{}, .stringValue = ""}}
12-30 10:46:19.120   398   464 D DiagPropHandler: is not DiagnosticConfig: 0x2140205a
12-30 10:46:19.120   398   464 I VehiclePropertyStore: begin to write value to Store: {.timestamp = 7714942156917, .areaId = 0, .prop = 557850714, .status = AVAILABLE, .value = {.int32Values = [1]{0}, .floatValues = [0]{}, .int64Values = [0]{}, .bytes = [0]{}, .stringValue = ""}}
12-30 10:46:19.120   398   464 D adayocomadapter-CommunicationManager: onUpstreamReceive mPropertyId 0x2140205a
12-30 10:46:19.120   398   464 D adayocomadapter-CommunicationManager: onUpstreamReceive mPropertyId 0x2140205b
12-30 10:46:19.120   398   464 D adayocomadapter-CommunicationManager: convertBytesToInt32Memcpy  0
12-30 10:46:19.120   398   464 I vw-vhal : notifyVehicleProperty, propId = 0x2140205b, data = {status: 2, int32Values: [0]}
12-30 10:46:19.120   398   464 I vw-vhal : CanSignalsAdapter::notifyVehicleProperty: solvedValue = {.timestamp = 7714942500917, .areaId = 0, .prop = 557850715, .status = AVAILABLE, .value = {.int32Values = [1]{0}, .floatValues = [0]{}, .int64Values = [0]{}, .bytes = [0]{}, .stringValue = ""}}
12-30 10:46:19.120   398   464 I VehiclePropertyStore: begin to write value to Store: {.timestamp = 7714942500917, .areaId = 0, .prop = 557850715, .status = AVAILABLE, .value = {.int32Values = [1]{0}, .floatValues = [0]{}, .int64Values = [0]{}, .bytes = [0]{}, .stringValue = ""}}
12-30 10:46:19.120   398   464 I DefaultVehicleHal_v2_0: DefaultVehicleHal::onPropertyValue, value:{.timestamp = 7714942500917, .areaId = 0, .prop = 557850715, .status = AVAILABLE, .value = {.int32Values = [1]{0}, .floatValues = [0]{}, .int64Values = [0]{}, .bytes = [0]{}, .stringValue = ""}}
12-30 10:46:19.120   398   464 D DiagPropHandler: is not DiagnosticConfig: 0x2140205b
12-30 10:46:19.120   398   464 I VehiclePropertyStore: begin to write value to Store: {.timestamp = 7714942500917, .areaId = 0, .prop = 557850715, .status = AVAILABLE, .value = {.int32Values = [1]{0}, .floatValues = [0]{}, .int64Values = [0]{}, .bytes = [0]{}, .stringValue = ""}}
12-30 10:46:19.120   398   464 D adayocomadapter-CommunicationManager: onUpstreamReceive mPropertyId 0x2140205b
12-30 10:46:19.120   398   464 D adayocomadapter-CommunicationManager: onUpstreamReceive mPropertyId 0x2140205c
12-30 10:46:19.120   398   464 D adayocomadapter-CommunicationManager: convertBytesToInt32Memcpy  0
12-30 10:46:19.120   398   464 I vw-vhal : notifyVehicleProperty, propId = 0x2140205c, data = {status: 2, int32Values: [0]}
12-30 10:46:19.121   398   464 I vw-vhal : CanSignalsAdapter::notifyVehicleProperty: solvedValue = {.timestamp = 7714942842917, .areaId = 0, .prop = 557850716, .status = AVAILABLE, .value = {.int32Values = [1]{0}, .floatValues = [0]{}, .int64Values = [0]{}, .bytes = [0]{}, .stringValue = ""}}
12-30 10:46:19.121   398   464 I VehiclePropertyStore: begin to write value to Store: {.timestamp = 7714942842917, .areaId = 0, .prop = 557850716, .status = AVAILABLE, .value = {.int32Values = [1]{0}, .floatValues = [0]{}, .int64Values = [0]{}, .bytes = [0]{}, .stringValue = ""}}
12-30 10:46:19.121   398   464 I DefaultVehicleHal_v2_0: DefaultVehicleHal::onPropertyValue, value:{.timestamp = 7714942842917, .areaId = 0, .prop = 557850716, .status = AVAILABLE, .value = {.int32Values = [1]{0}, .floatValues = [0]{}, .int64Values = [0]{}, .bytes = [0]{}, .stringValue = ""}}
12-30 10:46:19.121   398   464 D DiagPropHandler: is not DiagnosticConfig: 0x2140205c
12-30 10:46:19.121   398   464 I VehiclePropertyStore: begin to write value to Store: {.timestamp = 7714942842917, .areaId = 0, .prop = 557850716, .status = AVAILABLE, .value = {.int32Values = [1]{0}, .floatValues = [0]{}, .int64Values = [0]{}, .bytes = [0]{}, .stringValue = ""}}
12-30 10:46:19.121   398   464 D adayocomadapter-CommunicationManager: onUpstreamReceive mPropertyId 0x2140205c
12-30 10:46:19.121   398   464 D adayocomadapter-CommunicationManager: onUpstreamReceive mPropertyId 0x2140218e
12-30 10:46:19.121   398   464 D adayocomadapter-CommunicationManager: convertBytesToInt32Memcpy  0
12-30 10:46:19.121   398   464 I vw-vhal : notifyVehicleProperty, propId = 0x2140218e, data = {status: 2, int32Values: [0]}
12-30 10:46:19.121   398   464 I vw-vhal : CanSignalsAdapter::notifyVehicleProperty: solvedValue = {.timestamp = 7714943181251, .areaId = 0, .prop = 557851022, .status = AVAILABLE, .value = {.int32Values = [1]{0}, .floatValues = [0]{}, .int64Values = [0]{}, .bytes = [0]{}, .stringValue = ""}}
12-30 10:46:19.121   398   464 I VehiclePropertyStore: begin to write value to Store: {.timestamp = 7714943181251, .areaId = 0, .prop = 557851022, .status = AVAILABLE, .value = {.int32Values = [1]{0}, .floatValues = [0]{}, .int64Values = [0]{}, .bytes = [0]{}, .stringValue = ""}}
12-30 10:46:19.121   398   464 I DefaultVehicleHal_v2_0: DefaultVehicleHal::onPropertyValue, value:{.timestamp = 7714943181251, .areaId = 0, .prop = 557851022, .status = AVAILABLE, .value = {.int32Values = [1]{0}, .floatValues = [0]{}, .int64Values = [0]{}, .bytes = [0]{}, .stringValue = ""}}
12-30 10:46:19.121   398   464 D DiagPropHandler: is not DiagnosticConfig: 0x2140218e
12-30 10:46:19.121   398   464 I VehiclePropertyStore: begin to write value to Store: {.timestamp = 7714943181251, .areaId = 0, .prop = 557851022, .status = AVAILABLE, .value = {.int32Values = [1]{0}, .floatValues = [0]{}, .int64Values = [0]{}, .bytes = [0]{}, .stringValue = ""}}
12-30 10:46:19.121   398   464 D adayocomadapter-CommunicationManager: onUpstreamReceive mPropertyId 0x2140218e
12-30 10:46:19.121   398   464 D adayocomadapter-CommunicationManager: onUpstreamReceive mPropertyId 0x2140218f
12-30 10:46:19.121   398   464 D adayocomadapter-CommunicationManager: convertBytesToInt32Memcpy  0
12-30 10:46:19.121   398   464 I vw-vhal : notifyVehicleProperty, propId = 0x2140218f, data = {status: 2, int32Values: [0]}
12-30 10:46:19.121   398   464 I vw-vhal : CanSignalsAdapter::notifyVehicleProperty: solvedValue = {.timestamp = 7714943527584, .areaId = 0, .prop = 557851023, .status = AVAILABLE, .value = {.int32Values = [1]{0}, .floatValues = [0]{}, .int64Values = [0]{}, .bytes = [0]{}, .stringValue = ""}}
12-30 10:46:19.121   398   464 I VehiclePropertyStore: begin to write value to Store: {.timestamp = 7714943527584, .areaId = 0, .prop = 557851023, .status = AVAILABLE, .value = {.int32Values = [1]{0}, .floatValues = [0]{}, .int64Values = [0]{}, .bytes = [0]{}, .stringValue = ""}}
12-30 10:46:19.121   398   464 I DefaultVehicleHal_v2_0: DefaultVehicleHal::onPropertyValue, value:{.timestamp = 7714943527584, .areaId = 0, .prop = 557851023, .status = AVAILABLE, .value = {.int32Values = [1]{0}, .floatValues = [0]{}, .int64Values = [0]{}, .bytes = [0]{}, .stringValue = ""}}
12-30 10:46:19.121   398   464 D DiagPropHandler: is not DiagnosticConfig: 0x2140218f
12-30 10:46:19.121   398   464 I VehiclePropertyStore: begin to write value to Store: {.timestamp = 7714943527584, .areaId = 0, .prop = 557851023, .status = AVAILABLE, .value = {.int32Values = [1]{0}, .floatValues = [0]{}, .int64Values = [0]{}, .bytes = [0]{}, .stringValue = ""}}
12-30 10:46:19.121   398   464 D adayocomadapter-CommunicationManager: onUpstreamReceive mPropertyId 0x2140218f
12-30 10:46:19.121   398   464 D adayocomadapter-CommunicationManager: onUpstreamReceive mPropertyId 0x21402191
12-30 10:46:19.121   398   464 D adayocomadapter-CommunicationManager: convertBytesToInt32Memcpy  0
12-30 10:46:19.122   398   464 I vw-vhal : notifyVehicleProperty, propId = 0x21402191, data = {status: 2, int32Values: [0]}
12-30 10:46:19.122   398   464 I vw-vhal : CanSignalsAdapter::notifyVehicleProperty: solvedValue = {.timestamp = 7714943884251, .areaId = 0, .prop = 557851025, .status = AVAILABLE, .value = {.int32Values = [1]{0}, .floatValues = [0]{}, .int64Values = [0]{}, .bytes = [0]{}, .stringValue = ""}}
12-30 10:46:19.122   398   464 I VehiclePropertyStore: begin to write value to Store: {.timestamp = 7714943884251, .areaId = 0, .prop = 557851025, .status = AVAILABLE, .value = {.int32Values = [1]{0}, .floatValues = [0]{}, .int64Values = [0]{}, .bytes = [0]{}, .stringValue = ""}}
12-30 10:46:19.122   398   464 I DefaultVehicleHal_v2_0: DefaultVehicleHal::onPropertyValue, value:{.timestamp = 7714943884251, .areaId = 0, .prop = 557851025, .status = AVAILABLE, .value = {.int32Values = [1]{0}, .floatValues = [0]{}, .int64Values = [0]{}, .bytes = [0]{}, .stringValue = ""}}
12-30 10:46:19.122   398   464 D DiagPropHandler: is not DiagnosticConfig: 0x21402191
12-30 10:46:19.122   398   464 I VehiclePropertyStore: begin to write value to Store: {.timestamp = 7714943884251, .areaId = 0, .prop = 557851025, .status = AVAILABLE, .value = {.int32Values = [1]{0}, .floatValues = [0]{}, .int64Values = [0]{}, .bytes = [0]{}, .stringValue = ""}}
12-30 10:46:19.122   398   464 D adayocomadapter-CommunicationManager: onUpstreamReceive mPropertyId 0x21402191
12-30 10:46:19.122   398   464 D adayocomadapter-CommunicationManager: onUpstreamReceive mPropertyId 0x2140223d
12-30 10:46:19.122   398   464 D adayocomadapter-CommunicationManager: convertBytesToInt32Memcpy  0
12-30 10:46:19.122   398   464 I vw-vhal : notifyVehicleProperty, propId = 0x2140223d, data = {status: 2, int32Values: [0]}
12-30 10:46:19.122   398   464 I vw-vhal : CanSignalsAdapter::notifyVehicleProperty: solvedValue = {.timestamp = 7714944260251, .areaId = 0, .prop = 557851197, .status = AVAILABLE, .value = {.int32Values = [1]{0}, .floatValues = [0]{}, .int64Values = [0]{}, .bytes = [0]{}, .stringValue = ""}}
12-30 10:46:19.122   398   464 I VehiclePropertyStore: begin to write value to Store: {.timestamp = 7714944260251, .areaId = 0, .prop = 557851197, .status = AVAILABLE, .value = {.int32Values = [1]{0}, .floatValues = [0]{}, .int64Values = [0]{}, .bytes = [0]{}, .stringValue = ""}}
12-30 10:46:19.122   398   464 I DefaultVehicleHal_v2_0: DefaultVehicleHal::onPropertyValue, value:{.timestamp = 7714944260251, .areaId = 0, .prop = 557851197, .status = AVAILABLE, .value = {.int32Values = [1]{0}, .floatValues = [0]{}, .int64Values = [0]{}, .bytes = [0]{}, .stringValue = ""}}
12-30 10:46:19.122   398   464 D DiagPropHandler: is not DiagnosticConfig: 0x2140223d
12-30 10:46:19.122   398   464 I VehiclePropertyStore: begin to write value to Store: {.timestamp = 7714944260251, .areaId = 0, .prop = 557851197, .status = AVAILABLE, .value = {.int32Values = [1]{0}, .floatValues = [0]{}, .int64Values = [0]{}, .bytes = [0]{}, .stringValue = ""}}
12-30 10:46:19.122   398   464 D adayocomadapter-CommunicationManager: onUpstreamReceive mPropertyId 0x2140223d
12-30 10:46:19.123   596  3076 E WifiHAL : Invalid data received from driver
12-30 10:46:19.123  2358  2623 D RcfController: Rcf proxy is not connected!
12-30 10:46:19.130   360   931 D EvsDriver: forwardFrame
12-30 10:46:19.131   360   931 D EvsDriver: forwardFrameDirect
12-30 10:46:19.131   360   931 D EvsDriver: Delivered 0xb400e2ca9e40e110 as id 0
12-30 10:46:19.131   359  2784 D evsmanagerd: /dev/video-evs0 forwarded the buffer #0 to 0xb400f125d2b26dd0 from 0xb400f125e2b20710
12-30 10:46:19.139   360   458 D EvsDriver: doneWithFrame
12-30 10:46:19.164   360   931 D EvsDriver: forwardFrame
12-30 10:46:19.164   360   931 D EvsDriver: forwardFrameDirect
12-30 10:46:19.164   360   931 D EvsDriver: Delivered 0xb400e2ca9e40c7a0 as id 1
12-30 10:46:19.164   359  2784 D evsmanagerd: /dev/video-evs0 forwarded the buffer #1 to 0xb400f125d2b26dd0 from 0xb400f125e2b20710
12-30 10:46:19.169   360   458 D EvsDriver: doneWithFrame
12-30 10:46:19.174  2358  2623 D RcfController: Rcf proxy is not connected!
12-30 10:46:19.197   360   931 D EvsDriver: forwardFrame
12-30 10:46:19.197   360   931 D EvsDriver: forwardFrameDirect
12-30 10:46:19.198   360   931 D EvsDriver: Delivered 0xb400e2ca9e40e270 as id 0
12-30 10:46:19.198   359  2784 D evsmanagerd: /dev/video-evs0 forwarded the buffer #0 to 0xb400f125d2b26dd0 from 0xb400f125e2b20710
12-30 10:46:19.199   360   458 D EvsDriver: doneWithFrame
12-30 10:46:19.224  2358  2623 D RcfController: Rcf proxy is not connected!
12-30 10:46:19.225   596  3076 E WifiHAL : Invalid data received from driver
12-30 10:46:19.231   360   931 D EvsDriver: forwardFrame
12-30 10:46:19.231   360   931 D EvsDriver: forwardFrameDirect
12-30 10:46:19.231   360   931 D EvsDriver: Delivered 0xb400e2ca9e40d4b0 as id 1
12-30 10:46:19.231   359  2784 D evsmanagerd: /dev/video-evs0 forwarded the buffer #1 to 0xb400f125d2b26dd0 from 0xb400f125e2b20710
12-30 10:46:19.240   360   458 D EvsDriver: doneWithFrame
12-30 10:46:19.264   360   931 D EvsDriver: forwardFrame
12-30 10:46:19.264   360   931 D EvsDriver: forwardFrameDirect
12-30 10:46:19.264   360   931 D EvsDriver: Delivered 0xb400e2ca9e40c2d0 as id 0
12-30 10:46:19.264   359  2784 D evsmanagerd: /dev/video-evs0 forwarded the buffer #0 to 0xb400f125d2b26dd0 from 0xb400f125e2b20710
12-30 10:46:19.270   360   458 D EvsDriver: doneWithFrame
12-30 10:46:19.274  2358  2623 D RcfController: Rcf proxy is not connected!
12-30 10:46:19.297   360   931 D EvsDriver: forwardFrame
12-30 10:46:19.297   360   931 D EvsDriver: forwardFrameDirect
12-30 10:46:19.298   360   931 D EvsDriver: Delivered 0xb400e2ca9e40d090 as id 1
12-30 10:46:19.298   359  2784 D evsmanagerd: /dev/video-evs0 forwarded the buffer #1 to 0xb400f125d2b26dd0 from 0xb400f125e2b20710
12-30 10:46:19.301   360   458 D EvsDriver: doneWithFrame
12-30 10:46:19.322   596  3076 E WifiHAL : Invalid data received from driver
12-30 10:46:19.324  2358  2623 D RcfController: Rcf proxy is not connected!
12-30 10:46:19.331   360   931 D EvsDriver: forwardFrame
12-30 10:46:19.331   360   931 D EvsDriver: forwardFrameDirect
12-30 10:46:19.331   360   931 D EvsDriver: Delivered 0xb400e2ca9e40e110 as id 0
12-30 10:46:19.331   359  2784 D evsmanagerd: /dev/video-evs0 forwarded the buffer #0 to 0xb400f125d2b26dd0 from 0xb400f125e2b20710
12-30 10:46:19.341   360   458 D EvsDriver: doneWithFrame
12-30 10:46:19.345   596  3076 E WifiHAL : Invalid data received from driver
12-30 10:46:19.345   596  3076 E WifiHAL : Invalid data received from driver
12-30 10:46:19.345   596  3076 E WifiHAL : Invalid data received from driver
12-30 10:46:19.345   596  3076 E WifiHAL : Invalid data received from driver
12-30 10:46:19.345   596  3076 E WifiHAL : Invalid data received from driver
12-30 10:46:19.345   596  3076 E WifiHAL : Invalid data received from driver
12-30 10:46:19.345   596  3076 E WifiHAL : Invalid data received from driver
12-30 10:46:19.364   360   931 D EvsDriver: forwardFrame
12-30 10:46:19.364   360   931 D EvsDriver: forwardFrameDirect
12-30 10:46:19.364   360   931 D EvsDriver: Delivered 0xb400e2ca9e40c7a0 as id 1
12-30 10:46:19.364   359  2784 D evsmanagerd: /dev/video-evs0 forwarded the buffer #1 to 0xb400f125d2b26dd0 from 0xb400f125e2b20710
12-30 10:46:19.371   360   458 D EvsDriver: doneWithFrame
12-30 10:46:19.375  2358  2623 D RcfController: Rcf proxy is not connected!
12-30 10:46:19.397   360   931 D EvsDriver: forwardFrame
12-30 10:46:19.397   360   931 D EvsDriver: forwardFrameDirect
12-30 10:46:19.398   360   931 D EvsDriver: Delivered 0xb400e2ca9e40e270 as id 0
12-30 10:46:19.398   359  2784 D evsmanagerd: /dev/video-evs0 forwarded the buffer #0 to 0xb400f125d2b26dd0 from 0xb400f125e2b20710
12-30 10:46:19.402   360   458 D EvsDriver: doneWithFrame
12-30 10:46:19.416   596  3076 E WifiHAL : Invalid data received from driver
12-30 10:46:19.425  2358  2623 D RcfController: Rcf proxy is not connected!
12-30 10:46:19.431   360   931 D EvsDriver: forwardFrame
12-30 10:46:19.431   360   931 D EvsDriver: forwardFrameDirect
12-30 10:46:19.431   360   931 D EvsDriver: Delivered 0xb400e2ca9e40d4b0 as id 1
12-30 10:46:19.431   359  2784 D evsmanagerd: /dev/video-evs0 forwarded the buffer #1 to 0xb400f125d2b26dd0 from 0xb400f125e2b20710
12-30 10:46:19.432   360   458 D EvsDriver: doneWithFrame
12-30 10:46:19.464   360   931 D EvsDriver: forwardFrame
12-30 10:46:19.464   360   931 D EvsDriver: forwardFrameDirect
12-30 10:46:19.464   360   931 D EvsDriver: Delivered 0xb400e2ca9e40c2d0 as id 0
12-30 10:46:19.464   359  2784 D evsmanagerd: /dev/video-evs0 forwarded the buffer #0 to 0xb400f125d2b26dd0 from 0xb400f125e2b20710
12-30 10:46:19.473   360   458 D EvsDriver: doneWithFrame
12-30 10:46:19.475  2358  2623 D RcfController: Rcf proxy is not connected!
12-30 10:46:19.485   798 31662 W adbd    : timed out while waiting for FUNCTIONFS_BIND, trying again
12-30 10:46:19.485   798 31662 I adbd    : UsbFfs: connection terminated: monitor thread finished
12-30 10:46:19.486   798   798 I adbd    : UsbFfs: already offline
12-30 10:46:19.486   798   798 I adbd    : destroying transport UsbFfs
12-30 10:46:19.486   798   798 I adbd    : UsbFfsConnection being destroyed
12-30 10:46:19.496   596  3076 E WifiHAL : Invalid data received from driver
12-30 10:46:19.497   360   931 D EvsDriver: forwardFrame
12-30 10:46:19.497   360   931 D EvsDriver: forwardFrameDirect
12-30 10:46:19.498   360   931 D EvsDriver: Delivered 0xb400e2ca9e40d090 as id 1
12-30 10:46:19.498   359  2784 D evsmanagerd: /dev/video-evs0 forwarded the buffer #1 to 0xb400f125d2b26dd0 from 0xb400f125e2b20710
12-30 10:46:19.503   360   458 D EvsDriver: doneWithFrame
12-30 10:46:19.526  2358  2623 D RcfController: Rcf proxy is not connected!
12-30 10:46:19.531   360   931 D EvsDriver: forwardFrame
12-30 10:46:19.531   360   931 D EvsDriver: forwardFrameDirect
12-30 10:46:19.531   360   931 D EvsDriver: Delivered 0xb400e2ca9e40e110 as id 0
12-30 10:46:19.531   359  2784 D evsmanagerd: /dev/video-evs0 forwarded the buffer #0 to 0xb400f125d2b26dd0 from 0xb400f125e2b20710
12-30 10:46:19.533   360   458 D EvsDriver: doneWithFrame
12-30 10:46:19.534   798   838 I adbd    : opening control endpoint /dev/usb-ffs/adb/ep0
12-30 10:46:19.535   798   838 I adbd    : UsbFfsConnection constructed
12-30 10:46:19.536   798 31663 I adbd    : UsbFfs-monitor thread spawned
12-30 10:46:19.543  1667  2513 W ContextImpl: Calling a method in the system process without a qualified user: android.app.ContextImpl.bindService:1988 android.content.ContextWrapper.bindService:861 com.ford.sync.fnvservice.analytics.AnalyticsManager$RetryHandler.a:126 com.ford.sync.fnvservice.analytics.AnalyticsManager$RetryHandler.handleMessage:103 android.os.Handler.dispatchMessage:106 
12-30 10:46:19.544   916  2591 W ActivityManager: Unable to start service Intent { cmp=com.ford.sync.fnvservice/.analytics.AnalyticsService } U=0: not found
12-30 10:46:19.544  1667  2513 W AnalyticsManager:  bind ford Analytics failed -> sendRetryMessage 
12-30 10:46:19.564   360   931 D EvsDriver: forwardFrame
12-30 10:46:19.564   360   931 D EvsDriver: forwardFrameDirect
12-30 10:46:19.564   360   931 D EvsDriver: Delivered 0xb400e2ca9e40c7a0 as id 1
12-30 10:46:19.564   359  2784 D evsmanagerd: /dev/video-evs0 forwarded the buffer #1 to 0xb400f125d2b26dd0 from 0xb400f125e2b20710
12-30 10:46:19.574   360   458 D EvsDriver: doneWithFrame
12-30 10:46:19.576  2358  2623 D RcfController: Rcf proxy is not connected!
12-30 10:46:19.579   596  3076 E WifiHAL : Invalid data received from driver
12-30 10:46:19.597   360   931 D EvsDriver: forwardFrame
12-30 10:46:19.597   360   931 D EvsDriver: forwardFrameDirect
12-30 10:46:19.597   360   931 D EvsDriver: Delivered 0xb400e2ca9e40e270 as id 0
12-30 10:46:19.597   359  2784 D evsmanagerd: /dev/video-evs0 forwarded the buffer #0 to 0xb400f125d2b26dd0 from 0xb400f125e2b20710
12-30 10:46:19.604   360   458 D EvsDriver: doneWithFrame
12-30 10:46:19.626  2358  2623 D RcfController: Rcf proxy is not connected!
12-30 10:46:19.631   360   931 D EvsDriver: forwardFrame
12-30 10:46:19.631   360   931 D EvsDriver: forwardFrameDirect
12-30 10:46:19.631   360   931 D EvsDriver: Delivered 0xb400e2ca9e40d4b0 as id 1
12-30 10:46:19.631   359  2784 D evsmanagerd: /dev/video-evs0 forwarded the buffer #1 to 0xb400f125d2b26dd0 from 0xb400f125e2b20710
12-30 10:46:19.634   360   458 D EvsDriver: doneWithFrame
12-30 10:46:19.635   596  3076 E WifiHAL : Invalid data received from driver
12-30 10:46:19.664   360   931 D EvsDriver: forwardFrame
12-30 10:46:19.664   360   931 D EvsDriver: forwardFrameDirect
12-30 10:46:19.664   360   931 D EvsDriver: Delivered 0xb400e2ca9e40c2d0 as id 0
12-30 10:46:19.664   359  2784 D evsmanagerd: /dev/video-evs0 forwarded the buffer #0 to 0xb400f125d2b26dd0 from 0xb400f125e2b20710
12-30 10:46:19.675   360   458 D EvsDriver: doneWithFrame
12-30 10:46:19.676  2358  2623 D RcfController: Rcf proxy is not connected!
12-30 10:46:19.697   360   931 D EvsDriver: forwardFrame
12-30 10:46:19.697   360   931 D EvsDriver: forwardFrameDirect
12-30 10:46:19.697   360   931 D EvsDriver: Delivered 0xb400e2ca9e40d090 as id 1
12-30 10:46:19.697   359  2784 D evsmanagerd: /dev/video-evs0 forwarded the buffer #1 to 0xb400f125d2b26dd0 from 0xb400f125e2b20710
12-30 10:46:19.705   360   458 D EvsDriver: doneWithFrame
12-30 10:46:19.721   596  3076 E WifiHAL : Invalid data received from driver
12-30 10:46:19.727  2358  2623 D RcfController: Rcf proxy is not connected!
12-30 10:46:19.730   360   931 D EvsDriver: forwardFrame
12-30 10:46:19.731   360   931 D EvsDriver: forwardFrameDirect
12-30 10:46:19.731   360   931 D EvsDriver: Delivered 0xb400e2ca9e40e110 as id 0
12-30 10:46:19.731   359  2784 D evsmanagerd: /dev/video-evs0 forwarded the buffer #0 to 0xb400f125d2b26dd0 from 0xb400f125e2b20710
12-30 10:46:19.735   360   458 D EvsDriver: doneWithFrame
12-30 10:46:19.738  1667  2407 I media_message_log->MediaMessageProxy: (SourceFile:1)b connectToService action bind
12-30 10:46:19.739   916  2591 W ActivityManager: Unable to start service Intent { cmp=com.adayo.server.mediamessagetransfer/.MediaMessTransferService (has extras) } U=0: not found
12-30 10:46:19.739  1667  2407 E media_message_log->MediaMessageProxy: (SourceFile:7)a bindServiceAsUser isBound = false
12-30 10:46:19.764   360   931 D EvsDriver: forwardFrame
12-30 10:46:19.764   360   931 D EvsDriver: forwardFrameDirect
12-30 10:46:19.764   360   931 D EvsDriver: Delivered 0xb400e2ca9e40c7a0 as id 1
12-30 10:46:19.764   359  2784 D evsmanagerd: /dev/video-evs0 forwarded the buffer #1 to 0xb400f125d2b26dd0 from 0xb400f125e2b20710
12-30 10:46:19.766   360   458 D EvsDriver: doneWithFrame
12-30 10:46:19.776  1582  3078 I c       : checkService in back thread add: adayo.upgrade.v2.0
12-30 10:46:19.777  1582  3078 E upgradeApp_251223_V1  l: d(null:11)pre->c(null:23)-> serviceBinder is null
12-30 10:46:19.777  1582  3078 W c       : doBindService in back thread fail: adayo.upgrade.v2.0
12-30 10:46:19.777  2358  2623 D RcfController: Rcf proxy is not connected!
12-30 10:46:19.797   360   931 D EvsDriver: forwardFrame
12-30 10:46:19.797   360   931 D EvsDriver: forwardFrameDirect
12-30 10:46:19.798   360   931 D EvsDriver: Delivered 0xb400e2ca9e40e270 as id 0
12-30 10:46:19.798   359  2784 D evsmanagerd: /dev/video-evs0 forwarded the buffer #0 to 0xb400f125d2b26dd0 from 0xb400f125e2b20710
12-30 10:46:19.806   360   458 D EvsDriver: doneWithFrame
12-30 10:46:19.822   596  3076 E WifiHAL : Invalid data received from driver
12-30 10:46:19.827  2358  2623 D RcfController: Rcf proxy is not connected!
12-30 10:46:19.831   360   931 D EvsDriver: forwardFrame
12-30 10:46:19.831   360   931 D EvsDriver: forwardFrameDirect
12-30 10:46:19.831   360   931 D EvsDriver: Delivered 0xb400e2ca9e40d4b0 as id 1
12-30 10:46:19.831   359  2784 D evsmanagerd: /dev/video-evs0 forwarded the buffer #1 to 0xb400f125d2b26dd0 from 0xb400f125e2b20710
12-30 10:46:19.836   360   458 D EvsDriver: doneWithFrame
12-30 10:46:19.859   596  3076 E WifiHAL : Invalid data received from driver
12-30 10:46:19.859   596  3076 E WifiHAL : Invalid data received from driver
12-30 10:46:19.859   596  3076 E WifiHAL : Invalid data received from driver
12-30 10:46:19.859   596  3076 E WifiHAL : Invalid data received from driver
12-30 10:46:19.860   596  3076 E WifiHAL : Invalid data received from driver
12-30 10:46:19.860   596  3076 E WifiHAL : Invalid data received from driver
12-30 10:46:19.860   596  3076 E WifiHAL : Invalid data received from driver
12-30 10:46:19.864  2475  2681 I TtsServiceAgent: check thread start checking, threadId = 29
12-30 10:46:19.864  2475  2681 D TtsServiceAgent: start bind service...
12-30 10:46:19.864   360   931 D EvsDriver: forwardFrame
12-30 10:46:19.864  2475  2681 D TtsServiceAgent: ----->initService, usage = 16
12-30 10:46:19.864   360   931 D EvsDriver: forwardFrameDirect
12-30 10:46:19.864   360   931 D EvsDriver: Delivered 0xb400e2ca9e40c2d0 as id 0
12-30 10:46:19.864  2475  2681 W ContextImpl: Calling a method in the system process without a qualified user: android.app.ContextImpl.bindService:1988 android.content.ContextWrapper.bindService:861 com.iflytek.autofly.ttsaidl.ttsproxy.TtsServiceAgent.initService:189 com.iflytek.autofly.ttsaidl.ttsproxy.TtsServiceAgent.initService:133 com.iflytek.autofly.ttsaidl.ttsproxy.TtsServiceAgent$2.run:517 
12-30 10:46:19.864   359  2784 D evsmanagerd: /dev/video-evs0 forwarded the buffer #0 to 0xb400f125d2b26dd0 from 0xb400f125e2b20710
12-30 10:46:19.865   916  2591 W ActivityManager: Unable to start service Intent { act=com.iflytek.autofly.tts.ttsservice.TtsAdapterService cmp=com.iflytek.cutefly.speechclient.hmi/com.iflytek.autofly.tts.ttsservice.TtsAdapterService } U=0: not found
12-30 10:46:19.866  2475  2681 D TtsServiceAgent: bindService: false
12-30 10:46:19.866  2475  2681 D TtsServiceAgent: start reInitService
12-30 10:46:19.866  2475  2681 D TtsServiceAgent: aidlCheckThreadRunning = true
12-30 10:46:19.866  2475  2681 D TtsServiceAgent: ----->check connection status in 1000s...
12-30 10:46:19.867   360   458 D EvsDriver: doneWithFrame
12-30 10:46:19.877  2358  2623 D RcfController: Rcf proxy is not connected!
12-30 10:46:19.886   596  3076 E WifiHAL : Invalid data received from driver
12-30 10:46:19.897   360   931 D EvsDriver: forwardFrame
12-30 10:46:19.897   360   931 D EvsDriver: forwardFrameDirect
12-30 10:46:19.898   360   931 D EvsDriver: Delivered 0xb400e2ca9e40d090 as id 1
12-30 10:46:19.898   359  2784 D evsmanagerd: /dev/video-evs0 forwarded the buffer #1 to 0xb400f125d2b26dd0 from 0xb400f125e2b20710
12-30 10:46:19.907   360   458 D EvsDriver: doneWithFrame
12-30 10:46:19.928  2358  2623 D RcfController: Rcf proxy is not connected!
12-30 10:46:19.930   360   931 D EvsDriver: forwardFrame
12-30 10:46:19.931   360   931 D EvsDriver: forwardFrameDirect
12-30 10:46:19.931   360   931 D EvsDriver: Delivered 0xb400e2ca9e40e110 as id 0
12-30 10:46:19.931   359  2784 D evsmanagerd: /dev/video-evs0 forwarded the buffer #0 to 0xb400f125d2b26dd0 from 0xb400f125e2b20710
12-30 10:46:19.938   360   458 D EvsDriver: doneWithFrame
12-30 10:46:19.950   596  3076 E WifiHAL : Invalid data received from driver
12-30 10:46:19.964   360   931 D EvsDriver: forwardFrame
12-30 10:46:19.964   360   931 D EvsDriver: forwardFrameDirect
12-30 10:46:19.964   360   931 D EvsDriver: Delivered 0xb400e2ca9e40c7a0 as id 1
12-30 10:46:19.964   359  2784 D evsmanagerd: /dev/video-evs0 forwarded the buffer #1 to 0xb400f125d2b26dd0 from 0xb400f125e2b20710
12-30 10:46:19.968   360   458 D EvsDriver: doneWithFrame
12-30 10:46:19.978  2358  2623 D RcfController: Rcf proxy is not connected!
12-30 10:46:19.997   360   931 D EvsDriver: forwardFrame
12-30 10:46:19.997   360   931 D EvsDriver: forwardFrameDirect
12-30 10:46:19.998   360   931 D EvsDriver: Delivered 0xb400e2ca9e40e270 as id 0
12-30 10:46:19.998   359  2784 D evsmanagerd: /dev/video-evs0 forwarded the buffer #0 to 0xb400f125d2b26dd0 from 0xb400f125e2b20710
12-30 10:46:20.008   360   458 D EvsDriver: doneWithFrame
12-30 10:46:20.017  1667  2594 W ContextImpl: Calling a method in the system process without a qualified user: android.app.ContextImpl.bindService:1988 android.content.ContextWrapper.bindService:861 com.ford.sync.fnvservice.FordFnv.c:202 com.ford.sync.fnvservice.FordFnv.c:43 com.ford.sync.fnvservice.FordFnv$RetryHandler.handleMessage:245 
12-30 10:46:20.017   916  2591 W ActivityManager: Unable to start service Intent { cmp=com.ford.sync.fnvservice/.FordFnvService } U=0: not found
12-30 10:46:20.018  1667  2410 I media_message_log->MediaMessageUserProxy: (SourceFile:1)b connectToService action bind
12-30 10:46:20.018  1667  2594 W FordFnv :  bind ford fnv failed -> sendRetryMessage 
12-30 10:46:20.018   916  2591 W ActivityManager: Unable to start service Intent { cmp=com.adayo.server.mediamessagetransfer/.MediaMessTransferService (has extras) } U=0: not found
12-30 10:46:20.019  1667  2410 E media_message_log->MediaMessageUserProxy: (SourceFile:7)a bindServiceAsUser isBound = false
12-30 10:46:20.028  2358  2623 D RcfController: Rcf proxy is not connected!
12-30 10:46:20.031   360   931 I EvsDriver: /dev/video-evs0 VideoCapture fps 29.9995
12-30 10:46:20.031   360   931 D EvsDriver: forwardFrame
12-30 10:46:20.031   360   931 D EvsDriver: forwardFrameDirect
12-30 10:46:20.031   360   931 D EvsDriver: Delivered 0xb400e2ca9e40d4b0 as id 1
12-30 10:46:20.031   359  2784 D evsmanagerd: /dev/video-evs0 forwarded the buffer #1 to 0xb400f125d2b26dd0 from 0xb400f125e2b20710
12-30 10:46:20.039   360   458 D EvsDriver: doneWithFrame
12-30 10:46:20.047   596  3076 E WifiHAL : Invalid data received from driver
12-30 10:46:20.064   360   931 D EvsDriver: forwardFrame
12-30 10:46:20.064   360   931 D EvsDriver: forwardFrameDirect
12-30 10:46:20.064   360   931 D EvsDriver: Delivered 0xb400e2ca9e40c2d0 as id 0
12-30 10:46:20.064   359  2784 D evsmanagerd: /dev/video-evs0 forwarded the buffer #0 to 0xb400f125d2b26dd0 from 0xb400f125e2b20710
12-30 10:46:20.069   360   458 D EvsDriver: doneWithFrame
12-30 10:46:20.079  2358  2623 D RcfController: Rcf proxy is not connected!
12-30 10:46:20.097   360   931 D EvsDriver: forwardFrame
12-30 10:46:20.097   360   931 D EvsDriver: forwardFrameDirect
12-30 10:46:20.098   360   931 D EvsDriver: Delivered 0xb400e2ca9e40d090 as id 1
12-30 10:46:20.098   359  2784 D evsmanagerd: /dev/video-evs0 forwarded the buffer #1 to 0xb400f125d2b26dd0 from 0xb400f125e2b20710
12-30 10:46:20.100   360   458 D EvsDriver: doneWithFrame
12-30 10:46:20.128   650   729 D fgemcucomm: sd Uart data : 6AA602F0D500028B307C
12-30 10:46:20.128   650   729 D fgemcucomm: rev uart=63768,len=120, data : 6AA681F0D500708B30B01E0A2E13000100000000025C0100010201010000000000A55A820001000000010000000C00000000000100000000000000A55A830504500000000000000000000000000101010101000000000000A55A8410100900000007000100000000000079A55A8500012D7200000100004F
12-30 10:46:20.129  2358  2623 D RcfController: Rcf proxy is not connected!
12-30 10:46:20.130   360   931 D EvsDriver: forwardFrame
12-30 10:46:20.131   360   931 D EvsDriver: forwardFrameDirect
12-30 10:46:20.131   360   931 D EvsDriver: Delivered 0xb400e2ca9e40e110 as id 0
12-30 10:46:20.131   359  2784 D evsmanagerd: /dev/video-evs0 forwarded the buffer #0 to 0xb400f125d2b26dd0 from 0xb400f125e2b20710
12-30 10:46:20.136   596  3076 E WifiHAL : Invalid data received from driver
12-30 10:46:20.140   360   458 D EvsDriver: doneWithFrame
12-30 10:46:20.164   360   931 D EvsDriver: forwardFrame
12-30 10:46:20.164   360   931 D EvsDriver: forwardFrameDirect
12-30 10:46:20.164   360   931 D EvsDriver: Delivered 0xb400e2ca9e40c7a0 as id 1
12-30 10:46:20.164   359  2784 D evsmanagerd: /dev/video-evs0 forwarded the buffer #1 to 0xb400f125d2b26dd0 from 0xb400f125e2b20710
12-30 10:46:20.170   360   458 D EvsDriver: doneWithFrame
12-30 10:46:20.179   650   729 D fgemcucomm: sd Uart data : 6AA602F0D600029202A2
12-30 10:46:20.179   650   729 D fgemcucomm: rev uart=63769,len=14, data : 6AA681F0D600069202000B000014
12-30 10:46:20.179  2358  2623 D RcfController: Rcf proxy is not connected!
12-30 10:46:20.179   398  2883 D adayocomadapter-ParseProtocolFunc: printRaWMsg Name[MCUToUPstream recv] len[6] data[9202000B0000]
12-30 10:46:20.179   398  2883 D adayocomadapter-CommunicationManager: onUpstreamback   member[0] dataLength[3] timePoint[7716001]
12-30 10:46:20.179   398  2883 D adayocomadapter-ParseProtocolFunc: printRaWMsg Name[onUpstreamback] len[3] data[0B0000]
12-30 10:46:20.179   398   464 D adayocomadapter-UpstreamHandler: processBeforePacket upSreamtProcessTimePoint[7716001] 
12-30 10:46:20.180   398   464 D adayocomadapter-UpstreamHandler: processPacket UPSTREAM_QUEUE_DATA_TIMEOUT
12-30 10:46:20.180   398   464 D adayocomadapter-ParseProtocolFunc: parseCommonIPCLBytes Processing tableNumber[11]
12-30 10:46:20.180   398   464 D adayocomadapter-ParseProtocolFunc: parseCommonIPCLBytes Processing tablename[Table-11] tableSize[3]
12-30 10:46:20.180   398   464 D adayocomadapter-ParseProtocolFunc: printRaWMsg Name[byteStream recv] len[3] data[0B0000]
12-30 10:46:20.180   398   464 D adayocomadapter-ParseProtocolFunc: printRaWMsg Name[IPCLtoVHAL] len[7] data[2140200B000000]
12-30 10:46:20.180   398   464 D adayocomadapter-CommunicationManager: onUpstreamReceive mPropertyId 0x2140200b
12-30 10:46:20.180   398   464 D adayocomadapter-CommunicationManager: convertBytesToInt32Memcpy  0
12-30 10:46:20.180   398   464 I vw-vhal : notifyVehicleProperty, propId = 0x2140200b, data = {status: 2, int32Values: [0]}
12-30 10:46:20.180   398   464 I vw-vhal : CanSignalsAdapter::notifyVehicleProperty: solvedValue = {.timestamp = 7716002377917, .areaId = 0, .prop = 557850635, .status = AVAILABLE, .value = {.int32Values = [1]{0}, .floatValues = [0]{}, .int64Values = [0]{}, .bytes = [0]{}, .stringValue = ""}}
12-30 10:46:20.180   398   464 I VehiclePropertyStore: begin to write value to Store: {.timestamp = 7716002377917, .areaId = 0, .prop = 557850635, .status = AVAILABLE, .value = {.int32Values = [1]{0}, .floatValues = [0]{}, .int64Values = [0]{}, .bytes = [0]{}, .stringValue = ""}}
12-30 10:46:20.180   398   464 I DefaultVehicleHal_v2_0: DefaultVehicleHal::onPropertyValue, value:{.timestamp = 7716002377917, .areaId = 0, .prop = 557850635, .status = AVAILABLE, .value = {.int32Values = [1]{0}, .floatValues = [0]{}, .int64Values = [0]{}, .bytes = [0]{}, .stringValue = ""}}
12-30 10:46:20.180   398   464 D DiagPropHandler: is not DiagnosticConfig: 0x2140200b
12-30 10:46:20.180   398   464 I VehiclePropertyStore: begin to write value to Store: {.timestamp = 7716002377917, .areaId = 0, .prop = 557850635, .status = AVAILABLE, .value = {.int32Values = [1]{0}, .floatValues = [0]{}, .int64Values = [0]{}, .bytes = [0]{}, .stringValue = ""}}
12-30 10:46:20.180   398   464 D adayocomadapter-CommunicationManager: onUpstreamReceive mPropertyId 0x2140200b
12-30 10:46:20.197   360   931 D EvsDriver: forwardFrame
12-30 10:46:20.197   360   931 D EvsDriver: forwardFrameDirect
12-30 10:46:20.198   360   931 D EvsDriver: Delivered 0xb400e2ca9e40e270 as id 0
12-30 10:46:20.198   359  2784 D evsmanagerd: /dev/video-evs0 forwarded the buffer #0 to 0xb400f125d2b26dd0 from 0xb400f125e2b20710
12-30 10:46:20.201   360   458 D EvsDriver: doneWithFrame
12-30 10:46:20.229   650   729 D fgemcucomm: sd Uart data : 6AA602F0D700029202A1
12-30 10:46:20.229   650   729 D fgemcucomm: rev uart=63770,len=19, data : 6AA681F0D7000B9202000F000000000000000A
12-30 10:46:20.229  2358  2623 D RcfController: Rcf proxy is not connected!
12-30 10:46:20.230   398  2883 D adayocomadapter-ParseProtocolFunc: printRaWMsg Name[MCUToUPstream recv] len[11] data[9202000F00000000000000]
12-30 10:46:20.230   398  2883 D adayocomadapter-CommunicationManager: onUpstreamback   member[0] dataLength[8] timePoint[7716052]
12-30 10:46:20.230   398  2883 D adayocomadapter-ParseProtocolFunc: printRaWMsg Name[onUpstreamback] len[8] data[0F00000000000000]
12-30 10:46:20.230   398   464 D adayocomadapter-UpstreamHandler: processBeforePacket upSreamtProcessTimePoint[7716052] 
12-30 10:46:20.230   398   464 D adayocomadapter-UpstreamHandler: processPacket UPSTREAM_QUEUE_DATA_TIMEOUT
12-30 10:46:20.230   398   464 D adayocomadapter-ParseProtocolFunc: parseCommonIPCLBytes Processing tableNumber[15]
12-30 10:46:20.230   398   464 D adayocomadapter-ParseProtocolFunc: parseCommonIPCLBytes Processing tablename[Table-15] tableSize[8]
12-30 10:46:20.230   398   464 D adayocomadapter-ParseProtocolFunc: printRaWMsg Name[byteStream recv] len[8] data[0F00000000000000]
12-30 10:46:20.230   398   464 D adayocomadapter-ParseProtocolFunc: printRaWMsg Name[IPCLtoVHAL] len[6] data[214020F30000]
12-30 10:46:20.230   398   464 D adayocomadapter-ParseProtocolFunc: printRaWMsg Name[IPCLtoVHAL] len[6] data[214020F40000]
12-30 10:46:20.230   398   464 D adayocomadapter-ParseProtocolFunc: printRaWMsg Name[IPCLtoVHAL] len[6] data[214020F50000]
12-30 10:46:20.230   398   464 D adayocomadapter-ParseProtocolFunc: printRaWMsg Name[IPCLtoVHAL] len[6] data[214020F60000]
12-30 10:46:20.230   398   464 D adayocomadapter-ParseProtocolFunc: printRaWMsg Name[IPCLtoVHAL] len[6] data[214020F70000]
12-30 10:46:20.231   360   931 D EvsDriver: forwardFrame
12-30 10:46:20.231   398   464 D adayocomadapter-ParseProtocolFunc: printRaWMsg Name[IPCLtoVHAL] len[6] data[214020F80000]
12-30 10:46:20.231   398   464 D adayocomadapter-ParseProtocolFunc: printRaWMsg Name[IPCLtoVHAL] len[6] data[214020F90000]
12-30 10:46:20.231   360   931 D EvsDriver: forwardFrameDirect
12-30 10:46:20.231   398   464 D adayocomadapter-CommunicationManager: onUpstreamReceive mPropertyId 0x214020f3
12-30 10:46:20.231   398   464 D adayocomadapter-CommunicationManager: convertBytesToInt32Memcpy  0
12-30 10:46:20.231   398   464 I vw-vhal : notifyVehicleProperty, propId = 0x214020f3, data = {status: 2, int32Values: [0]}
12-30 10:46:20.231   360   931 D EvsDriver: Delivered 0xb400e2ca9e40d4b0 as id 1
12-30 10:46:20.231   398   464 I vw-vhal : CanSignalsAdapter::notifyVehicleProperty: solvedValue = {.timestamp = 7716053221917, .areaId = 0, .prop = 557850867, .status = AVAILABLE, .value = {.int32Values = [1]{0}, .floatValues = [0]{}, .int64Values = [0]{}, .bytes = [0]{}, .stringValue = ""}}
12-30 10:46:20.231   398   464 I VehiclePropertyStore: begin to write value to Store: {.timestamp = 7716053221917, .areaId = 0, .prop = 557850867, .status = AVAILABLE, .value = {.int32Values = [1]{0}, .floatValues = [0]{}, .int64Values = [0]{}, .bytes = [0]{}, .stringValue = ""}}
12-30 10:46:20.231   359  2784 D evsmanagerd: /dev/video-evs0 forwarded the buffer #1 to 0xb400f125d2b26dd0 from 0xb400f125e2b20710
12-30 10:46:20.231   398   464 I DefaultVehicleHal_v2_0: DefaultVehicleHal::onPropertyValue, value:{.timestamp = 7716053221917, .areaId = 0, .prop = 557850867, .status = AVAILABLE, .value = {.int32Values = [1]{0}, .floatValues = [0]{}, .int64Values = [0]{}, .bytes = [0]{}, .stringValue = ""}}
12-30 10:46:20.231   398   464 D DiagPropHandler: is not DiagnosticConfig: 0x214020f3
12-30 10:46:20.231   398   464 I VehiclePropertyStore: begin to write value to Store: {.timestamp = 7716053221917, .areaId = 0, .prop = 557850867, .status = AVAILABLE, .value = {.int32Values = [1]{0}, .floatValues = [0]{}, .int64Values = [0]{}, .bytes = [0]{}, .stringValue = ""}}
12-30 10:46:20.231   398   464 D adayocomadapter-CommunicationManager: onUpstreamReceive mPropertyId 0x214020f3
12-30 10:46:20.231   398   464 D adayocomadapter-CommunicationManager: onUpstreamReceive mPropertyId 0x214020f4
12-30 10:46:20.231   398   464 D adayocomadapter-CommunicationManager: convertBytesToInt32Memcpy  0
12-30 10:46:20.231   398   464 I vw-vhal : notifyVehicleProperty, propId = 0x214020f4, data = {status: 2, int32Values: [0]}
12-30 10:46:20.232   398   464 I vw-vhal : CanSignalsAdapter::notifyVehicleProperty: solvedValue = {.timestamp = 7716053906584, .areaId = 0, .prop = 557850868, .status = AVAILABLE, .value = {.int32Values = [1]{0}, .floatValues = [0]{}, .int64Values = [0]{}, .bytes = [0]{}, .stringValue = ""}}
12-30 10:46:20.232   398   464 I VehiclePropertyStore: begin to write value to Store: {.timestamp = 7716053906584, .areaId = 0, .prop = 557850868, .status = AVAILABLE, .value = {.int32Values = [1]{0}, .floatValues = [0]{}, .int64Values = [0]{}, .bytes = [0]{}, .stringValue = ""}}
12-30 10:46:20.232   398   464 I DefaultVehicleHal_v2_0: DefaultVehicleHal::onPropertyValue, value:{.timestamp = 7716053906584, .areaId = 0, .prop = 557850868, .status = AVAILABLE, .value = {.int32Values = [1]{0}, .floatValues = [0]{}, .int64Values = [0]{}, .bytes = [0]{}, .stringValue = ""}}
12-30 10:46:20.232   398   464 D DiagPropHandler: is not DiagnosticConfig: 0x214020f4
12-30 10:46:20.232   398   464 I VehiclePropertyStore: begin to write value to Store: {.timestamp = 7716053906584, .areaId = 0, .prop = 557850868, .status = AVAILABLE, .value = {.int32Values = [1]{0}, .floatValues = [0]{}, .int64Values = [0]{}, .bytes = [0]{}, .stringValue = ""}}
12-30 10:46:20.232   398   464 D adayocomadapter-CommunicationManager: onUpstreamReceive mPropertyId 0x214020f4
12-30 10:46:20.232   398   464 D adayocomadapter-CommunicationManager: onUpstreamReceive mPropertyId 0x214020f5
12-30 10:46:20.232   398   464 D adayocomadapter-CommunicationManager: convertBytesToInt32Memcpy  0
12-30 10:46:20.232   398   464 I vw-vhal : notifyVehicleProperty, propId = 0x214020f5, data = {status: 2, int32Values: [0]}
12-30 10:46:20.232   596  3076 E WifiHAL : Invalid data received from driver
12-30 10:46:20.232   398   464 I vw-vhal : CanSignalsAdapter::notifyVehicleProperty: solvedValue = {.timestamp = 7716054555917, .areaId = 0, .prop = 557850869, .status = AVAILABLE, .value = {.int32Values = [1]{0}, .floatValues = [0]{}, .int64Values = [0]{}, .bytes = [0]{}, .stringValue = ""}}
12-30 10:46:20.232   398   464 I VehiclePropertyStore: begin to write value to Store: {.timestamp = 7716054555917, .areaId = 0, .prop = 557850869, .status = AVAILABLE, .value = {.int32Values = [1]{0}, .floatValues = [0]{}, .int64Values = [0]{}, .bytes = [0]{}, .stringValue = ""}}
12-30 10:46:20.232   398   464 I DefaultVehicleHal_v2_0: DefaultVehicleHal::onPropertyValue, value:{.timestamp = 7716054555917, .areaId = 0, .prop = 557850869, .status = AVAILABLE, .value = {.int32Values = [1]{0}, .floatValues = [0]{}, .int64Values = [0]{}, .bytes = [0]{}, .stringValue = ""}}
12-30 10:46:20.232   398   464 D DiagPropHandler: is not DiagnosticConfig: 0x214020f5
12-30 10:46:20.233   398   464 I VehiclePropertyStore: begin to write value to Store: {.timestamp = 7716054555917, .areaId = 0, .prop = 557850869, .status = AVAILABLE, .value = {.int32Values = [1]{0}, .floatValues = [0]{}, .int64Values = [0]{}, .bytes = [0]{}, .stringValue = ""}}
12-30 10:46:20.233   398   464 D adayocomadapter-CommunicationManager: onUpstreamReceive mPropertyId 0x214020f5
12-30 10:46:20.233   398   464 D adayocomadapter-CommunicationManager: onUpstreamReceive mPropertyId 0x214020f6
12-30 10:46:20.233   398   464 D adayocomadapter-CommunicationManager: convertBytesToInt32Memcpy  0
12-30 10:46:20.233   398   464 I vw-vhal : notifyVehicleProperty, propId = 0x214020f6, data = {status: 2, int32Values: [0]}
12-30 10:46:20.233   398   464 I vw-vhal : CanSignalsAdapter::notifyVehicleProperty: solvedValue = {.timestamp = 7716055187584, .areaId = 0, .prop = 557850870, .status = AVAILABLE, .value = {.int32Values = [1]{0}, .floatValues = [0]{}, .int64Values = [0]{}, .bytes = [0]{}, .stringValue = ""}}
12-30 10:46:20.233   398   464 I VehiclePropertyStore: begin to write value to Store: {.timestamp = 7716055187584, .areaId = 0, .prop = 557850870, .status = AVAILABLE, .value = {.int32Values = [1]{0}, .floatValues = [0]{}, .int64Values = [0]{}, .bytes = [0]{}, .stringValue = ""}}
12-30 10:46:20.233   398   464 I DefaultVehicleHal_v2_0: DefaultVehicleHal::onPropertyValue, value:{.timestamp = 7716055187584, .areaId = 0, .prop = 557850870, .status = AVAILABLE, .value = {.int32Values = [1]{0}, .floatValues = [0]{}, .int64Values = [0]{}, .bytes = [0]{}, .stringValue = ""}}
12-30 10:46:20.233   398   464 D DiagPropHandler: is not DiagnosticConfig: 0x214020f6
