--------- beginning of main
12-30 10:46:13.987   596  3076 E WifiHAL : Invalid data received from driver
12-30 10:46:13.997   360   931 D EvsDriver: forwardFrame
12-30 10:46:13.997   360   931 D EvsDriver: forwardFrameDirect
12-30 10:46:13.998   360   931 D EvsDriver: Delivered 0xb400e2ca9e40e270 as id 0
12-30 10:46:13.998   359  2784 D evsmanagerd: /dev/video-evs0 forwarded the buffer #0 to 0xb400f125d2b26dd0 from 0xb400f125e2b20710
12-30 10:46:13.998  2358  2623 D RcfController: Rcf proxy is not connected!
12-30 10:46:14.004   360   458 D EvsDriver: doneWithFrame
12-30 10:46:14.004  1667  2410 I media_message_log->MediaMessageUserProxy: (SourceFile:1)b connectToService action bind
12-30 10:46:14.005  1667  2594 W FordFnv :  bind ford fnv failed -> sendRetryMessage 
12-30 10:46:14.005  1667  2410 E media_message_log->MediaMessageUserProxy: (SourceFile:7)a bindServiceAsUser isBound = false
12-30 10:46:14.007  1547  2118 D ANWAPI  : (1547|0x6EF3FCB0)[BTAPI] testing: step3: (2)
12-30 10:46:14.007  1547  2118 D ANWAPI  : (1547|0x6EF3FCB0)[BTAPI] testing: step1: send HCI local read infor
12-30 10:46:14.007  1547  2118 D ANWStack: [   7709829][ANWBT] HCI: Sending HCI_ReadLocalVersionInformation command
12-30 10:46:14.008  1547  2118 D ANWStack: [   7709830][ANWBT] HCI Rx: CommandComplete event for ReadLocalVersionInformation, numCommandPackets=0x1, status=0x00 (Success)
12-30 10:46:14.008  1547  2118 D ANWStack: 
12-30 10:46:14.008  1547  2118 D ANWStack: [   7709830][ANWBT] HCI Rx:     CommandComplete Parameters: HCIversion=0xD, HCIrevision=0x0, LMP version=0xD, ManufacturerId=0x1D, LMP subversion=0x80E9
12-30 10:46:14.008  1547  2118 D ANWStack: 
12-30 10:46:14.008  1547  2118 D ANWAPI  : (1547|0x6EF3FCB0)[BTAPI] AnwhciEventCallback 14 1
12-30 10:46:14.008  1547  2118 D ANWAPI  : (1547|0x6EF3FCB0)[BTAPI] btsdk_command_complete_event_handler cmdOpcode = 4097
12-30 10:46:14.008  1547  2118 D ANWAPI  : (1547|0x6EF3FCB0)[BTAPI] testing: step2: receive complete(1)
12-30 10:46:14.008  1547  2118 D ANWStack: [   7709830][ANWBT] HCI: Host Controller manufacturer ID 0x001D
12-30 10:46:14.008  1547  2118 D ANWStack: 
12-30 10:46:14.031   360   931 D EvsDriver: forwardFrame
12-30 10:46:14.031   360   931 D EvsDriver: forwardFrameDirect
12-30 10:46:14.031   360   931 D EvsDriver: Delivered 0xb400e2ca9e40d4b0 as id 1
12-30 10:46:14.031   359  2784 D evsmanagerd: /dev/video-evs0 forwarded the buffer #1 to 0xb400f125d2b26dd0 from 0xb400f125e2b20710
12-30 10:46:14.034   360   458 D EvsDriver: doneWithFrame
12-30 10:46:14.048  2358  2623 D RcfController: Rcf proxy is not connected!
12-30 10:46:14.061   596  3076 E WifiHAL : Invalid data received from driver
12-30 10:46:14.064   360   931 D EvsDriver: forwardFrame
12-30 10:46:14.064   360   931 D EvsDriver: forwardFrameDirect
12-30 10:46:14.064   360   931 D EvsDriver: Delivered 0xb400e2ca9e40c2d0 as id 0
12-30 10:46:14.064   359  2784 D evsmanagerd: /dev/video-evs0 forwarded the buffer #0 to 0xb400f125d2b26dd0 from 0xb400f125e2b20710
12-30 10:46:14.074   360   458 D EvsDriver: doneWithFrame
12-30 10:46:14.097   360   931 D EvsDriver: forwardFrame
12-30 10:46:14.097   360   931 D EvsDriver: forwardFrameDirect
12-30 10:46:14.098   360   931 D EvsDriver: Delivered 0xb400e2ca9e40d090 as id 1
12-30 10:46:14.098   359  2784 D evsmanagerd: /dev/video-evs0 forwarded the buffer #1 to 0xb400f125d2b26dd0 from 0xb400f125e2b20710
12-30 10:46:14.098  2358  2623 D RcfController: Rcf proxy is not connected!
12-30 10:46:14.105   360   458 D EvsDriver: doneWithFrame
12-30 10:46:14.131   360   931 D EvsDriver: forwardFrame
12-30 10:46:14.131   360   931 D EvsDriver: forwardFrameDirect
12-30 10:46:14.131   360   931 D EvsDriver: Delivered 0xb400e2ca9e40e110 as id 0
12-30 10:46:14.131   359  2784 D evsmanagerd: /dev/video-evs0 forwarded the buffer #0 to 0xb400f125d2b26dd0 from 0xb400f125e2b20710
12-30 10:46:14.131  1611 15258 I ADAYO_LOG_: a(CmdFunc.java:22)logcat execute command finally : [logcat -b all -c]
12-30 10:46:14.132  1611 15258 I ADAYO_LOG_: a(CmdFunc.java:38)logcatexecute command end, errorMsg: , and status: 0: 
12-30 10:46:14.135   360   458 D EvsDriver: doneWithFrame
12-30 10:46:14.145   596  3076 E WifiHAL : Invalid data received from driver
12-30 10:46:14.147  1611 15258 I ADAYO_LOG_: b(LogcatFunc.java:5)path:/mnt/sdcard/AndroidLog/logcat/logcat_2025_12_30_10_46_13_933-9.txt
12-30 10:46:14.149  2358  2623 D RcfController: Rcf proxy is not connected!
12-30 10:46:14.151  1611 15258 I ADAYO_LOG_: b(LogcatFunc.java:7)COLLECT_INT_START
12-30 10:46:14.151  1611 15258 I ADAYO_LOG_: g(null:15)logcat file is zip packing, zipFilePath: /mnt/sdcard/AndroidLog/logcat/logcat_2025_12_30_10_46_13_933-8.zip
12-30 10:46:14.152  1611 15258 I ADAYO_LOG_: e(LogcatFunc.java:2)isOpenEncrypt: false
12-30 10:46:14.153  2310  2720 D FuseDaemon: Node: 12970642256212196304 created.
12-30 10:46:14.164   360   931 D EvsDriver: forwardFrame
12-30 10:46:14.164   360   931 D EvsDriver: forwardFrameDirect
12-30 10:46:14.164   360   931 D EvsDriver: Delivered 0xb400e2ca9e40c7a0 as id 1
12-30 10:46:14.164   359  2784 D evsmanagerd: /dev/video-evs0 forwarded the buffer #1 to 0xb400f125d2b26dd0 from 0xb400f125e2b20710
12-30 10:46:14.165   360   458 D EvsDriver: doneWithFrame
--------- beginning of events
12-30 10:46:14.188 31604 31604 I auditd  : type=1400 audit(0.0:862800): avc:  denied  { entrypoint } for  comm="init" path="/system/bin/sh" dev="dm-1" ino=8660711 scontext=u:r:trace_logcat:s0 tcontext=u:object_r:shell_exec:s0 tclass=file permissive=1
12-30 10:46:14.188 31604 31604 I init    : type=1400 audit(0.0:862800): avc:  denied  { entrypoint } for  path="/system/bin/sh" dev="dm-1" ino=8660711 scontext=u:r:trace_logcat:s0 tcontext=u:object_r:shell_exec:s0 tclass=file permissive=1
12-30 10:46:14.192 15305 15305 I auditd  : type=1400 audit(0.0:862801): avc:  denied  { syslog_mod } for  comm="cat" scontext=u:r:trace_kernel:s0 tcontext=u:r:kernel:s0 tclass=system permissive=1
12-30 10:46:14.192 15305 15305 I cat     : type=1400 audit(0.0:862801): avc:  denied  { syslog_mod } for  scontext=u:r:trace_kernel:s0 tcontext=u:r:kernel:s0 tclass=system permissive=1
12-30 10:46:14.192 31604 31604 I auditd  : type=1400 audit(0.0:862802): avc:  denied  { map } for  comm="sh" path="/system/bin/sh" dev="dm-1" ino=8660711 scontext=u:r:trace_logcat:s0 tcontext=u:object_r:shell_exec:s0 tclass=file permissive=1
12-30 10:46:14.192 31604 31604 I sh      : type=1400 audit(0.0:862802): avc:  denied  { map } for  path="/system/bin/sh" dev="dm-1" ino=8660711 scontext=u:r:trace_logcat:s0 tcontext=u:object_r:shell_exec:s0 tclass=file permissive=1
12-30 10:46:14.192 31604 31604 I auditd  : type=1400 audit(0.0:862803): avc:  denied  { read } for  comm="sh" path="/system/bin/sh" dev="dm-1" ino=8660711 scontext=u:r:trace_logcat:s0 tcontext=u:object_r:shell_exec:s0 tclass=file permissive=1
12-30 10:46:14.192 31604 31604 I sh      : type=1400 audit(0.0:862803): avc:  denied  { read } for  path="/system/bin/sh" dev="dm-1" ino=8660711 scontext=u:r:trace_logcat:s0 tcontext=u:object_r:shell_exec:s0 tclass=file permissive=1
12-30 10:46:14.192 31604 31604 I auditd  : type=1400 audit(0.0:862804): avc:  denied  { execute } for  comm="sh" path="/system/bin/sh" dev="dm-1" ino=8660711 scontext=u:r:trace_logcat:s0 tcontext=u:object_r:shell_exec:s0 tclass=file permissive=1
12-30 10:46:14.192 31604 31604 I sh      : type=1400 audit(0.0:862804): avc:  denied  { execute } for  path="/system/bin/sh" dev="dm-1" ino=8660711 scontext=u:r:trace_logcat:s0 tcontext=u:object_r:shell_exec:s0 tclass=file permissive=1
12-30 10:46:14.192 31604 31604 I auditd  : type=1400 audit(0.0:862805): avc:  denied  { getattr } for  comm="sh" path="/system/bin/sh" dev="dm-1" ino=8660711 scontext=u:r:trace_logcat:s0 tcontext=u:object_r:shell_exec:s0 tclass=file permissive=1
12-30 10:46:14.192 31604 31604 I sh      : type=1400 audit(0.0:862805): avc:  denied  { getattr } for  path="/system/bin/sh" dev="dm-1" ino=8660711 scontext=u:r:trace_logcat:s0 tcontext=u:object_r:shell_exec:s0 tclass=file permissive=1
12-30 10:46:14.197   360   931 D EvsDriver: forwardFrame
12-30 10:46:14.197   360   931 D EvsDriver: forwardFrameDirect
12-30 10:46:14.197   360   931 D EvsDriver: Delivered 0xb400e2ca9e40e270 as id 0
12-30 10:46:14.198   359  2784 D evsmanagerd: /dev/video-evs0 forwarded the buffer #0 to 0xb400f125d2b26dd0 from 0xb400f125e2b20710
12-30 10:46:14.199  2358  2623 D RcfController: Rcf proxy is not connected!
12-30 10:46:14.202   596  3076 E WifiHAL : Invalid data received from driver
12-30 10:46:14.206   360   458 D EvsDriver: doneWithFrame
12-30 10:46:14.204 31604 31604 I auditd  : type=1400 audit(0.0:862806): avc:  denied  { getattr } for  comm="sh" path="/system/bin/toybox" dev="dm-1" ino=8926292 scontext=u:r:trace_logcat:s0 tcontext=u:object_r:toolbox_exec:s0 tclass=file permissive=1
12-30 10:46:14.204 31604 31604 I sh      : type=1400 audit(0.0:862806): avc:  denied  { getattr } for  path="/system/bin/toybox" dev="dm-1" ino=8926292 scontext=u:r:trace_logcat:s0 tcontext=u:object_r:toolbox_exec:s0 tclass=file permissive=1
12-30 10:46:14.231   360   931 D EvsDriver: forwardFrame
12-30 10:46:14.231   360   931 D EvsDriver: forwardFrameDirect
12-30 10:46:14.231   360   931 D EvsDriver: Delivered 0xb400e2ca9e40d4b0 as id 1
12-30 10:46:14.231   359  2784 D evsmanagerd: /dev/video-evs0 forwarded the buffer #1 to 0xb400f125d2b26dd0 from 0xb400f125e2b20710
12-30 10:46:14.232 31606 31606 I ADAYO_LOG_TRACE_LOGCAT: execute start
12-30 10:46:14.236   360   458 D EvsDriver: doneWithFrame
12-30 10:46:14.249   798 31598 W adbd    : timed out while waiting for FUNCTIONFS_BIND, trying again
12-30 10:46:14.249   798 31598 I adbd    : UsbFfs: connection terminated: monitor thread finished
12-30 10:46:14.249  2358  2623 D RcfController: Rcf proxy is not connected!
12-30 10:46:14.249   798   798 I adbd    : UsbFfs: already offline
12-30 10:46:14.249   798   798 I adbd    : destroying transport UsbFfs
12-30 10:46:14.250   798   798 I adbd    : UsbFfsConnection being destroyed
12-30 10:46:14.263   596  3076 E WifiHAL : Invalid data received from driver
12-30 10:46:14.264   360   931 D EvsDriver: forwardFrame
12-30 10:46:14.264   360   931 D EvsDriver: forwardFrameDirect
12-30 10:46:14.264   360   931 D EvsDriver: Delivered 0xb400e2ca9e40c2d0 as id 0
12-30 10:46:14.264   359  2784 D evsmanagerd: /dev/video-evs0 forwarded the buffer #0 to 0xb400f125d2b26dd0 from 0xb400f125e2b20710
12-30 10:46:14.266   360   458 D EvsDriver: doneWithFrame
12-30 10:46:14.272   596  3076 E WifiHAL : Invalid data received from driver
12-30 10:46:14.273   596  3076 E WifiHAL : Invalid data received from driver
12-30 10:46:14.273   596  3076 E WifiHAL : Invalid data received from driver
12-30 10:46:14.273   596  3076 E WifiHAL : Invalid data received from driver
12-30 10:46:14.273   596  3076 E WifiHAL : Invalid data received from driver
12-30 10:46:14.273   596  3076 E WifiHAL : Invalid data received from driver
12-30 10:46:14.273 31610 31610 I ADAYO_LOG_TRACE_LOGCAT: executing
12-30 10:46:14.273   596  3076 E WifiHAL : Invalid data received from driver
12-30 10:46:14.297   360   931 D EvsDriver: forwardFrame
12-30 10:46:14.297   360   931 D EvsDriver: forwardFrameDirect
12-30 10:46:14.297   360   931 D EvsDriver: Delivered 0xb400e2ca9e40d090 as id 1
12-30 10:46:14.298   359  2784 D evsmanagerd: /dev/video-evs0 forwarded the buffer #1 to 0xb400f125d2b26dd0 from 0xb400f125e2b20710
12-30 10:46:14.298   798   838 I adbd    : opening control endpoint /dev/usb-ffs/adb/ep0
12-30 10:46:14.299   798   838 I adbd    : UsbFfsConnection constructed
12-30 10:46:14.299   798 31613 I adbd    : UsbFfs-monitor thread spawned
12-30 10:46:14.299  2358  2623 D RcfController: Rcf proxy is not connected!
12-30 10:46:14.307   360   458 D EvsDriver: doneWithFrame
12-30 10:46:14.311 31612 31612 I ADAYO_LOG_TRACE_LOGCAT: collect_dest_path:/mnt/sdcard/AndroidLog/logcat
12-30 10:46:14.331   360   931 D EvsDriver: forwardFrame
12-30 10:46:14.331   360   931 D EvsDriver: forwardFrameDirect
12-30 10:46:14.331   360   931 D EvsDriver: Delivered 0xb400e2ca9e40e110 as id 0
12-30 10:46:14.331   359  2784 D evsmanagerd: /dev/video-evs0 forwarded the buffer #0 to 0xb400f125d2b26dd0 from 0xb400f125e2b20710
12-30 10:46:14.334   596  3076 E WifiHAL : Invalid data received from driver
12-30 10:46:14.337   360   458 D EvsDriver: doneWithFrame
12-30 10:46:14.350  2358  2623 D RcfController: Rcf proxy is not connected!
12-30 10:46:14.364   360   931 D EvsDriver: forwardFrame
12-30 10:46:14.364   360   931 D EvsDriver: forwardFrameDirect
12-30 10:46:14.364   360   931 D EvsDriver: Delivered 0xb400e2ca9e40c7a0 as id 1
12-30 10:46:14.364   359  2784 D evsmanagerd: /dev/video-evs0 forwarded the buffer #1 to 0xb400f125d2b26dd0 from 0xb400f125e2b20710
12-30 10:46:14.368   360   458 D EvsDriver: doneWithFrame
12-30 10:46:14.385   650   729 D fgemcucomm: sd Uart data : 6AA602F0A900029202CF
12-30 10:46:14.385   650   729 D fgemcucomm: rev uart=63723,len=20, data : 6AA681F0A9000C9202000800000000000000003E
12-30 10:46:14.385   398  2883 D adayocomadapter-ParseProtocolFunc: printRaWMsg Name[MCUToUPstream recv] len[12] data[920200080000000000000000]
12-30 10:46:14.386   398  2883 D adayocomadapter-CommunicationManager: onUpstreamback   member[0] dataLength[9] timePoint[7710207]
12-30 10:46:14.386   398  2883 D adayocomadapter-ParseProtocolFunc: printRaWMsg Name[onUpstreamback] len[9] data[080000000000000000]
12-30 10:46:14.386   398   464 D adayocomadapter-UpstreamHandler: processBeforePacket upSreamtProcessTimePoint[7710208] 
12-30 10:46:14.386   398   464 D adayocomadapter-UpstreamHandler: processPacket UPSTREAM_QUEUE_DATA_TIMEOUT
12-30 10:46:14.386   398   464 D adayocomadapter-ParseProtocolFunc: parseCommonIPCLBytes Processing tableNumber[8]
12-30 10:46:14.386   398   464 D adayocomadapter-ParseProtocolFunc: parseCommonIPCLBytes Processing tablename[Table-8] tableSize[9]
12-30 10:46:14.386   398   464 D adayocomadapter-ParseProtocolFunc: printRaWMsg Name[byteStream recv] len[9] data[080000000000000000]
12-30 10:46:14.386   398   464 D adayocomadapter-ParseProtocolFunc: printRaWMsg Name[IPCLtoVHAL] len[7] data[2141208F010000]
12-30 10:46:14.386   398   464 D adayocomadapter-ParseProtocolFunc: printRaWMsg Name[IPCLtoVHAL] len[7] data[21412090010000]
12-30 10:46:14.386   398   464 D adayocomadapter-ParseProtocolFunc: printRaWMsg Name[IPCLtoVHAL] len[7] data[21412091010000]
12-30 10:46:14.386   398   464 D adayocomadapter-ParseProtocolFunc: printRaWMsg Name[IPCLtoVHAL] len[7] data[21412092010000]
12-30 10:46:14.386   398   464 D adayocomadapter-CommunicationManager: onUpstreamReceive mPropertyId 0x2141208f
12-30 10:46:14.386   398   464 I vw-vhal : notifyVehicleProperty, propId = 0x2141208f, data = {status: 2, int32Values: [0, 0]}
12-30 10:46:14.386   398   464 I vw-vhal : CanSignalsAdapter::notifyVehicleProperty: solvedValue = {.timestamp = 7710208313917, .areaId = 0, .prop = 557916303, .status = AVAILABLE, .value = {.int32Values = [2]{0, 0}, .floatValues = [0]{}, .int64Values = [0]{}, .bytes = [0]{}, .stringValue = ""}}
12-30 10:46:14.386   398   464 I VehiclePropertyStore: begin to write value to Store: {.timestamp = 7710208313917, .areaId = 0, .prop = 557916303, .status = AVAILABLE, .value = {.int32Values = [2]{0, 0}, .floatValues = [0]{}, .int64Values = [0]{}, .bytes = [0]{}, .stringValue = ""}}
12-30 10:46:14.386   398   464 I DefaultVehicleHal_v2_0: DefaultVehicleHal::onPropertyValue, value:{.timestamp = 7710208313917, .areaId = 0, .prop = 557916303, .status = AVAILABLE, .value = {.int32Values = [2]{0, 0}, .floatValues = [0]{}, .int64Values = [0]{}, .bytes = [0]{}, .stringValue = ""}}
12-30 10:46:14.386   398   464 D DiagPropHandler: is not DiagnosticConfig: 0x2141208f
12-30 10:46:14.386   398   464 I VehiclePropertyStore: begin to write value to Store: {.timestamp = 7710208313917, .areaId = 0, .prop = 557916303, .status = AVAILABLE, .value = {.int32Values = [2]{0, 0}, .floatValues = [0]{}, .int64Values = [0]{}, .bytes = [0]{}, .stringValue = ""}}
12-30 10:46:14.386   398   464 D adayocomadapter-CommunicationManager: onUpstreamReceive mPropertyId 0x2141208f
12-30 10:46:14.386   398   464 D adayocomadapter-CommunicationManager: onUpstreamReceive mPropertyId 0x21412090
12-30 10:46:14.386   398   464 I vw-vhal : notifyVehicleProperty, propId = 0x21412090, data = {status: 2, int32Values: [0, 0]}
12-30 10:46:14.386   398   464 I vw-vhal : CanSignalsAdapter::notifyVehicleProperty: solvedValue = {.timestamp = 7710208557583, .areaId = 0, .prop = 557916304, .status = AVAILABLE, .value = {.int32Values = [2]{0, 0}, .floatValues = [0]{}, .int64Values = [0]{}, .bytes = [0]{}, .stringValue = ""}}
12-30 10:46:14.386   398   464 I VehiclePropertyStore: begin to write value to Store: {.timestamp = 7710208557583, .areaId = 0, .prop = 557916304, .status = AVAILABLE, .value = {.int32Values = [2]{0, 0}, .floatValues = [0]{}, .int64Values = [0]{}, .bytes = [0]{}, .stringValue = ""}}
12-30 10:46:14.386   398   464 I DefaultVehicleHal_v2_0: DefaultVehicleHal::onPropertyValue, value:{.timestamp = 7710208557583, .areaId = 0, .prop = 557916304, .status = AVAILABLE, .value = {.int32Values = [2]{0, 0}, .floatValues = [0]{}, .int64Values = [0]{}, .bytes = [0]{}, .stringValue = ""}}
12-30 10:46:14.386   398   464 D DiagPropHandler: is not DiagnosticConfig: 0x21412090
12-30 10:46:14.386   398   464 I VehiclePropertyStore: begin to write value to Store: {.timestamp = 7710208557583, .areaId = 0, .prop = 557916304, .status = AVAILABLE, .value = {.int32Values = [2]{0, 0}, .floatValues = [0]{}, .int64Values = [0]{}, .bytes = [0]{}, .stringValue = ""}}
12-30 10:46:14.386   398   464 D adayocomadapter-CommunicationManager: onUpstreamReceive mPropertyId 0x21412090
12-30 10:46:14.386   398   464 D adayocomadapter-CommunicationManager: onUpstreamReceive mPropertyId 0x21412091
12-30 10:46:14.386   398   464 I vw-vhal : notifyVehicleProperty, propId = 0x21412091, data = {status: 2, int32Values: [0, 0]}
12-30 10:46:14.386   398   464 I vw-vhal : CanSignalsAdapter::notifyVehicleProperty: solvedValue = {.timestamp = 7710208750917, .areaId = 0, .prop = 557916305, .status = AVAILABLE, .value = {.int32Values = [2]{0, 0}, .floatValues = [0]{}, .int64Values = [0]{}, .bytes = [0]{}, .stringValue = ""}}
12-30 10:46:14.386   398   464 I VehiclePropertyStore: begin to write value to Store: {.timestamp = 7710208750917, .areaId = 0, .prop = 557916305, .status = AVAILABLE, .value = {.int32Values = [2]{0, 0}, .floatValues = [0]{}, .int64Values = [0]{}, .bytes = [0]{}, .stringValue = ""}}
12-30 10:46:14.386   398   464 I DefaultVehicleHal_v2_0: DefaultVehicleHal::onPropertyValue, value:{.timestamp = 7710208750917, .areaId = 0, .prop = 557916305, .status = AVAILABLE, .value = {.int32Values = [2]{0, 0}, .floatValues = [0]{}, .int64Values = [0]{}, .bytes = [0]{}, .stringValue = ""}}
12-30 10:46:14.386   398   464 D DiagPropHandler: is not DiagnosticConfig: 0x21412091
12-30 10:46:14.387   398   464 I VehiclePropertyStore: begin to write value to Store: {.timestamp = 7710208750917, .areaId = 0, .prop = 557916305, .status = AVAILABLE, .value = {.int32Values = [2]{0, 0}, .floatValues = [0]{}, .int64Values = [0]{}, .bytes = [0]{}, .stringValue = ""}}
12-30 10:46:14.387   398   464 D adayocomadapter-CommunicationManager: onUpstreamReceive mPropertyId 0x21412091
12-30 10:46:14.387   398   464 D adayocomadapter-CommunicationManager: onUpstreamReceive mPropertyId 0x21412092
12-30 10:46:14.387   398   464 I vw-vhal : notifyVehicleProperty, propId = 0x21412092, data = {status: 2, int32Values: [0, 0]}
12-30 10:46:14.387   398   464 I vw-vhal : CanSignalsAdapter::notifyVehicleProperty: solvedValue = {.timestamp = 7710208939250, .areaId = 0, .prop = 557916306, .status = AVAILABLE, .value = {.int32Values = [2]{0, 0}, .floatValues = [0]{}, .int64Values = [0]{}, .bytes = [0]{}, .stringValue = ""}}
12-30 10:46:14.387   398   464 I VehiclePropertyStore: begin to write value to Store: {.timestamp = 7710208939250, .areaId = 0, .prop = 557916306, .status = AVAILABLE, .value = {.int32Values = [2]{0, 0}, .floatValues = [0]{}, .int64Values = [0]{}, .bytes = [0]{}, .stringValue = ""}}
12-30 10:46:14.387   398   464 I DefaultVehicleHal_v2_0: DefaultVehicleHal::onPropertyValue, value:{.timestamp = 7710208939250, .areaId = 0, .prop = 557916306, .status = AVAILABLE, .value = {.int32Values = [2]{0, 0}, .floatValues = [0]{}, .int64Values = [0]{}, .bytes = [0]{}, .stringValue = ""}}
12-30 10:46:14.387   398   464 D DiagPropHandler: is not DiagnosticConfig: 0x21412092
12-30 10:46:14.387   398   464 I VehiclePropertyStore: begin to write value to Store: {.timestamp = 7710208939250, .areaId = 0, .prop = 557916306, .status = AVAILABLE, .value = {.int32Values = [2]{0, 0}, .floatValues = [0]{}, .int64Values = [0]{}, .bytes = [0]{}, .stringValue = ""}}
12-30 10:46:14.387   398   464 D adayocomadapter-CommunicationManager: onUpstreamReceive mPropertyId 0x21412092
12-30 10:46:14.397   360   931 D EvsDriver: forwardFrame
12-30 10:46:14.397   360   931 D EvsDriver: forwardFrameDirect
12-30 10:46:14.397   360   931 D EvsDriver: Delivered 0xb400e2ca9e40e270 as id 0
12-30 10:46:14.398   359  2784 D evsmanagerd: /dev/video-evs0 forwarded the buffer #0 to 0xb400f125d2b26dd0 from 0xb400f125e2b20710
12-30 10:46:14.399 31617 31617 I ADAYO_LOG_TRACE_LOGCAT: file_path:/mnt/sdcard/AndroidLog/logcat/logcat_2025_12_30_10_46_13_933-9.txt
12-30 10:46:14.400  2358  2623 D RcfController: Rcf proxy is not connected!
12-30 10:46:14.408   360   458 D EvsDriver: doneWithFrame
12-30 10:46:14.416   596  3076 E WifiHAL : Invalid data received from driver
12-30 10:46:14.429   650   729 D fgemcucomm: sd Uart data : 6AA602F0AA00029202CE
12-30 10:46:14.429   650   729 D fgemcucomm: rev uart=63724,len=65, data : 6AA681F0AA003992020017000000000000000000000000000000000000000000000000000000000000000000000000000000000000000000000000000000000001
12-30 10:46:14.429   398  2883 D adayocomadapter-ParseProtocolFunc: printRaWMsg Name[MCUToUPstream recv] len[57] data[920200170000000000000000000000000000000000000000000000000000000000000000000000000000000000000000000000000000000000]
12-30 10:46:14.429   398  2883 D adayocomadapter-CommunicationManager: onUpstreamback   member[0] dataLength[54] timePoint[7710251]
12-30 10:46:14.429   398  2883 D adayocomadapter-ParseProtocolFunc: printRaWMsg Name[onUpstreamback] len[54] data[170000000000000000000000000000000000000000000000000000000000000000000000000000000000000000000000000000000000]
12-30 10:46:14.429   398   464 D adayocomadapter-UpstreamHandler: processBeforePacket upSreamtProcessTimePoint[7710251] 
12-30 10:46:14.429   398   464 D adayocomadapter-UpstreamHandler: processPacket UPSTREAM_QUEUE_DATA_TIMEOUT
12-30 10:46:14.429   398   464 D adayocomadapter-ParseProtocolFunc: parseCommonIPCLBytes Processing tableNumber[23]
12-30 10:46:14.429   398   464 D adayocomadapter-ParseProtocolFunc: parseCommonIPCLBytes Processing tablename[Table-23] tableSize[54]
12-30 10:46:14.430   398   464 D adayocomadapter-ParseProtocolFunc: printRaWMsg Name[byteStream recv] len[54] data[170000000000000000000000000000000000000000000000000000000000000000000000000000000000000000000000000000000000]
12-30 10:46:14.430   398   464 D adayocomadapter-ParseProtocolFunc: printRaWMsg Name[IPCLtoVHAL] len[6] data[214021020000]
12-30 10:46:14.430   398   464 D adayocomadapter-ParseProtocolFunc: printRaWMsg Name[IPCLtoVHAL] len[6] data[214021100000]
12-30 10:46:14.430   398   464 D adayocomadapter-ParseProtocolFunc: printRaWMsg Name[IPCLtoVHAL] len[6] data[214020E20000]
12-30 10:46:14.430   398   464 D adayocomadapter-ParseProtocolFunc: printRaWMsg Name[IPCLtoVHAL] len[7] data[21402043000000]
12-30 10:46:14.430   398   464 D adayocomadapter-ParseProtocolFunc: printRaWMsg Name[IPCLtoVHAL] len[9] data[214020370000000000]
12-30 10:46:14.430   398   464 D adayocomadapter-ParseProtocolFunc: printRaWMsg Name[IPCLtoVHAL] len[6] data[214020EE0000]
12-30 10:46:14.430   398   464 D adayocomadapter-ParseProtocolFunc: printRaWMsg Name[IPCLtoVHAL] len[6] data[214021330000]
12-30 10:46:14.430   398   464 D adayocomadapter-ParseProtocolFunc: printRaWMsg Name[IPCLtoVHAL] len[6] data[2140210F0000]
12-30 10:46:14.430   398   464 D adayocomadapter-ParseProtocolFunc: printRaWMsg Name[IPCLtoVHAL] len[6] data[214020F00000]
12-30 10:46:14.430   398   464 D adayocomadapter-ParseProtocolFunc: printRaWMsg Name[IPCLtoVHAL] len[6] data[214020C10000]
12-30 10:46:14.430   398   464 D adayocomadapter-ParseProtocolFunc: printRaWMsg Name[IPCLtoVHAL] len[6] data[2140211F0000]
12-30 10:46:14.430   398   464 D adayocomadapter-ParseProtocolFunc: printRaWMsg Name[IPCLtoVHAL] len[6] data[214020940000]
12-30 10:46:14.430   398   464 D adayocomadapter-ParseProtocolFunc: printRaWMsg Name[IPCLtoVHAL] len[9] data[214020360000000000]
12-30 10:46:14.430   398   464 D adayocomadapter-ParseProtocolFunc: printRaWMsg Name[IPCLtoVHAL] len[6] data[214020C30000]
12-30 10:46:14.430   398   464 D adayocomadapter-ParseProtocolFunc: printRaWMsg Name[IPCLtoVHAL] len[6] data[214021140000]
12-30 10:46:14.430   398   464 D adayocomadapter-ParseProtocolFunc: printRaWMsg Name[IPCLtoVHAL] len[6] data[214020B60000]
12-30 10:46:14.430   398   464 D adayocomadapter-ParseProtocolFunc: printRaWMsg Name[IPCLtoVHAL] len[6] data[214021150000]
12-30 10:46:14.430   398   464 D adayocomadapter-ParseProtocolFunc: printRaWMsg Name[IPCLtoVHAL] len[6] data[2140211A0000]
12-30 10:46:14.430   398   464 D adayocomadapter-ParseProtocolFunc: printRaWMsg Name[IPCLtoVHAL] len[9] data[2140204B0000000000]
12-30 10:46:14.430   398   464 D adayocomadapter-ParseProtocolFunc: printRaWMsg Name[IPCLtoVHAL] len[6] data[2140211B0000]
12-30 10:46:14.430   398   464 D adayocomadapter-ParseProtocolFunc: printRaWMsg Name[IPCLtoVHAL] len[9] data[2140203B0000000000]
12-30 10:46:14.430   398   464 D adayocomadapter-ParseProtocolFunc: printRaWMsg Name[IPCLtoVHAL] len[7] data[2140203F000000]
12-30 10:46:14.430   398   464 D adayocomadapter-ParseProtocolFunc: printRaWMsg Name[IPCLtoVHAL] len[7] data[2140203A000000]
12-30 10:46:14.430   398   464 D adayocomadapter-ParseProtocolFunc: printRaWMsg Name[IPCLtoVHAL] len[7] data[2140203E000000]
12-30 10:46:14.430   398   464 D adayocomadapter-ParseProtocolFunc: printRaWMsg Name[IPCLtoVHAL] len[7] data[21402042000000]
12-30 10:46:14.430   398   464 D adayocomadapter-ParseProtocolFunc: printRaWMsg Name[IPCLtoVHAL] len[7] data[21402039000000]
12-30 10:46:14.430   398   464 D adayocomadapter-ParseProtocolFunc: printRaWMsg Name[IPCLtoVHAL] len[7] data[2140203D000000]
12-30 10:46:14.430   398   464 D adayocomadapter-ParseProtocolFunc: printRaWMsg Name[IPCLtoVHAL] len[7] data[21402041000000]
12-30 10:46:14.430   398   464 D adayocomadapter-ParseProtocolFunc: printRaWMsg Name[IPCLtoVHAL] len[7] data[21402045000000]
12-30 10:46:14.430   398   464 D adayocomadapter-ParseProtocolFunc: printRaWMsg Name[IPCLtoVHAL] len[7] data[2140204D000000]
12-30 10:46:14.430   398   464 D adayocomadapter-ParseProtocolFunc: printRaWMsg Name[IPCLtoVHAL] len[6] data[2140220B0000]
12-30 10:46:14.430   398   464 D adayocomadapter-CommunicationManager: onUpstreamReceive mPropertyId 0x21402102
12-30 10:46:14.430   398   464 D adayocomadapter-CommunicationManager: convertBytesToInt32Memcpy  0
12-30 10:46:14.430   398   464 I vw-vhal : notifyVehicleProperty, propId = 0x21402102, data = {status: 2, int32Values: [0]}
12-30 10:46:14.430   398   464 I vw-vhal : CanSignalsAdapter::notifyVehicleProperty: solvedValue = {.timestamp = 7710252542250, .areaId = 0, .prop = 557850882, .status = AVAILABLE, .value = {.int32Values = [1]{0}, .floatValues = [0]{}, .int64Values = [0]{}, .bytes = [0]{}, .stringValue = ""}}
12-30 10:46:14.430   398   464 I VehiclePropertyStore: begin to write value to Store: {.timestamp = 7710252542250, .areaId = 0, .prop = 557850882, .status = AVAILABLE, .value = {.int32Values = [1]{0}, .floatValues = [0]{}, .int64Values = [0]{}, .bytes = [0]{}, .stringValue = ""}}
12-30 10:46:14.430   398   464 I DefaultVehicleHal_v2_0: DefaultVehicleHal::onPropertyValue, value:{.timestamp = 7710252542250, .areaId = 0, .prop = 557850882, .status = AVAILABLE, .value = {.int32Values = [1]{0}, .floatValues = [0]{}, .int64Values = [0]{}, .bytes = [0]{}, .stringValue = ""}}
12-30 10:46:14.430   398   464 D DiagPropHandler: is not DiagnosticConfig: 0x21402102
12-30 10:46:14.430   398   464 I VehiclePropertyStore: begin to write value to Store: {.timestamp = 7710252542250, .areaId = 0, .prop = 557850882, .status = AVAILABLE, .value = {.int32Values = [1]{0}, .floatValues = [0]{}, .int64Values = [0]{}, .bytes = [0]{}, .stringValue = ""}}
12-30 10:46:14.430   398   464 D adayocomadapter-CommunicationManager: onUpstreamReceive mPropertyId 0x21402102
12-30 10:46:14.430   398   464 D adayocomadapter-CommunicationManager: onUpstreamReceive mPropertyId 0x21402110
12-30 10:46:14.430   398   464 D adayocomadapter-CommunicationManager: convertBytesToInt32Memcpy  0
12-30 10:46:14.430   398   464 I vw-vhal : notifyVehicleProperty, propId = 0x21402110, data = {status: 2, int32Values: [0]}
12-30 10:46:14.430   398   464 I vw-vhal : CanSignalsAdapter::notifyVehicleProperty: solvedValue = {.timestamp = 7710252776583, .areaId = 0, .prop = 557850896, .status = AVAILABLE, .value = {.int32Values = [1]{0}, .floatValues = [0]{}, .int64Values = [0]{}, .bytes = [0]{}, .stringValue = ""}}
12-30 10:46:14.430   398   464 I VehiclePropertyStore: begin to write value to Store: {.timestamp = 7710252776583, .areaId = 0, .prop = 557850896, .status = AVAILABLE, .value = {.int32Values = [1]{0}, .floatValues = [0]{}, .int64Values = [0]{}, .bytes = [0]{}, .stringValue = ""}}
12-30 10:46:14.430   398   464 I DefaultVehicleHal_v2_0: DefaultVehicleHal::onPropertyValue, value:{.timestamp = 7710252776583, .areaId = 0, .prop = 557850896, .status = AVAILABLE, .value = {.int32Values = [1]{0}, .floatValues = [0]{}, .int64Values = [0]{}, .bytes = [0]{}, .stringValue = ""}}
12-30 10:46:14.431   398   464 D DiagPropHandler: is not DiagnosticConfig: 0x21402110
12-30 10:46:14.431   398   464 I VehiclePropertyStore: begin to write value to Store: {.timestamp = 7710252776583, .areaId = 0, .prop = 557850896, .status = AVAILABLE, .value = {.int32Values = [1]{0}, .floatValues = [0]{}, .int64Values = [0]{}, .bytes = [0]{}, .stringValue = ""}}
12-30 10:46:14.431   360   931 D EvsDriver: forwardFrame
12-30 10:46:14.431   398   464 D adayocomadapter-CommunicationManager: onUpstreamReceive mPropertyId 0x21402110
12-30 10:46:14.431   398   464 D adayocomadapter-CommunicationManager: onUpstreamReceive mPropertyId 0x214020e2
12-30 10:46:14.431   360   931 D EvsDriver: forwardFrameDirect
12-30 10:46:14.431   398   464 D adayocomadapter-CommunicationManager: convertBytesToInt32Memcpy  0
12-30 10:46:14.431   398   464 I vw-vhal : notifyVehicleProperty, propId = 0x214020e2, data = {status: 2, int32Values: [0]}
12-30 10:46:14.431   398   464 I vw-vhal : CanSignalsAdapter::notifyVehicleProperty: solvedValue = {.timestamp = 7710252987917, .areaId = 0, .prop = 557850850, .status = AVAILABLE, .value = {.int32Values = [1]{0}, .floatValues = [0]{}, .int64Values = [0]{}, .bytes = [0]{}, .stringValue = ""}}
12-30 10:46:14.431   398   464 I VehiclePropertyStore: begin to write value to Store: {.timestamp = 7710252987917, .areaId = 0, .prop = 557850850, .status = AVAILABLE, .value = {.int32Values = [1]{0}, .floatValues = [0]{}, .int64Values = [0]{}, .bytes = [0]{}, .stringValue = ""}}
12-30 10:46:14.431   398   464 I DefaultVehicleHal_v2_0: DefaultVehicleHal::onPropertyValue, value:{.timestamp = 7710252987917, .areaId = 0, .prop = 557850850, .status = AVAILABLE, .value = {.int32Values = [1]{0}, .floatValues = [0]{}, .int64Values = [0]{}, .bytes = [0]{}, .stringValue = ""}}
12-30 10:46:14.431   398   464 D DiagPropHandler: is not DiagnosticConfig: 0x214020e2
12-30 10:46:14.431   398   464 I VehiclePropertyStore: begin to write value to Store: {.timestamp = 7710252987917, .areaId = 0, .prop = 557850850, .status = AVAILABLE, .value = {.int32Values = [1]{0}, .floatValues = [0]{}, .int64Values = [0]{}, .bytes = [0]{}, .stringValue = ""}}
12-30 10:46:14.431   360   931 D EvsDriver: Delivered 0xb400e2ca9e40d4b0 as id 1
12-30 10:46:14.431   398   464 D adayocomadapter-CommunicationManager: onUpstreamReceive mPropertyId 0x214020e2
12-30 10:46:14.431   398   464 D adayocomadapter-CommunicationManager: onUpstreamReceive mPropertyId 0x21402043
12-30 10:46:14.431   398   464 D adayocomadapter-CommunicationManager: convertBytesToInt32Memcpy  0
12-30 10:46:14.431   398   464 I vw-vhal : notifyVehicleProperty, propId = 0x21402043, data = {status: 2, int32Values: [0]}
12-30 10:46:14.431   398   464 I vw-vhal : CanSignalsAdapter::notifyVehicleProperty: solvedValue = {.timestamp = 7710253197250, .areaId = 0, .prop = 557850691, .status = AVAILABLE, .value = {.int32Values = [1]{0}, .floatValues = [0]{}, .int64Values = [0]{}, .bytes = [0]{}, .stringValue = ""}}
12-30 10:46:14.431   359  2784 D evsmanagerd: /dev/video-evs0 forwarded the buffer #1 to 0xb400f125d2b26dd0 from 0xb400f125e2b20710
12-30 10:46:14.431   398   464 I VehiclePropertyStore: begin to write value to Store: {.timestamp = 7710253197250, .areaId = 0, .prop = 557850691, .status = AVAILABLE, .value = {.int32Values = [1]{0}, .floatValues = [0]{}, .int64Values = [0]{}, .bytes = [0]{}, .stringValue = ""}}
12-30 10:46:14.431   398   464 I DefaultVehicleHal_v2_0: DefaultVehicleHal::onPropertyValue, value:{.timestamp = 7710253197250, .areaId = 0, .prop = 557850691, .status = AVAILABLE, .value = {.int32Values = [1]{0}, .floatValues = [0]{}, .int64Values = [0]{}, .bytes = [0]{}, .stringValue = ""}}
12-30 10:46:14.431   398   464 D DiagPropHandler: is not DiagnosticConfig: 0x21402043
12-30 10:46:14.431   398   464 I VehiclePropertyStore: begin to write value to Store: {.timestamp = 7710253197250, .areaId = 0, .prop = 557850691, .status = AVAILABLE, .value = {.int32Values = [1]{0}, .floatValues = [0]{}, .int64Values = [0]{}, .bytes = [0]{}, .stringValue = ""}}
12-30 10:46:14.431   398   464 D adayocomadapter-CommunicationManager: onUpstreamReceive mPropertyId 0x21402043
12-30 10:46:14.431   398   464 D adayocomadapter-CommunicationManager: onUpstreamReceive mPropertyId 0x21402037
12-30 10:46:14.431   398   464 D adayocomadapter-CommunicationManager: convertBytesToInt32Memcpy  0
12-30 10:46:14.431   398   464 I vw-vhal : notifyVehicleProperty, propId = 0x21402037, data = {status: 2, int32Values: [0]}
12-30 10:46:14.431   398   464 I vw-vhal : CanSignalsAdapter::notifyVehicleProperty: solvedValue = {.timestamp = 7710253385917, .areaId = 0, .prop = 557850679, .status = AVAILABLE, .value = {.int32Values = [1]{0}, .floatValues = [0]{}, .int64Values = [0]{}, .bytes = [0]{}, .stringValue = ""}}
12-30 10:46:14.431   398   464 I VehiclePropertyStore: begin to write value to Store: {.timestamp = 7710253385917, .areaId = 0, .prop = 557850679, .status = AVAILABLE, .value = {.int32Values = [1]{0}, .floatValues = [0]{}, .int64Values = [0]{}, .bytes = [0]{}, .stringValue = ""}}
12-30 10:46:14.431   398   464 I DefaultVehicleHal_v2_0: DefaultVehicleHal::onPropertyValue, value:{.timestamp = 7710253385917, .areaId = 0, .prop = 557850679, .status = AVAILABLE, .value = {.int32Values = [1]{0}, .floatValues = [0]{}, .int64Values = [0]{}, .bytes = [0]{}, .stringValue = ""}}
12-30 10:46:14.431   398   464 D DiagPropHandler: is not DiagnosticConfig: 0x21402037
12-30 10:46:14.431   398   464 I VehiclePropertyStore: begin to write value to Store: {.timestamp = 7710253385917, .areaId = 0, .prop = 557850679, .status = AVAILABLE, .value = {.int32Values = [1]{0}, .floatValues = [0]{}, .int64Values = [0]{}, .bytes = [0]{}, .stringValue = ""}}
12-30 10:46:14.431   398   464 D adayocomadapter-CommunicationManager: onUpstreamReceive mPropertyId 0x21402037
12-30 10:46:14.431   398   464 D adayocomadapter-CommunicationManager: onUpstreamReceive mPropertyId 0x214020ee
12-30 10:46:14.431   398   464 D adayocomadapter-CommunicationManager: convertBytesToInt32Memcpy  0
12-30 10:46:14.431   398   464 I vw-vhal : notifyVehicleProperty, propId = 0x214020ee, data = {status: 2, int32Values: [0]}
12-30 10:46:14.431   398   464 I vw-vhal : CanSignalsAdapter::notifyVehicleProperty: solvedValue = {.timestamp = 7710253583583, .areaId = 0, .prop = 557850862, .status = AVAILABLE, .value = {.int32Values = [1]{0}, .floatValues = [0]{}, .int64Values = [0]{}, .bytes = [0]{}, .stringValue = ""}}
12-30 10:46:14.431   398   464 I VehiclePropertyStore: begin to write value to Store: {.timestamp = 7710253583583, .areaId = 0, .prop = 557850862, .status = AVAILABLE, .value = {.int32Values = [1]{0}, .floatValues = [0]{}, .int64Values = [0]{}, .bytes = [0]{}, .stringValue = ""}}
12-30 10:46:14.431   398   464 I DefaultVehicleHal_v2_0: DefaultVehicleHal::onPropertyValue, value:{.timestamp = 7710253583583, .areaId = 0, .prop = 557850862, .status = AVAILABLE, .value = {.int32Values = [1]{0}, .floatValues = [0]{}, .int64Values = [0]{}, .bytes = [0]{}, .stringValue = ""}}
12-30 10:46:14.431   398   464 D DiagPropHandler: is not DiagnosticConfig: 0x214020ee
12-30 10:46:14.431   398   464 I VehiclePropertyStore: begin to write value to Store: {.timestamp = 7710253583583, .areaId = 0, .prop = 557850862, .status = AVAILABLE, .value = {.int32Values = [1]{0}, .floatValues = [0]{}, .int64Values = [0]{}, .bytes = [0]{}, .stringValue = ""}}
12-30 10:46:14.431   398   464 D adayocomadapter-CommunicationManager: onUpstreamReceive mPropertyId 0x214020ee
12-30 10:46:14.431   398   464 D adayocomadapter-CommunicationManager: onUpstreamReceive mPropertyId 0x21402133
12-30 10:46:14.431   398   464 D adayocomadapter-CommunicationManager: convertBytesToInt32Memcpy  0
12-30 10:46:14.431   398   464 I vw-vhal : notifyVehicleProperty, propId = 0x21402133, data = {status: 2, int32Values: [0]}
12-30 10:46:14.431   398   464 I vw-vhal : CanSignalsAdapter::notifyVehicleProperty: solvedValue = {.timestamp = 7710253785583, .areaId = 0, .prop = 557850931, .status = AVAILABLE, .value = {.int32Values = [1]{0}, .floatValues = [0]{}, .int64Values = [0]{}, .bytes = [0]{}, .stringValue = ""}}
12-30 10:46:14.431   398   464 I VehiclePropertyStore: begin to write value to Store: {.timestamp = 7710253785583, .areaId = 0, .prop = 557850931, .status = AVAILABLE, .value = {.int32Values = [1]{0}, .floatValues = [0]{}, .int64Values = [0]{}, .bytes = [0]{}, .stringValue = ""}}
12-30 10:46:14.432   398   464 I DefaultVehicleHal_v2_0: DefaultVehicleHal::onPropertyValue, value:{.timestamp = 7710253785583, .areaId = 0, .prop = 557850931, .status = AVAILABLE, .value = {.int32Values = [1]{0}, .floatValues = [0]{}, .int64Values = [0]{}, .bytes = [0]{}, .stringValue = ""}}
12-30 10:46:14.432   398   464 D DiagPropHandler: is not DiagnosticConfig: 0x21402133
12-30 10:46:14.432   398   464 I VehiclePropertyStore: begin to write value to Store: {.timestamp = 7710253785583, .areaId = 0, .prop = 557850931, .status = AVAILABLE, .value = {.int32Values = [1]{0}, .floatValues = [0]{}, .int64Values = [0]{}, .bytes = [0]{}, .stringValue = ""}}
12-30 10:46:14.432   398   464 D adayocomadapter-CommunicationManager: onUpstreamReceive mPropertyId 0x21402133
12-30 10:46:14.432   398   464 D adayocomadapter-CommunicationManager: onUpstreamReceive mPropertyId 0x2140210f
12-30 10:46:14.432   398   464 D adayocomadapter-CommunicationManager: convertBytesToInt32Memcpy  0
12-30 10:46:14.432   398   464 I vw-vhal : notifyVehicleProperty, propId = 0x2140210f, data = {status: 2, int32Values: [0]}
12-30 10:46:14.432   398   464 I vw-vhal : CanSignalsAdapter::notifyVehicleProperty: solvedValue = {.timestamp = 7710253986583, .areaId = 0, .prop = 557850895, .status = AVAILABLE, .value = {.int32Values = [1]{0}, .floatValues = [0]{}, .int64Values = [0]{}, .bytes = [0]{}, .stringValue = ""}}
12-30 10:46:14.432   398   464 I VehiclePropertyStore: begin to write value to Store: {.timestamp = 7710253986583, .areaId = 0, .prop = 557850895, .status = AVAILABLE, .value = {.int32Values = [1]{0}, .floatValues = [0]{}, .int64Values = [0]{}, .bytes = [0]{}, .stringValue = ""}}
12-30 10:46:14.432   398   464 I DefaultVehicleHal_v2_0: DefaultVehicleHal::onPropertyValue, value:{.timestamp = 7710253986583, .areaId = 0, .prop = 557850895, .status = AVAILABLE, .value = {.int32Values = [1]{0}, .floatValues = [0]{}, .int64Values = [0]{}, .bytes = [0]{}, .stringValue = ""}}
12-30 10:46:14.432   398   464 D DiagPropHandler: is not DiagnosticConfig: 0x2140210f
12-30 10:46:14.432   398   464 I VehiclePropertyStore: begin to write value to Store: {.timestamp = 7710253986583, .areaId = 0, .prop = 557850895, .status = AVAILABLE, .value = {.int32Values = [1]{0}, .floatValues = [0]{}, .int64Values = [0]{}, .bytes = [0]{}, .stringValue = ""}}
12-30 10:46:14.432   398   464 D adayocomadapter-CommunicationManager: onUpstreamReceive mPropertyId 0x2140210f
12-30 10:46:14.432   398   464 D adayocomadapter-CommunicationManager: onUpstreamReceive mPropertyId 0x214020f0
12-30 10:46:14.432   398   464 D adayocomadapter-CommunicationManager: convertBytesToInt32Memcpy  0
12-30 10:46:14.432   398   464 I vw-vhal : notifyVehicleProperty, propId = 0x214020f0, data = {status: 2, int32Values: [0]}
12-30 10:46:14.432   398   464 I vw-vhal : CanSignalsAdapter::notifyVehicleProperty: solvedValue = {.timestamp = 7710254201583, .areaId = 0, .prop = 557850864, .status = AVAILABLE, .value = {.int32Values = [1]{0}, .floatValues = [0]{}, .int64Values = [0]{}, .bytes = [0]{}, .stringValue = ""}}
12-30 10:46:14.432   398   464 I VehiclePropertyStore: begin to write value to Store: {.timestamp = 7710254201583, .areaId = 0, .prop = 557850864, .status = AVAILABLE, .value = {.int32Values = [1]{0}, .floatValues = [0]{}, .int64Values = [0]{}, .bytes = [0]{}, .stringValue = ""}}
12-30 10:46:14.432   398   464 I DefaultVehicleHal_v2_0: DefaultVehicleHal::onPropertyValue, value:{.timestamp = 7710254201583, .areaId = 0, .prop = 557850864, .status = AVAILABLE, .value = {.int32Values = [1]{0}, .floatValues = [0]{}, .int64Values = [0]{}, .bytes = [0]{}, .stringValue = ""}}
12-30 10:46:14.432   398   464 D DiagPropHandler: is not DiagnosticConfig: 0x214020f0
12-30 10:46:14.432   398   464 I VehiclePropertyStore: begin to write value to Store: {.timestamp = 7710254201583, .areaId = 0, .prop = 557850864, .status = AVAILABLE, .value = {.int32Values = [1]{0}, .floatValues = [0]{}, .int64Values = [0]{}, .bytes = [0]{}, .stringValue = ""}}
12-30 10:46:14.432   398   464 D adayocomadapter-CommunicationManager: onUpstreamReceive mPropertyId 0x214020f0
12-30 10:46:14.432   398   464 D adayocomadapter-CommunicationManager: onUpstreamReceive mPropertyId 0x214020c1
12-30 10:46:14.432   398   464 D adayocomadapter-CommunicationManager: convertBytesToInt32Memcpy  0
12-30 10:46:14.432   398   464 I vw-vhal : notifyVehicleProperty, propId = 0x214020c1, data = {status: 2, int32Values: [0]}
12-30 10:46:14.432   398   464 I vw-vhal : CanSignalsAdapter::notifyVehicleProperty: solvedValue = {.timestamp = 7710254402917, .areaId = 0, .prop = 557850817, .status = AVAILABLE, .value = {.int32Values = [1]{0}, .floatValues = [0]{}, .int64Values = [0]{}, .bytes = [0]{}, .stringValue = ""}}
12-30 10:46:14.432   398   464 I VehiclePropertyStore: begin to write value to Store: {.timestamp = 7710254402917, .areaId = 0, .prop = 557850817, .status = AVAILABLE, .value = {.int32Values = [1]{0}, .floatValues = [0]{}, .int64Values = [0]{}, .bytes = [0]{}, .stringValue = ""}}
12-30 10:46:14.432   398   464 I DefaultVehicleHal_v2_0: DefaultVehicleHal::onPropertyValue, value:{.timestamp = 7710254402917, .areaId = 0, .prop = 557850817, .status = AVAILABLE, .value = {.int32Values = [1]{0}, .floatValues = [0]{}, .int64Values = [0]{}, .bytes = [0]{}, .stringValue = ""}}
12-30 10:46:14.432   398   464 D DiagPropHandler: is not DiagnosticConfig: 0x214020c1
12-30 10:46:14.432   398   464 I VehiclePropertyStore: begin to write value to Store: {.timestamp = 7710254402917, .areaId = 0, .prop = 557850817, .status = AVAILABLE, .value = {.int32Values = [1]{0}, .floatValues = [0]{}, .int64Values = [0]{}, .bytes = [0]{}, .stringValue = ""}}
12-30 10:46:14.432   398   464 D adayocomadapter-CommunicationManager: onUpstreamReceive mPropertyId 0x214020c1
12-30 10:46:14.432   398   464 D adayocomadapter-CommunicationManager: onUpstreamReceive mPropertyId 0x2140211f
12-30 10:46:14.432   398   464 D adayocomadapter-CommunicationManager: convertBytesToInt32Memcpy  0
12-30 10:46:14.432   398   464 I vw-vhal : notifyVehicleProperty, propId = 0x2140211f, data = {status: 2, int32Values: [0]}
12-30 10:46:14.432   398   464 I vw-vhal : CanSignalsAdapter::notifyVehicleProperty: solvedValue = {.timestamp = 7710254601917, .areaId = 0, .prop = 557850911, .status = AVAILABLE, .value = {.int32Values = [1]{0}, .floatValues = [0]{}, .int64Values = [0]{}, .bytes = [0]{}, .stringValue = ""}}
12-30 10:46:14.432   398   464 I VehiclePropertyStore: begin to write value to Store: {.timestamp = 7710254601917, .areaId = 0, .prop = 557850911, .status = AVAILABLE, .value = {.int32Values = [1]{0}, .floatValues = [0]{}, .int64Values = [0]{}, .bytes = [0]{}, .stringValue = ""}}
12-30 10:46:14.432   398   464 I DefaultVehicleHal_v2_0: DefaultVehicleHal::onPropertyValue, value:{.timestamp = 7710254601917, .areaId = 0, .prop = 557850911, .status = AVAILABLE, .value = {.int32Values = [1]{0}, .floatValues = [0]{}, .int64Values = [0]{}, .bytes = [0]{}, .stringValue = ""}}
12-30 10:46:14.432   398   464 D DiagPropHandler: is not DiagnosticConfig: 0x2140211f
12-30 10:46:14.432   398   464 I VehiclePropertyStore: begin to write value to Store: {.timestamp = 7710254601917, .areaId = 0, .prop = 557850911, .status = AVAILABLE, .value = {.int32Values = [1]{0}, .floatValues = [0]{}, .int64Values = [0]{}, .bytes = [0]{}, .stringValue = ""}}
12-30 10:46:14.432   398   464 D adayocomadapter-CommunicationManager: onUpstreamReceive mPropertyId 0x2140211f
12-30 10:46:14.432   398   464 D adayocomadapter-CommunicationManager: onUpstreamReceive mPropertyId 0x21402094
12-30 10:46:14.432   398   464 D adayocomadapter-CommunicationManager: convertBytesToInt32Memcpy  0
12-30 10:46:14.432   398   464 I vw-vhal : notifyVehicleProperty, propId = 0x21402094, data = {status: 2, int32Values: [0]}
12-30 10:46:14.432   398   464 I vw-vhal : CanSignalsAdapter::notifyVehicleProperty: solvedValue = {.timestamp = 7710254802917, .areaId = 0, .prop = 557850772, .status = AVAILABLE, .value = {.int32Values = [1]{0}, .floatValues = [0]{}, .int64Values = [0]{}, .bytes = [0]{}, .stringValue = ""}}
12-30 10:46:14.432   398   464 I VehiclePropertyStore: begin to write value to Store: {.timestamp = 7710254802917, .areaId = 0, .prop = 557850772, .status = AVAILABLE, .value = {.int32Values = [1]{0}, .floatValues = [0]{}, .int64Values = [0]{}, .bytes = [0]{}, .stringValue = ""}}
12-30 10:46:14.433   398   464 I DefaultVehicleHal_v2_0: DefaultVehicleHal::onPropertyValue, value:{.timestamp = 7710254802917, .areaId = 0, .prop = 557850772, .status = AVAILABLE, .value = {.int32Values = [1]{0}, .floatValues = [0]{}, .int64Values = [0]{}, .bytes = [0]{}, .stringValue = ""}}
12-30 10:46:14.433   398   464 D DiagPropHandler: is not DiagnosticConfig: 0x21402094
12-30 10:46:14.433   398   464 I VehiclePropertyStore: begin to write value to Store: {.timestamp = 7710254802917, .areaId = 0, .prop = 557850772, .status = AVAILABLE, .value = {.int32Values = [1]{0}, .floatValues = [0]{}, .int64Values = [0]{}, .bytes = [0]{}, .stringValue = ""}}
12-30 10:46:14.433   398   464 D adayocomadapter-CommunicationManager: onUpstreamReceive mPropertyId 0x21402094
12-30 10:46:14.433   398   464 D adayocomadapter-CommunicationManager: onUpstreamReceive mPropertyId 0x21402036
12-30 10:46:14.433   398   464 D adayocomadapter-CommunicationManager: convertBytesToInt32Memcpy  0
12-30 10:46:14.433   398   464 I vw-vhal : notifyVehicleProperty, propId = 0x21402036, data = {status: 2, int32Values: [0]}
12-30 10:46:14.433   398   464 I vw-vhal : CanSignalsAdapter::notifyVehicleProperty: solvedValue = {.timestamp = 7710255003250, .areaId = 0, .prop = 557850678, .status = AVAILABLE, .value = {.int32Values = [1]{0}, .floatValues = [0]{}, .int64Values = [0]{}, .bytes = [0]{}, .stringValue = ""}}
12-30 10:46:14.433   398   464 I VehiclePropertyStore: begin to write value to Store: {.timestamp = 7710255003250, .areaId = 0, .prop = 557850678, .status = AVAILABLE, .value = {.int32Values = [1]{0}, .floatValues = [0]{}, .int64Values = [0]{}, .bytes = [0]{}, .stringValue = ""}}
12-30 10:46:14.433   398   464 I DefaultVehicleHal_v2_0: DefaultVehicleHal::onPropertyValue, value:{.timestamp = 7710255003250, .areaId = 0, .prop = 557850678, .status = AVAILABLE, .value = {.int32Values = [1]{0}, .floatValues = [0]{}, .int64Values = [0]{}, .bytes = [0]{}, .stringValue = ""}}
12-30 10:46:14.433   398   464 D DiagPropHandler: is not DiagnosticConfig: 0x21402036
12-30 10:46:14.433   398   464 I VehiclePropertyStore: begin to write value to Store: {.timestamp = 7710255003250, .areaId = 0, .prop = 557850678, .status = AVAILABLE, .value = {.int32Values = [1]{0}, .floatValues = [0]{}, .int64Values = [0]{}, .bytes = [0]{}, .stringValue = ""}}
12-30 10:46:14.433   398   464 D adayocomadapter-CommunicationManager: onUpstreamReceive mPropertyId 0x21402036
12-30 10:46:14.433   398   464 D adayocomadapter-CommunicationManager: onUpstreamReceive mPropertyId 0x214020c3
12-30 10:46:14.433   398   464 D adayocomadapter-CommunicationManager: convertBytesToInt32Memcpy  0
12-30 10:46:14.433   398   464 I vw-vhal : notifyVehicleProperty, propId = 0x214020c3, data = {status: 2, int32Values: [0]}
12-30 10:46:14.433   398   464 I vw-vhal : CanSignalsAdapter::notifyVehicleProperty: solvedValue = {.timestamp = 7710255203583, .areaId = 0, .prop = 557850819, .status = AVAILABLE, .value = {.int32Values = [1]{0}, .floatValues = [0]{}, .int64Values = [0]{}, .bytes = [0]{}, .stringValue = ""}}
