12-30 10:46:21.474   398   464 I VehiclePropertyStore: begin to write value to Store: {.timestamp = 7717295994251, .areaId = 0, .prop = 557850898, .status = AVAILABLE, .value = {.int32Values = [1]{0}, .floatValues = [0]{}, .int64Values = [0]{}, .bytes = [0]{}, .stringValue = ""}}
12-30 10:46:21.474   398   464 I DefaultVehicleHal_v2_0: DefaultVehicleHal::onPropertyValue, value:{.timestamp = 7717295994251, .areaId = 0, .prop = 557850898, .status = AVAILABLE, .value = {.int32Values = [1]{0}, .floatValues = [0]{}, .int64Values = [0]{}, .bytes = [0]{}, .stringValue = ""}}
12-30 10:46:21.474   398   464 D DiagPropHandler: is not DiagnosticConfig: 0x21402112
12-30 10:46:21.474   398   464 I VehiclePropertyStore: begin to write value to Store: {.timestamp = 7717295994251, .areaId = 0, .prop = 557850898, .status = AVAILABLE, .value = {.int32Values = [1]{0}, .floatValues = [0]{}, .int64Values = [0]{}, .bytes = [0]{}, .stringValue = ""}}
12-30 10:46:21.474   398   464 D adayocomadapter-CommunicationManager: onUpstreamReceive mPropertyId 0x21402112
12-30 10:46:21.474   398   464 D adayocomadapter-CommunicationManager: onUpstreamReceive mPropertyId 0x2140219f
12-30 10:46:21.474   398   464 D adayocomadapter-CommunicationManager: convertBytesToInt32Memcpy  0
12-30 10:46:21.474   398   464 I vw-vhal : notifyVehicleProperty, propId = 0x2140219f, data = {status: 2, int32Values: [0]}
12-30 10:46:21.474   398   464 I vw-vhal : CanSignalsAdapter::notifyVehicleProperty: solvedValue = {.timestamp = 7717296205584, .areaId = 0, .prop = 557851039, .status = AVAILABLE, .value = {.int32Values = [1]{0}, .floatValues = [0]{}, .int64Values = [0]{}, .bytes = [0]{}, .stringValue = ""}}
12-30 10:46:21.474   398   464 I VehiclePropertyStore: begin to write value to Store: {.timestamp = 7717296205584, .areaId = 0, .prop = 557851039, .status = AVAILABLE, .value = {.int32Values = [1]{0}, .floatValues = [0]{}, .int64Values = [0]{}, .bytes = [0]{}, .stringValue = ""}}
12-30 10:46:21.474   398   464 I DefaultVehicleHal_v2_0: DefaultVehicleHal::onPropertyValue, value:{.timestamp = 7717296205584, .areaId = 0, .prop = 557851039, .status = AVAILABLE, .value = {.int32Values = [1]{0}, .floatValues = [0]{}, .int64Values = [0]{}, .bytes = [0]{}, .stringValue = ""}}
12-30 10:46:21.474   398   464 D DiagPropHandler: is not DiagnosticConfig: 0x2140219f
12-30 10:46:21.474   398   464 I VehiclePropertyStore: begin to write value to Store: {.timestamp = 7717296205584, .areaId = 0, .prop = 557851039, .status = AVAILABLE, .value = {.int32Values = [1]{0}, .floatValues = [0]{}, .int64Values = [0]{}, .bytes = [0]{}, .stringValue = ""}}
12-30 10:46:21.474   398   464 D adayocomadapter-CommunicationManager: onUpstreamReceive mPropertyId 0x2140219f
12-30 10:46:21.474   398   464 D adayocomadapter-CommunicationManager: onUpstreamReceive mPropertyId 0x21402139
12-30 10:46:21.474   398   464 D adayocomadapter-CommunicationManager: convertBytesToInt32Memcpy  0
12-30 10:46:21.474   398   464 I vw-vhal : notifyVehicleProperty, propId = 0x21402139, data = {status: 2, int32Values: [0]}
12-30 10:46:21.474   398   464 I vw-vhal : CanSignalsAdapter::notifyVehicleProperty: solvedValue = {.timestamp = 7717296405251, .areaId = 0, .prop = 557850937, .status = AVAILABLE, .value = {.int32Values = [1]{0}, .floatValues = [0]{}, .int64Values = [0]{}, .bytes = [0]{}, .stringValue = ""}}
12-30 10:46:21.474   398   464 I VehiclePropertyStore: begin to write value to Store: {.timestamp = 7717296405251, .areaId = 0, .prop = 557850937, .status = AVAILABLE, .value = {.int32Values = [1]{0}, .floatValues = [0]{}, .int64Values = [0]{}, .bytes = [0]{}, .stringValue = ""}}
12-30 10:46:21.474   398   464 I DefaultVehicleHal_v2_0: DefaultVehicleHal::onPropertyValue, value:{.timestamp = 7717296405251, .areaId = 0, .prop = 557850937, .status = AVAILABLE, .value = {.int32Values = [1]{0}, .floatValues = [0]{}, .int64Values = [0]{}, .bytes = [0]{}, .stringValue = ""}}
12-30 10:46:21.474   398   464 D DiagPropHandler: is not DiagnosticConfig: 0x21402139
12-30 10:46:21.474   398   464 I VehiclePropertyStore: begin to write value to Store: {.timestamp = 7717296405251, .areaId = 0, .prop = 557850937, .status = AVAILABLE, .value = {.int32Values = [1]{0}, .floatValues = [0]{}, .int64Values = [0]{}, .bytes = [0]{}, .stringValue = ""}}
12-30 10:46:21.474   398   464 D adayocomadapter-CommunicationManager: onUpstreamReceive mPropertyId 0x21402139
12-30 10:46:21.474   398   464 D adayocomadapter-CommunicationManager: onUpstreamReceive mPropertyId 0x21402025
12-30 10:46:21.474   398   464 D adayocomadapter-CommunicationManager: convertBytesToInt32Memcpy  0
12-30 10:46:21.474   398   464 I vw-vhal : notifyVehicleProperty, propId = 0x21402025, data = {status: 2, int32Values: [0]}
12-30 10:46:21.474   398   464 I vw-vhal : CanSignalsAdapter::notifyVehicleProperty: solvedValue = {.timestamp = 7717296589251, .areaId = 0, .prop = 557850661, .status = AVAILABLE, .value = {.int32Values = [1]{0}, .floatValues = [0]{}, .int64Values = [0]{}, .bytes = [0]{}, .stringValue = ""}}
12-30 10:46:21.474   398   464 I VehiclePropertyStore: begin to write value to Store: {.timestamp = 7717296589251, .areaId = 0, .prop = 557850661, .status = AVAILABLE, .value = {.int32Values = [1]{0}, .floatValues = [0]{}, .int64Values = [0]{}, .bytes = [0]{}, .stringValue = ""}}
12-30 10:46:21.474   398   464 I DefaultVehicleHal_v2_0: DefaultVehicleHal::onPropertyValue, value:{.timestamp = 7717296589251, .areaId = 0, .prop = 557850661, .status = AVAILABLE, .value = {.int32Values = [1]{0}, .floatValues = [0]{}, .int64Values = [0]{}, .bytes = [0]{}, .stringValue = ""}}
12-30 10:46:21.474   398   464 D DiagPropHandler: is not DiagnosticConfig: 0x21402025
12-30 10:46:21.474   360   458 D EvsDriver: doneWithFrame
12-30 10:46:21.474   398   464 I VehiclePropertyStore: begin to write value to Store: {.timestamp = 7717296589251, .areaId = 0, .prop = 557850661, .status = AVAILABLE, .value = {.int32Values = [1]{0}, .floatValues = [0]{}, .int64Values = [0]{}, .bytes = [0]{}, .stringValue = ""}}
12-30 10:46:21.474   398   464 D adayocomadapter-CommunicationManager: onUpstreamReceive mPropertyId 0x21402025
12-30 10:46:21.474   398   464 D adayocomadapter-CommunicationManager: onUpstreamReceive mPropertyId 0x21402033
12-30 10:46:21.474   398   464 D adayocomadapter-CommunicationManager: convertBytesToInt32Memcpy  0
12-30 10:46:21.474   398   464 I vw-vhal : notifyVehicleProperty, propId = 0x21402033, data = {status: 2, int32Values: [0]}
12-30 10:46:21.474   398   464 I vw-vhal : CanSignalsAdapter::notifyVehicleProperty: solvedValue = {.timestamp = 7717296784584, .areaId = 0, .prop = 557850675, .status = AVAILABLE, .value = {.int32Values = [1]{0}, .floatValues = [0]{}, .int64Values = [0]{}, .bytes = [0]{}, .stringValue = ""}}
12-30 10:46:21.474   398   464 I VehiclePropertyStore: begin to write value to Store: {.timestamp = 7717296784584, .areaId = 0, .prop = 557850675, .status = AVAILABLE, .value = {.int32Values = [1]{0}, .floatValues = [0]{}, .int64Values = [0]{}, .bytes = [0]{}, .stringValue = ""}}
12-30 10:46:21.475   398   464 I DefaultVehicleHal_v2_0: DefaultVehicleHal::onPropertyValue, value:{.timestamp = 7717296784584, .areaId = 0, .prop = 557850675, .status = AVAILABLE, .value = {.int32Values = [1]{0}, .floatValues = [0]{}, .int64Values = [0]{}, .bytes = [0]{}, .stringValue = ""}}
12-30 10:46:21.475   398   464 D DiagPropHandler: is not DiagnosticConfig: 0x21402033
12-30 10:46:21.475   398   464 I VehiclePropertyStore: begin to write value to Store: {.timestamp = 7717296784584, .areaId = 0, .prop = 557850675, .status = AVAILABLE, .value = {.int32Values = [1]{0}, .floatValues = [0]{}, .int64Values = [0]{}, .bytes = [0]{}, .stringValue = ""}}
12-30 10:46:21.475   398   464 D adayocomadapter-CommunicationManager: onUpstreamReceive mPropertyId 0x21402033
12-30 10:46:21.475   398   464 D adayocomadapter-CommunicationManager: onUpstreamReceive mPropertyId 0x21402034
12-30 10:46:21.475   398   464 D adayocomadapter-CommunicationManager: convertBytesToInt32Memcpy  0
12-30 10:46:21.475   398   464 I vw-vhal : notifyVehicleProperty, propId = 0x21402034, data = {status: 2, int32Values: [0]}
12-30 10:46:21.475   398   464 I vw-vhal : CanSignalsAdapter::notifyVehicleProperty: solvedValue = {.timestamp = 7717297008584, .areaId = 0, .prop = 557850676, .status = AVAILABLE, .value = {.int32Values = [1]{0}, .floatValues = [0]{}, .int64Values = [0]{}, .bytes = [0]{}, .stringValue = ""}}
12-30 10:46:21.475   398   464 I VehiclePropertyStore: begin to write value to Store: {.timestamp = 7717297008584, .areaId = 0, .prop = 557850676, .status = AVAILABLE, .value = {.int32Values = [1]{0}, .floatValues = [0]{}, .int64Values = [0]{}, .bytes = [0]{}, .stringValue = ""}}
12-30 10:46:21.475   398   464 I DefaultVehicleHal_v2_0: DefaultVehicleHal::onPropertyValue, value:{.timestamp = 7717297008584, .areaId = 0, .prop = 557850676, .status = AVAILABLE, .value = {.int32Values = [1]{0}, .floatValues = [0]{}, .int64Values = [0]{}, .bytes = [0]{}, .stringValue = ""}}
12-30 10:46:21.475   398   464 D DiagPropHandler: is not DiagnosticConfig: 0x21402034
12-30 10:46:21.475   398   464 I VehiclePropertyStore: begin to write value to Store: {.timestamp = 7717297008584, .areaId = 0, .prop = 557850676, .status = AVAILABLE, .value = {.int32Values = [1]{0}, .floatValues = [0]{}, .int64Values = [0]{}, .bytes = [0]{}, .stringValue = ""}}
12-30 10:46:21.475   398   464 D adayocomadapter-CommunicationManager: onUpstreamReceive mPropertyId 0x21402034
12-30 10:46:21.475   398   464 D adayocomadapter-CommunicationManager: onUpstreamReceive mPropertyId 0x2140218c
12-30 10:46:21.475   398   464 D adayocomadapter-CommunicationManager: convertBytesToInt32Memcpy  0
12-30 10:46:21.475   398   464 I vw-vhal : notifyVehicleProperty, propId = 0x2140218c, data = {status: 2, int32Values: [0]}
12-30 10:46:21.475   398   464 I vw-vhal : CanSignalsAdapter::notifyVehicleProperty: solvedValue = {.timestamp = 7717297210251, .areaId = 0, .prop = 557851020, .status = AVAILABLE, .value = {.int32Values = [1]{0}, .floatValues = [0]{}, .int64Values = [0]{}, .bytes = [0]{}, .stringValue = ""}}
12-30 10:46:21.475   398   464 I VehiclePropertyStore: begin to write value to Store: {.timestamp = 7717297210251, .areaId = 0, .prop = 557851020, .status = AVAILABLE, .value = {.int32Values = [1]{0}, .floatValues = [0]{}, .int64Values = [0]{}, .bytes = [0]{}, .stringValue = ""}}
12-30 10:46:21.475   398   464 I DefaultVehicleHal_v2_0: DefaultVehicleHal::onPropertyValue, value:{.timestamp = 7717297210251, .areaId = 0, .prop = 557851020, .status = AVAILABLE, .value = {.int32Values = [1]{0}, .floatValues = [0]{}, .int64Values = [0]{}, .bytes = [0]{}, .stringValue = ""}}
12-30 10:46:21.475   398   464 D DiagPropHandler: is not DiagnosticConfig: 0x2140218c
12-30 10:46:21.475   398   464 I VehiclePropertyStore: begin to write value to Store: {.timestamp = 7717297210251, .areaId = 0, .prop = 557851020, .status = AVAILABLE, .value = {.int32Values = [1]{0}, .floatValues = [0]{}, .int64Values = [0]{}, .bytes = [0]{}, .stringValue = ""}}
12-30 10:46:21.475   398   464 D adayocomadapter-CommunicationManager: onUpstreamReceive mPropertyId 0x2140218c
12-30 10:46:21.475   398   464 D adayocomadapter-CommunicationManager: onUpstreamReceive mPropertyId 0x2140219b
12-30 10:46:21.475   398   464 D adayocomadapter-CommunicationManager: convertBytesToInt32Memcpy  0
12-30 10:46:21.475   398   464 I vw-vhal : notifyVehicleProperty, propId = 0x2140219b, data = {status: 2, int32Values: [0]}
12-30 10:46:21.475   398   464 I vw-vhal : CanSignalsAdapter::notifyVehicleProperty: solvedValue = {.timestamp = 7717297409918, .areaId = 0, .prop = 557851035, .status = AVAILABLE, .value = {.int32Values = [1]{0}, .floatValues = [0]{}, .int64Values = [0]{}, .bytes = [0]{}, .stringValue = ""}}
12-30 10:46:21.475   398   464 I VehiclePropertyStore: begin to write value to Store: {.timestamp = 7717297409918, .areaId = 0, .prop = 557851035, .status = AVAILABLE, .value = {.int32Values = [1]{0}, .floatValues = [0]{}, .int64Values = [0]{}, .bytes = [0]{}, .stringValue = ""}}
12-30 10:46:21.475   398   464 I DefaultVehicleHal_v2_0: DefaultVehicleHal::onPropertyValue, value:{.timestamp = 7717297409918, .areaId = 0, .prop = 557851035, .status = AVAILABLE, .value = {.int32Values = [1]{0}, .floatValues = [0]{}, .int64Values = [0]{}, .bytes = [0]{}, .stringValue = ""}}
12-30 10:46:21.475   398   464 D DiagPropHandler: is not DiagnosticConfig: 0x2140219b
12-30 10:46:21.475   398   464 I VehiclePropertyStore: begin to write value to Store: {.timestamp = 7717297409918, .areaId = 0, .prop = 557851035, .status = AVAILABLE, .value = {.int32Values = [1]{0}, .floatValues = [0]{}, .int64Values = [0]{}, .bytes = [0]{}, .stringValue = ""}}
12-30 10:46:21.475   398   464 D adayocomadapter-CommunicationManager: onUpstreamReceive mPropertyId 0x2140219b
12-30 10:46:21.475   398   464 D adayocomadapter-CommunicationManager: onUpstreamReceive mPropertyId 0x214021a0
12-30 10:46:21.475   398   464 D adayocomadapter-CommunicationManager: convertBytesToInt32Memcpy  0
12-30 10:46:21.475   398   464 I vw-vhal : notifyVehicleProperty, propId = 0x214021a0, data = {status: 2, int32Values: [0]}
12-30 10:46:21.475   398   464 I vw-vhal : CanSignalsAdapter::notifyVehicleProperty: solvedValue = {.timestamp = 7717297783251, .areaId = 0, .prop = 557851040, .status = AVAILABLE, .value = {.int32Values = [1]{0}, .floatValues = [0]{}, .int64Values = [0]{}, .bytes = [0]{}, .stringValue = ""}}
12-30 10:46:21.475   398   464 I VehiclePropertyStore: begin to write value to Store: {.timestamp = 7717297783251, .areaId = 0, .prop = 557851040, .status = AVAILABLE, .value = {.int32Values = [1]{0}, .floatValues = [0]{}, .int64Values = [0]{}, .bytes = [0]{}, .stringValue = ""}}
12-30 10:46:21.476   398   464 I DefaultVehicleHal_v2_0: DefaultVehicleHal::onPropertyValue, value:{.timestamp = 7717297783251, .areaId = 0, .prop = 557851040, .status = AVAILABLE, .value = {.int32Values = [1]{0}, .floatValues = [0]{}, .int64Values = [0]{}, .bytes = [0]{}, .stringValue = ""}}
12-30 10:46:21.476   398   464 D DiagPropHandler: is not DiagnosticConfig: 0x214021a0
12-30 10:46:21.476   398   464 I VehiclePropertyStore: begin to write value to Store: {.timestamp = 7717297783251, .areaId = 0, .prop = 557851040, .status = AVAILABLE, .value = {.int32Values = [1]{0}, .floatValues = [0]{}, .int64Values = [0]{}, .bytes = [0]{}, .stringValue = ""}}
12-30 10:46:21.476   398   464 D adayocomadapter-CommunicationManager: onUpstreamReceive mPropertyId 0x214021a0
12-30 10:46:21.476   398   464 D adayocomadapter-CommunicationManager: onUpstreamReceive mPropertyId 0x214021a3
12-30 10:46:21.476   398   464 D adayocomadapter-CommunicationManager: convertBytesToInt32Memcpy  0
12-30 10:46:21.476   398   464 I vw-vhal : notifyVehicleProperty, propId = 0x214021a3, data = {status: 2, int32Values: [0]}
12-30 10:46:21.476   398   464 I vw-vhal : CanSignalsAdapter::notifyVehicleProperty: solvedValue = {.timestamp = 7717298057584, .areaId = 0, .prop = 557851043, .status = AVAILABLE, .value = {.int32Values = [1]{0}, .floatValues = [0]{}, .int64Values = [0]{}, .bytes = [0]{}, .stringValue = ""}}
12-30 10:46:21.476   398   464 I VehiclePropertyStore: begin to write value to Store: {.timestamp = 7717298057584, .areaId = 0, .prop = 557851043, .status = AVAILABLE, .value = {.int32Values = [1]{0}, .floatValues = [0]{}, .int64Values = [0]{}, .bytes = [0]{}, .stringValue = ""}}
12-30 10:46:21.476   398   464 I DefaultVehicleHal_v2_0: DefaultVehicleHal::onPropertyValue, value:{.timestamp = 7717298057584, .areaId = 0, .prop = 557851043, .status = AVAILABLE, .value = {.int32Values = [1]{0}, .floatValues = [0]{}, .int64Values = [0]{}, .bytes = [0]{}, .stringValue = ""}}
12-30 10:46:21.476   398   464 D DiagPropHandler: is not DiagnosticConfig: 0x214021a3
12-30 10:46:21.476   398   464 I VehiclePropertyStore: begin to write value to Store: {.timestamp = 7717298057584, .areaId = 0, .prop = 557851043, .status = AVAILABLE, .value = {.int32Values = [1]{0}, .floatValues = [0]{}, .int64Values = [0]{}, .bytes = [0]{}, .stringValue = ""}}
12-30 10:46:21.476   398   464 D adayocomadapter-CommunicationManager: onUpstreamReceive mPropertyId 0x214021a3
12-30 10:46:21.476   398   464 D adayocomadapter-CommunicationManager: onUpstreamReceive mPropertyId 0x214021a4
12-30 10:46:21.476   398   464 D adayocomadapter-CommunicationManager: convertBytesToInt32Memcpy  0
12-30 10:46:21.476   398   464 I vw-vhal : notifyVehicleProperty, propId = 0x214021a4, data = {status: 2, int32Values: [0]}
12-30 10:46:21.476   398   464 I vw-vhal : CanSignalsAdapter::notifyVehicleProperty: solvedValue = {.timestamp = 7717298242251, .areaId = 0, .prop = 557851044, .status = AVAILABLE, .value = {.int32Values = [1]{0}, .floatValues = [0]{}, .int64Values = [0]{}, .bytes = [0]{}, .stringValue = ""}}
12-30 10:46:21.476   398   464 I VehiclePropertyStore: begin to write value to Store: {.timestamp = 7717298242251, .areaId = 0, .prop = 557851044, .status = AVAILABLE, .value = {.int32Values = [1]{0}, .floatValues = [0]{}, .int64Values = [0]{}, .bytes = [0]{}, .stringValue = ""}}
12-30 10:46:21.476   398   464 I DefaultVehicleHal_v2_0: DefaultVehicleHal::onPropertyValue, value:{.timestamp = 7717298242251, .areaId = 0, .prop = 557851044, .status = AVAILABLE, .value = {.int32Values = [1]{0}, .floatValues = [0]{}, .int64Values = [0]{}, .bytes = [0]{}, .stringValue = ""}}
12-30 10:46:21.476   398   464 D DiagPropHandler: is not DiagnosticConfig: 0x214021a4
12-30 10:46:21.476   398   464 I VehiclePropertyStore: begin to write value to Store: {.timestamp = 7717298242251, .areaId = 0, .prop = 557851044, .status = AVAILABLE, .value = {.int32Values = [1]{0}, .floatValues = [0]{}, .int64Values = [0]{}, .bytes = [0]{}, .stringValue = ""}}
12-30 10:46:21.476   398   464 D adayocomadapter-CommunicationManager: onUpstreamReceive mPropertyId 0x214021a4
12-30 10:46:21.476   398   464 D adayocomadapter-CommunicationManager: onUpstreamReceive mPropertyId 0x214021cb
12-30 10:46:21.476   398   464 D adayocomadapter-CommunicationManager: convertBytesToInt32Memcpy  0
12-30 10:46:21.476   398   464 I vw-vhal : notifyVehicleProperty, propId = 0x214021cb, data = {status: 2, int32Values: [0]}
12-30 10:46:21.476   398   464 I vw-vhal : CanSignalsAdapter::notifyVehicleProperty: solvedValue = {.timestamp = 7717298459251, .areaId = 0, .prop = 557851083, .status = AVAILABLE, .value = {.int32Values = [1]{0}, .floatValues = [0]{}, .int64Values = [0]{}, .bytes = [0]{}, .stringValue = ""}}
12-30 10:46:21.476   398   464 I VehiclePropertyStore: begin to write value to Store: {.timestamp = 7717298459251, .areaId = 0, .prop = 557851083, .status = AVAILABLE, .value = {.int32Values = [1]{0}, .floatValues = [0]{}, .int64Values = [0]{}, .bytes = [0]{}, .stringValue = ""}}
12-30 10:46:21.476   398   464 I DefaultVehicleHal_v2_0: DefaultVehicleHal::onPropertyValue, value:{.timestamp = 7717298459251, .areaId = 0, .prop = 557851083, .status = AVAILABLE, .value = {.int32Values = [1]{0}, .floatValues = [0]{}, .int64Values = [0]{}, .bytes = [0]{}, .stringValue = ""}}
12-30 10:46:21.476   398   464 D DiagPropHandler: is not DiagnosticConfig: 0x214021cb
12-30 10:46:21.476   398   464 I VehiclePropertyStore: begin to write value to Store: {.timestamp = 7717298459251, .areaId = 0, .prop = 557851083, .status = AVAILABLE, .value = {.int32Values = [1]{0}, .floatValues = [0]{}, .int64Values = [0]{}, .bytes = [0]{}, .stringValue = ""}}
12-30 10:46:21.476   398   464 D adayocomadapter-CommunicationManager: onUpstreamReceive mPropertyId 0x214021cb
12-30 10:46:21.485  2358  2623 D RcfController: Rcf proxy is not connected!
12-30 10:46:21.497   360   931 D EvsDriver: forwardFrame
12-30 10:46:21.497   360   931 D EvsDriver: forwardFrameDirect
12-30 10:46:21.497   360   931 D EvsDriver: Delivered 0xb400e2ca9e40d090 as id 1
12-30 10:46:21.497   359  2784 D evsmanagerd: /dev/video-evs0 forwarded the buffer #1 to 0xb400f125d2b26dd0 from 0xb400f125e2b20710
12-30 10:46:21.503   596  3076 E WifiHAL : Invalid data received from driver
12-30 10:46:21.504   360   458 D EvsDriver: doneWithFrame
12-30 10:46:21.530   360   931 D EvsDriver: forwardFrame
12-30 10:46:21.530   360   931 D EvsDriver: forwardFrameDirect
12-30 10:46:21.531   360   931 D EvsDriver: Delivered 0xb400e2ca9e40e110 as id 0
12-30 10:46:21.531   359  2784 D evsmanagerd: /dev/video-evs0 forwarded the buffer #0 to 0xb400f125d2b26dd0 from 0xb400f125e2b20710
12-30 10:46:21.535   360   458 D EvsDriver: doneWithFrame
12-30 10:46:21.535  2358  2623 D RcfController: Rcf proxy is not connected!
12-30 10:46:21.548  1667  2513 W ContextImpl: Calling a method in the system process without a qualified user: android.app.ContextImpl.bindService:1988 android.content.ContextWrapper.bindService:861 com.ford.sync.fnvservice.analytics.AnalyticsManager$RetryHandler.a:126 com.ford.sync.fnvservice.analytics.AnalyticsManager$RetryHandler.handleMessage:103 android.os.Handler.dispatchMessage:106 
12-30 10:46:21.549   916  2591 W ActivityManager: Unable to start service Intent { cmp=com.ford.sync.fnvservice/.analytics.AnalyticsService } U=0: not found
12-30 10:46:21.549  1667  2513 W AnalyticsManager:  bind ford Analytics failed -> sendRetryMessage 
12-30 10:46:21.564   360   931 D EvsDriver: forwardFrame
12-30 10:46:21.564   360   931 D EvsDriver: forwardFrameDirect
12-30 10:46:21.564   360   931 D EvsDriver: Delivered 0xb400e2ca9e40c7a0 as id 1
12-30 10:46:21.564   359  2784 D evsmanagerd: /dev/video-evs0 forwarded the buffer #1 to 0xb400f125d2b26dd0 from 0xb400f125e2b20710
12-30 10:46:21.565   360   458 D EvsDriver: doneWithFrame
12-30 10:46:21.579   596  3076 E WifiHAL : Invalid data received from driver
12-30 10:46:21.586  2358  2623 D RcfController: Rcf proxy is not connected!
12-30 10:46:21.588   798 31665 W adbd    : timed out while waiting for FUNCTIONFS_BIND, trying again
12-30 10:46:21.588   798 31665 I adbd    : UsbFfs: connection terminated: monitor thread finished
12-30 10:46:21.589   798   798 I adbd    : UsbFfs: already offline
12-30 10:46:21.589   798   798 I adbd    : destroying transport UsbFfs
12-30 10:46:21.589   798   798 I adbd    : UsbFfsConnection being destroyed
12-30 10:46:21.597   360   931 D EvsDriver: forwardFrame
12-30 10:46:21.597   360   931 D EvsDriver: forwardFrameDirect
12-30 10:46:21.598   360   931 D EvsDriver: Delivered 0xb400e2ca9e40e270 as id 0
12-30 10:46:21.598   359  2784 D evsmanagerd: /dev/video-evs0 forwarded the buffer #0 to 0xb400f125d2b26dd0 from 0xb400f125e2b20710
12-30 10:46:21.606   360   458 D EvsDriver: doneWithFrame
12-30 10:46:21.630   798   838 I adbd    : opening control endpoint /dev/usb-ffs/adb/ep0
12-30 10:46:21.630   360   931 D EvsDriver: forwardFrame
12-30 10:46:21.631   360   931 D EvsDriver: forwardFrameDirect
12-30 10:46:21.631   360   931 D EvsDriver: Delivered 0xb400e2ca9e40d4b0 as id 1
12-30 10:46:21.631   359  2784 D evsmanagerd: /dev/video-evs0 forwarded the buffer #1 to 0xb400f125d2b26dd0 from 0xb400f125e2b20710
12-30 10:46:21.631   798   838 I adbd    : UsbFfsConnection constructed
12-30 10:46:21.632   798 31693 I adbd    : UsbFfs-monitor thread spawned
01-01 10:08:38.640   838   838 I         : read descriptors
12-30 10:46:21.636  2358  2623 D RcfController: Rcf proxy is not connected!
12-30 10:46:21.636   360   458 D EvsDriver: doneWithFrame
12-30 10:46:21.641   596  3076 E WifiHAL : Invalid data received from driver
12-30 10:46:21.664   360   931 D EvsDriver: forwardFrame
12-30 10:46:21.664   360   931 D EvsDriver: forwardFrameDirect
12-30 10:46:21.664   360   931 D EvsDriver: Delivered 0xb400e2ca9e40c2d0 as id 0
12-30 10:46:21.664   359  2784 D evsmanagerd: /dev/video-evs0 forwarded the buffer #0 to 0xb400f125d2b26dd0 from 0xb400f125e2b20710
12-30 10:46:21.667   360   458 D EvsDriver: doneWithFrame
12-30 10:46:21.686  2358  2623 D RcfController: Rcf proxy is not connected!
12-30 10:46:21.697   360   931 D EvsDriver: forwardFrame
12-30 10:46:21.697   360   931 D EvsDriver: forwardFrameDirect
12-30 10:46:21.698   360   931 D EvsDriver: Delivered 0xb400e2ca9e40d090 as id 1
12-30 10:46:21.698   359  2784 D evsmanagerd: /dev/video-evs0 forwarded the buffer #1 to 0xb400f125d2b26dd0 from 0xb400f125e2b20710
12-30 10:46:21.702   596  3076 E WifiHAL : Invalid data received from driver
12-30 10:46:21.707   360   458 D EvsDriver: doneWithFrame
12-30 10:46:21.730   360   931 D EvsDriver: forwardFrame
12-30 10:46:21.731   360   931 D EvsDriver: forwardFrameDirect
12-30 10:46:21.731   360   931 D EvsDriver: Delivered 0xb400e2ca9e40e110 as id 0
12-30 10:46:21.731   359  2784 D evsmanagerd: /dev/video-evs0 forwarded the buffer #0 to 0xb400f125d2b26dd0 from 0xb400f125e2b20710
12-30 10:46:21.737  2358  2623 D RcfController: Rcf proxy is not connected!
12-30 10:46:21.737   360   458 D EvsDriver: doneWithFrame
12-30 10:46:21.743  1667  2407 I media_message_log->MediaMessageProxy: (SourceFile:1)b connectToService action bind
12-30 10:46:21.743   916  2591 W ActivityManager: Unable to start service Intent { cmp=com.adayo.server.mediamessagetransfer/.MediaMessTransferService (has extras) } U=0: not found
12-30 10:46:21.744  1667  2407 E media_message_log->MediaMessageProxy: (SourceFile:7)a bindServiceAsUser isBound = false
12-30 10:46:21.764   360   931 D EvsDriver: forwardFrame
12-30 10:46:21.764   360   931 D EvsDriver: forwardFrameDirect
12-30 10:46:21.764   360   931 D EvsDriver: Delivered 0xb400e2ca9e40c7a0 as id 1
12-30 10:46:21.764   359  2784 D evsmanagerd: /dev/video-evs0 forwarded the buffer #1 to 0xb400f125d2b26dd0 from 0xb400f125e2b20710
12-30 10:46:21.768   360   458 D EvsDriver: doneWithFrame
12-30 10:46:21.774   596  3076 E WifiHAL : Invalid data received from driver
12-30 10:46:21.774   596  3076 E WifiHAL : Invalid data received from driver
12-30 10:46:21.775   596  3076 E WifiHAL : Invalid data received from driver
12-30 10:46:21.776   596  3076 E WifiHAL : Invalid data received from driver
12-30 10:46:21.776   596  3076 E WifiHAL : Invalid data received from driver
12-30 10:46:21.776   596  3076 E WifiHAL : Invalid data received from driver
12-30 10:46:21.776   596  3076 E WifiHAL : Invalid data received from driver
12-30 10:46:21.776   596  3076 E WifiHAL : Invalid data received from driver
12-30 10:46:21.776   596  3076 E WifiHAL : Invalid data received from driver
12-30 10:46:21.778  1582  3078 I c       : checkService in back thread add: adayo.upgrade.v2.0
12-30 10:46:21.779  1582  3078 E upgradeApp_251223_V1  l: d(null:11)pre->c(null:23)-> serviceBinder is null
12-30 10:46:21.779  1582  3078 W c       : doBindService in back thread fail: adayo.upgrade.v2.0
12-30 10:46:21.779   596  3076 E WifiHAL : Invalid data received from driver
12-30 10:46:21.780   596  3076 E WifiHAL : Invalid data received from driver
12-30 10:46:21.787  2358  2623 D RcfController: Rcf proxy is not connected!
12-30 10:46:21.797   360   931 D EvsDriver: forwardFrame
12-30 10:46:21.797   360   931 D EvsDriver: forwardFrameDirect
12-30 10:46:21.798   360   931 D EvsDriver: Delivered 0xb400e2ca9e40e270 as id 0
12-30 10:46:21.798   359  2784 D evsmanagerd: /dev/video-evs0 forwarded the buffer #0 to 0xb400f125d2b26dd0 from 0xb400f125e2b20710
12-30 10:46:21.808   360   458 D EvsDriver: doneWithFrame
12-30 10:46:21.830   360   931 D EvsDriver: forwardFrame
12-30 10:46:21.831   360   931 D EvsDriver: forwardFrameDirect
12-30 10:46:21.831   360   931 D EvsDriver: Delivered 0xb400e2ca9e40d4b0 as id 1
12-30 10:46:21.831   359  2784 D evsmanagerd: /dev/video-evs0 forwarded the buffer #1 to 0xb400f125d2b26dd0 from 0xb400f125e2b20710
12-30 10:46:21.837  2358  2623 D RcfController: Rcf proxy is not connected!
12-30 10:46:21.839   596  3076 E WifiHAL : Invalid data received from driver
12-30 10:46:21.839   360   458 D EvsDriver: doneWithFrame
12-30 10:46:21.864   360   931 D EvsDriver: forwardFrame
12-30 10:46:21.864   360   931 D EvsDriver: forwardFrameDirect
12-30 10:46:21.864   360   931 D EvsDriver: Delivered 0xb400e2ca9e40c2d0 as id 0
12-30 10:46:21.864   359  2784 D evsmanagerd: /dev/video-evs0 forwarded the buffer #0 to 0xb400f125d2b26dd0 from 0xb400f125e2b20710
12-30 10:46:21.868  2475  2681 I TtsServiceAgent: check thread start checking, threadId = 29
12-30 10:46:21.868  2475  2681 D TtsServiceAgent: start bind service...
12-30 10:46:21.868  2475  2681 D TtsServiceAgent: ----->initService, usage = 16
12-30 10:46:21.868  2475  2681 W ContextImpl: Calling a method in the system process without a qualified user: android.app.ContextImpl.bindService:1988 android.content.ContextWrapper.bindService:861 com.iflytek.autofly.ttsaidl.ttsproxy.TtsServiceAgent.initService:189 com.iflytek.autofly.ttsaidl.ttsproxy.TtsServiceAgent.initService:133 com.iflytek.autofly.ttsaidl.ttsproxy.TtsServiceAgent$2.run:517 
12-30 10:46:21.869   360   458 D EvsDriver: doneWithFrame
12-30 10:46:21.869   916  2591 W ActivityManager: Unable to start service Intent { act=com.iflytek.autofly.tts.ttsservice.TtsAdapterService cmp=com.iflytek.cutefly.speechclient.hmi/com.iflytek.autofly.tts.ttsservice.TtsAdapterService } U=0: not found
12-30 10:46:21.870  2475  2681 D TtsServiceAgent: bindService: false
12-30 10:46:21.870  2475  2681 D TtsServiceAgent: start reInitService
12-30 10:46:21.870  2475  2681 D TtsServiceAgent: aidlCheckThreadRunning = true
12-30 10:46:21.870  2475  2681 D TtsServiceAgent: ----->check connection status in 1000s...
12-30 10:46:21.888  2358  2623 D RcfController: Rcf proxy is not connected!
12-30 10:46:21.890   596  3076 E WifiHAL : Invalid data received from driver
12-30 10:46:21.897   360   931 D EvsDriver: forwardFrame
12-30 10:46:21.897   360   931 D EvsDriver: forwardFrameDirect
12-30 10:46:21.898   360   931 D EvsDriver: Delivered 0xb400e2ca9e40d090 as id 1
12-30 10:46:21.898   359  2784 D evsmanagerd: /dev/video-evs0 forwarded the buffer #1 to 0xb400f125d2b26dd0 from 0xb400f125e2b20710
12-30 10:46:21.900   360   458 D EvsDriver: doneWithFrame
12-30 10:46:21.930   360   931 D EvsDriver: forwardFrame
12-30 10:46:21.931   360   931 D EvsDriver: forwardFrameDirect
12-30 10:46:21.931   360   931 D EvsDriver: Delivered 0xb400e2ca9e40e110 as id 0
12-30 10:46:21.931   359  2784 D evsmanagerd: /dev/video-evs0 forwarded the buffer #0 to 0xb400f125d2b26dd0 from 0xb400f125e2b20710
12-30 10:46:21.938  2358  2623 D RcfController: Rcf proxy is not connected!
12-30 10:46:21.940   360   458 D EvsDriver: doneWithFrame
12-30 10:46:21.964   596  3076 E WifiHAL : Invalid data received from driver
12-30 10:46:21.964   360   931 D EvsDriver: forwardFrame
12-30 10:46:21.964   360   931 D EvsDriver: forwardFrameDirect
12-30 10:46:21.964   360   931 D EvsDriver: Delivered 0xb400e2ca9e40c7a0 as id 1
12-30 10:46:21.964   359  2784 D evsmanagerd: /dev/video-evs0 forwarded the buffer #1 to 0xb400f125d2b26dd0 from 0xb400f125e2b20710
12-30 10:46:21.970   360   458 D EvsDriver: doneWithFrame
12-30 10:46:21.988  2358  2623 D RcfController: Rcf proxy is not connected!
12-30 10:46:21.997   360   931 D EvsDriver: forwardFrame
12-30 10:46:21.997   360   931 D EvsDriver: forwardFrameDirect
12-30 10:46:21.998   360   931 D EvsDriver: Delivered 0xb400e2ca9e40e270 as id 0
12-30 10:46:21.998   359  2784 D evsmanagerd: /dev/video-evs0 forwarded the buffer #0 to 0xb400f125d2b26dd0 from 0xb400f125e2b20710
12-30 10:46:22.001   360   458 D EvsDriver: doneWithFrame
12-30 10:46:22.015   650   729 D fgemcucomm: sd Uart data : 6AA602F0E60002920292
12-30 10:46:22.015   650   729 D fgemcucomm: rev uart=63786,len=20, data : 6AA681F0E6000C92020008000000000000000001
12-30 10:46:22.016   398   882 D adayocomadapter-ParseProtocolFunc: printRaWMsg Name[MCUToUPstream recv] len[12] data[920200080000000000000000]
12-30 10:46:22.016   398   882 D adayocomadapter-CommunicationManager: onUpstreamback   member[0] dataLength[9] timePoint[7717838]
12-30 10:46:22.016   398   882 D adayocomadapter-ParseProtocolFunc: printRaWMsg Name[onUpstreamback] len[9] data[080000000000000000]
12-30 10:46:22.016   398   464 D adayocomadapter-UpstreamHandler: processBeforePacket upSreamtProcessTimePoint[7717838] 
12-30 10:46:22.016   398   464 D adayocomadapter-UpstreamHandler: processPacket UPSTREAM_QUEUE_DATA_TIMEOUT
12-30 10:46:22.016   398   464 D adayocomadapter-ParseProtocolFunc: parseCommonIPCLBytes Processing tableNumber[8]
12-30 10:46:22.016   398   464 D adayocomadapter-ParseProtocolFunc: parseCommonIPCLBytes Processing tablename[Table-8] tableSize[9]
12-30 10:46:22.016   398   464 D adayocomadapter-ParseProtocolFunc: printRaWMsg Name[byteStream recv] len[9] data[080000000000000000]
12-30 10:46:22.016   398   464 D adayocomadapter-ParseProtocolFunc: printRaWMsg Name[IPCLtoVHAL] len[7] data[2141208F010000]
12-30 10:46:22.016   398   464 D adayocomadapter-ParseProtocolFunc: printRaWMsg Name[IPCLtoVHAL] len[7] data[21412090010000]
12-30 10:46:22.016   398   464 D adayocomadapter-ParseProtocolFunc: printRaWMsg Name[IPCLtoVHAL] len[7] data[21412091010000]
12-30 10:46:22.017   398   464 D adayocomadapter-ParseProtocolFunc: printRaWMsg Name[IPCLtoVHAL] len[7] data[21412092010000]
12-30 10:46:22.017   398   464 D adayocomadapter-CommunicationManager: onUpstreamReceive mPropertyId 0x2141208f
12-30 10:46:22.017   398   464 I vw-vhal : notifyVehicleProperty, propId = 0x2141208f, data = {status: 2, int32Values: [0, 0]}
12-30 10:46:22.017   398   464 I vw-vhal : CanSignalsAdapter::notifyVehicleProperty: solvedValue = {.timestamp = 7717839122584, .areaId = 0, .prop = 557916303, .status = AVAILABLE, .value = {.int32Values = [2]{0, 0}, .floatValues = [0]{}, .int64Values = [0]{}, .bytes = [0]{}, .stringValue = ""}}
12-30 10:46:22.017   398   464 I VehiclePropertyStore: begin to write value to Store: {.timestamp = 7717839122584, .areaId = 0, .prop = 557916303, .status = AVAILABLE, .value = {.int32Values = [2]{0, 0}, .floatValues = [0]{}, .int64Values = [0]{}, .bytes = [0]{}, .stringValue = ""}}
12-30 10:46:22.017   398   464 I DefaultVehicleHal_v2_0: DefaultVehicleHal::onPropertyValue, value:{.timestamp = 7717839122584, .areaId = 0, .prop = 557916303, .status = AVAILABLE, .value = {.int32Values = [2]{0, 0}, .floatValues = [0]{}, .int64Values = [0]{}, .bytes = [0]{}, .stringValue = ""}}
12-30 10:46:22.017   398   464 D DiagPropHandler: is not DiagnosticConfig: 0x2141208f
12-30 10:46:22.017   398   464 I VehiclePropertyStore: begin to write value to Store: {.timestamp = 7717839122584, .areaId = 0, .prop = 557916303, .status = AVAILABLE, .value = {.int32Values = [2]{0, 0}, .floatValues = [0]{}, .int64Values = [0]{}, .bytes = [0]{}, .stringValue = ""}}
12-30 10:46:22.017   398   464 D adayocomadapter-CommunicationManager: onUpstreamReceive mPropertyId 0x2141208f
12-30 10:46:22.017   398   464 D adayocomadapter-CommunicationManager: onUpstreamReceive mPropertyId 0x21412090
12-30 10:46:22.017   398   464 I vw-vhal : notifyVehicleProperty, propId = 0x21412090, data = {status: 2, int32Values: [0, 0]}
12-30 10:46:22.017   398   464 I vw-vhal : CanSignalsAdapter::notifyVehicleProperty: solvedValue = {.timestamp = 7717839797584, .areaId = 0, .prop = 557916304, .status = AVAILABLE, .value = {.int32Values = [2]{0, 0}, .floatValues = [0]{}, .int64Values = [0]{}, .bytes = [0]{}, .stringValue = ""}}
12-30 10:46:22.018   398   464 I VehiclePropertyStore: begin to write value to Store: {.timestamp = 7717839797584, .areaId = 0, .prop = 557916304, .status = AVAILABLE, .value = {.int32Values = [2]{0, 0}, .floatValues = [0]{}, .int64Values = [0]{}, .bytes = [0]{}, .stringValue = ""}}
12-30 10:46:22.018   398   464 I DefaultVehicleHal_v2_0: DefaultVehicleHal::onPropertyValue, value:{.timestamp = 7717839797584, .areaId = 0, .prop = 557916304, .status = AVAILABLE, .value = {.int32Values = [2]{0, 0}, .floatValues = [0]{}, .int64Values = [0]{}, .bytes = [0]{}, .stringValue = ""}}
12-30 10:46:22.018   398   464 D DiagPropHandler: is not DiagnosticConfig: 0x21412090
12-30 10:46:22.018   398   464 I VehiclePropertyStore: begin to write value to Store: {.timestamp = 7717839797584, .areaId = 0, .prop = 557916304, .status = AVAILABLE, .value = {.int32Values = [2]{0, 0}, .floatValues = [0]{}, .int64Values = [0]{}, .bytes = [0]{}, .stringValue = ""}}
12-30 10:46:22.018   398   464 D adayocomadapter-CommunicationManager: onUpstreamReceive mPropertyId 0x21412090
12-30 10:46:22.018   398   464 D adayocomadapter-CommunicationManager: onUpstreamReceive mPropertyId 0x21412091
12-30 10:46:22.018   398   464 I vw-vhal : notifyVehicleProperty, propId = 0x21412091, data = {status: 2, int32Values: [0, 0]}
12-30 10:46:22.018   398   464 I vw-vhal : CanSignalsAdapter::notifyVehicleProperty: solvedValue = {.timestamp = 7717840488584, .areaId = 0, .prop = 557916305, .status = AVAILABLE, .value = {.int32Values = [2]{0, 0}, .floatValues = [0]{}, .int64Values = [0]{}, .bytes = [0]{}, .stringValue = ""}}
12-30 10:46:22.018   398   464 I VehiclePropertyStore: begin to write value to Store: {.timestamp = 7717840488584, .areaId = 0, .prop = 557916305, .status = AVAILABLE, .value = {.int32Values = [2]{0, 0}, .floatValues = [0]{}, .int64Values = [0]{}, .bytes = [0]{}, .stringValue = ""}}
12-30 10:46:22.018   398   464 I DefaultVehicleHal_v2_0: DefaultVehicleHal::onPropertyValue, value:{.timestamp = 7717840488584, .areaId = 0, .prop = 557916305, .status = AVAILABLE, .value = {.int32Values = [2]{0, 0}, .floatValues = [0]{}, .int64Values = [0]{}, .bytes = [0]{}, .stringValue = ""}}
12-30 10:46:22.018   398   464 D DiagPropHandler: is not DiagnosticConfig: 0x21412091
12-30 10:46:22.019   398   464 I VehiclePropertyStore: begin to write value to Store: {.timestamp = 7717840488584, .areaId = 0, .prop = 557916305, .status = AVAILABLE, .value = {.int32Values = [2]{0, 0}, .floatValues = [0]{}, .int64Values = [0]{}, .bytes = [0]{}, .stringValue = ""}}
12-30 10:46:22.019   398   464 D adayocomadapter-CommunicationManager: onUpstreamReceive mPropertyId 0x21412091
12-30 10:46:22.019   398   464 D adayocomadapter-CommunicationManager: onUpstreamReceive mPropertyId 0x21412092
12-30 10:46:22.019   398   464 I vw-vhal : notifyVehicleProperty, propId = 0x21412092, data = {status: 2, int32Values: [0, 0]}
12-30 10:46:22.019   398   464 I vw-vhal : CanSignalsAdapter::notifyVehicleProperty: solvedValue = {.timestamp = 7717841096251, .areaId = 0, .prop = 557916306, .status = AVAILABLE, .value = {.int32Values = [2]{0, 0}, .floatValues = [0]{}, .int64Values = [0]{}, .bytes = [0]{}, .stringValue = ""}}
12-30 10:46:22.019   398   464 I VehiclePropertyStore: begin to write value to Store: {.timestamp = 7717841096251, .areaId = 0, .prop = 557916306, .status = AVAILABLE, .value = {.int32Values = [2]{0, 0}, .floatValues = [0]{}, .int64Values = [0]{}, .bytes = [0]{}, .stringValue = ""}}
12-30 10:46:22.019   398   464 I DefaultVehicleHal_v2_0: DefaultVehicleHal::onPropertyValue, value:{.timestamp = 7717841096251, .areaId = 0, .prop = 557916306, .status = AVAILABLE, .value = {.int32Values = [2]{0, 0}, .floatValues = [0]{}, .int64Values = [0]{}, .bytes = [0]{}, .stringValue = ""}}
12-30 10:46:22.019   398   464 D DiagPropHandler: is not DiagnosticConfig: 0x21412092
12-30 10:46:22.019   398   464 I VehiclePropertyStore: begin to write value to Store: {.timestamp = 7717841096251, .areaId = 0, .prop = 557916306, .status = AVAILABLE, .value = {.int32Values = [2]{0, 0}, .floatValues = [0]{}, .int64Values = [0]{}, .bytes = [0]{}, .stringValue = ""}}
12-30 10:46:22.019   398   464 D adayocomadapter-CommunicationManager: onUpstreamReceive mPropertyId 0x21412092
12-30 10:46:22.021  1667  2410 I media_message_log->MediaMessageUserProxy: (SourceFile:1)b connectToService action bind
12-30 10:46:22.022  1667  2594 W ContextImpl: Calling a method in the system process without a qualified user: android.app.ContextImpl.bindService:1988 android.content.ContextWrapper.bindService:861 com.ford.sync.fnvservice.FordFnv.c:202 com.ford.sync.fnvservice.FordFnv.c:43 com.ford.sync.fnvservice.FordFnv$RetryHandler.handleMessage:245 
12-30 10:46:22.022   916  5915 W ActivityManager: Unable to start service Intent { cmp=com.adayo.server.mediamessagetransfer/.MediaMessTransferService (has extras) } U=0: not found
12-30 10:46:22.023   916  2591 W ActivityManager: Unable to start service Intent { cmp=com.ford.sync.fnvservice/.FordFnvService } U=0: not found
12-30 10:46:22.023  1667  2410 E media_message_log->MediaMessageUserProxy: (SourceFile:7)a bindServiceAsUser isBound = false
12-30 10:46:22.023  1667  2594 W FordFnv :  bind ford fnv failed -> sendRetryMessage 
12-30 10:46:22.030   360   931 D EvsDriver: forwardFrame
12-30 10:46:22.031   360   931 D EvsDriver: forwardFrameDirect
12-30 10:46:22.031   360   931 D EvsDriver: Delivered 0xb400e2ca9e40d4b0 as id 1
12-30 10:46:22.031   359  2784 D evsmanagerd: /dev/video-evs0 forwarded the buffer #1 to 0xb400f125d2b26dd0 from 0xb400f125e2b20710
12-30 10:46:22.039  2358  2623 D RcfController: Rcf proxy is not connected!
12-30 10:46:22.041   360   458 D EvsDriver: doneWithFrame
12-30 10:46:22.064   360   931 I EvsDriver: /dev/video-evs0 VideoCapture fps 29.9994
12-30 10:46:22.064   360   931 D EvsDriver: forwardFrame
12-30 10:46:22.064   360   931 D EvsDriver: forwardFrameDirect
12-30 10:46:22.064   360   931 D EvsDriver: Delivered 0xb400e2ca9e40c2d0 as id 0
12-30 10:46:22.064   359  2784 D evsmanagerd: /dev/video-evs0 forwarded the buffer #0 to 0xb400f125d2b26dd0 from 0xb400f125e2b20710
12-30 10:46:22.072   360   458 D EvsDriver: doneWithFrame
12-30 10:46:22.081   596  3076 E WifiHAL : Invalid data received from driver
12-30 10:46:22.089  2358  2623 D RcfController: Rcf proxy is not connected!
12-30 10:46:22.097   360   931 D EvsDriver: forwardFrame
12-30 10:46:22.097   360   931 D EvsDriver: forwardFrameDirect
12-30 10:46:22.098   360   931 D EvsDriver: Delivered 0xb400e2ca9e40d090 as id 1
12-30 10:46:22.098   359  2784 D evsmanagerd: /dev/video-evs0 forwarded the buffer #1 to 0xb400f125d2b26dd0 from 0xb400f125e2b20710
12-30 10:46:22.102   360   458 D EvsDriver: doneWithFrame
12-30 10:46:22.125   650   729 D fgemcucomm: sd Uart data : 6AA602F0E70002920291
12-30 10:46:22.125   650   729 D fgemcucomm: rev uart=63787,len=20, data : 6AA681F0E7000C92020005000000000000000003
12-30 10:46:22.126   398   882 D adayocomadapter-ParseProtocolFunc: printRaWMsg Name[MCUToUPstream recv] len[12] data[920200050000000000000000]
12-30 10:46:22.126   398   882 D adayocomadapter-CommunicationManager: onUpstreamback   member[0] dataLength[9] timePoint[7717947]
12-30 10:46:22.126   398   882 D adayocomadapter-ParseProtocolFunc: printRaWMsg Name[onUpstreamback] len[9] data[050000000000000000]
12-30 10:46:22.126   398   464 D adayocomadapter-UpstreamHandler: processBeforePacket upSreamtProcessTimePoint[7717948] 
12-30 10:46:22.126   398   464 D adayocomadapter-UpstreamHandler: processPacket UPSTREAM_QUEUE_DATA_TIMEOUT
12-30 10:46:22.126   398   464 D adayocomadapter-ParseProtocolFunc: parseCommonIPCLBytes Processing tableNumber[5]
12-30 10:46:22.126   398   464 D adayocomadapter-ParseProtocolFunc: parseCommonIPCLBytes Processing tablename[Table-5] tableSize[9]
12-30 10:46:22.126   398   464 D adayocomadapter-ParseProtocolFunc: printRaWMsg Name[byteStream recv] len[9] data[050000000000000000]
12-30 10:46:22.126   398   464 D adayocomadapter-ParseProtocolFunc: printRaWMsg Name[IPCLtoVHAL] len[7] data[21402134000000]
12-30 10:46:22.126   398   464 D adayocomadapter-ParseProtocolFunc: printRaWMsg Name[IPCLtoVHAL] len[7] data[21402135000000]
12-30 10:46:22.126   398   464 D adayocomadapter-ParseProtocolFunc: printRaWMsg Name[IPCLtoVHAL] len[7] data[21402136000000]
12-30 10:46:22.126   398   464 D adayocomadapter-ParseProtocolFunc: printRaWMsg Name[IPCLtoVHAL] len[7] data[21402137000000]
12-30 10:46:22.126   398   464 D adayocomadapter-CommunicationManager: onUpstreamReceive mPropertyId 0x21402134
12-30 10:46:22.126   398   464 D adayocomadapter-CommunicationManager: convertBytesToInt32Memcpy  0
12-30 10:46:22.127   398   464 I vw-vhal : notifyVehicleProperty, propId = 0x21402134, data = {status: 2, int32Values: [0]}
12-30 10:46:22.127   398   464 I vw-vhal : CanSignalsAdapter::notifyVehicleProperty: solvedValue = {.timestamp = 7717949004251, .areaId = 0, .prop = 557850932, .status = AVAILABLE, .value = {.int32Values = [1]{0}, .floatValues = [0]{}, .int64Values = [0]{}, .bytes = [0]{}, .stringValue = ""}}
12-30 10:46:22.127   398   464 I VehiclePropertyStore: begin to write value to Store: {.timestamp = 7717949004251, .areaId = 0, .prop = 557850932, .status = AVAILABLE, .value = {.int32Values = [1]{0}, .floatValues = [0]{}, .int64Values = [0]{}, .bytes = [0]{}, .stringValue = ""}}
12-30 10:46:22.127   398   464 I DefaultVehicleHal_v2_0: DefaultVehicleHal::onPropertyValue, value:{.timestamp = 7717949004251, .areaId = 0, .prop = 557850932, .status = AVAILABLE, .value = {.int32Values = [1]{0}, .floatValues = [0]{}, .int64Values = [0]{}, .bytes = [0]{}, .stringValue = ""}}
12-30 10:46:22.127   398   464 D DiagPropHandler: is not DiagnosticConfig: 0x21402134
12-30 10:46:22.127   398   464 I VehiclePropertyStore: begin to write value to Store: {.timestamp = 7717949004251, .areaId = 0, .prop = 557850932, .status = AVAILABLE, .value = {.int32Values = [1]{0}, .floatValues = [0]{}, .int64Values = [0]{}, .bytes = [0]{}, .stringValue = ""}}
12-30 10:46:22.127   398   464 D adayocomadapter-CommunicationManager: onUpstreamReceive mPropertyId 0x21402134
12-30 10:46:22.127   398   464 D adayocomadapter-CommunicationManager: onUpstreamReceive mPropertyId 0x21402135
12-30 10:46:22.127   398   464 D adayocomadapter-CommunicationManager: convertBytesToInt32Memcpy  0
12-30 10:46:22.127   398   464 I vw-vhal : notifyVehicleProperty, propId = 0x21402135, data = {status: 2, int32Values: [0]}
12-30 10:46:22.127   398   464 I vw-vhal : CanSignalsAdapter::notifyVehicleProperty: solvedValue = {.timestamp = 7717949686918, .areaId = 0, .prop = 557850933, .status = AVAILABLE, .value = {.int32Values = [1]{0}, .floatValues = [0]{}, .int64Values = [0]{}, .bytes = [0]{}, .stringValue = ""}}
12-30 10:46:22.127   398   464 I VehiclePropertyStore: begin to write value to Store: {.timestamp = 7717949686918, .areaId = 0, .prop = 557850933, .status = AVAILABLE, .value = {.int32Values = [1]{0}, .floatValues = [0]{}, .int64Values = [0]{}, .bytes = [0]{}, .stringValue = ""}}
12-30 10:46:22.128   398   464 I DefaultVehicleHal_v2_0: DefaultVehicleHal::onPropertyValue, value:{.timestamp = 7717949686918, .areaId = 0, .prop = 557850933, .status = AVAILABLE, .value = {.int32Values = [1]{0}, .floatValues = [0]{}, .int64Values = [0]{}, .bytes = [0]{}, .stringValue = ""}}
12-30 10:46:22.128   398   464 D DiagPropHandler: is not DiagnosticConfig: 0x21402135
12-30 10:46:22.128   398   464 I VehiclePropertyStore: begin to write value to Store: {.timestamp = 7717949686918, .areaId = 0, .prop = 557850933, .status = AVAILABLE, .value = {.int32Values = [1]{0}, .floatValues = [0]{}, .int64Values = [0]{}, .bytes = [0]{}, .stringValue = ""}}
12-30 10:46:22.128   398   464 D adayocomadapter-CommunicationManager: onUpstreamReceive mPropertyId 0x21402135
12-30 10:46:22.128   398   464 D adayocomadapter-CommunicationManager: onUpstreamReceive mPropertyId 0x21402136
12-30 10:46:22.128   398   464 D adayocomadapter-CommunicationManager: convertBytesToInt32Memcpy  0
12-30 10:46:22.128   398   464 I vw-vhal : notifyVehicleProperty, propId = 0x21402136, data = {status: 2, int32Values: [0]}
12-30 10:46:22.128   398   464 I vw-vhal : CanSignalsAdapter::notifyVehicleProperty: solvedValue = {.timestamp = 7717950361584, .areaId = 0, .prop = 557850934, .status = AVAILABLE, .value = {.int32Values = [1]{0}, .floatValues = [0]{}, .int64Values = [0]{}, .bytes = [0]{}, .stringValue = ""}}
12-30 10:46:22.128   398   464 I VehiclePropertyStore: begin to write value to Store: {.timestamp = 7717950361584, .areaId = 0, .prop = 557850934, .status = AVAILABLE, .value = {.int32Values = [1]{0}, .floatValues = [0]{}, .int64Values = [0]{}, .bytes = [0]{}, .stringValue = ""}}
12-30 10:46:22.128   398   464 I DefaultVehicleHal_v2_0: DefaultVehicleHal::onPropertyValue, value:{.timestamp = 7717950361584, .areaId = 0, .prop = 557850934, .status = AVAILABLE, .value = {.int32Values = [1]{0}, .floatValues = [0]{}, .int64Values = [0]{}, .bytes = [0]{}, .stringValue = ""}}
12-30 10:46:22.128   398   464 D DiagPropHandler: is not DiagnosticConfig: 0x21402136
12-30 10:46:22.128   398   464 I VehiclePropertyStore: begin to write value to Store: {.timestamp = 7717950361584, .areaId = 0, .prop = 557850934, .status = AVAILABLE, .value = {.int32Values = [1]{0}, .floatValues = [0]{}, .int64Values = [0]{}, .bytes = [0]{}, .stringValue = ""}}
12-30 10:46:22.128   398   464 D adayocomadapter-CommunicationManager: onUpstreamReceive mPropertyId 0x21402136
12-30 10:46:22.128   398   464 D adayocomadapter-CommunicationManager: onUpstreamReceive mPropertyId 0x21402137
12-30 10:46:22.129   398   464 D adayocomadapter-CommunicationManager: convertBytesToInt32Memcpy  0
12-30 10:46:22.129   398   464 I vw-vhal : notifyVehicleProperty, propId = 0x21402137, data = {status: 2, int32Values: [0]}
12-30 10:46:22.129   398   464 I vw-vhal : CanSignalsAdapter::notifyVehicleProperty: solvedValue = {.timestamp = 7717951008918, .areaId = 0, .prop = 557850935, .status = AVAILABLE, .value = {.int32Values = [1]{0}, .floatValues = [0]{}, .int64Values = [0]{}, .bytes = [0]{}, .stringValue = ""}}
12-30 10:46:22.129   398   464 I VehiclePropertyStore: begin to write value to Store: {.timestamp = 7717951008918, .areaId = 0, .prop = 557850935, .status = AVAILABLE, .value = {.int32Values = [1]{0}, .floatValues = [0]{}, .int64Values = [0]{}, .bytes = [0]{}, .stringValue = ""}}
12-30 10:46:22.129   398   464 I DefaultVehicleHal_v2_0: DefaultVehicleHal::onPropertyValue, value:{.timestamp = 7717951008918, .areaId = 0, .prop = 557850935, .status = AVAILABLE, .value = {.int32Values = [1]{0}, .floatValues = [0]{}, .int64Values = [0]{}, .bytes = [0]{}, .stringValue = ""}}
