12-30 10:46:16.007  1667  2594 W ContextImpl: Calling a method in the system process without a qualified user: android.app.ContextImpl.bindService:1988 android.content.ContextWrapper.bindService:861 com.ford.sync.fnvservice.FordFnv.c:202 com.ford.sync.fnvservice.FordFnv.c:43 com.ford.sync.fnvservice.FordFnv$RetryHandler.handleMessage:245 
12-30 10:46:16.008   916  2591 W ActivityManager: Unable to start service Intent { cmp=com.ford.sync.fnvservice/.FordFnvService } U=0: not found
12-30 10:46:16.008  1667  2594 W FordFnv :  bind ford fnv failed -> sendRetryMessage 
12-30 10:46:16.008  1667  2410 I media_message_log->MediaMessageUserProxy: (SourceFile:1)b connectToService action bind
12-30 10:46:16.009   916  2591 W ActivityManager: Unable to start service Intent { cmp=com.adayo.server.mediamessagetransfer/.MediaMessTransferService (has extras) } U=0: not found
12-30 10:46:16.009  1667  2410 E media_message_log->MediaMessageUserProxy: (SourceFile:7)a bindServiceAsUser isBound = false
12-30 10:46:16.020 31641 31641 I ADAYO_LOG_TRACE_RESOURCE: file_path:/mnt/sdcard/logcat_GNSS//gnss_log.log
12-30 10:46:16.031   360   931 D EvsDriver: forwardFrame
12-30 10:46:16.031   360   931 D EvsDriver: forwardFrameDirect
12-30 10:46:16.031   360   931 D EvsDriver: Delivered 0xb400e2ca9e40d4b0 as id 1
12-30 10:46:16.031   359  2784 D evsmanagerd: /dev/video-evs0 forwarded the buffer #1 to 0xb400f125d2b26dd0 from 0xb400f125e2b20710
12-30 10:46:16.033   360   458 D EvsDriver: doneWithFrame
12-30 10:46:16.040   596  3076 E WifiHAL : Invalid data received from driver
12-30 10:46:16.054  1611 15258 I ADAYO_LOG_: e(LogcatFunc.java:11)zipFile:true,txtFilePath: /mnt/sdcard/AndroidLog/logcat/logcat_2025_12_30_10_41_41_720-8.txt
12-30 10:46:16.057  2358  2623 D RcfController: Rcf proxy is not connected!
12-30 10:46:16.064   360   931 D EvsDriver: forwardFrame
12-30 10:46:16.064   360   931 D EvsDriver: forwardFrameDirect
12-30 10:46:16.064   360   931 D EvsDriver: Delivered 0xb400e2ca9e40c2d0 as id 0
12-30 10:46:16.064   359  2784 D evsmanagerd: /dev/video-evs0 forwarded the buffer #0 to 0xb400f125d2b26dd0 from 0xb400f125e2b20710
12-30 10:46:16.072 31644 31644 I ADAYO_LOG_TRACE_RESOURCE: folder_size:0
12-30 10:46:16.074   360   458 D EvsDriver: doneWithFrame
12-30 10:46:16.092  2310  2722 D FuseDaemon: Node: 12970642256212211472 deleted.
12-30 10:46:16.092  1611 15258 I ADAYO_LOG_: e(LogcatFunc.java:14)deleteFile:logcat_2025_12_30_10_41_41_720-8.txt,delete:true
12-30 10:46:16.092  1611 15258 I ADAYO_LOG_: a(LogcatFunc.java:15)startZip over
12-30 10:46:16.097   360   931 D EvsDriver: forwardFrame
12-30 10:46:16.097   360   931 D EvsDriver: forwardFrameDirect
12-30 10:46:16.097   360   931 D EvsDriver: Delivered 0xb400e2ca9e40d090 as id 1
12-30 10:46:16.098   359  2784 D evsmanagerd: /dev/video-evs0 forwarded the buffer #1 to 0xb400f125d2b26dd0 from 0xb400f125e2b20710
12-30 10:46:16.104   360   458 D EvsDriver: doneWithFrame
12-30 10:46:16.107  2358  2623 D RcfController: Rcf proxy is not connected!
12-30 10:46:16.117   596  3076 E WifiHAL : Invalid data received from driver
12-30 10:46:16.131   360   931 D EvsDriver: forwardFrame
12-30 10:46:16.131   360   931 D EvsDriver: forwardFrameDirect
12-30 10:46:16.131   360   931 D EvsDriver: Delivered 0xb400e2ca9e40e110 as id 0
12-30 10:46:16.131   359  2784 D evsmanagerd: /dev/video-evs0 forwarded the buffer #0 to 0xb400f125d2b26dd0 from 0xb400f125e2b20710
12-30 10:46:16.134   360   458 D EvsDriver: doneWithFrame
12-30 10:46:16.157  2358  2623 D RcfController: Rcf proxy is not connected!
12-30 10:46:16.164   360   931 D EvsDriver: forwardFrame
12-30 10:46:16.164   360   931 D EvsDriver: forwardFrameDirect
12-30 10:46:16.164   360   931 D EvsDriver: Delivered 0xb400e2ca9e40c7a0 as id 1
12-30 10:46:16.164   359  2784 D evsmanagerd: /dev/video-evs0 forwarded the buffer #1 to 0xb400f125d2b26dd0 from 0xb400f125e2b20710
12-30 10:46:16.165   360   458 D EvsDriver: doneWithFrame
12-30 10:46:16.173   596  3076 E WifiHAL : Invalid data received from driver
12-30 10:46:16.173   596  3076 E WifiHAL : Invalid data received from driver
12-30 10:46:16.173   596  3076 E WifiHAL : Invalid data received from driver
12-30 10:46:16.173   596  3076 E WifiHAL : Invalid data received from driver
12-30 10:46:16.173   596  3076 E WifiHAL : Invalid data received from driver
12-30 10:46:16.173   596  3076 E WifiHAL : Invalid data received from driver
12-30 10:46:16.173   596  3076 E WifiHAL : Invalid data received from driver
12-30 10:46:16.173   596  3076 E WifiHAL : Invalid data received from driver
12-30 10:46:16.197   360   931 D EvsDriver: forwardFrame
12-30 10:46:16.197   360   931 D EvsDriver: forwardFrameDirect
12-30 10:46:16.197   360   931 D EvsDriver: Delivered 0xb400e2ca9e40e270 as id 0
12-30 10:46:16.198   359  2784 D evsmanagerd: /dev/video-evs0 forwarded the buffer #0 to 0xb400f125d2b26dd0 from 0xb400f125e2b20710
12-30 10:46:16.205   360   458 D EvsDriver: doneWithFrame
12-30 10:46:16.207  2358  2623 D RcfController: Rcf proxy is not connected!
12-30 10:46:16.231   360   931 D EvsDriver: forwardFrame
12-30 10:46:16.231   360   931 D EvsDriver: forwardFrameDirect
12-30 10:46:16.231   360   931 D EvsDriver: Delivered 0xb400e2ca9e40d4b0 as id 1
12-30 10:46:16.231   359  2784 D evsmanagerd: /dev/video-evs0 forwarded the buffer #1 to 0xb400f125d2b26dd0 from 0xb400f125e2b20710
12-30 10:46:16.235   360   458 D EvsDriver: doneWithFrame
12-30 10:46:16.255   596  3076 E WifiHAL : Invalid data received from driver
12-30 10:46:16.258  2358  2623 D RcfController: Rcf proxy is not connected!
12-30 10:46:16.264   360   931 D EvsDriver: forwardFrame
12-30 10:46:16.264   360   931 D EvsDriver: forwardFrameDirect
12-30 10:46:16.264   360   931 D EvsDriver: Delivered 0xb400e2ca9e40c2d0 as id 0
12-30 10:46:16.264   359  2784 D evsmanagerd: /dev/video-evs0 forwarded the buffer #0 to 0xb400f125d2b26dd0 from 0xb400f125e2b20710
12-30 10:46:16.266   360   458 D EvsDriver: doneWithFrame
12-30 10:46:16.294   650   729 D fgemcucomm: sd Uart data : 6AA602F0B800029202C0
12-30 10:46:16.295   650   729 D fgemcucomm: rev uart=63739,len=14, data : 6AA681F0B800069202000B000032
12-30 10:46:16.295   398  2883 D adayocomadapter-ParseProtocolFunc: printRaWMsg Name[MCUToUPstream recv] len[6] data[9202000B0000]
12-30 10:46:16.295   398  2883 D adayocomadapter-CommunicationManager: onUpstreamback   member[0] dataLength[3] timePoint[7712117]
12-30 10:46:16.295   398  2883 D adayocomadapter-ParseProtocolFunc: printRaWMsg Name[onUpstreamback] len[3] data[0B0000]
12-30 10:46:16.295   398   464 D adayocomadapter-UpstreamHandler: processBeforePacket upSreamtProcessTimePoint[7712117] 
12-30 10:46:16.295   398   464 D adayocomadapter-UpstreamHandler: processPacket UPSTREAM_QUEUE_DATA_TIMEOUT
12-30 10:46:16.295   398   464 D adayocomadapter-ParseProtocolFunc: parseCommonIPCLBytes Processing tableNumber[11]
12-30 10:46:16.295   398   464 D adayocomadapter-ParseProtocolFunc: parseCommonIPCLBytes Processing tablename[Table-11] tableSize[3]
12-30 10:46:16.295   398   464 D adayocomadapter-ParseProtocolFunc: printRaWMsg Name[byteStream recv] len[3] data[0B0000]
12-30 10:46:16.295   398   464 D adayocomadapter-ParseProtocolFunc: printRaWMsg Name[IPCLtoVHAL] len[7] data[2140200B000000]
12-30 10:46:16.295   398   464 D adayocomadapter-CommunicationManager: onUpstreamReceive mPropertyId 0x2140200b
12-30 10:46:16.295   398   464 D adayocomadapter-CommunicationManager: convertBytesToInt32Memcpy  0
12-30 10:46:16.295   398   464 I vw-vhal : notifyVehicleProperty, propId = 0x2140200b, data = {status: 2, int32Values: [0]}
12-30 10:46:16.295   398   464 I vw-vhal : CanSignalsAdapter::notifyVehicleProperty: solvedValue = {.timestamp = 7712117451584, .areaId = 0, .prop = 557850635, .status = AVAILABLE, .value = {.int32Values = [1]{0}, .floatValues = [0]{}, .int64Values = [0]{}, .bytes = [0]{}, .stringValue = ""}}
12-30 10:46:16.295   398   464 I VehiclePropertyStore: begin to write value to Store: {.timestamp = 7712117451584, .areaId = 0, .prop = 557850635, .status = AVAILABLE, .value = {.int32Values = [1]{0}, .floatValues = [0]{}, .int64Values = [0]{}, .bytes = [0]{}, .stringValue = ""}}
12-30 10:46:16.295   398   464 I DefaultVehicleHal_v2_0: DefaultVehicleHal::onPropertyValue, value:{.timestamp = 7712117451584, .areaId = 0, .prop = 557850635, .status = AVAILABLE, .value = {.int32Values = [1]{0}, .floatValues = [0]{}, .int64Values = [0]{}, .bytes = [0]{}, .stringValue = ""}}
12-30 10:46:16.295   398   464 D DiagPropHandler: is not DiagnosticConfig: 0x2140200b
12-30 10:46:16.295   398   464 I VehiclePropertyStore: begin to write value to Store: {.timestamp = 7712117451584, .areaId = 0, .prop = 557850635, .status = AVAILABLE, .value = {.int32Values = [1]{0}, .floatValues = [0]{}, .int64Values = [0]{}, .bytes = [0]{}, .stringValue = ""}}
12-30 10:46:16.295   398   464 D adayocomadapter-CommunicationManager: onUpstreamReceive mPropertyId 0x2140200b
12-30 10:46:16.297   360   931 D EvsDriver: forwardFrame
12-30 10:46:16.297   360   931 D EvsDriver: forwardFrameDirect
12-30 10:46:16.297   360   931 D EvsDriver: Delivered 0xb400e2ca9e40d090 as id 1
12-30 10:46:16.297   359  2784 D evsmanagerd: /dev/video-evs0 forwarded the buffer #1 to 0xb400f125d2b26dd0 from 0xb400f125e2b20710
12-30 10:46:16.300 31652 31652 I ADAYO_LOG_TRACE_RESOURCE: execute interrupt
12-30 10:46:16.306   360   458 D EvsDriver: doneWithFrame
12-30 10:46:16.308  2358  2623 D RcfController: Rcf proxy is not connected!
12-30 10:46:16.322 31653 31653 I ADAYO_LOG_TRACE_RESOURCE: execute end
01-01 10:08:33.336     1     1 I init    : Sending signal 9 to service 'trace_resource' (pid 31633) process group...
12-30 10:46:16.331   360   931 D EvsDriver: forwardFrame
12-30 10:46:16.331   360   931 D EvsDriver: forwardFrameDirect
12-30 10:46:16.331   360   931 D EvsDriver: Delivered 0xb400e2ca9e40e110 as id 0
12-30 10:46:16.331   359  2784 D evsmanagerd: /dev/video-evs0 forwarded the buffer #0 to 0xb400f125d2b26dd0 from 0xb400f125e2b20710
12-30 10:46:16.337   360   458 D EvsDriver: doneWithFrame
12-30 10:46:16.340   798 31631 W adbd    : timed out while waiting for FUNCTIONFS_BIND, trying again
12-30 10:46:16.340   798 31631 I adbd    : UsbFfs: connection terminated: monitor thread finished
12-30 10:46:16.341   798   798 I adbd    : UsbFfs: already offline
12-30 10:46:16.341   798   798 I adbd    : destroying transport UsbFfs
12-30 10:46:16.341   798   798 I adbd    : UsbFfsConnection being destroyed
12-30 10:46:16.345   650   729 D fgemcucomm: sd Uart data : 6AA602F0B900029202BF
12-30 10:46:16.345   650   729 D fgemcucomm: rev uart=63740,len=19, data : 6AA681F0B9000B9202000F0000000000000028
12-30 10:46:16.345   398  2883 D adayocomadapter-ParseProtocolFunc: printRaWMsg Name[MCUToUPstream recv] len[11] data[9202000F00000000000000]
12-30 10:46:16.345   398  2883 D adayocomadapter-CommunicationManager: onUpstreamback   member[0] dataLength[8] timePoint[7712167]
12-30 10:46:16.345   398  2883 D adayocomadapter-ParseProtocolFunc: printRaWMsg Name[onUpstreamback] len[8] data[0F00000000000000]
12-30 10:46:16.345   398   464 D adayocomadapter-UpstreamHandler: processBeforePacket upSreamtProcessTimePoint[7712167] 
12-30 10:46:16.345   398   464 D adayocomadapter-UpstreamHandler: processPacket UPSTREAM_QUEUE_DATA_TIMEOUT
12-30 10:46:16.345   398   464 D adayocomadapter-ParseProtocolFunc: parseCommonIPCLBytes Processing tableNumber[15]
12-30 10:46:16.345   398   464 D adayocomadapter-ParseProtocolFunc: parseCommonIPCLBytes Processing tablename[Table-15] tableSize[8]
12-30 10:46:16.345   398   464 D adayocomadapter-ParseProtocolFunc: printRaWMsg Name[byteStream recv] len[8] data[0F00000000000000]
12-30 10:46:16.345   398   464 D adayocomadapter-ParseProtocolFunc: printRaWMsg Name[IPCLtoVHAL] len[6] data[214020F30000]
12-30 10:46:16.345   398   464 D adayocomadapter-ParseProtocolFunc: printRaWMsg Name[IPCLtoVHAL] len[6] data[214020F40000]
12-30 10:46:16.345   398   464 D adayocomadapter-ParseProtocolFunc: printRaWMsg Name[IPCLtoVHAL] len[6] data[214020F50000]
12-30 10:46:16.345   398   464 D adayocomadapter-ParseProtocolFunc: printRaWMsg Name[IPCLtoVHAL] len[6] data[214020F60000]
12-30 10:46:16.345   398   464 D adayocomadapter-ParseProtocolFunc: printRaWMsg Name[IPCLtoVHAL] len[6] data[214020F70000]
12-30 10:46:16.345   398   464 D adayocomadapter-ParseProtocolFunc: printRaWMsg Name[IPCLtoVHAL] len[6] data[214020F80000]
12-30 10:46:16.345   398   464 D adayocomadapter-ParseProtocolFunc: printRaWMsg Name[IPCLtoVHAL] len[6] data[214020F90000]
12-30 10:46:16.346   398   464 D adayocomadapter-CommunicationManager: onUpstreamReceive mPropertyId 0x214020f3
12-30 10:46:16.346   398   464 D adayocomadapter-CommunicationManager: convertBytesToInt32Memcpy  0
12-30 10:46:16.346   398   464 I vw-vhal : notifyVehicleProperty, propId = 0x214020f3, data = {status: 2, int32Values: [0]}
12-30 10:46:16.346   398   464 I vw-vhal : CanSignalsAdapter::notifyVehicleProperty: solvedValue = {.timestamp = 7712167951250, .areaId = 0, .prop = 557850867, .status = AVAILABLE, .value = {.int32Values = [1]{0}, .floatValues = [0]{}, .int64Values = [0]{}, .bytes = [0]{}, .stringValue = ""}}
12-30 10:46:16.346   398   464 I VehiclePropertyStore: begin to write value to Store: {.timestamp = 7712167951250, .areaId = 0, .prop = 557850867, .status = AVAILABLE, .value = {.int32Values = [1]{0}, .floatValues = [0]{}, .int64Values = [0]{}, .bytes = [0]{}, .stringValue = ""}}
12-30 10:46:16.346   398   464 I DefaultVehicleHal_v2_0: DefaultVehicleHal::onPropertyValue, value:{.timestamp = 7712167951250, .areaId = 0, .prop = 557850867, .status = AVAILABLE, .value = {.int32Values = [1]{0}, .floatValues = [0]{}, .int64Values = [0]{}, .bytes = [0]{}, .stringValue = ""}}
12-30 10:46:16.346   398   464 D DiagPropHandler: is not DiagnosticConfig: 0x214020f3
12-30 10:46:16.346   398   464 I VehiclePropertyStore: begin to write value to Store: {.timestamp = 7712167951250, .areaId = 0, .prop = 557850867, .status = AVAILABLE, .value = {.int32Values = [1]{0}, .floatValues = [0]{}, .int64Values = [0]{}, .bytes = [0]{}, .stringValue = ""}}
12-30 10:46:16.346   398   464 D adayocomadapter-CommunicationManager: onUpstreamReceive mPropertyId 0x214020f3
12-30 10:46:16.346   398   464 D adayocomadapter-CommunicationManager: onUpstreamReceive mPropertyId 0x214020f4
12-30 10:46:16.346   398   464 D adayocomadapter-CommunicationManager: convertBytesToInt32Memcpy  0
12-30 10:46:16.346   398   464 I vw-vhal : notifyVehicleProperty, propId = 0x214020f4, data = {status: 2, int32Values: [0]}
12-30 10:46:16.346   398   464 I vw-vhal : CanSignalsAdapter::notifyVehicleProperty: solvedValue = {.timestamp = 7712168343917, .areaId = 0, .prop = 557850868, .status = AVAILABLE, .value = {.int32Values = [1]{0}, .floatValues = [0]{}, .int64Values = [0]{}, .bytes = [0]{}, .stringValue = ""}}
12-30 10:46:16.346   398   464 I VehiclePropertyStore: begin to write value to Store: {.timestamp = 7712168343917, .areaId = 0, .prop = 557850868, .status = AVAILABLE, .value = {.int32Values = [1]{0}, .floatValues = [0]{}, .int64Values = [0]{}, .bytes = [0]{}, .stringValue = ""}}
12-30 10:46:16.346   398   464 I DefaultVehicleHal_v2_0: DefaultVehicleHal::onPropertyValue, value:{.timestamp = 7712168343917, .areaId = 0, .prop = 557850868, .status = AVAILABLE, .value = {.int32Values = [1]{0}, .floatValues = [0]{}, .int64Values = [0]{}, .bytes = [0]{}, .stringValue = ""}}
12-30 10:46:16.346   398   464 D DiagPropHandler: is not DiagnosticConfig: 0x214020f4
12-30 10:46:16.346   398   464 I VehiclePropertyStore: begin to write value to Store: {.timestamp = 7712168343917, .areaId = 0, .prop = 557850868, .status = AVAILABLE, .value = {.int32Values = [1]{0}, .floatValues = [0]{}, .int64Values = [0]{}, .bytes = [0]{}, .stringValue = ""}}
12-30 10:46:16.346   398   464 D adayocomadapter-CommunicationManager: onUpstreamReceive mPropertyId 0x214020f4
12-30 10:46:16.346   398   464 D adayocomadapter-CommunicationManager: onUpstreamReceive mPropertyId 0x214020f5
12-30 10:46:16.346   398   464 D adayocomadapter-CommunicationManager: convertBytesToInt32Memcpy  0
12-30 10:46:16.346   398   464 I vw-vhal : notifyVehicleProperty, propId = 0x214020f5, data = {status: 2, int32Values: [0]}
12-30 10:46:16.346   398   464 I vw-vhal : CanSignalsAdapter::notifyVehicleProperty: solvedValue = {.timestamp = 7712168539917, .areaId = 0, .prop = 557850869, .status = AVAILABLE, .value = {.int32Values = [1]{0}, .floatValues = [0]{}, .int64Values = [0]{}, .bytes = [0]{}, .stringValue = ""}}
12-30 10:46:16.346   398   464 I VehiclePropertyStore: begin to write value to Store: {.timestamp = 7712168539917, .areaId = 0, .prop = 557850869, .status = AVAILABLE, .value = {.int32Values = [1]{0}, .floatValues = [0]{}, .int64Values = [0]{}, .bytes = [0]{}, .stringValue = ""}}
12-30 10:46:16.346   398   464 I DefaultVehicleHal_v2_0: DefaultVehicleHal::onPropertyValue, value:{.timestamp = 7712168539917, .areaId = 0, .prop = 557850869, .status = AVAILABLE, .value = {.int32Values = [1]{0}, .floatValues = [0]{}, .int64Values = [0]{}, .bytes = [0]{}, .stringValue = ""}}
12-30 10:46:16.346   398   464 D DiagPropHandler: is not DiagnosticConfig: 0x214020f5
12-30 10:46:16.346   398   464 I VehiclePropertyStore: begin to write value to Store: {.timestamp = 7712168539917, .areaId = 0, .prop = 557850869, .status = AVAILABLE, .value = {.int32Values = [1]{0}, .floatValues = [0]{}, .int64Values = [0]{}, .bytes = [0]{}, .stringValue = ""}}
12-30 10:46:16.346   398   464 D adayocomadapter-CommunicationManager: onUpstreamReceive mPropertyId 0x214020f5
12-30 10:46:16.346   398   464 D adayocomadapter-CommunicationManager: onUpstreamReceive mPropertyId 0x214020f6
12-30 10:46:16.346   398   464 D adayocomadapter-CommunicationManager: convertBytesToInt32Memcpy  0
12-30 10:46:16.347   398   464 I vw-vhal : notifyVehicleProperty, propId = 0x214020f6, data = {status: 2, int32Values: [0]}
12-30 10:46:16.347   398   464 I vw-vhal : CanSignalsAdapter::notifyVehicleProperty: solvedValue = {.timestamp = 7712168875917, .areaId = 0, .prop = 557850870, .status = AVAILABLE, .value = {.int32Values = [1]{0}, .floatValues = [0]{}, .int64Values = [0]{}, .bytes = [0]{}, .stringValue = ""}}
12-30 10:46:16.347   398   464 I VehiclePropertyStore: begin to write value to Store: {.timestamp = 7712168875917, .areaId = 0, .prop = 557850870, .status = AVAILABLE, .value = {.int32Values = [1]{0}, .floatValues = [0]{}, .int64Values = [0]{}, .bytes = [0]{}, .stringValue = ""}}
12-30 10:46:16.347   398   464 I DefaultVehicleHal_v2_0: DefaultVehicleHal::onPropertyValue, value:{.timestamp = 7712168875917, .areaId = 0, .prop = 557850870, .status = AVAILABLE, .value = {.int32Values = [1]{0}, .floatValues = [0]{}, .int64Values = [0]{}, .bytes = [0]{}, .stringValue = ""}}
12-30 10:46:16.347   398   464 D DiagPropHandler: is not DiagnosticConfig: 0x214020f6
12-30 10:46:16.347   398   464 I VehiclePropertyStore: begin to write value to Store: {.timestamp = 7712168875917, .areaId = 0, .prop = 557850870, .status = AVAILABLE, .value = {.int32Values = [1]{0}, .floatValues = [0]{}, .int64Values = [0]{}, .bytes = [0]{}, .stringValue = ""}}
12-30 10:46:16.347   398   464 D adayocomadapter-CommunicationManager: onUpstreamReceive mPropertyId 0x214020f6
12-30 10:46:16.347   398   464 D adayocomadapter-CommunicationManager: onUpstreamReceive mPropertyId 0x214020f7
12-30 10:46:16.347   398   464 D adayocomadapter-CommunicationManager: convertBytesToInt32Memcpy  0
12-30 10:46:16.347   398   464 I vw-vhal : notifyVehicleProperty, propId = 0x214020f7, data = {status: 2, int32Values: [0]}
12-30 10:46:16.347   398   464 I vw-vhal : CanSignalsAdapter::notifyVehicleProperty: solvedValue = {.timestamp = 7712169064917, .areaId = 0, .prop = 557850871, .status = AVAILABLE, .value = {.int32Values = [1]{0}, .floatValues = [0]{}, .int64Values = [0]{}, .bytes = [0]{}, .stringValue = ""}}
12-30 10:46:16.347   398   464 I VehiclePropertyStore: begin to write value to Store: {.timestamp = 7712169064917, .areaId = 0, .prop = 557850871, .status = AVAILABLE, .value = {.int32Values = [1]{0}, .floatValues = [0]{}, .int64Values = [0]{}, .bytes = [0]{}, .stringValue = ""}}
12-30 10:46:16.347   398   464 I DefaultVehicleHal_v2_0: DefaultVehicleHal::onPropertyValue, value:{.timestamp = 7712169064917, .areaId = 0, .prop = 557850871, .status = AVAILABLE, .value = {.int32Values = [1]{0}, .floatValues = [0]{}, .int64Values = [0]{}, .bytes = [0]{}, .stringValue = ""}}
12-30 10:46:16.347   398   464 D DiagPropHandler: is not DiagnosticConfig: 0x214020f7
12-30 10:46:16.347   398   464 I VehiclePropertyStore: begin to write value to Store: {.timestamp = 7712169064917, .areaId = 0, .prop = 557850871, .status = AVAILABLE, .value = {.int32Values = [1]{0}, .floatValues = [0]{}, .int64Values = [0]{}, .bytes = [0]{}, .stringValue = ""}}
12-30 10:46:16.347   398   464 D adayocomadapter-CommunicationManager: onUpstreamReceive mPropertyId 0x214020f7
12-30 10:46:16.347   398   464 D adayocomadapter-CommunicationManager: onUpstreamReceive mPropertyId 0x214020f8
12-30 10:46:16.347   398   464 D adayocomadapter-CommunicationManager: convertBytesToInt32Memcpy  0
12-30 10:46:16.347   398   464 I vw-vhal : notifyVehicleProperty, propId = 0x214020f8, data = {status: 2, int32Values: [0]}
12-30 10:46:16.347   398   464 I vw-vhal : CanSignalsAdapter::notifyVehicleProperty: solvedValue = {.timestamp = 7712169263250, .areaId = 0, .prop = 557850872, .status = AVAILABLE, .value = {.int32Values = [1]{0}, .floatValues = [0]{}, .int64Values = [0]{}, .bytes = [0]{}, .stringValue = ""}}
12-30 10:46:16.347   398   464 I VehiclePropertyStore: begin to write value to Store: {.timestamp = 7712169263250, .areaId = 0, .prop = 557850872, .status = AVAILABLE, .value = {.int32Values = [1]{0}, .floatValues = [0]{}, .int64Values = [0]{}, .bytes = [0]{}, .stringValue = ""}}
12-30 10:46:16.347   398   464 I DefaultVehicleHal_v2_0: DefaultVehicleHal::onPropertyValue, value:{.timestamp = 7712169263250, .areaId = 0, .prop = 557850872, .status = AVAILABLE, .value = {.int32Values = [1]{0}, .floatValues = [0]{}, .int64Values = [0]{}, .bytes = [0]{}, .stringValue = ""}}
12-30 10:46:16.347   398   464 D DiagPropHandler: is not DiagnosticConfig: 0x214020f8
12-30 10:46:16.347   398   464 I VehiclePropertyStore: begin to write value to Store: {.timestamp = 7712169263250, .areaId = 0, .prop = 557850872, .status = AVAILABLE, .value = {.int32Values = [1]{0}, .floatValues = [0]{}, .int64Values = [0]{}, .bytes = [0]{}, .stringValue = ""}}
12-30 10:46:16.347   398   464 D adayocomadapter-CommunicationManager: onUpstreamReceive mPropertyId 0x214020f8
12-30 10:46:16.347   398   464 D adayocomadapter-CommunicationManager: onUpstreamReceive mPropertyId 0x214020f9
12-30 10:46:16.347   398   464 D adayocomadapter-CommunicationManager: convertBytesToInt32Memcpy  0
12-30 10:46:16.347   398   464 I vw-vhal : notifyVehicleProperty, propId = 0x214020f9, data = {status: 2, int32Values: [0]}
12-30 10:46:16.347   398   464 I vw-vhal : CanSignalsAdapter::notifyVehicleProperty: solvedValue = {.timestamp = 7712169466584, .areaId = 0, .prop = 557850873, .status = AVAILABLE, .value = {.int32Values = [1]{0}, .floatValues = [0]{}, .int64Values = [0]{}, .bytes = [0]{}, .stringValue = ""}}
12-30 10:46:16.347   398   464 I VehiclePropertyStore: begin to write value to Store: {.timestamp = 7712169466584, .areaId = 0, .prop = 557850873, .status = AVAILABLE, .value = {.int32Values = [1]{0}, .floatValues = [0]{}, .int64Values = [0]{}, .bytes = [0]{}, .stringValue = ""}}
12-30 10:46:16.347   398   464 I DefaultVehicleHal_v2_0: DefaultVehicleHal::onPropertyValue, value:{.timestamp = 7712169466584, .areaId = 0, .prop = 557850873, .status = AVAILABLE, .value = {.int32Values = [1]{0}, .floatValues = [0]{}, .int64Values = [0]{}, .bytes = [0]{}, .stringValue = ""}}
12-30 10:46:16.347   398   464 D DiagPropHandler: is not DiagnosticConfig: 0x214020f9
12-30 10:46:16.347   398   464 I VehiclePropertyStore: begin to write value to Store: {.timestamp = 7712169466584, .areaId = 0, .prop = 557850873, .status = AVAILABLE, .value = {.int32Values = [1]{0}, .floatValues = [0]{}, .int64Values = [0]{}, .bytes = [0]{}, .stringValue = ""}}
12-30 10:46:16.347   398   464 D adayocomadapter-CommunicationManager: onUpstreamReceive mPropertyId 0x214020f9
12-30 10:46:16.350 31654 31654 I flags_health_check: ServerConfigurableFlagsReset reset_mode value: 1
12-30 10:46:16.350 31654 31654 I flags_health_check: ServerConfigurableFlagsReset updatable crashing detected, resetting flags.
12-30 10:46:16.358  2358  2623 D RcfController: Rcf proxy is not connected!
12-30 10:46:16.364   360   931 D EvsDriver: forwardFrame
12-30 10:46:16.364   360   931 D EvsDriver: forwardFrameDirect
12-30 10:46:16.364   360   931 D EvsDriver: Delivered 0xb400e2ca9e40c7a0 as id 1
12-30 10:46:16.364   359  2784 D evsmanagerd: /dev/video-evs0 forwarded the buffer #1 to 0xb400f125d2b26dd0 from 0xb400f125e2b20710
12-30 10:46:16.367   360   458 D EvsDriver: doneWithFrame
12-30 10:46:16.382   798   838 I adbd    : opening control endpoint /dev/usb-ffs/adb/ep0
12-30 10:46:16.383   798   838 I adbd    : UsbFfsConnection constructed
12-30 10:46:16.383   798 31655 I adbd    : UsbFfs-monitor thread spawned
01-01 10:08:33.392   838   838 I         : read descriptors
12-30 10:46:16.397   360   931 D EvsDriver: forwardFrame
12-30 10:46:16.397   360   931 D EvsDriver: forwardFrameDirect
12-30 10:46:16.397   360   931 D EvsDriver: Delivered 0xb400e2ca9e40e270 as id 0
12-30 10:46:16.397   359  2784 D evsmanagerd: /dev/video-evs0 forwarded the buffer #0 to 0xb400f125d2b26dd0 from 0xb400f125e2b20710
12-30 10:46:16.405   596  3076 E WifiHAL : Invalid data received from driver
12-30 10:46:16.407   360   458 D EvsDriver: doneWithFrame
12-30 10:46:16.408  2358  2623 D RcfController: Rcf proxy is not connected!
12-30 10:46:16.430   360   931 D EvsDriver: forwardFrame
12-30 10:46:16.431   360   931 D EvsDriver: forwardFrameDirect
12-30 10:46:16.431   360   931 D EvsDriver: Delivered 0xb400e2ca9e40d4b0 as id 1
12-30 10:46:16.431   359  2784 D evsmanagerd: /dev/video-evs0 forwarded the buffer #1 to 0xb400f125d2b26dd0 from 0xb400f125e2b20710
12-30 10:46:16.437   360   458 D EvsDriver: doneWithFrame
12-30 10:46:16.449   596  3076 E WifiHAL : Invalid data received from driver
12-30 10:46:16.449   650   730 D fgemcucomm: sd Uart data : 6AA6001751000206018F
12-30 10:46:16.459  2358  2623 D RcfController: Rcf proxy is not connected!
12-30 10:46:16.464   360   931 D EvsDriver: forwardFrame
12-30 10:46:16.464   360   931 D EvsDriver: forwardFrameDirect
12-30 10:46:16.464   360   931 D EvsDriver: Delivered 0xb400e2ca9e40c2d0 as id 0
12-30 10:46:16.464   359  2784 D evsmanagerd: /dev/video-evs0 forwarded the buffer #0 to 0xb400f125d2b26dd0 from 0xb400f125e2b20710
12-30 10:46:16.467   360   458 D EvsDriver: doneWithFrame
12-30 10:46:16.497   360   931 D EvsDriver: forwardFrame
12-30 10:46:16.497   360   931 D EvsDriver: forwardFrameDirect
12-30 10:46:16.497   360   931 D EvsDriver: Delivered 0xb400e2ca9e40d090 as id 1
12-30 10:46:16.497   359  2784 D evsmanagerd: /dev/video-evs0 forwarded the buffer #1 to 0xb400f125d2b26dd0 from 0xb400f125e2b20710
12-30 10:46:16.508   360   458 D EvsDriver: doneWithFrame
12-30 10:46:16.509  2358  2623 D RcfController: Rcf proxy is not connected!
12-30 10:46:16.526   596  3076 E WifiHAL : Invalid data received from driver
12-30 10:46:16.530   360   931 D EvsDriver: forwardFrame
12-30 10:46:16.531   360   931 D EvsDriver: forwardFrameDirect
12-30 10:46:16.531   360   931 D EvsDriver: Delivered 0xb400e2ca9e40e110 as id 0
12-30 10:46:16.531   359  2784 D evsmanagerd: /dev/video-evs0 forwarded the buffer #0 to 0xb400f125d2b26dd0 from 0xb400f125e2b20710
12-30 10:46:16.535  1667  2513 W ContextImpl: Calling a method in the system process without a qualified user: android.app.ContextImpl.bindService:1988 android.content.ContextWrapper.bindService:861 com.ford.sync.fnvservice.analytics.AnalyticsManager$RetryHandler.a:126 com.ford.sync.fnvservice.analytics.AnalyticsManager$RetryHandler.handleMessage:103 android.os.Handler.dispatchMessage:106 
12-30 10:46:16.536   916  2591 W ActivityManager: Unable to start service Intent { cmp=com.ford.sync.fnvservice/.analytics.AnalyticsService } U=0: not found
12-30 10:46:16.536  1667  2513 W AnalyticsManager:  bind ford Analytics failed -> sendRetryMessage 
12-30 10:46:16.538   360   458 D EvsDriver: doneWithFrame
12-30 10:46:16.559  2358  2623 D RcfController: Rcf proxy is not connected!
12-30 10:46:16.564   360   931 D EvsDriver: forwardFrame
12-30 10:46:16.564   360   931 D EvsDriver: forwardFrameDirect
12-30 10:46:16.564   360   931 D EvsDriver: Delivered 0xb400e2ca9e40c7a0 as id 1
12-30 10:46:16.564   359  2784 D evsmanagerd: /dev/video-evs0 forwarded the buffer #1 to 0xb400f125d2b26dd0 from 0xb400f125e2b20710
12-30 10:46:16.569   360   458 D EvsDriver: doneWithFrame
12-30 10:46:16.579   596  3076 E WifiHAL : Invalid data received from driver
12-30 10:46:16.579   596  3076 E WifiHAL : Invalid data received from driver
12-30 10:46:16.579   596  3076 E WifiHAL : Invalid data received from driver
12-30 10:46:16.579   596  3076 E WifiHAL : Invalid data received from driver
12-30 10:46:16.579   596  3076 E WifiHAL : Invalid data received from driver
12-30 10:46:16.579   596  3076 E WifiHAL : Invalid data received from driver
12-30 10:46:16.579   596  3076 E WifiHAL : Invalid data received from driver
12-30 10:46:16.586   596  3076 E WifiHAL : Invalid data received from driver
12-30 10:46:16.597   360   931 D EvsDriver: forwardFrame
12-30 10:46:16.597   360   931 D EvsDriver: forwardFrameDirect
12-30 10:46:16.598   360   931 D EvsDriver: Delivered 0xb400e2ca9e40e270 as id 0
12-30 10:46:16.598   359  2784 D evsmanagerd: /dev/video-evs0 forwarded the buffer #0 to 0xb400f125d2b26dd0 from 0xb400f125e2b20710
12-30 10:46:16.599   360   458 D EvsDriver: doneWithFrame
12-30 10:46:16.609  2358  2623 D RcfController: Rcf proxy is not connected!
12-30 10:46:16.615   650   729 D fgemcucomm: sd Uart data : 6AA602F0BA00029202BE
12-30 10:46:16.615   650   729 D fgemcucomm: rev uart=63741,len=15, data : 6AA681F0BA00079202000200000038
12-30 10:46:16.616   398  2883 D adayocomadapter-ParseProtocolFunc: printRaWMsg Name[MCUToUPstream recv] len[7] data[92020002000000]
12-30 10:46:16.616   398  2883 D adayocomadapter-CommunicationManager: onUpstreamback   member[0] dataLength[4] timePoint[7712438]
12-30 10:46:16.616   398  2883 D adayocomadapter-ParseProtocolFunc: printRaWMsg Name[onUpstreamback] len[4] data[02000000]
12-30 10:46:16.616   398   464 D adayocomadapter-UpstreamHandler: processBeforePacket upSreamtProcessTimePoint[7712438] 
12-30 10:46:16.616   398   464 D adayocomadapter-UpstreamHandler: processPacket UPSTREAM_QUEUE_DATA_TIMEOUT
12-30 10:46:16.616   398   464 D adayocomadapter-ParseProtocolFunc: parseCommonIPCLBytes Processing tableNumber[2]
12-30 10:46:16.616   398   464 D adayocomadapter-ParseProtocolFunc: parseCommonIPCLBytes Processing tablename[Table-2] tableSize[4]
12-30 10:46:16.616   398   464 D adayocomadapter-ParseProtocolFunc: printRaWMsg Name[byteStream recv] len[4] data[02000000]
12-30 10:46:16.616   398   464 D adayocomadapter-ParseProtocolFunc: printRaWMsg Name[IPCLtoVHAL] len[6] data[214020490000]
12-30 10:46:16.616   398   464 D adayocomadapter-ParseProtocolFunc: printRaWMsg Name[IPCLtoVHAL] len[6] data[214021A20000]
12-30 10:46:16.616   398   464 D adayocomadapter-ParseProtocolFunc: printRaWMsg Name[IPCLtoVHAL] len[6] data[214020EA0000]
12-30 10:46:16.616   398   464 D adayocomadapter-CommunicationManager: onUpstreamReceive mPropertyId 0x21402049
12-30 10:46:16.616   398   464 D adayocomadapter-CommunicationManager: convertBytesToInt32Memcpy  0
12-30 10:46:16.617   398   464 I vw-vhal : notifyVehicleProperty, propId = 0x21402049, data = {status: 2, int32Values: [0]}
12-30 10:46:16.617   398   464 I vw-vhal : CanSignalsAdapter::notifyVehicleProperty: solvedValue = {.timestamp = 7712439010584, .areaId = 0, .prop = 557850697, .status = AVAILABLE, .value = {.int32Values = [1]{0}, .floatValues = [0]{}, .int64Values = [0]{}, .bytes = [0]{}, .stringValue = ""}}
12-30 10:46:16.617   398   464 I VehiclePropertyStore: begin to write value to Store: {.timestamp = 7712439010584, .areaId = 0, .prop = 557850697, .status = AVAILABLE, .value = {.int32Values = [1]{0}, .floatValues = [0]{}, .int64Values = [0]{}, .bytes = [0]{}, .stringValue = ""}}
12-30 10:46:16.617   398   464 I DefaultVehicleHal_v2_0: DefaultVehicleHal::onPropertyValue, value:{.timestamp = 7712439010584, .areaId = 0, .prop = 557850697, .status = AVAILABLE, .value = {.int32Values = [1]{0}, .floatValues = [0]{}, .int64Values = [0]{}, .bytes = [0]{}, .stringValue = ""}}
12-30 10:46:16.617   398   464 D DiagPropHandler: is not DiagnosticConfig: 0x21402049
12-30 10:46:16.617   398   464 I VehiclePropertyStore: begin to write value to Store: {.timestamp = 7712439010584, .areaId = 0, .prop = 557850697, .status = AVAILABLE, .value = {.int32Values = [1]{0}, .floatValues = [0]{}, .int64Values = [0]{}, .bytes = [0]{}, .stringValue = ""}}
12-30 10:46:16.617   398   464 D adayocomadapter-CommunicationManager: onUpstreamReceive mPropertyId 0x21402049
12-30 10:46:16.617   398   464 D adayocomadapter-CommunicationManager: onUpstreamReceive mPropertyId 0x214021a2
12-30 10:46:16.617   398   464 D adayocomadapter-CommunicationManager: convertBytesToInt32Memcpy  0
12-30 10:46:16.617   398   464 I vw-vhal : notifyVehicleProperty, propId = 0x214021a2, data = {status: 2, int32Values: [0]}
12-30 10:46:16.617   398   464 I vw-vhal : CanSignalsAdapter::notifyVehicleProperty: solvedValue = {.timestamp = 7712439717584, .areaId = 0, .prop = 557851042, .status = AVAILABLE, .value = {.int32Values = [1]{0}, .floatValues = [0]{}, .int64Values = [0]{}, .bytes = [0]{}, .stringValue = ""}}
12-30 10:46:16.618   398   464 I VehiclePropertyStore: begin to write value to Store: {.timestamp = 7712439717584, .areaId = 0, .prop = 557851042, .status = AVAILABLE, .value = {.int32Values = [1]{0}, .floatValues = [0]{}, .int64Values = [0]{}, .bytes = [0]{}, .stringValue = ""}}
12-30 10:46:16.618   398   464 I DefaultVehicleHal_v2_0: DefaultVehicleHal::onPropertyValue, value:{.timestamp = 7712439717584, .areaId = 0, .prop = 557851042, .status = AVAILABLE, .value = {.int32Values = [1]{0}, .floatValues = [0]{}, .int64Values = [0]{}, .bytes = [0]{}, .stringValue = ""}}
12-30 10:46:16.618   398   464 D DiagPropHandler: is not DiagnosticConfig: 0x214021a2
12-30 10:46:16.618   398   464 I VehiclePropertyStore: begin to write value to Store: {.timestamp = 7712439717584, .areaId = 0, .prop = 557851042, .status = AVAILABLE, .value = {.int32Values = [1]{0}, .floatValues = [0]{}, .int64Values = [0]{}, .bytes = [0]{}, .stringValue = ""}}
12-30 10:46:16.618   398   464 D adayocomadapter-CommunicationManager: onUpstreamReceive mPropertyId 0x214021a2
12-30 10:46:16.618   398   464 D adayocomadapter-CommunicationManager: onUpstreamReceive mPropertyId 0x214020ea
12-30 10:46:16.618   398   464 D adayocomadapter-CommunicationManager: convertBytesToInt32Memcpy  0
12-30 10:46:16.618   398   464 I vw-vhal : notifyVehicleProperty, propId = 0x214020ea, data = {status: 2, int32Values: [0]}
12-30 10:46:16.618   398   464 I vw-vhal : CanSignalsAdapter::notifyVehicleProperty: solvedValue = {.timestamp = 7712440538584, .areaId = 0, .prop = 557850858, .status = AVAILABLE, .value = {.int32Values = [1]{0}, .floatValues = [0]{}, .int64Values = [0]{}, .bytes = [0]{}, .stringValue = ""}}
12-30 10:46:16.618   398   464 I VehiclePropertyStore: begin to write value to Store: {.timestamp = 7712440538584, .areaId = 0, .prop = 557850858, .status = AVAILABLE, .value = {.int32Values = [1]{0}, .floatValues = [0]{}, .int64Values = [0]{}, .bytes = [0]{}, .stringValue = ""}}
12-30 10:46:16.618   398   464 I DefaultVehicleHal_v2_0: DefaultVehicleHal::onPropertyValue, value:{.timestamp = 7712440538584, .areaId = 0, .prop = 557850858, .status = AVAILABLE, .value = {.int32Values = [1]{0}, .floatValues = [0]{}, .int64Values = [0]{}, .bytes = [0]{}, .stringValue = ""}}
12-30 10:46:16.618   398   464 D DiagPropHandler: is not DiagnosticConfig: 0x214020ea
12-30 10:46:16.619   398   464 I VehiclePropertyStore: begin to write value to Store: {.timestamp = 7712440538584, .areaId = 0, .prop = 557850858, .status = AVAILABLE, .value = {.int32Values = [1]{0}, .floatValues = [0]{}, .int64Values = [0]{}, .bytes = [0]{}, .stringValue = ""}}
12-30 10:46:16.619   398   464 D adayocomadapter-CommunicationManager: onUpstreamReceive mPropertyId 0x214020ea
12-30 10:46:16.631   360   931 D EvsDriver: forwardFrame
12-30 10:46:16.631   360   931 D EvsDriver: forwardFrameDirect
12-30 10:46:16.631   360   931 D EvsDriver: Delivered 0xb400e2ca9e40d4b0 as id 1
12-30 10:46:16.631   359  2784 D evsmanagerd: /dev/video-evs0 forwarded the buffer #1 to 0xb400f125d2b26dd0 from 0xb400f125e2b20710
12-30 10:46:16.640   360   458 D EvsDriver: doneWithFrame
12-30 10:46:16.659   596  3076 E WifiHAL : Invalid data received from driver
12-30 10:46:16.660  2358  2623 D RcfController: Rcf proxy is not connected!
12-30 10:46:16.664   360   931 D EvsDriver: forwardFrame
12-30 10:46:16.664   360   931 D EvsDriver: forwardFrameDirect
12-30 10:46:16.664   360   931 D EvsDriver: Delivered 0xb400e2ca9e40c2d0 as id 0
12-30 10:46:16.665   359  2784 D evsmanagerd: /dev/video-evs0 forwarded the buffer #0 to 0xb400f125d2b26dd0 from 0xb400f125e2b20710
12-30 10:46:16.670   360   458 D EvsDriver: doneWithFrame
12-30 10:46:16.677  1611  1611 I ADAYO_LOG_: handleMessage(UsbFunc.java:3)copyQnx = 0
12-30 10:46:16.677  1611  1611 I ADAYO_LOG_: handleMessage(UsbFunc.java:12)copyState = 2
12-30 10:46:16.697   360   931 D EvsDriver: forwardFrame
12-30 10:46:16.697   360   931 D EvsDriver: forwardFrameDirect
12-30 10:46:16.698   360   931 D EvsDriver: Delivered 0xb400e2ca9e40d090 as id 1
12-30 10:46:16.698   359  2784 D evsmanagerd: /dev/video-evs0 forwarded the buffer #1 to 0xb400f125d2b26dd0 from 0xb400f125e2b20710
12-30 10:46:16.700   360   458 D EvsDriver: doneWithFrame
12-30 10:46:16.710  2358  2623 D RcfController: Rcf proxy is not connected!
12-30 10:46:16.730  1667  2407 I media_message_log->MediaMessageProxy: (SourceFile:1)b connectToService action bind
12-30 10:46:16.731   360   931 D EvsDriver: forwardFrame
12-30 10:46:16.731   360   931 D EvsDriver: forwardFrameDirect
12-30 10:46:16.731   360   931 D EvsDriver: Delivered 0xb400e2ca9e40e110 as id 0
12-30 10:46:16.731   359  2784 D evsmanagerd: /dev/video-evs0 forwarded the buffer #0 to 0xb400f125d2b26dd0 from 0xb400f125e2b20710
12-30 10:46:16.731   916  2591 W ActivityManager: Unable to start service Intent { cmp=com.adayo.server.mediamessagetransfer/.MediaMessTransferService (has extras) } U=0: not found
12-30 10:46:16.732  1667  2407 E media_message_log->MediaMessageProxy: (SourceFile:7)a bindServiceAsUser isBound = false
12-30 10:46:16.741   360   458 D EvsDriver: doneWithFrame
12-30 10:46:16.751   596  3076 E WifiHAL : Invalid data received from driver
12-30 10:46:16.760  2358  2623 D RcfController: Rcf proxy is not connected!
12-30 10:46:16.764   360   931 D EvsDriver: forwardFrame
12-30 10:46:16.764   360   931 D EvsDriver: forwardFrameDirect
12-30 10:46:16.764   360   931 D EvsDriver: Delivered 0xb400e2ca9e40c7a0 as id 1
12-30 10:46:16.764   359  2784 D evsmanagerd: /dev/video-evs0 forwarded the buffer #1 to 0xb400f125d2b26dd0 from 0xb400f125e2b20710
12-30 10:46:16.771   360   458 D EvsDriver: doneWithFrame
12-30 10:46:16.772  1582  3078 I c       : checkService in back thread add: adayo.upgrade.v2.0
12-30 10:46:16.773  1582  3078 E upgradeApp_251223_V1  l: d(null:11)pre->c(null:23)-> serviceBinder is null
12-30 10:46:16.773  1582  3078 W c       : doBindService in back thread fail: adayo.upgrade.v2.0
12-30 10:46:16.797   360   931 D EvsDriver: forwardFrame
12-30 10:46:16.797   360   931 D EvsDriver: forwardFrameDirect
12-30 10:46:16.798   360   931 D EvsDriver: Delivered 0xb400e2ca9e40e270 as id 0
12-30 10:46:16.798   359  2784 D evsmanagerd: /dev/video-evs0 forwarded the buffer #0 to 0xb400f125d2b26dd0 from 0xb400f125e2b20710
12-30 10:46:16.801   360   458 D EvsDriver: doneWithFrame
12-30 10:46:16.810  2358  2623 D RcfController: Rcf proxy is not connected!
12-30 10:46:16.814   596  3076 E WifiHAL : Invalid data received from driver
12-30 10:46:16.831   360   931 D EvsDriver: forwardFrame
12-30 10:46:16.831   360   931 D EvsDriver: forwardFrameDirect
12-30 10:46:16.831   360   931 D EvsDriver: Delivered 0xb400e2ca9e40d4b0 as id 1
12-30 10:46:16.831   359  2784 D evsmanagerd: /dev/video-evs0 forwarded the buffer #1 to 0xb400f125d2b26dd0 from 0xb400f125e2b20710
12-30 10:46:16.842   360   458 D EvsDriver: doneWithFrame
12-30 10:46:16.857  2475  2681 I TtsServiceAgent: check thread start checking, threadId = 29
12-30 10:46:16.857  2475  2681 D TtsServiceAgent: start bind service...
12-30 10:46:16.857  2475  2681 D TtsServiceAgent: ----->initService, usage = 16
12-30 10:46:16.857  2475  2681 W ContextImpl: Calling a method in the system process without a qualified user: android.app.ContextImpl.bindService:1988 android.content.ContextWrapper.bindService:861 com.iflytek.autofly.ttsaidl.ttsproxy.TtsServiceAgent.initService:189 com.iflytek.autofly.ttsaidl.ttsproxy.TtsServiceAgent.initService:133 com.iflytek.autofly.ttsaidl.ttsproxy.TtsServiceAgent$2.run:517 
12-30 10:46:16.858   916  2591 W ActivityManager: Unable to start service Intent { act=com.iflytek.autofly.tts.ttsservice.TtsAdapterService cmp=com.iflytek.cutefly.speechclient.hmi/com.iflytek.autofly.tts.ttsservice.TtsAdapterService } U=0: not found
12-30 10:46:16.859  2475  2681 D TtsServiceAgent: bindService: false
12-30 10:46:16.859  2475  2681 D TtsServiceAgent: start reInitService
12-30 10:46:16.859  2475  2681 D TtsServiceAgent: aidlCheckThreadRunning = true
12-30 10:46:16.859  2475  2681 D TtsServiceAgent: ----->check connection status in 1000s...
12-30 10:46:16.861  2358  2623 D RcfController: Rcf proxy is not connected!
12-30 10:46:16.864   360   931 D EvsDriver: forwardFrame
12-30 10:46:16.864   360   931 D EvsDriver: forwardFrameDirect
12-30 10:46:16.864   360   931 D EvsDriver: Delivered 0xb400e2ca9e40c2d0 as id 0
12-30 10:46:16.864   359  2784 D evsmanagerd: /dev/video-evs0 forwarded the buffer #0 to 0xb400f125d2b26dd0 from 0xb400f125e2b20710
12-30 10:46:16.869   596  3076 E WifiHAL : Invalid data received from driver
12-30 10:46:16.872   360   458 D EvsDriver: doneWithFrame
12-30 10:46:16.895   650   729 D fgemcucomm: sd Uart data : 6AA602F0BB00029202BD
12-30 10:46:16.895   650   729 D fgemcucomm: rev uart=63742,len=15, data : 6AA681F0BB00079202000900000030
12-30 10:46:16.895   398  2883 D adayocomadapter-ParseProtocolFunc: printRaWMsg Name[MCUToUPstream recv] len[7] data[92020009000000]
12-30 10:46:16.895   398  2883 D adayocomadapter-CommunicationManager: onUpstreamback   member[0] dataLength[4] timePoint[7712717]
12-30 10:46:16.895   398  2883 D adayocomadapter-ParseProtocolFunc: printRaWMsg Name[onUpstreamback] len[4] data[09000000]
12-30 10:46:16.896   398   464 D adayocomadapter-UpstreamHandler: processBeforePacket upSreamtProcessTimePoint[7712717] 
12-30 10:46:16.896   398   464 D adayocomadapter-UpstreamHandler: processPacket UPSTREAM_QUEUE_DATA_TIMEOUT
12-30 10:46:16.896   398   464 D adayocomadapter-ParseProtocolFunc: parseCommonIPCLBytes Processing tableNumber[9]
12-30 10:46:16.896   398   464 D adayocomadapter-ParseProtocolFunc: parseCommonIPCLBytes Processing tablename[Table-9] tableSize[4]
12-30 10:46:16.896   398   464 D adayocomadapter-ParseProtocolFunc: printRaWMsg Name[byteStream recv] len[4] data[09000000]
12-30 10:46:16.896   398   464 D adayocomadapter-ParseProtocolFunc: printRaWMsg Name[IPCLtoVHAL] len[6] data[214020600000]
12-30 10:46:16.896   398   464 D adayocomadapter-ParseProtocolFunc: printRaWMsg Name[IPCLtoVHAL] len[6] data[2140218D0000]
12-30 10:46:16.896   398   464 D adayocomadapter-ParseProtocolFunc: printRaWMsg Name[IPCLtoVHAL] len[6] data[214022550000]
12-30 10:46:16.896   398   464 D adayocomadapter-CommunicationManager: onUpstreamReceive mPropertyId 0x21402060
12-30 10:46:16.896   398   464 D adayocomadapter-CommunicationManager: convertBytesToInt32Memcpy  0
12-30 10:46:16.896   398   464 I vw-vhal : notifyVehicleProperty, propId = 0x21402060, data = {status: 2, int32Values: [0]}
12-30 10:46:16.896   398   464 I vw-vhal : CanSignalsAdapter::notifyVehicleProperty: solvedValue = {.timestamp = 7712718668584, .areaId = 0, .prop = 557850720, .status = AVAILABLE, .value = {.int32Values = [1]{0}, .floatValues = [0]{}, .int64Values = [0]{}, .bytes = [0]{}, .stringValue = ""}}
12-30 10:46:16.896   398   464 I VehiclePropertyStore: begin to write value to Store: {.timestamp = 7712718668584, .areaId = 0, .prop = 557850720, .status = AVAILABLE, .value = {.int32Values = [1]{0}, .floatValues = [0]{}, .int64Values = [0]{}, .bytes = [0]{}, .stringValue = ""}}
12-30 10:46:16.897   398   464 I DefaultVehicleHal_v2_0: DefaultVehicleHal::onPropertyValue, value:{.timestamp = 7712718668584, .areaId = 0, .prop = 557850720, .status = AVAILABLE, .value = {.int32Values = [1]{0}, .floatValues = [0]{}, .int64Values = [0]{}, .bytes = [0]{}, .stringValue = ""}}
12-30 10:46:16.897   398   464 D DiagPropHandler: is not DiagnosticConfig: 0x21402060
12-30 10:46:16.897   398   464 I VehiclePropertyStore: begin to write value to Store: {.timestamp = 7712718668584, .areaId = 0, .prop = 557850720, .status = AVAILABLE, .value = {.int32Values = [1]{0}, .floatValues = [0]{}, .int64Values = [0]{}, .bytes = [0]{}, .stringValue = ""}}
12-30 10:46:16.897   398   464 D adayocomadapter-CommunicationManager: onUpstreamReceive mPropertyId 0x21402060
12-30 10:46:16.897   398   464 D adayocomadapter-CommunicationManager: onUpstreamReceive mPropertyId 0x2140218d
12-30 10:46:16.897   398   464 D adayocomadapter-CommunicationManager: convertBytesToInt32Memcpy  0
12-30 10:46:16.897   398   464 I vw-vhal : notifyVehicleProperty, propId = 0x2140218d, data = {status: 2, int32Values: [0]}
12-30 10:46:16.897   398   464 I vw-vhal : CanSignalsAdapter::notifyVehicleProperty: solvedValue = {.timestamp = 7712719359250, .areaId = 0, .prop = 557851021, .status = AVAILABLE, .value = {.int32Values = [1]{0}, .floatValues = [0]{}, .int64Values = [0]{}, .bytes = [0]{}, .stringValue = ""}}
12-30 10:46:16.897   398   464 I VehiclePropertyStore: begin to write value to Store: {.timestamp = 7712719359250, .areaId = 0, .prop = 557851021, .status = AVAILABLE, .value = {.int32Values = [1]{0}, .floatValues = [0]{}, .int64Values = [0]{}, .bytes = [0]{}, .stringValue = ""}}
12-30 10:46:16.897   398   464 I DefaultVehicleHal_v2_0: DefaultVehicleHal::onPropertyValue, value:{.timestamp = 7712719359250, .areaId = 0, .prop = 557851021, .status = AVAILABLE, .value = {.int32Values = [1]{0}, .floatValues = [0]{}, .int64Values = [0]{}, .bytes = [0]{}, .stringValue = ""}}
12-30 10:46:16.897   360   931 D EvsDriver: forwardFrame
12-30 10:46:16.897   398   464 D DiagPropHandler: is not DiagnosticConfig: 0x2140218d
12-30 10:46:16.897   360   931 D EvsDriver: forwardFrameDirect
12-30 10:46:16.897   398   464 I VehiclePropertyStore: begin to write value to Store: {.timestamp = 7712719359250, .areaId = 0, .prop = 557851021, .status = AVAILABLE, .value = {.int32Values = [1]{0}, .floatValues = [0]{}, .int64Values = [0]{}, .bytes = [0]{}, .stringValue = ""}}
12-30 10:46:16.897   398   464 D adayocomadapter-CommunicationManager: onUpstreamReceive mPropertyId 0x2140218d
12-30 10:46:16.897   398   464 D adayocomadapter-CommunicationManager: onUpstreamReceive mPropertyId 0x21402255
12-30 10:46:16.898   398   464 D adayocomadapter-CommunicationManager: convertBytesToInt32Memcpy  0
12-30 10:46:16.898   398   464 I vw-vhal : notifyVehicleProperty, propId = 0x21402255, data = {status: 2, int32Values: [0]}
12-30 10:46:16.898   360   931 D EvsDriver: Delivered 0xb400e2ca9e40d090 as id 1
12-30 10:46:16.898   398   464 I vw-vhal : CanSignalsAdapter::notifyVehicleProperty: solvedValue = {.timestamp = 7712720098584, .areaId = 0, .prop = 557851221, .status = AVAILABLE, .value = {.int32Values = [1]{0}, .floatValues = [0]{}, .int64Values = [0]{}, .bytes = [0]{}, .stringValue = ""}}
12-30 10:46:16.898   359  2784 D evsmanagerd: /dev/video-evs0 forwarded the buffer #1 to 0xb400f125d2b26dd0 from 0xb400f125e2b20710
12-30 10:46:16.898   398   464 I VehiclePropertyStore: begin to write value to Store: {.timestamp = 7712720098584, .areaId = 0, .prop = 557851221, .status = AVAILABLE, .value = {.int32Values = [1]{0}, .floatValues = [0]{}, .int64Values = [0]{}, .bytes = [0]{}, .stringValue = ""}}
12-30 10:46:16.898   398   464 I DefaultVehicleHal_v2_0: DefaultVehicleHal::onPropertyValue, value:{.timestamp = 7712720098584, .areaId = 0, .prop = 557851221, .status = AVAILABLE, .value = {.int32Values = [1]{0}, .floatValues = [0]{}, .int64Values = [0]{}, .bytes = [0]{}, .stringValue = ""}}
12-30 10:46:16.898   398   464 D DiagPropHandler: is not DiagnosticConfig: 0x21402255
12-30 10:46:16.898   398   464 I VehiclePropertyStore: begin to write value to Store: {.timestamp = 7712720098584, .areaId = 0, .prop = 557851221, .status = AVAILABLE, .value = {.int32Values = [1]{0}, .floatValues = [0]{}, .int64Values = [0]{}, .bytes = [0]{}, .stringValue = ""}}
12-30 10:46:16.898   398   464 D adayocomadapter-CommunicationManager: onUpstreamReceive mPropertyId 0x21402255
12-30 10:46:16.903   360   458 D EvsDriver: doneWithFrame
12-30 10:46:16.911  2358  2623 D RcfController: Rcf proxy is not connected!
12-30 10:46:16.915   650   729 D fgemcucomm: sd Uart data : 6AA602F0BC00029202BC
12-30 10:46:16.915   650   729 D fgemcucomm: rev uart=63743,len=14, data : 6AA681F0BC00069202001A00001F
12-30 10:46:16.915   398  2883 D adayocomadapter-ParseProtocolFunc: printRaWMsg Name[MCUToUPstream recv] len[6] data[9202001A0000]
