12-30 10:46:21.167   398   464 I DefaultVehicleHal_v2_0: DefaultVehicleHal::onPropertyValue, value:{.timestamp = 7716988911917, .areaId = 0, .prop = 557850852, .status = AVAILABLE, .value = {.int32Values = [1]{0}, .floatValues = [0]{}, .int64Values = [0]{}, .bytes = [0]{}, .stringValue = ""}}
12-30 10:46:21.167   398   464 D DiagPropHandler: is not DiagnosticConfig: 0x214020e4
12-30 10:46:21.167   398   464 I VehiclePropertyStore: begin to write value to Store: {.timestamp = 7716988911917, .areaId = 0, .prop = 557850852, .status = AVAILABLE, .value = {.int32Values = [1]{0}, .floatValues = [0]{}, .int64Values = [0]{}, .bytes = [0]{}, .stringValue = ""}}
12-30 10:46:21.167   398   464 D adayocomadapter-CommunicationManager: onUpstreamReceive mPropertyId 0x214020e4
12-30 10:46:21.172   360   458 D EvsDriver: doneWithFrame
12-30 10:46:21.173   596  3076 E WifiHAL : Invalid data received from driver
12-30 10:46:21.184  2358  2623 D RcfController: Rcf proxy is not connected!
12-30 10:46:21.197   360   931 D EvsDriver: forwardFrame
12-30 10:46:21.197   360   931 D EvsDriver: forwardFrameDirect
12-30 10:46:21.197   360   931 D EvsDriver: Delivered 0xb400e2ca9e40e270 as id 0
12-30 10:46:21.198   359  2784 D evsmanagerd: /dev/video-evs0 forwarded the buffer #0 to 0xb400f125d2b26dd0 from 0xb400f125e2b20710
12-30 10:46:21.201   682   821 W vendor.fawvw.hardware.persistenceservice: [RecoveryTBoxSomeIPClient::connectSomeIPServer] Waiting proxy available1...
12-30 10:46:21.202   360   458 D EvsDriver: doneWithFrame
12-30 10:46:21.230   665  1525 I gps_hdbd: [gps_upgrade_thread 3403]Enter
12-30 10:46:21.230   360   931 D EvsDriver: forwardFrame
12-30 10:46:21.231   360   931 D EvsDriver: forwardFrameDirect
12-30 10:46:21.231   665  1525 I gps_hdbd: [gps_upgrade_thread 3432] sys.gps.update:0 ,file:not ,upgrate_ing:0
12-30 10:46:21.231   360   931 D EvsDriver: Delivered 0xb400e2ca9e40d4b0 as id 1
12-30 10:46:21.231   359  2784 D evsmanagerd: /dev/video-evs0 forwarded the buffer #1 to 0xb400f125d2b26dd0 from 0xb400f125e2b20710
12-30 10:46:21.232   360   458 D EvsDriver: doneWithFrame
12-30 10:46:21.234  2358  2623 D RcfController: Rcf proxy is not connected!
12-30 10:46:21.262   596  3076 E WifiHAL : Invalid data received from driver
12-30 10:46:21.264   360   931 D EvsDriver: forwardFrame
12-30 10:46:21.264   360   931 D EvsDriver: forwardFrameDirect
12-30 10:46:21.264   360   931 D EvsDriver: Delivered 0xb400e2ca9e40c2d0 as id 0
12-30 10:46:21.264   359  2784 D evsmanagerd: /dev/video-evs0 forwarded the buffer #0 to 0xb400f125d2b26dd0 from 0xb400f125e2b20710
12-30 10:46:21.273   360   458 D EvsDriver: doneWithFrame
12-30 10:46:21.284  2358  2623 D RcfController: Rcf proxy is not connected!
12-30 10:46:21.286   596  3076 E WifiHAL : Invalid data received from driver
12-30 10:46:21.286   596  3076 E WifiHAL : Invalid data received from driver
12-30 10:46:21.286   596  3076 E WifiHAL : Invalid data received from driver
12-30 10:46:21.286   596  3076 E WifiHAL : Invalid data received from driver
12-30 10:46:21.287   596  3076 E WifiHAL : Invalid data received from driver
12-30 10:46:21.287   596  3076 E WifiHAL : Invalid data received from driver
12-30 10:46:21.287   596  3076 E WifiHAL : Invalid data received from driver
12-30 10:46:21.297   360   931 D EvsDriver: forwardFrame
12-30 10:46:21.297   360   931 D EvsDriver: forwardFrameDirect
12-30 10:46:21.297   360   931 D EvsDriver: Delivered 0xb400e2ca9e40d090 as id 1
12-30 10:46:21.297   359  2784 D evsmanagerd: /dev/video-evs0 forwarded the buffer #1 to 0xb400f125d2b26dd0 from 0xb400f125e2b20710
12-30 10:46:21.303   360   458 D EvsDriver: doneWithFrame
12-30 10:46:21.330   360   931 D EvsDriver: forwardFrame
12-30 10:46:21.331   360   931 D EvsDriver: forwardFrameDirect
12-30 10:46:21.331   360   931 D EvsDriver: Delivered 0xb400e2ca9e40e110 as id 0
12-30 10:46:21.331   359  2784 D evsmanagerd: /dev/video-evs0 forwarded the buffer #0 to 0xb400f125d2b26dd0 from 0xb400f125e2b20710
12-30 10:46:21.333   360   458 D EvsDriver: doneWithFrame
12-30 10:46:21.335  2358  2623 D RcfController: Rcf proxy is not connected!
12-30 10:46:21.339   596  3076 E WifiHAL : Invalid data received from driver
12-30 10:46:21.341 31690 31690 I ADAYO_LOG_TRACE_RESOURCE: execute interrupt
12-30 10:46:21.363 31691 31691 I ADAYO_LOG_TRACE_RESOURCE: execute end
12-30 10:46:21.364   360   931 D EvsDriver: forwardFrame
12-30 10:46:21.364   360   931 D EvsDriver: forwardFrameDirect
12-30 10:46:21.364   360   931 D EvsDriver: Delivered 0xb400e2ca9e40c7a0 as id 1
12-30 10:46:21.364   359  2784 D evsmanagerd: /dev/video-evs0 forwarded the buffer #1 to 0xb400f125d2b26dd0 from 0xb400f125e2b20710
12-30 10:46:21.373   360   458 D EvsDriver: doneWithFrame
12-30 10:46:21.385  2358  2623 D RcfController: Rcf proxy is not connected!
12-30 10:46:21.397   360   931 D EvsDriver: forwardFrame
12-30 10:46:21.397   360   931 D EvsDriver: forwardFrameDirect
12-30 10:46:21.397   360   931 D EvsDriver: Delivered 0xb400e2ca9e40e270 as id 0
12-30 10:46:21.397   359  2784 D evsmanagerd: /dev/video-evs0 forwarded the buffer #0 to 0xb400f125d2b26dd0 from 0xb400f125e2b20710
12-30 10:46:21.404   360   458 D EvsDriver: doneWithFrame
01-01 10:08:38.417     1     1 I init    : SVC_EXEC service 'exec 1439 (/system/bin/flags_health_check UPDATABLE_CRASHING)' pid 31692 (uid 1000 gid 1000+0 context default) started; waiting...
12-30 10:46:21.423 31692 31692 I flags_health_check: ServerConfigurableFlagsReset reset_mode value: 1
12-30 10:46:21.423 31692 31692 I flags_health_check: ServerConfigurableFlagsReset updatable crashing detected, resetting flags.
12-30 10:46:21.430   360   931 D EvsDriver: forwardFrame
12-30 10:46:21.430   360   931 D EvsDriver: forwardFrameDirect
12-30 10:46:21.431   360   931 D EvsDriver: Delivered 0xb400e2ca9e40d4b0 as id 1
12-30 10:46:21.431   359  2784 D evsmanagerd: /dev/video-evs0 forwarded the buffer #1 to 0xb400f125d2b26dd0 from 0xb400f125e2b20710
12-30 10:46:21.434   360   458 D EvsDriver: doneWithFrame
12-30 10:46:21.435  2358  2623 D RcfController: Rcf proxy is not connected!
12-30 10:46:21.436   596  3076 E WifiHAL : Invalid data received from driver
12-30 10:46:21.464   360   931 D EvsDriver: forwardFrame
12-30 10:46:21.464   360   931 D EvsDriver: forwardFrameDirect
12-30 10:46:21.464   360   931 D EvsDriver: Delivered 0xb400e2ca9e40c2d0 as id 0
12-30 10:46:21.464   359  2784 D evsmanagerd: /dev/video-evs0 forwarded the buffer #0 to 0xb400f125d2b26dd0 from 0xb400f125e2b20710
12-30 10:46:21.468   650   729 D fgemcucomm: sd Uart data : 6AA602F0E50002920293
12-30 10:46:21.468   650   729 D fgemcucomm: rev uart=63785,len=56, data : 6AA681F0E50030920200190000000000000000000000000000000000000000000000000000000000000000000000000000000000000000CD
12-30 10:46:21.468   398   882 D adayocomadapter-ParseProtocolFunc: printRaWMsg Name[MCUToUPstream recv] len[48] data[920200190000000000000000000000000000000000000000000000000000000000000000000000000000000000000000]
12-30 10:46:21.468   398   882 D adayocomadapter-CommunicationManager: onUpstreamback   member[0] dataLength[45] timePoint[7717290]
12-30 10:46:21.468   398   882 D adayocomadapter-ParseProtocolFunc: printRaWMsg Name[onUpstreamback] len[45] data[190000000000000000000000000000000000000000000000000000000000000000000000000000000000000000]
12-30 10:46:21.468   398   464 D adayocomadapter-UpstreamHandler: processBeforePacket upSreamtProcessTimePoint[7717290] 
12-30 10:46:21.468   398   464 D adayocomadapter-UpstreamHandler: processPacket UPSTREAM_QUEUE_DATA_TIMEOUT
12-30 10:46:21.468   398   464 D adayocomadapter-ParseProtocolFunc: parseCommonIPCLBytes Processing tableNumber[25]
12-30 10:46:21.468   398   464 D adayocomadapter-ParseProtocolFunc: parseCommonIPCLBytes Processing tablename[Table-25] tableSize[45]
12-30 10:46:21.468   398   464 D adayocomadapter-ParseProtocolFunc: printRaWMsg Name[byteStream recv] len[45] data[190000000000000000000000000000000000000000000000000000000000000000000000000000000000000000]
12-30 10:46:21.468   398   464 D adayocomadapter-ParseProtocolFunc: printRaWMsg Name[IPCLtoVHAL] len[6] data[214020C50000]
12-30 10:46:21.468   398   464 D adayocomadapter-ParseProtocolFunc: printRaWMsg Name[IPCLtoVHAL] len[6] data[214021060000]
12-30 10:46:21.468   398   464 D adayocomadapter-ParseProtocolFunc: printRaWMsg Name[IPCLtoVHAL] len[6] data[214021320000]
12-30 10:46:21.468   398   464 D adayocomadapter-ParseProtocolFunc: printRaWMsg Name[IPCLtoVHAL] len[6] data[214020BF0000]
12-30 10:46:21.469   398   464 D adayocomadapter-ParseProtocolFunc: printRaWMsg Name[IPCLtoVHAL] len[6] data[2140212F0000]
12-30 10:46:21.469   398   464 D adayocomadapter-ParseProtocolFunc: printRaWMsg Name[IPCLtoVHAL] len[6] data[214020260000]
12-30 10:46:21.469   398   464 D adayocomadapter-ParseProtocolFunc: printRaWMsg Name[IPCLtoVHAL] len[6] data[214020B30000]
12-30 10:46:21.469   398   464 D adayocomadapter-ParseProtocolFunc: printRaWMsg Name[IPCLtoVHAL] len[6] data[2140219E0000]
12-30 10:46:21.469   398   464 D adayocomadapter-ParseProtocolFunc: printRaWMsg Name[IPCLtoVHAL] len[6] data[214021300000]
12-30 10:46:21.469   398   464 D adayocomadapter-ParseProtocolFunc: printRaWMsg Name[IPCLtoVHAL] len[11] data[2141204A01000000000000]
12-30 10:46:21.469   398   464 D adayocomadapter-ParseProtocolFunc: printRaWMsg Name[IPCLtoVHAL] len[6] data[214020BD0000]
12-30 10:46:21.469   398   464 D adayocomadapter-ParseProtocolFunc: printRaWMsg Name[IPCLtoVHAL] len[6] data[2140213B0000]
12-30 10:46:21.469   398   464 D adayocomadapter-ParseProtocolFunc: printRaWMsg Name[IPCLtoVHAL] len[6] data[214020AE0000]
12-30 10:46:21.469   398   464 D adayocomadapter-ParseProtocolFunc: printRaWMsg Name[IPCLtoVHAL] len[6] data[2140210D0000]
12-30 10:46:21.469   398   464 D adayocomadapter-ParseProtocolFunc: printRaWMsg Name[IPCLtoVHAL] len[6] data[214010180000]
12-30 10:46:21.469   398   464 D adayocomadapter-ParseProtocolFunc: printRaWMsg Name[IPCLtoVHAL] len[6] data[214020A90000]
12-30 10:46:21.469   398   464 D adayocomadapter-ParseProtocolFunc: printRaWMsg Name[IPCLtoVHAL] len[6] data[214020AB0000]
12-30 10:46:21.469   398   464 D adayocomadapter-ParseProtocolFunc: printRaWMsg Name[IPCLtoVHAL] len[6] data[214020AD0000]
12-30 10:46:21.469   398   464 D adayocomadapter-ParseProtocolFunc: printRaWMsg Name[IPCLtoVHAL] len[6] data[2140213A0000]
12-30 10:46:21.469   398   464 D adayocomadapter-ParseProtocolFunc: printRaWMsg Name[IPCLtoVHAL] len[6] data[214021C70000]
12-30 10:46:21.469   398   464 D adayocomadapter-ParseProtocolFunc: printRaWMsg Name[IPCLtoVHAL] len[6] data[214020F20000]
12-30 10:46:21.469   398   464 D adayocomadapter-ParseProtocolFunc: printRaWMsg Name[IPCLtoVHAL] len[6] data[214020F10000]
12-30 10:46:21.469   398   464 D adayocomadapter-ParseProtocolFunc: printRaWMsg Name[IPCLtoVHAL] len[6] data[214021120000]
12-30 10:46:21.469   398   464 D adayocomadapter-ParseProtocolFunc: printRaWMsg Name[IPCLtoVHAL] len[7] data[2140219F000000]
12-30 10:46:21.469   398   464 D adayocomadapter-ParseProtocolFunc: printRaWMsg Name[IPCLtoVHAL] len[6] data[214021390000]
12-30 10:46:21.469   398   464 D adayocomadapter-ParseProtocolFunc: printRaWMsg Name[IPCLtoVHAL] len[7] data[21402025000000]
12-30 10:46:21.469   398   464 D adayocomadapter-ParseProtocolFunc: printRaWMsg Name[IPCLtoVHAL] len[9] data[214020330000000000]
12-30 10:46:21.469   398   464 D adayocomadapter-ParseProtocolFunc: printRaWMsg Name[IPCLtoVHAL] len[6] data[214020340000]
12-30 10:46:21.469   398   464 D adayocomadapter-ParseProtocolFunc: printRaWMsg Name[IPCLtoVHAL] len[6] data[2140218C0000]
12-30 10:46:21.469   398   464 D adayocomadapter-ParseProtocolFunc: printRaWMsg Name[IPCLtoVHAL] len[6] data[2140219B0000]
12-30 10:46:21.469   398   464 D adayocomadapter-ParseProtocolFunc: printRaWMsg Name[IPCLtoVHAL] len[6] data[214021A00000]
12-30 10:46:21.469   398   464 D adayocomadapter-ParseProtocolFunc: printRaWMsg Name[IPCLtoVHAL] len[6] data[214021A30000]
12-30 10:46:21.469   398   464 D adayocomadapter-ParseProtocolFunc: printRaWMsg Name[IPCLtoVHAL] len[6] data[214021A40000]
12-30 10:46:21.469   398   464 D adayocomadapter-ParseProtocolFunc: printRaWMsg Name[IPCLtoVHAL] len[6] data[214021CB0000]
12-30 10:46:21.469   398   464 D adayocomadapter-CommunicationManager: onUpstreamReceive mPropertyId 0x214020c5
12-30 10:46:21.469   398   464 D adayocomadapter-CommunicationManager: convertBytesToInt32Memcpy  0
12-30 10:46:21.469   398   464 I vw-vhal : notifyVehicleProperty, propId = 0x214020c5, data = {status: 2, int32Values: [0]}
12-30 10:46:21.469   398   464 I vw-vhal : CanSignalsAdapter::notifyVehicleProperty: solvedValue = {.timestamp = 7717291496251, .areaId = 0, .prop = 557850821, .status = AVAILABLE, .value = {.int32Values = [1]{0}, .floatValues = [0]{}, .int64Values = [0]{}, .bytes = [0]{}, .stringValue = ""}}
12-30 10:46:21.469   398   464 I VehiclePropertyStore: begin to write value to Store: {.timestamp = 7717291496251, .areaId = 0, .prop = 557850821, .status = AVAILABLE, .value = {.int32Values = [1]{0}, .floatValues = [0]{}, .int64Values = [0]{}, .bytes = [0]{}, .stringValue = ""}}
12-30 10:46:21.469   398   464 I DefaultVehicleHal_v2_0: DefaultVehicleHal::onPropertyValue, value:{.timestamp = 7717291496251, .areaId = 0, .prop = 557850821, .status = AVAILABLE, .value = {.int32Values = [1]{0}, .floatValues = [0]{}, .int64Values = [0]{}, .bytes = [0]{}, .stringValue = ""}}
12-30 10:46:21.469   398   464 D DiagPropHandler: is not DiagnosticConfig: 0x214020c5
12-30 10:46:21.469   398   464 I VehiclePropertyStore: begin to write value to Store: {.timestamp = 7717291496251, .areaId = 0, .prop = 557850821, .status = AVAILABLE, .value = {.int32Values = [1]{0}, .floatValues = [0]{}, .int64Values = [0]{}, .bytes = [0]{}, .stringValue = ""}}
12-30 10:46:21.469   398   464 D adayocomadapter-CommunicationManager: onUpstreamReceive mPropertyId 0x214020c5
12-30 10:46:21.469   398   464 D adayocomadapter-CommunicationManager: onUpstreamReceive mPropertyId 0x21402106
12-30 10:46:21.469   398   464 D adayocomadapter-CommunicationManager: convertBytesToInt32Memcpy  0
12-30 10:46:21.469   398   464 I vw-vhal : notifyVehicleProperty, propId = 0x21402106, data = {status: 2, int32Values: [0]}
12-30 10:46:21.469   398   464 I vw-vhal : CanSignalsAdapter::notifyVehicleProperty: solvedValue = {.timestamp = 7717291733918, .areaId = 0, .prop = 557850886, .status = AVAILABLE, .value = {.int32Values = [1]{0}, .floatValues = [0]{}, .int64Values = [0]{}, .bytes = [0]{}, .stringValue = ""}}
12-30 10:46:21.469   398   464 I VehiclePropertyStore: begin to write value to Store: {.timestamp = 7717291733918, .areaId = 0, .prop = 557850886, .status = AVAILABLE, .value = {.int32Values = [1]{0}, .floatValues = [0]{}, .int64Values = [0]{}, .bytes = [0]{}, .stringValue = ""}}
12-30 10:46:21.469   398   464 I DefaultVehicleHal_v2_0: DefaultVehicleHal::onPropertyValue, value:{.timestamp = 7717291733918, .areaId = 0, .prop = 557850886, .status = AVAILABLE, .value = {.int32Values = [1]{0}, .floatValues = [0]{}, .int64Values = [0]{}, .bytes = [0]{}, .stringValue = ""}}
12-30 10:46:21.469   398   464 D DiagPropHandler: is not DiagnosticConfig: 0x21402106
12-30 10:46:21.470   398   464 I VehiclePropertyStore: begin to write value to Store: {.timestamp = 7717291733918, .areaId = 0, .prop = 557850886, .status = AVAILABLE, .value = {.int32Values = [1]{0}, .floatValues = [0]{}, .int64Values = [0]{}, .bytes = [0]{}, .stringValue = ""}}
12-30 10:46:21.470   398   464 D adayocomadapter-CommunicationManager: onUpstreamReceive mPropertyId 0x21402106
12-30 10:46:21.470   398   464 D adayocomadapter-CommunicationManager: onUpstreamReceive mPropertyId 0x21402132
12-30 10:46:21.470   398   464 D adayocomadapter-CommunicationManager: convertBytesToInt32Memcpy  0
12-30 10:46:21.470   398   464 I vw-vhal : notifyVehicleProperty, propId = 0x21402132, data = {status: 2, int32Values: [0]}
12-30 10:46:21.470   398   464 I vw-vhal : CanSignalsAdapter::notifyVehicleProperty: solvedValue = {.timestamp = 7717292119584, .areaId = 0, .prop = 557850930, .status = AVAILABLE, .value = {.int32Values = [1]{0}, .floatValues = [0]{}, .int64Values = [0]{}, .bytes = [0]{}, .stringValue = ""}}
12-30 10:46:21.470   398   464 I VehiclePropertyStore: begin to write value to Store: {.timestamp = 7717292119584, .areaId = 0, .prop = 557850930, .status = AVAILABLE, .value = {.int32Values = [1]{0}, .floatValues = [0]{}, .int64Values = [0]{}, .bytes = [0]{}, .stringValue = ""}}
12-30 10:46:21.470   398   464 I DefaultVehicleHal_v2_0: DefaultVehicleHal::onPropertyValue, value:{.timestamp = 7717292119584, .areaId = 0, .prop = 557850930, .status = AVAILABLE, .value = {.int32Values = [1]{0}, .floatValues = [0]{}, .int64Values = [0]{}, .bytes = [0]{}, .stringValue = ""}}
12-30 10:46:21.470   398   464 D DiagPropHandler: is not DiagnosticConfig: 0x21402132
12-30 10:46:21.470   398   464 I VehiclePropertyStore: begin to write value to Store: {.timestamp = 7717292119584, .areaId = 0, .prop = 557850930, .status = AVAILABLE, .value = {.int32Values = [1]{0}, .floatValues = [0]{}, .int64Values = [0]{}, .bytes = [0]{}, .stringValue = ""}}
12-30 10:46:21.470   398   464 D adayocomadapter-CommunicationManager: onUpstreamReceive mPropertyId 0x21402132
12-30 10:46:21.470   398   464 D adayocomadapter-CommunicationManager: onUpstreamReceive mPropertyId 0x214020bf
12-30 10:46:21.470   398   464 D adayocomadapter-CommunicationManager: convertBytesToInt32Memcpy  0
12-30 10:46:21.470   398   464 I vw-vhal : notifyVehicleProperty, propId = 0x214020bf, data = {status: 2, int32Values: [0]}
12-30 10:46:21.470   398   464 I vw-vhal : CanSignalsAdapter::notifyVehicleProperty: solvedValue = {.timestamp = 7717292324584, .areaId = 0, .prop = 557850815, .status = AVAILABLE, .value = {.int32Values = [1]{0}, .floatValues = [0]{}, .int64Values = [0]{}, .bytes = [0]{}, .stringValue = ""}}
12-30 10:46:21.470   398   464 I VehiclePropertyStore: begin to write value to Store: {.timestamp = 7717292324584, .areaId = 0, .prop = 557850815, .status = AVAILABLE, .value = {.int32Values = [1]{0}, .floatValues = [0]{}, .int64Values = [0]{}, .bytes = [0]{}, .stringValue = ""}}
12-30 10:46:21.470   398   464 I DefaultVehicleHal_v2_0: DefaultVehicleHal::onPropertyValue, value:{.timestamp = 7717292324584, .areaId = 0, .prop = 557850815, .status = AVAILABLE, .value = {.int32Values = [1]{0}, .floatValues = [0]{}, .int64Values = [0]{}, .bytes = [0]{}, .stringValue = ""}}
12-30 10:46:21.470   398   464 D DiagPropHandler: is not DiagnosticConfig: 0x214020bf
12-30 10:46:21.470   398   464 I VehiclePropertyStore: begin to write value to Store: {.timestamp = 7717292324584, .areaId = 0, .prop = 557850815, .status = AVAILABLE, .value = {.int32Values = [1]{0}, .floatValues = [0]{}, .int64Values = [0]{}, .bytes = [0]{}, .stringValue = ""}}
12-30 10:46:21.470   398   464 D adayocomadapter-CommunicationManager: onUpstreamReceive mPropertyId 0x214020bf
12-30 10:46:21.470   398   464 D adayocomadapter-CommunicationManager: onUpstreamReceive mPropertyId 0x2140212f
12-30 10:46:21.470   398   464 D adayocomadapter-CommunicationManager: convertBytesToInt32Memcpy  0
12-30 10:46:21.470   398   464 I vw-vhal : notifyVehicleProperty, propId = 0x2140212f, data = {status: 2, int32Values: [0]}
12-30 10:46:21.470   398   464 I vw-vhal : CanSignalsAdapter::notifyVehicleProperty: solvedValue = {.timestamp = 7717292522251, .areaId = 0, .prop = 557850927, .status = AVAILABLE, .value = {.int32Values = [1]{0}, .floatValues = [0]{}, .int64Values = [0]{}, .bytes = [0]{}, .stringValue = ""}}
12-30 10:46:21.470   398   464 I VehiclePropertyStore: begin to write value to Store: {.timestamp = 7717292522251, .areaId = 0, .prop = 557850927, .status = AVAILABLE, .value = {.int32Values = [1]{0}, .floatValues = [0]{}, .int64Values = [0]{}, .bytes = [0]{}, .stringValue = ""}}
12-30 10:46:21.470   398   464 I DefaultVehicleHal_v2_0: DefaultVehicleHal::onPropertyValue, value:{.timestamp = 7717292522251, .areaId = 0, .prop = 557850927, .status = AVAILABLE, .value = {.int32Values = [1]{0}, .floatValues = [0]{}, .int64Values = [0]{}, .bytes = [0]{}, .stringValue = ""}}
12-30 10:46:21.470   398   464 D DiagPropHandler: is not DiagnosticConfig: 0x2140212f
12-30 10:46:21.470   398   464 I VehiclePropertyStore: begin to write value to Store: {.timestamp = 7717292522251, .areaId = 0, .prop = 557850927, .status = AVAILABLE, .value = {.int32Values = [1]{0}, .floatValues = [0]{}, .int64Values = [0]{}, .bytes = [0]{}, .stringValue = ""}}
12-30 10:46:21.470   398   464 D adayocomadapter-CommunicationManager: onUpstreamReceive mPropertyId 0x2140212f
12-30 10:46:21.470   398   464 D adayocomadapter-CommunicationManager: onUpstreamReceive mPropertyId 0x21402026
12-30 10:46:21.470   398   464 D adayocomadapter-CommunicationManager: convertBytesToInt32Memcpy  0
12-30 10:46:21.470   398   464 I vw-vhal : notifyVehicleProperty, propId = 0x21402026, data = {status: 2, int32Values: [0]}
12-30 10:46:21.470   398   464 I vw-vhal : CanSignalsAdapter::notifyVehicleProperty: solvedValue = {.timestamp = 7717292717584, .areaId = 0, .prop = 557850662, .status = AVAILABLE, .value = {.int32Values = [1]{0}, .floatValues = [0]{}, .int64Values = [0]{}, .bytes = [0]{}, .stringValue = ""}}
12-30 10:46:21.470   398   464 I VehiclePropertyStore: begin to write value to Store: {.timestamp = 7717292717584, .areaId = 0, .prop = 557850662, .status = AVAILABLE, .value = {.int32Values = [1]{0}, .floatValues = [0]{}, .int64Values = [0]{}, .bytes = [0]{}, .stringValue = ""}}
12-30 10:46:21.470   398   464 I DefaultVehicleHal_v2_0: DefaultVehicleHal::onPropertyValue, value:{.timestamp = 7717292717584, .areaId = 0, .prop = 557850662, .status = AVAILABLE, .value = {.int32Values = [1]{0}, .floatValues = [0]{}, .int64Values = [0]{}, .bytes = [0]{}, .stringValue = ""}}
12-30 10:46:21.470   398   464 D DiagPropHandler: is not DiagnosticConfig: 0x21402026
12-30 10:46:21.470   398   464 I VehiclePropertyStore: begin to write value to Store: {.timestamp = 7717292717584, .areaId = 0, .prop = 557850662, .status = AVAILABLE, .value = {.int32Values = [1]{0}, .floatValues = [0]{}, .int64Values = [0]{}, .bytes = [0]{}, .stringValue = ""}}
12-30 10:46:21.470   398   464 D adayocomadapter-CommunicationManager: onUpstreamReceive mPropertyId 0x21402026
12-30 10:46:21.471   398   464 D adayocomadapter-CommunicationManager: onUpstreamReceive mPropertyId 0x214020b3
12-30 10:46:21.471   398   464 D adayocomadapter-CommunicationManager: convertBytesToInt32Memcpy  0
12-30 10:46:21.471   398   464 I vw-vhal : notifyVehicleProperty, propId = 0x214020b3, data = {status: 2, int32Values: [0]}
12-30 10:46:21.471   398   464 I vw-vhal : CanSignalsAdapter::notifyVehicleProperty: solvedValue = {.timestamp = 7717292913918, .areaId = 0, .prop = 557850803, .status = AVAILABLE, .value = {.int32Values = [1]{0}, .floatValues = [0]{}, .int64Values = [0]{}, .bytes = [0]{}, .stringValue = ""}}
12-30 10:46:21.471   398   464 I VehiclePropertyStore: begin to write value to Store: {.timestamp = 7717292913918, .areaId = 0, .prop = 557850803, .status = AVAILABLE, .value = {.int32Values = [1]{0}, .floatValues = [0]{}, .int64Values = [0]{}, .bytes = [0]{}, .stringValue = ""}}
12-30 10:46:21.471   398   464 I DefaultVehicleHal_v2_0: DefaultVehicleHal::onPropertyValue, value:{.timestamp = 7717292913918, .areaId = 0, .prop = 557850803, .status = AVAILABLE, .value = {.int32Values = [1]{0}, .floatValues = [0]{}, .int64Values = [0]{}, .bytes = [0]{}, .stringValue = ""}}
12-30 10:46:21.471   398   464 D DiagPropHandler: is not DiagnosticConfig: 0x214020b3
12-30 10:46:21.471   398   464 I VehiclePropertyStore: begin to write value to Store: {.timestamp = 7717292913918, .areaId = 0, .prop = 557850803, .status = AVAILABLE, .value = {.int32Values = [1]{0}, .floatValues = [0]{}, .int64Values = [0]{}, .bytes = [0]{}, .stringValue = ""}}
12-30 10:46:21.471   398   464 D adayocomadapter-CommunicationManager: onUpstreamReceive mPropertyId 0x214020b3
12-30 10:46:21.471   398   464 D adayocomadapter-CommunicationManager: onUpstreamReceive mPropertyId 0x2140219e
12-30 10:46:21.471   398   464 D adayocomadapter-CommunicationManager: convertBytesToInt32Memcpy  0
12-30 10:46:21.471   398   464 I vw-vhal : notifyVehicleProperty, propId = 0x2140219e, data = {status: 2, int32Values: [0]}
12-30 10:46:21.471   398   464 I vw-vhal : CanSignalsAdapter::notifyVehicleProperty: solvedValue = {.timestamp = 7717293105918, .areaId = 0, .prop = 557851038, .status = AVAILABLE, .value = {.int32Values = [1]{0}, .floatValues = [0]{}, .int64Values = [0]{}, .bytes = [0]{}, .stringValue = ""}}
12-30 10:46:21.471   398   464 I VehiclePropertyStore: begin to write value to Store: {.timestamp = 7717293105918, .areaId = 0, .prop = 557851038, .status = AVAILABLE, .value = {.int32Values = [1]{0}, .floatValues = [0]{}, .int64Values = [0]{}, .bytes = [0]{}, .stringValue = ""}}
12-30 10:46:21.471   398   464 I DefaultVehicleHal_v2_0: DefaultVehicleHal::onPropertyValue, value:{.timestamp = 7717293105918, .areaId = 0, .prop = 557851038, .status = AVAILABLE, .value = {.int32Values = [1]{0}, .floatValues = [0]{}, .int64Values = [0]{}, .bytes = [0]{}, .stringValue = ""}}
12-30 10:46:21.471   398   464 D DiagPropHandler: is not DiagnosticConfig: 0x2140219e
12-30 10:46:21.471   398   464 I VehiclePropertyStore: begin to write value to Store: {.timestamp = 7717293105918, .areaId = 0, .prop = 557851038, .status = AVAILABLE, .value = {.int32Values = [1]{0}, .floatValues = [0]{}, .int64Values = [0]{}, .bytes = [0]{}, .stringValue = ""}}
12-30 10:46:21.471   398   464 D adayocomadapter-CommunicationManager: onUpstreamReceive mPropertyId 0x2140219e
12-30 10:46:21.471   398   464 D adayocomadapter-CommunicationManager: onUpstreamReceive mPropertyId 0x21402130
12-30 10:46:21.471   398   464 D adayocomadapter-CommunicationManager: convertBytesToInt32Memcpy  0
12-30 10:46:21.471   398   464 I vw-vhal : notifyVehicleProperty, propId = 0x21402130, data = {status: 2, int32Values: [0]}
12-30 10:46:21.471   398   464 I vw-vhal : CanSignalsAdapter::notifyVehicleProperty: solvedValue = {.timestamp = 7717293301251, .areaId = 0, .prop = 557850928, .status = AVAILABLE, .value = {.int32Values = [1]{0}, .floatValues = [0]{}, .int64Values = [0]{}, .bytes = [0]{}, .stringValue = ""}}
12-30 10:46:21.471   398   464 I VehiclePropertyStore: begin to write value to Store: {.timestamp = 7717293301251, .areaId = 0, .prop = 557850928, .status = AVAILABLE, .value = {.int32Values = [1]{0}, .floatValues = [0]{}, .int64Values = [0]{}, .bytes = [0]{}, .stringValue = ""}}
12-30 10:46:21.471   398   464 I DefaultVehicleHal_v2_0: DefaultVehicleHal::onPropertyValue, value:{.timestamp = 7717293301251, .areaId = 0, .prop = 557850928, .status = AVAILABLE, .value = {.int32Values = [1]{0}, .floatValues = [0]{}, .int64Values = [0]{}, .bytes = [0]{}, .stringValue = ""}}
12-30 10:46:21.471   398   464 D DiagPropHandler: is not DiagnosticConfig: 0x21402130
12-30 10:46:21.471   398   464 I VehiclePropertyStore: begin to write value to Store: {.timestamp = 7717293301251, .areaId = 0, .prop = 557850928, .status = AVAILABLE, .value = {.int32Values = [1]{0}, .floatValues = [0]{}, .int64Values = [0]{}, .bytes = [0]{}, .stringValue = ""}}
12-30 10:46:21.471   398   464 D adayocomadapter-CommunicationManager: onUpstreamReceive mPropertyId 0x21402130
12-30 10:46:21.471   398   464 D adayocomadapter-CommunicationManager: onUpstreamReceive mPropertyId 0x2141204a
12-30 10:46:21.471   398   464 I vw-vhal : notifyVehicleProperty, propId = 0x2141204a, data = {status: 2, int32Values: [0, 0, 0, 0, 0, 0]}
12-30 10:46:21.471   398   464 I vw-vhal : CanSignalsAdapter::notifyVehicleProperty: solvedValue = {.timestamp = 7717293487584, .areaId = 0, .prop = 557916234, .status = AVAILABLE, .value = {.int32Values = [6]{0, 0, 0, 0, 0, 0}, .floatValues = [0]{}, .int64Values = [0]{}, .bytes = [0]{}, .stringValue = ""}}
12-30 10:46:21.471   398   464 I VehiclePropertyStore: begin to write value to Store: {.timestamp = 7717293487584, .areaId = 0, .prop = 557916234, .status = AVAILABLE, .value = {.int32Values = [6]{0, 0, 0, 0, 0, 0}, .floatValues = [0]{}, .int64Values = [0]{}, .bytes = [0]{}, .stringValue = ""}}
12-30 10:46:21.471   398   464 I DefaultVehicleHal_v2_0: DefaultVehicleHal::onPropertyValue, value:{.timestamp = 7717293487584, .areaId = 0, .prop = 557916234, .status = AVAILABLE, .value = {.int32Values = [6]{0, 0, 0, 0, 0, 0}, .floatValues = [0]{}, .int64Values = [0]{}, .bytes = [0]{}, .stringValue = ""}}
12-30 10:46:21.471   398   464 D DiagPropHandler: is not DiagnosticConfig: 0x2141204a
12-30 10:46:21.471   398   464 I VehiclePropertyStore: begin to write value to Store: {.timestamp = 7717293487584, .areaId = 0, .prop = 557916234, .status = AVAILABLE, .value = {.int32Values = [6]{0, 0, 0, 0, 0, 0}, .floatValues = [0]{}, .int64Values = [0]{}, .bytes = [0]{}, .stringValue = ""}}
12-30 10:46:21.471   398   464 D adayocomadapter-CommunicationManager: onUpstreamReceive mPropertyId 0x2141204a
12-30 10:46:21.471   398   464 D adayocomadapter-CommunicationManager: onUpstreamReceive mPropertyId 0x214020bd
12-30 10:46:21.471   398   464 D adayocomadapter-CommunicationManager: convertBytesToInt32Memcpy  0
12-30 10:46:21.471   398   464 I vw-vhal : notifyVehicleProperty, propId = 0x214020bd, data = {status: 2, int32Values: [0]}
12-30 10:46:21.471   398   464 I vw-vhal : CanSignalsAdapter::notifyVehicleProperty: solvedValue = {.timestamp = 7717293699918, .areaId = 0, .prop = 557850813, .status = AVAILABLE, .value = {.int32Values = [1]{0}, .floatValues = [0]{}, .int64Values = [0]{}, .bytes = [0]{}, .stringValue = ""}}
12-30 10:46:21.471   398   464 I VehiclePropertyStore: begin to write value to Store: {.timestamp = 7717293699918, .areaId = 0, .prop = 557850813, .status = AVAILABLE, .value = {.int32Values = [1]{0}, .floatValues = [0]{}, .int64Values = [0]{}, .bytes = [0]{}, .stringValue = ""}}
12-30 10:46:21.471   398   464 I DefaultVehicleHal_v2_0: DefaultVehicleHal::onPropertyValue, value:{.timestamp = 7717293699918, .areaId = 0, .prop = 557850813, .status = AVAILABLE, .value = {.int32Values = [1]{0}, .floatValues = [0]{}, .int64Values = [0]{}, .bytes = [0]{}, .stringValue = ""}}
12-30 10:46:21.471   398   464 D DiagPropHandler: is not DiagnosticConfig: 0x214020bd
12-30 10:46:21.471   398   464 I VehiclePropertyStore: begin to write value to Store: {.timestamp = 7717293699918, .areaId = 0, .prop = 557850813, .status = AVAILABLE, .value = {.int32Values = [1]{0}, .floatValues = [0]{}, .int64Values = [0]{}, .bytes = [0]{}, .stringValue = ""}}
12-30 10:46:21.471   398   464 D adayocomadapter-CommunicationManager: onUpstreamReceive mPropertyId 0x214020bd
12-30 10:46:21.471   398   464 D adayocomadapter-CommunicationManager: onUpstreamReceive mPropertyId 0x2140213b
12-30 10:46:21.472   398   464 D adayocomadapter-CommunicationManager: convertBytesToInt32Memcpy  0
12-30 10:46:21.472   398   464 I vw-vhal : notifyVehicleProperty, propId = 0x2140213b, data = {status: 2, int32Values: [0]}
12-30 10:46:21.472   398   464 I vw-vhal : CanSignalsAdapter::notifyVehicleProperty: solvedValue = {.timestamp = 7717293894918, .areaId = 0, .prop = 557850939, .status = AVAILABLE, .value = {.int32Values = [1]{0}, .floatValues = [0]{}, .int64Values = [0]{}, .bytes = [0]{}, .stringValue = ""}}
12-30 10:46:21.472   398   464 I VehiclePropertyStore: begin to write value to Store: {.timestamp = 7717293894918, .areaId = 0, .prop = 557850939, .status = AVAILABLE, .value = {.int32Values = [1]{0}, .floatValues = [0]{}, .int64Values = [0]{}, .bytes = [0]{}, .stringValue = ""}}
12-30 10:46:21.472   398   464 I DefaultVehicleHal_v2_0: DefaultVehicleHal::onPropertyValue, value:{.timestamp = 7717293894918, .areaId = 0, .prop = 557850939, .status = AVAILABLE, .value = {.int32Values = [1]{0}, .floatValues = [0]{}, .int64Values = [0]{}, .bytes = [0]{}, .stringValue = ""}}
12-30 10:46:21.472   398   464 D DiagPropHandler: is not DiagnosticConfig: 0x2140213b
12-30 10:46:21.472   398   464 I VehiclePropertyStore: begin to write value to Store: {.timestamp = 7717293894918, .areaId = 0, .prop = 557850939, .status = AVAILABLE, .value = {.int32Values = [1]{0}, .floatValues = [0]{}, .int64Values = [0]{}, .bytes = [0]{}, .stringValue = ""}}
12-30 10:46:21.472   398   464 D adayocomadapter-CommunicationManager: onUpstreamReceive mPropertyId 0x2140213b
12-30 10:46:21.472   398   464 D adayocomadapter-CommunicationManager: onUpstreamReceive mPropertyId 0x214020ae
12-30 10:46:21.472   398   464 D adayocomadapter-CommunicationManager: convertBytesToInt32Memcpy  0
12-30 10:46:21.472   398   464 I vw-vhal : notifyVehicleProperty, propId = 0x214020ae, data = {status: 2, int32Values: [0]}
12-30 10:46:21.472   398   464 I vw-vhal : CanSignalsAdapter::notifyVehicleProperty: solvedValue = {.timestamp = 7717294087251, .areaId = 0, .prop = 557850798, .status = AVAILABLE, .value = {.int32Values = [1]{0}, .floatValues = [0]{}, .int64Values = [0]{}, .bytes = [0]{}, .stringValue = ""}}
12-30 10:46:21.472   398   464 I VehiclePropertyStore: begin to write value to Store: {.timestamp = 7717294087251, .areaId = 0, .prop = 557850798, .status = AVAILABLE, .value = {.int32Values = [1]{0}, .floatValues = [0]{}, .int64Values = [0]{}, .bytes = [0]{}, .stringValue = ""}}
12-30 10:46:21.472   398   464 I DefaultVehicleHal_v2_0: DefaultVehicleHal::onPropertyValue, value:{.timestamp = 7717294087251, .areaId = 0, .prop = 557850798, .status = AVAILABLE, .value = {.int32Values = [1]{0}, .floatValues = [0]{}, .int64Values = [0]{}, .bytes = [0]{}, .stringValue = ""}}
12-30 10:46:21.472   398   464 D DiagPropHandler: is not DiagnosticConfig: 0x214020ae
12-30 10:46:21.472   398   464 I VehiclePropertyStore: begin to write value to Store: {.timestamp = 7717294087251, .areaId = 0, .prop = 557850798, .status = AVAILABLE, .value = {.int32Values = [1]{0}, .floatValues = [0]{}, .int64Values = [0]{}, .bytes = [0]{}, .stringValue = ""}}
12-30 10:46:21.472   398   464 D adayocomadapter-CommunicationManager: onUpstreamReceive mPropertyId 0x214020ae
12-30 10:46:21.472   398   464 D adayocomadapter-CommunicationManager: onUpstreamReceive mPropertyId 0x2140210d
12-30 10:46:21.472   398   464 D adayocomadapter-CommunicationManager: convertBytesToInt32Memcpy  0
12-30 10:46:21.472   398   464 I vw-vhal : notifyVehicleProperty, propId = 0x2140210d, data = {status: 2, int32Values: [0]}
12-30 10:46:21.472   398   464 I vw-vhal : CanSignalsAdapter::notifyVehicleProperty: solvedValue = {.timestamp = 7717294274584, .areaId = 0, .prop = 557850893, .status = AVAILABLE, .value = {.int32Values = [1]{0}, .floatValues = [0]{}, .int64Values = [0]{}, .bytes = [0]{}, .stringValue = ""}}
12-30 10:46:21.472   398   464 I VehiclePropertyStore: begin to write value to Store: {.timestamp = 7717294274584, .areaId = 0, .prop = 557850893, .status = AVAILABLE, .value = {.int32Values = [1]{0}, .floatValues = [0]{}, .int64Values = [0]{}, .bytes = [0]{}, .stringValue = ""}}
12-30 10:46:21.472   398   464 I DefaultVehicleHal_v2_0: DefaultVehicleHal::onPropertyValue, value:{.timestamp = 7717294274584, .areaId = 0, .prop = 557850893, .status = AVAILABLE, .value = {.int32Values = [1]{0}, .floatValues = [0]{}, .int64Values = [0]{}, .bytes = [0]{}, .stringValue = ""}}
12-30 10:46:21.472   398   464 D DiagPropHandler: is not DiagnosticConfig: 0x2140210d
12-30 10:46:21.472   398   464 I VehiclePropertyStore: begin to write value to Store: {.timestamp = 7717294274584, .areaId = 0, .prop = 557850893, .status = AVAILABLE, .value = {.int32Values = [1]{0}, .floatValues = [0]{}, .int64Values = [0]{}, .bytes = [0]{}, .stringValue = ""}}
12-30 10:46:21.472   398   464 D adayocomadapter-CommunicationManager: onUpstreamReceive mPropertyId 0x2140210d
12-30 10:46:21.472   398   464 D adayocomadapter-CommunicationManager: onUpstreamReceive mPropertyId 0x21401018
12-30 10:46:21.472   398   464 D adayocomadapter-CommunicationManager: convertBytesToInt32Memcpy  0
12-30 10:46:21.472   398   464 I vw-vhal : notifyVehicleProperty, propId = 0x21401018, data = {status: 2, int32Values: [0]}
12-30 10:46:21.472   398   464 I vw-vhal : CanSignalsAdapter::notifyVehicleProperty: solvedValue = {.timestamp = 7717294466584, .areaId = 0, .prop = 557846552, .status = AVAILABLE, .value = {.int32Values = [1]{0}, .floatValues = [0]{}, .int64Values = [0]{}, .bytes = [0]{}, .stringValue = ""}}
12-30 10:46:21.472   398   464 I VehiclePropertyStore: begin to write value to Store: {.timestamp = 7717294466584, .areaId = 0, .prop = 557846552, .status = AVAILABLE, .value = {.int32Values = [1]{0}, .floatValues = [0]{}, .int64Values = [0]{}, .bytes = [0]{}, .stringValue = ""}}
12-30 10:46:21.472   398   464 I DefaultVehicleHal_v2_0: DefaultVehicleHal::onPropertyValue, value:{.timestamp = 7717294466584, .areaId = 0, .prop = 557846552, .status = AVAILABLE, .value = {.int32Values = [1]{0}, .floatValues = [0]{}, .int64Values = [0]{}, .bytes = [0]{}, .stringValue = ""}}
12-30 10:46:21.472   398   464 D DiagPropHandler: is not DiagnosticConfig: 0x21401018
12-30 10:46:21.472   398   464 I VehiclePropertyStore: begin to write value to Store: {.timestamp = 7717294466584, .areaId = 0, .prop = 557846552, .status = AVAILABLE, .value = {.int32Values = [1]{0}, .floatValues = [0]{}, .int64Values = [0]{}, .bytes = [0]{}, .stringValue = ""}}
12-30 10:46:21.472   398   464 D adayocomadapter-CommunicationManager: onUpstreamReceive mPropertyId 0x21401018
12-30 10:46:21.472   398   464 D adayocomadapter-CommunicationManager: onUpstreamReceive mPropertyId 0x214020a9
12-30 10:46:21.472   398   464 D adayocomadapter-CommunicationManager: convertBytesToInt32Memcpy  0
12-30 10:46:21.472   398   464 I vw-vhal : notifyVehicleProperty, propId = 0x214020a9, data = {status: 2, int32Values: [0]}
12-30 10:46:21.472   398   464 I vw-vhal : CanSignalsAdapter::notifyVehicleProperty: solvedValue = {.timestamp = 7717294656251, .areaId = 0, .prop = 557850793, .status = AVAILABLE, .value = {.int32Values = [1]{0}, .floatValues = [0]{}, .int64Values = [0]{}, .bytes = [0]{}, .stringValue = ""}}
12-30 10:46:21.472   398   464 I VehiclePropertyStore: begin to write value to Store: {.timestamp = 7717294656251, .areaId = 0, .prop = 557850793, .status = AVAILABLE, .value = {.int32Values = [1]{0}, .floatValues = [0]{}, .int64Values = [0]{}, .bytes = [0]{}, .stringValue = ""}}
12-30 10:46:21.472   398   464 I DefaultVehicleHal_v2_0: DefaultVehicleHal::onPropertyValue, value:{.timestamp = 7717294656251, .areaId = 0, .prop = 557850793, .status = AVAILABLE, .value = {.int32Values = [1]{0}, .floatValues = [0]{}, .int64Values = [0]{}, .bytes = [0]{}, .stringValue = ""}}
12-30 10:46:21.472   398   464 D DiagPropHandler: is not DiagnosticConfig: 0x214020a9
12-30 10:46:21.472   398   464 I VehiclePropertyStore: begin to write value to Store: {.timestamp = 7717294656251, .areaId = 0, .prop = 557850793, .status = AVAILABLE, .value = {.int32Values = [1]{0}, .floatValues = [0]{}, .int64Values = [0]{}, .bytes = [0]{}, .stringValue = ""}}
12-30 10:46:21.472   398   464 D adayocomadapter-CommunicationManager: onUpstreamReceive mPropertyId 0x214020a9
12-30 10:46:21.472   398   464 D adayocomadapter-CommunicationManager: onUpstreamReceive mPropertyId 0x214020ab
12-30 10:46:21.472   398   464 D adayocomadapter-CommunicationManager: convertBytesToInt32Memcpy  0
12-30 10:46:21.472   398   464 I vw-vhal : notifyVehicleProperty, propId = 0x214020ab, data = {status: 2, int32Values: [0]}
12-30 10:46:21.473   398   464 I vw-vhal : CanSignalsAdapter::notifyVehicleProperty: solvedValue = {.timestamp = 7717294849584, .areaId = 0, .prop = 557850795, .status = AVAILABLE, .value = {.int32Values = [1]{0}, .floatValues = [0]{}, .int64Values = [0]{}, .bytes = [0]{}, .stringValue = ""}}
12-30 10:46:21.473   398   464 I VehiclePropertyStore: begin to write value to Store: {.timestamp = 7717294849584, .areaId = 0, .prop = 557850795, .status = AVAILABLE, .value = {.int32Values = [1]{0}, .floatValues = [0]{}, .int64Values = [0]{}, .bytes = [0]{}, .stringValue = ""}}
12-30 10:46:21.473   398   464 I DefaultVehicleHal_v2_0: DefaultVehicleHal::onPropertyValue, value:{.timestamp = 7717294849584, .areaId = 0, .prop = 557850795, .status = AVAILABLE, .value = {.int32Values = [1]{0}, .floatValues = [0]{}, .int64Values = [0]{}, .bytes = [0]{}, .stringValue = ""}}
12-30 10:46:21.473   398   464 D DiagPropHandler: is not DiagnosticConfig: 0x214020ab
12-30 10:46:21.473   398   464 I VehiclePropertyStore: begin to write value to Store: {.timestamp = 7717294849584, .areaId = 0, .prop = 557850795, .status = AVAILABLE, .value = {.int32Values = [1]{0}, .floatValues = [0]{}, .int64Values = [0]{}, .bytes = [0]{}, .stringValue = ""}}
12-30 10:46:21.473   398   464 D adayocomadapter-CommunicationManager: onUpstreamReceive mPropertyId 0x214020ab
12-30 10:46:21.473   398   464 D adayocomadapter-CommunicationManager: onUpstreamReceive mPropertyId 0x214020ad
12-30 10:46:21.473   398   464 D adayocomadapter-CommunicationManager: convertBytesToInt32Memcpy  0
12-30 10:46:21.473   398   464 I vw-vhal : notifyVehicleProperty, propId = 0x214020ad, data = {status: 2, int32Values: [0]}
12-30 10:46:21.473   398   464 I vw-vhal : CanSignalsAdapter::notifyVehicleProperty: solvedValue = {.timestamp = 7717295037251, .areaId = 0, .prop = 557850797, .status = AVAILABLE, .value = {.int32Values = [1]{0}, .floatValues = [0]{}, .int64Values = [0]{}, .bytes = [0]{}, .stringValue = ""}}
12-30 10:46:21.473   398   464 I VehiclePropertyStore: begin to write value to Store: {.timestamp = 7717295037251, .areaId = 0, .prop = 557850797, .status = AVAILABLE, .value = {.int32Values = [1]{0}, .floatValues = [0]{}, .int64Values = [0]{}, .bytes = [0]{}, .stringValue = ""}}
12-30 10:46:21.473   398   464 I DefaultVehicleHal_v2_0: DefaultVehicleHal::onPropertyValue, value:{.timestamp = 7717295037251, .areaId = 0, .prop = 557850797, .status = AVAILABLE, .value = {.int32Values = [1]{0}, .floatValues = [0]{}, .int64Values = [0]{}, .bytes = [0]{}, .stringValue = ""}}
12-30 10:46:21.473   398   464 D DiagPropHandler: is not DiagnosticConfig: 0x214020ad
12-30 10:46:21.473   398   464 I VehiclePropertyStore: begin to write value to Store: {.timestamp = 7717295037251, .areaId = 0, .prop = 557850797, .status = AVAILABLE, .value = {.int32Values = [1]{0}, .floatValues = [0]{}, .int64Values = [0]{}, .bytes = [0]{}, .stringValue = ""}}
12-30 10:46:21.473   398   464 D adayocomadapter-CommunicationManager: onUpstreamReceive mPropertyId 0x214020ad
12-30 10:46:21.473   398   464 D adayocomadapter-CommunicationManager: onUpstreamReceive mPropertyId 0x2140213a
12-30 10:46:21.473   398   464 D adayocomadapter-CommunicationManager: convertBytesToInt32Memcpy  0
12-30 10:46:21.473   398   464 I vw-vhal : notifyVehicleProperty, propId = 0x2140213a, data = {status: 2, int32Values: [0]}
12-30 10:46:21.473   398   464 I vw-vhal : CanSignalsAdapter::notifyVehicleProperty: solvedValue = {.timestamp = 7717295220584, .areaId = 0, .prop = 557850938, .status = AVAILABLE, .value = {.int32Values = [1]{0}, .floatValues = [0]{}, .int64Values = [0]{}, .bytes = [0]{}, .stringValue = ""}}
12-30 10:46:21.473   398   464 I VehiclePropertyStore: begin to write value to Store: {.timestamp = 7717295220584, .areaId = 0, .prop = 557850938, .status = AVAILABLE, .value = {.int32Values = [1]{0}, .floatValues = [0]{}, .int64Values = [0]{}, .bytes = [0]{}, .stringValue = ""}}
12-30 10:46:21.473   398   464 I DefaultVehicleHal_v2_0: DefaultVehicleHal::onPropertyValue, value:{.timestamp = 7717295220584, .areaId = 0, .prop = 557850938, .status = AVAILABLE, .value = {.int32Values = [1]{0}, .floatValues = [0]{}, .int64Values = [0]{}, .bytes = [0]{}, .stringValue = ""}}
12-30 10:46:21.473   398   464 D DiagPropHandler: is not DiagnosticConfig: 0x2140213a
12-30 10:46:21.473   398   464 I VehiclePropertyStore: begin to write value to Store: {.timestamp = 7717295220584, .areaId = 0, .prop = 557850938, .status = AVAILABLE, .value = {.int32Values = [1]{0}, .floatValues = [0]{}, .int64Values = [0]{}, .bytes = [0]{}, .stringValue = ""}}
12-30 10:46:21.473   398   464 D adayocomadapter-CommunicationManager: onUpstreamReceive mPropertyId 0x2140213a
12-30 10:46:21.473   398   464 D adayocomadapter-CommunicationManager: onUpstreamReceive mPropertyId 0x214021c7
12-30 10:46:21.473   398   464 D adayocomadapter-CommunicationManager: convertBytesToInt32Memcpy  0
12-30 10:46:21.473   398   464 I vw-vhal : notifyVehicleProperty, propId = 0x214021c7, data = {status: 2, int32Values: [0]}
12-30 10:46:21.473   398   464 I vw-vhal : CanSignalsAdapter::notifyVehicleProperty: solvedValue = {.timestamp = 7717295408251, .areaId = 0, .prop = 557851079, .status = AVAILABLE, .value = {.int32Values = [1]{0}, .floatValues = [0]{}, .int64Values = [0]{}, .bytes = [0]{}, .stringValue = ""}}
12-30 10:46:21.473   398   464 I VehiclePropertyStore: begin to write value to Store: {.timestamp = 7717295408251, .areaId = 0, .prop = 557851079, .status = AVAILABLE, .value = {.int32Values = [1]{0}, .floatValues = [0]{}, .int64Values = [0]{}, .bytes = [0]{}, .stringValue = ""}}
12-30 10:46:21.473   398   464 I DefaultVehicleHal_v2_0: DefaultVehicleHal::onPropertyValue, value:{.timestamp = 7717295408251, .areaId = 0, .prop = 557851079, .status = AVAILABLE, .value = {.int32Values = [1]{0}, .floatValues = [0]{}, .int64Values = [0]{}, .bytes = [0]{}, .stringValue = ""}}
12-30 10:46:21.473   398   464 D DiagPropHandler: is not DiagnosticConfig: 0x214021c7
12-30 10:46:21.473   398   464 I VehiclePropertyStore: begin to write value to Store: {.timestamp = 7717295408251, .areaId = 0, .prop = 557851079, .status = AVAILABLE, .value = {.int32Values = [1]{0}, .floatValues = [0]{}, .int64Values = [0]{}, .bytes = [0]{}, .stringValue = ""}}
12-30 10:46:21.473   398   464 D adayocomadapter-CommunicationManager: onUpstreamReceive mPropertyId 0x214021c7
12-30 10:46:21.473   398   464 D adayocomadapter-CommunicationManager: onUpstreamReceive mPropertyId 0x214020f2
12-30 10:46:21.473   398   464 D adayocomadapter-CommunicationManager: convertBytesToInt32Memcpy  0
12-30 10:46:21.473   398   464 I vw-vhal : notifyVehicleProperty, propId = 0x214020f2, data = {status: 2, int32Values: [0]}
12-30 10:46:21.473   398   464 I vw-vhal : CanSignalsAdapter::notifyVehicleProperty: solvedValue = {.timestamp = 7717295603251, .areaId = 0, .prop = 557850866, .status = AVAILABLE, .value = {.int32Values = [1]{0}, .floatValues = [0]{}, .int64Values = [0]{}, .bytes = [0]{}, .stringValue = ""}}
12-30 10:46:21.473   398   464 I VehiclePropertyStore: begin to write value to Store: {.timestamp = 7717295603251, .areaId = 0, .prop = 557850866, .status = AVAILABLE, .value = {.int32Values = [1]{0}, .floatValues = [0]{}, .int64Values = [0]{}, .bytes = [0]{}, .stringValue = ""}}
12-30 10:46:21.473   398   464 I DefaultVehicleHal_v2_0: DefaultVehicleHal::onPropertyValue, value:{.timestamp = 7717295603251, .areaId = 0, .prop = 557850866, .status = AVAILABLE, .value = {.int32Values = [1]{0}, .floatValues = [0]{}, .int64Values = [0]{}, .bytes = [0]{}, .stringValue = ""}}
12-30 10:46:21.473   398   464 D DiagPropHandler: is not DiagnosticConfig: 0x214020f2
12-30 10:46:21.473   398   464 I VehiclePropertyStore: begin to write value to Store: {.timestamp = 7717295603251, .areaId = 0, .prop = 557850866, .status = AVAILABLE, .value = {.int32Values = [1]{0}, .floatValues = [0]{}, .int64Values = [0]{}, .bytes = [0]{}, .stringValue = ""}}
12-30 10:46:21.473   398   464 D adayocomadapter-CommunicationManager: onUpstreamReceive mPropertyId 0x214020f2
12-30 10:46:21.473   398   464 D adayocomadapter-CommunicationManager: onUpstreamReceive mPropertyId 0x214020f1
12-30 10:46:21.473   398   464 D adayocomadapter-CommunicationManager: convertBytesToInt32Memcpy  0
12-30 10:46:21.473   398   464 I vw-vhal : notifyVehicleProperty, propId = 0x214020f1, data = {status: 2, int32Values: [0]}
12-30 10:46:21.473   398   464 I vw-vhal : CanSignalsAdapter::notifyVehicleProperty: solvedValue = {.timestamp = 7717295799918, .areaId = 0, .prop = 557850865, .status = AVAILABLE, .value = {.int32Values = [1]{0}, .floatValues = [0]{}, .int64Values = [0]{}, .bytes = [0]{}, .stringValue = ""}}
12-30 10:46:21.473   398   464 I VehiclePropertyStore: begin to write value to Store: {.timestamp = 7717295799918, .areaId = 0, .prop = 557850865, .status = AVAILABLE, .value = {.int32Values = [1]{0}, .floatValues = [0]{}, .int64Values = [0]{}, .bytes = [0]{}, .stringValue = ""}}
12-30 10:46:21.474   398   464 I DefaultVehicleHal_v2_0: DefaultVehicleHal::onPropertyValue, value:{.timestamp = 7717295799918, .areaId = 0, .prop = 557850865, .status = AVAILABLE, .value = {.int32Values = [1]{0}, .floatValues = [0]{}, .int64Values = [0]{}, .bytes = [0]{}, .stringValue = ""}}
12-30 10:46:21.474   398   464 D DiagPropHandler: is not DiagnosticConfig: 0x214020f1
12-30 10:46:21.474   398   464 I VehiclePropertyStore: begin to write value to Store: {.timestamp = 7717295799918, .areaId = 0, .prop = 557850865, .status = AVAILABLE, .value = {.int32Values = [1]{0}, .floatValues = [0]{}, .int64Values = [0]{}, .bytes = [0]{}, .stringValue = ""}}
12-30 10:46:21.474   398   464 D adayocomadapter-CommunicationManager: onUpstreamReceive mPropertyId 0x214020f1
12-30 10:46:21.474   398   464 D adayocomadapter-CommunicationManager: onUpstreamReceive mPropertyId 0x21402112
12-30 10:46:21.474   398   464 D adayocomadapter-CommunicationManager: convertBytesToInt32Memcpy  0
12-30 10:46:21.474   398   464 I vw-vhal : notifyVehicleProperty, propId = 0x21402112, data = {status: 2, int32Values: [0]}
12-30 10:46:21.474   398   464 I vw-vhal : CanSignalsAdapter::notifyVehicleProperty: solvedValue = {.timestamp = 7717295994251, .areaId = 0, .prop = 557850898, .status = AVAILABLE, .value = {.int32Values = [1]{0}, .floatValues = [0]{}, .int64Values = [0]{}, .bytes = [0]{}, .stringValue = ""}}
