12-30 10:46:18.930   398   464 I VehiclePropertyStore: begin to write value to Store: {.timestamp = 7714752471584, .areaId = 0, .prop = 557850964, .status = AVAILABLE, .value = {.int32Values = [1]{0}, .floatValues = [0]{}, .int64Values = [0]{}, .bytes = [0]{}, .stringValue = ""}}
12-30 10:46:18.930   398   464 I DefaultVehicleHal_v2_0: DefaultVehicleHal::onPropertyValue, value:{.timestamp = 7714752471584, .areaId = 0, .prop = 557850964, .status = AVAILABLE, .value = {.int32Values = [1]{0}, .floatValues = [0]{}, .int64Values = [0]{}, .bytes = [0]{}, .stringValue = ""}}
12-30 10:46:18.931   360   931 D EvsDriver: forwardFrame
12-30 10:46:18.931   398   464 D DiagPropHandler: is not DiagnosticConfig: 0x21402154
12-30 10:46:18.931   360   931 D EvsDriver: forwardFrameDirect
12-30 10:46:18.931   398   464 I VehiclePropertyStore: begin to write value to Store: {.timestamp = 7714752471584, .areaId = 0, .prop = 557850964, .status = AVAILABLE, .value = {.int32Values = [1]{0}, .floatValues = [0]{}, .int64Values = [0]{}, .bytes = [0]{}, .stringValue = ""}}
12-30 10:46:18.931   398   464 D adayocomadapter-CommunicationManager: onUpstreamReceive mPropertyId 0x21402154
12-30 10:46:18.931   398   464 D adayocomadapter-CommunicationManager: onUpstreamReceive mPropertyId 0x214021b7
12-30 10:46:18.931   398   464 D adayocomadapter-CommunicationManager: convertBytesToInt32Memcpy  0
12-30 10:46:18.931   398   464 I vw-vhal : notifyVehicleProperty, propId = 0x214021b7, data = {status: 2, int32Values: [0]}
12-30 10:46:18.931   360   931 D EvsDriver: Delivered 0xb400e2ca9e40e110 as id 0
12-30 10:46:18.931   398   464 I vw-vhal : CanSignalsAdapter::notifyVehicleProperty: solvedValue = {.timestamp = 7714753689584, .areaId = 0, .prop = 557851063, .status = AVAILABLE, .value = {.int32Values = [1]{0}, .floatValues = [0]{}, .int64Values = [0]{}, .bytes = [0]{}, .stringValue = ""}}
12-30 10:46:18.931   359  2784 D evsmanagerd: /dev/video-evs0 forwarded the buffer #0 to 0xb400f125d2b26dd0 from 0xb400f125e2b20710
12-30 10:46:18.931   398   464 I VehiclePropertyStore: begin to write value to Store: {.timestamp = 7714753689584, .areaId = 0, .prop = 557851063, .status = AVAILABLE, .value = {.int32Values = [1]{0}, .floatValues = [0]{}, .int64Values = [0]{}, .bytes = [0]{}, .stringValue = ""}}
12-30 10:46:18.932   398   464 I DefaultVehicleHal_v2_0: DefaultVehicleHal::onPropertyValue, value:{.timestamp = 7714753689584, .areaId = 0, .prop = 557851063, .status = AVAILABLE, .value = {.int32Values = [1]{0}, .floatValues = [0]{}, .int64Values = [0]{}, .bytes = [0]{}, .stringValue = ""}}
12-30 10:46:18.932   398   464 D DiagPropHandler: is not DiagnosticConfig: 0x214021b7
12-30 10:46:18.932   398   464 I VehiclePropertyStore: begin to write value to Store: {.timestamp = 7714753689584, .areaId = 0, .prop = 557851063, .status = AVAILABLE, .value = {.int32Values = [1]{0}, .floatValues = [0]{}, .int64Values = [0]{}, .bytes = [0]{}, .stringValue = ""}}
12-30 10:46:18.932   398   464 D adayocomadapter-CommunicationManager: onUpstreamReceive mPropertyId 0x214021b7
12-30 10:46:18.932   398   464 D adayocomadapter-CommunicationManager: onUpstreamReceive mPropertyId 0x21402156
12-30 10:46:18.932   398   464 D adayocomadapter-CommunicationManager: convertBytesToInt32Memcpy  0
12-30 10:46:18.932   398   464 I vw-vhal : notifyVehicleProperty, propId = 0x21402156, data = {status: 2, int32Values: [0]}
12-30 10:46:18.932   398   464 I vw-vhal : CanSignalsAdapter::notifyVehicleProperty: solvedValue = {.timestamp = 7714754341917, .areaId = 0, .prop = 557850966, .status = AVAILABLE, .value = {.int32Values = [1]{0}, .floatValues = [0]{}, .int64Values = [0]{}, .bytes = [0]{}, .stringValue = ""}}
12-30 10:46:18.932   398   464 I VehiclePropertyStore: begin to write value to Store: {.timestamp = 7714754341917, .areaId = 0, .prop = 557850966, .status = AVAILABLE, .value = {.int32Values = [1]{0}, .floatValues = [0]{}, .int64Values = [0]{}, .bytes = [0]{}, .stringValue = ""}}
12-30 10:46:18.932   398   464 I DefaultVehicleHal_v2_0: DefaultVehicleHal::onPropertyValue, value:{.timestamp = 7714754341917, .areaId = 0, .prop = 557850966, .status = AVAILABLE, .value = {.int32Values = [1]{0}, .floatValues = [0]{}, .int64Values = [0]{}, .bytes = [0]{}, .stringValue = ""}}
12-30 10:46:18.932   398   464 D DiagPropHandler: is not DiagnosticConfig: 0x21402156
12-30 10:46:18.932   398   464 I VehiclePropertyStore: begin to write value to Store: {.timestamp = 7714754341917, .areaId = 0, .prop = 557850966, .status = AVAILABLE, .value = {.int32Values = [1]{0}, .floatValues = [0]{}, .int64Values = [0]{}, .bytes = [0]{}, .stringValue = ""}}
12-30 10:46:18.932   398   464 D adayocomadapter-CommunicationManager: onUpstreamReceive mPropertyId 0x21402156
12-30 10:46:18.932   398   464 D adayocomadapter-CommunicationManager: onUpstreamReceive mPropertyId 0x214021b8
12-30 10:46:18.933   398   464 D adayocomadapter-CommunicationManager: convertBytesToInt32Memcpy  0
12-30 10:46:18.933   398   464 I vw-vhal : notifyVehicleProperty, propId = 0x214021b8, data = {status: 2, int32Values: [0]}
12-30 10:46:18.933   398   464 I vw-vhal : CanSignalsAdapter::notifyVehicleProperty: solvedValue = {.timestamp = 7714754997584, .areaId = 0, .prop = 557851064, .status = AVAILABLE, .value = {.int32Values = [1]{0}, .floatValues = [0]{}, .int64Values = [0]{}, .bytes = [0]{}, .stringValue = ""}}
12-30 10:46:18.933   398   464 I VehiclePropertyStore: begin to write value to Store: {.timestamp = 7714754997584, .areaId = 0, .prop = 557851064, .status = AVAILABLE, .value = {.int32Values = [1]{0}, .floatValues = [0]{}, .int64Values = [0]{}, .bytes = [0]{}, .stringValue = ""}}
12-30 10:46:18.933   398   464 I DefaultVehicleHal_v2_0: DefaultVehicleHal::onPropertyValue, value:{.timestamp = 7714754997584, .areaId = 0, .prop = 557851064, .status = AVAILABLE, .value = {.int32Values = [1]{0}, .floatValues = [0]{}, .int64Values = [0]{}, .bytes = [0]{}, .stringValue = ""}}
12-30 10:46:18.933   398   464 D DiagPropHandler: is not DiagnosticConfig: 0x214021b8
12-30 10:46:18.933   398   464 I VehiclePropertyStore: begin to write value to Store: {.timestamp = 7714754997584, .areaId = 0, .prop = 557851064, .status = AVAILABLE, .value = {.int32Values = [1]{0}, .floatValues = [0]{}, .int64Values = [0]{}, .bytes = [0]{}, .stringValue = ""}}
12-30 10:46:18.933   398   464 D adayocomadapter-CommunicationManager: onUpstreamReceive mPropertyId 0x214021b8
12-30 10:46:18.933   398   464 D adayocomadapter-CommunicationManager: onUpstreamReceive mPropertyId 0x21402157
12-30 10:46:18.933   398   464 D adayocomadapter-CommunicationManager: convertBytesToInt32Memcpy  0
12-30 10:46:18.933   398   464 I vw-vhal : notifyVehicleProperty, propId = 0x21402157, data = {status: 2, int32Values: [0]}
12-30 10:46:18.933   398   464 I vw-vhal : CanSignalsAdapter::notifyVehicleProperty: solvedValue = {.timestamp = 7714755626917, .areaId = 0, .prop = 557850967, .status = AVAILABLE, .value = {.int32Values = [1]{0}, .floatValues = [0]{}, .int64Values = [0]{}, .bytes = [0]{}, .stringValue = ""}}
12-30 10:46:18.933   398   464 I VehiclePropertyStore: begin to write value to Store: {.timestamp = 7714755626917, .areaId = 0, .prop = 557850967, .status = AVAILABLE, .value = {.int32Values = [1]{0}, .floatValues = [0]{}, .int64Values = [0]{}, .bytes = [0]{}, .stringValue = ""}}
12-30 10:46:18.933   398   464 I DefaultVehicleHal_v2_0: DefaultVehicleHal::onPropertyValue, value:{.timestamp = 7714755626917, .areaId = 0, .prop = 557850967, .status = AVAILABLE, .value = {.int32Values = [1]{0}, .floatValues = [0]{}, .int64Values = [0]{}, .bytes = [0]{}, .stringValue = ""}}
12-30 10:46:18.934   398   464 D DiagPropHandler: is not DiagnosticConfig: 0x21402157
12-30 10:46:18.934   398   464 I VehiclePropertyStore: begin to write value to Store: {.timestamp = 7714755626917, .areaId = 0, .prop = 557850967, .status = AVAILABLE, .value = {.int32Values = [1]{0}, .floatValues = [0]{}, .int64Values = [0]{}, .bytes = [0]{}, .stringValue = ""}}
12-30 10:46:18.934   398   464 D adayocomadapter-CommunicationManager: onUpstreamReceive mPropertyId 0x21402157
12-30 10:46:18.934   398   464 D adayocomadapter-CommunicationManager: onUpstreamReceive mPropertyId 0x21402219
12-30 10:46:18.934   398   464 D adayocomadapter-CommunicationManager: convertBytesToInt32Memcpy  0
12-30 10:46:18.934   398   464 I vw-vhal : notifyVehicleProperty, propId = 0x21402219, data = {status: 2, int32Values: [0]}
12-30 10:46:18.934   398   464 I vw-vhal : CanSignalsAdapter::notifyVehicleProperty: solvedValue = {.timestamp = 7714756319584, .areaId = 0, .prop = 557851161, .status = AVAILABLE, .value = {.int32Values = [1]{0}, .floatValues = [0]{}, .int64Values = [0]{}, .bytes = [0]{}, .stringValue = ""}}
12-30 10:46:18.934   398   464 I VehiclePropertyStore: begin to write value to Store: {.timestamp = 7714756319584, .areaId = 0, .prop = 557851161, .status = AVAILABLE, .value = {.int32Values = [1]{0}, .floatValues = [0]{}, .int64Values = [0]{}, .bytes = [0]{}, .stringValue = ""}}
12-30 10:46:18.934   398   464 I DefaultVehicleHal_v2_0: DefaultVehicleHal::onPropertyValue, value:{.timestamp = 7714756319584, .areaId = 0, .prop = 557851161, .status = AVAILABLE, .value = {.int32Values = [1]{0}, .floatValues = [0]{}, .int64Values = [0]{}, .bytes = [0]{}, .stringValue = ""}}
12-30 10:46:18.934   398   464 D DiagPropHandler: is not DiagnosticConfig: 0x21402219
12-30 10:46:18.934   398   464 I VehiclePropertyStore: begin to write value to Store: {.timestamp = 7714756319584, .areaId = 0, .prop = 557851161, .status = AVAILABLE, .value = {.int32Values = [1]{0}, .floatValues = [0]{}, .int64Values = [0]{}, .bytes = [0]{}, .stringValue = ""}}
12-30 10:46:18.934   398   464 D adayocomadapter-CommunicationManager: onUpstreamReceive mPropertyId 0x21402219
12-30 10:46:18.934   398   464 D adayocomadapter-CommunicationManager: onUpstreamReceive mPropertyId 0x2140215b
12-30 10:46:18.935   398   464 D adayocomadapter-CommunicationManager: convertBytesToInt32Memcpy  0
12-30 10:46:18.935   398   464 I vw-vhal : notifyVehicleProperty, propId = 0x2140215b, data = {status: 2, int32Values: [0]}
12-30 10:46:18.935   398   464 I vw-vhal : CanSignalsAdapter::notifyVehicleProperty: solvedValue = {.timestamp = 7714757011917, .areaId = 0, .prop = 557850971, .status = AVAILABLE, .value = {.int32Values = [1]{0}, .floatValues = [0]{}, .int64Values = [0]{}, .bytes = [0]{}, .stringValue = ""}}
12-30 10:46:18.935   398   464 I VehiclePropertyStore: begin to write value to Store: {.timestamp = 7714757011917, .areaId = 0, .prop = 557850971, .status = AVAILABLE, .value = {.int32Values = [1]{0}, .floatValues = [0]{}, .int64Values = [0]{}, .bytes = [0]{}, .stringValue = ""}}
12-30 10:46:18.935   398   464 I DefaultVehicleHal_v2_0: DefaultVehicleHal::onPropertyValue, value:{.timestamp = 7714757011917, .areaId = 0, .prop = 557850971, .status = AVAILABLE, .value = {.int32Values = [1]{0}, .floatValues = [0]{}, .int64Values = [0]{}, .bytes = [0]{}, .stringValue = ""}}
12-30 10:46:18.935   398   464 D DiagPropHandler: is not DiagnosticConfig: 0x2140215b
12-30 10:46:18.935   398   464 I VehiclePropertyStore: begin to write value to Store: {.timestamp = 7714757011917, .areaId = 0, .prop = 557850971, .status = AVAILABLE, .value = {.int32Values = [1]{0}, .floatValues = [0]{}, .int64Values = [0]{}, .bytes = [0]{}, .stringValue = ""}}
12-30 10:46:18.935   398   464 D adayocomadapter-CommunicationManager: onUpstreamReceive mPropertyId 0x2140215b
12-30 10:46:18.935   398   464 D adayocomadapter-CommunicationManager: onUpstreamReceive mPropertyId 0x214021bc
12-30 10:46:18.935   398   464 D adayocomadapter-CommunicationManager: convertBytesToInt32Memcpy  0
12-30 10:46:18.935   398   464 I vw-vhal : notifyVehicleProperty, propId = 0x214021bc, data = {status: 2, int32Values: [0]}
12-30 10:46:18.935   398   464 I vw-vhal : CanSignalsAdapter::notifyVehicleProperty: solvedValue = {.timestamp = 7714757674917, .areaId = 0, .prop = 557851068, .status = AVAILABLE, .value = {.int32Values = [1]{0}, .floatValues = [0]{}, .int64Values = [0]{}, .bytes = [0]{}, .stringValue = ""}}
12-30 10:46:18.935   398   464 I VehiclePropertyStore: begin to write value to Store: {.timestamp = 7714757674917, .areaId = 0, .prop = 557851068, .status = AVAILABLE, .value = {.int32Values = [1]{0}, .floatValues = [0]{}, .int64Values = [0]{}, .bytes = [0]{}, .stringValue = ""}}
12-30 10:46:18.936   398   464 I DefaultVehicleHal_v2_0: DefaultVehicleHal::onPropertyValue, value:{.timestamp = 7714757674917, .areaId = 0, .prop = 557851068, .status = AVAILABLE, .value = {.int32Values = [1]{0}, .floatValues = [0]{}, .int64Values = [0]{}, .bytes = [0]{}, .stringValue = ""}}
12-30 10:46:18.936   398   464 D DiagPropHandler: is not DiagnosticConfig: 0x214021bc
12-30 10:46:18.936   398   464 I VehiclePropertyStore: begin to write value to Store: {.timestamp = 7714757674917, .areaId = 0, .prop = 557851068, .status = AVAILABLE, .value = {.int32Values = [1]{0}, .floatValues = [0]{}, .int64Values = [0]{}, .bytes = [0]{}, .stringValue = ""}}
12-30 10:46:18.936   398   464 D adayocomadapter-CommunicationManager: onUpstreamReceive mPropertyId 0x214021bc
12-30 10:46:18.936   398   464 D adayocomadapter-CommunicationManager: onUpstreamReceive mPropertyId 0x2140221d
12-30 10:46:18.936   398   464 D adayocomadapter-CommunicationManager: convertBytesToInt32Memcpy  0
12-30 10:46:18.936   398   464 I vw-vhal : notifyVehicleProperty, propId = 0x2140221d, data = {status: 2, int32Values: [0]}
12-30 10:46:18.936   398   464 I vw-vhal : CanSignalsAdapter::notifyVehicleProperty: solvedValue = {.timestamp = 7714758308251, .areaId = 0, .prop = 557851165, .status = AVAILABLE, .value = {.int32Values = [1]{0}, .floatValues = [0]{}, .int64Values = [0]{}, .bytes = [0]{}, .stringValue = ""}}
12-30 10:46:18.936   398   464 I VehiclePropertyStore: begin to write value to Store: {.timestamp = 7714758308251, .areaId = 0, .prop = 557851165, .status = AVAILABLE, .value = {.int32Values = [1]{0}, .floatValues = [0]{}, .int64Values = [0]{}, .bytes = [0]{}, .stringValue = ""}}
12-30 10:46:18.936   398   464 I DefaultVehicleHal_v2_0: DefaultVehicleHal::onPropertyValue, value:{.timestamp = 7714758308251, .areaId = 0, .prop = 557851165, .status = AVAILABLE, .value = {.int32Values = [1]{0}, .floatValues = [0]{}, .int64Values = [0]{}, .bytes = [0]{}, .stringValue = ""}}
12-30 10:46:18.936   398   464 D DiagPropHandler: is not DiagnosticConfig: 0x2140221d
12-30 10:46:18.936   398   464 I VehiclePropertyStore: begin to write value to Store: {.timestamp = 7714758308251, .areaId = 0, .prop = 557851165, .status = AVAILABLE, .value = {.int32Values = [1]{0}, .floatValues = [0]{}, .int64Values = [0]{}, .bytes = [0]{}, .stringValue = ""}}
12-30 10:46:18.936   398   464 D adayocomadapter-CommunicationManager: onUpstreamReceive mPropertyId 0x2140221d
12-30 10:46:18.936   398   464 D adayocomadapter-CommunicationManager: onUpstreamReceive mPropertyId 0x214021b9
12-30 10:46:18.937   398   464 D adayocomadapter-CommunicationManager: convertBytesToInt32Memcpy  0
12-30 10:46:18.937   398   464 I vw-vhal : notifyVehicleProperty, propId = 0x214021b9, data = {status: 2, int32Values: [0]}
12-30 10:46:18.937   398   464 I vw-vhal : CanSignalsAdapter::notifyVehicleProperty: solvedValue = {.timestamp = 7714758984917, .areaId = 0, .prop = 557851065, .status = AVAILABLE, .value = {.int32Values = [1]{0}, .floatValues = [0]{}, .int64Values = [0]{}, .bytes = [0]{}, .stringValue = ""}}
12-30 10:46:18.937   360   458 D EvsDriver: doneWithFrame
12-30 10:46:18.937   398   464 I VehiclePropertyStore: begin to write value to Store: {.timestamp = 7714758984917, .areaId = 0, .prop = 557851065, .status = AVAILABLE, .value = {.int32Values = [1]{0}, .floatValues = [0]{}, .int64Values = [0]{}, .bytes = [0]{}, .stringValue = ""}}
12-30 10:46:18.937   398   464 I DefaultVehicleHal_v2_0: DefaultVehicleHal::onPropertyValue, value:{.timestamp = 7714758984917, .areaId = 0, .prop = 557851065, .status = AVAILABLE, .value = {.int32Values = [1]{0}, .floatValues = [0]{}, .int64Values = [0]{}, .bytes = [0]{}, .stringValue = ""}}
12-30 10:46:18.937   398   464 D DiagPropHandler: is not DiagnosticConfig: 0x214021b9
12-30 10:46:18.937   398   464 I VehiclePropertyStore: begin to write value to Store: {.timestamp = 7714758984917, .areaId = 0, .prop = 557851065, .status = AVAILABLE, .value = {.int32Values = [1]{0}, .floatValues = [0]{}, .int64Values = [0]{}, .bytes = [0]{}, .stringValue = ""}}
12-30 10:46:18.937   398   464 D adayocomadapter-CommunicationManager: onUpstreamReceive mPropertyId 0x214021b9
12-30 10:46:18.937   398   464 D adayocomadapter-CommunicationManager: onUpstreamReceive mPropertyId 0x2140221a
12-30 10:46:18.937   398   464 D adayocomadapter-CommunicationManager: convertBytesToInt32Memcpy  0
12-30 10:46:18.937   398   464 I vw-vhal : notifyVehicleProperty, propId = 0x2140221a, data = {status: 2, int32Values: [0]}
12-30 10:46:18.937   398   464 I vw-vhal : CanSignalsAdapter::notifyVehicleProperty: solvedValue = {.timestamp = 7714759643584, .areaId = 0, .prop = 557851162, .status = AVAILABLE, .value = {.int32Values = [1]{0}, .floatValues = [0]{}, .int64Values = [0]{}, .bytes = [0]{}, .stringValue = ""}}
12-30 10:46:18.937   398   464 I VehiclePropertyStore: begin to write value to Store: {.timestamp = 7714759643584, .areaId = 0, .prop = 557851162, .status = AVAILABLE, .value = {.int32Values = [1]{0}, .floatValues = [0]{}, .int64Values = [0]{}, .bytes = [0]{}, .stringValue = ""}}
12-30 10:46:18.938   398   464 I DefaultVehicleHal_v2_0: DefaultVehicleHal::onPropertyValue, value:{.timestamp = 7714759643584, .areaId = 0, .prop = 557851162, .status = AVAILABLE, .value = {.int32Values = [1]{0}, .floatValues = [0]{}, .int64Values = [0]{}, .bytes = [0]{}, .stringValue = ""}}
12-30 10:46:18.938   398   464 D DiagPropHandler: is not DiagnosticConfig: 0x2140221a
12-30 10:46:18.938   398   464 I VehiclePropertyStore: begin to write value to Store: {.timestamp = 7714759643584, .areaId = 0, .prop = 557851162, .status = AVAILABLE, .value = {.int32Values = [1]{0}, .floatValues = [0]{}, .int64Values = [0]{}, .bytes = [0]{}, .stringValue = ""}}
12-30 10:46:18.938   398   464 D adayocomadapter-CommunicationManager: onUpstreamReceive mPropertyId 0x2140221a
12-30 10:46:18.938   398   464 D adayocomadapter-CommunicationManager: onUpstreamReceive mPropertyId 0x214021bb
12-30 10:46:18.938   398   464 D adayocomadapter-CommunicationManager: convertBytesToInt32Memcpy  0
12-30 10:46:18.938   398   464 I vw-vhal : notifyVehicleProperty, propId = 0x214021bb, data = {status: 2, int32Values: [0]}
12-30 10:46:18.938   398   464 I vw-vhal : CanSignalsAdapter::notifyVehicleProperty: solvedValue = {.timestamp = 7714760344584, .areaId = 0, .prop = 557851067, .status = AVAILABLE, .value = {.int32Values = [1]{0}, .floatValues = [0]{}, .int64Values = [0]{}, .bytes = [0]{}, .stringValue = ""}}
12-30 10:46:18.938   398   464 I VehiclePropertyStore: begin to write value to Store: {.timestamp = 7714760344584, .areaId = 0, .prop = 557851067, .status = AVAILABLE, .value = {.int32Values = [1]{0}, .floatValues = [0]{}, .int64Values = [0]{}, .bytes = [0]{}, .stringValue = ""}}
12-30 10:46:18.938   398   464 I DefaultVehicleHal_v2_0: DefaultVehicleHal::onPropertyValue, value:{.timestamp = 7714760344584, .areaId = 0, .prop = 557851067, .status = AVAILABLE, .value = {.int32Values = [1]{0}, .floatValues = [0]{}, .int64Values = [0]{}, .bytes = [0]{}, .stringValue = ""}}
12-30 10:46:18.938   398   464 D DiagPropHandler: is not DiagnosticConfig: 0x214021bb
12-30 10:46:18.938   398   464 I VehiclePropertyStore: begin to write value to Store: {.timestamp = 7714760344584, .areaId = 0, .prop = 557851067, .status = AVAILABLE, .value = {.int32Values = [1]{0}, .floatValues = [0]{}, .int64Values = [0]{}, .bytes = [0]{}, .stringValue = ""}}
12-30 10:46:18.938   398   464 D adayocomadapter-CommunicationManager: onUpstreamReceive mPropertyId 0x214021bb
12-30 10:46:18.938   398   464 D adayocomadapter-CommunicationManager: onUpstreamReceive mPropertyId 0x2140215a
12-30 10:46:18.939   398   464 D adayocomadapter-CommunicationManager: convertBytesToInt32Memcpy  0
12-30 10:46:18.939   398   464 I vw-vhal : notifyVehicleProperty, propId = 0x2140215a, data = {status: 2, int32Values: [0]}
12-30 10:46:18.939   398   464 I vw-vhal : CanSignalsAdapter::notifyVehicleProperty: solvedValue = {.timestamp = 7714761045584, .areaId = 0, .prop = 557850970, .status = AVAILABLE, .value = {.int32Values = [1]{0}, .floatValues = [0]{}, .int64Values = [0]{}, .bytes = [0]{}, .stringValue = ""}}
12-30 10:46:18.939   398   464 I VehiclePropertyStore: begin to write value to Store: {.timestamp = 7714761045584, .areaId = 0, .prop = 557850970, .status = AVAILABLE, .value = {.int32Values = [1]{0}, .floatValues = [0]{}, .int64Values = [0]{}, .bytes = [0]{}, .stringValue = ""}}
12-30 10:46:18.939   398   464 I DefaultVehicleHal_v2_0: DefaultVehicleHal::onPropertyValue, value:{.timestamp = 7714761045584, .areaId = 0, .prop = 557850970, .status = AVAILABLE, .value = {.int32Values = [1]{0}, .floatValues = [0]{}, .int64Values = [0]{}, .bytes = [0]{}, .stringValue = ""}}
12-30 10:46:18.939   398   464 D DiagPropHandler: is not DiagnosticConfig: 0x2140215a
12-30 10:46:18.939   398   464 I VehiclePropertyStore: begin to write value to Store: {.timestamp = 7714761045584, .areaId = 0, .prop = 557850970, .status = AVAILABLE, .value = {.int32Values = [1]{0}, .floatValues = [0]{}, .int64Values = [0]{}, .bytes = [0]{}, .stringValue = ""}}
12-30 10:46:18.939   398   464 D adayocomadapter-CommunicationManager: onUpstreamReceive mPropertyId 0x2140215a
12-30 10:46:18.939   398   464 D adayocomadapter-CommunicationManager: onUpstreamReceive mPropertyId 0x2140221c
12-30 10:46:18.939   398   464 D adayocomadapter-CommunicationManager: convertBytesToInt32Memcpy  0
12-30 10:46:18.939   398   464 I vw-vhal : notifyVehicleProperty, propId = 0x2140221c, data = {status: 2, int32Values: [0]}
12-30 10:46:18.939   398   464 I vw-vhal : CanSignalsAdapter::notifyVehicleProperty: solvedValue = {.timestamp = 7714761763917, .areaId = 0, .prop = 557851164, .status = AVAILABLE, .value = {.int32Values = [1]{0}, .floatValues = [0]{}, .int64Values = [0]{}, .bytes = [0]{}, .stringValue = ""}}
12-30 10:46:18.940   398   464 I VehiclePropertyStore: begin to write value to Store: {.timestamp = 7714761763917, .areaId = 0, .prop = 557851164, .status = AVAILABLE, .value = {.int32Values = [1]{0}, .floatValues = [0]{}, .int64Values = [0]{}, .bytes = [0]{}, .stringValue = ""}}
12-30 10:46:18.940   398   464 I DefaultVehicleHal_v2_0: DefaultVehicleHal::onPropertyValue, value:{.timestamp = 7714761763917, .areaId = 0, .prop = 557851164, .status = AVAILABLE, .value = {.int32Values = [1]{0}, .floatValues = [0]{}, .int64Values = [0]{}, .bytes = [0]{}, .stringValue = ""}}
12-30 10:46:18.940   398   464 D DiagPropHandler: is not DiagnosticConfig: 0x2140221c
12-30 10:46:18.940   398   464 I VehiclePropertyStore: begin to write value to Store: {.timestamp = 7714761763917, .areaId = 0, .prop = 557851164, .status = AVAILABLE, .value = {.int32Values = [1]{0}, .floatValues = [0]{}, .int64Values = [0]{}, .bytes = [0]{}, .stringValue = ""}}
12-30 10:46:18.940   398   464 D adayocomadapter-CommunicationManager: onUpstreamReceive mPropertyId 0x2140221c
12-30 10:46:18.940   398   464 D adayocomadapter-CommunicationManager: onUpstreamReceive mPropertyId 0x214021be
12-30 10:46:18.940   398   464 D adayocomadapter-CommunicationManager: convertBytesToInt32Memcpy  0
12-30 10:46:18.940   398   464 I vw-vhal : notifyVehicleProperty, propId = 0x214021be, data = {status: 2, int32Values: [0]}
12-30 10:46:18.940   398   464 I vw-vhal : CanSignalsAdapter::notifyVehicleProperty: solvedValue = {.timestamp = 7714762420584, .areaId = 0, .prop = 557851070, .status = AVAILABLE, .value = {.int32Values = [1]{0}, .floatValues = [0]{}, .int64Values = [0]{}, .bytes = [0]{}, .stringValue = ""}}
12-30 10:46:18.940   398   464 I VehiclePropertyStore: begin to write value to Store: {.timestamp = 7714762420584, .areaId = 0, .prop = 557851070, .status = AVAILABLE, .value = {.int32Values = [1]{0}, .floatValues = [0]{}, .int64Values = [0]{}, .bytes = [0]{}, .stringValue = ""}}
12-30 10:46:18.940   398   464 I DefaultVehicleHal_v2_0: DefaultVehicleHal::onPropertyValue, value:{.timestamp = 7714762420584, .areaId = 0, .prop = 557851070, .status = AVAILABLE, .value = {.int32Values = [1]{0}, .floatValues = [0]{}, .int64Values = [0]{}, .bytes = [0]{}, .stringValue = ""}}
12-30 10:46:18.940   398   464 D DiagPropHandler: is not DiagnosticConfig: 0x214021be
12-30 10:46:18.940   398   464 I VehiclePropertyStore: begin to write value to Store: {.timestamp = 7714762420584, .areaId = 0, .prop = 557851070, .status = AVAILABLE, .value = {.int32Values = [1]{0}, .floatValues = [0]{}, .int64Values = [0]{}, .bytes = [0]{}, .stringValue = ""}}
12-30 10:46:18.940   398   464 D adayocomadapter-CommunicationManager: onUpstreamReceive mPropertyId 0x214021be
12-30 10:46:18.941   398   464 D adayocomadapter-CommunicationManager: onUpstreamReceive mPropertyId 0x2140215d
12-30 10:46:18.941   398   464 D adayocomadapter-CommunicationManager: convertBytesToInt32Memcpy  0
12-30 10:46:18.941   398   464 I vw-vhal : notifyVehicleProperty, propId = 0x2140215d, data = {status: 2, int32Values: [0]}
12-30 10:46:18.941   398   464 I vw-vhal : CanSignalsAdapter::notifyVehicleProperty: solvedValue = {.timestamp = 7714763080584, .areaId = 0, .prop = 557850973, .status = AVAILABLE, .value = {.int32Values = [1]{0}, .floatValues = [0]{}, .int64Values = [0]{}, .bytes = [0]{}, .stringValue = ""}}
12-30 10:46:18.941   398   464 I VehiclePropertyStore: begin to write value to Store: {.timestamp = 7714763080584, .areaId = 0, .prop = 557850973, .status = AVAILABLE, .value = {.int32Values = [1]{0}, .floatValues = [0]{}, .int64Values = [0]{}, .bytes = [0]{}, .stringValue = ""}}
12-30 10:46:18.941   398   464 I DefaultVehicleHal_v2_0: DefaultVehicleHal::onPropertyValue, value:{.timestamp = 7714763080584, .areaId = 0, .prop = 557850973, .status = AVAILABLE, .value = {.int32Values = [1]{0}, .floatValues = [0]{}, .int64Values = [0]{}, .bytes = [0]{}, .stringValue = ""}}
12-30 10:46:18.941   398   464 D DiagPropHandler: is not DiagnosticConfig: 0x2140215d
12-30 10:46:18.941   398   464 I VehiclePropertyStore: begin to write value to Store: {.timestamp = 7714763080584, .areaId = 0, .prop = 557850973, .status = AVAILABLE, .value = {.int32Values = [1]{0}, .floatValues = [0]{}, .int64Values = [0]{}, .bytes = [0]{}, .stringValue = ""}}
12-30 10:46:18.941   398   464 D adayocomadapter-CommunicationManager: onUpstreamReceive mPropertyId 0x2140215d
12-30 10:46:18.941   398   464 D adayocomadapter-CommunicationManager: onUpstreamReceive mPropertyId 0x2140221f
12-30 10:46:18.941   398   464 D adayocomadapter-CommunicationManager: convertBytesToInt32Memcpy  0
12-30 10:46:18.941   398   464 I vw-vhal : notifyVehicleProperty, propId = 0x2140221f, data = {status: 2, int32Values: [0]}
12-30 10:46:18.941   398   464 I vw-vhal : CanSignalsAdapter::notifyVehicleProperty: solvedValue = {.timestamp = 7714763711917, .areaId = 0, .prop = 557851167, .status = AVAILABLE, .value = {.int32Values = [1]{0}, .floatValues = [0]{}, .int64Values = [0]{}, .bytes = [0]{}, .stringValue = ""}}
12-30 10:46:18.941   398   464 I VehiclePropertyStore: begin to write value to Store: {.timestamp = 7714763711917, .areaId = 0, .prop = 557851167, .status = AVAILABLE, .value = {.int32Values = [1]{0}, .floatValues = [0]{}, .int64Values = [0]{}, .bytes = [0]{}, .stringValue = ""}}
12-30 10:46:18.942   398   464 I DefaultVehicleHal_v2_0: DefaultVehicleHal::onPropertyValue, value:{.timestamp = 7714763711917, .areaId = 0, .prop = 557851167, .status = AVAILABLE, .value = {.int32Values = [1]{0}, .floatValues = [0]{}, .int64Values = [0]{}, .bytes = [0]{}, .stringValue = ""}}
12-30 10:46:18.942   398   464 D DiagPropHandler: is not DiagnosticConfig: 0x2140221f
12-30 10:46:18.942   398   464 I VehiclePropertyStore: begin to write value to Store: {.timestamp = 7714763711917, .areaId = 0, .prop = 557851167, .status = AVAILABLE, .value = {.int32Values = [1]{0}, .floatValues = [0]{}, .int64Values = [0]{}, .bytes = [0]{}, .stringValue = ""}}
12-30 10:46:18.942   596  3076 E WifiHAL : Invalid data received from driver
12-30 10:46:18.942   398   464 D adayocomadapter-CommunicationManager: onUpstreamReceive mPropertyId 0x2140221f
12-30 10:46:18.942   398   464 D adayocomadapter-CommunicationManager: onUpstreamReceive mPropertyId 0x214021a5
12-30 10:46:18.942   398   464 D adayocomadapter-CommunicationManager: convertBytesToInt32Memcpy  0
12-30 10:46:18.942   398   464 I vw-vhal : notifyVehicleProperty, propId = 0x214021a5, data = {status: 2, int32Values: [0]}
12-30 10:46:18.942   398   464 I vw-vhal : CanSignalsAdapter::notifyVehicleProperty: solvedValue = {.timestamp = 7714764417584, .areaId = 0, .prop = 557851045, .status = AVAILABLE, .value = {.int32Values = [1]{0}, .floatValues = [0]{}, .int64Values = [0]{}, .bytes = [0]{}, .stringValue = ""}}
12-30 10:46:18.942   398   464 I VehiclePropertyStore: begin to write value to Store: {.timestamp = 7714764417584, .areaId = 0, .prop = 557851045, .status = AVAILABLE, .value = {.int32Values = [1]{0}, .floatValues = [0]{}, .int64Values = [0]{}, .bytes = [0]{}, .stringValue = ""}}
12-30 10:46:18.942   398   464 I DefaultVehicleHal_v2_0: DefaultVehicleHal::onPropertyValue, value:{.timestamp = 7714764417584, .areaId = 0, .prop = 557851045, .status = AVAILABLE, .value = {.int32Values = [1]{0}, .floatValues = [0]{}, .int64Values = [0]{}, .bytes = [0]{}, .stringValue = ""}}
12-30 10:46:18.942   398   464 D DiagPropHandler: is not DiagnosticConfig: 0x214021a5
12-30 10:46:18.942   398   464 I VehiclePropertyStore: begin to write value to Store: {.timestamp = 7714764417584, .areaId = 0, .prop = 557851045, .status = AVAILABLE, .value = {.int32Values = [1]{0}, .floatValues = [0]{}, .int64Values = [0]{}, .bytes = [0]{}, .stringValue = ""}}
12-30 10:46:18.942   398   464 D adayocomadapter-CommunicationManager: onUpstreamReceive mPropertyId 0x214021a5
12-30 10:46:18.943   398   464 D adayocomadapter-CommunicationManager: onUpstreamReceive mPropertyId 0x21402107
12-30 10:46:18.943   398   464 D adayocomadapter-CommunicationManager: convertBytesToInt32Memcpy  0
12-30 10:46:18.943   398   464 I vw-vhal : notifyVehicleProperty, propId = 0x21402107, data = {status: 2, int32Values: [0]}
12-30 10:46:18.943   398   464 I vw-vhal : CanSignalsAdapter::notifyVehicleProperty: solvedValue = {.timestamp = 7714765089917, .areaId = 0, .prop = 557850887, .status = AVAILABLE, .value = {.int32Values = [1]{0}, .floatValues = [0]{}, .int64Values = [0]{}, .bytes = [0]{}, .stringValue = ""}}
12-30 10:46:18.943   398   464 I VehiclePropertyStore: begin to write value to Store: {.timestamp = 7714765089917, .areaId = 0, .prop = 557850887, .status = AVAILABLE, .value = {.int32Values = [1]{0}, .floatValues = [0]{}, .int64Values = [0]{}, .bytes = [0]{}, .stringValue = ""}}
12-30 10:46:18.943   398   464 I DefaultVehicleHal_v2_0: DefaultVehicleHal::onPropertyValue, value:{.timestamp = 7714765089917, .areaId = 0, .prop = 557850887, .status = AVAILABLE, .value = {.int32Values = [1]{0}, .floatValues = [0]{}, .int64Values = [0]{}, .bytes = [0]{}, .stringValue = ""}}
12-30 10:46:18.943   398   464 D DiagPropHandler: is not DiagnosticConfig: 0x21402107
12-30 10:46:18.943   398   464 I VehiclePropertyStore: begin to write value to Store: {.timestamp = 7714765089917, .areaId = 0, .prop = 557850887, .status = AVAILABLE, .value = {.int32Values = [1]{0}, .floatValues = [0]{}, .int64Values = [0]{}, .bytes = [0]{}, .stringValue = ""}}
12-30 10:46:18.943   398   464 D adayocomadapter-CommunicationManager: onUpstreamReceive mPropertyId 0x21402107
12-30 10:46:18.943   398   464 D adayocomadapter-CommunicationManager: onUpstreamReceive mPropertyId 0x2140222a
12-30 10:46:18.943   398   464 D adayocomadapter-CommunicationManager: convertBytesToInt32Memcpy  0
12-30 10:46:18.943   398   464 I vw-vhal : notifyVehicleProperty, propId = 0x2140222a, data = {status: 2, int32Values: [0]}
12-30 10:46:18.943   398   464 I vw-vhal : CanSignalsAdapter::notifyVehicleProperty: solvedValue = {.timestamp = 7714765761584, .areaId = 0, .prop = 557851178, .status = AVAILABLE, .value = {.int32Values = [1]{0}, .floatValues = [0]{}, .int64Values = [0]{}, .bytes = [0]{}, .stringValue = ""}}
12-30 10:46:18.944   398   464 I VehiclePropertyStore: begin to write value to Store: {.timestamp = 7714765761584, .areaId = 0, .prop = 557851178, .status = AVAILABLE, .value = {.int32Values = [1]{0}, .floatValues = [0]{}, .int64Values = [0]{}, .bytes = [0]{}, .stringValue = ""}}
12-30 10:46:18.944   398   464 I DefaultVehicleHal_v2_0: DefaultVehicleHal::onPropertyValue, value:{.timestamp = 7714765761584, .areaId = 0, .prop = 557851178, .status = AVAILABLE, .value = {.int32Values = [1]{0}, .floatValues = [0]{}, .int64Values = [0]{}, .bytes = [0]{}, .stringValue = ""}}
12-30 10:46:18.944   398   464 D DiagPropHandler: is not DiagnosticConfig: 0x2140222a
12-30 10:46:18.944   398   464 I VehiclePropertyStore: begin to write value to Store: {.timestamp = 7714765761584, .areaId = 0, .prop = 557851178, .status = AVAILABLE, .value = {.int32Values = [1]{0}, .floatValues = [0]{}, .int64Values = [0]{}, .bytes = [0]{}, .stringValue = ""}}
12-30 10:46:18.944   398   464 D adayocomadapter-CommunicationManager: onUpstreamReceive mPropertyId 0x2140222a
12-30 10:46:18.944   398   464 D adayocomadapter-CommunicationManager: onUpstreamReceive mPropertyId 0x214021c3
12-30 10:46:18.944   398   464 D adayocomadapter-CommunicationManager: convertBytesToInt32Memcpy  0
12-30 10:46:18.944   398   464 I vw-vhal : notifyVehicleProperty, propId = 0x214021c3, data = {status: 2, int32Values: [0]}
12-30 10:46:18.944   398   464 I vw-vhal : CanSignalsAdapter::notifyVehicleProperty: solvedValue = {.timestamp = 7714766402251, .areaId = 0, .prop = 557851075, .status = AVAILABLE, .value = {.int32Values = [1]{0}, .floatValues = [0]{}, .int64Values = [0]{}, .bytes = [0]{}, .stringValue = ""}}
12-30 10:46:18.944   398   464 I VehiclePropertyStore: begin to write value to Store: {.timestamp = 7714766402251, .areaId = 0, .prop = 557851075, .status = AVAILABLE, .value = {.int32Values = [1]{0}, .floatValues = [0]{}, .int64Values = [0]{}, .bytes = [0]{}, .stringValue = ""}}
12-30 10:46:18.944   398   464 I DefaultVehicleHal_v2_0: DefaultVehicleHal::onPropertyValue, value:{.timestamp = 7714766402251, .areaId = 0, .prop = 557851075, .status = AVAILABLE, .value = {.int32Values = [1]{0}, .floatValues = [0]{}, .int64Values = [0]{}, .bytes = [0]{}, .stringValue = ""}}
12-30 10:46:18.944   398   464 D DiagPropHandler: is not DiagnosticConfig: 0x214021c3
12-30 10:46:18.944   398   464 I VehiclePropertyStore: begin to write value to Store: {.timestamp = 7714766402251, .areaId = 0, .prop = 557851075, .status = AVAILABLE, .value = {.int32Values = [1]{0}, .floatValues = [0]{}, .int64Values = [0]{}, .bytes = [0]{}, .stringValue = ""}}
12-30 10:46:18.944   398   464 D adayocomadapter-CommunicationManager: onUpstreamReceive mPropertyId 0x214021c3
12-30 10:46:18.945   398   464 D adayocomadapter-CommunicationManager: onUpstreamReceive mPropertyId 0x214021a8
12-30 10:46:18.945   398   464 D adayocomadapter-CommunicationManager: convertBytesToInt32Memcpy  0
12-30 10:46:18.945   398   464 I vw-vhal : notifyVehicleProperty, propId = 0x214021a8, data = {status: 2, int32Values: [0]}
12-30 10:46:18.945   398   464 I vw-vhal : CanSignalsAdapter::notifyVehicleProperty: solvedValue = {.timestamp = 7714767056251, .areaId = 0, .prop = 557851048, .status = AVAILABLE, .value = {.int32Values = [1]{0}, .floatValues = [0]{}, .int64Values = [0]{}, .bytes = [0]{}, .stringValue = ""}}
12-30 10:46:18.945   398   464 I VehiclePropertyStore: begin to write value to Store: {.timestamp = 7714767056251, .areaId = 0, .prop = 557851048, .status = AVAILABLE, .value = {.int32Values = [1]{0}, .floatValues = [0]{}, .int64Values = [0]{}, .bytes = [0]{}, .stringValue = ""}}
12-30 10:46:18.945   398   464 I DefaultVehicleHal_v2_0: DefaultVehicleHal::onPropertyValue, value:{.timestamp = 7714767056251, .areaId = 0, .prop = 557851048, .status = AVAILABLE, .value = {.int32Values = [1]{0}, .floatValues = [0]{}, .int64Values = [0]{}, .bytes = [0]{}, .stringValue = ""}}
12-30 10:46:18.945   398   464 D DiagPropHandler: is not DiagnosticConfig: 0x214021a8
12-30 10:46:18.945   398   464 I VehiclePropertyStore: begin to write value to Store: {.timestamp = 7714767056251, .areaId = 0, .prop = 557851048, .status = AVAILABLE, .value = {.int32Values = [1]{0}, .floatValues = [0]{}, .int64Values = [0]{}, .bytes = [0]{}, .stringValue = ""}}
12-30 10:46:18.945   398   464 D adayocomadapter-CommunicationManager: onUpstreamReceive mPropertyId 0x214021a8
12-30 10:46:18.945   398   464 D adayocomadapter-CommunicationManager: onUpstreamReceive mPropertyId 0x214021a6
12-30 10:46:18.945   398   464 D adayocomadapter-CommunicationManager: convertBytesToInt32Memcpy  0
12-30 10:46:18.945   398   464 I vw-vhal : notifyVehicleProperty, propId = 0x214021a6, data = {status: 2, int32Values: [0]}
12-30 10:46:18.945   398   464 I vw-vhal : CanSignalsAdapter::notifyVehicleProperty: solvedValue = {.timestamp = 7714767696584, .areaId = 0, .prop = 557851046, .status = AVAILABLE, .value = {.int32Values = [1]{0}, .floatValues = [0]{}, .int64Values = [0]{}, .bytes = [0]{}, .stringValue = ""}}
12-30 10:46:18.945   398   464 I VehiclePropertyStore: begin to write value to Store: {.timestamp = 7714767696584, .areaId = 0, .prop = 557851046, .status = AVAILABLE, .value = {.int32Values = [1]{0}, .floatValues = [0]{}, .int64Values = [0]{}, .bytes = [0]{}, .stringValue = ""}}
12-30 10:46:18.946   398   464 I DefaultVehicleHal_v2_0: DefaultVehicleHal::onPropertyValue, value:{.timestamp = 7714767696584, .areaId = 0, .prop = 557851046, .status = AVAILABLE, .value = {.int32Values = [1]{0}, .floatValues = [0]{}, .int64Values = [0]{}, .bytes = [0]{}, .stringValue = ""}}
12-30 10:46:18.946   398   464 D DiagPropHandler: is not DiagnosticConfig: 0x214021a6
12-30 10:46:18.946   398   464 I VehiclePropertyStore: begin to write value to Store: {.timestamp = 7714767696584, .areaId = 0, .prop = 557851046, .status = AVAILABLE, .value = {.int32Values = [1]{0}, .floatValues = [0]{}, .int64Values = [0]{}, .bytes = [0]{}, .stringValue = ""}}
12-30 10:46:18.946   398   464 D adayocomadapter-CommunicationManager: onUpstreamReceive mPropertyId 0x214021a6
12-30 10:46:18.946   398   464 D adayocomadapter-CommunicationManager: onUpstreamReceive mPropertyId 0x214021a7
12-30 10:46:18.946   398   464 D adayocomadapter-CommunicationManager: convertBytesToInt32Memcpy  0
12-30 10:46:18.946   398   464 I vw-vhal : notifyVehicleProperty, propId = 0x214021a7, data = {status: 2, int32Values: [0]}
12-30 10:46:18.946   398   464 I vw-vhal : CanSignalsAdapter::notifyVehicleProperty: solvedValue = {.timestamp = 7714768372251, .areaId = 0, .prop = 557851047, .status = AVAILABLE, .value = {.int32Values = [1]{0}, .floatValues = [0]{}, .int64Values = [0]{}, .bytes = [0]{}, .stringValue = ""}}
12-30 10:46:18.946   398   464 I VehiclePropertyStore: begin to write value to Store: {.timestamp = 7714768372251, .areaId = 0, .prop = 557851047, .status = AVAILABLE, .value = {.int32Values = [1]{0}, .floatValues = [0]{}, .int64Values = [0]{}, .bytes = [0]{}, .stringValue = ""}}
12-30 10:46:18.946   398   464 I DefaultVehicleHal_v2_0: DefaultVehicleHal::onPropertyValue, value:{.timestamp = 7714768372251, .areaId = 0, .prop = 557851047, .status = AVAILABLE, .value = {.int32Values = [1]{0}, .floatValues = [0]{}, .int64Values = [0]{}, .bytes = [0]{}, .stringValue = ""}}
12-30 10:46:18.946   398   464 D DiagPropHandler: is not DiagnosticConfig: 0x214021a7
12-30 10:46:18.946   398   464 I VehiclePropertyStore: begin to write value to Store: {.timestamp = 7714768372251, .areaId = 0, .prop = 557851047, .status = AVAILABLE, .value = {.int32Values = [1]{0}, .floatValues = [0]{}, .int64Values = [0]{}, .bytes = [0]{}, .stringValue = ""}}
12-30 10:46:18.946   398   464 D adayocomadapter-CommunicationManager: onUpstreamReceive mPropertyId 0x214021a7
12-30 10:46:18.946   398   464 D adayocomadapter-CommunicationManager: onUpstreamReceive mPropertyId 0x21402208
12-30 10:46:18.947   398   464 D adayocomadapter-CommunicationManager: convertBytesToInt32Memcpy  0
12-30 10:46:18.947   398   464 I vw-vhal : notifyVehicleProperty, propId = 0x21402208, data = {status: 2, int32Values: [0]}
12-30 10:46:18.947   398   464 I vw-vhal : CanSignalsAdapter::notifyVehicleProperty: solvedValue = {.timestamp = 7714769013251, .areaId = 0, .prop = 557851144, .status = AVAILABLE, .value = {.int32Values = [1]{0}, .floatValues = [0]{}, .int64Values = [0]{}, .bytes = [0]{}, .stringValue = ""}}
12-30 10:46:18.947   398   464 I VehiclePropertyStore: begin to write value to Store: {.timestamp = 7714769013251, .areaId = 0, .prop = 557851144, .status = AVAILABLE, .value = {.int32Values = [1]{0}, .floatValues = [0]{}, .int64Values = [0]{}, .bytes = [0]{}, .stringValue = ""}}
12-30 10:46:18.947   398   464 I DefaultVehicleHal_v2_0: DefaultVehicleHal::onPropertyValue, value:{.timestamp = 7714769013251, .areaId = 0, .prop = 557851144, .status = AVAILABLE, .value = {.int32Values = [1]{0}, .floatValues = [0]{}, .int64Values = [0]{}, .bytes = [0]{}, .stringValue = ""}}
12-30 10:46:18.947   398   464 D DiagPropHandler: is not DiagnosticConfig: 0x21402208
12-30 10:46:18.947   398   464 I VehiclePropertyStore: begin to write value to Store: {.timestamp = 7714769013251, .areaId = 0, .prop = 557851144, .status = AVAILABLE, .value = {.int32Values = [1]{0}, .floatValues = [0]{}, .int64Values = [0]{}, .bytes = [0]{}, .stringValue = ""}}
12-30 10:46:18.947   398   464 D adayocomadapter-CommunicationManager: onUpstreamReceive mPropertyId 0x21402208
12-30 10:46:18.948   398   464 D adayocomadapter-CommunicationManager: onUpstreamReceive mPropertyId 0x214021a9
12-30 10:46:18.948   398   464 D adayocomadapter-CommunicationManager: convertBytesToInt32Memcpy  0
12-30 10:46:18.948   398   464 I vw-vhal : notifyVehicleProperty, propId = 0x214021a9, data = {status: 2, int32Values: [0]}
12-30 10:46:18.948   650   729 D fgemcucomm: sd Uart data : 6AA602F0D100029202A7
12-30 10:46:18.948   398   464 I vw-vhal : CanSignalsAdapter::notifyVehicleProperty: solvedValue = {.timestamp = 7714770155251, .areaId = 0, .prop = 557851049, .status = AVAILABLE, .value = {.int32Values = [1]{0}, .floatValues = [0]{}, .int64Values = [0]{}, .bytes = [0]{}, .stringValue = ""}}
12-30 10:46:18.948   398   464 I VehiclePropertyStore: begin to write value to Store: {.timestamp = 7714770155251, .areaId = 0, .prop = 557851049, .status = AVAILABLE, .value = {.int32Values = [1]{0}, .floatValues = [0]{}, .int64Values = [0]{}, .bytes = [0]{}, .stringValue = ""}}
12-30 10:46:18.948   398   464 I DefaultVehicleHal_v2_0: DefaultVehicleHal::onPropertyValue, value:{.timestamp = 7714770155251, .areaId = 0, .prop = 557851049, .status = AVAILABLE, .value = {.int32Values = [1]{0}, .floatValues = [0]{}, .int64Values = [0]{}, .bytes = [0]{}, .stringValue = ""}}
12-30 10:46:18.948   398   464 D DiagPropHandler: is not DiagnosticConfig: 0x214021a9
12-30 10:46:18.948   398   464 I VehiclePropertyStore: begin to write value to Store: {.timestamp = 7714770155251, .areaId = 0, .prop = 557851049, .status = AVAILABLE, .value = {.int32Values = [1]{0}, .floatValues = [0]{}, .int64Values = [0]{}, .bytes = [0]{}, .stringValue = ""}}
12-30 10:46:18.948   650   729 D fgemcucomm: rev uart=63764,len=17, data : 6AA681F0D100099202000600000000001B
12-30 10:46:18.948   398   464 D adayocomadapter-CommunicationManager: onUpstreamReceive mPropertyId 0x214021a9
12-30 10:46:18.948   398   464 D adayocomadapter-CommunicationManager: onUpstreamReceive mPropertyId 0x214021aa
12-30 10:46:18.948   398   464 D adayocomadapter-CommunicationManager: convertBytesToInt32Memcpy  0
12-30 10:46:18.948   398   464 I vw-vhal : notifyVehicleProperty, propId = 0x214021aa, data = {status: 2, int32Values: [0]}
12-30 10:46:18.948   398  2883 D adayocomadapter-ParseProtocolFunc: printRaWMsg Name[MCUToUPstream recv] len[9] data[920200060000000000]
12-30 10:46:18.948   398   464 I vw-vhal : CanSignalsAdapter::notifyVehicleProperty: solvedValue = {.timestamp = 7714770798251, .areaId = 0, .prop = 557851050, .status = AVAILABLE, .value = {.int32Values = [1]{0}, .floatValues = [0]{}, .int64Values = [0]{}, .bytes = [0]{}, .stringValue = ""}}
12-30 10:46:18.949   398  2883 D adayocomadapter-CommunicationManager: onUpstreamback   member[0] dataLength[6] timePoint[7714770]
12-30 10:46:18.949   398  2883 D adayocomadapter-ParseProtocolFunc: printRaWMsg Name[onUpstreamback] len[6] data[060000000000]
12-30 10:46:18.949   398   464 I VehiclePropertyStore: begin to write value to Store: {.timestamp = 7714770798251, .areaId = 0, .prop = 557851050, .status = AVAILABLE, .value = {.int32Values = [1]{0}, .floatValues = [0]{}, .int64Values = [0]{}, .bytes = [0]{}, .stringValue = ""}}
12-30 10:46:18.949   398   464 I DefaultVehicleHal_v2_0: DefaultVehicleHal::onPropertyValue, value:{.timestamp = 7714770798251, .areaId = 0, .prop = 557851050, .status = AVAILABLE, .value = {.int32Values = [1]{0}, .floatValues = [0]{}, .int64Values = [0]{}, .bytes = [0]{}, .stringValue = ""}}
12-30 10:46:18.949   398   464 D DiagPropHandler: is not DiagnosticConfig: 0x214021aa
12-30 10:46:18.949   398   464 I VehiclePropertyStore: begin to write value to Store: {.timestamp = 7714770798251, .areaId = 0, .prop = 557851050, .status = AVAILABLE, .value = {.int32Values = [1]{0}, .floatValues = [0]{}, .int64Values = [0]{}, .bytes = [0]{}, .stringValue = ""}}
12-30 10:46:18.949   398   464 D adayocomadapter-CommunicationManager: onUpstreamReceive mPropertyId 0x214021aa
12-30 10:46:18.949   398   464 D adayocomadapter-CommunicationManager: onUpstreamReceive mPropertyId 0x214021ab
12-30 10:46:18.949   398   464 D adayocomadapter-CommunicationManager: convertBytesToInt32Memcpy  0
12-30 10:46:18.949   398   464 I vw-vhal : notifyVehicleProperty, propId = 0x214021ab, data = {status: 2, int32Values: [0]}
12-30 10:46:18.949   398   464 I vw-vhal : CanSignalsAdapter::notifyVehicleProperty: solvedValue = {.timestamp = 7714771447584, .areaId = 0, .prop = 557851051, .status = AVAILABLE, .value = {.int32Values = [1]{0}, .floatValues = [0]{}, .int64Values = [0]{}, .bytes = [0]{}, .stringValue = ""}}
12-30 10:46:18.949   398   464 I VehiclePropertyStore: begin to write value to Store: {.timestamp = 7714771447584, .areaId = 0, .prop = 557851051, .status = AVAILABLE, .value = {.int32Values = [1]{0}, .floatValues = [0]{}, .int64Values = [0]{}, .bytes = [0]{}, .stringValue = ""}}
12-30 10:46:18.949   398   464 I DefaultVehicleHal_v2_0: DefaultVehicleHal::onPropertyValue, value:{.timestamp = 7714771447584, .areaId = 0, .prop = 557851051, .status = AVAILABLE, .value = {.int32Values = [1]{0}, .floatValues = [0]{}, .int64Values = [0]{}, .bytes = [0]{}, .stringValue = ""}}
12-30 10:46:18.949   398   464 D DiagPropHandler: is not DiagnosticConfig: 0x214021ab
12-30 10:46:18.949   398   464 I VehiclePropertyStore: begin to write value to Store: {.timestamp = 7714771447584, .areaId = 0, .prop = 557851051, .status = AVAILABLE, .value = {.int32Values = [1]{0}, .floatValues = [0]{}, .int64Values = [0]{}, .bytes = [0]{}, .stringValue = ""}}
12-30 10:46:18.950   398   464 D adayocomadapter-CommunicationManager: onUpstreamReceive mPropertyId 0x214021ab
12-30 10:46:18.950   398   464 D adayocomadapter-CommunicationManager: onUpstreamReceive mPropertyId 0x214021ac
12-30 10:46:18.950   398   464 D adayocomadapter-CommunicationManager: convertBytesToInt32Memcpy  0
12-30 10:46:18.950   398   464 I vw-vhal : notifyVehicleProperty, propId = 0x214021ac, data = {status: 2, int32Values: [0]}
12-30 10:46:18.950   398   464 I vw-vhal : CanSignalsAdapter::notifyVehicleProperty: solvedValue = {.timestamp = 7714772115917, .areaId = 0, .prop = 557851052, .status = AVAILABLE, .value = {.int32Values = [1]{0}, .floatValues = [0]{}, .int64Values = [0]{}, .bytes = [0]{}, .stringValue = ""}}
12-30 10:46:18.950   398   464 I VehiclePropertyStore: begin to write value to Store: {.timestamp = 7714772115917, .areaId = 0, .prop = 557851052, .status = AVAILABLE, .value = {.int32Values = [1]{0}, .floatValues = [0]{}, .int64Values = [0]{}, .bytes = [0]{}, .stringValue = ""}}
12-30 10:46:18.950   398   464 I DefaultVehicleHal_v2_0: DefaultVehicleHal::onPropertyValue, value:{.timestamp = 7714772115917, .areaId = 0, .prop = 557851052, .status = AVAILABLE, .value = {.int32Values = [1]{0}, .floatValues = [0]{}, .int64Values = [0]{}, .bytes = [0]{}, .stringValue = ""}}
12-30 10:46:18.950   398   464 D DiagPropHandler: is not DiagnosticConfig: 0x214021ac
12-30 10:46:18.950   398   464 I VehiclePropertyStore: begin to write value to Store: {.timestamp = 7714772115917, .areaId = 0, .prop = 557851052, .status = AVAILABLE, .value = {.int32Values = [1]{0}, .floatValues = [0]{}, .int64Values = [0]{}, .bytes = [0]{}, .stringValue = ""}}
12-30 10:46:18.950   398   464 D adayocomadapter-CommunicationManager: onUpstreamReceive mPropertyId 0x214021ac
12-30 10:46:18.950   398   464 D adayocomadapter-CommunicationManager: onUpstreamReceive mPropertyId 0x2140220d
12-30 10:46:18.950   398   464 D adayocomadapter-CommunicationManager: convertBytesToInt32Memcpy  0
12-30 10:46:18.950   398   464 I vw-vhal : notifyVehicleProperty, propId = 0x2140220d, data = {status: 2, int32Values: [0]}
12-30 10:46:18.950   398   464 I vw-vhal : CanSignalsAdapter::notifyVehicleProperty: solvedValue = {.timestamp = 7714772745584, .areaId = 0, .prop = 557851149, .status = AVAILABLE, .value = {.int32Values = [1]{0}, .floatValues = [0]{}, .int64Values = [0]{}, .bytes = [0]{}, .stringValue = ""}}
