12-30 10:46:22.129   398   464 D DiagPropHandler: is not DiagnosticConfig: 0x21402137
12-30 10:46:22.129   398   464 I VehiclePropertyStore: begin to write value to Store: {.timestamp = 7717951008918, .areaId = 0, .prop = 557850935, .status = AVAILABLE, .value = {.int32Values = [1]{0}, .floatValues = [0]{}, .int64Values = [0]{}, .bytes = [0]{}, .stringValue = ""}}
12-30 10:46:22.129   398   464 D adayocomadapter-CommunicationManager: onUpstreamReceive mPropertyId 0x21402137
12-30 10:46:22.130   360   931 D EvsDriver: forwardFrame
12-30 10:46:22.131   360   931 D EvsDriver: forwardFrameDirect
12-30 10:46:22.131   360   931 D EvsDriver: Delivered 0xb400e2ca9e40e110 as id 0
12-30 10:46:22.131   359  2784 D evsmanagerd: /dev/video-evs0 forwarded the buffer #0 to 0xb400f125d2b26dd0 from 0xb400f125e2b20710
12-30 10:46:22.132   360   458 D EvsDriver: doneWithFrame
12-30 10:46:22.139  2358  2623 D RcfController: Rcf proxy is not connected!
12-30 10:46:22.148   650   729 D fgemcucomm: sd Uart data : 6AA602F0E80002920290
12-30 10:46:22.149   650   729 D fgemcucomm: rev uart=63788,len=57, data : 6AA681F0E8003192020012000000000000000000000000000000000000000000000000000000000000000000000000000000000000000000D0
12-30 10:46:22.149   398   882 D adayocomadapter-ParseProtocolFunc: printRaWMsg Name[MCUToUPstream recv] len[49] data[92020012000000000000000000000000000000000000000000000000000000000000000000000000000000000000000000]
12-30 10:46:22.149   398   882 D adayocomadapter-CommunicationManager: onUpstreamback   member[0] dataLength[46] timePoint[7717971]
12-30 10:46:22.149   398   882 D adayocomadapter-ParseProtocolFunc: printRaWMsg Name[onUpstreamback] len[46] data[12000000000000000000000000000000000000000000000000000000000000000000000000000000000000000000]
12-30 10:46:22.149   398   464 D adayocomadapter-UpstreamHandler: processBeforePacket upSreamtProcessTimePoint[7717971] 
12-30 10:46:22.149   398   464 D adayocomadapter-UpstreamHandler: processPacket UPSTREAM_QUEUE_DATA_TIMEOUT
12-30 10:46:22.149   398   464 D adayocomadapter-ParseProtocolFunc: parseCommonIPCLBytes Processing tableNumber[18]
12-30 10:46:22.149   398   464 D adayocomadapter-ParseProtocolFunc: parseCommonIPCLBytes Processing tablename[Table-18] tableSize[46]
12-30 10:46:22.150   398   464 D adayocomadapter-ParseProtocolFunc: printRaWMsg Name[byteStream recv] len[46] data[12000000000000000000000000000000000000000000000000000000000000000000000000000000000000000000]
12-30 10:46:22.150   398   464 D adayocomadapter-ParseProtocolFunc: printRaWMsg Name[IPCLtoVHAL] len[6] data[214010020000]
12-30 10:46:22.150   398   464 D adayocomadapter-ParseProtocolFunc: printRaWMsg Name[IPCLtoVHAL] len[6] data[2140101A0000]
12-30 10:46:22.150   398   464 D adayocomadapter-ParseProtocolFunc: printRaWMsg Name[IPCLtoVHAL] len[6] data[2140100E0000]
12-30 10:46:22.150   398   464 D adayocomadapter-ParseProtocolFunc: printRaWMsg Name[IPCLtoVHAL] len[6] data[214021DD0000]
12-30 10:46:22.150   398   464 D adayocomadapter-ParseProtocolFunc: printRaWMsg Name[IPCLtoVHAL] len[6] data[2140103C0000]
12-30 10:46:22.150   398   464 D adayocomadapter-ParseProtocolFunc: printRaWMsg Name[IPCLtoVHAL] len[6] data[2140101E0000]
12-30 10:46:22.150   398   464 D adayocomadapter-ParseProtocolFunc: printRaWMsg Name[IPCLtoVHAL] len[6] data[214010350000]
12-30 10:46:22.150   398   464 D adayocomadapter-ParseProtocolFunc: printRaWMsg Name[IPCLtoVHAL] len[6] data[214022040000]
12-30 10:46:22.150   398   464 D adayocomadapter-ParseProtocolFunc: printRaWMsg Name[IPCLtoVHAL] len[6] data[214010120000]
12-30 10:46:22.150   398   464 D adayocomadapter-ParseProtocolFunc: printRaWMsg Name[IPCLtoVHAL] len[6] data[214010140000]
12-30 10:46:22.150   398   464 D adayocomadapter-ParseProtocolFunc: printRaWMsg Name[IPCLtoVHAL] len[6] data[214010430000]
12-30 10:46:22.150   398   464 D adayocomadapter-ParseProtocolFunc: printRaWMsg Name[IPCLtoVHAL] len[6] data[214010420000]
12-30 10:46:22.150   398   464 D adayocomadapter-ParseProtocolFunc: printRaWMsg Name[IPCLtoVHAL] len[6] data[214010160000]
12-30 10:46:22.150   398   464 D adayocomadapter-ParseProtocolFunc: printRaWMsg Name[IPCLtoVHAL] len[6] data[2140101C0000]
12-30 10:46:22.150   398   464 D adayocomadapter-ParseProtocolFunc: printRaWMsg Name[IPCLtoVHAL] len[6] data[214010330000]
12-30 10:46:22.151   398   464 D adayocomadapter-ParseProtocolFunc: printRaWMsg Name[IPCLtoVHAL] len[6] data[214010040000]
12-30 10:46:22.151   398   464 D adayocomadapter-ParseProtocolFunc: printRaWMsg Name[IPCLtoVHAL] len[6] data[214010200000]
12-30 10:46:22.151   398   464 D adayocomadapter-ParseProtocolFunc: printRaWMsg Name[IPCLtoVHAL] len[6] data[214021620000]
12-30 10:46:22.151   398   464 D adayocomadapter-ParseProtocolFunc: printRaWMsg Name[IPCLtoVHAL] len[6] data[214010370000]
12-30 10:46:22.151   398   464 D adayocomadapter-ParseProtocolFunc: printRaWMsg Name[IPCLtoVHAL] len[6] data[214010080000]
12-30 10:46:22.151   398   464 D adayocomadapter-ParseProtocolFunc: printRaWMsg Name[IPCLtoVHAL] len[6] data[214010220000]
12-30 10:46:22.151   398   464 D adayocomadapter-ParseProtocolFunc: printRaWMsg Name[IPCLtoVHAL] len[6] data[214021640000]
12-30 10:46:22.151   398   464 D adayocomadapter-ParseProtocolFunc: printRaWMsg Name[IPCLtoVHAL] len[6] data[214010390000]
12-30 10:46:22.151   398   464 D adayocomadapter-ParseProtocolFunc: printRaWMsg Name[IPCLtoVHAL] len[6] data[214021D90000]
12-30 10:46:22.151   398   464 D adayocomadapter-ParseProtocolFunc: printRaWMsg Name[IPCLtoVHAL] len[6] data[214010240000]
12-30 10:46:22.151   398   464 D adayocomadapter-ParseProtocolFunc: printRaWMsg Name[IPCLtoVHAL] len[6] data[2140103B0000]
12-30 10:46:22.151   596  3076 E WifiHAL : Invalid data received from driver
12-30 10:46:22.151   398   464 D adayocomadapter-ParseProtocolFunc: printRaWMsg Name[IPCLtoVHAL] len[6] data[2140100C0000]
12-30 10:46:22.151   398   464 D adayocomadapter-ParseProtocolFunc: printRaWMsg Name[IPCLtoVHAL] len[6] data[214021DB0000]
12-30 10:46:22.151   398   464 D adayocomadapter-ParseProtocolFunc: printRaWMsg Name[IPCLtoVHAL] len[6] data[214010260000]
12-30 10:46:22.151   398   464 D adayocomadapter-ParseProtocolFunc: printRaWMsg Name[IPCLtoVHAL] len[6] data[214021680000]
12-30 10:46:22.151   398   464 D adayocomadapter-ParseProtocolFunc: printRaWMsg Name[IPCLtoVHAL] len[6] data[2140103E0000]
12-30 10:46:22.151   398   464 D adayocomadapter-ParseProtocolFunc: printRaWMsg Name[IPCLtoVHAL] len[6] data[2140216A0000]
12-30 10:46:22.152   398   464 D adayocomadapter-ParseProtocolFunc: printRaWMsg Name[IPCLtoVHAL] len[6] data[2140216E0000]
12-30 10:46:22.152   398   464 D adayocomadapter-ParseProtocolFunc: printRaWMsg Name[IPCLtoVHAL] len[6] data[214021700000]
12-30 10:46:22.152   398   464 D adayocomadapter-ParseProtocolFunc: printRaWMsg Name[IPCLtoVHAL] len[6] data[214021720000]
12-30 10:46:22.152   398   464 D adayocomadapter-ParseProtocolFunc: printRaWMsg Name[IPCLtoVHAL] len[6] data[214021740000]
12-30 10:46:22.152   398   464 D adayocomadapter-ParseProtocolFunc: printRaWMsg Name[IPCLtoVHAL] len[6] data[214021760000]
12-30 10:46:22.152   398   464 D adayocomadapter-ParseProtocolFunc: printRaWMsg Name[IPCLtoVHAL] len[6] data[214021780000]
12-30 10:46:22.152   398   464 D adayocomadapter-ParseProtocolFunc: printRaWMsg Name[IPCLtoVHAL] len[6] data[2140205E0000]
12-30 10:46:22.152   398   464 D adayocomadapter-ParseProtocolFunc: printRaWMsg Name[IPCLtoVHAL] len[6] data[2140217A0000]
12-30 10:46:22.152   398   464 D adayocomadapter-ParseProtocolFunc: printRaWMsg Name[IPCLtoVHAL] len[6] data[214022070000]
12-30 10:46:22.152   398   464 D adayocomadapter-ParseProtocolFunc: printRaWMsg Name[IPCLtoVHAL] len[6] data[2140217C0000]
12-30 10:46:22.152   398   464 D adayocomadapter-ParseProtocolFunc: printRaWMsg Name[IPCLtoVHAL] len[6] data[2140219C0000]
12-30 10:46:22.152   398   464 D adayocomadapter-ParseProtocolFunc: printRaWMsg Name[IPCLtoVHAL] len[6] data[214021DF0000]
12-30 10:46:22.152   398   464 D adayocomadapter-CommunicationManager: onUpstreamReceive mPropertyId 0x21401002
12-30 10:46:22.152   398   464 D adayocomadapter-CommunicationManager: convertBytesToInt32Memcpy  0
12-30 10:46:22.152   398   464 I vw-vhal : notifyVehicleProperty, propId = 0x21401002, data = {status: 2, int32Values: [0]}
12-30 10:46:22.152   398   464 I vw-vhal : CanSignalsAdapter::notifyVehicleProperty: solvedValue = {.timestamp = 7717974753584, .areaId = 0, .prop = 557846530, .status = AVAILABLE, .value = {.int32Values = [1]{0}, .floatValues = [0]{}, .int64Values = [0]{}, .bytes = [0]{}, .stringValue = ""}}
12-30 10:46:22.153   398   464 I VehiclePropertyStore: begin to write value to Store: {.timestamp = 7717974753584, .areaId = 0, .prop = 557846530, .status = AVAILABLE, .value = {.int32Values = [1]{0}, .floatValues = [0]{}, .int64Values = [0]{}, .bytes = [0]{}, .stringValue = ""}}
12-30 10:46:22.153   398   464 I DefaultVehicleHal_v2_0: DefaultVehicleHal::onPropertyValue, value:{.timestamp = 7717974753584, .areaId = 0, .prop = 557846530, .status = AVAILABLE, .value = {.int32Values = [1]{0}, .floatValues = [0]{}, .int64Values = [0]{}, .bytes = [0]{}, .stringValue = ""}}
12-30 10:46:22.153   398   464 D DiagPropHandler: is not DiagnosticConfig: 0x21401002
12-30 10:46:22.153   398   464 I VehiclePropertyStore: begin to write value to Store: {.timestamp = 7717974753584, .areaId = 0, .prop = 557846530, .status = AVAILABLE, .value = {.int32Values = [1]{0}, .floatValues = [0]{}, .int64Values = [0]{}, .bytes = [0]{}, .stringValue = ""}}
12-30 10:46:22.153   398   464 D adayocomadapter-CommunicationManager: onUpstreamReceive mPropertyId 0x21401002
12-30 10:46:22.153   398   464 D adayocomadapter-CommunicationManager: onUpstreamReceive mPropertyId 0x2140101a
12-30 10:46:22.153   398   464 D adayocomadapter-CommunicationManager: convertBytesToInt32Memcpy  0
12-30 10:46:22.153   398   464 I vw-vhal : notifyVehicleProperty, propId = 0x2140101a, data = {status: 2, int32Values: [0]}
12-30 10:46:22.153   398   464 I vw-vhal : CanSignalsAdapter::notifyVehicleProperty: solvedValue = {.timestamp = 7717975439251, .areaId = 0, .prop = 557846554, .status = AVAILABLE, .value = {.int32Values = [1]{0}, .floatValues = [0]{}, .int64Values = [0]{}, .bytes = [0]{}, .stringValue = ""}}
12-30 10:46:22.153   398   464 I VehiclePropertyStore: begin to write value to Store: {.timestamp = 7717975439251, .areaId = 0, .prop = 557846554, .status = AVAILABLE, .value = {.int32Values = [1]{0}, .floatValues = [0]{}, .int64Values = [0]{}, .bytes = [0]{}, .stringValue = ""}}
12-30 10:46:22.153   398   464 I DefaultVehicleHal_v2_0: DefaultVehicleHal::onPropertyValue, value:{.timestamp = 7717975439251, .areaId = 0, .prop = 557846554, .status = AVAILABLE, .value = {.int32Values = [1]{0}, .floatValues = [0]{}, .int64Values = [0]{}, .bytes = [0]{}, .stringValue = ""}}
12-30 10:46:22.153   398   464 D DiagPropHandler: is not DiagnosticConfig: 0x2140101a
12-30 10:46:22.153   398   464 I VehiclePropertyStore: begin to write value to Store: {.timestamp = 7717975439251, .areaId = 0, .prop = 557846554, .status = AVAILABLE, .value = {.int32Values = [1]{0}, .floatValues = [0]{}, .int64Values = [0]{}, .bytes = [0]{}, .stringValue = ""}}
12-30 10:46:22.154   398   464 D adayocomadapter-CommunicationManager: onUpstreamReceive mPropertyId 0x2140101a
12-30 10:46:22.154   398   464 D adayocomadapter-CommunicationManager: onUpstreamReceive mPropertyId 0x2140100e
12-30 10:46:22.154   398   464 D adayocomadapter-CommunicationManager: convertBytesToInt32Memcpy  0
12-30 10:46:22.154   398   464 I vw-vhal : notifyVehicleProperty, propId = 0x2140100e, data = {status: 2, int32Values: [0]}
12-30 10:46:22.154   398   464 I vw-vhal : CanSignalsAdapter::notifyVehicleProperty: solvedValue = {.timestamp = 7717976151584, .areaId = 0, .prop = 557846542, .status = AVAILABLE, .value = {.int32Values = [1]{0}, .floatValues = [0]{}, .int64Values = [0]{}, .bytes = [0]{}, .stringValue = ""}}
12-30 10:46:22.154   398   464 I VehiclePropertyStore: begin to write value to Store: {.timestamp = 7717976151584, .areaId = 0, .prop = 557846542, .status = AVAILABLE, .value = {.int32Values = [1]{0}, .floatValues = [0]{}, .int64Values = [0]{}, .bytes = [0]{}, .stringValue = ""}}
12-30 10:46:22.154   398   464 I DefaultVehicleHal_v2_0: DefaultVehicleHal::onPropertyValue, value:{.timestamp = 7717976151584, .areaId = 0, .prop = 557846542, .status = AVAILABLE, .value = {.int32Values = [1]{0}, .floatValues = [0]{}, .int64Values = [0]{}, .bytes = [0]{}, .stringValue = ""}}
12-30 10:46:22.154   398   464 D DiagPropHandler: is not DiagnosticConfig: 0x2140100e
12-30 10:46:22.154   398   464 I VehiclePropertyStore: begin to write value to Store: {.timestamp = 7717976151584, .areaId = 0, .prop = 557846542, .status = AVAILABLE, .value = {.int32Values = [1]{0}, .floatValues = [0]{}, .int64Values = [0]{}, .bytes = [0]{}, .stringValue = ""}}
12-30 10:46:22.154   398   464 D adayocomadapter-CommunicationManager: onUpstreamReceive mPropertyId 0x2140100e
12-30 10:46:22.155   398   464 D adayocomadapter-CommunicationManager: onUpstreamReceive mPropertyId 0x214021dd
12-30 10:46:22.155   398   464 D adayocomadapter-CommunicationManager: convertBytesToInt32Memcpy  0
12-30 10:46:22.155   398   464 I vw-vhal : notifyVehicleProperty, propId = 0x214021dd, data = {status: 2, int32Values: [0]}
12-30 10:46:22.155   398   464 I vw-vhal : CanSignalsAdapter::notifyVehicleProperty: solvedValue = {.timestamp = 7717977095251, .areaId = 0, .prop = 557851101, .status = AVAILABLE, .value = {.int32Values = [1]{0}, .floatValues = [0]{}, .int64Values = [0]{}, .bytes = [0]{}, .stringValue = ""}}
12-30 10:46:22.155   398   464 I VehiclePropertyStore: begin to write value to Store: {.timestamp = 7717977095251, .areaId = 0, .prop = 557851101, .status = AVAILABLE, .value = {.int32Values = [1]{0}, .floatValues = [0]{}, .int64Values = [0]{}, .bytes = [0]{}, .stringValue = ""}}
12-30 10:46:22.155   398   464 I DefaultVehicleHal_v2_0: DefaultVehicleHal::onPropertyValue, value:{.timestamp = 7717977095251, .areaId = 0, .prop = 557851101, .status = AVAILABLE, .value = {.int32Values = [1]{0}, .floatValues = [0]{}, .int64Values = [0]{}, .bytes = [0]{}, .stringValue = ""}}
12-30 10:46:22.155   398   464 D DiagPropHandler: is not DiagnosticConfig: 0x214021dd
12-30 10:46:22.155   398   464 I VehiclePropertyStore: begin to write value to Store: {.timestamp = 7717977095251, .areaId = 0, .prop = 557851101, .status = AVAILABLE, .value = {.int32Values = [1]{0}, .floatValues = [0]{}, .int64Values = [0]{}, .bytes = [0]{}, .stringValue = ""}}
12-30 10:46:22.155   398   464 D adayocomadapter-CommunicationManager: onUpstreamReceive mPropertyId 0x214021dd
12-30 10:46:22.155   398   464 D adayocomadapter-CommunicationManager: onUpstreamReceive mPropertyId 0x2140103c
12-30 10:46:22.155   398   464 D adayocomadapter-CommunicationManager: convertBytesToInt32Memcpy  0
12-30 10:46:22.155   398   464 I vw-vhal : notifyVehicleProperty, propId = 0x2140103c, data = {status: 2, int32Values: [0]}
12-30 10:46:22.156   398   464 I vw-vhal : CanSignalsAdapter::notifyVehicleProperty: solvedValue = {.timestamp = 7717977812918, .areaId = 0, .prop = 557846588, .status = AVAILABLE, .value = {.int32Values = [1]{0}, .floatValues = [0]{}, .int64Values = [0]{}, .bytes = [0]{}, .stringValue = ""}}
12-30 10:46:22.156   398   464 I VehiclePropertyStore: begin to write value to Store: {.timestamp = 7717977812918, .areaId = 0, .prop = 557846588, .status = AVAILABLE, .value = {.int32Values = [1]{0}, .floatValues = [0]{}, .int64Values = [0]{}, .bytes = [0]{}, .stringValue = ""}}
12-30 10:46:22.156   398   464 I DefaultVehicleHal_v2_0: DefaultVehicleHal::onPropertyValue, value:{.timestamp = 7717977812918, .areaId = 0, .prop = 557846588, .status = AVAILABLE, .value = {.int32Values = [1]{0}, .floatValues = [0]{}, .int64Values = [0]{}, .bytes = [0]{}, .stringValue = ""}}
12-30 10:46:22.156   398   464 D DiagPropHandler: is not DiagnosticConfig: 0x2140103c
12-30 10:46:22.156   398   464 I VehiclePropertyStore: begin to write value to Store: {.timestamp = 7717977812918, .areaId = 0, .prop = 557846588, .status = AVAILABLE, .value = {.int32Values = [1]{0}, .floatValues = [0]{}, .int64Values = [0]{}, .bytes = [0]{}, .stringValue = ""}}
12-30 10:46:22.156   398   464 D adayocomadapter-CommunicationManager: onUpstreamReceive mPropertyId 0x2140103c
12-30 10:46:22.156   398   464 D adayocomadapter-CommunicationManager: onUpstreamReceive mPropertyId 0x2140101e
12-30 10:46:22.156   398   464 D adayocomadapter-CommunicationManager: convertBytesToInt32Memcpy  0
12-30 10:46:22.156   398   464 I vw-vhal : notifyVehicleProperty, propId = 0x2140101e, data = {status: 2, int32Values: [0]}
12-30 10:46:22.156   398   464 I vw-vhal : CanSignalsAdapter::notifyVehicleProperty: solvedValue = {.timestamp = 7717978455251, .areaId = 0, .prop = 557846558, .status = AVAILABLE, .value = {.int32Values = [1]{0}, .floatValues = [0]{}, .int64Values = [0]{}, .bytes = [0]{}, .stringValue = ""}}
12-30 10:46:22.156   398   464 I VehiclePropertyStore: begin to write value to Store: {.timestamp = 7717978455251, .areaId = 0, .prop = 557846558, .status = AVAILABLE, .value = {.int32Values = [1]{0}, .floatValues = [0]{}, .int64Values = [0]{}, .bytes = [0]{}, .stringValue = ""}}
12-30 10:46:22.156   398   464 I DefaultVehicleHal_v2_0: DefaultVehicleHal::onPropertyValue, value:{.timestamp = 7717978455251, .areaId = 0, .prop = 557846558, .status = AVAILABLE, .value = {.int32Values = [1]{0}, .floatValues = [0]{}, .int64Values = [0]{}, .bytes = [0]{}, .stringValue = ""}}
12-30 10:46:22.156   398   464 D DiagPropHandler: is not DiagnosticConfig: 0x2140101e
12-30 10:46:22.156   398   464 I VehiclePropertyStore: begin to write value to Store: {.timestamp = 7717978455251, .areaId = 0, .prop = 557846558, .status = AVAILABLE, .value = {.int32Values = [1]{0}, .floatValues = [0]{}, .int64Values = [0]{}, .bytes = [0]{}, .stringValue = ""}}
12-30 10:46:22.157   398   464 D adayocomadapter-CommunicationManager: onUpstreamReceive mPropertyId 0x2140101e
12-30 10:46:22.157   398   464 D adayocomadapter-CommunicationManager: onUpstreamReceive mPropertyId 0x21401035
12-30 10:46:22.157   398   464 D adayocomadapter-CommunicationManager: convertBytesToInt32Memcpy  0
12-30 10:46:22.157   398   464 I vw-vhal : notifyVehicleProperty, propId = 0x21401035, data = {status: 2, int32Values: [0]}
12-30 10:46:22.157   398   464 I vw-vhal : CanSignalsAdapter::notifyVehicleProperty: solvedValue = {.timestamp = 7717979128584, .areaId = 0, .prop = 557846581, .status = AVAILABLE, .value = {.int32Values = [1]{0}, .floatValues = [0]{}, .int64Values = [0]{}, .bytes = [0]{}, .stringValue = ""}}
12-30 10:46:22.157   398   464 I VehiclePropertyStore: begin to write value to Store: {.timestamp = 7717979128584, .areaId = 0, .prop = 557846581, .status = AVAILABLE, .value = {.int32Values = [1]{0}, .floatValues = [0]{}, .int64Values = [0]{}, .bytes = [0]{}, .stringValue = ""}}
12-30 10:46:22.157   398   464 I DefaultVehicleHal_v2_0: DefaultVehicleHal::onPropertyValue, value:{.timestamp = 7717979128584, .areaId = 0, .prop = 557846581, .status = AVAILABLE, .value = {.int32Values = [1]{0}, .floatValues = [0]{}, .int64Values = [0]{}, .bytes = [0]{}, .stringValue = ""}}
12-30 10:46:22.157   398   464 D DiagPropHandler: is not DiagnosticConfig: 0x21401035
12-30 10:46:22.157   398   464 I VehiclePropertyStore: begin to write value to Store: {.timestamp = 7717979128584, .areaId = 0, .prop = 557846581, .status = AVAILABLE, .value = {.int32Values = [1]{0}, .floatValues = [0]{}, .int64Values = [0]{}, .bytes = [0]{}, .stringValue = ""}}
12-30 10:46:22.157   398   464 D adayocomadapter-CommunicationManager: onUpstreamReceive mPropertyId 0x21401035
12-30 10:46:22.157   398   464 D adayocomadapter-CommunicationManager: onUpstreamReceive mPropertyId 0x21402204
12-30 10:46:22.157   398   464 D adayocomadapter-CommunicationManager: convertBytesToInt32Memcpy  0
12-30 10:46:22.157   398   464 I vw-vhal : notifyVehicleProperty, propId = 0x21402204, data = {status: 2, int32Values: [0]}
12-30 10:46:22.157   398   464 I vw-vhal : CanSignalsAdapter::notifyVehicleProperty: solvedValue = {.timestamp = 7717979770584, .areaId = 0, .prop = 557851140, .status = AVAILABLE, .value = {.int32Values = [1]{0}, .floatValues = [0]{}, .int64Values = [0]{}, .bytes = [0]{}, .stringValue = ""}}
12-30 10:46:22.158   398   464 I VehiclePropertyStore: begin to write value to Store: {.timestamp = 7717979770584, .areaId = 0, .prop = 557851140, .status = AVAILABLE, .value = {.int32Values = [1]{0}, .floatValues = [0]{}, .int64Values = [0]{}, .bytes = [0]{}, .stringValue = ""}}
12-30 10:46:22.158   398   464 I DefaultVehicleHal_v2_0: DefaultVehicleHal::onPropertyValue, value:{.timestamp = 7717979770584, .areaId = 0, .prop = 557851140, .status = AVAILABLE, .value = {.int32Values = [1]{0}, .floatValues = [0]{}, .int64Values = [0]{}, .bytes = [0]{}, .stringValue = ""}}
12-30 10:46:22.158   398   464 D DiagPropHandler: is not DiagnosticConfig: 0x21402204
12-30 10:46:22.158   398   464 I VehiclePropertyStore: begin to write value to Store: {.timestamp = 7717979770584, .areaId = 0, .prop = 557851140, .status = AVAILABLE, .value = {.int32Values = [1]{0}, .floatValues = [0]{}, .int64Values = [0]{}, .bytes = [0]{}, .stringValue = ""}}
12-30 10:46:22.158   398   464 D adayocomadapter-CommunicationManager: onUpstreamReceive mPropertyId 0x21402204
12-30 10:46:22.158   398   464 D adayocomadapter-CommunicationManager: onUpstreamReceive mPropertyId 0x21401012
12-30 10:46:22.158   398   464 D adayocomadapter-CommunicationManager: convertBytesToInt32Memcpy  0
12-30 10:46:22.158   398   464 I vw-vhal : notifyVehicleProperty, propId = 0x21401012, data = {status: 2, int32Values: [0]}
12-30 10:46:22.158   398   464 I vw-vhal : CanSignalsAdapter::notifyVehicleProperty: solvedValue = {.timestamp = 7717980476584, .areaId = 0, .prop = 557846546, .status = AVAILABLE, .value = {.int32Values = [1]{0}, .floatValues = [0]{}, .int64Values = [0]{}, .bytes = [0]{}, .stringValue = ""}}
12-30 10:46:22.158   398   464 I VehiclePropertyStore: begin to write value to Store: {.timestamp = 7717980476584, .areaId = 0, .prop = 557846546, .status = AVAILABLE, .value = {.int32Values = [1]{0}, .floatValues = [0]{}, .int64Values = [0]{}, .bytes = [0]{}, .stringValue = ""}}
12-30 10:46:22.158   398   464 I DefaultVehicleHal_v2_0: DefaultVehicleHal::onPropertyValue, value:{.timestamp = 7717980476584, .areaId = 0, .prop = 557846546, .status = AVAILABLE, .value = {.int32Values = [1]{0}, .floatValues = [0]{}, .int64Values = [0]{}, .bytes = [0]{}, .stringValue = ""}}
12-30 10:46:22.159   398   464 D DiagPropHandler: is not DiagnosticConfig: 0x21401012
12-30 10:46:22.159   398   464 I VehiclePropertyStore: begin to write value to Store: {.timestamp = 7717980476584, .areaId = 0, .prop = 557846546, .status = AVAILABLE, .value = {.int32Values = [1]{0}, .floatValues = [0]{}, .int64Values = [0]{}, .bytes = [0]{}, .stringValue = ""}}
12-30 10:46:22.159   398   464 D adayocomadapter-CommunicationManager: onUpstreamReceive mPropertyId 0x21401012
12-30 10:46:22.159   398   464 D adayocomadapter-CommunicationManager: onUpstreamReceive mPropertyId 0x21401014
12-30 10:46:22.159   398   464 D adayocomadapter-CommunicationManager: convertBytesToInt32Memcpy  0
12-30 10:46:22.159   398   464 I vw-vhal : notifyVehicleProperty, propId = 0x21401014, data = {status: 2, int32Values: [0]}
12-30 10:46:22.159   398   464 I vw-vhal : CanSignalsAdapter::notifyVehicleProperty: solvedValue = {.timestamp = 7717981244251, .areaId = 0, .prop = 557846548, .status = AVAILABLE, .value = {.int32Values = [1]{0}, .floatValues = [0]{}, .int64Values = [0]{}, .bytes = [0]{}, .stringValue = ""}}
12-30 10:46:22.159   398   464 I VehiclePropertyStore: begin to write value to Store: {.timestamp = 7717981244251, .areaId = 0, .prop = 557846548, .status = AVAILABLE, .value = {.int32Values = [1]{0}, .floatValues = [0]{}, .int64Values = [0]{}, .bytes = [0]{}, .stringValue = ""}}
12-30 10:46:22.159   398   464 I DefaultVehicleHal_v2_0: DefaultVehicleHal::onPropertyValue, value:{.timestamp = 7717981244251, .areaId = 0, .prop = 557846548, .status = AVAILABLE, .value = {.int32Values = [1]{0}, .floatValues = [0]{}, .int64Values = [0]{}, .bytes = [0]{}, .stringValue = ""}}
12-30 10:46:22.159   398   464 D DiagPropHandler: is not DiagnosticConfig: 0x21401014
12-30 10:46:22.159   398   464 I VehiclePropertyStore: begin to write value to Store: {.timestamp = 7717981244251, .areaId = 0, .prop = 557846548, .status = AVAILABLE, .value = {.int32Values = [1]{0}, .floatValues = [0]{}, .int64Values = [0]{}, .bytes = [0]{}, .stringValue = ""}}
12-30 10:46:22.159   398   464 D adayocomadapter-CommunicationManager: onUpstreamReceive mPropertyId 0x21401014
12-30 10:46:22.159   398   464 D adayocomadapter-CommunicationManager: onUpstreamReceive mPropertyId 0x21401043
12-30 10:46:22.159   398   464 D adayocomadapter-CommunicationManager: convertBytesToInt32Memcpy  0
12-30 10:46:22.160   398   464 I vw-vhal : notifyVehicleProperty, propId = 0x21401043, data = {status: 2, int32Values: [0]}
12-30 10:46:22.160   398   464 I vw-vhal : CanSignalsAdapter::notifyVehicleProperty: solvedValue = {.timestamp = 7717981916584, .areaId = 0, .prop = 557846595, .status = AVAILABLE, .value = {.int32Values = [1]{0}, .floatValues = [0]{}, .int64Values = [0]{}, .bytes = [0]{}, .stringValue = ""}}
12-30 10:46:22.160   398   464 I VehiclePropertyStore: begin to write value to Store: {.timestamp = 7717981916584, .areaId = 0, .prop = 557846595, .status = AVAILABLE, .value = {.int32Values = [1]{0}, .floatValues = [0]{}, .int64Values = [0]{}, .bytes = [0]{}, .stringValue = ""}}
12-30 10:46:22.160   398   464 I DefaultVehicleHal_v2_0: DefaultVehicleHal::onPropertyValue, value:{.timestamp = 7717981916584, .areaId = 0, .prop = 557846595, .status = AVAILABLE, .value = {.int32Values = [1]{0}, .floatValues = [0]{}, .int64Values = [0]{}, .bytes = [0]{}, .stringValue = ""}}
12-30 10:46:22.160   398   464 D DiagPropHandler: is not DiagnosticConfig: 0x21401043
12-30 10:46:22.160   398   464 I VehiclePropertyStore: begin to write value to Store: {.timestamp = 7717981916584, .areaId = 0, .prop = 557846595, .status = AVAILABLE, .value = {.int32Values = [1]{0}, .floatValues = [0]{}, .int64Values = [0]{}, .bytes = [0]{}, .stringValue = ""}}
12-30 10:46:22.160   398   464 D adayocomadapter-CommunicationManager: onUpstreamReceive mPropertyId 0x21401043
12-30 10:46:22.160   398   464 D adayocomadapter-CommunicationManager: onUpstreamReceive mPropertyId 0x21401042
12-30 10:46:22.160   398   464 D adayocomadapter-CommunicationManager: convertBytesToInt32Memcpy  0
12-30 10:46:22.160   398   464 I vw-vhal : notifyVehicleProperty, propId = 0x21401042, data = {status: 2, int32Values: [0]}
12-30 10:46:22.160   398   464 I vw-vhal : CanSignalsAdapter::notifyVehicleProperty: solvedValue = {.timestamp = 7717982590918, .areaId = 0, .prop = 557846594, .status = AVAILABLE, .value = {.int32Values = [1]{0}, .floatValues = [0]{}, .int64Values = [0]{}, .bytes = [0]{}, .stringValue = ""}}
12-30 10:46:22.160   398   464 I VehiclePropertyStore: begin to write value to Store: {.timestamp = 7717982590918, .areaId = 0, .prop = 557846594, .status = AVAILABLE, .value = {.int32Values = [1]{0}, .floatValues = [0]{}, .int64Values = [0]{}, .bytes = [0]{}, .stringValue = ""}}
12-30 10:46:22.160   398   464 I DefaultVehicleHal_v2_0: DefaultVehicleHal::onPropertyValue, value:{.timestamp = 7717982590918, .areaId = 0, .prop = 557846594, .status = AVAILABLE, .value = {.int32Values = [1]{0}, .floatValues = [0]{}, .int64Values = [0]{}, .bytes = [0]{}, .stringValue = ""}}
12-30 10:46:22.161   398   464 D DiagPropHandler: is not DiagnosticConfig: 0x21401042
12-30 10:46:22.161   398   464 I VehiclePropertyStore: begin to write value to Store: {.timestamp = 7717982590918, .areaId = 0, .prop = 557846594, .status = AVAILABLE, .value = {.int32Values = [1]{0}, .floatValues = [0]{}, .int64Values = [0]{}, .bytes = [0]{}, .stringValue = ""}}
12-30 10:46:22.161   398   464 D adayocomadapter-CommunicationManager: onUpstreamReceive mPropertyId 0x21401042
12-30 10:46:22.161   398   464 D adayocomadapter-CommunicationManager: onUpstreamReceive mPropertyId 0x21401016
12-30 10:46:22.161   398   464 D adayocomadapter-CommunicationManager: convertBytesToInt32Memcpy  0
12-30 10:46:22.161   398   464 I vw-vhal : notifyVehicleProperty, propId = 0x21401016, data = {status: 2, int32Values: [0]}
12-30 10:46:22.161   398   464 I vw-vhal : CanSignalsAdapter::notifyVehicleProperty: solvedValue = {.timestamp = 7717983234918, .areaId = 0, .prop = 557846550, .status = AVAILABLE, .value = {.int32Values = [1]{0}, .floatValues = [0]{}, .int64Values = [0]{}, .bytes = [0]{}, .stringValue = ""}}
12-30 10:46:22.161   398   464 I VehiclePropertyStore: begin to write value to Store: {.timestamp = 7717983234918, .areaId = 0, .prop = 557846550, .status = AVAILABLE, .value = {.int32Values = [1]{0}, .floatValues = [0]{}, .int64Values = [0]{}, .bytes = [0]{}, .stringValue = ""}}
12-30 10:46:22.161   398   464 I DefaultVehicleHal_v2_0: DefaultVehicleHal::onPropertyValue, value:{.timestamp = 7717983234918, .areaId = 0, .prop = 557846550, .status = AVAILABLE, .value = {.int32Values = [1]{0}, .floatValues = [0]{}, .int64Values = [0]{}, .bytes = [0]{}, .stringValue = ""}}
12-30 10:46:22.161   398   464 D DiagPropHandler: is not DiagnosticConfig: 0x21401016
12-30 10:46:22.161   398   464 I VehiclePropertyStore: begin to write value to Store: {.timestamp = 7717983234918, .areaId = 0, .prop = 557846550, .status = AVAILABLE, .value = {.int32Values = [1]{0}, .floatValues = [0]{}, .int64Values = [0]{}, .bytes = [0]{}, .stringValue = ""}}
12-30 10:46:22.161   398   464 D adayocomadapter-CommunicationManager: onUpstreamReceive mPropertyId 0x21401016
12-30 10:46:22.161   398   464 D adayocomadapter-CommunicationManager: onUpstreamReceive mPropertyId 0x2140101c
12-30 10:46:22.161   398   464 D adayocomadapter-CommunicationManager: convertBytesToInt32Memcpy  0
12-30 10:46:22.161   398   464 I vw-vhal : notifyVehicleProperty, propId = 0x2140101c, data = {status: 2, int32Values: [0]}
12-30 10:46:22.162   398   464 I vw-vhal : CanSignalsAdapter::notifyVehicleProperty: solvedValue = {.timestamp = 7717983895584, .areaId = 0, .prop = 557846556, .status = AVAILABLE, .value = {.int32Values = [1]{0}, .floatValues = [0]{}, .int64Values = [0]{}, .bytes = [0]{}, .stringValue = ""}}
12-30 10:46:22.162   398   464 I VehiclePropertyStore: begin to write value to Store: {.timestamp = 7717983895584, .areaId = 0, .prop = 557846556, .status = AVAILABLE, .value = {.int32Values = [1]{0}, .floatValues = [0]{}, .int64Values = [0]{}, .bytes = [0]{}, .stringValue = ""}}
12-30 10:46:22.162   398   464 I DefaultVehicleHal_v2_0: DefaultVehicleHal::onPropertyValue, value:{.timestamp = 7717983895584, .areaId = 0, .prop = 557846556, .status = AVAILABLE, .value = {.int32Values = [1]{0}, .floatValues = [0]{}, .int64Values = [0]{}, .bytes = [0]{}, .stringValue = ""}}
12-30 10:46:22.162   398   464 D DiagPropHandler: is not DiagnosticConfig: 0x2140101c
12-30 10:46:22.162   398   464 I VehiclePropertyStore: begin to write value to Store: {.timestamp = 7717983895584, .areaId = 0, .prop = 557846556, .status = AVAILABLE, .value = {.int32Values = [1]{0}, .floatValues = [0]{}, .int64Values = [0]{}, .bytes = [0]{}, .stringValue = ""}}
12-30 10:46:22.162   398   464 D adayocomadapter-CommunicationManager: onUpstreamReceive mPropertyId 0x2140101c
12-30 10:46:22.162   398   464 D adayocomadapter-CommunicationManager: onUpstreamReceive mPropertyId 0x21401033
12-30 10:46:22.162   398   464 D adayocomadapter-CommunicationManager: convertBytesToInt32Memcpy  0
12-30 10:46:22.162   398   464 I vw-vhal : notifyVehicleProperty, propId = 0x21401033, data = {status: 2, int32Values: [0]}
12-30 10:46:22.162   398   464 I vw-vhal : CanSignalsAdapter::notifyVehicleProperty: solvedValue = {.timestamp = 7717984571918, .areaId = 0, .prop = 557846579, .status = AVAILABLE, .value = {.int32Values = [1]{0}, .floatValues = [0]{}, .int64Values = [0]{}, .bytes = [0]{}, .stringValue = ""}}
12-30 10:46:22.162   398   464 I VehiclePropertyStore: begin to write value to Store: {.timestamp = 7717984571918, .areaId = 0, .prop = 557846579, .status = AVAILABLE, .value = {.int32Values = [1]{0}, .floatValues = [0]{}, .int64Values = [0]{}, .bytes = [0]{}, .stringValue = ""}}
12-30 10:46:22.163   398   464 I DefaultVehicleHal_v2_0: DefaultVehicleHal::onPropertyValue, value:{.timestamp = 7717984571918, .areaId = 0, .prop = 557846579, .status = AVAILABLE, .value = {.int32Values = [1]{0}, .floatValues = [0]{}, .int64Values = [0]{}, .bytes = [0]{}, .stringValue = ""}}
12-30 10:46:22.163   398   464 D DiagPropHandler: is not DiagnosticConfig: 0x21401033
12-30 10:46:22.163   398   464 I VehiclePropertyStore: begin to write value to Store: {.timestamp = 7717984571918, .areaId = 0, .prop = 557846579, .status = AVAILABLE, .value = {.int32Values = [1]{0}, .floatValues = [0]{}, .int64Values = [0]{}, .bytes = [0]{}, .stringValue = ""}}
12-30 10:46:22.163   398   464 D adayocomadapter-CommunicationManager: onUpstreamReceive mPropertyId 0x21401033
12-30 10:46:22.163   398   464 D adayocomadapter-CommunicationManager: onUpstreamReceive mPropertyId 0x21401004
12-30 10:46:22.163   398   464 D adayocomadapter-CommunicationManager: convertBytesToInt32Memcpy  0
12-30 10:46:22.163   398   464 I vw-vhal : notifyVehicleProperty, propId = 0x21401004, data = {status: 2, int32Values: [0]}
12-30 10:46:22.163   398   464 I vw-vhal : CanSignalsAdapter::notifyVehicleProperty: solvedValue = {.timestamp = 7717985317251, .areaId = 0, .prop = 557846532, .status = AVAILABLE, .value = {.int32Values = [1]{0}, .floatValues = [0]{}, .int64Values = [0]{}, .bytes = [0]{}, .stringValue = ""}}
12-30 10:46:22.163   398   464 I VehiclePropertyStore: begin to write value to Store: {.timestamp = 7717985317251, .areaId = 0, .prop = 557846532, .status = AVAILABLE, .value = {.int32Values = [1]{0}, .floatValues = [0]{}, .int64Values = [0]{}, .bytes = [0]{}, .stringValue = ""}}
12-30 10:46:22.163   398   464 I DefaultVehicleHal_v2_0: DefaultVehicleHal::onPropertyValue, value:{.timestamp = 7717985317251, .areaId = 0, .prop = 557846532, .status = AVAILABLE, .value = {.int32Values = [1]{0}, .floatValues = [0]{}, .int64Values = [0]{}, .bytes = [0]{}, .stringValue = ""}}
12-30 10:46:22.163   398   464 D DiagPropHandler: is not DiagnosticConfig: 0x21401004
12-30 10:46:22.163   398   464 I VehiclePropertyStore: begin to write value to Store: {.timestamp = 7717985317251, .areaId = 0, .prop = 557846532, .status = AVAILABLE, .value = {.int32Values = [1]{0}, .floatValues = [0]{}, .int64Values = [0]{}, .bytes = [0]{}, .stringValue = ""}}
12-30 10:46:22.163   398   464 D adayocomadapter-CommunicationManager: onUpstreamReceive mPropertyId 0x21401004
12-30 10:46:22.163   398   464 D adayocomadapter-CommunicationManager: onUpstreamReceive mPropertyId 0x21401020
12-30 10:46:22.163   398   464 D adayocomadapter-CommunicationManager: convertBytesToInt32Memcpy  0
12-30 10:46:22.164   398   464 I vw-vhal : notifyVehicleProperty, propId = 0x21401020, data = {status: 2, int32Values: [0]}
12-30 10:46:22.164   398   464 I vw-vhal : CanSignalsAdapter::notifyVehicleProperty: solvedValue = {.timestamp = 7717985972918, .areaId = 0, .prop = 557846560, .status = AVAILABLE, .value = {.int32Values = [1]{0}, .floatValues = [0]{}, .int64Values = [0]{}, .bytes = [0]{}, .stringValue = ""}}
12-30 10:46:22.164   398   464 I VehiclePropertyStore: begin to write value to Store: {.timestamp = 7717985972918, .areaId = 0, .prop = 557846560, .status = AVAILABLE, .value = {.int32Values = [1]{0}, .floatValues = [0]{}, .int64Values = [0]{}, .bytes = [0]{}, .stringValue = ""}}
12-30 10:46:22.164   360   931 D EvsDriver: forwardFrame
12-30 10:46:22.164   398   464 I DefaultVehicleHal_v2_0: DefaultVehicleHal::onPropertyValue, value:{.timestamp = 7717985972918, .areaId = 0, .prop = 557846560, .status = AVAILABLE, .value = {.int32Values = [1]{0}, .floatValues = [0]{}, .int64Values = [0]{}, .bytes = [0]{}, .stringValue = ""}}
12-30 10:46:22.164   398   464 D DiagPropHandler: is not DiagnosticConfig: 0x21401020
12-30 10:46:22.164   360   931 D EvsDriver: forwardFrameDirect
12-30 10:46:22.164   398   464 I VehiclePropertyStore: begin to write value to Store: {.timestamp = 7717985972918, .areaId = 0, .prop = 557846560, .status = AVAILABLE, .value = {.int32Values = [1]{0}, .floatValues = [0]{}, .int64Values = [0]{}, .bytes = [0]{}, .stringValue = ""}}
12-30 10:46:22.164   398   464 D adayocomadapter-CommunicationManager: onUpstreamReceive mPropertyId 0x21401020
12-30 10:46:22.164   398   464 D adayocomadapter-CommunicationManager: onUpstreamReceive mPropertyId 0x21402162
12-30 10:46:22.164   398   464 D adayocomadapter-CommunicationManager: convertBytesToInt32Memcpy  0
12-30 10:46:22.164   398   464 I vw-vhal : notifyVehicleProperty, propId = 0x21402162, data = {status: 2, int32Values: [0]}
12-30 10:46:22.164   360   931 D EvsDriver: Delivered 0xb400e2ca9e40c7a0 as id 1
12-30 10:46:22.164   398   464 I vw-vhal : CanSignalsAdapter::notifyVehicleProperty: solvedValue = {.timestamp = 7717986631584, .areaId = 0, .prop = 557850978, .status = AVAILABLE, .value = {.int32Values = [1]{0}, .floatValues = [0]{}, .int64Values = [0]{}, .bytes = [0]{}, .stringValue = ""}}
12-30 10:46:22.164   398   464 I VehiclePropertyStore: begin to write value to Store: {.timestamp = 7717986631584, .areaId = 0, .prop = 557850978, .status = AVAILABLE, .value = {.int32Values = [1]{0}, .floatValues = [0]{}, .int64Values = [0]{}, .bytes = [0]{}, .stringValue = ""}}
12-30 10:46:22.164   359  2784 D evsmanagerd: /dev/video-evs0 forwarded the buffer #1 to 0xb400f125d2b26dd0 from 0xb400f125e2b20710
12-30 10:46:22.164   398   464 I DefaultVehicleHal_v2_0: DefaultVehicleHal::onPropertyValue, value:{.timestamp = 7717986631584, .areaId = 0, .prop = 557850978, .status = AVAILABLE, .value = {.int32Values = [1]{0}, .floatValues = [0]{}, .int64Values = [0]{}, .bytes = [0]{}, .stringValue = ""}}
12-30 10:46:22.165   398   464 D DiagPropHandler: is not DiagnosticConfig: 0x21402162
12-30 10:46:22.165   398   464 I VehiclePropertyStore: begin to write value to Store: {.timestamp = 7717986631584, .areaId = 0, .prop = 557850978, .status = AVAILABLE, .value = {.int32Values = [1]{0}, .floatValues = [0]{}, .int64Values = [0]{}, .bytes = [0]{}, .stringValue = ""}}
12-30 10:46:22.165   398   464 D adayocomadapter-CommunicationManager: onUpstreamReceive mPropertyId 0x21402162
12-30 10:46:22.165   398   464 D adayocomadapter-CommunicationManager: onUpstreamReceive mPropertyId 0x21401037
12-30 10:46:22.165   398   464 D adayocomadapter-CommunicationManager: convertBytesToInt32Memcpy  0
12-30 10:46:22.165   398   464 I vw-vhal : notifyVehicleProperty, propId = 0x21401037, data = {status: 2, int32Values: [0]}
12-30 10:46:22.165   398   464 I vw-vhal : CanSignalsAdapter::notifyVehicleProperty: solvedValue = {.timestamp = 7717987285251, .areaId = 0, .prop = 557846583, .status = AVAILABLE, .value = {.int32Values = [1]{0}, .floatValues = [0]{}, .int64Values = [0]{}, .bytes = [0]{}, .stringValue = ""}}
12-30 10:46:22.165   398   464 I VehiclePropertyStore: begin to write value to Store: {.timestamp = 7717987285251, .areaId = 0, .prop = 557846583, .status = AVAILABLE, .value = {.int32Values = [1]{0}, .floatValues = [0]{}, .int64Values = [0]{}, .bytes = [0]{}, .stringValue = ""}}
12-30 10:46:22.165   398   464 I DefaultVehicleHal_v2_0: DefaultVehicleHal::onPropertyValue, value:{.timestamp = 7717987285251, .areaId = 0, .prop = 557846583, .status = AVAILABLE, .value = {.int32Values = [1]{0}, .floatValues = [0]{}, .int64Values = [0]{}, .bytes = [0]{}, .stringValue = ""}}
12-30 10:46:22.165   398   464 D DiagPropHandler: is not DiagnosticConfig: 0x21401037
12-30 10:46:22.165   398   464 I VehiclePropertyStore: begin to write value to Store: {.timestamp = 7717987285251, .areaId = 0, .prop = 557846583, .status = AVAILABLE, .value = {.int32Values = [1]{0}, .floatValues = [0]{}, .int64Values = [0]{}, .bytes = [0]{}, .stringValue = ""}}
12-30 10:46:22.165   398   464 D adayocomadapter-CommunicationManager: onUpstreamReceive mPropertyId 0x21401037
12-30 10:46:22.165   398   464 D adayocomadapter-CommunicationManager: onUpstreamReceive mPropertyId 0x21401008
12-30 10:46:22.165   398   464 D adayocomadapter-CommunicationManager: convertBytesToInt32Memcpy  0
12-30 10:46:22.166   398   464 I vw-vhal : notifyVehicleProperty, propId = 0x21401008, data = {status: 2, int32Values: [0]}
12-30 10:46:22.166   398   464 I vw-vhal : CanSignalsAdapter::notifyVehicleProperty: solvedValue = {.timestamp = 7717987933918, .areaId = 0, .prop = 557846536, .status = AVAILABLE, .value = {.int32Values = [1]{0}, .floatValues = [0]{}, .int64Values = [0]{}, .bytes = [0]{}, .stringValue = ""}}
12-30 10:46:22.166   398   464 I VehiclePropertyStore: begin to write value to Store: {.timestamp = 7717987933918, .areaId = 0, .prop = 557846536, .status = AVAILABLE, .value = {.int32Values = [1]{0}, .floatValues = [0]{}, .int64Values = [0]{}, .bytes = [0]{}, .stringValue = ""}}
12-30 10:46:22.166   398   464 I DefaultVehicleHal_v2_0: DefaultVehicleHal::onPropertyValue, value:{.timestamp = 7717987933918, .areaId = 0, .prop = 557846536, .status = AVAILABLE, .value = {.int32Values = [1]{0}, .floatValues = [0]{}, .int64Values = [0]{}, .bytes = [0]{}, .stringValue = ""}}
12-30 10:46:22.166   398   464 D DiagPropHandler: is not DiagnosticConfig: 0x21401008
12-30 10:46:22.166   398   464 I VehiclePropertyStore: begin to write value to Store: {.timestamp = 7717987933918, .areaId = 0, .prop = 557846536, .status = AVAILABLE, .value = {.int32Values = [1]{0}, .floatValues = [0]{}, .int64Values = [0]{}, .bytes = [0]{}, .stringValue = ""}}
12-30 10:46:22.166   398   464 D adayocomadapter-CommunicationManager: onUpstreamReceive mPropertyId 0x21401008
12-30 10:46:22.166   398   464 D adayocomadapter-CommunicationManager: onUpstreamReceive mPropertyId 0x21401022
12-30 10:46:22.166   398   464 D adayocomadapter-CommunicationManager: convertBytesToInt32Memcpy  0
12-30 10:46:22.166   398   464 I vw-vhal : notifyVehicleProperty, propId = 0x21401022, data = {status: 2, int32Values: [0]}
12-30 10:46:22.166   398   464 I vw-vhal : CanSignalsAdapter::notifyVehicleProperty: solvedValue = {.timestamp = 7717988633251, .areaId = 0, .prop = 557846562, .status = AVAILABLE, .value = {.int32Values = [1]{0}, .floatValues = [0]{}, .int64Values = [0]{}, .bytes = [0]{}, .stringValue = ""}}
12-30 10:46:22.166   398   464 I VehiclePropertyStore: begin to write value to Store: {.timestamp = 7717988633251, .areaId = 0, .prop = 557846562, .status = AVAILABLE, .value = {.int32Values = [1]{0}, .floatValues = [0]{}, .int64Values = [0]{}, .bytes = [0]{}, .stringValue = ""}}
12-30 10:46:22.166   398   464 I DefaultVehicleHal_v2_0: DefaultVehicleHal::onPropertyValue, value:{.timestamp = 7717988633251, .areaId = 0, .prop = 557846562, .status = AVAILABLE, .value = {.int32Values = [1]{0}, .floatValues = [0]{}, .int64Values = [0]{}, .bytes = [0]{}, .stringValue = ""}}
12-30 10:46:22.167   398   464 D DiagPropHandler: is not DiagnosticConfig: 0x21401022
12-30 10:46:22.167   398   464 I VehiclePropertyStore: begin to write value to Store: {.timestamp = 7717988633251, .areaId = 0, .prop = 557846562, .status = AVAILABLE, .value = {.int32Values = [1]{0}, .floatValues = [0]{}, .int64Values = [0]{}, .bytes = [0]{}, .stringValue = ""}}
12-30 10:46:22.167   398   464 D adayocomadapter-CommunicationManager: onUpstreamReceive mPropertyId 0x21401022
12-30 10:46:22.167   398   464 D adayocomadapter-CommunicationManager: onUpstreamReceive mPropertyId 0x21402164
12-30 10:46:22.167   398   464 D adayocomadapter-CommunicationManager: convertBytesToInt32Memcpy  0
12-30 10:46:22.167   398   464 I vw-vhal : notifyVehicleProperty, propId = 0x21402164, data = {status: 2, int32Values: [0]}
12-30 10:46:22.167   398   464 I vw-vhal : CanSignalsAdapter::notifyVehicleProperty: solvedValue = {.timestamp = 7717989285584, .areaId = 0, .prop = 557850980, .status = AVAILABLE, .value = {.int32Values = [1]{0}, .floatValues = [0]{}, .int64Values = [0]{}, .bytes = [0]{}, .stringValue = ""}}
12-30 10:46:22.167   398   464 I VehiclePropertyStore: begin to write value to Store: {.timestamp = 7717989285584, .areaId = 0, .prop = 557850980, .status = AVAILABLE, .value = {.int32Values = [1]{0}, .floatValues = [0]{}, .int64Values = [0]{}, .bytes = [0]{}, .stringValue = ""}}
12-30 10:46:22.167   398   464 I DefaultVehicleHal_v2_0: DefaultVehicleHal::onPropertyValue, value:{.timestamp = 7717989285584, .areaId = 0, .prop = 557850980, .status = AVAILABLE, .value = {.int32Values = [1]{0}, .floatValues = [0]{}, .int64Values = [0]{}, .bytes = [0]{}, .stringValue = ""}}
12-30 10:46:22.167   398   464 D DiagPropHandler: is not DiagnosticConfig: 0x21402164
12-30 10:46:22.167   398   464 I VehiclePropertyStore: begin to write value to Store: {.timestamp = 7717989285584, .areaId = 0, .prop = 557850980, .status = AVAILABLE, .value = {.int32Values = [1]{0}, .floatValues = [0]{}, .int64Values = [0]{}, .bytes = [0]{}, .stringValue = ""}}
12-30 10:46:22.167   398   464 D adayocomadapter-CommunicationManager: onUpstreamReceive mPropertyId 0x21402164
12-30 10:46:22.167   398   464 D adayocomadapter-CommunicationManager: onUpstreamReceive mPropertyId 0x21401039
12-30 10:46:22.167   398   464 D adayocomadapter-CommunicationManager: convertBytesToInt32Memcpy  0
12-30 10:46:22.168   398   464 I vw-vhal : notifyVehicleProperty, propId = 0x21401039, data = {status: 2, int32Values: [0]}
12-30 10:46:22.168   398   464 I vw-vhal : CanSignalsAdapter::notifyVehicleProperty: solvedValue = {.timestamp = 7717989981918, .areaId = 0, .prop = 557846585, .status = AVAILABLE, .value = {.int32Values = [1]{0}, .floatValues = [0]{}, .int64Values = [0]{}, .bytes = [0]{}, .stringValue = ""}}
12-30 10:46:22.168   398   464 I VehiclePropertyStore: begin to write value to Store: {.timestamp = 7717989981918, .areaId = 0, .prop = 557846585, .status = AVAILABLE, .value = {.int32Values = [1]{0}, .floatValues = [0]{}, .int64Values = [0]{}, .bytes = [0]{}, .stringValue = ""}}
12-30 10:46:22.168   398   464 I DefaultVehicleHal_v2_0: DefaultVehicleHal::onPropertyValue, value:{.timestamp = 7717989981918, .areaId = 0, .prop = 557846585, .status = AVAILABLE, .value = {.int32Values = [1]{0}, .floatValues = [0]{}, .int64Values = [0]{}, .bytes = [0]{}, .stringValue = ""}}
12-30 10:46:22.168   398   464 D DiagPropHandler: is not DiagnosticConfig: 0x21401039
12-30 10:46:22.168   398   464 I VehiclePropertyStore: begin to write value to Store: {.timestamp = 7717989981918, .areaId = 0, .prop = 557846585, .status = AVAILABLE, .value = {.int32Values = [1]{0}, .floatValues = [0]{}, .int64Values = [0]{}, .bytes = [0]{}, .stringValue = ""}}
12-30 10:46:22.168   398   464 D adayocomadapter-CommunicationManager: onUpstreamReceive mPropertyId 0x21401039
12-30 10:46:22.168   398   464 D adayocomadapter-CommunicationManager: onUpstreamReceive mPropertyId 0x214021d9
12-30 10:46:22.168   398   464 D adayocomadapter-CommunicationManager: convertBytesToInt32Memcpy  0
12-30 10:46:22.168   398   464 I vw-vhal : notifyVehicleProperty, propId = 0x214021d9, data = {status: 2, int32Values: [0]}
12-30 10:46:22.168   398   464 I vw-vhal : CanSignalsAdapter::notifyVehicleProperty: solvedValue = {.timestamp = 7717990625918, .areaId = 0, .prop = 557851097, .status = AVAILABLE, .value = {.int32Values = [1]{0}, .floatValues = [0]{}, .int64Values = [0]{}, .bytes = [0]{}, .stringValue = ""}}
12-30 10:46:22.168   398   464 I VehiclePropertyStore: begin to write value to Store: {.timestamp = 7717990625918, .areaId = 0, .prop = 557851097, .status = AVAILABLE, .value = {.int32Values = [1]{0}, .floatValues = [0]{}, .int64Values = [0]{}, .bytes = [0]{}, .stringValue = ""}}
12-30 10:46:22.169   398   464 I DefaultVehicleHal_v2_0: DefaultVehicleHal::onPropertyValue, value:{.timestamp = 7717990625918, .areaId = 0, .prop = 557851097, .status = AVAILABLE, .value = {.int32Values = [1]{0}, .floatValues = [0]{}, .int64Values = [0]{}, .bytes = [0]{}, .stringValue = ""}}
12-30 10:46:22.169   398   464 D DiagPropHandler: is not DiagnosticConfig: 0x214021d9
12-30 10:46:22.169   398   464 I VehiclePropertyStore: begin to write value to Store: {.timestamp = 7717990625918, .areaId = 0, .prop = 557851097, .status = AVAILABLE, .value = {.int32Values = [1]{0}, .floatValues = [0]{}, .int64Values = [0]{}, .bytes = [0]{}, .stringValue = ""}}
12-30 10:46:22.169   398   464 D adayocomadapter-CommunicationManager: onUpstreamReceive mPropertyId 0x214021d9
12-30 10:46:22.169   398   464 D adayocomadapter-CommunicationManager: onUpstreamReceive mPropertyId 0x21401024
12-30 10:46:22.169   398   464 D adayocomadapter-CommunicationManager: convertBytesToInt32Memcpy  0
12-30 10:46:22.169   398   464 I vw-vhal : notifyVehicleProperty, propId = 0x21401024, data = {status: 2, int32Values: [0]}
12-30 10:46:22.169   398   464 I vw-vhal : CanSignalsAdapter::notifyVehicleProperty: solvedValue = {.timestamp = 7717991279251, .areaId = 0, .prop = 557846564, .status = AVAILABLE, .value = {.int32Values = [1]{0}, .floatValues = [0]{}, .int64Values = [0]{}, .bytes = [0]{}, .stringValue = ""}}
12-30 10:46:22.169   398   464 I VehiclePropertyStore: begin to write value to Store: {.timestamp = 7717991279251, .areaId = 0, .prop = 557846564, .status = AVAILABLE, .value = {.int32Values = [1]{0}, .floatValues = [0]{}, .int64Values = [0]{}, .bytes = [0]{}, .stringValue = ""}}
12-30 10:46:22.169   398   464 I DefaultVehicleHal_v2_0: DefaultVehicleHal::onPropertyValue, value:{.timestamp = 7717991279251, .areaId = 0, .prop = 557846564, .status = AVAILABLE, .value = {.int32Values = [1]{0}, .floatValues = [0]{}, .int64Values = [0]{}, .bytes = [0]{}, .stringValue = ""}}
12-30 10:46:22.169   398   464 D DiagPropHandler: is not DiagnosticConfig: 0x21401024
