12-30 10:41:46.802   360   931 D EvsDriver: Delivered 0xb400e2ca9e40e270 as id 0
12-30 10:41:46.803   359  2784 D evsmanagerd: /dev/video-evs0 forwarded the buffer #0 to 0xb400f125d2b26dd0 from 0xb400f125e2b20710
12-30 10:41:46.806   360   458 D EvsDriver: doneWithFrame
12-30 10:41:46.816   699   699 I auditd  : type=1400 audit(0.0:835455): avc:  denied  { read } for  comm="name_server" laddr=172.20.2.35 lport=34880 faddr=172.20.2.36 fport=60000 scontext=u:r:name_server:s0 tcontext=u:r:name_server:s0 tclass=tcp_socket permissive=1
12-30 10:41:46.816   699   699 I name_server: type=1400 audit(0.0:835455): avc:  denied  { read } for  laddr=172.20.2.35 lport=34880 faddr=172.20.2.36 fport=60000 scontext=u:r:name_server:s0 tcontext=u:r:name_server:s0 tclass=tcp_socket permissive=1
12-30 10:41:46.816   699   699 I auditd  : type=1400 audit(0.0:835456): avc:  denied  { write } for  comm="name_server" laddr=172.20.2.35 lport=34880 faddr=172.20.2.36 fport=60000 scontext=u:r:name_server:s0 tcontext=u:r:name_server:s0 tclass=tcp_socket permissive=1
12-30 10:41:46.816   699   699 I name_server: type=1400 audit(0.0:835456): avc:  denied  { write } for  laddr=172.20.2.35 lport=34880 faddr=172.20.2.36 fport=60000 scontext=u:r:name_server:s0 tcontext=u:r:name_server:s0 tclass=tcp_socket permissive=1
12-30 10:41:46.832   596  3076 E WifiHAL : Invalid data received from driver
12-30 10:41:46.835   360   931 D EvsDriver: forwardFrame
12-30 10:41:46.836   360   931 D EvsDriver: forwardFrameDirect
12-30 10:41:46.836   360   931 D EvsDriver: Delivered 0xb400e2ca9e40d4b0 as id 1
12-30 10:41:46.836   359  2784 D evsmanagerd: /dev/video-evs0 forwarded the buffer #1 to 0xb400f125d2b26dd0 from 0xb400f125e2b20710
12-30 10:41:46.847   360   458 D EvsDriver: doneWithFrame
12-30 10:41:46.847  2358  2623 D RcfController: Rcf proxy is not connected!
12-30 10:41:46.869   360   931 D EvsDriver: forwardFrame
12-30 10:41:46.869   360   931 D EvsDriver: forwardFrameDirect
12-30 10:41:46.869   360   931 D EvsDriver: Delivered 0xb400e2ca9e40c2d0 as id 0
12-30 10:41:46.869   359  2784 D evsmanagerd: /dev/video-evs0 forwarded the buffer #0 to 0xb400f125d2b26dd0 from 0xb400f125e2b20710
12-30 10:41:46.877   360   458 D EvsDriver: doneWithFrame
12-30 10:41:46.880  1667  2513 W ContextImpl: Calling a method in the system process without a qualified user: android.app.ContextImpl.bindService:1988 android.content.ContextWrapper.bindService:861 com.ford.sync.fnvservice.analytics.AnalyticsManager$RetryHandler.a:126 com.ford.sync.fnvservice.analytics.AnalyticsManager$RetryHandler.handleMessage:103 android.os.Handler.dispatchMessage:106 
12-30 10:41:46.881   916  5915 W ActivityManager: Unable to start service Intent { cmp=com.ford.sync.fnvservice/.analytics.AnalyticsService } U=0: not found
12-30 10:41:46.881   650   729 D fgemcucomm: sd Uart data : 6AA602E8580002920228
12-30 10:41:46.881  1667  2513 W AnalyticsManager:  bind ford Analytics failed -> sendRetryMessage 
12-30 10:41:46.881   650   729 D fgemcucomm: rev uart=61523,len=14, data : 6AA681E8580006920200010000A4
12-30 10:41:46.882   398  2883 D adayocomadapter-ParseProtocolFunc: printRaWMsg Name[MCUToUPstream recv] len[6] data[920200010000]
12-30 10:41:46.882   398  2883 D adayocomadapter-CommunicationManager: onUpstreamback   member[0] dataLength[3] timePoint[7442704]
12-30 10:41:46.882   398  2883 D adayocomadapter-ParseProtocolFunc: printRaWMsg Name[onUpstreamback] len[3] data[010000]
12-30 10:41:46.882   398   464 D adayocomadapter-UpstreamHandler: processBeforePacket upSreamtProcessTimePoint[7442704] 
12-30 10:41:46.882   398   464 D adayocomadapter-UpstreamHandler: processPacket UPSTREAM_QUEUE_DATA_TIMEOUT
12-30 10:41:46.882   398   464 D adayocomadapter-ParseProtocolFunc: parseCommonIPCLBytes Processing tableNumber[1]
12-30 10:41:46.882   398   464 D adayocomadapter-ParseProtocolFunc: parseCommonIPCLBytes Processing tablename[Table-1] tableSize[3]
12-30 10:41:46.882   398   464 D adayocomadapter-ParseProtocolFunc: printRaWMsg Name[byteStream recv] len[3] data[010000]
12-30 10:41:46.882   398   464 D adayocomadapter-ParseProtocolFunc: printRaWMsg Name[IPCLtoVHAL] len[7] data[21402048000000]
12-30 10:41:46.882   398   464 D adayocomadapter-CommunicationManager: onUpstreamReceive mPropertyId 0x21402048
12-30 10:41:46.882   398   464 D adayocomadapter-CommunicationManager: convertBytesToInt32Memcpy  0
12-30 10:41:46.883   398   464 I vw-vhal : notifyVehicleProperty, propId = 0x21402048, data = {status: 2, int32Values: [0]}
12-30 10:41:46.883   398   464 I vw-vhal : CanSignalsAdapter::notifyVehicleProperty: solvedValue = {.timestamp = 7442705034218, .areaId = 0, .prop = 557850696, .status = AVAILABLE, .value = {.int32Values = [1]{0}, .floatValues = [0]{}, .int64Values = [0]{}, .bytes = [0]{}, .stringValue = ""}}
12-30 10:41:46.883   398   464 I VehiclePropertyStore: begin to write value to Store: {.timestamp = 7442705034218, .areaId = 0, .prop = 557850696, .status = AVAILABLE, .value = {.int32Values = [1]{0}, .floatValues = [0]{}, .int64Values = [0]{}, .bytes = [0]{}, .stringValue = ""}}
12-30 10:41:46.883   398   464 I DefaultVehicleHal_v2_0: DefaultVehicleHal::onPropertyValue, value:{.timestamp = 7442705034218, .areaId = 0, .prop = 557850696, .status = AVAILABLE, .value = {.int32Values = [1]{0}, .floatValues = [0]{}, .int64Values = [0]{}, .bytes = [0]{}, .stringValue = ""}}
12-30 10:41:46.883   398   464 D DiagPropHandler: is not DiagnosticConfig: 0x21402048
12-30 10:41:46.883   398   464 I VehiclePropertyStore: begin to write value to Store: {.timestamp = 7442705034218, .areaId = 0, .prop = 557850696, .status = AVAILABLE, .value = {.int32Values = [1]{0}, .floatValues = [0]{}, .int64Values = [0]{}, .bytes = [0]{}, .stringValue = ""}}
12-30 10:41:46.883   398   464 D adayocomadapter-CommunicationManager: onUpstreamReceive mPropertyId 0x21402048
12-30 10:41:46.897  2358  2623 D RcfController: Rcf proxy is not connected!
12-30 10:41:46.899   596  3076 E WifiHAL : Invalid data received from driver
12-30 10:41:46.899   596  3076 E WifiHAL : Invalid data received from driver
12-30 10:41:46.899   596  3076 E WifiHAL : Invalid data received from driver
12-30 10:41:46.899   596  3076 E WifiHAL : Invalid data received from driver
12-30 10:41:46.899   596  3076 E WifiHAL : Invalid data received from driver
12-30 10:41:46.899   596  3076 E WifiHAL : Invalid data received from driver
12-30 10:41:46.899   596  3076 E WifiHAL : Invalid data received from driver
12-30 10:41:46.901   596  3076 E WifiHAL : Invalid data received from driver
12-30 10:41:46.901   650   729 D fgemcucomm: sd Uart data : 6AA602E8590002920227
12-30 10:41:46.902   650   729 D fgemcucomm: rev uart=61524,len=16, data : 6AA681E859000892020003000000009F
12-30 10:41:46.902   398  2883 D adayocomadapter-ParseProtocolFunc: printRaWMsg Name[MCUToUPstream recv] len[8] data[9202000300000000]
12-30 10:41:46.902   398  2883 D adayocomadapter-CommunicationManager: onUpstreamback   member[0] dataLength[5] timePoint[7442724]
12-30 10:41:46.902   398  2883 D adayocomadapter-ParseProtocolFunc: printRaWMsg Name[onUpstreamback] len[5] data[0300000000]
12-30 10:41:46.902   360   931 D EvsDriver: forwardFrame
12-30 10:41:46.902   398   464 D adayocomadapter-UpstreamHandler: processBeforePacket upSreamtProcessTimePoint[7442724] 
12-30 10:41:46.902   398   464 D adayocomadapter-UpstreamHandler: processPacket UPSTREAM_QUEUE_DATA_TIMEOUT
12-30 10:41:46.902   360   931 D EvsDriver: forwardFrameDirect
12-30 10:41:46.902   398   464 D adayocomadapter-ParseProtocolFunc: parseCommonIPCLBytes Processing tableNumber[3]
12-30 10:41:46.902   398   464 D adayocomadapter-ParseProtocolFunc: parseCommonIPCLBytes Processing tablename[Table-3] tableSize[5]
12-30 10:41:46.902   398   464 D adayocomadapter-ParseProtocolFunc: printRaWMsg Name[byteStream recv] len[5] data[0300000000]
12-30 10:41:46.902   398   464 D adayocomadapter-ParseProtocolFunc: printRaWMsg Name[IPCLtoVHAL] len[8] data[2141213801000000]
12-30 10:41:46.902   398   464 D adayocomadapter-ParseProtocolFunc: printRaWMsg Name[IPCLtoVHAL] len[6] data[214021D60000]
12-30 10:41:46.903   398   464 D adayocomadapter-CommunicationManager: onUpstreamReceive mPropertyId 0x21412138
12-30 10:41:46.903   360   931 D EvsDriver: Delivered 0xb400e2ca9e40d090 as id 1
12-30 10:41:46.903   398   464 I vw-vhal : notifyVehicleProperty, propId = 0x21412138, data = {status: 2, int32Values: [0, 0, 0]}
12-30 10:41:46.903   359  2784 D evsmanagerd: /dev/video-evs0 forwarded the buffer #1 to 0xb400f125d2b26dd0 from 0xb400f125e2b20710
12-30 10:41:46.903   398   464 I vw-vhal : CanSignalsAdapter::notifyVehicleProperty: solvedValue = {.timestamp = 7442725051885, .areaId = 0, .prop = 557916472, .status = AVAILABLE, .value = {.int32Values = [3]{0, 0, 0}, .floatValues = [0]{}, .int64Values = [0]{}, .bytes = [0]{}, .stringValue = ""}}
12-30 10:41:46.903   398   464 I VehiclePropertyStore: begin to write value to Store: {.timestamp = 7442725051885, .areaId = 0, .prop = 557916472, .status = AVAILABLE, .value = {.int32Values = [3]{0, 0, 0}, .floatValues = [0]{}, .int64Values = [0]{}, .bytes = [0]{}, .stringValue = ""}}
12-30 10:41:46.903   398   464 I DefaultVehicleHal_v2_0: DefaultVehicleHal::onPropertyValue, value:{.timestamp = 7442725051885, .areaId = 0, .prop = 557916472, .status = AVAILABLE, .value = {.int32Values = [3]{0, 0, 0}, .floatValues = [0]{}, .int64Values = [0]{}, .bytes = [0]{}, .stringValue = ""}}
12-30 10:41:46.903   398   464 D DiagPropHandler: is not DiagnosticConfig: 0x21412138
12-30 10:41:46.903   398   464 I VehiclePropertyStore: begin to write value to Store: {.timestamp = 7442725051885, .areaId = 0, .prop = 557916472, .status = AVAILABLE, .value = {.int32Values = [3]{0, 0, 0}, .floatValues = [0]{}, .int64Values = [0]{}, .bytes = [0]{}, .stringValue = ""}}
12-30 10:41:46.903   398   464 D adayocomadapter-CommunicationManager: onUpstreamReceive mPropertyId 0x21412138
12-30 10:41:46.903   398   464 D adayocomadapter-CommunicationManager: onUpstreamReceive mPropertyId 0x214021d6
12-30 10:41:46.903   398   464 D adayocomadapter-CommunicationManager: convertBytesToInt32Memcpy  0
12-30 10:41:46.903   398   464 I vw-vhal : notifyVehicleProperty, propId = 0x214021d6, data = {status: 2, int32Values: [0]}
12-30 10:41:46.903   398   464 I vw-vhal : CanSignalsAdapter::notifyVehicleProperty: solvedValue = {.timestamp = 7442725755218, .areaId = 0, .prop = 557851094, .status = AVAILABLE, .value = {.int32Values = [1]{0}, .floatValues = [0]{}, .int64Values = [0]{}, .bytes = [0]{}, .stringValue = ""}}
12-30 10:41:46.904   398   464 I VehiclePropertyStore: begin to write value to Store: {.timestamp = 7442725755218, .areaId = 0, .prop = 557851094, .status = AVAILABLE, .value = {.int32Values = [1]{0}, .floatValues = [0]{}, .int64Values = [0]{}, .bytes = [0]{}, .stringValue = ""}}
12-30 10:41:46.904   398   464 I DefaultVehicleHal_v2_0: DefaultVehicleHal::onPropertyValue, value:{.timestamp = 7442725755218, .areaId = 0, .prop = 557851094, .status = AVAILABLE, .value = {.int32Values = [1]{0}, .floatValues = [0]{}, .int64Values = [0]{}, .bytes = [0]{}, .stringValue = ""}}
12-30 10:41:46.904   398   464 D DiagPropHandler: is not DiagnosticConfig: 0x214021d6
12-30 10:41:46.904   398   464 I VehiclePropertyStore: begin to write value to Store: {.timestamp = 7442725755218, .areaId = 0, .prop = 557851094, .status = AVAILABLE, .value = {.int32Values = [1]{0}, .floatValues = [0]{}, .int64Values = [0]{}, .bytes = [0]{}, .stringValue = ""}}
12-30 10:41:46.904   398   464 D adayocomadapter-CommunicationManager: onUpstreamReceive mPropertyId 0x214021d6
12-30 10:41:46.907   360   458 D EvsDriver: doneWithFrame
12-30 10:41:46.935   360   931 D EvsDriver: forwardFrame
12-30 10:41:46.935   360   931 D EvsDriver: forwardFrameDirect
12-30 10:41:46.936   360   931 D EvsDriver: Delivered 0xb400e2ca9e40e110 as id 0
12-30 10:41:46.936   359  2784 D evsmanagerd: /dev/video-evs0 forwarded the buffer #0 to 0xb400f125d2b26dd0 from 0xb400f125e2b20710
12-30 10:41:46.938   360   458 D EvsDriver: doneWithFrame
12-30 10:41:46.948  2358  2623 D RcfController: Rcf proxy is not connected!
12-30 10:41:46.949   596  3076 E WifiHAL : Invalid data received from driver
12-30 10:41:46.969   360   931 D EvsDriver: forwardFrame
12-30 10:41:46.969   360   931 D EvsDriver: forwardFrameDirect
12-30 10:41:46.969   360   931 D EvsDriver: Delivered 0xb400e2ca9e40c7a0 as id 1
12-30 10:41:46.969   359  2784 D evsmanagerd: /dev/video-evs0 forwarded the buffer #1 to 0xb400f125d2b26dd0 from 0xb400f125e2b20710
12-30 10:41:46.978   360   458 D EvsDriver: doneWithFrame
12-30 10:41:46.998  2358  2623 D RcfController: Rcf proxy is not connected!
12-30 10:41:47.002   360   931 D EvsDriver: forwardFrame
12-30 10:41:47.002   360   931 D EvsDriver: forwardFrameDirect
12-30 10:41:47.003   360   931 D EvsDriver: Delivered 0xb400e2ca9e40e270 as id 0
12-30 10:41:47.003   359  2784 D evsmanagerd: /dev/video-evs0 forwarded the buffer #0 to 0xb400f125d2b26dd0 from 0xb400f125e2b20710
12-30 10:41:47.008   360   458 D EvsDriver: doneWithFrame
12-30 10:41:47.013  1667  2407 I media_message_log->MediaMessageProxy: (SourceFile:1)b connectToService action bind
12-30 10:41:47.014   916  5915 W ActivityManager: Unable to start service Intent { cmp=com.adayo.server.mediamessagetransfer/.MediaMessTransferService (has extras) } U=0: not found
12-30 10:41:47.014   596  3076 E WifiHAL : Invalid data received from driver
12-30 10:41:47.014  1667  2407 E media_message_log->MediaMessageProxy: (SourceFile:7)a bindServiceAsUser isBound = false
12-30 10:41:47.035   360   931 D EvsDriver: forwardFrame
12-30 10:41:47.036   360   931 D EvsDriver: forwardFrameDirect
12-30 10:41:47.036   360   931 D EvsDriver: Delivered 0xb400e2ca9e40d4b0 as id 1
12-30 10:41:47.036   359  2784 D evsmanagerd: /dev/video-evs0 forwarded the buffer #1 to 0xb400f125d2b26dd0 from 0xb400f125e2b20710
12-30 10:41:47.039   360   458 D EvsDriver: doneWithFrame
12-30 10:41:47.048  2358  2623 D RcfController: Rcf proxy is not connected!
12-30 10:41:47.069   360   931 D EvsDriver: forwardFrame
12-30 10:41:47.069   360   931 D EvsDriver: forwardFrameDirect
12-30 10:41:47.069   360   931 D EvsDriver: Delivered 0xb400e2ca9e40c2d0 as id 0
12-30 10:41:47.069   359  2784 D evsmanagerd: /dev/video-evs0 forwarded the buffer #0 to 0xb400f125d2b26dd0 from 0xb400f125e2b20710
12-30 10:41:47.074   596  3076 E WifiHAL : Invalid data received from driver
12-30 10:41:47.079   360   458 D EvsDriver: doneWithFrame
12-30 10:41:47.099  2358  2623 D RcfController: Rcf proxy is not connected!
12-30 10:41:47.102   360   931 D EvsDriver: forwardFrame
12-30 10:41:47.102   360   931 D EvsDriver: forwardFrameDirect
12-30 10:41:47.102   360   931 D EvsDriver: Delivered 0xb400e2ca9e40d090 as id 1
12-30 10:41:47.103   359  2784 D evsmanagerd: /dev/video-evs0 forwarded the buffer #1 to 0xb400f125d2b26dd0 from 0xb400f125e2b20710
12-30 10:41:47.110   360   458 D EvsDriver: doneWithFrame
12-30 10:41:47.135   360   931 D EvsDriver: forwardFrame
12-30 10:41:47.135   360   931 D EvsDriver: forwardFrameDirect
12-30 10:41:47.136   360   931 D EvsDriver: Delivered 0xb400e2ca9e40e110 as id 0
12-30 10:41:47.136   359  2784 D evsmanagerd: /dev/video-evs0 forwarded the buffer #0 to 0xb400f125d2b26dd0 from 0xb400f125e2b20710
12-30 10:41:47.140   360   458 D EvsDriver: doneWithFrame
12-30 10:41:47.144   798 29653 W adbd    : timed out while waiting for FUNCTIONFS_BIND, trying again
12-30 10:41:47.144   798 29653 I adbd    : UsbFfs: connection terminated: monitor thread finished
12-30 10:41:47.145   798   798 I adbd    : UsbFfs: already offline
12-30 10:41:47.145   798   798 I adbd    : destroying transport UsbFfs
12-30 10:41:47.145   798   798 I adbd    : UsbFfsConnection being destroyed
12-30 10:41:47.148   596  3076 E WifiHAL : Invalid data received from driver
12-30 10:41:47.149  2358  2623 D RcfController: Rcf proxy is not connected!
12-30 10:41:47.169   360   931 D EvsDriver: forwardFrame
12-30 10:41:47.169   360   931 D EvsDriver: forwardFrameDirect
12-30 10:41:47.169   360   931 D EvsDriver: Delivered 0xb400e2ca9e40c7a0 as id 1
12-30 10:41:47.169   359  2784 D evsmanagerd: /dev/video-evs0 forwarded the buffer #1 to 0xb400f125d2b26dd0 from 0xb400f125e2b20710
12-30 10:41:47.170   360   458 D EvsDriver: doneWithFrame
12-30 10:41:47.182   798   838 I adbd    : opening control endpoint /dev/usb-ffs/adb/ep0
12-30 10:41:47.183   798   838 I adbd    : UsbFfsConnection constructed
12-30 10:41:47.184   798 29654 I adbd    : UsbFfs-monitor thread spawned
01-01 10:04:04.192   838   838 I         : read descriptors
12-30 10:41:47.192   596  3076 E WifiHAL : Invalid data received from driver
12-30 10:41:47.193   596  3076 E WifiHAL : Invalid data received from driver
12-30 10:41:47.193   596  3076 E WifiHAL : Invalid data received from driver
12-30 10:41:47.193   596  3076 E WifiHAL : Invalid data received from driver
12-30 10:41:47.193   596  3076 E WifiHAL : Invalid data received from driver
12-30 10:41:47.193   596  3076 E WifiHAL : Invalid data received from driver
12-30 10:41:47.193   596  3076 E WifiHAL : Invalid data received from driver
12-30 10:41:47.199  2358  2623 D RcfController: Rcf proxy is not connected!
12-30 10:41:47.202   360   931 D EvsDriver: forwardFrame
12-30 10:41:47.202   360   931 D EvsDriver: forwardFrameDirect
12-30 10:41:47.202   360   931 D EvsDriver: Delivered 0xb400e2ca9e40e270 as id 0
12-30 10:41:47.202   359  2784 D evsmanagerd: /dev/video-evs0 forwarded the buffer #0 to 0xb400f125d2b26dd0 from 0xb400f125e2b20710
12-30 10:41:47.211   360   458 D EvsDriver: doneWithFrame
12-30 10:41:47.235   596  3076 E WifiHAL : Invalid data received from driver
12-30 10:41:47.235   360   931 D EvsDriver: forwardFrame
12-30 10:41:47.235   360   931 D EvsDriver: forwardFrameDirect
12-30 10:41:47.236   360   931 D EvsDriver: Delivered 0xb400e2ca9e40d4b0 as id 1
12-30 10:41:47.236   359  2784 D evsmanagerd: /dev/video-evs0 forwarded the buffer #1 to 0xb400f125d2b26dd0 from 0xb400f125e2b20710
12-30 10:41:47.237   650   729 D fgemcucomm: sd Uart data : 6AA602E85A00028B30FF
12-30 10:41:47.238   650   729 D fgemcucomm: rev uart=61525,len=92, data : 6AA681E85A00548B30B01E0A292DA55A880000010001010E000000000000000000000000000000000000000023C204C3042880808080808B808031040AFF0A0D0D09000900BBBBBBBBBBBBBBBBBB000000000000000000004F020528
12-30 10:41:47.241   360   458 D EvsDriver: doneWithFrame
12-30 10:41:47.249  2358  2623 D RcfController: Rcf proxy is not connected!
12-30 10:41:47.269   360   931 D EvsDriver: forwardFrame
12-30 10:41:47.269   360   931 D EvsDriver: forwardFrameDirect
12-30 10:41:47.269   360   931 D EvsDriver: Delivered 0xb400e2ca9e40c2d0 as id 0
12-30 10:41:47.269   359  2784 D evsmanagerd: /dev/video-evs0 forwarded the buffer #0 to 0xb400f125d2b26dd0 from 0xb400f125e2b20710
12-30 10:41:47.271   360   458 D EvsDriver: doneWithFrame
12-30 10:41:47.299  2358  2623 D RcfController: Rcf proxy is not connected!
12-30 10:41:47.302   360   931 D EvsDriver: forwardFrame
12-30 10:41:47.302   360   931 D EvsDriver: forwardFrameDirect
12-30 10:41:47.302   360   931 D EvsDriver: Delivered 0xb400e2ca9e40d090 as id 1
12-30 10:41:47.302   359  2784 D evsmanagerd: /dev/video-evs0 forwarded the buffer #1 to 0xb400f125d2b26dd0 from 0xb400f125e2b20710
12-30 10:41:47.305  2475  2681 I TtsServiceAgent: check thread start checking, threadId = 29
12-30 10:41:47.305  2475  2681 D TtsServiceAgent: start bind service...
12-30 10:41:47.305  2475  2681 D TtsServiceAgent: ----->initService, usage = 16
12-30 10:41:47.305  2475  2681 W ContextImpl: Calling a method in the system process without a qualified user: android.app.ContextImpl.bindService:1988 android.content.ContextWrapper.bindService:861 com.iflytek.autofly.ttsaidl.ttsproxy.TtsServiceAgent.initService:189 com.iflytek.autofly.ttsaidl.ttsproxy.TtsServiceAgent.initService:133 com.iflytek.autofly.ttsaidl.ttsproxy.TtsServiceAgent$2.run:517 
12-30 10:41:47.306   916  5915 W ActivityManager: Unable to start service Intent { act=com.iflytek.autofly.tts.ttsservice.TtsAdapterService cmp=com.iflytek.cutefly.speechclient.hmi/com.iflytek.autofly.tts.ttsservice.TtsAdapterService } U=0: not found
12-30 10:41:47.306  2475  2681 D TtsServiceAgent: bindService: false
12-30 10:41:47.306  2475  2681 D TtsServiceAgent: start reInitService
12-30 10:41:47.306  2475  2681 D TtsServiceAgent: aidlCheckThreadRunning = true
12-30 10:41:47.306  2475  2681 D TtsServiceAgent: ----->check connection status in 1000s...
12-30 10:41:47.310   596  3076 E WifiHAL : Invalid data received from driver
12-30 10:41:47.311   360   458 D EvsDriver: doneWithFrame
12-30 10:41:47.335   360   931 D EvsDriver: forwardFrame
12-30 10:41:47.335   360   931 D EvsDriver: forwardFrameDirect
12-30 10:41:47.335   360   931 D EvsDriver: Delivered 0xb400e2ca9e40e110 as id 0
12-30 10:41:47.336   359  2784 D evsmanagerd: /dev/video-evs0 forwarded the buffer #0 to 0xb400f125d2b26dd0 from 0xb400f125e2b20710
12-30 10:41:47.341   360   458 D EvsDriver: doneWithFrame
12-30 10:41:47.348  1667  2594 W ContextImpl: Calling a method in the system process without a qualified user: android.app.ContextImpl.bindService:1988 android.content.ContextWrapper.bindService:861 com.ford.sync.fnvservice.FordFnv.c:202 com.ford.sync.fnvservice.FordFnv.c:43 com.ford.sync.fnvservice.FordFnv$RetryHandler.handleMessage:245 
12-30 10:41:47.349   916  5915 W ActivityManager: Unable to start service Intent { cmp=com.ford.sync.fnvservice/.FordFnvService } U=0: not found
12-30 10:41:47.349  1667  2594 W FordFnv :  bind ford fnv failed -> sendRetryMessage 
12-30 10:41:47.350  2358  2623 D RcfController: Rcf proxy is not connected!
12-30 10:41:47.350  1667  2410 I media_message_log->MediaMessageUserProxy: (SourceFile:1)b connectToService action bind
12-30 10:41:47.350   916  5915 W ActivityManager: Unable to start service Intent { cmp=com.adayo.server.mediamessagetransfer/.MediaMessTransferService (has extras) } U=0: not found
12-30 10:41:47.350  1667  2410 E media_message_log->MediaMessageUserProxy: (SourceFile:7)a bindServiceAsUser isBound = false
12-30 10:41:47.358   596  3076 E WifiHAL : Invalid data received from driver
12-30 10:41:47.369   360   931 D EvsDriver: forwardFrame
12-30 10:41:47.369   360   931 D EvsDriver: forwardFrameDirect
12-30 10:41:47.369   360   931 D EvsDriver: Delivered 0xb400e2ca9e40c7a0 as id 1
12-30 10:41:47.369   359  2784 D evsmanagerd: /dev/video-evs0 forwarded the buffer #1 to 0xb400f125d2b26dd0 from 0xb400f125e2b20710
12-30 10:41:47.372   360   458 D EvsDriver: doneWithFrame
12-30 10:41:47.378   596  3076 E WifiHAL : Invalid data received from driver
12-30 10:41:47.381   596  3076 E WifiHAL : Invalid data received from driver
12-30 10:41:47.381   596  3076 E WifiHAL : Invalid data received from driver
12-30 10:41:47.400  2358  2623 D RcfController: Rcf proxy is not connected!
12-30 10:41:47.402   360   931 D EvsDriver: forwardFrame
12-30 10:41:47.402   360   931 D EvsDriver: forwardFrameDirect
12-30 10:41:47.402   360   931 D EvsDriver: Delivered 0xb400e2ca9e40e270 as id 0
12-30 10:41:47.403   359  2784 D evsmanagerd: /dev/video-evs0 forwarded the buffer #0 to 0xb400f125d2b26dd0 from 0xb400f125e2b20710
12-30 10:41:47.412   360   458 D EvsDriver: doneWithFrame
12-30 10:41:47.430  1582  3078 I c       : checkService in back thread add: adayo.upgrade.v2.0
12-30 10:41:47.431  1582  3078 E upgradeApp_251223_V1  l: d(null:11)pre->c(null:23)-> serviceBinder is null
12-30 10:41:47.431  1582  3078 W c       : doBindService in back thread fail: adayo.upgrade.v2.0
12-30 10:41:47.435   360   931 D EvsDriver: forwardFrame
12-30 10:41:47.435   360   931 D EvsDriver: forwardFrameDirect
12-30 10:41:47.436   360   931 D EvsDriver: Delivered 0xb400e2ca9e40d4b0 as id 1
12-30 10:41:47.436   359  2784 D evsmanagerd: /dev/video-evs0 forwarded the buffer #1 to 0xb400f125d2b26dd0 from 0xb400f125e2b20710
12-30 10:41:47.440   596  3076 E WifiHAL : Invalid data received from driver
12-30 10:41:47.443   360   458 D EvsDriver: doneWithFrame
12-30 10:41:47.450  2358  2623 D RcfController: Rcf proxy is not connected!
12-30 10:41:47.467   596  3076 E WifiHAL : Invalid data received from driver
12-30 10:41:47.467   596  3076 E WifiHAL : Invalid data received from driver
12-30 10:41:47.467   596  3076 E WifiHAL : Invalid data received from driver
12-30 10:41:47.468   596  3076 E WifiHAL : Invalid data received from driver
12-30 10:41:47.468   596  3076 E WifiHAL : Invalid data received from driver
12-30 10:41:47.468   596  3076 E WifiHAL : Invalid data received from driver
12-30 10:41:47.468   596  3076 E WifiHAL : Invalid data received from driver
12-30 10:41:47.469   360   931 I EvsDriver: /dev/video-evs0 VideoCapture fps 30.0004
12-30 10:41:47.469   360   931 D EvsDriver: forwardFrame
12-30 10:41:47.469   360   931 D EvsDriver: forwardFrameDirect
12-30 10:41:47.469   360   931 D EvsDriver: Delivered 0xb400e2ca9e40c2d0 as id 0
12-30 10:41:47.469   359  2784 D evsmanagerd: /dev/video-evs0 forwarded the buffer #0 to 0xb400f125d2b26dd0 from 0xb400f125e2b20710
12-30 10:41:47.473   360   458 D EvsDriver: doneWithFrame
12-30 10:41:47.500  2358  2623 D RcfController: Rcf proxy is not connected!
12-30 10:41:47.502   360   931 D EvsDriver: forwardFrame
12-30 10:41:47.502   360   931 D EvsDriver: forwardFrameDirect
12-30 10:41:47.502   360   931 D EvsDriver: Delivered 0xb400e2ca9e40d090 as id 1
12-30 10:41:47.503   359  2784 D evsmanagerd: /dev/video-evs0 forwarded the buffer #1 to 0xb400f125d2b26dd0 from 0xb400f125e2b20710
12-30 10:41:47.504   360   458 D EvsDriver: doneWithFrame
12-30 10:41:47.513   596  3076 E WifiHAL : Invalid data received from driver
12-30 10:41:47.535   360   931 D EvsDriver: forwardFrame
12-30 10:41:47.535   360   931 D EvsDriver: forwardFrameDirect
12-30 10:41:47.536   360   931 D EvsDriver: Delivered 0xb400e2ca9e40e110 as id 0
12-30 10:41:47.536   359  2784 D evsmanagerd: /dev/video-evs0 forwarded the buffer #0 to 0xb400f125d2b26dd0 from 0xb400f125e2b20710
12-30 10:41:47.544   360   458 D EvsDriver: doneWithFrame
12-30 10:41:47.551  2358  2623 D RcfController: Rcf proxy is not connected!
12-30 10:41:47.558   596  3076 E WifiHAL : Invalid data received from driver
12-30 10:41:47.569   360   931 D EvsDriver: forwardFrame
12-30 10:41:47.569   360   931 D EvsDriver: forwardFrameDirect
12-30 10:41:47.569   360   931 D EvsDriver: Delivered 0xb400e2ca9e40c7a0 as id 1
12-30 10:41:47.569   359  2784 D evsmanagerd: /dev/video-evs0 forwarded the buffer #1 to 0xb400f125d2b26dd0 from 0xb400f125e2b20710
12-30 10:41:47.575   360   458 D EvsDriver: doneWithFrame
12-30 10:41:47.601  2358  2623 D RcfController: Rcf proxy is not connected!
12-30 10:41:47.602   360   931 D EvsDriver: forwardFrame
12-30 10:41:47.602   360   931 D EvsDriver: forwardFrameDirect
12-30 10:41:47.602   360   931 D EvsDriver: Delivered 0xb400e2ca9e40e270 as id 0
12-30 10:41:47.602   359  2784 D evsmanagerd: /dev/video-evs0 forwarded the buffer #0 to 0xb400f125d2b26dd0 from 0xb400f125e2b20710
12-30 10:41:47.605   360   458 D EvsDriver: doneWithFrame
12-30 10:41:47.635   360   931 D EvsDriver: forwardFrame
12-30 10:41:47.635   360   931 D EvsDriver: forwardFrameDirect
12-30 10:41:47.636   360   931 D EvsDriver: Delivered 0xb400e2ca9e40d4b0 as id 1
12-30 10:41:47.636   359  2784 D evsmanagerd: /dev/video-evs0 forwarded the buffer #1 to 0xb400f125d2b26dd0 from 0xb400f125e2b20710
12-30 10:41:47.645   596  3076 E WifiHAL : Invalid data received from driver
12-30 10:41:47.645   360   458 D EvsDriver: doneWithFrame
12-30 10:41:47.651  2358  2623 D RcfController: Rcf proxy is not connected!
12-30 10:41:47.669   360   931 D EvsDriver: forwardFrame
12-30 10:41:47.669   360   931 D EvsDriver: forwardFrameDirect
12-30 10:41:47.669   360   931 D EvsDriver: Delivered 0xb400e2ca9e40c2d0 as id 0
12-30 10:41:47.669   359  2784 D evsmanagerd: /dev/video-evs0 forwarded the buffer #0 to 0xb400f125d2b26dd0 from 0xb400f125e2b20710
12-30 10:41:47.675   360   458 D EvsDriver: doneWithFrame
12-30 10:41:47.701  2358  2623 D RcfController: Rcf proxy is not connected!
12-30 10:41:47.702   360   931 D EvsDriver: forwardFrame
12-30 10:41:47.702   360   931 D EvsDriver: forwardFrameDirect
12-30 10:41:47.702   360   931 D EvsDriver: Delivered 0xb400e2ca9e40d090 as id 1
12-30 10:41:47.702   359  2784 D evsmanagerd: /dev/video-evs0 forwarded the buffer #1 to 0xb400f125d2b26dd0 from 0xb400f125e2b20710
12-30 10:41:47.706   360   458 D EvsDriver: doneWithFrame
12-30 10:41:47.715   596  3076 E WifiHAL : Invalid data received from driver
12-30 10:41:47.735   360   931 D EvsDriver: forwardFrame
12-30 10:41:47.735   360   931 D EvsDriver: forwardFrameDirect
12-30 10:41:47.736   360   931 D EvsDriver: Delivered 0xb400e2ca9e40e110 as id 0
12-30 10:41:47.736   359  2784 D evsmanagerd: /dev/video-evs0 forwarded the buffer #0 to 0xb400f125d2b26dd0 from 0xb400f125e2b20710
12-30 10:41:47.746   360   458 D EvsDriver: doneWithFrame
12-30 10:41:47.751   596  3076 E WifiHAL : Invalid data received from driver
12-30 10:41:47.751   596  3076 E WifiHAL : Invalid data received from driver
12-30 10:41:47.751   596  3076 E WifiHAL : Invalid data received from driver
12-30 10:41:47.751   596  3076 E WifiHAL : Invalid data received from driver
12-30 10:41:47.751   596  3076 E WifiHAL : Invalid data received from driver
12-30 10:41:47.751   596  3076 E WifiHAL : Invalid data received from driver
12-30 10:41:47.751   596  3076 E WifiHAL : Invalid data received from driver
12-30 10:41:47.752  2358  2623 D RcfController: Rcf proxy is not connected!
12-30 10:41:47.767   596  3076 E WifiHAL : Invalid data received from driver
12-30 10:41:47.769   360   931 D EvsDriver: forwardFrame
12-30 10:41:47.769   360   931 D EvsDriver: forwardFrameDirect
12-30 10:41:47.769   360   931 D EvsDriver: Delivered 0xb400e2ca9e40c7a0 as id 1
12-30 10:41:47.769   359  2784 D evsmanagerd: /dev/video-evs0 forwarded the buffer #1 to 0xb400f125d2b26dd0 from 0xb400f125e2b20710
12-30 10:41:47.776   360   458 D EvsDriver: doneWithFrame
12-30 10:41:47.802  2358  2623 D RcfController: Rcf proxy is not connected!
12-30 10:41:47.802   360   931 D EvsDriver: forwardFrame
12-30 10:41:47.802   360   931 D EvsDriver: forwardFrameDirect
12-30 10:41:47.802   360   931 D EvsDriver: Delivered 0xb400e2ca9e40e270 as id 0
12-30 10:41:47.802   359  2784 D evsmanagerd: /dev/video-evs0 forwarded the buffer #0 to 0xb400f125d2b26dd0 from 0xb400f125e2b20710
12-30 10:41:47.807   360   458 D EvsDriver: doneWithFrame
12-30 10:41:47.835   360   931 D EvsDriver: forwardFrame
12-30 10:41:47.835   360   931 D EvsDriver: forwardFrameDirect
12-30 10:41:47.836   360   931 D EvsDriver: Delivered 0xb400e2ca9e40d4b0 as id 1
12-30 10:41:47.836   359  2784 D evsmanagerd: /dev/video-evs0 forwarded the buffer #1 to 0xb400f125d2b26dd0 from 0xb400f125e2b20710
12-30 10:41:47.837   360   458 D EvsDriver: doneWithFrame
12-30 10:41:47.849   596  3076 E WifiHAL : Invalid data received from driver
12-30 10:41:47.852  2358  2623 D RcfController: Rcf proxy is not connected!
12-30 10:41:47.869   360   931 D EvsDriver: forwardFrame
12-30 10:41:47.869   360   931 D EvsDriver: forwardFrameDirect
12-30 10:41:47.869   360   931 D EvsDriver: Delivered 0xb400e2ca9e40c2d0 as id 0
12-30 10:41:47.869   359  2784 D evsmanagerd: /dev/video-evs0 forwarded the buffer #0 to 0xb400f125d2b26dd0 from 0xb400f125e2b20710
12-30 10:41:47.871   650   729 D fgemcucomm: sd Uart data : 6AA602E85B0002920225
12-30 10:41:47.871   650   729 D fgemcucomm: rev uart=61526,len=13, data : 6AA681E85B00059202000C0097
12-30 10:41:47.871   398  2883 D adayocomadapter-ParseProtocolFunc: printRaWMsg Name[MCUToUPstream recv] len[5] data[9202000C00]
12-30 10:41:47.871   398  2883 D adayocomadapter-CommunicationManager: onUpstreamback   member[0] dataLength[2] timePoint[7443693]
12-30 10:41:47.871   398  2883 D adayocomadapter-ParseProtocolFunc: printRaWMsg Name[onUpstreamback] len[2] data[0C00]
12-30 10:41:47.871   398   464 D adayocomadapter-UpstreamHandler: processBeforePacket upSreamtProcessTimePoint[7443693] 
12-30 10:41:47.871   398   464 D adayocomadapter-UpstreamHandler: processPacket UPSTREAM_QUEUE_DATA_TIMEOUT
12-30 10:41:47.872   398   464 D adayocomadapter-ParseProtocolFunc: parseCommonIPCLBytes Processing tableNumber[12]
12-30 10:41:47.872   398   464 D adayocomadapter-ParseProtocolFunc: parseCommonIPCLBytes Processing tablename[Table-12] tableSize[2]
12-30 10:41:47.872   398   464 D adayocomadapter-ParseProtocolFunc: printRaWMsg Name[byteStream recv] len[2] data[0C00]
12-30 10:41:47.872   398   464 D adayocomadapter-ParseProtocolFunc: printRaWMsg Name[IPCLtoVHAL] len[6] data[214021660000]
12-30 10:41:47.872   398   464 D adayocomadapter-CommunicationManager: onUpstreamReceive mPropertyId 0x21402166
12-30 10:41:47.872   398   464 D adayocomadapter-CommunicationManager: convertBytesToInt32Memcpy  0
12-30 10:41:47.872   398   464 I vw-vhal : notifyVehicleProperty, propId = 0x21402166, data = {status: 2, int32Values: [0]}
12-30 10:41:47.872   398   464 I vw-vhal : CanSignalsAdapter::notifyVehicleProperty: solvedValue = {.timestamp = 7443694109552, .areaId = 0, .prop = 557850982, .status = AVAILABLE, .value = {.int32Values = [1]{0}, .floatValues = [0]{}, .int64Values = [0]{}, .bytes = [0]{}, .stringValue = ""}}
12-30 10:41:47.872   398   464 I VehiclePropertyStore: begin to write value to Store: {.timestamp = 7443694109552, .areaId = 0, .prop = 557850982, .status = AVAILABLE, .value = {.int32Values = [1]{0}, .floatValues = [0]{}, .int64Values = [0]{}, .bytes = [0]{}, .stringValue = ""}}
12-30 10:41:47.872   398   464 I DefaultVehicleHal_v2_0: DefaultVehicleHal::onPropertyValue, value:{.timestamp = 7443694109552, .areaId = 0, .prop = 557850982, .status = AVAILABLE, .value = {.int32Values = [1]{0}, .floatValues = [0]{}, .int64Values = [0]{}, .bytes = [0]{}, .stringValue = ""}}
12-30 10:41:47.872   398   464 D DiagPropHandler: is not DiagnosticConfig: 0x21402166
12-30 10:41:47.872   398   464 I VehiclePropertyStore: begin to write value to Store: {.timestamp = 7443694109552, .areaId = 0, .prop = 557850982, .status = AVAILABLE, .value = {.int32Values = [1]{0}, .floatValues = [0]{}, .int64Values = [0]{}, .bytes = [0]{}, .stringValue = ""}}
12-30 10:41:47.872   398   464 D adayocomadapter-CommunicationManager: onUpstreamReceive mPropertyId 0x21402166
12-30 10:41:47.877   360   458 D EvsDriver: doneWithFrame
12-30 10:41:47.882  1667  2513 W ContextImpl: Calling a method in the system process without a qualified user: android.app.ContextImpl.bindService:1988 android.content.ContextWrapper.bindService:861 com.ford.sync.fnvservice.analytics.AnalyticsManager$RetryHandler.a:126 com.ford.sync.fnvservice.analytics.AnalyticsManager$RetryHandler.handleMessage:103 android.os.Handler.dispatchMessage:106 
12-30 10:41:47.883   916  5915 W ActivityManager: Unable to start service Intent { cmp=com.ford.sync.fnvservice/.analytics.AnalyticsService } U=0: not found
12-30 10:41:47.884  1667  2513 W AnalyticsManager:  bind ford Analytics failed -> sendRetryMessage 
12-30 10:41:47.891   650   729 D fgemcucomm: sd Uart data : 6AA602E85C0002920224
12-30 10:41:47.891   650   729 D fgemcucomm: rev uart=61527,len=16, data : 6AA681E85C00089202000E0000000091
12-30 10:41:47.891   398  2883 D adayocomadapter-ParseProtocolFunc: printRaWMsg Name[MCUToUPstream recv] len[8] data[9202000E00000000]
12-30 10:41:47.891   398  2883 D adayocomadapter-CommunicationManager: onUpstreamback   member[0] dataLength[5] timePoint[7443713]
12-30 10:41:47.891   398  2883 D adayocomadapter-ParseProtocolFunc: printRaWMsg Name[onUpstreamback] len[5] data[0E00000000]
12-30 10:41:47.892   398   464 D adayocomadapter-UpstreamHandler: processBeforePacket upSreamtProcessTimePoint[7443713] 
12-30 10:41:47.892   398   464 D adayocomadapter-UpstreamHandler: processPacket UPSTREAM_QUEUE_DATA_TIMEOUT
12-30 10:41:47.892   398   464 D adayocomadapter-ParseProtocolFunc: parseCommonIPCLBytes Processing tableNumber[14]
12-30 10:41:47.892   398   464 D adayocomadapter-ParseProtocolFunc: parseCommonIPCLBytes Processing tablename[Table-14] tableSize[5]
12-30 10:41:47.892   398   464 D adayocomadapter-ParseProtocolFunc: printRaWMsg Name[byteStream recv] len[5] data[0E00000000]
12-30 10:41:47.892   398   464 D adayocomadapter-ParseProtocolFunc: printRaWMsg Name[IPCLtoVHAL] len[6] data[214020DE0000]
12-30 10:41:47.892   398   464 D adayocomadapter-ParseProtocolFunc: printRaWMsg Name[IPCLtoVHAL] len[6] data[214020E00000]
12-30 10:41:47.892   398   464 D adayocomadapter-ParseProtocolFunc: printRaWMsg Name[IPCLtoVHAL] len[6] data[214020E50000]
12-30 10:41:47.892   398   464 D adayocomadapter-ParseProtocolFunc: printRaWMsg Name[IPCLtoVHAL] len[6] data[214020E60000]
12-30 10:41:47.892   398   464 D adayocomadapter-CommunicationManager: onUpstreamReceive mPropertyId 0x214020de
12-30 10:41:47.892   398   464 D adayocomadapter-CommunicationManager: convertBytesToInt32Memcpy  0
12-30 10:41:47.892   398   464 I vw-vhal : notifyVehicleProperty, propId = 0x214020de, data = {status: 2, int32Values: [0]}
12-30 10:41:47.892   398   464 I vw-vhal : CanSignalsAdapter::notifyVehicleProperty: solvedValue = {.timestamp = 7443714369218, .areaId = 0, .prop = 557850846, .status = AVAILABLE, .value = {.int32Values = [1]{0}, .floatValues = [0]{}, .int64Values = [0]{}, .bytes = [0]{}, .stringValue = ""}}
12-30 10:41:47.892   398   464 I VehiclePropertyStore: begin to write value to Store: {.timestamp = 7443714369218, .areaId = 0, .prop = 557850846, .status = AVAILABLE, .value = {.int32Values = [1]{0}, .floatValues = [0]{}, .int64Values = [0]{}, .bytes = [0]{}, .stringValue = ""}}
12-30 10:41:47.892   398   464 I DefaultVehicleHal_v2_0: DefaultVehicleHal::onPropertyValue, value:{.timestamp = 7443714369218, .areaId = 0, .prop = 557850846, .status = AVAILABLE, .value = {.int32Values = [1]{0}, .floatValues = [0]{}, .int64Values = [0]{}, .bytes = [0]{}, .stringValue = ""}}
12-30 10:41:47.892   398   464 D DiagPropHandler: is not DiagnosticConfig: 0x214020de
12-30 10:41:47.892   398   464 I VehiclePropertyStore: begin to write value to Store: {.timestamp = 7443714369218, .areaId = 0, .prop = 557850846, .status = AVAILABLE, .value = {.int32Values = [1]{0}, .floatValues = [0]{}, .int64Values = [0]{}, .bytes = [0]{}, .stringValue = ""}}
12-30 10:41:47.892   398   464 D adayocomadapter-CommunicationManager: onUpstreamReceive mPropertyId 0x214020de
12-30 10:41:47.892   398   464 D adayocomadapter-CommunicationManager: onUpstreamReceive mPropertyId 0x214020e0
12-30 10:41:47.892   398   464 D adayocomadapter-CommunicationManager: convertBytesToInt32Memcpy  0
12-30 10:41:47.892   398   464 I vw-vhal : notifyVehicleProperty, propId = 0x214020e0, data = {status: 2, int32Values: [0]}
12-30 10:41:47.892   398   464 I vw-vhal : CanSignalsAdapter::notifyVehicleProperty: solvedValue = {.timestamp = 7443714781885, .areaId = 0, .prop = 557850848, .status = AVAILABLE, .value = {.int32Values = [1]{0}, .floatValues = [0]{}, .int64Values = [0]{}, .bytes = [0]{}, .stringValue = ""}}
12-30 10:41:47.893   398   464 I VehiclePropertyStore: begin to write value to Store: {.timestamp = 7443714781885, .areaId = 0, .prop = 557850848, .status = AVAILABLE, .value = {.int32Values = [1]{0}, .floatValues = [0]{}, .int64Values = [0]{}, .bytes = [0]{}, .stringValue = ""}}
12-30 10:41:47.893   398   464 I DefaultVehicleHal_v2_0: DefaultVehicleHal::onPropertyValue, value:{.timestamp = 7443714781885, .areaId = 0, .prop = 557850848, .status = AVAILABLE, .value = {.int32Values = [1]{0}, .floatValues = [0]{}, .int64Values = [0]{}, .bytes = [0]{}, .stringValue = ""}}
12-30 10:41:47.893   398   464 D DiagPropHandler: is not DiagnosticConfig: 0x214020e0
12-30 10:41:47.893   398   464 I VehiclePropertyStore: begin to write value to Store: {.timestamp = 7443714781885, .areaId = 0, .prop = 557850848, .status = AVAILABLE, .value = {.int32Values = [1]{0}, .floatValues = [0]{}, .int64Values = [0]{}, .bytes = [0]{}, .stringValue = ""}}
12-30 10:41:47.893   398   464 D adayocomadapter-CommunicationManager: onUpstreamReceive mPropertyId 0x214020e0
12-30 10:41:47.893   398   464 D adayocomadapter-CommunicationManager: onUpstreamReceive mPropertyId 0x214020e5
12-30 10:41:47.893   398   464 D adayocomadapter-CommunicationManager: convertBytesToInt32Memcpy  0
12-30 10:41:47.893   398   464 I vw-vhal : notifyVehicleProperty, propId = 0x214020e5, data = {status: 2, int32Values: [0]}
12-30 10:41:47.893   398   464 I vw-vhal : CanSignalsAdapter::notifyVehicleProperty: solvedValue = {.timestamp = 7443715154885, .areaId = 0, .prop = 557850853, .status = AVAILABLE, .value = {.int32Values = [1]{0}, .floatValues = [0]{}, .int64Values = [0]{}, .bytes = [0]{}, .stringValue = ""}}
12-30 10:41:47.893   398   464 I VehiclePropertyStore: begin to write value to Store: {.timestamp = 7443715154885, .areaId = 0, .prop = 557850853, .status = AVAILABLE, .value = {.int32Values = [1]{0}, .floatValues = [0]{}, .int64Values = [0]{}, .bytes = [0]{}, .stringValue = ""}}
12-30 10:41:47.893   398   464 I DefaultVehicleHal_v2_0: DefaultVehicleHal::onPropertyValue, value:{.timestamp = 7443715154885, .areaId = 0, .prop = 557850853, .status = AVAILABLE, .value = {.int32Values = [1]{0}, .floatValues = [0]{}, .int64Values = [0]{}, .bytes = [0]{}, .stringValue = ""}}
12-30 10:41:47.893   398   464 D DiagPropHandler: is not DiagnosticConfig: 0x214020e5
12-30 10:41:47.893   398   464 I VehiclePropertyStore: begin to write value to Store: {.timestamp = 7443715154885, .areaId = 0, .prop = 557850853, .status = AVAILABLE, .value = {.int32Values = [1]{0}, .floatValues = [0]{}, .int64Values = [0]{}, .bytes = [0]{}, .stringValue = ""}}
12-30 10:41:47.893   398   464 D adayocomadapter-CommunicationManager: onUpstreamReceive mPropertyId 0x214020e5
12-30 10:41:47.893   398   464 D adayocomadapter-CommunicationManager: onUpstreamReceive mPropertyId 0x214020e6
12-30 10:41:47.893   398   464 D adayocomadapter-CommunicationManager: convertBytesToInt32Memcpy  0
12-30 10:41:47.893   398   464 I vw-vhal : notifyVehicleProperty, propId = 0x214020e6, data = {status: 2, int32Values: [0]}
12-30 10:41:47.893   398   464 I vw-vhal : CanSignalsAdapter::notifyVehicleProperty: solvedValue = {.timestamp = 7443715494552, .areaId = 0, .prop = 557850854, .status = AVAILABLE, .value = {.int32Values = [1]{0}, .floatValues = [0]{}, .int64Values = [0]{}, .bytes = [0]{}, .stringValue = ""}}
12-30 10:41:47.893   398   464 I VehiclePropertyStore: begin to write value to Store: {.timestamp = 7443715494552, .areaId = 0, .prop = 557850854, .status = AVAILABLE, .value = {.int32Values = [1]{0}, .floatValues = [0]{}, .int64Values = [0]{}, .bytes = [0]{}, .stringValue = ""}}
12-30 10:41:47.893   398   464 I DefaultVehicleHal_v2_0: DefaultVehicleHal::onPropertyValue, value:{.timestamp = 7443715494552, .areaId = 0, .prop = 557850854, .status = AVAILABLE, .value = {.int32Values = [1]{0}, .floatValues = [0]{}, .int64Values = [0]{}, .bytes = [0]{}, .stringValue = ""}}
12-30 10:41:47.893   398   464 D DiagPropHandler: is not DiagnosticConfig: 0x214020e6
12-30 10:41:47.893   398   464 I VehiclePropertyStore: begin to write value to Store: {.timestamp = 7443715494552, .areaId = 0, .prop = 557850854, .status = AVAILABLE, .value = {.int32Values = [1]{0}, .floatValues = [0]{}, .int64Values = [0]{}, .bytes = [0]{}, .stringValue = ""}}
12-30 10:41:47.893   398   464 D adayocomadapter-CommunicationManager: onUpstreamReceive mPropertyId 0x214020e6
12-30 10:41:47.902   360   931 D EvsDriver: forwardFrame
12-30 10:41:47.902   360   931 D EvsDriver: forwardFrameDirect
12-30 10:41:47.902   360   931 D EvsDriver: Delivered 0xb400e2ca9e40d090 as id 1
12-30 10:41:47.902  2358  2623 D RcfController: Rcf proxy is not connected!
12-30 10:41:47.902   359  2784 D evsmanagerd: /dev/video-evs0 forwarded the buffer #1 to 0xb400f125d2b26dd0 from 0xb400f125e2b20710
12-30 10:41:47.908   360   458 D EvsDriver: doneWithFrame
12-30 10:41:47.924   596  3076 E WifiHAL : Invalid data received from driver
12-30 10:41:47.935   360   931 D EvsDriver: forwardFrame
12-30 10:41:47.935   360   931 D EvsDriver: forwardFrameDirect
12-30 10:41:47.936   360   931 D EvsDriver: Delivered 0xb400e2ca9e40e110 as id 0
12-30 10:41:47.936   359  2784 D evsmanagerd: /dev/video-evs0 forwarded the buffer #0 to 0xb400f125d2b26dd0 from 0xb400f125e2b20710
12-30 10:41:47.938   360   458 D EvsDriver: doneWithFrame
12-30 10:41:47.953  2358  2623 D RcfController: Rcf proxy is not connected!
12-30 10:41:47.969   360   931 D EvsDriver: forwardFrame
12-30 10:41:47.969   360   931 D EvsDriver: forwardFrameDirect
12-30 10:41:47.969   360   931 D EvsDriver: Delivered 0xb400e2ca9e40c7a0 as id 1
12-30 10:41:47.969   359  2784 D evsmanagerd: /dev/video-evs0 forwarded the buffer #1 to 0xb400f125d2b26dd0 from 0xb400f125e2b20710
12-30 10:41:47.978   360   458 D EvsDriver: doneWithFrame
12-30 10:41:47.996   596  3076 E WifiHAL : Invalid data received from driver
12-30 10:41:48.002   360   931 D EvsDriver: forwardFrame
12-30 10:41:48.002   360   931 D EvsDriver: forwardFrameDirect
12-30 10:41:48.002   360   931 D EvsDriver: Delivered 0xb400e2ca9e40e270 as id 0
12-30 10:41:48.003   359  2784 D evsmanagerd: /dev/video-evs0 forwarded the buffer #0 to 0xb400f125d2b26dd0 from 0xb400f125e2b20710
12-30 10:41:48.003  2358  2623 D RcfController: Rcf proxy is not connected!
12-30 10:41:48.009   360   458 D EvsDriver: doneWithFrame
12-30 10:41:48.016  1667  2407 I media_message_log->MediaMessageProxy: (SourceFile:1)b connectToService action bind
12-30 10:41:48.017   916  5915 W ActivityManager: Unable to start service Intent { cmp=com.adayo.server.mediamessagetransfer/.MediaMessTransferService (has extras) } U=0: not found
12-30 10:41:48.017  1667  2407 E media_message_log->MediaMessageProxy: (SourceFile:7)a bindServiceAsUser isBound = false
12-30 10:41:48.022   650   729 D fgemcucomm: sd Uart data : 6AA602E85D0002920223
12-30 10:41:48.022   650   729 D fgemcucomm: rev uart=61528,len=20, data : 6AA681E85D000C92020008000000000000000092
12-30 10:41:48.022   398  2883 D adayocomadapter-ParseProtocolFunc: printRaWMsg Name[MCUToUPstream recv] len[12] data[920200080000000000000000]
12-30 10:41:48.022   398  2883 D adayocomadapter-CommunicationManager: onUpstreamback   member[0] dataLength[9] timePoint[7443844]
12-30 10:41:48.022   398  2883 D adayocomadapter-ParseProtocolFunc: printRaWMsg Name[onUpstreamback] len[9] data[080000000000000000]
12-30 10:41:48.022   398   464 D adayocomadapter-UpstreamHandler: processBeforePacket upSreamtProcessTimePoint[7443844] 
12-30 10:41:48.023   398   464 D adayocomadapter-UpstreamHandler: processPacket UPSTREAM_QUEUE_DATA_TIMEOUT
12-30 10:41:48.023   398   464 D adayocomadapter-ParseProtocolFunc: parseCommonIPCLBytes Processing tableNumber[8]
12-30 10:41:48.023   398   464 D adayocomadapter-ParseProtocolFunc: parseCommonIPCLBytes Processing tablename[Table-8] tableSize[9]
12-30 10:41:48.023   398   464 D adayocomadapter-ParseProtocolFunc: printRaWMsg Name[byteStream recv] len[9] data[080000000000000000]
12-30 10:41:48.023   398   464 D adayocomadapter-ParseProtocolFunc: printRaWMsg Name[IPCLtoVHAL] len[7] data[2141208F010000]
12-30 10:41:48.023   398   464 D adayocomadapter-ParseProtocolFunc: printRaWMsg Name[IPCLtoVHAL] len[7] data[21412090010000]
12-30 10:41:48.023   398   464 D adayocomadapter-ParseProtocolFunc: printRaWMsg Name[IPCLtoVHAL] len[7] data[21412091010000]
12-30 10:41:48.023   398   464 D adayocomadapter-ParseProtocolFunc: printRaWMsg Name[IPCLtoVHAL] len[7] data[21412092010000]
12-30 10:41:48.023   398   464 D adayocomadapter-CommunicationManager: onUpstreamReceive mPropertyId 0x2141208f
12-30 10:41:48.023   398   464 I vw-vhal : notifyVehicleProperty, propId = 0x2141208f, data = {status: 2, int32Values: [0, 0]}
12-30 10:41:48.023   398   464 I vw-vhal : CanSignalsAdapter::notifyVehicleProperty: solvedValue = {.timestamp = 7443845595218, .areaId = 0, .prop = 557916303, .status = AVAILABLE, .value = {.int32Values = [2]{0, 0}, .floatValues = [0]{}, .int64Values = [0]{}, .bytes = [0]{}, .stringValue = ""}}
12-30 10:41:48.023   398   464 I VehiclePropertyStore: begin to write value to Store: {.timestamp = 7443845595218, .areaId = 0, .prop = 557916303, .status = AVAILABLE, .value = {.int32Values = [2]{0, 0}, .floatValues = [0]{}, .int64Values = [0]{}, .bytes = [0]{}, .stringValue = ""}}
12-30 10:41:48.023   398   464 I DefaultVehicleHal_v2_0: DefaultVehicleHal::onPropertyValue, value:{.timestamp = 7443845595218, .areaId = 0, .prop = 557916303, .status = AVAILABLE, .value = {.int32Values = [2]{0, 0}, .floatValues = [0]{}, .int64Values = [0]{}, .bytes = [0]{}, .stringValue = ""}}
12-30 10:41:48.024   398   464 D DiagPropHandler: is not DiagnosticConfig: 0x2141208f
12-30 10:41:48.024   398   464 I VehiclePropertyStore: begin to write value to Store: {.timestamp = 7443845595218, .areaId = 0, .prop = 557916303, .status = AVAILABLE, .value = {.int32Values = [2]{0, 0}, .floatValues = [0]{}, .int64Values = [0]{}, .bytes = [0]{}, .stringValue = ""}}
12-30 10:41:48.024   398   464 D adayocomadapter-CommunicationManager: onUpstreamReceive mPropertyId 0x2141208f
12-30 10:41:48.024   398   464 D adayocomadapter-CommunicationManager: onUpstreamReceive mPropertyId 0x21412090
12-30 10:41:48.024   398   464 I vw-vhal : notifyVehicleProperty, propId = 0x21412090, data = {status: 2, int32Values: [0, 0]}
12-30 10:41:48.024   398   464 I vw-vhal : CanSignalsAdapter::notifyVehicleProperty: solvedValue = {.timestamp = 7443846243885, .areaId = 0, .prop = 557916304, .status = AVAILABLE, .value = {.int32Values = [2]{0, 0}, .floatValues = [0]{}, .int64Values = [0]{}, .bytes = [0]{}, .stringValue = ""}}
12-30 10:41:48.024   398   464 I VehiclePropertyStore: begin to write value to Store: {.timestamp = 7443846243885, .areaId = 0, .prop = 557916304, .status = AVAILABLE, .value = {.int32Values = [2]{0, 0}, .floatValues = [0]{}, .int64Values = [0]{}, .bytes = [0]{}, .stringValue = ""}}
