12-30 10:41:51.302   360   931 D EvsDriver: forwardFrame
12-30 10:41:51.302   360   931 D EvsDriver: forwardFrameDirect
12-30 10:41:51.302   360   931 D EvsDriver: Delivered 0xb400e2ca9e40d090 as id 1
12-30 10:41:51.303   359  2784 D evsmanagerd: /dev/video-evs0 forwarded the buffer #1 to 0xb400f125d2b26dd0 from 0xb400f125e2b20710
12-30 10:41:51.307   596  3076 E WifiHAL : Invalid data received from driver
12-30 10:41:51.309   360   458 D EvsDriver: doneWithFrame
12-30 10:41:51.313  2475  2681 I TtsServiceAgent: check thread start checking, threadId = 29
12-30 10:41:51.314  2475  2681 D TtsServiceAgent: start bind service...
12-30 10:41:51.314  2475  2681 D TtsServiceAgent: ----->initService, usage = 16
12-30 10:41:51.314  2475  2681 W ContextImpl: Calling a method in the system process without a qualified user: android.app.ContextImpl.bindService:1988 android.content.ContextWrapper.bindService:861 com.iflytek.autofly.ttsaidl.ttsproxy.TtsServiceAgent.initService:189 com.iflytek.autofly.ttsaidl.ttsproxy.TtsServiceAgent.initService:133 com.iflytek.autofly.ttsaidl.ttsproxy.TtsServiceAgent$2.run:517 
12-30 10:41:51.315   916  5915 W ActivityManager: Unable to start service Intent { act=com.iflytek.autofly.tts.ttsservice.TtsAdapterService cmp=com.iflytek.cutefly.speechclient.hmi/com.iflytek.autofly.tts.ttsservice.TtsAdapterService } U=0: not found
12-30 10:41:51.316  2475  2681 D TtsServiceAgent: bindService: false
12-30 10:41:51.316  2475  2681 D TtsServiceAgent: start reInitService
12-30 10:41:51.316  2475  2681 D TtsServiceAgent: aidlCheckThreadRunning = true
12-30 10:41:51.316  2475  2681 D TtsServiceAgent: ----->check connection status in 1000s...
12-30 10:41:51.321   798 29662 W adbd    : timed out while waiting for FUNCTIONFS_BIND, trying again
12-30 10:41:51.322   798 29662 I adbd    : UsbFfs: connection terminated: monitor thread finished
12-30 10:41:51.322  2358  2623 D RcfController: Rcf proxy is not connected!
12-30 10:41:51.322   798   798 I adbd    : UsbFfs: already offline
12-30 10:41:51.322   798   798 I adbd    : destroying transport UsbFfs
12-30 10:41:51.322   798   798 I adbd    : UsbFfsConnection being destroyed
12-30 10:41:51.335   360   931 D EvsDriver: forwardFrame
12-30 10:41:51.335   360   931 D EvsDriver: forwardFrameDirect
12-30 10:41:51.336   360   931 D EvsDriver: Delivered 0xb400e2ca9e40e110 as id 0
12-30 10:41:51.336   359  2784 D evsmanagerd: /dev/video-evs0 forwarded the buffer #0 to 0xb400f125d2b26dd0 from 0xb400f125e2b20710
12-30 10:41:51.339   360   458 D EvsDriver: doneWithFrame
12-30 10:41:51.358  1667  2594 W ContextImpl: Calling a method in the system process without a qualified user: android.app.ContextImpl.bindService:1988 android.content.ContextWrapper.bindService:861 com.ford.sync.fnvservice.FordFnv.c:202 com.ford.sync.fnvservice.FordFnv.c:43 com.ford.sync.fnvservice.FordFnv$RetryHandler.handleMessage:245 
12-30 10:41:51.359   916  5915 W ActivityManager: Unable to start service Intent { cmp=com.ford.sync.fnvservice/.FordFnvService } U=0: not found
12-30 10:41:51.359  1667  2594 W FordFnv :  bind ford fnv failed -> sendRetryMessage 
12-30 10:41:51.360  1667  2410 I media_message_log->MediaMessageUserProxy: (SourceFile:1)b connectToService action bind
12-30 10:41:51.361   916  5915 W ActivityManager: Unable to start service Intent { cmp=com.adayo.server.mediamessagetransfer/.MediaMessTransferService (has extras) } U=0: not found
12-30 10:41:51.361  1667  2410 E media_message_log->MediaMessageUserProxy: (SourceFile:7)a bindServiceAsUser isBound = false
12-30 10:41:51.369   360   931 D EvsDriver: forwardFrame
12-30 10:41:51.369   360   931 D EvsDriver: forwardFrameDirect
12-30 10:41:51.369   360   931 D EvsDriver: Delivered 0xb400e2ca9e40c7a0 as id 1
12-30 10:41:51.369   359  2784 D evsmanagerd: /dev/video-evs0 forwarded the buffer #1 to 0xb400f125d2b26dd0 from 0xb400f125e2b20710
12-30 10:41:51.372  2358  2623 D RcfController: Rcf proxy is not connected!
12-30 10:41:51.380   360   458 D EvsDriver: doneWithFrame
12-30 10:41:51.382   798   838 I adbd    : opening control endpoint /dev/usb-ffs/adb/ep0
12-30 10:41:51.383   798   838 I adbd    : UsbFfsConnection constructed
12-30 10:41:51.385   798 29691 I adbd    : UsbFfs-monitor thread spawned
01-01 10:04:08.392   838   838 I         : read descriptors
12-30 10:41:51.402   360   931 D EvsDriver: forwardFrame
12-30 10:41:51.402   360   931 D EvsDriver: forwardFrameDirect
12-30 10:41:51.402   360   931 D EvsDriver: Delivered 0xb400e2ca9e40e270 as id 0
12-30 10:41:51.402   359  2784 D evsmanagerd: /dev/video-evs0 forwarded the buffer #0 to 0xb400f125d2b26dd0 from 0xb400f125e2b20710
12-30 10:41:51.406   596  3076 E WifiHAL : Invalid data received from driver
12-30 10:41:51.410   360   458 D EvsDriver: doneWithFrame
12-30 10:41:51.422  2358  2623 D RcfController: Rcf proxy is not connected!
12-30 10:41:51.435   360   931 D EvsDriver: forwardFrame
12-30 10:41:51.435   360   931 D EvsDriver: forwardFrameDirect
12-30 10:41:51.436   360   931 D EvsDriver: Delivered 0xb400e2ca9e40d4b0 as id 1
12-30 10:41:51.436   359  2784 D evsmanagerd: /dev/video-evs0 forwarded the buffer #1 to 0xb400f125d2b26dd0 from 0xb400f125e2b20710
12-30 10:41:51.436  1582  3078 I c       : checkService in back thread add: adayo.upgrade.v2.0
12-30 10:41:51.437  1582  3078 E upgradeApp_251223_V1  l: d(null:11)pre->c(null:23)-> serviceBinder is null
12-30 10:41:51.437  1582  3078 W c       : doBindService in back thread fail: adayo.upgrade.v2.0
12-30 10:41:51.440   360   458 D EvsDriver: doneWithFrame
12-30 10:41:51.446   596  3076 E WifiHAL : Invalid data received from driver
12-30 10:41:51.446   596  3076 E WifiHAL : Invalid data received from driver
12-30 10:41:51.448   596  3076 E WifiHAL : Invalid data received from driver
12-30 10:41:51.454   596  3076 E WifiHAL : Invalid data received from driver
12-30 10:41:51.469   360   931 D EvsDriver: forwardFrame
12-30 10:41:51.469   360   931 D EvsDriver: forwardFrameDirect
12-30 10:41:51.469   360   931 D EvsDriver: Delivered 0xb400e2ca9e40c2d0 as id 0
12-30 10:41:51.469   359  2784 D evsmanagerd: /dev/video-evs0 forwarded the buffer #0 to 0xb400f125d2b26dd0 from 0xb400f125e2b20710
12-30 10:41:51.470   360   458 D EvsDriver: doneWithFrame
12-30 10:41:51.473  2358  2623 D RcfController: Rcf proxy is not connected!
12-30 10:41:51.502   360   931 D EvsDriver: forwardFrame
12-30 10:41:51.502   360   931 D EvsDriver: forwardFrameDirect
12-30 10:41:51.502   360   931 D EvsDriver: Delivered 0xb400e2ca9e40d090 as id 1
12-30 10:41:51.502   359  2784 D evsmanagerd: /dev/video-evs0 forwarded the buffer #1 to 0xb400f125d2b26dd0 from 0xb400f125e2b20710
12-30 10:41:51.511   360   458 D EvsDriver: doneWithFrame
12-30 10:41:51.519   596  3076 E WifiHAL : Invalid data received from driver
12-30 10:41:51.523  2358  2623 D RcfController: Rcf proxy is not connected!
12-30 10:41:51.535   360   931 D EvsDriver: forwardFrame
12-30 10:41:51.535   360   931 D EvsDriver: forwardFrameDirect
12-30 10:41:51.536   360   931 D EvsDriver: Delivered 0xb400e2ca9e40e110 as id 0
12-30 10:41:51.536   359  2784 D evsmanagerd: /dev/video-evs0 forwarded the buffer #0 to 0xb400f125d2b26dd0 from 0xb400f125e2b20710
12-30 10:41:51.541   360   458 D EvsDriver: doneWithFrame
12-30 10:41:51.556   705   705 I auditd  : type=1400 audit(0.0:836058): avc:  denied  { read } for  comm="sDefaultContext" laddr=239.0.2.1 lport=30490 scontext=u:r:generic-someip-gateway:s0 tcontext=u:r:generic-someip-gateway:s0 tclass=udp_socket permissive=1
12-30 10:41:51.556   705   705 I sDefaultContext: type=1400 audit(0.0:836058): avc:  denied  { read } for  laddr=239.0.2.1 lport=30490 scontext=u:r:generic-someip-gateway:s0 tcontext=u:r:generic-someip-gateway:s0 tclass=udp_socket permissive=1
12-30 10:41:51.561   596  3076 E WifiHAL : Invalid data received from driver
12-30 10:41:51.561   596  3076 E WifiHAL : Invalid data received from driver
12-30 10:41:51.561   596  3076 E WifiHAL : Invalid data received from driver
12-30 10:41:51.561   596  3076 E WifiHAL : Invalid data received from driver
12-30 10:41:51.561   596  3076 E WifiHAL : Invalid data received from driver
12-30 10:41:51.561   596  3076 E WifiHAL : Invalid data received from driver
12-30 10:41:51.561   596  3076 E WifiHAL : Invalid data received from driver
12-30 10:41:51.567   330   330 E sdprop  : [sdrv_prop_server][819]: [30][cdm.rw.cam_temp.status][41]
12-30 10:41:51.569   360   931 I EvsDriver: /dev/video-evs0 VideoCapture fps 30.0031
12-30 10:41:51.569   360   931 D EvsDriver: forwardFrame
12-30 10:41:51.569   360   931 D EvsDriver: forwardFrameDirect
12-30 10:41:51.569   360   931 D EvsDriver: Delivered 0xb400e2ca9e40c7a0 as id 1
12-30 10:41:51.569   359  2784 D evsmanagerd: /dev/video-evs0 forwarded the buffer #1 to 0xb400f125d2b26dd0 from 0xb400f125e2b20710
12-30 10:41:51.571   360   458 D EvsDriver: doneWithFrame
12-30 10:41:51.573  2358  2623 D RcfController: Rcf proxy is not connected!
12-30 10:41:51.602   360   931 D EvsDriver: forwardFrame
12-30 10:41:51.602   360   931 D EvsDriver: forwardFrameDirect
12-30 10:41:51.602   360   931 D EvsDriver: Delivered 0xb400e2ca9e40e270 as id 0
12-30 10:41:51.603   359  2784 D evsmanagerd: /dev/video-evs0 forwarded the buffer #0 to 0xb400f125d2b26dd0 from 0xb400f125e2b20710
12-30 10:41:51.604   596  3076 E WifiHAL : Invalid data received from driver
12-30 10:41:51.612   360   458 D EvsDriver: doneWithFrame
12-30 10:41:51.623  2358  2623 D RcfController: Rcf proxy is not connected!
12-30 10:41:51.635   360   931 D EvsDriver: forwardFrame
12-30 10:41:51.635   360   931 D EvsDriver: forwardFrameDirect
12-30 10:41:51.636   360   931 D EvsDriver: Delivered 0xb400e2ca9e40d4b0 as id 1
12-30 10:41:51.636   359  2784 D evsmanagerd: /dev/video-evs0 forwarded the buffer #1 to 0xb400f125d2b26dd0 from 0xb400f125e2b20710
12-30 10:41:51.642   360   458 D EvsDriver: doneWithFrame
12-30 10:41:51.647   596  3076 E WifiHAL : Invalid data received from driver
12-30 10:41:51.669   360   931 D EvsDriver: forwardFrame
12-30 10:41:51.669   360   931 D EvsDriver: forwardFrameDirect
12-30 10:41:51.669   360   931 D EvsDriver: Delivered 0xb400e2ca9e40c2d0 as id 0
12-30 10:41:51.669   359  2784 D evsmanagerd: /dev/video-evs0 forwarded the buffer #0 to 0xb400f125d2b26dd0 from 0xb400f125e2b20710
12-30 10:41:51.673   360   458 D EvsDriver: doneWithFrame
12-30 10:41:51.673  2358  2623 D RcfController: Rcf proxy is not connected!
12-30 10:41:51.702   360   931 D EvsDriver: forwardFrame
12-30 10:41:51.702   360   931 D EvsDriver: forwardFrameDirect
12-30 10:41:51.702   360   931 D EvsDriver: Delivered 0xb400e2ca9e40d090 as id 1
12-30 10:41:51.702   359  2784 D evsmanagerd: /dev/video-evs0 forwarded the buffer #1 to 0xb400f125d2b26dd0 from 0xb400f125e2b20710
12-30 10:41:51.713   360   458 D EvsDriver: doneWithFrame
12-30 10:41:51.724  2358  2623 D RcfController: Rcf proxy is not connected!
12-30 10:41:51.724   596  3076 E WifiHAL : Invalid data received from driver
12-30 10:41:51.735   360   931 D EvsDriver: forwardFrame
12-30 10:41:51.735   360   931 D EvsDriver: forwardFrameDirect
12-30 10:41:51.736   360   931 D EvsDriver: Delivered 0xb400e2ca9e40e110 as id 0
12-30 10:41:51.736   359  2784 D evsmanagerd: /dev/video-evs0 forwarded the buffer #0 to 0xb400f125d2b26dd0 from 0xb400f125e2b20710
12-30 10:41:51.744   360   458 D EvsDriver: doneWithFrame
12-30 10:41:51.769   360   931 D EvsDriver: forwardFrame
12-30 10:41:51.769   360   931 D EvsDriver: forwardFrameDirect
12-30 10:41:51.769   360   931 D EvsDriver: Delivered 0xb400e2ca9e40c7a0 as id 1
12-30 10:41:51.769   359  2784 D evsmanagerd: /dev/video-evs0 forwarded the buffer #1 to 0xb400f125d2b26dd0 from 0xb400f125e2b20710
12-30 10:41:51.774   360   458 D EvsDriver: doneWithFrame
12-30 10:41:51.774  2358  2623 D RcfController: Rcf proxy is not connected!
12-30 10:41:51.777   650   729 D fgemcucomm: sd Uart data : 6AA602E8780002920208
12-30 10:41:51.777   650   729 D fgemcucomm: rev uart=61556,len=13, data : 6AA681E87800059202000C007A
12-30 10:41:51.778   398  2883 D adayocomadapter-ParseProtocolFunc: printRaWMsg Name[MCUToUPstream recv] len[5] data[9202000C00]
12-30 10:41:51.778   398  2883 D adayocomadapter-CommunicationManager: onUpstreamback   member[0] dataLength[2] timePoint[7447600]
12-30 10:41:51.778   398  2883 D adayocomadapter-ParseProtocolFunc: printRaWMsg Name[onUpstreamback] len[2] data[0C00]
12-30 10:41:51.778   398   464 D adayocomadapter-UpstreamHandler: processBeforePacket upSreamtProcessTimePoint[7447600] 
12-30 10:41:51.778   398   464 D adayocomadapter-UpstreamHandler: processPacket UPSTREAM_QUEUE_DATA_TIMEOUT
12-30 10:41:51.778   398   464 D adayocomadapter-ParseProtocolFunc: parseCommonIPCLBytes Processing tableNumber[12]
12-30 10:41:51.778   398   464 D adayocomadapter-ParseProtocolFunc: parseCommonIPCLBytes Processing tablename[Table-12] tableSize[2]
12-30 10:41:51.778   398   464 D adayocomadapter-ParseProtocolFunc: printRaWMsg Name[byteStream recv] len[2] data[0C00]
12-30 10:41:51.778   398   464 D adayocomadapter-ParseProtocolFunc: printRaWMsg Name[IPCLtoVHAL] len[6] data[214021660000]
12-30 10:41:51.779   398   464 D adayocomadapter-CommunicationManager: onUpstreamReceive mPropertyId 0x21402166
12-30 10:41:51.779   398   464 D adayocomadapter-CommunicationManager: convertBytesToInt32Memcpy  0
12-30 10:41:51.779   398   464 I vw-vhal : notifyVehicleProperty, propId = 0x21402166, data = {status: 2, int32Values: [0]}
12-30 10:41:51.779   398   464 I vw-vhal : CanSignalsAdapter::notifyVehicleProperty: solvedValue = {.timestamp = 7447601079552, .areaId = 0, .prop = 557850982, .status = AVAILABLE, .value = {.int32Values = [1]{0}, .floatValues = [0]{}, .int64Values = [0]{}, .bytes = [0]{}, .stringValue = ""}}
12-30 10:41:51.779   398   464 I VehiclePropertyStore: begin to write value to Store: {.timestamp = 7447601079552, .areaId = 0, .prop = 557850982, .status = AVAILABLE, .value = {.int32Values = [1]{0}, .floatValues = [0]{}, .int64Values = [0]{}, .bytes = [0]{}, .stringValue = ""}}
12-30 10:41:51.779   398   464 I DefaultVehicleHal_v2_0: DefaultVehicleHal::onPropertyValue, value:{.timestamp = 7447601079552, .areaId = 0, .prop = 557850982, .status = AVAILABLE, .value = {.int32Values = [1]{0}, .floatValues = [0]{}, .int64Values = [0]{}, .bytes = [0]{}, .stringValue = ""}}
12-30 10:41:51.779   398   464 D DiagPropHandler: is not DiagnosticConfig: 0x21402166
12-30 10:41:51.779   398   464 I VehiclePropertyStore: begin to write value to Store: {.timestamp = 7447601079552, .areaId = 0, .prop = 557850982, .status = AVAILABLE, .value = {.int32Values = [1]{0}, .floatValues = [0]{}, .int64Values = [0]{}, .bytes = [0]{}, .stringValue = ""}}
12-30 10:41:51.779   398   464 D adayocomadapter-CommunicationManager: onUpstreamReceive mPropertyId 0x21402166
12-30 10:41:51.785   596  3076 E WifiHAL : Invalid data received from driver
12-30 10:41:51.797   650   729 D fgemcucomm: sd Uart data : 6AA602E8790002920207
12-30 10:41:51.798   650   729 D fgemcucomm: rev uart=61557,len=16, data : 6AA681E87900089202000E0000000074
12-30 10:41:51.798   398  2883 D adayocomadapter-ParseProtocolFunc: printRaWMsg Name[MCUToUPstream recv] len[8] data[9202000E00000000]
12-30 10:41:51.798   398  2883 D adayocomadapter-CommunicationManager: onUpstreamback   member[0] dataLength[5] timePoint[7447620]
12-30 10:41:51.798   398  2883 D adayocomadapter-ParseProtocolFunc: printRaWMsg Name[onUpstreamback] len[5] data[0E00000000]
12-30 10:41:51.798   398   464 D adayocomadapter-UpstreamHandler: processBeforePacket upSreamtProcessTimePoint[7447620] 
12-30 10:41:51.798   398   464 D adayocomadapter-UpstreamHandler: processPacket UPSTREAM_QUEUE_DATA_TIMEOUT
12-30 10:41:51.798   398   464 D adayocomadapter-ParseProtocolFunc: parseCommonIPCLBytes Processing tableNumber[14]
12-30 10:41:51.798   398   464 D adayocomadapter-ParseProtocolFunc: parseCommonIPCLBytes Processing tablename[Table-14] tableSize[5]
12-30 10:41:51.798   398   464 D adayocomadapter-ParseProtocolFunc: printRaWMsg Name[byteStream recv] len[5] data[0E00000000]
12-30 10:41:51.798   398   464 D adayocomadapter-ParseProtocolFunc: printRaWMsg Name[IPCLtoVHAL] len[6] data[214020DE0000]
12-30 10:41:51.798   398   464 D adayocomadapter-ParseProtocolFunc: printRaWMsg Name[IPCLtoVHAL] len[6] data[214020E00000]
12-30 10:41:51.799   398   464 D adayocomadapter-ParseProtocolFunc: printRaWMsg Name[IPCLtoVHAL] len[6] data[214020E50000]
12-30 10:41:51.799   398   464 D adayocomadapter-ParseProtocolFunc: printRaWMsg Name[IPCLtoVHAL] len[6] data[214020E60000]
12-30 10:41:51.799   398   464 D adayocomadapter-CommunicationManager: onUpstreamReceive mPropertyId 0x214020de
12-30 10:41:51.799   398   464 D adayocomadapter-CommunicationManager: convertBytesToInt32Memcpy  0
12-30 10:41:51.799   398   464 I vw-vhal : notifyVehicleProperty, propId = 0x214020de, data = {status: 2, int32Values: [0]}
12-30 10:41:51.799   398   464 I vw-vhal : CanSignalsAdapter::notifyVehicleProperty: solvedValue = {.timestamp = 7447621210552, .areaId = 0, .prop = 557850846, .status = AVAILABLE, .value = {.int32Values = [1]{0}, .floatValues = [0]{}, .int64Values = [0]{}, .bytes = [0]{}, .stringValue = ""}}
12-30 10:41:51.799   398   464 I VehiclePropertyStore: begin to write value to Store: {.timestamp = 7447621210552, .areaId = 0, .prop = 557850846, .status = AVAILABLE, .value = {.int32Values = [1]{0}, .floatValues = [0]{}, .int64Values = [0]{}, .bytes = [0]{}, .stringValue = ""}}
12-30 10:41:51.799   398   464 I DefaultVehicleHal_v2_0: DefaultVehicleHal::onPropertyValue, value:{.timestamp = 7447621210552, .areaId = 0, .prop = 557850846, .status = AVAILABLE, .value = {.int32Values = [1]{0}, .floatValues = [0]{}, .int64Values = [0]{}, .bytes = [0]{}, .stringValue = ""}}
12-30 10:41:51.799   398   464 D DiagPropHandler: is not DiagnosticConfig: 0x214020de
12-30 10:41:51.799   398   464 I VehiclePropertyStore: begin to write value to Store: {.timestamp = 7447621210552, .areaId = 0, .prop = 557850846, .status = AVAILABLE, .value = {.int32Values = [1]{0}, .floatValues = [0]{}, .int64Values = [0]{}, .bytes = [0]{}, .stringValue = ""}}
12-30 10:41:51.799   398   464 D adayocomadapter-CommunicationManager: onUpstreamReceive mPropertyId 0x214020de
12-30 10:41:51.799   398   464 D adayocomadapter-CommunicationManager: onUpstreamReceive mPropertyId 0x214020e0
12-30 10:41:51.799   398   464 D adayocomadapter-CommunicationManager: convertBytesToInt32Memcpy  0
12-30 10:41:51.800   398   464 I vw-vhal : notifyVehicleProperty, propId = 0x214020e0, data = {status: 2, int32Values: [0]}
12-30 10:41:51.800   398   464 I vw-vhal : CanSignalsAdapter::notifyVehicleProperty: solvedValue = {.timestamp = 7447621917885, .areaId = 0, .prop = 557850848, .status = AVAILABLE, .value = {.int32Values = [1]{0}, .floatValues = [0]{}, .int64Values = [0]{}, .bytes = [0]{}, .stringValue = ""}}
12-30 10:41:51.800   398   464 I VehiclePropertyStore: begin to write value to Store: {.timestamp = 7447621917885, .areaId = 0, .prop = 557850848, .status = AVAILABLE, .value = {.int32Values = [1]{0}, .floatValues = [0]{}, .int64Values = [0]{}, .bytes = [0]{}, .stringValue = ""}}
12-30 10:41:51.800   398   464 I DefaultVehicleHal_v2_0: DefaultVehicleHal::onPropertyValue, value:{.timestamp = 7447621917885, .areaId = 0, .prop = 557850848, .status = AVAILABLE, .value = {.int32Values = [1]{0}, .floatValues = [0]{}, .int64Values = [0]{}, .bytes = [0]{}, .stringValue = ""}}
12-30 10:41:51.800   398   464 D DiagPropHandler: is not DiagnosticConfig: 0x214020e0
12-30 10:41:51.800   398   464 I VehiclePropertyStore: begin to write value to Store: {.timestamp = 7447621917885, .areaId = 0, .prop = 557850848, .status = AVAILABLE, .value = {.int32Values = [1]{0}, .floatValues = [0]{}, .int64Values = [0]{}, .bytes = [0]{}, .stringValue = ""}}
12-30 10:41:51.800   398   464 D adayocomadapter-CommunicationManager: onUpstreamReceive mPropertyId 0x214020e0
12-30 10:41:51.800   398   464 D adayocomadapter-CommunicationManager: onUpstreamReceive mPropertyId 0x214020e5
12-30 10:41:51.800   398   464 D adayocomadapter-CommunicationManager: convertBytesToInt32Memcpy  0
12-30 10:41:51.800   398   464 I vw-vhal : notifyVehicleProperty, propId = 0x214020e5, data = {status: 2, int32Values: [0]}
12-30 10:41:51.800   398   464 I vw-vhal : CanSignalsAdapter::notifyVehicleProperty: solvedValue = {.timestamp = 7447622575219, .areaId = 0, .prop = 557850853, .status = AVAILABLE, .value = {.int32Values = [1]{0}, .floatValues = [0]{}, .int64Values = [0]{}, .bytes = [0]{}, .stringValue = ""}}
12-30 10:41:51.800   398   464 I VehiclePropertyStore: begin to write value to Store: {.timestamp = 7447622575219, .areaId = 0, .prop = 557850853, .status = AVAILABLE, .value = {.int32Values = [1]{0}, .floatValues = [0]{}, .int64Values = [0]{}, .bytes = [0]{}, .stringValue = ""}}
12-30 10:41:51.800   398   464 I DefaultVehicleHal_v2_0: DefaultVehicleHal::onPropertyValue, value:{.timestamp = 7447622575219, .areaId = 0, .prop = 557850853, .status = AVAILABLE, .value = {.int32Values = [1]{0}, .floatValues = [0]{}, .int64Values = [0]{}, .bytes = [0]{}, .stringValue = ""}}
12-30 10:41:51.801   398   464 D DiagPropHandler: is not DiagnosticConfig: 0x214020e5
12-30 10:41:51.801   398   464 I VehiclePropertyStore: begin to write value to Store: {.timestamp = 7447622575219, .areaId = 0, .prop = 557850853, .status = AVAILABLE, .value = {.int32Values = [1]{0}, .floatValues = [0]{}, .int64Values = [0]{}, .bytes = [0]{}, .stringValue = ""}}
12-30 10:41:51.801   398   464 D adayocomadapter-CommunicationManager: onUpstreamReceive mPropertyId 0x214020e5
12-30 10:41:51.801   398   464 D adayocomadapter-CommunicationManager: onUpstreamReceive mPropertyId 0x214020e6
12-30 10:41:51.801   398   464 D adayocomadapter-CommunicationManager: convertBytesToInt32Memcpy  0
12-30 10:41:51.801   398   464 I vw-vhal : notifyVehicleProperty, propId = 0x214020e6, data = {status: 2, int32Values: [0]}
12-30 10:41:51.801   398   464 I vw-vhal : CanSignalsAdapter::notifyVehicleProperty: solvedValue = {.timestamp = 7447623229552, .areaId = 0, .prop = 557850854, .status = AVAILABLE, .value = {.int32Values = [1]{0}, .floatValues = [0]{}, .int64Values = [0]{}, .bytes = [0]{}, .stringValue = ""}}
12-30 10:41:51.801   398   464 I VehiclePropertyStore: begin to write value to Store: {.timestamp = 7447623229552, .areaId = 0, .prop = 557850854, .status = AVAILABLE, .value = {.int32Values = [1]{0}, .floatValues = [0]{}, .int64Values = [0]{}, .bytes = [0]{}, .stringValue = ""}}
12-30 10:41:51.801   398   464 I DefaultVehicleHal_v2_0: DefaultVehicleHal::onPropertyValue, value:{.timestamp = 7447623229552, .areaId = 0, .prop = 557850854, .status = AVAILABLE, .value = {.int32Values = [1]{0}, .floatValues = [0]{}, .int64Values = [0]{}, .bytes = [0]{}, .stringValue = ""}}
12-30 10:41:51.801   398   464 D DiagPropHandler: is not DiagnosticConfig: 0x214020e6
12-30 10:41:51.801   398   464 I VehiclePropertyStore: begin to write value to Store: {.timestamp = 7447623229552, .areaId = 0, .prop = 557850854, .status = AVAILABLE, .value = {.int32Values = [1]{0}, .floatValues = [0]{}, .int64Values = [0]{}, .bytes = [0]{}, .stringValue = ""}}
12-30 10:41:51.801   398   464 D adayocomadapter-CommunicationManager: onUpstreamReceive mPropertyId 0x214020e6
12-30 10:41:51.802   360   931 D EvsDriver: forwardFrame
12-30 10:41:51.802   360   931 D EvsDriver: forwardFrameDirect
12-30 10:41:51.802   360   931 D EvsDriver: Delivered 0xb400e2ca9e40e270 as id 0
12-30 10:41:51.803   359  2784 D evsmanagerd: /dev/video-evs0 forwarded the buffer #0 to 0xb400f125d2b26dd0 from 0xb400f125e2b20710
12-30 10:41:51.804   360   458 D EvsDriver: doneWithFrame
12-30 10:41:51.820   699   699 I auditd  : type=1400 audit(0.0:836059): avc:  denied  { read } for  comm="name_server" laddr=172.20.2.35 lport=34880 faddr=172.20.2.36 fport=60000 scontext=u:r:name_server:s0 tcontext=u:r:name_server:s0 tclass=tcp_socket permissive=1
12-30 10:41:51.820   699   699 I name_server: type=1400 audit(0.0:836059): avc:  denied  { read } for  laddr=172.20.2.35 lport=34880 faddr=172.20.2.36 fport=60000 scontext=u:r:name_server:s0 tcontext=u:r:name_server:s0 tclass=tcp_socket permissive=1
12-30 10:41:51.820   699   699 I auditd  : type=1400 audit(0.0:836060): avc:  denied  { write } for  comm="name_server" laddr=172.20.2.35 lport=34880 faddr=172.20.2.36 fport=60000 scontext=u:r:name_server:s0 tcontext=u:r:name_server:s0 tclass=tcp_socket permissive=1
12-30 10:41:51.820   699   699 I name_server: type=1400 audit(0.0:836060): avc:  denied  { write } for  laddr=172.20.2.35 lport=34880 faddr=172.20.2.36 fport=60000 scontext=u:r:name_server:s0 tcontext=u:r:name_server:s0 tclass=tcp_socket permissive=1
12-30 10:41:51.824  2358  2623 D RcfController: Rcf proxy is not connected!
12-30 10:41:51.827   650   729 D fgemcucomm: sd Uart data : 6AA602E87A0002920206
12-30 10:41:51.828   650   729 D fgemcucomm: rev uart=61558,len=20, data : 6AA681E87A000C92020008000000000000000075
12-30 10:41:51.828   398  2883 D adayocomadapter-ParseProtocolFunc: printRaWMsg Name[MCUToUPstream recv] len[12] data[920200080000000000000000]
12-30 10:41:51.828   398  2883 D adayocomadapter-CommunicationManager: onUpstreamback   member[0] dataLength[9] timePoint[7447650]
12-30 10:41:51.828   398  2883 D adayocomadapter-ParseProtocolFunc: printRaWMsg Name[onUpstreamback] len[9] data[080000000000000000]
12-30 10:41:51.828   398   464 D adayocomadapter-UpstreamHandler: processBeforePacket upSreamtProcessTimePoint[7447650] 
12-30 10:41:51.828   398   464 D adayocomadapter-UpstreamHandler: processPacket UPSTREAM_QUEUE_DATA_TIMEOUT
12-30 10:41:51.829   398   464 D adayocomadapter-ParseProtocolFunc: parseCommonIPCLBytes Processing tableNumber[8]
12-30 10:41:51.829   398   464 D adayocomadapter-ParseProtocolFunc: parseCommonIPCLBytes Processing tablename[Table-8] tableSize[9]
12-30 10:41:51.829   398   464 D adayocomadapter-ParseProtocolFunc: printRaWMsg Name[byteStream recv] len[9] data[080000000000000000]
12-30 10:41:51.829   398   464 D adayocomadapter-ParseProtocolFunc: printRaWMsg Name[IPCLtoVHAL] len[7] data[2141208F010000]
12-30 10:41:51.829   398   464 D adayocomadapter-ParseProtocolFunc: printRaWMsg Name[IPCLtoVHAL] len[7] data[21412090010000]
12-30 10:41:51.829   398   464 D adayocomadapter-ParseProtocolFunc: printRaWMsg Name[IPCLtoVHAL] len[7] data[21412091010000]
12-30 10:41:51.829   398   464 D adayocomadapter-ParseProtocolFunc: printRaWMsg Name[IPCLtoVHAL] len[7] data[21412092010000]
12-30 10:41:51.829   398   464 D adayocomadapter-CommunicationManager: onUpstreamReceive mPropertyId 0x2141208f
12-30 10:41:51.829   398   464 I vw-vhal : notifyVehicleProperty, propId = 0x2141208f, data = {status: 2, int32Values: [0, 0]}
12-30 10:41:51.829   398   464 I vw-vhal : CanSignalsAdapter::notifyVehicleProperty: solvedValue = {.timestamp = 7447651477552, .areaId = 0, .prop = 557916303, .status = AVAILABLE, .value = {.int32Values = [2]{0, 0}, .floatValues = [0]{}, .int64Values = [0]{}, .bytes = [0]{}, .stringValue = ""}}
12-30 10:41:51.829   398   464 I VehiclePropertyStore: begin to write value to Store: {.timestamp = 7447651477552, .areaId = 0, .prop = 557916303, .status = AVAILABLE, .value = {.int32Values = [2]{0, 0}, .floatValues = [0]{}, .int64Values = [0]{}, .bytes = [0]{}, .stringValue = ""}}
12-30 10:41:51.829   398   464 I DefaultVehicleHal_v2_0: DefaultVehicleHal::onPropertyValue, value:{.timestamp = 7447651477552, .areaId = 0, .prop = 557916303, .status = AVAILABLE, .value = {.int32Values = [2]{0, 0}, .floatValues = [0]{}, .int64Values = [0]{}, .bytes = [0]{}, .stringValue = ""}}
12-30 10:41:51.829   398   464 D DiagPropHandler: is not DiagnosticConfig: 0x2141208f
12-30 10:41:51.830   398   464 I VehiclePropertyStore: begin to write value to Store: {.timestamp = 7447651477552, .areaId = 0, .prop = 557916303, .status = AVAILABLE, .value = {.int32Values = [2]{0, 0}, .floatValues = [0]{}, .int64Values = [0]{}, .bytes = [0]{}, .stringValue = ""}}
12-30 10:41:51.830   398   464 D adayocomadapter-CommunicationManager: onUpstreamReceive mPropertyId 0x2141208f
12-30 10:41:51.830   398   464 D adayocomadapter-CommunicationManager: onUpstreamReceive mPropertyId 0x21412090
12-30 10:41:51.830   398   464 I vw-vhal : notifyVehicleProperty, propId = 0x21412090, data = {status: 2, int32Values: [0, 0]}
12-30 10:41:51.830   398   464 I vw-vhal : CanSignalsAdapter::notifyVehicleProperty: solvedValue = {.timestamp = 7447652193219, .areaId = 0, .prop = 557916304, .status = AVAILABLE, .value = {.int32Values = [2]{0, 0}, .floatValues = [0]{}, .int64Values = [0]{}, .bytes = [0]{}, .stringValue = ""}}
12-30 10:41:51.830   398   464 I VehiclePropertyStore: begin to write value to Store: {.timestamp = 7447652193219, .areaId = 0, .prop = 557916304, .status = AVAILABLE, .value = {.int32Values = [2]{0, 0}, .floatValues = [0]{}, .int64Values = [0]{}, .bytes = [0]{}, .stringValue = ""}}
12-30 10:41:51.830   398   464 I DefaultVehicleHal_v2_0: DefaultVehicleHal::onPropertyValue, value:{.timestamp = 7447652193219, .areaId = 0, .prop = 557916304, .status = AVAILABLE, .value = {.int32Values = [2]{0, 0}, .floatValues = [0]{}, .int64Values = [0]{}, .bytes = [0]{}, .stringValue = ""}}
12-30 10:41:51.830   398   464 D DiagPropHandler: is not DiagnosticConfig: 0x21412090
12-30 10:41:51.830   398   464 I VehiclePropertyStore: begin to write value to Store: {.timestamp = 7447652193219, .areaId = 0, .prop = 557916304, .status = AVAILABLE, .value = {.int32Values = [2]{0, 0}, .floatValues = [0]{}, .int64Values = [0]{}, .bytes = [0]{}, .stringValue = ""}}
12-30 10:41:51.830   398   464 D adayocomadapter-CommunicationManager: onUpstreamReceive mPropertyId 0x21412090
12-30 10:41:51.830   398   464 D adayocomadapter-CommunicationManager: onUpstreamReceive mPropertyId 0x21412091
12-30 10:41:51.830   398   464 I vw-vhal : notifyVehicleProperty, propId = 0x21412091, data = {status: 2, int32Values: [0, 0]}
12-30 10:41:51.831   398   464 I vw-vhal : CanSignalsAdapter::notifyVehicleProperty: solvedValue = {.timestamp = 7447652810219, .areaId = 0, .prop = 557916305, .status = AVAILABLE, .value = {.int32Values = [2]{0, 0}, .floatValues = [0]{}, .int64Values = [0]{}, .bytes = [0]{}, .stringValue = ""}}
12-30 10:41:51.831   398   464 I VehiclePropertyStore: begin to write value to Store: {.timestamp = 7447652810219, .areaId = 0, .prop = 557916305, .status = AVAILABLE, .value = {.int32Values = [2]{0, 0}, .floatValues = [0]{}, .int64Values = [0]{}, .bytes = [0]{}, .stringValue = ""}}
12-30 10:41:51.831   398   464 I DefaultVehicleHal_v2_0: DefaultVehicleHal::onPropertyValue, value:{.timestamp = 7447652810219, .areaId = 0, .prop = 557916305, .status = AVAILABLE, .value = {.int32Values = [2]{0, 0}, .floatValues = [0]{}, .int64Values = [0]{}, .bytes = [0]{}, .stringValue = ""}}
12-30 10:41:51.831   398   464 D DiagPropHandler: is not DiagnosticConfig: 0x21412091
12-30 10:41:51.831   398   464 I VehiclePropertyStore: begin to write value to Store: {.timestamp = 7447652810219, .areaId = 0, .prop = 557916305, .status = AVAILABLE, .value = {.int32Values = [2]{0, 0}, .floatValues = [0]{}, .int64Values = [0]{}, .bytes = [0]{}, .stringValue = ""}}
12-30 10:41:51.831   398   464 D adayocomadapter-CommunicationManager: onUpstreamReceive mPropertyId 0x21412091
12-30 10:41:51.831   398   464 D adayocomadapter-CommunicationManager: onUpstreamReceive mPropertyId 0x21412092
12-30 10:41:51.831   398   464 I vw-vhal : notifyVehicleProperty, propId = 0x21412092, data = {status: 2, int32Values: [0, 0]}
12-30 10:41:51.831   398   464 I vw-vhal : CanSignalsAdapter::notifyVehicleProperty: solvedValue = {.timestamp = 7447653422219, .areaId = 0, .prop = 557916306, .status = AVAILABLE, .value = {.int32Values = [2]{0, 0}, .floatValues = [0]{}, .int64Values = [0]{}, .bytes = [0]{}, .stringValue = ""}}
12-30 10:41:51.831   398   464 I VehiclePropertyStore: begin to write value to Store: {.timestamp = 7447653422219, .areaId = 0, .prop = 557916306, .status = AVAILABLE, .value = {.int32Values = [2]{0, 0}, .floatValues = [0]{}, .int64Values = [0]{}, .bytes = [0]{}, .stringValue = ""}}
12-30 10:41:51.831   398   464 I DefaultVehicleHal_v2_0: DefaultVehicleHal::onPropertyValue, value:{.timestamp = 7447653422219, .areaId = 0, .prop = 557916306, .status = AVAILABLE, .value = {.int32Values = [2]{0, 0}, .floatValues = [0]{}, .int64Values = [0]{}, .bytes = [0]{}, .stringValue = ""}}
12-30 10:41:51.831   398   464 D DiagPropHandler: is not DiagnosticConfig: 0x21412092
12-30 10:41:51.831   398   464 I VehiclePropertyStore: begin to write value to Store: {.timestamp = 7447653422219, .areaId = 0, .prop = 557916306, .status = AVAILABLE, .value = {.int32Values = [2]{0, 0}, .floatValues = [0]{}, .int64Values = [0]{}, .bytes = [0]{}, .stringValue = ""}}
12-30 10:41:51.831   398   464 D adayocomadapter-CommunicationManager: onUpstreamReceive mPropertyId 0x21412092
12-30 10:41:51.835   360   931 D EvsDriver: forwardFrame
12-30 10:41:51.835   360   931 D EvsDriver: forwardFrameDirect
12-30 10:41:51.836   360   931 D EvsDriver: Delivered 0xb400e2ca9e40d4b0 as id 1
12-30 10:41:51.836   359  2784 D evsmanagerd: /dev/video-evs0 forwarded the buffer #1 to 0xb400f125d2b26dd0 from 0xb400f125e2b20710
12-30 10:41:51.845   360   458 D EvsDriver: doneWithFrame
12-30 10:41:51.847   596  3076 E WifiHAL : Invalid data received from driver
12-30 10:41:51.869   360   931 D EvsDriver: forwardFrame
12-30 10:41:51.869   360   931 D EvsDriver: forwardFrameDirect
12-30 10:41:51.869   360   931 D EvsDriver: Delivered 0xb400e2ca9e40c2d0 as id 0
12-30 10:41:51.869   359  2784 D evsmanagerd: /dev/video-evs0 forwarded the buffer #0 to 0xb400f125d2b26dd0 from 0xb400f125e2b20710
12-30 10:41:51.875  2358  2623 D RcfController: Rcf proxy is not connected!
12-30 10:41:51.875   360   458 D EvsDriver: doneWithFrame
12-30 10:41:51.892  1667  2513 W ContextImpl: Calling a method in the system process without a qualified user: android.app.ContextImpl.bindService:1988 android.content.ContextWrapper.bindService:861 com.ford.sync.fnvservice.analytics.AnalyticsManager$RetryHandler.a:126 com.ford.sync.fnvservice.analytics.AnalyticsManager$RetryHandler.handleMessage:103 android.os.Handler.dispatchMessage:106 
12-30 10:41:51.892   916  5915 W ActivityManager: Unable to start service Intent { cmp=com.ford.sync.fnvservice/.analytics.AnalyticsService } U=0: not found
12-30 10:41:51.893  1667  2513 W AnalyticsManager:  bind ford Analytics failed -> sendRetryMessage 
12-30 10:41:51.902   360   931 D EvsDriver: forwardFrame
12-30 10:41:51.902   360   931 D EvsDriver: forwardFrameDirect
12-30 10:41:51.902   360   931 D EvsDriver: Delivered 0xb400e2ca9e40d090 as id 1
12-30 10:41:51.903   359  2784 D evsmanagerd: /dev/video-evs0 forwarded the buffer #1 to 0xb400f125d2b26dd0 from 0xb400f125e2b20710
12-30 10:41:51.906   360   458 D EvsDriver: doneWithFrame
12-30 10:41:51.923   596  3076 E WifiHAL : Invalid data received from driver
12-30 10:41:51.925  2358  2623 D RcfController: Rcf proxy is not connected!
12-30 10:41:51.935   360   931 D EvsDriver: forwardFrame
12-30 10:41:51.935   360   931 D EvsDriver: forwardFrameDirect
12-30 10:41:51.936   360   931 D EvsDriver: Delivered 0xb400e2ca9e40e110 as id 0
12-30 10:41:51.936   359  2784 D evsmanagerd: /dev/video-evs0 forwarded the buffer #0 to 0xb400f125d2b26dd0 from 0xb400f125e2b20710
12-30 10:41:51.946   360   458 D EvsDriver: doneWithFrame
12-30 10:41:51.951   650   729 D fgemcucomm: sd Uart data : 6AA602E87B0002920205
12-30 10:41:51.951   650   729 D fgemcucomm: rev uart=61559,len=57, data : 6AA681E87B00319202001200000000000000000000000000000000000000000000000000000000000000000000000000000000000000000045
12-30 10:41:51.951   398  2883 D adayocomadapter-ParseProtocolFunc: printRaWMsg Name[MCUToUPstream recv] len[49] data[92020012000000000000000000000000000000000000000000000000000000000000000000000000000000000000000000]
12-30 10:41:51.951   398  2883 D adayocomadapter-CommunicationManager: onUpstreamback   member[0] dataLength[46] timePoint[7447773]
12-30 10:41:51.952   398  2883 D adayocomadapter-ParseProtocolFunc: printRaWMsg Name[onUpstreamback] len[46] data[12000000000000000000000000000000000000000000000000000000000000000000000000000000000000000000]
12-30 10:41:51.952   398   464 D adayocomadapter-UpstreamHandler: processBeforePacket upSreamtProcessTimePoint[7447774] 
12-30 10:41:51.952   398   464 D adayocomadapter-UpstreamHandler: processPacket UPSTREAM_QUEUE_DATA_TIMEOUT
12-30 10:41:51.952   398   464 D adayocomadapter-ParseProtocolFunc: parseCommonIPCLBytes Processing tableNumber[18]
12-30 10:41:51.952   398   464 D adayocomadapter-ParseProtocolFunc: parseCommonIPCLBytes Processing tablename[Table-18] tableSize[46]
12-30 10:41:51.952   398   464 D adayocomadapter-ParseProtocolFunc: printRaWMsg Name[byteStream recv] len[46] data[12000000000000000000000000000000000000000000000000000000000000000000000000000000000000000000]
12-30 10:41:51.952   398   464 D adayocomadapter-ParseProtocolFunc: printRaWMsg Name[IPCLtoVHAL] len[6] data[214010020000]
12-30 10:41:51.952   398   464 D adayocomadapter-ParseProtocolFunc: printRaWMsg Name[IPCLtoVHAL] len[6] data[2140101A0000]
12-30 10:41:51.952   398   464 D adayocomadapter-ParseProtocolFunc: printRaWMsg Name[IPCLtoVHAL] len[6] data[2140100E0000]
12-30 10:41:51.952   398   464 D adayocomadapter-ParseProtocolFunc: printRaWMsg Name[IPCLtoVHAL] len[6] data[214021DD0000]
12-30 10:41:51.952   398   464 D adayocomadapter-ParseProtocolFunc: printRaWMsg Name[IPCLtoVHAL] len[6] data[2140103C0000]
12-30 10:41:51.952   398   464 D adayocomadapter-ParseProtocolFunc: printRaWMsg Name[IPCLtoVHAL] len[6] data[2140101E0000]
12-30 10:41:51.952   398   464 D adayocomadapter-ParseProtocolFunc: printRaWMsg Name[IPCLtoVHAL] len[6] data[214010350000]
12-30 10:41:51.952   398   464 D adayocomadapter-ParseProtocolFunc: printRaWMsg Name[IPCLtoVHAL] len[6] data[214022040000]
12-30 10:41:51.952   398   464 D adayocomadapter-ParseProtocolFunc: printRaWMsg Name[IPCLtoVHAL] len[6] data[214010120000]
12-30 10:41:51.953   398   464 D adayocomadapter-ParseProtocolFunc: printRaWMsg Name[IPCLtoVHAL] len[6] data[214010140000]
12-30 10:41:51.953   398   464 D adayocomadapter-ParseProtocolFunc: printRaWMsg Name[IPCLtoVHAL] len[6] data[214010430000]
12-30 10:41:51.953   398   464 D adayocomadapter-ParseProtocolFunc: printRaWMsg Name[IPCLtoVHAL] len[6] data[214010420000]
12-30 10:41:51.953   398   464 D adayocomadapter-ParseProtocolFunc: printRaWMsg Name[IPCLtoVHAL] len[6] data[214010160000]
12-30 10:41:51.953   398   464 D adayocomadapter-ParseProtocolFunc: printRaWMsg Name[IPCLtoVHAL] len[6] data[2140101C0000]
12-30 10:41:51.953   398   464 D adayocomadapter-ParseProtocolFunc: printRaWMsg Name[IPCLtoVHAL] len[6] data[214010330000]
12-30 10:41:51.953   398   464 D adayocomadapter-ParseProtocolFunc: printRaWMsg Name[IPCLtoVHAL] len[6] data[214010040000]
12-30 10:41:51.953   398   464 D adayocomadapter-ParseProtocolFunc: printRaWMsg Name[IPCLtoVHAL] len[6] data[214010200000]
12-30 10:41:51.953   398   464 D adayocomadapter-ParseProtocolFunc: printRaWMsg Name[IPCLtoVHAL] len[6] data[214021620000]
12-30 10:41:51.953   398   464 D adayocomadapter-ParseProtocolFunc: printRaWMsg Name[IPCLtoVHAL] len[6] data[214010370000]
12-30 10:41:51.953   398   464 D adayocomadapter-ParseProtocolFunc: printRaWMsg Name[IPCLtoVHAL] len[6] data[214010080000]
12-30 10:41:51.953   398   464 D adayocomadapter-ParseProtocolFunc: printRaWMsg Name[IPCLtoVHAL] len[6] data[214010220000]
12-30 10:41:51.953   398   464 D adayocomadapter-ParseProtocolFunc: printRaWMsg Name[IPCLtoVHAL] len[6] data[214021640000]
12-30 10:41:51.953   398   464 D adayocomadapter-ParseProtocolFunc: printRaWMsg Name[IPCLtoVHAL] len[6] data[214010390000]
12-30 10:41:51.953   398   464 D adayocomadapter-ParseProtocolFunc: printRaWMsg Name[IPCLtoVHAL] len[6] data[214021D90000]
12-30 10:41:51.953   398   464 D adayocomadapter-ParseProtocolFunc: printRaWMsg Name[IPCLtoVHAL] len[6] data[214010240000]
12-30 10:41:51.953   398   464 D adayocomadapter-ParseProtocolFunc: printRaWMsg Name[IPCLtoVHAL] len[6] data[2140103B0000]
12-30 10:41:51.954   398   464 D adayocomadapter-ParseProtocolFunc: printRaWMsg Name[IPCLtoVHAL] len[6] data[2140100C0000]
12-30 10:41:51.954   398   464 D adayocomadapter-ParseProtocolFunc: printRaWMsg Name[IPCLtoVHAL] len[6] data[214021DB0000]
12-30 10:41:51.954   398   464 D adayocomadapter-ParseProtocolFunc: printRaWMsg Name[IPCLtoVHAL] len[6] data[214010260000]
12-30 10:41:51.954   398   464 D adayocomadapter-ParseProtocolFunc: printRaWMsg Name[IPCLtoVHAL] len[6] data[214021680000]
12-30 10:41:51.954   398   464 D adayocomadapter-ParseProtocolFunc: printRaWMsg Name[IPCLtoVHAL] len[6] data[2140103E0000]
12-30 10:41:51.954   398   464 D adayocomadapter-ParseProtocolFunc: printRaWMsg Name[IPCLtoVHAL] len[6] data[2140216A0000]
12-30 10:41:51.954   398   464 D adayocomadapter-ParseProtocolFunc: printRaWMsg Name[IPCLtoVHAL] len[6] data[2140216E0000]
12-30 10:41:51.954   398   464 D adayocomadapter-ParseProtocolFunc: printRaWMsg Name[IPCLtoVHAL] len[6] data[214021700000]
12-30 10:41:51.954   398   464 D adayocomadapter-ParseProtocolFunc: printRaWMsg Name[IPCLtoVHAL] len[6] data[214021720000]
12-30 10:41:51.954   398   464 D adayocomadapter-ParseProtocolFunc: printRaWMsg Name[IPCLtoVHAL] len[6] data[214021740000]
12-30 10:41:51.954   398   464 D adayocomadapter-ParseProtocolFunc: printRaWMsg Name[IPCLtoVHAL] len[6] data[214021760000]
12-30 10:41:51.954   398   464 D adayocomadapter-ParseProtocolFunc: printRaWMsg Name[IPCLtoVHAL] len[6] data[214021780000]
12-30 10:41:51.954   398   464 D adayocomadapter-ParseProtocolFunc: printRaWMsg Name[IPCLtoVHAL] len[6] data[2140205E0000]
12-30 10:41:51.954   398   464 D adayocomadapter-ParseProtocolFunc: printRaWMsg Name[IPCLtoVHAL] len[6] data[2140217A0000]
12-30 10:41:51.954   398   464 D adayocomadapter-ParseProtocolFunc: printRaWMsg Name[IPCLtoVHAL] len[6] data[214022070000]
12-30 10:41:51.954   398   464 D adayocomadapter-ParseProtocolFunc: printRaWMsg Name[IPCLtoVHAL] len[6] data[2140217C0000]
12-30 10:41:51.954   398   464 D adayocomadapter-ParseProtocolFunc: printRaWMsg Name[IPCLtoVHAL] len[6] data[2140219C0000]
12-30 10:41:51.955   398   464 D adayocomadapter-ParseProtocolFunc: printRaWMsg Name[IPCLtoVHAL] len[6] data[214021DF0000]
12-30 10:41:51.955   398   464 D adayocomadapter-CommunicationManager: onUpstreamReceive mPropertyId 0x21401002
12-30 10:41:51.955   398   464 D adayocomadapter-CommunicationManager: convertBytesToInt32Memcpy  0
12-30 10:41:51.955   398   464 I vw-vhal : notifyVehicleProperty, propId = 0x21401002, data = {status: 2, int32Values: [0]}
12-30 10:41:51.955   398   464 I vw-vhal : CanSignalsAdapter::notifyVehicleProperty: solvedValue = {.timestamp = 7447777152885, .areaId = 0, .prop = 557846530, .status = AVAILABLE, .value = {.int32Values = [1]{0}, .floatValues = [0]{}, .int64Values = [0]{}, .bytes = [0]{}, .stringValue = ""}}
12-30 10:41:51.955   398   464 I VehiclePropertyStore: begin to write value to Store: {.timestamp = 7447777152885, .areaId = 0, .prop = 557846530, .status = AVAILABLE, .value = {.int32Values = [1]{0}, .floatValues = [0]{}, .int64Values = [0]{}, .bytes = [0]{}, .stringValue = ""}}
12-30 10:41:51.955   398   464 I DefaultVehicleHal_v2_0: DefaultVehicleHal::onPropertyValue, value:{.timestamp = 7447777152885, .areaId = 0, .prop = 557846530, .status = AVAILABLE, .value = {.int32Values = [1]{0}, .floatValues = [0]{}, .int64Values = [0]{}, .bytes = [0]{}, .stringValue = ""}}
12-30 10:41:51.955   398   464 D DiagPropHandler: is not DiagnosticConfig: 0x21401002
12-30 10:41:51.955   398   464 I VehiclePropertyStore: begin to write value to Store: {.timestamp = 7447777152885, .areaId = 0, .prop = 557846530, .status = AVAILABLE, .value = {.int32Values = [1]{0}, .floatValues = [0]{}, .int64Values = [0]{}, .bytes = [0]{}, .stringValue = ""}}
12-30 10:41:51.955   398   464 D adayocomadapter-CommunicationManager: onUpstreamReceive mPropertyId 0x21401002
12-30 10:41:51.955   398   464 D adayocomadapter-CommunicationManager: onUpstreamReceive mPropertyId 0x2140101a
12-30 10:41:51.955   398   464 D adayocomadapter-CommunicationManager: convertBytesToInt32Memcpy  0
12-30 10:41:51.955   398   464 I vw-vhal : notifyVehicleProperty, propId = 0x2140101a, data = {status: 2, int32Values: [0]}
12-30 10:41:51.956   398   464 I vw-vhal : CanSignalsAdapter::notifyVehicleProperty: solvedValue = {.timestamp = 7447777843885, .areaId = 0, .prop = 557846554, .status = AVAILABLE, .value = {.int32Values = [1]{0}, .floatValues = [0]{}, .int64Values = [0]{}, .bytes = [0]{}, .stringValue = ""}}
12-30 10:41:51.956   398   464 I VehiclePropertyStore: begin to write value to Store: {.timestamp = 7447777843885, .areaId = 0, .prop = 557846554, .status = AVAILABLE, .value = {.int32Values = [1]{0}, .floatValues = [0]{}, .int64Values = [0]{}, .bytes = [0]{}, .stringValue = ""}}
12-30 10:41:51.956   398   464 I DefaultVehicleHal_v2_0: DefaultVehicleHal::onPropertyValue, value:{.timestamp = 7447777843885, .areaId = 0, .prop = 557846554, .status = AVAILABLE, .value = {.int32Values = [1]{0}, .floatValues = [0]{}, .int64Values = [0]{}, .bytes = [0]{}, .stringValue = ""}}
12-30 10:41:51.956   398   464 D DiagPropHandler: is not DiagnosticConfig: 0x2140101a
12-30 10:41:51.956   398   464 I VehiclePropertyStore: begin to write value to Store: {.timestamp = 7447777843885, .areaId = 0, .prop = 557846554, .status = AVAILABLE, .value = {.int32Values = [1]{0}, .floatValues = [0]{}, .int64Values = [0]{}, .bytes = [0]{}, .stringValue = ""}}
12-30 10:41:51.956   398   464 D adayocomadapter-CommunicationManager: onUpstreamReceive mPropertyId 0x2140101a
12-30 10:41:51.956   398   464 D adayocomadapter-CommunicationManager: onUpstreamReceive mPropertyId 0x2140100e
12-30 10:41:51.956   398   464 D adayocomadapter-CommunicationManager: convertBytesToInt32Memcpy  0
12-30 10:41:51.956   398   464 I vw-vhal : notifyVehicleProperty, propId = 0x2140100e, data = {status: 2, int32Values: [0]}
12-30 10:41:51.956   398   464 I vw-vhal : CanSignalsAdapter::notifyVehicleProperty: solvedValue = {.timestamp = 7447778536219, .areaId = 0, .prop = 557846542, .status = AVAILABLE, .value = {.int32Values = [1]{0}, .floatValues = [0]{}, .int64Values = [0]{}, .bytes = [0]{}, .stringValue = ""}}
12-30 10:41:51.956   398   464 I VehiclePropertyStore: begin to write value to Store: {.timestamp = 7447778536219, .areaId = 0, .prop = 557846542, .status = AVAILABLE, .value = {.int32Values = [1]{0}, .floatValues = [0]{}, .int64Values = [0]{}, .bytes = [0]{}, .stringValue = ""}}
12-30 10:41:51.956   398   464 I DefaultVehicleHal_v2_0: DefaultVehicleHal::onPropertyValue, value:{.timestamp = 7447778536219, .areaId = 0, .prop = 557846542, .status = AVAILABLE, .value = {.int32Values = [1]{0}, .floatValues = [0]{}, .int64Values = [0]{}, .bytes = [0]{}, .stringValue = ""}}
12-30 10:41:51.956   398   464 D DiagPropHandler: is not DiagnosticConfig: 0x2140100e
12-30 10:41:51.957   398   464 I VehiclePropertyStore: begin to write value to Store: {.timestamp = 7447778536219, .areaId = 0, .prop = 557846542, .status = AVAILABLE, .value = {.int32Values = [1]{0}, .floatValues = [0]{}, .int64Values = [0]{}, .bytes = [0]{}, .stringValue = ""}}
12-30 10:41:51.957   398   464 D adayocomadapter-CommunicationManager: onUpstreamReceive mPropertyId 0x2140100e
12-30 10:41:51.957   398   464 D adayocomadapter-CommunicationManager: onUpstreamReceive mPropertyId 0x214021dd
12-30 10:41:51.957   398   464 D adayocomadapter-CommunicationManager: convertBytesToInt32Memcpy  0
12-30 10:41:51.957   398   464 I vw-vhal : notifyVehicleProperty, propId = 0x214021dd, data = {status: 2, int32Values: [0]}
12-30 10:41:51.957   398   464 I vw-vhal : CanSignalsAdapter::notifyVehicleProperty: solvedValue = {.timestamp = 7447779234552, .areaId = 0, .prop = 557851101, .status = AVAILABLE, .value = {.int32Values = [1]{0}, .floatValues = [0]{}, .int64Values = [0]{}, .bytes = [0]{}, .stringValue = ""}}
12-30 10:41:51.957   398   464 I VehiclePropertyStore: begin to write value to Store: {.timestamp = 7447779234552, .areaId = 0, .prop = 557851101, .status = AVAILABLE, .value = {.int32Values = [1]{0}, .floatValues = [0]{}, .int64Values = [0]{}, .bytes = [0]{}, .stringValue = ""}}
12-30 10:41:51.957   398   464 I DefaultVehicleHal_v2_0: DefaultVehicleHal::onPropertyValue, value:{.timestamp = 7447779234552, .areaId = 0, .prop = 557851101, .status = AVAILABLE, .value = {.int32Values = [1]{0}, .floatValues = [0]{}, .int64Values = [0]{}, .bytes = [0]{}, .stringValue = ""}}
12-30 10:41:51.957   398   464 D DiagPropHandler: is not DiagnosticConfig: 0x214021dd
12-30 10:41:51.957   398   464 I VehiclePropertyStore: begin to write value to Store: {.timestamp = 7447779234552, .areaId = 0, .prop = 557851101, .status = AVAILABLE, .value = {.int32Values = [1]{0}, .floatValues = [0]{}, .int64Values = [0]{}, .bytes = [0]{}, .stringValue = ""}}
12-30 10:41:51.957   398   464 D adayocomadapter-CommunicationManager: onUpstreamReceive mPropertyId 0x214021dd
12-30 10:41:51.957   398   464 D adayocomadapter-CommunicationManager: onUpstreamReceive mPropertyId 0x2140103c
12-30 10:41:51.957   398   464 D adayocomadapter-CommunicationManager: convertBytesToInt32Memcpy  0
12-30 10:41:51.957   398   464 I vw-vhal : notifyVehicleProperty, propId = 0x2140103c, data = {status: 2, int32Values: [0]}
12-30 10:41:51.958   398   464 I vw-vhal : CanSignalsAdapter::notifyVehicleProperty: solvedValue = {.timestamp = 7447779877219, .areaId = 0, .prop = 557846588, .status = AVAILABLE, .value = {.int32Values = [1]{0}, .floatValues = [0]{}, .int64Values = [0]{}, .bytes = [0]{}, .stringValue = ""}}
