12-30 10:41:41.969   398   464 D adayocomadapter-ParseProtocolFunc: printRaWMsg Name[IPCLtoVHAL] len[6] data[214021A20000]
12-30 10:41:41.969   398   464 D adayocomadapter-ParseProtocolFunc: printRaWMsg Name[IPCLtoVHAL] len[6] data[214020EA0000]
12-30 10:41:41.969   398   464 D adayocomadapter-CommunicationManager: onUpstreamReceive mPropertyId 0x21402049
12-30 10:41:41.969   359  2784 D evsmanagerd: /dev/video-evs0 forwarded the buffer #1 to 0xb400f125d2b26dd0 from 0xb400f125e2b20710
12-30 10:41:41.969   398   464 D adayocomadapter-CommunicationManager: convertBytesToInt32Memcpy  0
12-30 10:41:41.969   398   464 I vw-vhal : notifyVehicleProperty, propId = 0x21402049, data = {status: 2, int32Values: [0]}
12-30 10:41:41.969   398   464 I vw-vhal : CanSignalsAdapter::notifyVehicleProperty: solvedValue = {.timestamp = 7437791664884, .areaId = 0, .prop = 557850697, .status = AVAILABLE, .value = {.int32Values = [1]{0}, .floatValues = [0]{}, .int64Values = [0]{}, .bytes = [0]{}, .stringValue = ""}}
12-30 10:41:41.969   398   464 I VehiclePropertyStore: begin to write value to Store: {.timestamp = 7437791664884, .areaId = 0, .prop = 557850697, .status = AVAILABLE, .value = {.int32Values = [1]{0}, .floatValues = [0]{}, .int64Values = [0]{}, .bytes = [0]{}, .stringValue = ""}}
12-30 10:41:41.969   398   464 I DefaultVehicleHal_v2_0: DefaultVehicleHal::onPropertyValue, value:{.timestamp = 7437791664884, .areaId = 0, .prop = 557850697, .status = AVAILABLE, .value = {.int32Values = [1]{0}, .floatValues = [0]{}, .int64Values = [0]{}, .bytes = [0]{}, .stringValue = ""}}
12-30 10:41:41.969   398   464 D DiagPropHandler: is not DiagnosticConfig: 0x21402049
12-30 10:41:41.969   398   464 I VehiclePropertyStore: begin to write value to Store: {.timestamp = 7437791664884, .areaId = 0, .prop = 557850697, .status = AVAILABLE, .value = {.int32Values = [1]{0}, .floatValues = [0]{}, .int64Values = [0]{}, .bytes = [0]{}, .stringValue = ""}}
12-30 10:41:41.969   398   464 D adayocomadapter-CommunicationManager: onUpstreamReceive mPropertyId 0x21402049
12-30 10:41:41.969   398   464 D adayocomadapter-CommunicationManager: onUpstreamReceive mPropertyId 0x214021a2
12-30 10:41:41.970   398   464 D adayocomadapter-CommunicationManager: convertBytesToInt32Memcpy  0
12-30 10:41:41.970   398   464 I vw-vhal : notifyVehicleProperty, propId = 0x214021a2, data = {status: 2, int32Values: [0]}
12-30 10:41:41.970   398   464 I vw-vhal : CanSignalsAdapter::notifyVehicleProperty: solvedValue = {.timestamp = 7437791901884, .areaId = 0, .prop = 557851042, .status = AVAILABLE, .value = {.int32Values = [1]{0}, .floatValues = [0]{}, .int64Values = [0]{}, .bytes = [0]{}, .stringValue = ""}}
12-30 10:41:41.970   398   464 I VehiclePropertyStore: begin to write value to Store: {.timestamp = 7437791901884, .areaId = 0, .prop = 557851042, .status = AVAILABLE, .value = {.int32Values = [1]{0}, .floatValues = [0]{}, .int64Values = [0]{}, .bytes = [0]{}, .stringValue = ""}}
12-30 10:41:41.970   398   464 I DefaultVehicleHal_v2_0: DefaultVehicleHal::onPropertyValue, value:{.timestamp = 7437791901884, .areaId = 0, .prop = 557851042, .status = AVAILABLE, .value = {.int32Values = [1]{0}, .floatValues = [0]{}, .int64Values = [0]{}, .bytes = [0]{}, .stringValue = ""}}
12-30 10:41:41.970   398   464 D DiagPropHandler: is not DiagnosticConfig: 0x214021a2
12-30 10:41:41.970   398   464 I VehiclePropertyStore: begin to write value to Store: {.timestamp = 7437791901884, .areaId = 0, .prop = 557851042, .status = AVAILABLE, .value = {.int32Values = [1]{0}, .floatValues = [0]{}, .int64Values = [0]{}, .bytes = [0]{}, .stringValue = ""}}
12-30 10:41:41.970   398   464 D adayocomadapter-CommunicationManager: onUpstreamReceive mPropertyId 0x214021a2
12-30 10:41:41.970   398   464 D adayocomadapter-CommunicationManager: onUpstreamReceive mPropertyId 0x214020ea
12-30 10:41:41.970   398   464 D adayocomadapter-CommunicationManager: convertBytesToInt32Memcpy  0
12-30 10:41:41.970   398   464 I vw-vhal : notifyVehicleProperty, propId = 0x214020ea, data = {status: 2, int32Values: [0]}
12-30 10:41:41.970   398   464 I vw-vhal : CanSignalsAdapter::notifyVehicleProperty: solvedValue = {.timestamp = 7437792148218, .areaId = 0, .prop = 557850858, .status = AVAILABLE, .value = {.int32Values = [1]{0}, .floatValues = [0]{}, .int64Values = [0]{}, .bytes = [0]{}, .stringValue = ""}}
12-30 10:41:41.970   398   464 I VehiclePropertyStore: begin to write value to Store: {.timestamp = 7437792148218, .areaId = 0, .prop = 557850858, .status = AVAILABLE, .value = {.int32Values = [1]{0}, .floatValues = [0]{}, .int64Values = [0]{}, .bytes = [0]{}, .stringValue = ""}}
12-30 10:41:41.970   398   464 I DefaultVehicleHal_v2_0: DefaultVehicleHal::onPropertyValue, value:{.timestamp = 7437792148218, .areaId = 0, .prop = 557850858, .status = AVAILABLE, .value = {.int32Values = [1]{0}, .floatValues = [0]{}, .int64Values = [0]{}, .bytes = [0]{}, .stringValue = ""}}
12-30 10:41:41.970   398   464 D DiagPropHandler: is not DiagnosticConfig: 0x214020ea
12-30 10:41:41.970   398   464 I VehiclePropertyStore: begin to write value to Store: {.timestamp = 7437792148218, .areaId = 0, .prop = 557850858, .status = AVAILABLE, .value = {.int32Values = [1]{0}, .floatValues = [0]{}, .int64Values = [0]{}, .bytes = [0]{}, .stringValue = ""}}
12-30 10:41:41.970   398   464 D adayocomadapter-CommunicationManager: onUpstreamReceive mPropertyId 0x214020ea
12-30 10:41:41.974  1611  1623 W ayo.service.log: Reducing the number of considered missed Gc histogram windows from 740 to 100
12-30 10:41:41.974  2358  2623 D RcfController: Rcf proxy is not connected!
12-30 10:41:41.975  1611  1624 D InputTransport: Input channel destroyed: name='ClientState{3d311d5 mUid=1000 mPid=1611 mSelfReportedDisplayId=0} (server)', fd=94
12-30 10:41:41.975  1611  1624 D InputTransport: Input channel destroyed: name='ClientState{3d311d5 mUid=1000 mPid=1611 mSelfReportedDisplayId=0} (server)', fd=100
12-30 10:41:41.975   360   458 D EvsDriver: doneWithFrame
12-30 10:41:41.976  1611  1624 D InputTransport: Input channel destroyed: name='ClientState{3d311d5 mUid=1000 mPid=1611 mSelfReportedDisplayId=0} (server)', fd=101
12-30 10:41:41.976  1611  1624 D InputTransport: Input channel destroyed: name='ClientState{3d311d5 mUid=1000 mPid=1611 mSelfReportedDisplayId=0} (server)', fd=102
12-30 10:41:41.976  1611  1624 D InputTransport: Input channel destroyed: name='ClientState{3d311d5 mUid=1000 mPid=1611 mSelfReportedDisplayId=0} (server)', fd=88
12-30 10:41:41.976  1611  1624 D InputTransport: Input channel destroyed: name='ClientState{3d311d5 mUid=1000 mPid=1611 mSelfReportedDisplayId=0} (server)', fd=111
12-30 10:41:41.976  1611  1624 D InputTransport: Input channel destroyed: name='ClientState{3d311d5 mUid=1000 mPid=1611 mSelfReportedDisplayId=0} (server)', fd=119
12-30 10:41:41.976  1611  1624 D InputTransport: Input channel destroyed: name='ClientState{3d311d5 mUid=1000 mPid=1611 mSelfReportedDisplayId=0} (server)', fd=125
12-30 10:41:41.977  1611  1624 D InputTransport: Input channel destroyed: name='ClientState{3d311d5 mUid=1000 mPid=1611 mSelfReportedDisplayId=0} (server)', fd=110
12-30 10:41:41.977  1611  1624 D InputTransport: Input channel destroyed: name='ClientState{3d311d5 mUid=1000 mPid=1611 mSelfReportedDisplayId=0} (server)', fd=98
12-30 10:41:41.977  1611  1624 D InputTransport: Input channel destroyed: name='ClientState{3d311d5 mUid=1000 mPid=1611 mSelfReportedDisplayId=0} (server)', fd=90
12-30 10:41:41.977  1611  1624 D InputTransport: Input channel destroyed: name='ClientState{3d311d5 mUid=1000 mPid=1611 mSelfReportedDisplayId=0} (server)', fd=107
12-30 10:41:41.977  1611  1624 D InputTransport: Input channel destroyed: name='ClientState{3d311d5 mUid=1000 mPid=1611 mSelfReportedDisplayId=0} (server)', fd=105
12-30 10:41:41.977  1611  1624 D InputTransport: Input channel destroyed: name='ClientState{3d311d5 mUid=1000 mPid=1611 mSelfReportedDisplayId=0} (server)', fd=116
12-30 10:41:41.977  1611  1624 D InputTransport: Input channel destroyed: name='ClientState{3d311d5 mUid=1000 mPid=1611 mSelfReportedDisplayId=0} (server)', fd=137
12-30 10:41:41.977  1611  1624 D InputTransport: Input channel destroyed: name='ClientState{3d311d5 mUid=1000 mPid=1611 mSelfReportedDisplayId=0} (server)', fd=108
12-30 10:41:41.984   596  3076 E WifiHAL : Invalid data received from driver
12-30 10:41:42.000  1667  2407 I media_message_log->MediaMessageProxy: (SourceFile:1)b connectToService action bind
12-30 10:41:42.001   916  3726 W ActivityManager: Unable to start service Intent { cmp=com.adayo.server.mediamessagetransfer/.MediaMessTransferService (has extras) } U=0: not found
12-30 10:41:42.002  1667  2407 E media_message_log->MediaMessageProxy: (SourceFile:7)a bindServiceAsUser isBound = false
12-30 10:41:42.002   360   931 D EvsDriver: forwardFrame
12-30 10:41:42.002   360   931 D EvsDriver: forwardFrameDirect
12-30 10:41:42.002   360   931 D EvsDriver: Delivered 0xb400e2ca9e40e270 as id 0
12-30 10:41:42.002   359  2784 D evsmanagerd: /dev/video-evs0 forwarded the buffer #0 to 0xb400f125d2b26dd0 from 0xb400f125e2b20710
12-30 10:41:42.006   360   458 D EvsDriver: doneWithFrame
12-30 10:41:42.024  2358  2623 D RcfController: Rcf proxy is not connected!
12-30 10:41:42.031   596  3076 E WifiHAL : Invalid data received from driver
12-30 10:41:42.035   360   931 D EvsDriver: forwardFrame
12-30 10:41:42.036   360   931 D EvsDriver: forwardFrameDirect
12-30 10:41:42.036   360   931 D EvsDriver: Delivered 0xb400e2ca9e40d4b0 as id 1
12-30 10:41:42.036   359  2784 D evsmanagerd: /dev/video-evs0 forwarded the buffer #1 to 0xb400f125d2b26dd0 from 0xb400f125e2b20710
12-30 10:41:42.037 29600 29600 I ADAYO_LOG_TRACE_LOGCAT: execute start
12-30 10:41:42.046   360   458 D EvsDriver: doneWithFrame
12-30 10:41:42.068   650   729 D fgemcucomm: sd Uart data : 6AA602E8300002920250
12-30 10:41:42.069   650   729 D fgemcucomm: rev uart=61482,len=20, data : 6AA681E830000C920200050000000000000000C2
12-30 10:41:42.069   360   931 D EvsDriver: forwardFrame
12-30 10:41:42.069   398  2883 D adayocomadapter-ParseProtocolFunc: printRaWMsg Name[MCUToUPstream recv] len[12] data[920200050000000000000000]
12-30 10:41:42.069   360   931 D EvsDriver: forwardFrameDirect
12-30 10:41:42.069   398  2883 D adayocomadapter-CommunicationManager: onUpstreamback   member[0] dataLength[9] timePoint[7437891]
12-30 10:41:42.069   398  2883 D adayocomadapter-ParseProtocolFunc: printRaWMsg Name[onUpstreamback] len[9] data[050000000000000000]
12-30 10:41:42.069   398   464 D adayocomadapter-UpstreamHandler: processBeforePacket upSreamtProcessTimePoint[7437891] 
12-30 10:41:42.069   398   464 D adayocomadapter-UpstreamHandler: processPacket UPSTREAM_QUEUE_DATA_TIMEOUT
12-30 10:41:42.069   398   464 D adayocomadapter-ParseProtocolFunc: parseCommonIPCLBytes Processing tableNumber[5]
12-30 10:41:42.069   398   464 D adayocomadapter-ParseProtocolFunc: parseCommonIPCLBytes Processing tablename[Table-5] tableSize[9]
12-30 10:41:42.069   360   931 D EvsDriver: Delivered 0xb400e2ca9e40c2d0 as id 0
12-30 10:41:42.069   398   464 D adayocomadapter-ParseProtocolFunc: printRaWMsg Name[byteStream recv] len[9] data[050000000000000000]
12-30 10:41:42.069   398   464 D adayocomadapter-ParseProtocolFunc: printRaWMsg Name[IPCLtoVHAL] len[7] data[21402134000000]
12-30 10:41:42.069   398   464 D adayocomadapter-ParseProtocolFunc: printRaWMsg Name[IPCLtoVHAL] len[7] data[21402135000000]
12-30 10:41:42.069   398   464 D adayocomadapter-ParseProtocolFunc: printRaWMsg Name[IPCLtoVHAL] len[7] data[21402136000000]
12-30 10:41:42.069   398   464 D adayocomadapter-ParseProtocolFunc: printRaWMsg Name[IPCLtoVHAL] len[7] data[21402137000000]
12-30 10:41:42.069   398   464 D adayocomadapter-CommunicationManager: onUpstreamReceive mPropertyId 0x21402134
12-30 10:41:42.069   359  2784 D evsmanagerd: /dev/video-evs0 forwarded the buffer #0 to 0xb400f125d2b26dd0 from 0xb400f125e2b20710
12-30 10:41:42.069   398   464 D adayocomadapter-CommunicationManager: convertBytesToInt32Memcpy  0
12-30 10:41:42.069   398   464 I vw-vhal : notifyVehicleProperty, propId = 0x21402134, data = {status: 2, int32Values: [0]}
12-30 10:41:42.069   398   464 I vw-vhal : CanSignalsAdapter::notifyVehicleProperty: solvedValue = {.timestamp = 7437891548884, .areaId = 0, .prop = 557850932, .status = AVAILABLE, .value = {.int32Values = [1]{0}, .floatValues = [0]{}, .int64Values = [0]{}, .bytes = [0]{}, .stringValue = ""}}
12-30 10:41:42.069   398   464 I VehiclePropertyStore: begin to write value to Store: {.timestamp = 7437891548884, .areaId = 0, .prop = 557850932, .status = AVAILABLE, .value = {.int32Values = [1]{0}, .floatValues = [0]{}, .int64Values = [0]{}, .bytes = [0]{}, .stringValue = ""}}
12-30 10:41:42.069   398   464 I DefaultVehicleHal_v2_0: DefaultVehicleHal::onPropertyValue, value:{.timestamp = 7437891548884, .areaId = 0, .prop = 557850932, .status = AVAILABLE, .value = {.int32Values = [1]{0}, .floatValues = [0]{}, .int64Values = [0]{}, .bytes = [0]{}, .stringValue = ""}}
12-30 10:41:42.069   398   464 D DiagPropHandler: is not DiagnosticConfig: 0x21402134
12-30 10:41:42.069   398   464 I VehiclePropertyStore: begin to write value to Store: {.timestamp = 7437891548884, .areaId = 0, .prop = 557850932, .status = AVAILABLE, .value = {.int32Values = [1]{0}, .floatValues = [0]{}, .int64Values = [0]{}, .bytes = [0]{}, .stringValue = ""}}
12-30 10:41:42.069   398   464 D adayocomadapter-CommunicationManager: onUpstreamReceive mPropertyId 0x21402134
12-30 10:41:42.069   398   464 D adayocomadapter-CommunicationManager: onUpstreamReceive mPropertyId 0x21402135
12-30 10:41:42.069   398   464 D adayocomadapter-CommunicationManager: convertBytesToInt32Memcpy  0
12-30 10:41:42.069   398   464 I vw-vhal : notifyVehicleProperty, propId = 0x21402135, data = {status: 2, int32Values: [0]}
12-30 10:41:42.069   398   464 I vw-vhal : CanSignalsAdapter::notifyVehicleProperty: solvedValue = {.timestamp = 7437891785218, .areaId = 0, .prop = 557850933, .status = AVAILABLE, .value = {.int32Values = [1]{0}, .floatValues = [0]{}, .int64Values = [0]{}, .bytes = [0]{}, .stringValue = ""}}
12-30 10:41:42.069   398   464 I VehiclePropertyStore: begin to write value to Store: {.timestamp = 7437891785218, .areaId = 0, .prop = 557850933, .status = AVAILABLE, .value = {.int32Values = [1]{0}, .floatValues = [0]{}, .int64Values = [0]{}, .bytes = [0]{}, .stringValue = ""}}
12-30 10:41:42.070   398   464 I DefaultVehicleHal_v2_0: DefaultVehicleHal::onPropertyValue, value:{.timestamp = 7437891785218, .areaId = 0, .prop = 557850933, .status = AVAILABLE, .value = {.int32Values = [1]{0}, .floatValues = [0]{}, .int64Values = [0]{}, .bytes = [0]{}, .stringValue = ""}}
12-30 10:41:42.070   398   464 D DiagPropHandler: is not DiagnosticConfig: 0x21402135
12-30 10:41:42.070   398   464 I VehiclePropertyStore: begin to write value to Store: {.timestamp = 7437891785218, .areaId = 0, .prop = 557850933, .status = AVAILABLE, .value = {.int32Values = [1]{0}, .floatValues = [0]{}, .int64Values = [0]{}, .bytes = [0]{}, .stringValue = ""}}
12-30 10:41:42.070   398   464 D adayocomadapter-CommunicationManager: onUpstreamReceive mPropertyId 0x21402135
12-30 10:41:42.070   398   464 D adayocomadapter-CommunicationManager: onUpstreamReceive mPropertyId 0x21402136
12-30 10:41:42.070   398   464 D adayocomadapter-CommunicationManager: convertBytesToInt32Memcpy  0
12-30 10:41:42.070   398   464 I vw-vhal : notifyVehicleProperty, propId = 0x21402136, data = {status: 2, int32Values: [0]}
12-30 10:41:42.070   398   464 I vw-vhal : CanSignalsAdapter::notifyVehicleProperty: solvedValue = {.timestamp = 7437891986551, .areaId = 0, .prop = 557850934, .status = AVAILABLE, .value = {.int32Values = [1]{0}, .floatValues = [0]{}, .int64Values = [0]{}, .bytes = [0]{}, .stringValue = ""}}
12-30 10:41:42.070   398   464 I VehiclePropertyStore: begin to write value to Store: {.timestamp = 7437891986551, .areaId = 0, .prop = 557850934, .status = AVAILABLE, .value = {.int32Values = [1]{0}, .floatValues = [0]{}, .int64Values = [0]{}, .bytes = [0]{}, .stringValue = ""}}
12-30 10:41:42.070   398   464 I DefaultVehicleHal_v2_0: DefaultVehicleHal::onPropertyValue, value:{.timestamp = 7437891986551, .areaId = 0, .prop = 557850934, .status = AVAILABLE, .value = {.int32Values = [1]{0}, .floatValues = [0]{}, .int64Values = [0]{}, .bytes = [0]{}, .stringValue = ""}}
12-30 10:41:42.070   398   464 D DiagPropHandler: is not DiagnosticConfig: 0x21402136
12-30 10:41:42.070   398   464 I VehiclePropertyStore: begin to write value to Store: {.timestamp = 7437891986551, .areaId = 0, .prop = 557850934, .status = AVAILABLE, .value = {.int32Values = [1]{0}, .floatValues = [0]{}, .int64Values = [0]{}, .bytes = [0]{}, .stringValue = ""}}
12-30 10:41:42.070   398   464 D adayocomadapter-CommunicationManager: onUpstreamReceive mPropertyId 0x21402136
12-30 10:41:42.070   398   464 D adayocomadapter-CommunicationManager: onUpstreamReceive mPropertyId 0x21402137
12-30 10:41:42.070   398   464 D adayocomadapter-CommunicationManager: convertBytesToInt32Memcpy  0
12-30 10:41:42.070   398   464 I vw-vhal : notifyVehicleProperty, propId = 0x21402137, data = {status: 2, int32Values: [0]}
12-30 10:41:42.070   398   464 I vw-vhal : CanSignalsAdapter::notifyVehicleProperty: solvedValue = {.timestamp = 7437892210551, .areaId = 0, .prop = 557850935, .status = AVAILABLE, .value = {.int32Values = [1]{0}, .floatValues = [0]{}, .int64Values = [0]{}, .bytes = [0]{}, .stringValue = ""}}
12-30 10:41:42.070   398   464 I VehiclePropertyStore: begin to write value to Store: {.timestamp = 7437892210551, .areaId = 0, .prop = 557850935, .status = AVAILABLE, .value = {.int32Values = [1]{0}, .floatValues = [0]{}, .int64Values = [0]{}, .bytes = [0]{}, .stringValue = ""}}
12-30 10:41:42.070   398   464 I DefaultVehicleHal_v2_0: DefaultVehicleHal::onPropertyValue, value:{.timestamp = 7437892210551, .areaId = 0, .prop = 557850935, .status = AVAILABLE, .value = {.int32Values = [1]{0}, .floatValues = [0]{}, .int64Values = [0]{}, .bytes = [0]{}, .stringValue = ""}}
12-30 10:41:42.070   398   464 D DiagPropHandler: is not DiagnosticConfig: 0x21402137
12-30 10:41:42.070   398   464 I VehiclePropertyStore: begin to write value to Store: {.timestamp = 7437892210551, .areaId = 0, .prop = 557850935, .status = AVAILABLE, .value = {.int32Values = [1]{0}, .floatValues = [0]{}, .int64Values = [0]{}, .bytes = [0]{}, .stringValue = ""}}
12-30 10:41:42.070   398   464 D adayocomadapter-CommunicationManager: onUpstreamReceive mPropertyId 0x21402137
12-30 10:41:42.074  2358  2623 D RcfController: Rcf proxy is not connected!
12-30 10:41:42.077   596  3076 E WifiHAL : Invalid data received from driver
12-30 10:41:42.077   596  3076 E WifiHAL : Invalid data received from driver
12-30 10:41:42.077   596  3076 E WifiHAL : Invalid data received from driver
12-30 10:41:42.077   596  3076 E WifiHAL : Invalid data received from driver
12-30 10:41:42.077   596  3076 E WifiHAL : Invalid data received from driver
12-30 10:41:42.077   596  3076 E WifiHAL : Invalid data received from driver
12-30 10:41:42.077   360   458 D EvsDriver: doneWithFrame
12-30 10:41:42.077   596  3076 E WifiHAL : Invalid data received from driver
12-30 10:41:42.077 29602 29602 I ADAYO_LOG_TRACE_LOGCAT: executing
12-30 10:41:42.100   596  3076 E WifiHAL : Invalid data received from driver
12-30 10:41:42.102   360   931 D EvsDriver: forwardFrame
12-30 10:41:42.102   360   931 D EvsDriver: forwardFrameDirect
12-30 10:41:42.102   360   931 D EvsDriver: Delivered 0xb400e2ca9e40d090 as id 1
12-30 10:41:42.102   359  2784 D evsmanagerd: /dev/video-evs0 forwarded the buffer #1 to 0xb400f125d2b26dd0 from 0xb400f125e2b20710
12-30 10:41:42.107   360   458 D EvsDriver: doneWithFrame
12-30 10:41:42.117 29604 29604 I ADAYO_LOG_TRACE_LOGCAT: collect_dest_path:/mnt/sdcard/AndroidLog/logcat
12-30 10:41:42.125  2358  2623 D RcfController: Rcf proxy is not connected!
12-30 10:41:42.135   360   931 D EvsDriver: forwardFrame
12-30 10:41:42.136   360   931 D EvsDriver: forwardFrameDirect
12-30 10:41:42.136   360   931 D EvsDriver: Delivered 0xb400e2ca9e40e110 as id 0
12-30 10:41:42.136   359  2784 D evsmanagerd: /dev/video-evs0 forwarded the buffer #0 to 0xb400f125d2b26dd0 from 0xb400f125e2b20710
12-30 10:41:42.137   360   458 D EvsDriver: doneWithFrame
12-30 10:41:42.169   360   931 D EvsDriver: forwardFrame
12-30 10:41:42.169   360   931 D EvsDriver: forwardFrameDirect
12-30 10:41:42.169   360   931 D EvsDriver: Delivered 0xb400e2ca9e40c7a0 as id 1
12-30 10:41:42.169   359  2784 D evsmanagerd: /dev/video-evs0 forwarded the buffer #1 to 0xb400f125d2b26dd0 from 0xb400f125e2b20710
12-30 10:41:42.175  2358  2623 D RcfController: Rcf proxy is not connected!
12-30 10:41:42.178   360   458 D EvsDriver: doneWithFrame
12-30 10:41:42.183   596  3076 E WifiHAL : Invalid data received from driver
12-30 10:41:42.197   665  1525 I gps_hdbd: [gps_upgrade_thread 3403]Enter
12-30 10:41:42.197   665  1525 I gps_hdbd: [gps_upgrade_thread 3432] sys.gps.update:0 ,file:not ,upgrate_ing:0
12-30 10:41:42.202   360   931 D EvsDriver: forwardFrame
12-30 10:41:42.202   360   931 D EvsDriver: forwardFrameDirect
12-30 10:41:42.202   360   931 D EvsDriver: Delivered 0xb400e2ca9e40e270 as id 0
12-30 10:41:42.202   359  2784 D evsmanagerd: /dev/video-evs0 forwarded the buffer #0 to 0xb400f125d2b26dd0 from 0xb400f125e2b20710
12-30 10:41:42.205 29608 29608 I ADAYO_LOG_TRACE_LOGCAT: file_path:/mnt/sdcard/AndroidLog/logcat/logcat_2025_12_30_10_41_41_720-8.txt
12-30 10:41:42.208   360   458 D EvsDriver: doneWithFrame
12-30 10:41:42.215   650   729 D fgemcucomm: sd Uart data : 6AA602E83100028B3028
12-30 10:41:42.215   650   729 D fgemcucomm: rev uart=61483,len=92, data : 6AA681E83100548B30B01E0A2929A55A880000010001010E000000000000000000000000000000000000000023C204C30428808080808080808031040AFF0A0D0D09000900BBBBBBBBBBBBBBBBBB000000000000000000004F020560
12-30 10:41:42.225  2358  2623 D RcfController: Rcf proxy is not connected!
12-30 10:41:42.235   360   931 D EvsDriver: forwardFrame
12-30 10:41:42.236   360   931 D EvsDriver: forwardFrameDirect
12-30 10:41:42.236   360   931 D EvsDriver: Delivered 0xb400e2ca9e40d4b0 as id 1
12-30 10:41:42.236   359  2784 D evsmanagerd: /dev/video-evs0 forwarded the buffer #1 to 0xb400f125d2b26dd0 from 0xb400f125e2b20710
12-30 10:41:42.238   360   458 D EvsDriver: doneWithFrame
12-30 10:41:42.249   596  3076 E WifiHAL : Invalid data received from driver
12-30 10:41:42.253 29611 29611 I ADAYO_LOG_TRACE_LOGCAT: folder_size:
12-30 10:41:42.269   650   729 D fgemcucomm: sd Uart data : 6AA602E832000292024E
12-30 10:41:42.269   360   931 D EvsDriver: forwardFrame
12-30 10:41:42.269   360   931 D EvsDriver: forwardFrameDirect
12-30 10:41:42.269   650   729 D fgemcucomm: rev uart=61484,len=23, data : 6AA681E832000F920200150000000000000000000000AD
12-30 10:41:42.269   360   931 D EvsDriver: Delivered 0xb400e2ca9e40c2d0 as id 0
12-30 10:41:42.269   398  2883 D adayocomadapter-ParseProtocolFunc: printRaWMsg Name[MCUToUPstream recv] len[15] data[920200150000000000000000000000]
12-30 10:41:42.269   398  2883 D adayocomadapter-CommunicationManager: onUpstreamback   member[0] dataLength[12] timePoint[7438091]
12-30 10:41:42.269   398  2883 D adayocomadapter-ParseProtocolFunc: printRaWMsg Name[onUpstreamback] len[12] data[150000000000000000000000]
12-30 10:41:42.269   398   464 D adayocomadapter-UpstreamHandler: processBeforePacket upSreamtProcessTimePoint[7438091] 
12-30 10:41:42.269   398   464 D adayocomadapter-UpstreamHandler: processPacket UPSTREAM_QUEUE_DATA_TIMEOUT
12-30 10:41:42.269   398   464 D adayocomadapter-ParseProtocolFunc: parseCommonIPCLBytes Processing tableNumber[21]
12-30 10:41:42.269   398   464 D adayocomadapter-ParseProtocolFunc: parseCommonIPCLBytes Processing tablename[Table-21] tableSize[12]
12-30 10:41:42.269   398   464 D adayocomadapter-ParseProtocolFunc: printRaWMsg Name[byteStream recv] len[12] data[150000000000000000000000]
12-30 10:41:42.269   398   464 D adayocomadapter-ParseProtocolFunc: printRaWMsg Name[IPCLtoVHAL] len[6] data[2140208B0000]
12-30 10:41:42.269   398   464 D adayocomadapter-ParseProtocolFunc: printRaWMsg Name[IPCLtoVHAL] len[6] data[214021930000]
12-30 10:41:42.269   398   464 D adayocomadapter-ParseProtocolFunc: printRaWMsg Name[IPCLtoVHAL] len[6] data[2140208C0000]
12-30 10:41:42.269   398   464 D adayocomadapter-ParseProtocolFunc: printRaWMsg Name[IPCLtoVHAL] len[6] data[214021940000]
12-30 10:41:42.269   398   464 D adayocomadapter-ParseProtocolFunc: printRaWMsg Name[IPCLtoVHAL] len[6] data[2140208D0000]
12-30 10:41:42.269   359  2784 D evsmanagerd: /dev/video-evs0 forwarded the buffer #0 to 0xb400f125d2b26dd0 from 0xb400f125e2b20710
12-30 10:41:42.269   398   464 D adayocomadapter-ParseProtocolFunc: printRaWMsg Name[IPCLtoVHAL] len[6] data[214021950000]
12-30 10:41:42.269   398   464 D adayocomadapter-ParseProtocolFunc: printRaWMsg Name[IPCLtoVHAL] len[6] data[214021920000]
12-30 10:41:42.269   398   464 D adayocomadapter-ParseProtocolFunc: printRaWMsg Name[IPCLtoVHAL] len[6] data[2140208A0000]
12-30 10:41:42.269   398   464 D adayocomadapter-ParseProtocolFunc: printRaWMsg Name[IPCLtoVHAL] len[6] data[214021960000]
12-30 10:41:42.269   398   464 D adayocomadapter-ParseProtocolFunc: printRaWMsg Name[IPCLtoVHAL] len[6] data[214021970000]
12-30 10:41:42.269   398   464 D adayocomadapter-ParseProtocolFunc: printRaWMsg Name[IPCLtoVHAL] len[6] data[214021990000]
12-30 10:41:42.269   398   464 D adayocomadapter-CommunicationManager: onUpstreamReceive mPropertyId 0x2140208b
12-30 10:41:42.270   398   464 D adayocomadapter-CommunicationManager: convertBytesToInt32Memcpy  0
12-30 10:41:42.270   398   464 I vw-vhal : notifyVehicleProperty, propId = 0x2140208b, data = {status: 2, int32Values: [0]}
12-30 10:41:42.270   398   464 I vw-vhal : CanSignalsAdapter::notifyVehicleProperty: solvedValue = {.timestamp = 7438091940551, .areaId = 0, .prop = 557850763, .status = AVAILABLE, .value = {.int32Values = [1]{0}, .floatValues = [0]{}, .int64Values = [0]{}, .bytes = [0]{}, .stringValue = ""}}
12-30 10:41:42.270   398   464 I VehiclePropertyStore: begin to write value to Store: {.timestamp = 7438091940551, .areaId = 0, .prop = 557850763, .status = AVAILABLE, .value = {.int32Values = [1]{0}, .floatValues = [0]{}, .int64Values = [0]{}, .bytes = [0]{}, .stringValue = ""}}
12-30 10:41:42.270   398   464 I DefaultVehicleHal_v2_0: DefaultVehicleHal::onPropertyValue, value:{.timestamp = 7438091940551, .areaId = 0, .prop = 557850763, .status = AVAILABLE, .value = {.int32Values = [1]{0}, .floatValues = [0]{}, .int64Values = [0]{}, .bytes = [0]{}, .stringValue = ""}}
12-30 10:41:42.270   398   464 D DiagPropHandler: is not DiagnosticConfig: 0x2140208b
12-30 10:41:42.270   398   464 I VehiclePropertyStore: begin to write value to Store: {.timestamp = 7438091940551, .areaId = 0, .prop = 557850763, .status = AVAILABLE, .value = {.int32Values = [1]{0}, .floatValues = [0]{}, .int64Values = [0]{}, .bytes = [0]{}, .stringValue = ""}}
12-30 10:41:42.270   398   464 D adayocomadapter-CommunicationManager: onUpstreamReceive mPropertyId 0x2140208b
12-30 10:41:42.270   398   464 D adayocomadapter-CommunicationManager: onUpstreamReceive mPropertyId 0x21402193
12-30 10:41:42.270   398   464 D adayocomadapter-CommunicationManager: convertBytesToInt32Memcpy  0
12-30 10:41:42.270   398   464 I vw-vhal : notifyVehicleProperty, propId = 0x21402193, data = {status: 2, int32Values: [0]}
12-30 10:41:42.270   398   464 I vw-vhal : CanSignalsAdapter::notifyVehicleProperty: solvedValue = {.timestamp = 7438092333218, .areaId = 0, .prop = 557851027, .status = AVAILABLE, .value = {.int32Values = [1]{0}, .floatValues = [0]{}, .int64Values = [0]{}, .bytes = [0]{}, .stringValue = ""}}
12-30 10:41:42.270   398   464 I VehiclePropertyStore: begin to write value to Store: {.timestamp = 7438092333218, .areaId = 0, .prop = 557851027, .status = AVAILABLE, .value = {.int32Values = [1]{0}, .floatValues = [0]{}, .int64Values = [0]{}, .bytes = [0]{}, .stringValue = ""}}
12-30 10:41:42.270   398   464 I DefaultVehicleHal_v2_0: DefaultVehicleHal::onPropertyValue, value:{.timestamp = 7438092333218, .areaId = 0, .prop = 557851027, .status = AVAILABLE, .value = {.int32Values = [1]{0}, .floatValues = [0]{}, .int64Values = [0]{}, .bytes = [0]{}, .stringValue = ""}}
12-30 10:41:42.270   398   464 D DiagPropHandler: is not DiagnosticConfig: 0x21402193
12-30 10:41:42.270   398   464 I VehiclePropertyStore: begin to write value to Store: {.timestamp = 7438092333218, .areaId = 0, .prop = 557851027, .status = AVAILABLE, .value = {.int32Values = [1]{0}, .floatValues = [0]{}, .int64Values = [0]{}, .bytes = [0]{}, .stringValue = ""}}
12-30 10:41:42.270   398   464 D adayocomadapter-CommunicationManager: onUpstreamReceive mPropertyId 0x21402193
12-30 10:41:42.270   398   464 D adayocomadapter-CommunicationManager: onUpstreamReceive mPropertyId 0x2140208c
12-30 10:41:42.270   398   464 D adayocomadapter-CommunicationManager: convertBytesToInt32Memcpy  0
12-30 10:41:42.270   398   464 I vw-vhal : notifyVehicleProperty, propId = 0x2140208c, data = {status: 2, int32Values: [0]}
12-30 10:41:42.270   398   464 I vw-vhal : CanSignalsAdapter::notifyVehicleProperty: solvedValue = {.timestamp = 7438092544218, .areaId = 0, .prop = 557850764, .status = AVAILABLE, .value = {.int32Values = [1]{0}, .floatValues = [0]{}, .int64Values = [0]{}, .bytes = [0]{}, .stringValue = ""}}
12-30 10:41:42.270   398   464 I VehiclePropertyStore: begin to write value to Store: {.timestamp = 7438092544218, .areaId = 0, .prop = 557850764, .status = AVAILABLE, .value = {.int32Values = [1]{0}, .floatValues = [0]{}, .int64Values = [0]{}, .bytes = [0]{}, .stringValue = ""}}
12-30 10:41:42.270   398   464 I DefaultVehicleHal_v2_0: DefaultVehicleHal::onPropertyValue, value:{.timestamp = 7438092544218, .areaId = 0, .prop = 557850764, .status = AVAILABLE, .value = {.int32Values = [1]{0}, .floatValues = [0]{}, .int64Values = [0]{}, .bytes = [0]{}, .stringValue = ""}}
12-30 10:41:42.270   398   464 D DiagPropHandler: is not DiagnosticConfig: 0x2140208c
12-30 10:41:42.270   398   464 I VehiclePropertyStore: begin to write value to Store: {.timestamp = 7438092544218, .areaId = 0, .prop = 557850764, .status = AVAILABLE, .value = {.int32Values = [1]{0}, .floatValues = [0]{}, .int64Values = [0]{}, .bytes = [0]{}, .stringValue = ""}}
12-30 10:41:42.270   398   464 D adayocomadapter-CommunicationManager: onUpstreamReceive mPropertyId 0x2140208c
12-30 10:41:42.270   398   464 D adayocomadapter-CommunicationManager: onUpstreamReceive mPropertyId 0x21402194
12-30 10:41:42.270   398   464 D adayocomadapter-CommunicationManager: convertBytesToInt32Memcpy  0
12-30 10:41:42.270   398   464 I vw-vhal : notifyVehicleProperty, propId = 0x21402194, data = {status: 2, int32Values: [0]}
12-30 10:41:42.270   398   464 I vw-vhal : CanSignalsAdapter::notifyVehicleProperty: solvedValue = {.timestamp = 7438092746218, .areaId = 0, .prop = 557851028, .status = AVAILABLE, .value = {.int32Values = [1]{0}, .floatValues = [0]{}, .int64Values = [0]{}, .bytes = [0]{}, .stringValue = ""}}
12-30 10:41:42.270   398   464 I VehiclePropertyStore: begin to write value to Store: {.timestamp = 7438092746218, .areaId = 0, .prop = 557851028, .status = AVAILABLE, .value = {.int32Values = [1]{0}, .floatValues = [0]{}, .int64Values = [0]{}, .bytes = [0]{}, .stringValue = ""}}
12-30 10:41:42.270   398   464 I DefaultVehicleHal_v2_0: DefaultVehicleHal::onPropertyValue, value:{.timestamp = 7438092746218, .areaId = 0, .prop = 557851028, .status = AVAILABLE, .value = {.int32Values = [1]{0}, .floatValues = [0]{}, .int64Values = [0]{}, .bytes = [0]{}, .stringValue = ""}}
12-30 10:41:42.270   398   464 D DiagPropHandler: is not DiagnosticConfig: 0x21402194
12-30 10:41:42.271   398   464 I VehiclePropertyStore: begin to write value to Store: {.timestamp = 7438092746218, .areaId = 0, .prop = 557851028, .status = AVAILABLE, .value = {.int32Values = [1]{0}, .floatValues = [0]{}, .int64Values = [0]{}, .bytes = [0]{}, .stringValue = ""}}
12-30 10:41:42.271   398   464 D adayocomadapter-CommunicationManager: onUpstreamReceive mPropertyId 0x21402194
12-30 10:41:42.271   398   464 D adayocomadapter-CommunicationManager: onUpstreamReceive mPropertyId 0x2140208d
12-30 10:41:42.271   398   464 D adayocomadapter-CommunicationManager: convertBytesToInt32Memcpy  0
12-30 10:41:42.271   398   464 I vw-vhal : notifyVehicleProperty, propId = 0x2140208d, data = {status: 2, int32Values: [0]}
12-30 10:41:42.271   398   464 I vw-vhal : CanSignalsAdapter::notifyVehicleProperty: solvedValue = {.timestamp = 7438092939551, .areaId = 0, .prop = 557850765, .status = AVAILABLE, .value = {.int32Values = [1]{0}, .floatValues = [0]{}, .int64Values = [0]{}, .bytes = [0]{}, .stringValue = ""}}
12-30 10:41:42.271   398   464 I VehiclePropertyStore: begin to write value to Store: {.timestamp = 7438092939551, .areaId = 0, .prop = 557850765, .status = AVAILABLE, .value = {.int32Values = [1]{0}, .floatValues = [0]{}, .int64Values = [0]{}, .bytes = [0]{}, .stringValue = ""}}
12-30 10:41:42.271   398   464 I DefaultVehicleHal_v2_0: DefaultVehicleHal::onPropertyValue, value:{.timestamp = 7438092939551, .areaId = 0, .prop = 557850765, .status = AVAILABLE, .value = {.int32Values = [1]{0}, .floatValues = [0]{}, .int64Values = [0]{}, .bytes = [0]{}, .stringValue = ""}}
12-30 10:41:42.271   398   464 D DiagPropHandler: is not DiagnosticConfig: 0x2140208d
12-30 10:41:42.271   398   464 I VehiclePropertyStore: begin to write value to Store: {.timestamp = 7438092939551, .areaId = 0, .prop = 557850765, .status = AVAILABLE, .value = {.int32Values = [1]{0}, .floatValues = [0]{}, .int64Values = [0]{}, .bytes = [0]{}, .stringValue = ""}}
12-30 10:41:42.271   398   464 D adayocomadapter-CommunicationManager: onUpstreamReceive mPropertyId 0x2140208d
12-30 10:41:42.271   398   464 D adayocomadapter-CommunicationManager: onUpstreamReceive mPropertyId 0x21402195
12-30 10:41:42.271   398   464 D adayocomadapter-CommunicationManager: convertBytesToInt32Memcpy  0
12-30 10:41:42.271   398   464 I vw-vhal : notifyVehicleProperty, propId = 0x21402195, data = {status: 2, int32Values: [0]}
12-30 10:41:42.271   398   464 I vw-vhal : CanSignalsAdapter::notifyVehicleProperty: solvedValue = {.timestamp = 7438093139551, .areaId = 0, .prop = 557851029, .status = AVAILABLE, .value = {.int32Values = [1]{0}, .floatValues = [0]{}, .int64Values = [0]{}, .bytes = [0]{}, .stringValue = ""}}
12-30 10:41:42.271   398   464 I VehiclePropertyStore: begin to write value to Store: {.timestamp = 7438093139551, .areaId = 0, .prop = 557851029, .status = AVAILABLE, .value = {.int32Values = [1]{0}, .floatValues = [0]{}, .int64Values = [0]{}, .bytes = [0]{}, .stringValue = ""}}
12-30 10:41:42.271   398   464 I DefaultVehicleHal_v2_0: DefaultVehicleHal::onPropertyValue, value:{.timestamp = 7438093139551, .areaId = 0, .prop = 557851029, .status = AVAILABLE, .value = {.int32Values = [1]{0}, .floatValues = [0]{}, .int64Values = [0]{}, .bytes = [0]{}, .stringValue = ""}}
12-30 10:41:42.271   398   464 D DiagPropHandler: is not DiagnosticConfig: 0x21402195
12-30 10:41:42.271   398   464 I VehiclePropertyStore: begin to write value to Store: {.timestamp = 7438093139551, .areaId = 0, .prop = 557851029, .status = AVAILABLE, .value = {.int32Values = [1]{0}, .floatValues = [0]{}, .int64Values = [0]{}, .bytes = [0]{}, .stringValue = ""}}
12-30 10:41:42.271   398   464 D adayocomadapter-CommunicationManager: onUpstreamReceive mPropertyId 0x21402195
12-30 10:41:42.271   398   464 D adayocomadapter-CommunicationManager: onUpstreamReceive mPropertyId 0x21402192
12-30 10:41:42.271   398   464 D adayocomadapter-CommunicationManager: convertBytesToInt32Memcpy  0
12-30 10:41:42.271   398   464 I vw-vhal : notifyVehicleProperty, propId = 0x21402192, data = {status: 2, int32Values: [0]}
12-30 10:41:42.271   398   464 I vw-vhal : CanSignalsAdapter::notifyVehicleProperty: solvedValue = {.timestamp = 7438093342218, .areaId = 0, .prop = 557851026, .status = AVAILABLE, .value = {.int32Values = [1]{0}, .floatValues = [0]{}, .int64Values = [0]{}, .bytes = [0]{}, .stringValue = ""}}
12-30 10:41:42.271   398   464 I VehiclePropertyStore: begin to write value to Store: {.timestamp = 7438093342218, .areaId = 0, .prop = 557851026, .status = AVAILABLE, .value = {.int32Values = [1]{0}, .floatValues = [0]{}, .int64Values = [0]{}, .bytes = [0]{}, .stringValue = ""}}
12-30 10:41:42.271   398   464 I DefaultVehicleHal_v2_0: DefaultVehicleHal::onPropertyValue, value:{.timestamp = 7438093342218, .areaId = 0, .prop = 557851026, .status = AVAILABLE, .value = {.int32Values = [1]{0}, .floatValues = [0]{}, .int64Values = [0]{}, .bytes = [0]{}, .stringValue = ""}}
12-30 10:41:42.271   398   464 D DiagPropHandler: is not DiagnosticConfig: 0x21402192
12-30 10:41:42.271   398   464 I VehiclePropertyStore: begin to write value to Store: {.timestamp = 7438093342218, .areaId = 0, .prop = 557851026, .status = AVAILABLE, .value = {.int32Values = [1]{0}, .floatValues = [0]{}, .int64Values = [0]{}, .bytes = [0]{}, .stringValue = ""}}
12-30 10:41:42.271   398   464 D adayocomadapter-CommunicationManager: onUpstreamReceive mPropertyId 0x21402192
12-30 10:41:42.271   398   464 D adayocomadapter-CommunicationManager: onUpstreamReceive mPropertyId 0x2140208a
12-30 10:41:42.271   398   464 D adayocomadapter-CommunicationManager: convertBytesToInt32Memcpy  0
12-30 10:41:42.271   398   464 I vw-vhal : notifyVehicleProperty, propId = 0x2140208a, data = {status: 2, int32Values: [0]}
12-30 10:41:42.271   398   464 I vw-vhal : CanSignalsAdapter::notifyVehicleProperty: solvedValue = {.timestamp = 7438093538551, .areaId = 0, .prop = 557850762, .status = AVAILABLE, .value = {.int32Values = [1]{0}, .floatValues = [0]{}, .int64Values = [0]{}, .bytes = [0]{}, .stringValue = ""}}
12-30 10:41:42.271   398   464 I VehiclePropertyStore: begin to write value to Store: {.timestamp = 7438093538551, .areaId = 0, .prop = 557850762, .status = AVAILABLE, .value = {.int32Values = [1]{0}, .floatValues = [0]{}, .int64Values = [0]{}, .bytes = [0]{}, .stringValue = ""}}
12-30 10:41:42.271   398   464 I DefaultVehicleHal_v2_0: DefaultVehicleHal::onPropertyValue, value:{.timestamp = 7438093538551, .areaId = 0, .prop = 557850762, .status = AVAILABLE, .value = {.int32Values = [1]{0}, .floatValues = [0]{}, .int64Values = [0]{}, .bytes = [0]{}, .stringValue = ""}}
12-30 10:41:42.271   398   464 D DiagPropHandler: is not DiagnosticConfig: 0x2140208a
12-30 10:41:42.271   398   464 I VehiclePropertyStore: begin to write value to Store: {.timestamp = 7438093538551, .areaId = 0, .prop = 557850762, .status = AVAILABLE, .value = {.int32Values = [1]{0}, .floatValues = [0]{}, .int64Values = [0]{}, .bytes = [0]{}, .stringValue = ""}}
12-30 10:41:42.271   398   464 D adayocomadapter-CommunicationManager: onUpstreamReceive mPropertyId 0x2140208a
12-30 10:41:42.271   398   464 D adayocomadapter-CommunicationManager: onUpstreamReceive mPropertyId 0x21402196
12-30 10:41:42.271   398   464 D adayocomadapter-CommunicationManager: convertBytesToInt32Memcpy  0
12-30 10:41:42.271   398   464 I vw-vhal : notifyVehicleProperty, propId = 0x21402196, data = {status: 2, int32Values: [0]}
12-30 10:41:42.271   398   464 I vw-vhal : CanSignalsAdapter::notifyVehicleProperty: solvedValue = {.timestamp = 7438093732884, .areaId = 0, .prop = 557851030, .status = AVAILABLE, .value = {.int32Values = [1]{0}, .floatValues = [0]{}, .int64Values = [0]{}, .bytes = [0]{}, .stringValue = ""}}
12-30 10:41:42.271   398   464 I VehiclePropertyStore: begin to write value to Store: {.timestamp = 7438093732884, .areaId = 0, .prop = 557851030, .status = AVAILABLE, .value = {.int32Values = [1]{0}, .floatValues = [0]{}, .int64Values = [0]{}, .bytes = [0]{}, .stringValue = ""}}
12-30 10:41:42.271   398   464 I DefaultVehicleHal_v2_0: DefaultVehicleHal::onPropertyValue, value:{.timestamp = 7438093732884, .areaId = 0, .prop = 557851030, .status = AVAILABLE, .value = {.int32Values = [1]{0}, .floatValues = [0]{}, .int64Values = [0]{}, .bytes = [0]{}, .stringValue = ""}}
12-30 10:41:42.271   398   464 D DiagPropHandler: is not DiagnosticConfig: 0x21402196
12-30 10:41:42.271   398   464 I VehiclePropertyStore: begin to write value to Store: {.timestamp = 7438093732884, .areaId = 0, .prop = 557851030, .status = AVAILABLE, .value = {.int32Values = [1]{0}, .floatValues = [0]{}, .int64Values = [0]{}, .bytes = [0]{}, .stringValue = ""}}
12-30 10:41:42.272   398   464 D adayocomadapter-CommunicationManager: onUpstreamReceive mPropertyId 0x21402196
12-30 10:41:42.272   398   464 D adayocomadapter-CommunicationManager: onUpstreamReceive mPropertyId 0x21402197
12-30 10:41:42.272   398   464 D adayocomadapter-CommunicationManager: convertBytesToInt32Memcpy  0
12-30 10:41:42.272   398   464 I vw-vhal : notifyVehicleProperty, propId = 0x21402197, data = {status: 2, int32Values: [0]}
12-30 10:41:42.272   398   464 I vw-vhal : CanSignalsAdapter::notifyVehicleProperty: solvedValue = {.timestamp = 7438093927218, .areaId = 0, .prop = 557851031, .status = AVAILABLE, .value = {.int32Values = [1]{0}, .floatValues = [0]{}, .int64Values = [0]{}, .bytes = [0]{}, .stringValue = ""}}
12-30 10:41:42.272   398   464 I VehiclePropertyStore: begin to write value to Store: {.timestamp = 7438093927218, .areaId = 0, .prop = 557851031, .status = AVAILABLE, .value = {.int32Values = [1]{0}, .floatValues = [0]{}, .int64Values = [0]{}, .bytes = [0]{}, .stringValue = ""}}
12-30 10:41:42.272   398   464 I DefaultVehicleHal_v2_0: DefaultVehicleHal::onPropertyValue, value:{.timestamp = 7438093927218, .areaId = 0, .prop = 557851031, .status = AVAILABLE, .value = {.int32Values = [1]{0}, .floatValues = [0]{}, .int64Values = [0]{}, .bytes = [0]{}, .stringValue = ""}}
12-30 10:41:42.272   398   464 D DiagPropHandler: is not DiagnosticConfig: 0x21402197
12-30 10:41:42.272   398   464 I VehiclePropertyStore: begin to write value to Store: {.timestamp = 7438093927218, .areaId = 0, .prop = 557851031, .status = AVAILABLE, .value = {.int32Values = [1]{0}, .floatValues = [0]{}, .int64Values = [0]{}, .bytes = [0]{}, .stringValue = ""}}
12-30 10:41:42.272   398   464 D adayocomadapter-CommunicationManager: onUpstreamReceive mPropertyId 0x21402197
12-30 10:41:42.272   398   464 D adayocomadapter-CommunicationManager: onUpstreamReceive mPropertyId 0x21402199
12-30 10:41:42.272   398   464 D adayocomadapter-CommunicationManager: convertBytesToInt32Memcpy  0
12-30 10:41:42.272   398   464 I vw-vhal : notifyVehicleProperty, propId = 0x21402199, data = {status: 2, int32Values: [0]}
12-30 10:41:42.272   398   464 I vw-vhal : CanSignalsAdapter::notifyVehicleProperty: solvedValue = {.timestamp = 7438094121218, .areaId = 0, .prop = 557851033, .status = AVAILABLE, .value = {.int32Values = [1]{0}, .floatValues = [0]{}, .int64Values = [0]{}, .bytes = [0]{}, .stringValue = ""}}
12-30 10:41:42.272   398   464 I VehiclePropertyStore: begin to write value to Store: {.timestamp = 7438094121218, .areaId = 0, .prop = 557851033, .status = AVAILABLE, .value = {.int32Values = [1]{0}, .floatValues = [0]{}, .int64Values = [0]{}, .bytes = [0]{}, .stringValue = ""}}
12-30 10:41:42.272   398   464 I DefaultVehicleHal_v2_0: DefaultVehicleHal::onPropertyValue, value:{.timestamp = 7438094121218, .areaId = 0, .prop = 557851033, .status = AVAILABLE, .value = {.int32Values = [1]{0}, .floatValues = [0]{}, .int64Values = [0]{}, .bytes = [0]{}, .stringValue = ""}}
12-30 10:41:42.272   398   464 D DiagPropHandler: is not DiagnosticConfig: 0x21402199
12-30 10:41:42.272   398   464 I VehiclePropertyStore: begin to write value to Store: {.timestamp = 7438094121218, .areaId = 0, .prop = 557851033, .status = AVAILABLE, .value = {.int32Values = [1]{0}, .floatValues = [0]{}, .int64Values = [0]{}, .bytes = [0]{}, .stringValue = ""}}
12-30 10:41:42.272   398   464 D adayocomadapter-CommunicationManager: onUpstreamReceive mPropertyId 0x21402199
12-30 10:41:42.275  2358  2623 D RcfController: Rcf proxy is not connected!
12-30 10:41:42.279   360   458 D EvsDriver: doneWithFrame
12-30 10:41:42.296  2475  2681 I TtsServiceAgent: check thread start checking, threadId = 29
12-30 10:41:42.296  2475  2681 D TtsServiceAgent: start bind service...
12-30 10:41:42.296  2475  2681 D TtsServiceAgent: ----->initService, usage = 16
12-30 10:41:42.296  2475  2681 W ContextImpl: Calling a method in the system process without a qualified user: android.app.ContextImpl.bindService:1988 android.content.ContextWrapper.bindService:861 com.iflytek.autofly.ttsaidl.ttsproxy.TtsServiceAgent.initService:189 com.iflytek.autofly.ttsaidl.ttsproxy.TtsServiceAgent.initService:133 com.iflytek.autofly.ttsaidl.ttsproxy.TtsServiceAgent$2.run:517 
12-30 10:41:42.297   916  3726 W ActivityManager: Unable to start service Intent { act=com.iflytek.autofly.tts.ttsservice.TtsAdapterService cmp=com.iflytek.cutefly.speechclient.hmi/com.iflytek.autofly.tts.ttsservice.TtsAdapterService } U=0: not found
12-30 10:41:42.297  2475  2681 D TtsServiceAgent: bindService: false
12-30 10:41:42.297  2475  2681 D TtsServiceAgent: start reInitService
12-30 10:41:42.297  2475  2681 D TtsServiceAgent: aidlCheckThreadRunning = true
12-30 10:41:42.297  2475  2681 D TtsServiceAgent: ----->check connection status in 1000s...
12-30 10:41:42.302   360   931 D EvsDriver: forwardFrame
12-30 10:41:42.302   360   931 D EvsDriver: forwardFrameDirect
12-30 10:41:42.302   360   931 D EvsDriver: Delivered 0xb400e2ca9e40d090 as id 1
12-30 10:41:42.302   359  2784 D evsmanagerd: /dev/video-evs0 forwarded the buffer #1 to 0xb400f125d2b26dd0 from 0xb400f125e2b20710
12-30 10:41:42.309   360   458 D EvsDriver: doneWithFrame
12-30 10:41:42.320   596  3076 E WifiHAL : Invalid data received from driver
12-30 10:41:42.325  2358  2623 D RcfController: Rcf proxy is not connected!
12-30 10:41:42.335   360   931 I EvsDriver: /dev/video-evs0 VideoCapture fps 29.9999
12-30 10:41:42.336   360   931 D EvsDriver: forwardFrame
12-30 10:41:42.336   360   931 D EvsDriver: forwardFrameDirect
12-30 10:41:42.336   360   931 D EvsDriver: Delivered 0xb400e2ca9e40e110 as id 0
12-30 10:41:42.336   359  2784 D evsmanagerd: /dev/video-evs0 forwarded the buffer #0 to 0xb400f125d2b26dd0 from 0xb400f125e2b20710
12-30 10:41:42.337  1667  2594 W ContextImpl: Calling a method in the system process without a qualified user: android.app.ContextImpl.bindService:1988 android.content.ContextWrapper.bindService:861 com.ford.sync.fnvservice.FordFnv.c:202 com.ford.sync.fnvservice.FordFnv.c:43 com.ford.sync.fnvservice.FordFnv$RetryHandler.handleMessage:245 
12-30 10:41:42.338  1667  2410 I media_message_log->MediaMessageUserProxy: (SourceFile:1)b connectToService action bind
12-30 10:41:42.338   916  3726 W ActivityManager: Unable to start service Intent { cmp=com.ford.sync.fnvservice/.FordFnvService } U=0: not found
12-30 10:41:42.338  1667  2594 W FordFnv :  bind ford fnv failed -> sendRetryMessage 
12-30 10:41:42.338   916  5915 W ActivityManager: Unable to start service Intent { cmp=com.adayo.server.mediamessagetransfer/.MediaMessTransferService (has extras) } U=0: not found
12-30 10:41:42.339  1667  2410 E media_message_log->MediaMessageUserProxy: (SourceFile:7)a bindServiceAsUser isBound = false
12-30 10:41:42.339   360   458 D EvsDriver: doneWithFrame
12-30 10:41:42.354  2310  2842 D FuseDaemon: Node: 12970642256212211472 created.
12-30 10:41:42.369   360   931 D EvsDriver: forwardFrame
12-30 10:41:42.369   360   931 D EvsDriver: forwardFrameDirect
12-30 10:41:42.369   360   931 D EvsDriver: Delivered 0xb400e2ca9e40c7a0 as id 1
12-30 10:41:42.369   359  2784 D evsmanagerd: /dev/video-evs0 forwarded the buffer #1 to 0xb400f125d2b26dd0 from 0xb400f125e2b20710
12-30 10:41:42.376  2358  2623 D RcfController: Rcf proxy is not connected!
12-30 10:41:42.379   596  3076 E WifiHAL : Invalid data received from driver
12-30 10:41:42.379   596  3076 E WifiHAL : Invalid data received from driver
12-30 10:41:42.379   596  3076 E WifiHAL : Invalid data received from driver
12-30 10:41:42.379   596  3076 E WifiHAL : Invalid data received from driver
12-30 10:41:42.379   596  3076 E WifiHAL : Invalid data received from driver
12-30 10:41:42.380   596  3076 E WifiHAL : Invalid data received from driver
12-30 10:41:42.380   596  3076 E WifiHAL : Invalid data received from driver
12-30 10:41:42.380   360   458 D EvsDriver: doneWithFrame
12-30 10:41:42.391  1611  1611 I ADAYO_LOG_: handleMessage(UsbFunc.java:3)copyQnx = 0
12-30 10:41:42.391  1611  1611 I ADAYO_LOG_: handleMessage(UsbFunc.java:12)copyState = 2
12-30 10:41:42.398   596  3076 E WifiHAL : Invalid data received from driver
12-30 10:41:42.402   360   931 D EvsDriver: forwardFrame
12-30 10:41:42.402   360   931 D EvsDriver: forwardFrameDirect
12-30 10:41:42.402   360   931 D EvsDriver: Delivered 0xb400e2ca9e40e270 as id 0
12-30 10:41:42.402   359  2784 D evsmanagerd: /dev/video-evs0 forwarded the buffer #0 to 0xb400f125d2b26dd0 from 0xb400f125e2b20710
12-30 10:41:42.410   360   458 D EvsDriver: doneWithFrame
12-30 10:41:42.425  1582  3078 I c       : checkService in back thread add: adayo.upgrade.v2.0
12-30 10:41:42.426  1582  3078 E upgradeApp_251223_V1  l: d(null:11)pre->c(null:23)-> serviceBinder is null
12-30 10:41:42.426  1582  3078 W c       : doBindService in back thread fail: adayo.upgrade.v2.0
12-30 10:41:42.426  2358  2623 D RcfController: Rcf proxy is not connected!
12-30 10:41:42.435   360   931 D EvsDriver: forwardFrame
12-30 10:41:42.435   360   931 D EvsDriver: forwardFrameDirect
12-30 10:41:42.436   360   931 D EvsDriver: Delivered 0xb400e2ca9e40d4b0 as id 1
12-30 10:41:42.436   359  2784 D evsmanagerd: /dev/video-evs0 forwarded the buffer #1 to 0xb400f125d2b26dd0 from 0xb400f125e2b20710
12-30 10:41:42.440   360   458 D EvsDriver: doneWithFrame
12-30 10:41:42.450   650   730 D fgemcucomm: sd Uart data : 6AA600167F0002060162
