12-30 10:41:44.882   398   464 D adayocomadapter-ParseProtocolFunc: parseCommonIPCLBytes Processing tablename[Table-11] tableSize[3]
12-30 10:41:44.882   398   464 D adayocomadapter-ParseProtocolFunc: printRaWMsg Name[byteStream recv] len[3] data[0B0000]
12-30 10:41:44.882   398   464 D adayocomadapter-ParseProtocolFunc: printRaWMsg Name[IPCLtoVHAL] len[7] data[2140200B000000]
12-30 10:41:44.882   398   464 D adayocomadapter-CommunicationManager: onUpstreamReceive mPropertyId 0x2140200b
12-30 10:41:44.882   398   464 D adayocomadapter-CommunicationManager: convertBytesToInt32Memcpy  0
12-30 10:41:44.883   398   464 I vw-vhal : notifyVehicleProperty, propId = 0x2140200b, data = {status: 2, int32Values: [0]}
12-30 10:41:44.883   398   464 I vw-vhal : CanSignalsAdapter::notifyVehicleProperty: solvedValue = {.timestamp = 7440704954551, .areaId = 0, .prop = 557850635, .status = AVAILABLE, .value = {.int32Values = [1]{0}, .floatValues = [0]{}, .int64Values = [0]{}, .bytes = [0]{}, .stringValue = ""}}
12-30 10:41:44.883   398   464 I VehiclePropertyStore: begin to write value to Store: {.timestamp = 7440704954551, .areaId = 0, .prop = 557850635, .status = AVAILABLE, .value = {.int32Values = [1]{0}, .floatValues = [0]{}, .int64Values = [0]{}, .bytes = [0]{}, .stringValue = ""}}
12-30 10:41:44.883   398   464 I DefaultVehicleHal_v2_0: DefaultVehicleHal::onPropertyValue, value:{.timestamp = 7440704954551, .areaId = 0, .prop = 557850635, .status = AVAILABLE, .value = {.int32Values = [1]{0}, .floatValues = [0]{}, .int64Values = [0]{}, .bytes = [0]{}, .stringValue = ""}}
12-30 10:41:44.883   398   464 D DiagPropHandler: is not DiagnosticConfig: 0x2140200b
12-30 10:41:44.883   398   464 I VehiclePropertyStore: begin to write value to Store: {.timestamp = 7440704954551, .areaId = 0, .prop = 557850635, .status = AVAILABLE, .value = {.int32Values = [1]{0}, .floatValues = [0]{}, .int64Values = [0]{}, .bytes = [0]{}, .stringValue = ""}}
12-30 10:41:44.883   398   464 D adayocomadapter-CommunicationManager: onUpstreamReceive mPropertyId 0x2140200b
12-30 10:41:44.887  2358  2623 D RcfController: Rcf proxy is not connected!
12-30 10:41:44.889   596  3076 E WifiHAL : Invalid data received from driver
12-30 10:41:44.902   360   931 D EvsDriver: forwardFrame
12-30 10:41:44.902   360   931 D EvsDriver: forwardFrameDirect
12-30 10:41:44.903   360   931 D EvsDriver: Delivered 0xb400e2ca9e40d090 as id 1
12-30 10:41:44.903   359  2784 D evsmanagerd: /dev/video-evs0 forwarded the buffer #1 to 0xb400f125d2b26dd0 from 0xb400f125e2b20710
12-30 10:41:44.904   360   458 D EvsDriver: doneWithFrame
12-30 10:41:44.931   650   729 D fgemcucomm: sd Uart data : 6AA602E8470002920239
12-30 10:41:44.932   650   729 D fgemcucomm: rev uart=61505,len=19, data : 6AA681E847000B9202000F00000000000000A2
12-30 10:41:44.932   398  2883 D adayocomadapter-ParseProtocolFunc: printRaWMsg Name[MCUToUPstream recv] len[11] data[9202000F00000000000000]
12-30 10:41:44.932   398  2883 D adayocomadapter-CommunicationManager: onUpstreamback   member[0] dataLength[8] timePoint[7440754]
12-30 10:41:44.932   398  2883 D adayocomadapter-ParseProtocolFunc: printRaWMsg Name[onUpstreamback] len[8] data[0F00000000000000]
12-30 10:41:44.932   398   464 D adayocomadapter-UpstreamHandler: processBeforePacket upSreamtProcessTimePoint[7440754] 
12-30 10:41:44.932   398   464 D adayocomadapter-UpstreamHandler: processPacket UPSTREAM_QUEUE_DATA_TIMEOUT
12-30 10:41:44.933   398   464 D adayocomadapter-ParseProtocolFunc: parseCommonIPCLBytes Processing tableNumber[15]
12-30 10:41:44.933   398   464 D adayocomadapter-ParseProtocolFunc: parseCommonIPCLBytes Processing tablename[Table-15] tableSize[8]
12-30 10:41:44.933   398   464 D adayocomadapter-ParseProtocolFunc: printRaWMsg Name[byteStream recv] len[8] data[0F00000000000000]
12-30 10:41:44.933   398   464 D adayocomadapter-ParseProtocolFunc: printRaWMsg Name[IPCLtoVHAL] len[6] data[214020F30000]
12-30 10:41:44.933   398   464 D adayocomadapter-ParseProtocolFunc: printRaWMsg Name[IPCLtoVHAL] len[6] data[214020F40000]
12-30 10:41:44.933   398   464 D adayocomadapter-ParseProtocolFunc: printRaWMsg Name[IPCLtoVHAL] len[6] data[214020F50000]
12-30 10:41:44.933   398   464 D adayocomadapter-ParseProtocolFunc: printRaWMsg Name[IPCLtoVHAL] len[6] data[214020F60000]
12-30 10:41:44.933   398   464 D adayocomadapter-ParseProtocolFunc: printRaWMsg Name[IPCLtoVHAL] len[6] data[214020F70000]
12-30 10:41:44.933   398   464 D adayocomadapter-ParseProtocolFunc: printRaWMsg Name[IPCLtoVHAL] len[6] data[214020F80000]
12-30 10:41:44.933   398   464 D adayocomadapter-ParseProtocolFunc: printRaWMsg Name[IPCLtoVHAL] len[6] data[214020F90000]
12-30 10:41:44.933   398   464 D adayocomadapter-CommunicationManager: onUpstreamReceive mPropertyId 0x214020f3
12-30 10:41:44.933   398   464 D adayocomadapter-CommunicationManager: convertBytesToInt32Memcpy  0
12-30 10:41:44.933   398   464 I vw-vhal : notifyVehicleProperty, propId = 0x214020f3, data = {status: 2, int32Values: [0]}
12-30 10:41:44.933   398   464 I vw-vhal : CanSignalsAdapter::notifyVehicleProperty: solvedValue = {.timestamp = 7440755669885, .areaId = 0, .prop = 557850867, .status = AVAILABLE, .value = {.int32Values = [1]{0}, .floatValues = [0]{}, .int64Values = [0]{}, .bytes = [0]{}, .stringValue = ""}}
12-30 10:41:44.933   398   464 I VehiclePropertyStore: begin to write value to Store: {.timestamp = 7440755669885, .areaId = 0, .prop = 557850867, .status = AVAILABLE, .value = {.int32Values = [1]{0}, .floatValues = [0]{}, .int64Values = [0]{}, .bytes = [0]{}, .stringValue = ""}}
12-30 10:41:44.934   398   464 I DefaultVehicleHal_v2_0: DefaultVehicleHal::onPropertyValue, value:{.timestamp = 7440755669885, .areaId = 0, .prop = 557850867, .status = AVAILABLE, .value = {.int32Values = [1]{0}, .floatValues = [0]{}, .int64Values = [0]{}, .bytes = [0]{}, .stringValue = ""}}
12-30 10:41:44.934   398   464 D DiagPropHandler: is not DiagnosticConfig: 0x214020f3
12-30 10:41:44.934   398   464 I VehiclePropertyStore: begin to write value to Store: {.timestamp = 7440755669885, .areaId = 0, .prop = 557850867, .status = AVAILABLE, .value = {.int32Values = [1]{0}, .floatValues = [0]{}, .int64Values = [0]{}, .bytes = [0]{}, .stringValue = ""}}
12-30 10:41:44.934   398   464 D adayocomadapter-CommunicationManager: onUpstreamReceive mPropertyId 0x214020f3
12-30 10:41:44.934   398   464 D adayocomadapter-CommunicationManager: onUpstreamReceive mPropertyId 0x214020f4
12-30 10:41:44.934   398   464 D adayocomadapter-CommunicationManager: convertBytesToInt32Memcpy  0
12-30 10:41:44.934   398   464 I vw-vhal : notifyVehicleProperty, propId = 0x214020f4, data = {status: 2, int32Values: [0]}
12-30 10:41:44.934   398   464 I vw-vhal : CanSignalsAdapter::notifyVehicleProperty: solvedValue = {.timestamp = 7440756580551, .areaId = 0, .prop = 557850868, .status = AVAILABLE, .value = {.int32Values = [1]{0}, .floatValues = [0]{}, .int64Values = [0]{}, .bytes = [0]{}, .stringValue = ""}}
12-30 10:41:44.934   398   464 I VehiclePropertyStore: begin to write value to Store: {.timestamp = 7440756580551, .areaId = 0, .prop = 557850868, .status = AVAILABLE, .value = {.int32Values = [1]{0}, .floatValues = [0]{}, .int64Values = [0]{}, .bytes = [0]{}, .stringValue = ""}}
12-30 10:41:44.934   398   464 I DefaultVehicleHal_v2_0: DefaultVehicleHal::onPropertyValue, value:{.timestamp = 7440756580551, .areaId = 0, .prop = 557850868, .status = AVAILABLE, .value = {.int32Values = [1]{0}, .floatValues = [0]{}, .int64Values = [0]{}, .bytes = [0]{}, .stringValue = ""}}
12-30 10:41:44.935   398   464 D DiagPropHandler: is not DiagnosticConfig: 0x214020f4
12-30 10:41:44.935   398   464 I VehiclePropertyStore: begin to write value to Store: {.timestamp = 7440756580551, .areaId = 0, .prop = 557850868, .status = AVAILABLE, .value = {.int32Values = [1]{0}, .floatValues = [0]{}, .int64Values = [0]{}, .bytes = [0]{}, .stringValue = ""}}
12-30 10:41:44.935   398   464 D adayocomadapter-CommunicationManager: onUpstreamReceive mPropertyId 0x214020f4
12-30 10:41:44.935   398   464 D adayocomadapter-CommunicationManager: onUpstreamReceive mPropertyId 0x214020f5
12-30 10:41:44.935   398   464 D adayocomadapter-CommunicationManager: convertBytesToInt32Memcpy  0
12-30 10:41:44.935   398   464 I vw-vhal : notifyVehicleProperty, propId = 0x214020f5, data = {status: 2, int32Values: [0]}
12-30 10:41:44.935   398   464 I vw-vhal : CanSignalsAdapter::notifyVehicleProperty: solvedValue = {.timestamp = 7440757258218, .areaId = 0, .prop = 557850869, .status = AVAILABLE, .value = {.int32Values = [1]{0}, .floatValues = [0]{}, .int64Values = [0]{}, .bytes = [0]{}, .stringValue = ""}}
12-30 10:41:44.935   398   464 I VehiclePropertyStore: begin to write value to Store: {.timestamp = 7440757258218, .areaId = 0, .prop = 557850869, .status = AVAILABLE, .value = {.int32Values = [1]{0}, .floatValues = [0]{}, .int64Values = [0]{}, .bytes = [0]{}, .stringValue = ""}}
12-30 10:41:44.935   398   464 I DefaultVehicleHal_v2_0: DefaultVehicleHal::onPropertyValue, value:{.timestamp = 7440757258218, .areaId = 0, .prop = 557850869, .status = AVAILABLE, .value = {.int32Values = [1]{0}, .floatValues = [0]{}, .int64Values = [0]{}, .bytes = [0]{}, .stringValue = ""}}
12-30 10:41:44.935   398   464 D DiagPropHandler: is not DiagnosticConfig: 0x214020f5
12-30 10:41:44.935   398   464 I VehiclePropertyStore: begin to write value to Store: {.timestamp = 7440757258218, .areaId = 0, .prop = 557850869, .status = AVAILABLE, .value = {.int32Values = [1]{0}, .floatValues = [0]{}, .int64Values = [0]{}, .bytes = [0]{}, .stringValue = ""}}
12-30 10:41:44.935   398   464 D adayocomadapter-CommunicationManager: onUpstreamReceive mPropertyId 0x214020f5
12-30 10:41:44.935   398   464 D adayocomadapter-CommunicationManager: onUpstreamReceive mPropertyId 0x214020f6
12-30 10:41:44.935   360   931 D EvsDriver: forwardFrame
12-30 10:41:44.935   398   464 D adayocomadapter-CommunicationManager: convertBytesToInt32Memcpy  0
12-30 10:41:44.936   360   931 D EvsDriver: forwardFrameDirect
12-30 10:41:44.936   398   464 I vw-vhal : notifyVehicleProperty, propId = 0x214020f6, data = {status: 2, int32Values: [0]}
12-30 10:41:44.936   398   464 I vw-vhal : CanSignalsAdapter::notifyVehicleProperty: solvedValue = {.timestamp = 7440757966218, .areaId = 0, .prop = 557850870, .status = AVAILABLE, .value = {.int32Values = [1]{0}, .floatValues = [0]{}, .int64Values = [0]{}, .bytes = [0]{}, .stringValue = ""}}
12-30 10:41:44.936   398   464 I VehiclePropertyStore: begin to write value to Store: {.timestamp = 7440757966218, .areaId = 0, .prop = 557850870, .status = AVAILABLE, .value = {.int32Values = [1]{0}, .floatValues = [0]{}, .int64Values = [0]{}, .bytes = [0]{}, .stringValue = ""}}
12-30 10:41:44.936   398   464 I DefaultVehicleHal_v2_0: DefaultVehicleHal::onPropertyValue, value:{.timestamp = 7440757966218, .areaId = 0, .prop = 557850870, .status = AVAILABLE, .value = {.int32Values = [1]{0}, .floatValues = [0]{}, .int64Values = [0]{}, .bytes = [0]{}, .stringValue = ""}}
12-30 10:41:44.936   360   931 D EvsDriver: Delivered 0xb400e2ca9e40e110 as id 0
12-30 10:41:44.936   398   464 D DiagPropHandler: is not DiagnosticConfig: 0x214020f6
12-30 10:41:44.936   398   464 I VehiclePropertyStore: begin to write value to Store: {.timestamp = 7440757966218, .areaId = 0, .prop = 557850870, .status = AVAILABLE, .value = {.int32Values = [1]{0}, .floatValues = [0]{}, .int64Values = [0]{}, .bytes = [0]{}, .stringValue = ""}}
12-30 10:41:44.936   359  2784 D evsmanagerd: /dev/video-evs0 forwarded the buffer #0 to 0xb400f125d2b26dd0 from 0xb400f125e2b20710
12-30 10:41:44.936   398   464 D adayocomadapter-CommunicationManager: onUpstreamReceive mPropertyId 0x214020f6
12-30 10:41:44.936   398   464 D adayocomadapter-CommunicationManager: onUpstreamReceive mPropertyId 0x214020f7
12-30 10:41:44.936   398   464 D adayocomadapter-CommunicationManager: convertBytesToInt32Memcpy  0
12-30 10:41:44.936   398   464 I vw-vhal : notifyVehicleProperty, propId = 0x214020f7, data = {status: 2, int32Values: [0]}
12-30 10:41:44.937   398   464 I vw-vhal : CanSignalsAdapter::notifyVehicleProperty: solvedValue = {.timestamp = 7440758902218, .areaId = 0, .prop = 557850871, .status = AVAILABLE, .value = {.int32Values = [1]{0}, .floatValues = [0]{}, .int64Values = [0]{}, .bytes = [0]{}, .stringValue = ""}}
12-30 10:41:44.937   398   464 I VehiclePropertyStore: begin to write value to Store: {.timestamp = 7440758902218, .areaId = 0, .prop = 557850871, .status = AVAILABLE, .value = {.int32Values = [1]{0}, .floatValues = [0]{}, .int64Values = [0]{}, .bytes = [0]{}, .stringValue = ""}}
12-30 10:41:44.937   398   464 I DefaultVehicleHal_v2_0: DefaultVehicleHal::onPropertyValue, value:{.timestamp = 7440758902218, .areaId = 0, .prop = 557850871, .status = AVAILABLE, .value = {.int32Values = [1]{0}, .floatValues = [0]{}, .int64Values = [0]{}, .bytes = [0]{}, .stringValue = ""}}
12-30 10:41:44.937   398   464 D DiagPropHandler: is not DiagnosticConfig: 0x214020f7
12-30 10:41:44.937   398   464 I VehiclePropertyStore: begin to write value to Store: {.timestamp = 7440758902218, .areaId = 0, .prop = 557850871, .status = AVAILABLE, .value = {.int32Values = [1]{0}, .floatValues = [0]{}, .int64Values = [0]{}, .bytes = [0]{}, .stringValue = ""}}
12-30 10:41:44.937   398   464 D adayocomadapter-CommunicationManager: onUpstreamReceive mPropertyId 0x214020f7
12-30 10:41:44.937  2358  2623 D RcfController: Rcf proxy is not connected!
12-30 10:41:44.937   398   464 D adayocomadapter-CommunicationManager: onUpstreamReceive mPropertyId 0x214020f8
12-30 10:41:44.937   398   464 D adayocomadapter-CommunicationManager: convertBytesToInt32Memcpy  0
12-30 10:41:44.937   398   464 I vw-vhal : notifyVehicleProperty, propId = 0x214020f8, data = {status: 2, int32Values: [0]}
12-30 10:41:44.937   398   464 I vw-vhal : CanSignalsAdapter::notifyVehicleProperty: solvedValue = {.timestamp = 7440759572218, .areaId = 0, .prop = 557850872, .status = AVAILABLE, .value = {.int32Values = [1]{0}, .floatValues = [0]{}, .int64Values = [0]{}, .bytes = [0]{}, .stringValue = ""}}
12-30 10:41:44.937   398   464 I VehiclePropertyStore: begin to write value to Store: {.timestamp = 7440759572218, .areaId = 0, .prop = 557850872, .status = AVAILABLE, .value = {.int32Values = [1]{0}, .floatValues = [0]{}, .int64Values = [0]{}, .bytes = [0]{}, .stringValue = ""}}
12-30 10:41:44.937   398   464 I DefaultVehicleHal_v2_0: DefaultVehicleHal::onPropertyValue, value:{.timestamp = 7440759572218, .areaId = 0, .prop = 557850872, .status = AVAILABLE, .value = {.int32Values = [1]{0}, .floatValues = [0]{}, .int64Values = [0]{}, .bytes = [0]{}, .stringValue = ""}}
12-30 10:41:44.938   398   464 D DiagPropHandler: is not DiagnosticConfig: 0x214020f8
12-30 10:41:44.938   398   464 I VehiclePropertyStore: begin to write value to Store: {.timestamp = 7440759572218, .areaId = 0, .prop = 557850872, .status = AVAILABLE, .value = {.int32Values = [1]{0}, .floatValues = [0]{}, .int64Values = [0]{}, .bytes = [0]{}, .stringValue = ""}}
12-30 10:41:44.938   398   464 D adayocomadapter-CommunicationManager: onUpstreamReceive mPropertyId 0x214020f8
12-30 10:41:44.938   398   464 D adayocomadapter-CommunicationManager: onUpstreamReceive mPropertyId 0x214020f9
12-30 10:41:44.938   398   464 D adayocomadapter-CommunicationManager: convertBytesToInt32Memcpy  0
12-30 10:41:44.938   398   464 I vw-vhal : notifyVehicleProperty, propId = 0x214020f9, data = {status: 2, int32Values: [0]}
12-30 10:41:44.938   398   464 I vw-vhal : CanSignalsAdapter::notifyVehicleProperty: solvedValue = {.timestamp = 7440760253218, .areaId = 0, .prop = 557850873, .status = AVAILABLE, .value = {.int32Values = [1]{0}, .floatValues = [0]{}, .int64Values = [0]{}, .bytes = [0]{}, .stringValue = ""}}
12-30 10:41:44.938   398   464 I VehiclePropertyStore: begin to write value to Store: {.timestamp = 7440760253218, .areaId = 0, .prop = 557850873, .status = AVAILABLE, .value = {.int32Values = [1]{0}, .floatValues = [0]{}, .int64Values = [0]{}, .bytes = [0]{}, .stringValue = ""}}
12-30 10:41:44.938   398   464 I DefaultVehicleHal_v2_0: DefaultVehicleHal::onPropertyValue, value:{.timestamp = 7440760253218, .areaId = 0, .prop = 557850873, .status = AVAILABLE, .value = {.int32Values = [1]{0}, .floatValues = [0]{}, .int64Values = [0]{}, .bytes = [0]{}, .stringValue = ""}}
12-30 10:41:44.938   398   464 D DiagPropHandler: is not DiagnosticConfig: 0x214020f9
12-30 10:41:44.938   398   464 I VehiclePropertyStore: begin to write value to Store: {.timestamp = 7440760253218, .areaId = 0, .prop = 557850873, .status = AVAILABLE, .value = {.int32Values = [1]{0}, .floatValues = [0]{}, .int64Values = [0]{}, .bytes = [0]{}, .stringValue = ""}}
12-30 10:41:44.938   398   464 D adayocomadapter-CommunicationManager: onUpstreamReceive mPropertyId 0x214020f9
12-30 10:41:44.944   360   458 D EvsDriver: doneWithFrame
12-30 10:41:44.958   596  3076 E WifiHAL : Invalid data received from driver
12-30 10:41:44.969   360   931 D EvsDriver: forwardFrame
12-30 10:41:44.969   360   931 D EvsDriver: forwardFrameDirect
12-30 10:41:44.969   360   931 D EvsDriver: Delivered 0xb400e2ca9e40c7a0 as id 1
12-30 10:41:44.969   359  2784 D evsmanagerd: /dev/video-evs0 forwarded the buffer #1 to 0xb400f125d2b26dd0 from 0xb400f125e2b20710
12-30 10:41:44.975   360   458 D EvsDriver: doneWithFrame
12-30 10:41:44.987  2358  2623 D RcfController: Rcf proxy is not connected!
12-30 10:41:45.001   650   729 D fgemcucomm: sd Uart data : 6AA602E8480002920238
12-30 10:41:45.002   650   729 D fgemcucomm: rev uart=61506,len=15, data : 6AA681E848000792020009000000AB
12-30 10:41:45.002   398  2883 D adayocomadapter-ParseProtocolFunc: printRaWMsg Name[MCUToUPstream recv] len[7] data[92020009000000]
12-30 10:41:45.002   398  2883 D adayocomadapter-CommunicationManager: onUpstreamback   member[0] dataLength[4] timePoint[7440824]
12-30 10:41:45.002   398  2883 D adayocomadapter-ParseProtocolFunc: printRaWMsg Name[onUpstreamback] len[4] data[09000000]
12-30 10:41:45.002   398   464 D adayocomadapter-UpstreamHandler: processBeforePacket upSreamtProcessTimePoint[7440824] 
12-30 10:41:45.002   360   931 D EvsDriver: forwardFrame
12-30 10:41:45.002   398   464 D adayocomadapter-UpstreamHandler: processPacket UPSTREAM_QUEUE_DATA_TIMEOUT
12-30 10:41:45.002   360   931 D EvsDriver: forwardFrameDirect
12-30 10:41:45.002   398   464 D adayocomadapter-ParseProtocolFunc: parseCommonIPCLBytes Processing tableNumber[9]
12-30 10:41:45.002   398   464 D adayocomadapter-ParseProtocolFunc: parseCommonIPCLBytes Processing tablename[Table-9] tableSize[4]
12-30 10:41:45.002   398   464 D adayocomadapter-ParseProtocolFunc: printRaWMsg Name[byteStream recv] len[4] data[09000000]
12-30 10:41:45.002   398   464 D adayocomadapter-ParseProtocolFunc: printRaWMsg Name[IPCLtoVHAL] len[6] data[214020600000]
12-30 10:41:45.002   398   464 D adayocomadapter-ParseProtocolFunc: printRaWMsg Name[IPCLtoVHAL] len[6] data[2140218D0000]
12-30 10:41:45.003   398   464 D adayocomadapter-ParseProtocolFunc: printRaWMsg Name[IPCLtoVHAL] len[6] data[214022550000]
12-30 10:41:45.003   360   931 D EvsDriver: Delivered 0xb400e2ca9e40e270 as id 0
12-30 10:41:45.003   398   464 D adayocomadapter-CommunicationManager: onUpstreamReceive mPropertyId 0x21402060
12-30 10:41:45.003   398   464 D adayocomadapter-CommunicationManager: convertBytesToInt32Memcpy  0
12-30 10:41:45.003   359  2784 D evsmanagerd: /dev/video-evs0 forwarded the buffer #0 to 0xb400f125d2b26dd0 from 0xb400f125e2b20710
12-30 10:41:45.003   398   464 I vw-vhal : notifyVehicleProperty, propId = 0x21402060, data = {status: 2, int32Values: [0]}
12-30 10:41:45.003   398   464 I vw-vhal : CanSignalsAdapter::notifyVehicleProperty: solvedValue = {.timestamp = 7440825479218, .areaId = 0, .prop = 557850720, .status = AVAILABLE, .value = {.int32Values = [1]{0}, .floatValues = [0]{}, .int64Values = [0]{}, .bytes = [0]{}, .stringValue = ""}}
12-30 10:41:45.003   398   464 I VehiclePropertyStore: begin to write value to Store: {.timestamp = 7440825479218, .areaId = 0, .prop = 557850720, .status = AVAILABLE, .value = {.int32Values = [1]{0}, .floatValues = [0]{}, .int64Values = [0]{}, .bytes = [0]{}, .stringValue = ""}}
12-30 10:41:45.003   398   464 I DefaultVehicleHal_v2_0: DefaultVehicleHal::onPropertyValue, value:{.timestamp = 7440825479218, .areaId = 0, .prop = 557850720, .status = AVAILABLE, .value = {.int32Values = [1]{0}, .floatValues = [0]{}, .int64Values = [0]{}, .bytes = [0]{}, .stringValue = ""}}
12-30 10:41:45.003   398   464 D DiagPropHandler: is not DiagnosticConfig: 0x21402060
12-30 10:41:45.004   398   464 I VehiclePropertyStore: begin to write value to Store: {.timestamp = 7440825479218, .areaId = 0, .prop = 557850720, .status = AVAILABLE, .value = {.int32Values = [1]{0}, .floatValues = [0]{}, .int64Values = [0]{}, .bytes = [0]{}, .stringValue = ""}}
12-30 10:41:45.004   398   464 D adayocomadapter-CommunicationManager: onUpstreamReceive mPropertyId 0x21402060
12-30 10:41:45.004   398   464 D adayocomadapter-CommunicationManager: onUpstreamReceive mPropertyId 0x2140218d
12-30 10:41:45.004   398   464 D adayocomadapter-CommunicationManager: convertBytesToInt32Memcpy  0
12-30 10:41:45.004   398   464 I vw-vhal : notifyVehicleProperty, propId = 0x2140218d, data = {status: 2, int32Values: [0]}
12-30 10:41:45.004   398   464 I vw-vhal : CanSignalsAdapter::notifyVehicleProperty: solvedValue = {.timestamp = 7440826194551, .areaId = 0, .prop = 557851021, .status = AVAILABLE, .value = {.int32Values = [1]{0}, .floatValues = [0]{}, .int64Values = [0]{}, .bytes = [0]{}, .stringValue = ""}}
12-30 10:41:45.004   398   464 I VehiclePropertyStore: begin to write value to Store: {.timestamp = 7440826194551, .areaId = 0, .prop = 557851021, .status = AVAILABLE, .value = {.int32Values = [1]{0}, .floatValues = [0]{}, .int64Values = [0]{}, .bytes = [0]{}, .stringValue = ""}}
12-30 10:41:45.004   398   464 I DefaultVehicleHal_v2_0: DefaultVehicleHal::onPropertyValue, value:{.timestamp = 7440826194551, .areaId = 0, .prop = 557851021, .status = AVAILABLE, .value = {.int32Values = [1]{0}, .floatValues = [0]{}, .int64Values = [0]{}, .bytes = [0]{}, .stringValue = ""}}
12-30 10:41:45.004   398   464 D DiagPropHandler: is not DiagnosticConfig: 0x2140218d
12-30 10:41:45.004   398   464 I VehiclePropertyStore: begin to write value to Store: {.timestamp = 7440826194551, .areaId = 0, .prop = 557851021, .status = AVAILABLE, .value = {.int32Values = [1]{0}, .floatValues = [0]{}, .int64Values = [0]{}, .bytes = [0]{}, .stringValue = ""}}
12-30 10:41:45.004   398   464 D adayocomadapter-CommunicationManager: onUpstreamReceive mPropertyId 0x2140218d
12-30 10:41:45.004   398   464 D adayocomadapter-CommunicationManager: onUpstreamReceive mPropertyId 0x21402255
12-30 10:41:45.004   398   464 D adayocomadapter-CommunicationManager: convertBytesToInt32Memcpy  0
12-30 10:41:45.004   398   464 I vw-vhal : notifyVehicleProperty, propId = 0x21402255, data = {status: 2, int32Values: [0]}
12-30 10:41:45.005   398   464 I vw-vhal : CanSignalsAdapter::notifyVehicleProperty: solvedValue = {.timestamp = 7440826869885, .areaId = 0, .prop = 557851221, .status = AVAILABLE, .value = {.int32Values = [1]{0}, .floatValues = [0]{}, .int64Values = [0]{}, .bytes = [0]{}, .stringValue = ""}}
12-30 10:41:45.005   398   464 I VehiclePropertyStore: begin to write value to Store: {.timestamp = 7440826869885, .areaId = 0, .prop = 557851221, .status = AVAILABLE, .value = {.int32Values = [1]{0}, .floatValues = [0]{}, .int64Values = [0]{}, .bytes = [0]{}, .stringValue = ""}}
12-30 10:41:45.005   398   464 I DefaultVehicleHal_v2_0: DefaultVehicleHal::onPropertyValue, value:{.timestamp = 7440826869885, .areaId = 0, .prop = 557851221, .status = AVAILABLE, .value = {.int32Values = [1]{0}, .floatValues = [0]{}, .int64Values = [0]{}, .bytes = [0]{}, .stringValue = ""}}
12-30 10:41:45.005   398   464 D DiagPropHandler: is not DiagnosticConfig: 0x21402255
12-30 10:41:45.005   398   464 I VehiclePropertyStore: begin to write value to Store: {.timestamp = 7440826869885, .areaId = 0, .prop = 557851221, .status = AVAILABLE, .value = {.int32Values = [1]{0}, .floatValues = [0]{}, .int64Values = [0]{}, .bytes = [0]{}, .stringValue = ""}}
12-30 10:41:45.005   398   464 D adayocomadapter-CommunicationManager: onUpstreamReceive mPropertyId 0x21402255
12-30 10:41:45.005   360   458 D EvsDriver: doneWithFrame
12-30 10:41:45.005   596  3076 E WifiHAL : Invalid data received from driver
12-30 10:41:45.008  1667  2407 I media_message_log->MediaMessageProxy: (SourceFile:1)b connectToService action bind
12-30 10:41:45.009   916  5915 W ActivityManager: Unable to start service Intent { cmp=com.adayo.server.mediamessagetransfer/.MediaMessTransferService (has extras) } U=0: not found
12-30 10:41:45.009  1667  2407 E media_message_log->MediaMessageProxy: (SourceFile:7)a bindServiceAsUser isBound = false
12-30 10:41:45.035   360   931 D EvsDriver: forwardFrame
12-30 10:41:45.036   360   931 D EvsDriver: forwardFrameDirect
12-30 10:41:45.036   360   931 D EvsDriver: Delivered 0xb400e2ca9e40d4b0 as id 1
12-30 10:41:45.036   359  2784 D evsmanagerd: /dev/video-evs0 forwarded the buffer #1 to 0xb400f125d2b26dd0 from 0xb400f125e2b20710
12-30 10:41:45.038  2358  2623 D RcfController: Rcf proxy is not connected!
12-30 10:41:45.038   798 29623 W adbd    : timed out while waiting for FUNCTIONFS_BIND, trying again
12-30 10:41:45.038   798 29623 I adbd    : UsbFfs: connection terminated: monitor thread finished
12-30 10:41:45.038   798   798 I adbd    : UsbFfs: already offline
12-30 10:41:45.038   798   798 I adbd    : destroying transport UsbFfs
12-30 10:41:45.039   798   798 I adbd    : UsbFfsConnection being destroyed
12-30 10:41:45.046   360   458 D EvsDriver: doneWithFrame
12-30 10:41:45.069   360   931 D EvsDriver: forwardFrame
12-30 10:41:45.069   360   931 D EvsDriver: forwardFrameDirect
12-30 10:41:45.069   360   931 D EvsDriver: Delivered 0xb400e2ca9e40c2d0 as id 0
12-30 10:41:45.069   359  2784 D evsmanagerd: /dev/video-evs0 forwarded the buffer #0 to 0xb400f125d2b26dd0 from 0xb400f125e2b20710
12-30 10:41:45.074   596  3076 E WifiHAL : Invalid data received from driver
12-30 10:41:45.076   360   458 D EvsDriver: doneWithFrame
12-30 10:41:45.085   596  3076 E WifiHAL : Invalid data received from driver
12-30 10:41:45.085   596  3076 E WifiHAL : Invalid data received from driver
12-30 10:41:45.086   596  3076 E WifiHAL : Invalid data received from driver
12-30 10:41:45.086   596  3076 E WifiHAL : Invalid data received from driver
12-30 10:41:45.086   596  3076 E WifiHAL : Invalid data received from driver
12-30 10:41:45.086   596  3076 E WifiHAL : Invalid data received from driver
12-30 10:41:45.086   798   838 I adbd    : opening control endpoint /dev/usb-ffs/adb/ep0
12-30 10:41:45.086   596  3076 E WifiHAL : Invalid data received from driver
12-30 10:41:45.087   798   838 I adbd    : UsbFfsConnection constructed
12-30 10:41:45.088  2358  2623 D RcfController: Rcf proxy is not connected!
12-30 10:41:45.088   798 29629 I adbd    : UsbFfs-monitor thread spawned
01-01 10:04:02.096   838   838 I         : read strings
12-30 10:41:45.094   650   729 D fgemcucomm: sd Uart data : 6AA602E8490002920237
12-30 10:41:45.095   650   729 D fgemcucomm: rev uart=61507,len=51, data : 6AA681E849002B920200110000000000000000000000000000000000000000000000000000000000000000000000000000007E
12-30 10:41:45.095   398  2883 D adayocomadapter-ParseProtocolFunc: printRaWMsg Name[MCUToUPstream recv] len[43] data[92020011000000000000000000000000000000000000000000000000000000000000000000000000000000]
12-30 10:41:45.095   398  2883 D adayocomadapter-CommunicationManager: onUpstreamback   member[0] dataLength[40] timePoint[7440917]
12-30 10:41:45.095   398  2883 D adayocomadapter-ParseProtocolFunc: printRaWMsg Name[onUpstreamback] len[40] data[11000000000000000000000000000000000000000000000000000000000000000000000000000000]
12-30 10:41:45.095   398   464 D adayocomadapter-UpstreamHandler: processBeforePacket upSreamtProcessTimePoint[7440917] 
12-30 10:41:45.095   398   464 D adayocomadapter-UpstreamHandler: processPacket UPSTREAM_QUEUE_DATA_TIMEOUT
12-30 10:41:45.095   398   464 D adayocomadapter-ParseProtocolFunc: parseCommonIPCLBytes Processing tableNumber[17]
12-30 10:41:45.095   398   464 D adayocomadapter-ParseProtocolFunc: parseCommonIPCLBytes Processing tablename[Table-17] tableSize[40]
12-30 10:41:45.096   398   464 D adayocomadapter-ParseProtocolFunc: printRaWMsg Name[byteStream recv] len[40] data[11000000000000000000000000000000000000000000000000000000000000000000000000000000]
12-30 10:41:45.096   398   464 D adayocomadapter-ParseProtocolFunc: printRaWMsg Name[IPCLtoVHAL] len[22] data[21102047010000000000000000000000000000000000]
12-30 10:41:45.096   398   464 D adayocomadapter-ParseProtocolFunc: printRaWMsg Name[IPCLtoVHAL] len[6] data[214020130000]
12-30 10:41:45.096   398   464 D adayocomadapter-ParseProtocolFunc: printRaWMsg Name[IPCLtoVHAL] len[6] data[2140216C0000]
12-30 10:41:45.096   398   464 D adayocomadapter-ParseProtocolFunc: printRaWMsg Name[IPCLtoVHAL] len[6] data[214020A60000]
12-30 10:41:45.096   398   464 D adayocomadapter-ParseProtocolFunc: printRaWMsg Name[IPCLtoVHAL] len[6] data[214020FC0000]
12-30 10:41:45.096   398   464 D adayocomadapter-ParseProtocolFunc: printRaWMsg Name[IPCLtoVHAL] len[6] data[214021080000]
12-30 10:41:45.096   398   464 D adayocomadapter-ParseProtocolFunc: printRaWMsg Name[IPCLtoVHAL] len[6] data[2140210A0000]
12-30 10:41:45.096   398   464 D adayocomadapter-ParseProtocolFunc: printRaWMsg Name[IPCLtoVHAL] len[6] data[214020240000]
12-30 10:41:45.096   398   464 D adayocomadapter-ParseProtocolFunc: printRaWMsg Name[IPCLtoVHAL] len[6] data[214021200000]
12-30 10:41:45.096   398   464 D adayocomadapter-ParseProtocolFunc: printRaWMsg Name[IPCLtoVHAL] len[6] data[214021090000]
12-30 10:41:45.096   398   464 D adayocomadapter-ParseProtocolFunc: printRaWMsg Name[IPCLtoVHAL] len[6] data[214020A70000]
12-30 10:41:45.096   398   464 D adayocomadapter-ParseProtocolFunc: printRaWMsg Name[IPCLtoVHAL] len[6] data[2140212E0000]
12-30 10:41:45.096   398   464 D adayocomadapter-ParseProtocolFunc: printRaWMsg Name[IPCLtoVHAL] len[6] data[2140205F0000]
12-30 10:41:45.096   398   464 D adayocomadapter-ParseProtocolFunc: printRaWMsg Name[IPCLtoVHAL] len[6] data[214021000000]
12-30 10:41:45.096   398   464 D adayocomadapter-ParseProtocolFunc: printRaWMsg Name[IPCLtoVHAL] len[7] data[214021A1000000]
12-30 10:41:45.096   398   464 D adayocomadapter-ParseProtocolFunc: printRaWMsg Name[IPCLtoVHAL] len[6] data[214020270000]
12-30 10:41:45.096   398   464 D adayocomadapter-ParseProtocolFunc: printRaWMsg Name[IPCLtoVHAL] len[6] data[214021800000]
12-30 10:41:45.097   398   464 D adayocomadapter-ParseProtocolFunc: printRaWMsg Name[IPCLtoVHAL] len[6] data[2140210B0000]
12-30 10:41:45.097   398   464 D adayocomadapter-ParseProtocolFunc: printRaWMsg Name[IPCLtoVHAL] len[6] data[2140217E0000]
12-30 10:41:45.097   398   464 D adayocomadapter-ParseProtocolFunc: printRaWMsg Name[IPCLtoVHAL] len[6] data[214020FE0000]
12-30 10:41:45.097   398   464 D adayocomadapter-ParseProtocolFunc: printRaWMsg Name[IPCLtoVHAL] len[6] data[214020FF0000]
12-30 10:41:45.097   398   464 D adayocomadapter-ParseProtocolFunc: printRaWMsg Name[IPCLtoVHAL] len[6] data[214021820000]
12-30 10:41:45.097   398   464 D adayocomadapter-CommunicationManager: onUpstreamReceive mPropertyId 0x21102047
12-30 10:41:45.097   398   464 D adayocomadapter-CommunicationManager: byteArrayToHexString  
12-30 10:41:45.097   398   464 I vw-vhal : notifyVehicleProperty, propId = 0x21102047, data = {status: 2, stringValue: "
12-30 10:41:45.097   398   464 I vw-vhal : CanSignalsAdapter::notifyVehicleProperty: solvedValue = {.timestamp = 7440919415551, .areaId = 0, .prop = 554704967, .status = AVAILABLE, .value = {.int32Values = [0]{}, .floatValues = [0]{}, .int64Values = [0]{}, .bytes = [0]{}, .stringValue = ""}}
12-30 10:41:45.097   398   464 I VehiclePropertyStore: begin to write value to Store: {.timestamp = 7440919415551, .areaId = 0, .prop = 554704967, .status = AVAILABLE, .value = {.int32Values = [0]{}, .floatValues = [0]{}, .int64Values = [0]{}, .bytes = [0]{}, .stringValue = ""}}
12-30 10:41:45.097   398   464 I DefaultVehicleHal_v2_0: DefaultVehicleHal::onPropertyValue, value:{.timestamp = 7440919415551, .areaId = 0, .prop = 554704967, .status = AVAILABLE, .value = {.int32Values = [0]{}, .floatValues = [0]{}, .int64Values = [0]{}, .bytes = [0]{}, .stringValue = ""}}
12-30 10:41:45.097   398   464 D DiagPropHandler: is not DiagnosticConfig: 0x21102047
12-30 10:41:45.097   398   464 I VehiclePropertyStore: begin to write value to Store: {.timestamp = 7440919415551, .areaId = 0, .prop = 554704967, .status = AVAILABLE, .value = {.int32Values = [0]{}, .floatValues = [0]{}, .int64Values = [0]{}, .bytes = [0]{}, .stringValue = ""}}
12-30 10:41:45.098   398   464 D adayocomadapter-CommunicationManager: onUpstreamReceive mPropertyId 0x21102047
12-30 10:41:45.098   398   464 D adayocomadapter-CommunicationManager: onUpstreamReceive mPropertyId 0x21402013
12-30 10:41:45.098   398   464 D adayocomadapter-CommunicationManager: convertBytesToInt32Memcpy  0
12-30 10:41:45.098   398   464 I vw-vhal : notifyVehicleProperty, propId = 0x21402013, data = {status: 2, int32Values: [0]}
12-30 10:41:45.098   398   464 I vw-vhal : CanSignalsAdapter::notifyVehicleProperty: solvedValue = {.timestamp = 7440920205551, .areaId = 0, .prop = 557850643, .status = AVAILABLE, .value = {.int32Values = [1]{0}, .floatValues = [0]{}, .int64Values = [0]{}, .bytes = [0]{}, .stringValue = ""}}
12-30 10:41:45.098   398   464 I VehiclePropertyStore: begin to write value to Store: {.timestamp = 7440920205551, .areaId = 0, .prop = 557850643, .status = AVAILABLE, .value = {.int32Values = [1]{0}, .floatValues = [0]{}, .int64Values = [0]{}, .bytes = [0]{}, .stringValue = ""}}
12-30 10:41:45.098   398   464 I DefaultVehicleHal_v2_0: DefaultVehicleHal::onPropertyValue, value:{.timestamp = 7440920205551, .areaId = 0, .prop = 557850643, .status = AVAILABLE, .value = {.int32Values = [1]{0}, .floatValues = [0]{}, .int64Values = [0]{}, .bytes = [0]{}, .stringValue = ""}}
12-30 10:41:45.098   398   464 D DiagPropHandler: is not DiagnosticConfig: 0x21402013
12-30 10:41:45.098   398   464 I VehiclePropertyStore: begin to write value to Store: {.timestamp = 7440920205551, .areaId = 0, .prop = 557850643, .status = AVAILABLE, .value = {.int32Values = [1]{0}, .floatValues = [0]{}, .int64Values = [0]{}, .bytes = [0]{}, .stringValue = ""}}
12-30 10:41:45.098   398   464 D adayocomadapter-CommunicationManager: onUpstreamReceive mPropertyId 0x21402013
12-30 10:41:45.098   398   464 D adayocomadapter-CommunicationManager: onUpstreamReceive mPropertyId 0x2140216c
12-30 10:41:45.098   398   464 D adayocomadapter-CommunicationManager: convertBytesToInt32Memcpy  0
12-30 10:41:45.098   398   464 I vw-vhal : notifyVehicleProperty, propId = 0x2140216c, data = {status: 2, int32Values: [0]}
12-30 10:41:45.099   398   464 I vw-vhal : CanSignalsAdapter::notifyVehicleProperty: solvedValue = {.timestamp = 7440920877551, .areaId = 0, .prop = 557850988, .status = AVAILABLE, .value = {.int32Values = [1]{0}, .floatValues = [0]{}, .int64Values = [0]{}, .bytes = [0]{}, .stringValue = ""}}
12-30 10:41:45.099   398   464 I VehiclePropertyStore: begin to write value to Store: {.timestamp = 7440920877551, .areaId = 0, .prop = 557850988, .status = AVAILABLE, .value = {.int32Values = [1]{0}, .floatValues = [0]{}, .int64Values = [0]{}, .bytes = [0]{}, .stringValue = ""}}
12-30 10:41:45.099   398   464 I DefaultVehicleHal_v2_0: DefaultVehicleHal::onPropertyValue, value:{.timestamp = 7440920877551, .areaId = 0, .prop = 557850988, .status = AVAILABLE, .value = {.int32Values = [1]{0}, .floatValues = [0]{}, .int64Values = [0]{}, .bytes = [0]{}, .stringValue = ""}}
12-30 10:41:45.099   398   464 D DiagPropHandler: is not DiagnosticConfig: 0x2140216c
12-30 10:41:45.099   398   464 I VehiclePropertyStore: begin to write value to Store: {.timestamp = 7440920877551, .areaId = 0, .prop = 557850988, .status = AVAILABLE, .value = {.int32Values = [1]{0}, .floatValues = [0]{}, .int64Values = [0]{}, .bytes = [0]{}, .stringValue = ""}}
12-30 10:41:45.099   398   464 D adayocomadapter-CommunicationManager: onUpstreamReceive mPropertyId 0x2140216c
12-30 10:41:45.099   398   464 D adayocomadapter-CommunicationManager: onUpstreamReceive mPropertyId 0x214020a6
12-30 10:41:45.099   398   464 D adayocomadapter-CommunicationManager: convertBytesToInt32Memcpy  0
12-30 10:41:45.099   398   464 I vw-vhal : notifyVehicleProperty, propId = 0x214020a6, data = {status: 2, int32Values: [0]}
12-30 10:41:45.099   398   464 I vw-vhal : CanSignalsAdapter::notifyVehicleProperty: solvedValue = {.timestamp = 7440921527551, .areaId = 0, .prop = 557850790, .status = AVAILABLE, .value = {.int32Values = [1]{0}, .floatValues = [0]{}, .int64Values = [0]{}, .bytes = [0]{}, .stringValue = ""}}
12-30 10:41:45.099   398   464 I VehiclePropertyStore: begin to write value to Store: {.timestamp = 7440921527551, .areaId = 0, .prop = 557850790, .status = AVAILABLE, .value = {.int32Values = [1]{0}, .floatValues = [0]{}, .int64Values = [0]{}, .bytes = [0]{}, .stringValue = ""}}
12-30 10:41:45.099   398   464 I DefaultVehicleHal_v2_0: DefaultVehicleHal::onPropertyValue, value:{.timestamp = 7440921527551, .areaId = 0, .prop = 557850790, .status = AVAILABLE, .value = {.int32Values = [1]{0}, .floatValues = [0]{}, .int64Values = [0]{}, .bytes = [0]{}, .stringValue = ""}}
12-30 10:41:45.099   398   464 D DiagPropHandler: is not DiagnosticConfig: 0x214020a6
12-30 10:41:45.100   398   464 I VehiclePropertyStore: begin to write value to Store: {.timestamp = 7440921527551, .areaId = 0, .prop = 557850790, .status = AVAILABLE, .value = {.int32Values = [1]{0}, .floatValues = [0]{}, .int64Values = [0]{}, .bytes = [0]{}, .stringValue = ""}}
12-30 10:41:45.100   398   464 D adayocomadapter-CommunicationManager: onUpstreamReceive mPropertyId 0x214020a6
12-30 10:41:45.100   398   464 D adayocomadapter-CommunicationManager: onUpstreamReceive mPropertyId 0x214020fc
12-30 10:41:45.100   398   464 D adayocomadapter-CommunicationManager: convertBytesToInt32Memcpy  0
12-30 10:41:45.100   398   464 I vw-vhal : notifyVehicleProperty, propId = 0x214020fc, data = {status: 2, int32Values: [0]}
12-30 10:41:45.100   398   464 I vw-vhal : CanSignalsAdapter::notifyVehicleProperty: solvedValue = {.timestamp = 7440922190551, .areaId = 0, .prop = 557850876, .status = AVAILABLE, .value = {.int32Values = [1]{0}, .floatValues = [0]{}, .int64Values = [0]{}, .bytes = [0]{}, .stringValue = ""}}
12-30 10:41:45.100   398   464 I VehiclePropertyStore: begin to write value to Store: {.timestamp = 7440922190551, .areaId = 0, .prop = 557850876, .status = AVAILABLE, .value = {.int32Values = [1]{0}, .floatValues = [0]{}, .int64Values = [0]{}, .bytes = [0]{}, .stringValue = ""}}
12-30 10:41:45.100   398   464 I DefaultVehicleHal_v2_0: DefaultVehicleHal::onPropertyValue, value:{.timestamp = 7440922190551, .areaId = 0, .prop = 557850876, .status = AVAILABLE, .value = {.int32Values = [1]{0}, .floatValues = [0]{}, .int64Values = [0]{}, .bytes = [0]{}, .stringValue = ""}}
12-30 10:41:45.100   398   464 D DiagPropHandler: is not DiagnosticConfig: 0x214020fc
12-30 10:41:45.100   398   464 I VehiclePropertyStore: begin to write value to Store: {.timestamp = 7440922190551, .areaId = 0, .prop = 557850876, .status = AVAILABLE, .value = {.int32Values = [1]{0}, .floatValues = [0]{}, .int64Values = [0]{}, .bytes = [0]{}, .stringValue = ""}}
12-30 10:41:45.100   398   464 D adayocomadapter-CommunicationManager: onUpstreamReceive mPropertyId 0x214020fc
12-30 10:41:45.100   398   464 D adayocomadapter-CommunicationManager: onUpstreamReceive mPropertyId 0x21402108
12-30 10:41:45.100   398   464 D adayocomadapter-CommunicationManager: convertBytesToInt32Memcpy  0
12-30 10:41:45.100   398   464 I vw-vhal : notifyVehicleProperty, propId = 0x21402108, data = {status: 2, int32Values: [0]}
12-30 10:41:45.101   398   464 I vw-vhal : CanSignalsAdapter::notifyVehicleProperty: solvedValue = {.timestamp = 7440922855218, .areaId = 0, .prop = 557850888, .status = AVAILABLE, .value = {.int32Values = [1]{0}, .floatValues = [0]{}, .int64Values = [0]{}, .bytes = [0]{}, .stringValue = ""}}
12-30 10:41:45.101   398   464 I VehiclePropertyStore: begin to write value to Store: {.timestamp = 7440922855218, .areaId = 0, .prop = 557850888, .status = AVAILABLE, .value = {.int32Values = [1]{0}, .floatValues = [0]{}, .int64Values = [0]{}, .bytes = [0]{}, .stringValue = ""}}
12-30 10:41:45.101   398   464 I DefaultVehicleHal_v2_0: DefaultVehicleHal::onPropertyValue, value:{.timestamp = 7440922855218, .areaId = 0, .prop = 557850888, .status = AVAILABLE, .value = {.int32Values = [1]{0}, .floatValues = [0]{}, .int64Values = [0]{}, .bytes = [0]{}, .stringValue = ""}}
12-30 10:41:45.101   398   464 D DiagPropHandler: is not DiagnosticConfig: 0x21402108
12-30 10:41:45.101   398   464 I VehiclePropertyStore: begin to write value to Store: {.timestamp = 7440922855218, .areaId = 0, .prop = 557850888, .status = AVAILABLE, .value = {.int32Values = [1]{0}, .floatValues = [0]{}, .int64Values = [0]{}, .bytes = [0]{}, .stringValue = ""}}
12-30 10:41:45.101   398   464 D adayocomadapter-CommunicationManager: onUpstreamReceive mPropertyId 0x21402108
12-30 10:41:45.101   398   464 D adayocomadapter-CommunicationManager: onUpstreamReceive mPropertyId 0x2140210a
12-30 10:41:45.101   398   464 D adayocomadapter-CommunicationManager: convertBytesToInt32Memcpy  0
12-30 10:41:45.101   398   464 I vw-vhal : notifyVehicleProperty, propId = 0x2140210a, data = {status: 2, int32Values: [0]}
12-30 10:41:45.101   398   464 I vw-vhal : CanSignalsAdapter::notifyVehicleProperty: solvedValue = {.timestamp = 7440923506218, .areaId = 0, .prop = 557850890, .status = AVAILABLE, .value = {.int32Values = [1]{0}, .floatValues = [0]{}, .int64Values = [0]{}, .bytes = [0]{}, .stringValue = ""}}
12-30 10:41:45.101   398   464 I VehiclePropertyStore: begin to write value to Store: {.timestamp = 7440923506218, .areaId = 0, .prop = 557850890, .status = AVAILABLE, .value = {.int32Values = [1]{0}, .floatValues = [0]{}, .int64Values = [0]{}, .bytes = [0]{}, .stringValue = ""}}
12-30 10:41:45.101   398   464 I DefaultVehicleHal_v2_0: DefaultVehicleHal::onPropertyValue, value:{.timestamp = 7440923506218, .areaId = 0, .prop = 557850890, .status = AVAILABLE, .value = {.int32Values = [1]{0}, .floatValues = [0]{}, .int64Values = [0]{}, .bytes = [0]{}, .stringValue = ""}}
12-30 10:41:45.101   398   464 D DiagPropHandler: is not DiagnosticConfig: 0x2140210a
12-30 10:41:45.102   398   464 I VehiclePropertyStore: begin to write value to Store: {.timestamp = 7440923506218, .areaId = 0, .prop = 557850890, .status = AVAILABLE, .value = {.int32Values = [1]{0}, .floatValues = [0]{}, .int64Values = [0]{}, .bytes = [0]{}, .stringValue = ""}}
12-30 10:41:45.102   398   464 D adayocomadapter-CommunicationManager: onUpstreamReceive mPropertyId 0x2140210a
12-30 10:41:45.102   398   464 D adayocomadapter-CommunicationManager: onUpstreamReceive mPropertyId 0x21402024
12-30 10:41:45.102   398   464 D adayocomadapter-CommunicationManager: convertBytesToInt32Memcpy  0
12-30 10:41:45.102   398   464 I vw-vhal : notifyVehicleProperty, propId = 0x21402024, data = {status: 2, int32Values: [0]}
12-30 10:41:45.102   398   464 I vw-vhal : CanSignalsAdapter::notifyVehicleProperty: solvedValue = {.timestamp = 7440924251218, .areaId = 0, .prop = 557850660, .status = AVAILABLE, .value = {.int32Values = [1]{0}, .floatValues = [0]{}, .int64Values = [0]{}, .bytes = [0]{}, .stringValue = ""}}
12-30 10:41:45.102   398   464 I VehiclePropertyStore: begin to write value to Store: {.timestamp = 7440924251218, .areaId = 0, .prop = 557850660, .status = AVAILABLE, .value = {.int32Values = [1]{0}, .floatValues = [0]{}, .int64Values = [0]{}, .bytes = [0]{}, .stringValue = ""}}
12-30 10:41:45.102   398   464 I DefaultVehicleHal_v2_0: DefaultVehicleHal::onPropertyValue, value:{.timestamp = 7440924251218, .areaId = 0, .prop = 557850660, .status = AVAILABLE, .value = {.int32Values = [1]{0}, .floatValues = [0]{}, .int64Values = [0]{}, .bytes = [0]{}, .stringValue = ""}}
12-30 10:41:45.102   360   931 D EvsDriver: forwardFrame
12-30 10:41:45.102   398   464 D DiagPropHandler: is not DiagnosticConfig: 0x21402024
12-30 10:41:45.102   360   931 D EvsDriver: forwardFrameDirect
12-30 10:41:45.102   398   464 I VehiclePropertyStore: begin to write value to Store: {.timestamp = 7440924251218, .areaId = 0, .prop = 557850660, .status = AVAILABLE, .value = {.int32Values = [1]{0}, .floatValues = [0]{}, .int64Values = [0]{}, .bytes = [0]{}, .stringValue = ""}}
12-30 10:41:45.102   398   464 D adayocomadapter-CommunicationManager: onUpstreamReceive mPropertyId 0x21402024
12-30 10:41:45.102   398   464 D adayocomadapter-CommunicationManager: onUpstreamReceive mPropertyId 0x21402120
12-30 10:41:45.102   398   464 D adayocomadapter-CommunicationManager: convertBytesToInt32Memcpy  0
12-30 10:41:45.103   398   464 I vw-vhal : notifyVehicleProperty, propId = 0x21402120, data = {status: 2, int32Values: [0]}
12-30 10:41:45.103   360   931 D EvsDriver: Delivered 0xb400e2ca9e40d090 as id 1
12-30 10:41:45.103   398   464 I vw-vhal : CanSignalsAdapter::notifyVehicleProperty: solvedValue = {.timestamp = 7440924911551, .areaId = 0, .prop = 557850912, .status = AVAILABLE, .value = {.int32Values = [1]{0}, .floatValues = [0]{}, .int64Values = [0]{}, .bytes = [0]{}, .stringValue = ""}}
12-30 10:41:45.103   398   464 I VehiclePropertyStore: begin to write value to Store: {.timestamp = 7440924911551, .areaId = 0, .prop = 557850912, .status = AVAILABLE, .value = {.int32Values = [1]{0}, .floatValues = [0]{}, .int64Values = [0]{}, .bytes = [0]{}, .stringValue = ""}}
12-30 10:41:45.103   359  2784 D evsmanagerd: /dev/video-evs0 forwarded the buffer #1 to 0xb400f125d2b26dd0 from 0xb400f125e2b20710
12-30 10:41:45.103   398   464 I DefaultVehicleHal_v2_0: DefaultVehicleHal::onPropertyValue, value:{.timestamp = 7440924911551, .areaId = 0, .prop = 557850912, .status = AVAILABLE, .value = {.int32Values = [1]{0}, .floatValues = [0]{}, .int64Values = [0]{}, .bytes = [0]{}, .stringValue = ""}}
12-30 10:41:45.103   398   464 D DiagPropHandler: is not DiagnosticConfig: 0x21402120
12-30 10:41:45.103   398   464 I VehiclePropertyStore: begin to write value to Store: {.timestamp = 7440924911551, .areaId = 0, .prop = 557850912, .status = AVAILABLE, .value = {.int32Values = [1]{0}, .floatValues = [0]{}, .int64Values = [0]{}, .bytes = [0]{}, .stringValue = ""}}
12-30 10:41:45.103   398   464 D adayocomadapter-CommunicationManager: onUpstreamReceive mPropertyId 0x21402120
12-30 10:41:45.103   398   464 D adayocomadapter-CommunicationManager: onUpstreamReceive mPropertyId 0x21402109
12-30 10:41:45.103   398   464 D adayocomadapter-CommunicationManager: convertBytesToInt32Memcpy  0
12-30 10:41:45.103   398   464 I vw-vhal : notifyVehicleProperty, propId = 0x21402109, data = {status: 2, int32Values: [0]}
12-30 10:41:45.103   398   464 I vw-vhal : CanSignalsAdapter::notifyVehicleProperty: solvedValue = {.timestamp = 7440925555885, .areaId = 0, .prop = 557850889, .status = AVAILABLE, .value = {.int32Values = [1]{0}, .floatValues = [0]{}, .int64Values = [0]{}, .bytes = [0]{}, .stringValue = ""}}
12-30 10:41:45.103   398   464 I VehiclePropertyStore: begin to write value to Store: {.timestamp = 7440925555885, .areaId = 0, .prop = 557850889, .status = AVAILABLE, .value = {.int32Values = [1]{0}, .floatValues = [0]{}, .int64Values = [0]{}, .bytes = [0]{}, .stringValue = ""}}
12-30 10:41:45.103   398   464 I DefaultVehicleHal_v2_0: DefaultVehicleHal::onPropertyValue, value:{.timestamp = 7440925555885, .areaId = 0, .prop = 557850889, .status = AVAILABLE, .value = {.int32Values = [1]{0}, .floatValues = [0]{}, .int64Values = [0]{}, .bytes = [0]{}, .stringValue = ""}}
12-30 10:41:45.103   398   464 D DiagPropHandler: is not DiagnosticConfig: 0x21402109
12-30 10:41:45.104   398   464 I VehiclePropertyStore: begin to write value to Store: {.timestamp = 7440925555885, .areaId = 0, .prop = 557850889, .status = AVAILABLE, .value = {.int32Values = [1]{0}, .floatValues = [0]{}, .int64Values = [0]{}, .bytes = [0]{}, .stringValue = ""}}
12-30 10:41:45.104   398   464 D adayocomadapter-CommunicationManager: onUpstreamReceive mPropertyId 0x21402109
12-30 10:41:45.104   398   464 D adayocomadapter-CommunicationManager: onUpstreamReceive mPropertyId 0x214020a7
12-30 10:41:45.104   398   464 D adayocomadapter-CommunicationManager: convertBytesToInt32Memcpy  0
12-30 10:41:45.104   398   464 I vw-vhal : notifyVehicleProperty, propId = 0x214020a7, data = {status: 2, int32Values: [0]}
12-30 10:41:45.104   398   464 I vw-vhal : CanSignalsAdapter::notifyVehicleProperty: solvedValue = {.timestamp = 7440926194218, .areaId = 0, .prop = 557850791, .status = AVAILABLE, .value = {.int32Values = [1]{0}, .floatValues = [0]{}, .int64Values = [0]{}, .bytes = [0]{}, .stringValue = ""}}
12-30 10:41:45.104   398   464 I VehiclePropertyStore: begin to write value to Store: {.timestamp = 7440926194218, .areaId = 0, .prop = 557850791, .status = AVAILABLE, .value = {.int32Values = [1]{0}, .floatValues = [0]{}, .int64Values = [0]{}, .bytes = [0]{}, .stringValue = ""}}
12-30 10:41:45.104   398   464 I DefaultVehicleHal_v2_0: DefaultVehicleHal::onPropertyValue, value:{.timestamp = 7440926194218, .areaId = 0, .prop = 557850791, .status = AVAILABLE, .value = {.int32Values = [1]{0}, .floatValues = [0]{}, .int64Values = [0]{}, .bytes = [0]{}, .stringValue = ""}}
12-30 10:41:45.104   398   464 D DiagPropHandler: is not DiagnosticConfig: 0x214020a7
