12-30 10:41:45.903   398   464 I vw-vhal : CanSignalsAdapter::notifyVehicleProperty: solvedValue = {.timestamp = 7441725009885, .areaId = 0, .prop = 557851147, .status = AVAILABLE, .value = {.int32Values = [1]{0}, .floatValues = [0]{}, .int64Values = [0]{}, .bytes = [0]{}, .stringValue = ""}}
12-30 10:41:45.903   398   464 I VehiclePropertyStore: begin to write value to Store: {.timestamp = 7441725009885, .areaId = 0, .prop = 557851147, .status = AVAILABLE, .value = {.int32Values = [1]{0}, .floatValues = [0]{}, .int64Values = [0]{}, .bytes = [0]{}, .stringValue = ""}}
12-30 10:41:45.903   398   464 I DefaultVehicleHal_v2_0: DefaultVehicleHal::onPropertyValue, value:{.timestamp = 7441725009885, .areaId = 0, .prop = 557851147, .status = AVAILABLE, .value = {.int32Values = [1]{0}, .floatValues = [0]{}, .int64Values = [0]{}, .bytes = [0]{}, .stringValue = ""}}
12-30 10:41:45.903   398   464 D DiagPropHandler: is not DiagnosticConfig: 0x2140220b
12-30 10:41:45.903   398   464 I VehiclePropertyStore: begin to write value to Store: {.timestamp = 7441725009885, .areaId = 0, .prop = 557851147, .status = AVAILABLE, .value = {.int32Values = [1]{0}, .floatValues = [0]{}, .int64Values = [0]{}, .bytes = [0]{}, .stringValue = ""}}
12-30 10:41:45.903   398   464 D adayocomadapter-CommunicationManager: onUpstreamReceive mPropertyId 0x2140220b
12-30 10:41:45.906   360   458 D EvsDriver: doneWithFrame
12-30 10:41:45.935   596  3076 E WifiHAL : Invalid data received from driver
12-30 10:41:45.935   360   931 D EvsDriver: forwardFrame
12-30 10:41:45.935   360   931 D EvsDriver: forwardFrameDirect
12-30 10:41:45.936   360   931 D EvsDriver: Delivered 0xb400e2ca9e40e110 as id 0
12-30 10:41:45.936   359  2784 D evsmanagerd: /dev/video-evs0 forwarded the buffer #0 to 0xb400f125d2b26dd0 from 0xb400f125e2b20710
12-30 10:41:45.936   360   458 D EvsDriver: doneWithFrame
12-30 10:41:45.942  2358  2623 D RcfController: Rcf proxy is not connected!
12-30 10:41:45.969   360   931 D EvsDriver: forwardFrame
12-30 10:41:45.969   360   931 D EvsDriver: forwardFrameDirect
12-30 10:41:45.969   360   931 D EvsDriver: Delivered 0xb400e2ca9e40c7a0 as id 1
12-30 10:41:45.969   596  3076 E WifiHAL : Invalid data received from driver
12-30 10:41:45.969   596  3076 E WifiHAL : Invalid data received from driver
12-30 10:41:45.969   596  3076 E WifiHAL : Invalid data received from driver
12-30 10:41:45.969   596  3076 E WifiHAL : Invalid data received from driver
12-30 10:41:45.969   359  2784 D evsmanagerd: /dev/video-evs0 forwarded the buffer #1 to 0xb400f125d2b26dd0 from 0xb400f125e2b20710
12-30 10:41:45.969   596  3076 E WifiHAL : Invalid data received from driver
12-30 10:41:45.969   596  3076 E WifiHAL : Invalid data received from driver
12-30 10:41:45.969   596  3076 E WifiHAL : Invalid data received from driver
12-30 10:41:45.977   360   458 D EvsDriver: doneWithFrame
12-30 10:41:45.993  2358  2623 D RcfController: Rcf proxy is not connected!
12-30 10:41:46.002   360   931 D EvsDriver: forwardFrame
12-30 10:41:46.002   360   931 D EvsDriver: forwardFrameDirect
12-30 10:41:46.002   360   931 D EvsDriver: Delivered 0xb400e2ca9e40e270 as id 0
12-30 10:41:46.002   359  2784 D evsmanagerd: /dev/video-evs0 forwarded the buffer #0 to 0xb400f125d2b26dd0 from 0xb400f125e2b20710
12-30 10:41:46.007   360   458 D EvsDriver: doneWithFrame
12-30 10:41:46.009 29650 29650 I ADAYO_LOG_TRACE_RESOURCE: execute interrupt
12-30 10:41:46.011  1667  2407 I media_message_log->MediaMessageProxy: (SourceFile:1)b connectToService action bind
12-30 10:41:46.011   916  5915 W ActivityManager: Unable to start service Intent { cmp=com.adayo.server.mediamessagetransfer/.MediaMessTransferService (has extras) } U=0: not found
12-30 10:41:46.012   650   729 D fgemcucomm: sd Uart data : 6AA602E851000292022F
12-30 10:41:46.012  1667  2407 E media_message_log->MediaMessageProxy: (SourceFile:7)a bindServiceAsUser isBound = false
12-30 10:41:46.012   650   729 D fgemcucomm: rev uart=61516,len=23, data : 6AA681E851000F9202001500000000000000000000008E
12-30 10:41:46.012   398  2883 D adayocomadapter-ParseProtocolFunc: printRaWMsg Name[MCUToUPstream recv] len[15] data[920200150000000000000000000000]
12-30 10:41:46.012   398  2883 D adayocomadapter-CommunicationManager: onUpstreamback   member[0] dataLength[12] timePoint[7441834]
12-30 10:41:46.012   398  2883 D adayocomadapter-ParseProtocolFunc: printRaWMsg Name[onUpstreamback] len[12] data[150000000000000000000000]
12-30 10:41:46.012   398   464 D adayocomadapter-UpstreamHandler: processBeforePacket upSreamtProcessTimePoint[7441834] 
12-30 10:41:46.012   398   464 D adayocomadapter-UpstreamHandler: processPacket UPSTREAM_QUEUE_DATA_TIMEOUT
12-30 10:41:46.012   398   464 D adayocomadapter-ParseProtocolFunc: parseCommonIPCLBytes Processing tableNumber[21]
12-30 10:41:46.012   398   464 D adayocomadapter-ParseProtocolFunc: parseCommonIPCLBytes Processing tablename[Table-21] tableSize[12]
12-30 10:41:46.012   398   464 D adayocomadapter-ParseProtocolFunc: printRaWMsg Name[byteStream recv] len[12] data[150000000000000000000000]
12-30 10:41:46.012   398   464 D adayocomadapter-ParseProtocolFunc: printRaWMsg Name[IPCLtoVHAL] len[6] data[2140208B0000]
12-30 10:41:46.012   596  3076 E WifiHAL : Invalid data received from driver
12-30 10:41:46.012   398   464 D adayocomadapter-ParseProtocolFunc: printRaWMsg Name[IPCLtoVHAL] len[6] data[214021930000]
12-30 10:41:46.012   398   464 D adayocomadapter-ParseProtocolFunc: printRaWMsg Name[IPCLtoVHAL] len[6] data[2140208C0000]
12-30 10:41:46.012   398   464 D adayocomadapter-ParseProtocolFunc: printRaWMsg Name[IPCLtoVHAL] len[6] data[214021940000]
12-30 10:41:46.012   398   464 D adayocomadapter-ParseProtocolFunc: printRaWMsg Name[IPCLtoVHAL] len[6] data[2140208D0000]
12-30 10:41:46.012   398   464 D adayocomadapter-ParseProtocolFunc: printRaWMsg Name[IPCLtoVHAL] len[6] data[214021950000]
12-30 10:41:46.012   398   464 D adayocomadapter-ParseProtocolFunc: printRaWMsg Name[IPCLtoVHAL] len[6] data[214021920000]
12-30 10:41:46.012   398   464 D adayocomadapter-ParseProtocolFunc: printRaWMsg Name[IPCLtoVHAL] len[6] data[2140208A0000]
12-30 10:41:46.012   398   464 D adayocomadapter-ParseProtocolFunc: printRaWMsg Name[IPCLtoVHAL] len[6] data[214021960000]
12-30 10:41:46.012   398   464 D adayocomadapter-ParseProtocolFunc: printRaWMsg Name[IPCLtoVHAL] len[6] data[214021970000]
12-30 10:41:46.012   398   464 D adayocomadapter-ParseProtocolFunc: printRaWMsg Name[IPCLtoVHAL] len[6] data[214021990000]
12-30 10:41:46.012   398   464 D adayocomadapter-CommunicationManager: onUpstreamReceive mPropertyId 0x2140208b
12-30 10:41:46.012   398   464 D adayocomadapter-CommunicationManager: convertBytesToInt32Memcpy  0
12-30 10:41:46.012   398   464 I vw-vhal : notifyVehicleProperty, propId = 0x2140208b, data = {status: 2, int32Values: [0]}
12-30 10:41:46.012   398   464 I vw-vhal : CanSignalsAdapter::notifyVehicleProperty: solvedValue = {.timestamp = 7441834798218, .areaId = 0, .prop = 557850763, .status = AVAILABLE, .value = {.int32Values = [1]{0}, .floatValues = [0]{}, .int64Values = [0]{}, .bytes = [0]{}, .stringValue = ""}}
12-30 10:41:46.013   398   464 I VehiclePropertyStore: begin to write value to Store: {.timestamp = 7441834798218, .areaId = 0, .prop = 557850763, .status = AVAILABLE, .value = {.int32Values = [1]{0}, .floatValues = [0]{}, .int64Values = [0]{}, .bytes = [0]{}, .stringValue = ""}}
12-30 10:41:46.013   398   464 I DefaultVehicleHal_v2_0: DefaultVehicleHal::onPropertyValue, value:{.timestamp = 7441834798218, .areaId = 0, .prop = 557850763, .status = AVAILABLE, .value = {.int32Values = [1]{0}, .floatValues = [0]{}, .int64Values = [0]{}, .bytes = [0]{}, .stringValue = ""}}
12-30 10:41:46.013   398   464 D DiagPropHandler: is not DiagnosticConfig: 0x2140208b
12-30 10:41:46.013   398   464 I VehiclePropertyStore: begin to write value to Store: {.timestamp = 7441834798218, .areaId = 0, .prop = 557850763, .status = AVAILABLE, .value = {.int32Values = [1]{0}, .floatValues = [0]{}, .int64Values = [0]{}, .bytes = [0]{}, .stringValue = ""}}
12-30 10:41:46.013   398   464 D adayocomadapter-CommunicationManager: onUpstreamReceive mPropertyId 0x2140208b
12-30 10:41:46.013   398   464 D adayocomadapter-CommunicationManager: onUpstreamReceive mPropertyId 0x21402193
12-30 10:41:46.013   398   464 D adayocomadapter-CommunicationManager: convertBytesToInt32Memcpy  0
12-30 10:41:46.013   398   464 I vw-vhal : notifyVehicleProperty, propId = 0x21402193, data = {status: 2, int32Values: [0]}
12-30 10:41:46.013   398   464 I vw-vhal : CanSignalsAdapter::notifyVehicleProperty: solvedValue = {.timestamp = 7441835028551, .areaId = 0, .prop = 557851027, .status = AVAILABLE, .value = {.int32Values = [1]{0}, .floatValues = [0]{}, .int64Values = [0]{}, .bytes = [0]{}, .stringValue = ""}}
12-30 10:41:46.013   398   464 I VehiclePropertyStore: begin to write value to Store: {.timestamp = 7441835028551, .areaId = 0, .prop = 557851027, .status = AVAILABLE, .value = {.int32Values = [1]{0}, .floatValues = [0]{}, .int64Values = [0]{}, .bytes = [0]{}, .stringValue = ""}}
12-30 10:41:46.013   398   464 I DefaultVehicleHal_v2_0: DefaultVehicleHal::onPropertyValue, value:{.timestamp = 7441835028551, .areaId = 0, .prop = 557851027, .status = AVAILABLE, .value = {.int32Values = [1]{0}, .floatValues = [0]{}, .int64Values = [0]{}, .bytes = [0]{}, .stringValue = ""}}
12-30 10:41:46.013   398   464 D DiagPropHandler: is not DiagnosticConfig: 0x21402193
12-30 10:41:46.013   398   464 I VehiclePropertyStore: begin to write value to Store: {.timestamp = 7441835028551, .areaId = 0, .prop = 557851027, .status = AVAILABLE, .value = {.int32Values = [1]{0}, .floatValues = [0]{}, .int64Values = [0]{}, .bytes = [0]{}, .stringValue = ""}}
12-30 10:41:46.013   398   464 D adayocomadapter-CommunicationManager: onUpstreamReceive mPropertyId 0x21402193
12-30 10:41:46.013   398   464 D adayocomadapter-CommunicationManager: onUpstreamReceive mPropertyId 0x2140208c
12-30 10:41:46.013   398   464 D adayocomadapter-CommunicationManager: convertBytesToInt32Memcpy  0
12-30 10:41:46.013   398   464 I vw-vhal : notifyVehicleProperty, propId = 0x2140208c, data = {status: 2, int32Values: [0]}
12-30 10:41:46.013   398   464 I vw-vhal : CanSignalsAdapter::notifyVehicleProperty: solvedValue = {.timestamp = 7441835222885, .areaId = 0, .prop = 557850764, .status = AVAILABLE, .value = {.int32Values = [1]{0}, .floatValues = [0]{}, .int64Values = [0]{}, .bytes = [0]{}, .stringValue = ""}}
12-30 10:41:46.013   398   464 I VehiclePropertyStore: begin to write value to Store: {.timestamp = 7441835222885, .areaId = 0, .prop = 557850764, .status = AVAILABLE, .value = {.int32Values = [1]{0}, .floatValues = [0]{}, .int64Values = [0]{}, .bytes = [0]{}, .stringValue = ""}}
12-30 10:41:46.013   398   464 I DefaultVehicleHal_v2_0: DefaultVehicleHal::onPropertyValue, value:{.timestamp = 7441835222885, .areaId = 0, .prop = 557850764, .status = AVAILABLE, .value = {.int32Values = [1]{0}, .floatValues = [0]{}, .int64Values = [0]{}, .bytes = [0]{}, .stringValue = ""}}
12-30 10:41:46.013   398   464 D DiagPropHandler: is not DiagnosticConfig: 0x2140208c
12-30 10:41:46.013   398   464 I VehiclePropertyStore: begin to write value to Store: {.timestamp = 7441835222885, .areaId = 0, .prop = 557850764, .status = AVAILABLE, .value = {.int32Values = [1]{0}, .floatValues = [0]{}, .int64Values = [0]{}, .bytes = [0]{}, .stringValue = ""}}
12-30 10:41:46.013   398   464 D adayocomadapter-CommunicationManager: onUpstreamReceive mPropertyId 0x2140208c
12-30 10:41:46.013   398   464 D adayocomadapter-CommunicationManager: onUpstreamReceive mPropertyId 0x21402194
12-30 10:41:46.013   398   464 D adayocomadapter-CommunicationManager: convertBytesToInt32Memcpy  0
12-30 10:41:46.013   398   464 I vw-vhal : notifyVehicleProperty, propId = 0x21402194, data = {status: 2, int32Values: [0]}
12-30 10:41:46.013   398   464 I vw-vhal : CanSignalsAdapter::notifyVehicleProperty: solvedValue = {.timestamp = 7441835419551, .areaId = 0, .prop = 557851028, .status = AVAILABLE, .value = {.int32Values = [1]{0}, .floatValues = [0]{}, .int64Values = [0]{}, .bytes = [0]{}, .stringValue = ""}}
12-30 10:41:46.013   398   464 I VehiclePropertyStore: begin to write value to Store: {.timestamp = 7441835419551, .areaId = 0, .prop = 557851028, .status = AVAILABLE, .value = {.int32Values = [1]{0}, .floatValues = [0]{}, .int64Values = [0]{}, .bytes = [0]{}, .stringValue = ""}}
12-30 10:41:46.013   398   464 I DefaultVehicleHal_v2_0: DefaultVehicleHal::onPropertyValue, value:{.timestamp = 7441835419551, .areaId = 0, .prop = 557851028, .status = AVAILABLE, .value = {.int32Values = [1]{0}, .floatValues = [0]{}, .int64Values = [0]{}, .bytes = [0]{}, .stringValue = ""}}
12-30 10:41:46.013   398   464 D DiagPropHandler: is not DiagnosticConfig: 0x21402194
12-30 10:41:46.013   398   464 I VehiclePropertyStore: begin to write value to Store: {.timestamp = 7441835419551, .areaId = 0, .prop = 557851028, .status = AVAILABLE, .value = {.int32Values = [1]{0}, .floatValues = [0]{}, .int64Values = [0]{}, .bytes = [0]{}, .stringValue = ""}}
12-30 10:41:46.013   398   464 D adayocomadapter-CommunicationManager: onUpstreamReceive mPropertyId 0x21402194
12-30 10:41:46.013   398   464 D adayocomadapter-CommunicationManager: onUpstreamReceive mPropertyId 0x2140208d
12-30 10:41:46.013   398   464 D adayocomadapter-CommunicationManager: convertBytesToInt32Memcpy  0
12-30 10:41:46.013   398   464 I vw-vhal : notifyVehicleProperty, propId = 0x2140208d, data = {status: 2, int32Values: [0]}
12-30 10:41:46.013   398   464 I vw-vhal : CanSignalsAdapter::notifyVehicleProperty: solvedValue = {.timestamp = 7441835622551, .areaId = 0, .prop = 557850765, .status = AVAILABLE, .value = {.int32Values = [1]{0}, .floatValues = [0]{}, .int64Values = [0]{}, .bytes = [0]{}, .stringValue = ""}}
12-30 10:41:46.013   398   464 I VehiclePropertyStore: begin to write value to Store: {.timestamp = 7441835622551, .areaId = 0, .prop = 557850765, .status = AVAILABLE, .value = {.int32Values = [1]{0}, .floatValues = [0]{}, .int64Values = [0]{}, .bytes = [0]{}, .stringValue = ""}}
12-30 10:41:46.013   398   464 I DefaultVehicleHal_v2_0: DefaultVehicleHal::onPropertyValue, value:{.timestamp = 7441835622551, .areaId = 0, .prop = 557850765, .status = AVAILABLE, .value = {.int32Values = [1]{0}, .floatValues = [0]{}, .int64Values = [0]{}, .bytes = [0]{}, .stringValue = ""}}
12-30 10:41:46.013   398   464 D DiagPropHandler: is not DiagnosticConfig: 0x2140208d
12-30 10:41:46.013   398   464 I VehiclePropertyStore: begin to write value to Store: {.timestamp = 7441835622551, .areaId = 0, .prop = 557850765, .status = AVAILABLE, .value = {.int32Values = [1]{0}, .floatValues = [0]{}, .int64Values = [0]{}, .bytes = [0]{}, .stringValue = ""}}
12-30 10:41:46.013   398   464 D adayocomadapter-CommunicationManager: onUpstreamReceive mPropertyId 0x2140208d
12-30 10:41:46.013   398   464 D adayocomadapter-CommunicationManager: onUpstreamReceive mPropertyId 0x21402195
12-30 10:41:46.013   398   464 D adayocomadapter-CommunicationManager: convertBytesToInt32Memcpy  0
12-30 10:41:46.013   398   464 I vw-vhal : notifyVehicleProperty, propId = 0x21402195, data = {status: 2, int32Values: [0]}
12-30 10:41:46.013   398   464 I vw-vhal : CanSignalsAdapter::notifyVehicleProperty: solvedValue = {.timestamp = 7441835819218, .areaId = 0, .prop = 557851029, .status = AVAILABLE, .value = {.int32Values = [1]{0}, .floatValues = [0]{}, .int64Values = [0]{}, .bytes = [0]{}, .stringValue = ""}}
12-30 10:41:46.014   398   464 I VehiclePropertyStore: begin to write value to Store: {.timestamp = 7441835819218, .areaId = 0, .prop = 557851029, .status = AVAILABLE, .value = {.int32Values = [1]{0}, .floatValues = [0]{}, .int64Values = [0]{}, .bytes = [0]{}, .stringValue = ""}}
12-30 10:41:46.014   398   464 I DefaultVehicleHal_v2_0: DefaultVehicleHal::onPropertyValue, value:{.timestamp = 7441835819218, .areaId = 0, .prop = 557851029, .status = AVAILABLE, .value = {.int32Values = [1]{0}, .floatValues = [0]{}, .int64Values = [0]{}, .bytes = [0]{}, .stringValue = ""}}
12-30 10:41:46.014   398   464 D DiagPropHandler: is not DiagnosticConfig: 0x21402195
12-30 10:41:46.014   398   464 I VehiclePropertyStore: begin to write value to Store: {.timestamp = 7441835819218, .areaId = 0, .prop = 557851029, .status = AVAILABLE, .value = {.int32Values = [1]{0}, .floatValues = [0]{}, .int64Values = [0]{}, .bytes = [0]{}, .stringValue = ""}}
12-30 10:41:46.014   398   464 D adayocomadapter-CommunicationManager: onUpstreamReceive mPropertyId 0x21402195
12-30 10:41:46.014   398   464 D adayocomadapter-CommunicationManager: onUpstreamReceive mPropertyId 0x21402192
12-30 10:41:46.014   398   464 D adayocomadapter-CommunicationManager: convertBytesToInt32Memcpy  0
12-30 10:41:46.014   398   464 I vw-vhal : notifyVehicleProperty, propId = 0x21402192, data = {status: 2, int32Values: [0]}
12-30 10:41:46.014   398   464 I vw-vhal : CanSignalsAdapter::notifyVehicleProperty: solvedValue = {.timestamp = 7441836113885, .areaId = 0, .prop = 557851026, .status = AVAILABLE, .value = {.int32Values = [1]{0}, .floatValues = [0]{}, .int64Values = [0]{}, .bytes = [0]{}, .stringValue = ""}}
12-30 10:41:46.014   398   464 I VehiclePropertyStore: begin to write value to Store: {.timestamp = 7441836113885, .areaId = 0, .prop = 557851026, .status = AVAILABLE, .value = {.int32Values = [1]{0}, .floatValues = [0]{}, .int64Values = [0]{}, .bytes = [0]{}, .stringValue = ""}}
12-30 10:41:46.014   398   464 I DefaultVehicleHal_v2_0: DefaultVehicleHal::onPropertyValue, value:{.timestamp = 7441836113885, .areaId = 0, .prop = 557851026, .status = AVAILABLE, .value = {.int32Values = [1]{0}, .floatValues = [0]{}, .int64Values = [0]{}, .bytes = [0]{}, .stringValue = ""}}
12-30 10:41:46.014   398   464 D DiagPropHandler: is not DiagnosticConfig: 0x21402192
12-30 10:41:46.014   398   464 I VehiclePropertyStore: begin to write value to Store: {.timestamp = 7441836113885, .areaId = 0, .prop = 557851026, .status = AVAILABLE, .value = {.int32Values = [1]{0}, .floatValues = [0]{}, .int64Values = [0]{}, .bytes = [0]{}, .stringValue = ""}}
12-30 10:41:46.014   398   464 D adayocomadapter-CommunicationManager: onUpstreamReceive mPropertyId 0x21402192
12-30 10:41:46.014   398   464 D adayocomadapter-CommunicationManager: onUpstreamReceive mPropertyId 0x2140208a
12-30 10:41:46.014   398   464 D adayocomadapter-CommunicationManager: convertBytesToInt32Memcpy  0
12-30 10:41:46.014   398   464 I vw-vhal : notifyVehicleProperty, propId = 0x2140208a, data = {status: 2, int32Values: [0]}
12-30 10:41:46.014   398   464 I vw-vhal : CanSignalsAdapter::notifyVehicleProperty: solvedValue = {.timestamp = 7441836316551, .areaId = 0, .prop = 557850762, .status = AVAILABLE, .value = {.int32Values = [1]{0}, .floatValues = [0]{}, .int64Values = [0]{}, .bytes = [0]{}, .stringValue = ""}}
12-30 10:41:46.014   398   464 I VehiclePropertyStore: begin to write value to Store: {.timestamp = 7441836316551, .areaId = 0, .prop = 557850762, .status = AVAILABLE, .value = {.int32Values = [1]{0}, .floatValues = [0]{}, .int64Values = [0]{}, .bytes = [0]{}, .stringValue = ""}}
12-30 10:41:46.014   398   464 I DefaultVehicleHal_v2_0: DefaultVehicleHal::onPropertyValue, value:{.timestamp = 7441836316551, .areaId = 0, .prop = 557850762, .status = AVAILABLE, .value = {.int32Values = [1]{0}, .floatValues = [0]{}, .int64Values = [0]{}, .bytes = [0]{}, .stringValue = ""}}
12-30 10:41:46.014   398   464 D DiagPropHandler: is not DiagnosticConfig: 0x2140208a
12-30 10:41:46.014   398   464 I VehiclePropertyStore: begin to write value to Store: {.timestamp = 7441836316551, .areaId = 0, .prop = 557850762, .status = AVAILABLE, .value = {.int32Values = [1]{0}, .floatValues = [0]{}, .int64Values = [0]{}, .bytes = [0]{}, .stringValue = ""}}
12-30 10:41:46.014   398   464 D adayocomadapter-CommunicationManager: onUpstreamReceive mPropertyId 0x2140208a
12-30 10:41:46.014   398   464 D adayocomadapter-CommunicationManager: onUpstreamReceive mPropertyId 0x21402196
12-30 10:41:46.014   398   464 D adayocomadapter-CommunicationManager: convertBytesToInt32Memcpy  0
12-30 10:41:46.014   398   464 I vw-vhal : notifyVehicleProperty, propId = 0x21402196, data = {status: 2, int32Values: [0]}
12-30 10:41:46.014   398   464 I vw-vhal : CanSignalsAdapter::notifyVehicleProperty: solvedValue = {.timestamp = 7441836510885, .areaId = 0, .prop = 557851030, .status = AVAILABLE, .value = {.int32Values = [1]{0}, .floatValues = [0]{}, .int64Values = [0]{}, .bytes = [0]{}, .stringValue = ""}}
12-30 10:41:46.014   398   464 I VehiclePropertyStore: begin to write value to Store: {.timestamp = 7441836510885, .areaId = 0, .prop = 557851030, .status = AVAILABLE, .value = {.int32Values = [1]{0}, .floatValues = [0]{}, .int64Values = [0]{}, .bytes = [0]{}, .stringValue = ""}}
12-30 10:41:46.014   398   464 I DefaultVehicleHal_v2_0: DefaultVehicleHal::onPropertyValue, value:{.timestamp = 7441836510885, .areaId = 0, .prop = 557851030, .status = AVAILABLE, .value = {.int32Values = [1]{0}, .floatValues = [0]{}, .int64Values = [0]{}, .bytes = [0]{}, .stringValue = ""}}
12-30 10:41:46.014   398   464 D DiagPropHandler: is not DiagnosticConfig: 0x21402196
12-30 10:41:46.014   398   464 I VehiclePropertyStore: begin to write value to Store: {.timestamp = 7441836510885, .areaId = 0, .prop = 557851030, .status = AVAILABLE, .value = {.int32Values = [1]{0}, .floatValues = [0]{}, .int64Values = [0]{}, .bytes = [0]{}, .stringValue = ""}}
12-30 10:41:46.014   398   464 D adayocomadapter-CommunicationManager: onUpstreamReceive mPropertyId 0x21402196
12-30 10:41:46.014   398   464 D adayocomadapter-CommunicationManager: onUpstreamReceive mPropertyId 0x21402197
12-30 10:41:46.014   398   464 D adayocomadapter-CommunicationManager: convertBytesToInt32Memcpy  0
12-30 10:41:46.014   398   464 I vw-vhal : notifyVehicleProperty, propId = 0x21402197, data = {status: 2, int32Values: [0]}
12-30 10:41:46.014   398   464 I vw-vhal : CanSignalsAdapter::notifyVehicleProperty: solvedValue = {.timestamp = 7441836703551, .areaId = 0, .prop = 557851031, .status = AVAILABLE, .value = {.int32Values = [1]{0}, .floatValues = [0]{}, .int64Values = [0]{}, .bytes = [0]{}, .stringValue = ""}}
12-30 10:41:46.014   398   464 I VehiclePropertyStore: begin to write value to Store: {.timestamp = 7441836703551, .areaId = 0, .prop = 557851031, .status = AVAILABLE, .value = {.int32Values = [1]{0}, .floatValues = [0]{}, .int64Values = [0]{}, .bytes = [0]{}, .stringValue = ""}}
12-30 10:41:46.014   398   464 I DefaultVehicleHal_v2_0: DefaultVehicleHal::onPropertyValue, value:{.timestamp = 7441836703551, .areaId = 0, .prop = 557851031, .status = AVAILABLE, .value = {.int32Values = [1]{0}, .floatValues = [0]{}, .int64Values = [0]{}, .bytes = [0]{}, .stringValue = ""}}
12-30 10:41:46.014   398   464 D DiagPropHandler: is not DiagnosticConfig: 0x21402197
12-30 10:41:46.014   398   464 I VehiclePropertyStore: begin to write value to Store: {.timestamp = 7441836703551, .areaId = 0, .prop = 557851031, .status = AVAILABLE, .value = {.int32Values = [1]{0}, .floatValues = [0]{}, .int64Values = [0]{}, .bytes = [0]{}, .stringValue = ""}}
12-30 10:41:46.014   398   464 D adayocomadapter-CommunicationManager: onUpstreamReceive mPropertyId 0x21402197
12-30 10:41:46.014   398   464 D adayocomadapter-CommunicationManager: onUpstreamReceive mPropertyId 0x21402199
12-30 10:41:46.015   398   464 D adayocomadapter-CommunicationManager: convertBytesToInt32Memcpy  0
12-30 10:41:46.015   398   464 I vw-vhal : notifyVehicleProperty, propId = 0x21402199, data = {status: 2, int32Values: [0]}
12-30 10:41:46.015   398   464 I vw-vhal : CanSignalsAdapter::notifyVehicleProperty: solvedValue = {.timestamp = 7441836896885, .areaId = 0, .prop = 557851033, .status = AVAILABLE, .value = {.int32Values = [1]{0}, .floatValues = [0]{}, .int64Values = [0]{}, .bytes = [0]{}, .stringValue = ""}}
12-30 10:41:46.015   398   464 I VehiclePropertyStore: begin to write value to Store: {.timestamp = 7441836896885, .areaId = 0, .prop = 557851033, .status = AVAILABLE, .value = {.int32Values = [1]{0}, .floatValues = [0]{}, .int64Values = [0]{}, .bytes = [0]{}, .stringValue = ""}}
12-30 10:41:46.015   398   464 I DefaultVehicleHal_v2_0: DefaultVehicleHal::onPropertyValue, value:{.timestamp = 7441836896885, .areaId = 0, .prop = 557851033, .status = AVAILABLE, .value = {.int32Values = [1]{0}, .floatValues = [0]{}, .int64Values = [0]{}, .bytes = [0]{}, .stringValue = ""}}
12-30 10:41:46.015   398   464 D DiagPropHandler: is not DiagnosticConfig: 0x21402199
12-30 10:41:46.015   398   464 I VehiclePropertyStore: begin to write value to Store: {.timestamp = 7441836896885, .areaId = 0, .prop = 557851033, .status = AVAILABLE, .value = {.int32Values = [1]{0}, .floatValues = [0]{}, .int64Values = [0]{}, .bytes = [0]{}, .stringValue = ""}}
12-30 10:41:46.015   398   464 D adayocomadapter-CommunicationManager: onUpstreamReceive mPropertyId 0x21402199
12-30 10:41:46.031 29651 29651 I ADAYO_LOG_TRACE_RESOURCE: execute end
12-30 10:41:46.035   360   931 D EvsDriver: forwardFrame
12-30 10:41:46.035   360   931 D EvsDriver: forwardFrameDirect
12-30 10:41:46.036   360   931 D EvsDriver: Delivered 0xb400e2ca9e40d4b0 as id 1
12-30 10:41:46.036   359  2784 D evsmanagerd: /dev/video-evs0 forwarded the buffer #1 to 0xb400f125d2b26dd0 from 0xb400f125e2b20710
12-30 10:41:46.037   360   458 D EvsDriver: doneWithFrame
12-30 10:41:46.043  2358  2623 D RcfController: Rcf proxy is not connected!
12-30 10:41:46.069   360   931 D EvsDriver: forwardFrame
12-30 10:41:46.069   360   931 D EvsDriver: forwardFrameDirect
12-30 10:41:46.069   360   931 D EvsDriver: Delivered 0xb400e2ca9e40c2d0 as id 0
12-30 10:41:46.069   359  2784 D evsmanagerd: /dev/video-evs0 forwarded the buffer #0 to 0xb400f125d2b26dd0 from 0xb400f125e2b20710
12-30 10:41:46.078   360   458 D EvsDriver: doneWithFrame
12-30 10:41:46.079 29652 29652 I flags_health_check: ServerConfigurableFlagsReset reset_mode value: 1
12-30 10:41:46.079 29652 29652 I flags_health_check: ServerConfigurableFlagsReset updatable crashing detected, resetting flags.
12-30 10:41:46.084   596  3076 E WifiHAL : Invalid data received from driver
12-30 10:41:46.089   798 29629 W adbd    : timed out while waiting for FUNCTIONFS_BIND, trying again
12-30 10:41:46.090   798 29629 I adbd    : UsbFfs: connection terminated: monitor thread finished
12-30 10:41:46.090   798   798 I adbd    : UsbFfs: already offline
12-30 10:41:46.090   798   798 I adbd    : destroying transport UsbFfs
12-30 10:41:46.090   798   798 I adbd    : UsbFfsConnection being destroyed
12-30 10:41:46.093  2358  2623 D RcfController: Rcf proxy is not connected!
12-30 10:41:46.102   360   931 D EvsDriver: forwardFrame
12-30 10:41:46.102   360   931 D EvsDriver: forwardFrameDirect
12-30 10:41:46.102   360   931 D EvsDriver: Delivered 0xb400e2ca9e40d090 as id 1
12-30 10:41:46.102   359  2784 D evsmanagerd: /dev/video-evs0 forwarded the buffer #1 to 0xb400f125d2b26dd0 from 0xb400f125e2b20710
12-30 10:41:46.108   360   458 D EvsDriver: doneWithFrame
12-30 10:41:46.135   360   931 D EvsDriver: forwardFrame
12-30 10:41:46.135   360   931 D EvsDriver: forwardFrameDirect
12-30 10:41:46.136   360   931 D EvsDriver: Delivered 0xb400e2ca9e40e110 as id 0
12-30 10:41:46.136   359  2784 D evsmanagerd: /dev/video-evs0 forwarded the buffer #0 to 0xb400f125d2b26dd0 from 0xb400f125e2b20710
12-30 10:41:46.138   360   458 D EvsDriver: doneWithFrame
12-30 10:41:46.142   798   838 I adbd    : opening control endpoint /dev/usb-ffs/adb/ep0
12-30 10:41:46.143   798   838 I adbd    : UsbFfsConnection constructed
12-30 10:41:46.143   798 29653 I adbd    : UsbFfs-monitor thread spawned
12-30 10:41:46.143  2358  2623 D RcfController: Rcf proxy is not connected!
01-01 10:04:03.152   838   838 I         : read descriptors
12-30 10:41:46.149   596  3076 E WifiHAL : Invalid data received from driver
12-30 10:41:46.169   360   931 D EvsDriver: forwardFrame
12-30 10:41:46.169   360   931 D EvsDriver: forwardFrameDirect
12-30 10:41:46.169   360   931 D EvsDriver: Delivered 0xb400e2ca9e40c7a0 as id 1
12-30 10:41:46.169   359  2784 D evsmanagerd: /dev/video-evs0 forwarded the buffer #1 to 0xb400f125d2b26dd0 from 0xb400f125e2b20710
12-30 10:41:46.179   360   458 D EvsDriver: doneWithFrame
12-30 10:41:46.194  2358  2623 D RcfController: Rcf proxy is not connected!
12-30 10:41:46.202   360   931 D EvsDriver: forwardFrame
12-30 10:41:46.202   360   931 D EvsDriver: forwardFrameDirect
12-30 10:41:46.202   360   931 D EvsDriver: Delivered 0xb400e2ca9e40e270 as id 0
12-30 10:41:46.202   359  2784 D evsmanagerd: /dev/video-evs0 forwarded the buffer #0 to 0xb400f125d2b26dd0 from 0xb400f125e2b20710
12-30 10:41:46.209   360   458 D EvsDriver: doneWithFrame
12-30 10:41:46.217   596  3076 E WifiHAL : Invalid data received from driver
12-30 10:41:46.235   360   931 D EvsDriver: forwardFrame
12-30 10:41:46.235   360   931 D EvsDriver: forwardFrameDirect
12-30 10:41:46.236   360   931 D EvsDriver: Delivered 0xb400e2ca9e40d4b0 as id 1
12-30 10:41:46.236   359  2784 D evsmanagerd: /dev/video-evs0 forwarded the buffer #1 to 0xb400f125d2b26dd0 from 0xb400f125e2b20710
12-30 10:41:46.239   360   458 D EvsDriver: doneWithFrame
12-30 10:41:46.244  2358  2623 D RcfController: Rcf proxy is not connected!
12-30 10:41:46.269   360   931 D EvsDriver: forwardFrame
12-30 10:41:46.269   360   931 D EvsDriver: forwardFrameDirect
12-30 10:41:46.269   360   931 D EvsDriver: Delivered 0xb400e2ca9e40c2d0 as id 0
12-30 10:41:46.269   359  2784 D evsmanagerd: /dev/video-evs0 forwarded the buffer #0 to 0xb400f125d2b26dd0 from 0xb400f125e2b20710
12-30 10:41:46.269   360   458 D EvsDriver: doneWithFrame
12-30 10:41:46.271   596  3076 E WifiHAL : Invalid data received from driver
12-30 10:41:46.271   596  3076 E WifiHAL : Invalid data received from driver
12-30 10:41:46.271   596  3076 E WifiHAL : Invalid data received from driver
12-30 10:41:46.271   650   729 D fgemcucomm: sd Uart data : 6AA602E852000292022E
12-30 10:41:46.271   596  3076 E WifiHAL : Invalid data received from driver
12-30 10:41:46.271   596  3076 E WifiHAL : Invalid data received from driver
12-30 10:41:46.271   596  3076 E WifiHAL : Invalid data received from driver
12-30 10:41:46.271   650   729 D fgemcucomm: rev uart=61517,len=15, data : 6AA681E852000792020621414502FB
12-30 10:41:46.271   596  3076 E WifiHAL : Invalid data received from driver
12-30 10:41:46.272   398  2883 D adayocomadapter-ParseProtocolFunc: printRaWMsg Name[MCUToUPstream recv] len[7] data[92020621414502]
12-30 10:41:46.272   398  2883 D adayocomadapter-CommunicationManager: onUpstreamback   member[6] dataLength[4] timePoint[7442093]
12-30 10:41:46.272   398  2883 D adayocomadapter-ParseProtocolFunc: printRaWMsg Name[onUpstreamback] len[4] data[21414502]
12-30 10:41:46.272   398   464 D adayocomadapter-UpstreamHandler: processBeforePacket upSreamtProcessTimePoint[7442094] 
12-30 10:41:46.272   398   464 D adayocomadapter-ParseProtocolFunc: parseGeneralIPCLBytes Processing tablename[Table-3] tableSize[0]
12-30 10:41:46.272   398   464 D adayocomadapter-ParseProtocolFunc: printRaWMsg Name[byteStream recv] len[4] data[21414502]
12-30 10:41:46.277   398   464 D adayocomadapter-ParseProtocolFunc: printRaWMsg Name[IPCLtoVHAL] len[8520] data[2141450201214145020000000000000000000000000160000000004A2E00000000000000002140211B000000000000000000000000017000000000C2CC0000000000000000214020410000000000000000000000000160000000000DD70000000000000000214021AE000000000000000000000000014000000000BDEE000000000000000000000000000000000000000000000000016000000000692D000000000000000021402227000000000000000000000000014100000000DBA40000000000000000000000000000000000000000000000000101010000000D200000000000000000000000000000000000D0712E6DFB00B40101010000005BA70000000000000000B0D1712E6DFB00B4000000000000000001010100000069DA000000000000000030D071CE6DFB00B4C06173CE6DFB00B401010100000079330000000000000000000000000000000008CE712E6DFB00B4016000000000824D000000000000000021402236000000000000000000000000016000000000D4CA000000000000000021402107000000000000000000000000016000000000E6B700000000000000002140224B00000000000000000000000001600000000079C400000000000000002140215F000000000000000000000000014000000000AD070000000000000000000000000
12-30 10:41:46.277   398   464 D adayocomadapter-CommunicationManager: onUpstreamReceive mPropertyId 0x21414502
12-30 10:41:46.277   398   464 D adayocomadapter-CommunicationManager: writeValue id=[557925634]
12-30 10:41:46.278   398   464 D adayocomadapter-VehiclePropertyStore: writeValue id=[557925634]
12-30 10:41:46.286   596  3076 E WifiHAL : Invalid data received from driver
12-30 10:41:46.291   398   464 I vw-vhal : notifyVehicleProperty, propId = 0x21414502, data = {status: 2, int32Values: [33, 65, 69, 2, 0, 0, 0, 0, 0, 0, 0, 0, 0, 0, 0, 0, 1, 96, 0, 0, 0, 0, 74, 46, 0, 0, 0, 0, 0, 0, 0, 0, 33, 64, 33, 27, 0, 0, 0, 0, 0, 0, 0, 0, 0, 0, 0, 0, 1, 112, 0, 0, 0, 0, 194, 204, 0, 0, 0, 0, 0, 0, 0, 0, 33, 64, 32, 65, 0, 0, 0, 0, 0, 0, 0, 0, 0, 0, 0, 0, 1, 96, 0, 0, 0, 0, 13, 215, 0, 0, 0, 0, 0, 0, 0, 0, 33, 64, 33, 174, 0, 0, 0, 0, 0, 0, 0, 0, 0, 0, 0, 0, 1, 64, 0, 0, 0, 0, 189, 238, 0, 0, 0, 0, 0, 0, 0, 0, 0, 0, 0, 0, 0, 0, 0, 0, 0, 0, 0, 0, 0, 0, 0, 0, 1, 96, 0, 0, 0, 0, 105, 45, 0, 0, 0, 0, 0, 0, 0, 0, 33, 64, 34, 39, 0, 0, 0, 0, 0, 0, 0, 0, 0, 0, 0, 0, 1, 65, 0, 0, 0, 0, 219, 164, 0, 0, 0, 0, 0, 0, 0, 0, 0, 0, 0, 0, 0, 0, 0, 0, 0, 0, 0, 0, 0, 0, 0, 0, 1, 1, 1, 0, 0, 0, 13, 32, 0, 0, 0, 0, 0, 0, 0, 0, 0, 0, 0, 0, 0, 0, 0, 0, 0, 208, 113, 46, 109, 251, 0, 180, 1, 1, 1, 0, 0, 0, 91, 167, 0, 0, 0, 0, 0, 0, 0, 0, 176, 209, 113, 46, 109, 251, 0, 180, 0, 0, 0, 0, 0, 0, 0, 0, 1, 1, 1, 0, 0, 0, 105, 218, 0, 0, 0, 0, 0, 0, 0, 0, 48
12-30 10:41:46.294  2358  2623 D RcfController: Rcf proxy is not connected!
12-30 10:41:46.302   360   931 D EvsDriver: forwardFrame
12-30 10:41:46.302   360   931 D EvsDriver: forwardFrameDirect
12-30 10:41:46.302   360   931 D EvsDriver: Delivered 0xb400e2ca9e40d090 as id 1
12-30 10:41:46.302   359  2784 D evsmanagerd: /dev/video-evs0 forwarded the buffer #1 to 0xb400f125d2b26dd0 from 0xb400f125e2b20710
12-30 10:41:46.304  2475  2681 I TtsServiceAgent: check thread start checking, threadId = 29
12-30 10:41:46.304  2475  2681 D TtsServiceAgent: start bind service...
12-30 10:41:46.304  2475  2681 D TtsServiceAgent: ----->initService, usage = 16
12-30 10:41:46.304  2475  2681 W ContextImpl: Calling a method in the system process without a qualified user: android.app.ContextImpl.bindService:1988 android.content.ContextWrapper.bindService:861 com.iflytek.autofly.ttsaidl.ttsproxy.TtsServiceAgent.initService:189 com.iflytek.autofly.ttsaidl.ttsproxy.TtsServiceAgent.initService:133 com.iflytek.autofly.ttsaidl.ttsproxy.TtsServiceAgent$2.run:517 
12-30 10:41:46.305   916  5915 W ActivityManager: Unable to start service Intent { act=com.iflytek.autofly.tts.ttsservice.TtsAdapterService cmp=com.iflytek.cutefly.speechclient.hmi/com.iflytek.autofly.tts.ttsservice.TtsAdapterService } U=0: not found
12-30 10:41:46.305   398   464 I vw-vhal : CanSignalsAdapter::notifyDiagProperty: propId = 0x21414502, data = {status: 2, int32Values: [33, 65, 69, 2, 0, 0, 0, 0, 0, 0, 0, 0, 0, 0, 0, 0, 1, 96, 0, 0, 0, 0, 74, 46, 0, 0, 0, 0, 0, 0, 0, 0, 33, 64, 33, 27, 0, 0, 0, 0, 0, 0, 0, 0, 0, 0, 0, 0, 1, 112, 0, 0, 0, 0, 194, 204, 0, 0, 0, 0, 0, 0, 0, 0, 33, 64, 32, 65, 0, 0, 0, 0, 0, 0, 0, 0, 0, 0, 0, 0, 1, 96, 0, 0, 0, 0, 13, 215, 0, 0, 0, 0, 0, 0, 0, 0, 33, 64, 33, 174, 0, 0, 0, 0, 0, 0, 0, 0, 0, 0, 0, 0, 1, 64, 0, 0, 0, 0, 189, 238, 0, 0, 0, 0, 0, 0, 0, 0, 0, 0, 0, 0, 0, 0, 0, 0, 0, 0, 0, 0, 0, 0, 0, 0, 1, 96, 0, 0, 0, 0, 105, 45, 0, 0, 0, 0, 0, 0, 0, 0, 33, 64, 34, 39, 0, 0, 0, 0, 0, 0, 0, 0, 0, 0, 0, 0, 1, 65, 0, 0, 0, 0, 219, 164, 0, 0, 0, 0, 0, 0, 0, 0, 0, 0, 0, 0, 0, 0, 0, 0, 0, 0, 0, 0, 0, 0, 0, 0, 1, 1, 1, 0, 0, 0, 13, 32, 0, 0, 0, 0, 0, 0, 0, 0, 0, 0, 0, 0, 0, 0, 0, 0, 0, 208, 113, 46, 109, 251, 0, 180, 1, 1, 1, 0, 0, 0, 91, 167, 0, 0, 0, 0, 0, 0, 0, 0, 176, 209, 113, 46, 109, 251, 0, 180, 0, 0, 0, 0, 0, 0, 0, 0, 1, 1, 1, 0, 0, 0, 105, 218, 0, 0, 0, 0
12-30 10:41:46.305  2475  2681 D TtsServiceAgent: bindService: false
12-30 10:41:46.305  2475  2681 D TtsServiceAgent: start reInitService
12-30 10:41:46.305  2475  2681 D TtsServiceAgent: aidlCheckThreadRunning = true
12-30 10:41:46.305  2475  2681 D TtsServiceAgent: ----->check connection status in 1000s...
12-30 10:41:46.310   360   458 D EvsDriver: doneWithFrame
12-30 10:41:46.312   398   464 I vw-vhal : CanSignalsAdapter::notifyVehicleProperty: solvedValue = {.timestamp = 7442127094885, .areaId = 0, .prop = 557925634, .status = AVAILABLE, .value = {.int32Values = [8515]{33, 65, 69, 2, 0, 0, 0, 0, 0, 0, 0, 0, 0, 0, 0, 0, 1, 96, 0, 0, 0, 0, 74, 46, 0, 0, 0, 0, 0, 0, 0, 0, 33, 64, 33, 27, 0, 0, 0, 0, 0, 0, 0, 0, 0, 0, 0, 0, 1, 112, 0, 0, 0, 0, 194, 204, 0, 0, 0, 0, 0, 0, 0, 0, 33, 64, 32, 65, 0, 0, 0, 0, 0, 0, 0, 0, 0, 0, 0, 0, 1, 96, 0, 0, 0, 0, 13, 215, 0, 0, 0, 0, 0, 0, 0, 0, 33, 64, 33, 174, 0, 0, 0, 0, 0, 0, 0, 0, 0, 0, 0, 0, 1, 64, 0, 0, 0, 0, 189, 238, 0, 0, 0, 0, 0, 0, 0, 0, 0, 0, 0, 0, 0, 0, 0, 0, 0, 0, 0, 0, 0, 0, 0, 0, 1, 96, 0, 0, 0, 0, 105, 45, 0, 0, 0, 0, 0, 0, 0, 0, 33, 64, 34, 39, 0, 0, 0, 0, 0, 0, 0, 0, 0, 0, 0, 0, 1, 65, 0, 0, 0, 0, 219, 164, 0, 0, 0, 0, 0, 0, 0, 0, 0, 0, 0, 0, 0, 0, 0, 0, 0, 0, 0, 0, 0, 0, 0, 0, 1, 1, 1, 0, 0, 0, 13, 32, 0, 0, 0, 0, 0, 0, 0, 0, 0, 0, 0, 0, 0, 0, 0, 0, 0, 208, 113, 46, 109, 251, 0, 180, 1, 1, 1, 0, 0, 0, 91, 167, 0, 0, 0, 0, 0, 0, 0, 0, 176, 209, 113, 46, 109
12-30 10:41:46.319   398   464 I VehiclePropertyStore: begin to write value to Store: {.timestamp = 7442127094885, .areaId = 0, .prop = 557925634, .status = AVAILABLE, .value = {.int32Values = [8515]{33, 65, 69, 2, 0, 0, 0, 0, 0, 0, 0, 0, 0, 0, 0, 0, 1, 96, 0, 0, 0, 0, 74, 46, 0, 0, 0, 0, 0, 0, 0, 0, 33, 64, 33, 27, 0, 0, 0, 0, 0, 0, 0, 0, 0, 0, 0, 0, 1, 112, 0, 0, 0, 0, 194, 204, 0, 0, 0, 0, 0, 0, 0, 0, 33, 64, 32, 65, 0, 0, 0, 0, 0, 0, 0, 0, 0, 0, 0, 0, 1, 96, 0, 0, 0, 0, 13, 215, 0, 0, 0, 0, 0, 0, 0, 0, 33, 64, 33, 174, 0, 0, 0, 0, 0, 0, 0, 0, 0, 0, 0, 0, 1, 64, 0, 0, 0, 0, 189, 238, 0, 0, 0, 0, 0, 0, 0, 0, 0, 0, 0, 0, 0, 0, 0, 0, 0, 0, 0, 0, 0, 0, 0, 0, 1, 96, 0, 0, 0, 0, 105, 45, 0, 0, 0, 0, 0, 0, 0, 0, 33, 64, 34, 39, 0, 0, 0, 0, 0, 0, 0, 0, 0, 0, 0, 0, 1, 65, 0, 0, 0, 0, 219, 164, 0, 0, 0, 0, 0, 0, 0, 0, 0, 0, 0, 0, 0, 0, 0, 0, 0, 0, 0, 0, 0, 0, 0, 0, 1, 1, 1, 0, 0, 0, 13, 32, 0, 0, 0, 0, 0, 0, 0, 0, 0, 0, 0, 0, 0, 0, 0, 0, 0, 208, 113, 46, 109, 251, 0, 180, 1, 1, 1, 0, 0, 0, 91, 167, 0, 0, 0, 0, 0, 0, 0, 0, 176, 209, 113, 46, 109, 251, 0, 180, 0, 0, 0, 0
12-30 10:41:46.328   398   464 I VehiclePropertyStore: Prop wirte value to Store success: {.timestamp = 7442127094885, .areaId = 0, .prop = 557925634, .status = AVAILABLE, .value = {.int32Values = [8515]{33, 65, 69, 2, 0, 0, 0, 0, 0, 0, 0, 0, 0, 0, 0, 0, 1, 96, 0, 0, 0, 0, 74, 46, 0, 0, 0, 0, 0, 0, 0, 0, 33, 64, 33, 27, 0, 0, 0, 0, 0, 0, 0, 0, 0, 0, 0, 0, 1, 112, 0, 0, 0, 0, 194, 204, 0, 0, 0, 0, 0, 0, 0, 0, 33, 64, 32, 65, 0, 0, 0, 0, 0, 0, 0, 0, 0, 0, 0, 0, 1, 96, 0, 0, 0, 0, 13, 215, 0, 0, 0, 0, 0, 0, 0, 0, 33, 64, 33, 174, 0, 0, 0, 0, 0, 0, 0, 0, 0, 0, 0, 0, 1, 64, 0, 0, 0, 0, 189, 238, 0, 0, 0, 0, 0, 0, 0, 0, 0, 0, 0, 0, 0, 0, 0, 0, 0, 0, 0, 0, 0, 0, 0, 0, 1, 96, 0, 0, 0, 0, 105, 45, 0, 0, 0, 0, 0, 0, 0, 0, 33, 64, 34, 39, 0, 0, 0, 0, 0, 0, 0, 0, 0, 0, 0, 0, 1, 65, 0, 0, 0, 0, 219, 164, 0, 0, 0, 0, 0, 0, 0, 0, 0, 0, 0, 0, 0, 0, 0, 0, 0, 0, 0, 0, 0, 0, 0, 0, 1, 1, 1, 0, 0, 0, 13, 32, 0, 0, 0, 0, 0, 0, 0, 0, 0, 0, 0, 0, 0, 0, 0, 0, 0, 208, 113, 46, 109, 251, 0, 180, 1, 1, 1, 0, 0, 0, 91, 167, 0, 0, 0, 0, 0, 0, 0, 0, 176, 209, 113, 46, 109, 251, 0, 180, 0, 0, 
12-30 10:41:46.335   398   464 I DefaultVehicleHal_v2_0: DefaultVehicleHal::onPropertyValue, value:{.timestamp = 7442127094885, .areaId = 0, .prop = 557925634, .status = AVAILABLE, .value = {.int32Values = [8515]{33, 65, 69, 2, 0, 0, 0, 0, 0, 0, 0, 0, 0, 0, 0, 0, 1, 96, 0, 0, 0, 0, 74, 46, 0, 0, 0, 0, 0, 0, 0, 0, 33, 64, 33, 27, 0, 0, 0, 0, 0, 0, 0, 0, 0, 0, 0, 0, 1, 112, 0, 0, 0, 0, 194, 204, 0, 0, 0, 0, 0, 0, 0, 0, 33, 64, 32, 65, 0, 0, 0, 0, 0, 0, 0, 0, 0, 0, 0, 0, 1, 96, 0, 0, 0, 0, 13, 215, 0, 0, 0, 0, 0, 0, 0, 0, 33, 64, 33, 174, 0, 0, 0, 0, 0, 0, 0, 0, 0, 0, 0, 0, 1, 64, 0, 0, 0, 0, 189, 238, 0, 0, 0, 0, 0, 0, 0, 0, 0, 0, 0, 0, 0, 0, 0, 0, 0, 0, 0, 0, 0, 0, 0, 0, 1, 96, 0, 0, 0, 0, 105, 45, 0, 0, 0, 0, 0, 0, 0, 0, 33, 64, 34, 39, 0, 0, 0, 0, 0, 0, 0, 0, 0, 0, 0, 0, 1, 65, 0, 0, 0, 0, 219, 164, 0, 0, 0, 0, 0, 0, 0, 0, 0, 0, 0, 0, 0, 0, 0, 0, 0, 0, 0, 0, 0, 0, 0, 0, 1, 1, 1, 0, 0, 0, 13, 32, 0, 0, 0, 0, 0, 0, 0, 0, 0, 0, 0, 0, 0, 0, 0, 0, 0, 208, 113, 46, 109, 251, 0, 180, 1, 1, 1, 0, 0, 0, 91, 167, 0, 0, 0, 0, 0, 0, 0, 0, 176, 209, 113, 46, 109, 251, 0, 180,
12-30 10:41:46.335   398   464 D DiagPropHandler: is not DiagnosticConfig: 0x21414502
12-30 10:41:46.335   360   931 D EvsDriver: forwardFrame
12-30 10:41:46.335   360   931 D EvsDriver: forwardFrameDirect
12-30 10:41:46.336   360   931 D EvsDriver: Delivered 0xb400e2ca9e40e110 as id 0
12-30 10:41:46.336   359  2784 D evsmanagerd: /dev/video-evs0 forwarded the buffer #0 to 0xb400f125d2b26dd0 from 0xb400f125e2b20710
12-30 10:41:46.340   360   458 D EvsDriver: doneWithFrame
12-30 10:41:46.342   398   464 I VehiclePropertyStore: begin to write value to Store: {.timestamp = 7442127094885, .areaId = 0, .prop = 557925634, .status = AVAILABLE, .value = {.int32Values = [8515]{33, 65, 69, 2, 0, 0, 0, 0, 0, 0, 0, 0, 0, 0, 0, 0, 1, 96, 0, 0, 0, 0, 74, 46, 0, 0, 0, 0, 0, 0, 0, 0, 33, 64, 33, 27, 0, 0, 0, 0, 0, 0, 0, 0, 0, 0, 0, 0, 1, 112, 0, 0, 0, 0, 194, 204, 0, 0, 0, 0, 0, 0, 0, 0, 33, 64, 32, 65, 0, 0, 0, 0, 0, 0, 0, 0, 0, 0, 0, 0, 1, 96, 0, 0, 0, 0, 13, 215, 0, 0, 0, 0, 0, 0, 0, 0, 33, 64, 33, 174, 0, 0, 0, 0, 0, 0, 0, 0, 0, 0, 0, 0, 1, 64, 0, 0, 0, 0, 189, 238, 0, 0, 0, 0, 0, 0, 0, 0, 0, 0, 0, 0, 0, 0, 0, 0, 0, 0, 0, 0, 0, 0, 0, 0, 1, 96, 0, 0, 0, 0, 105, 45, 0, 0, 0, 0, 0, 0, 0, 0, 33, 64, 34, 39, 0, 0, 0, 0, 0, 0, 0, 0, 0, 0, 0, 0, 1, 65, 0, 0, 0, 0, 219, 164, 0, 0, 0, 0, 0, 0, 0, 0, 0, 0, 0, 0, 0, 0, 0, 0, 0, 0, 0, 0, 0, 0, 0, 0, 1, 1, 1, 0, 0, 0, 13, 32, 0, 0, 0, 0, 0, 0, 0, 0, 0, 0, 0, 0, 0, 0, 0, 0, 0, 208, 113, 46, 109, 251, 0, 180, 1, 1, 1, 0, 0, 0, 91, 167, 0, 0, 0, 0, 0, 0, 0, 0, 176, 209, 113, 46, 109, 251, 0, 180, 0, 0, 0, 0
12-30 10:41:46.344  2358  2623 D RcfController: Rcf proxy is not connected!
12-30 10:41:46.345   596  3076 E WifiHAL : Invalid data received from driver
12-30 10:41:46.346  1667  2594 W ContextImpl: Calling a method in the system process without a qualified user: android.app.ContextImpl.bindService:1988 android.content.ContextWrapper.bindService:861 com.ford.sync.fnvservice.FordFnv.c:202 com.ford.sync.fnvservice.FordFnv.c:43 com.ford.sync.fnvservice.FordFnv$RetryHandler.handleMessage:245 
12-30 10:41:46.347   916  5915 W ActivityManager: Unable to start service Intent { cmp=com.ford.sync.fnvservice/.FordFnvService } U=0: not found
12-30 10:41:46.347  1667  2594 W FordFnv :  bind ford fnv failed -> sendRetryMessage 
12-30 10:41:46.348  1667  2410 I media_message_log->MediaMessageUserProxy: (SourceFile:1)b connectToService action bind
12-30 10:41:46.348   916  5915 W ActivityManager: Unable to start service Intent { cmp=com.adayo.server.mediamessagetransfer/.MediaMessTransferService (has extras) } U=0: not found
12-30 10:41:46.349  1667  2410 E media_message_log->MediaMessageUserProxy: (SourceFile:7)a bindServiceAsUser isBound = false
12-30 10:41:46.349   398   464 I VehiclePropertyStore: Prop wirte value to Store success: {.timestamp = 7442127094885, .areaId = 0, .prop = 557925634, .status = AVAILABLE, .value = {.int32Values = [8515]{33, 65, 69, 2, 0, 0, 0, 0, 0, 0, 0, 0, 0, 0, 0, 0, 1, 96, 0, 0, 0, 0, 74, 46, 0, 0, 0, 0, 0, 0, 0, 0, 33, 64, 33, 27, 0, 0, 0, 0, 0, 0, 0, 0, 0, 0, 0, 0, 1, 112, 0, 0, 0, 0, 194, 204, 0, 0, 0, 0, 0, 0, 0, 0, 33, 64, 32, 65, 0, 0, 0, 0, 0, 0, 0, 0, 0, 0, 0, 0, 1, 96, 0, 0, 0, 0, 13, 215, 0, 0, 0, 0, 0, 0, 0, 0, 33, 64, 33, 174, 0, 0, 0, 0, 0, 0, 0, 0, 0, 0, 0, 0, 1, 64, 0, 0, 0, 0, 189, 238, 0, 0, 0, 0, 0, 0, 0, 0, 0, 0, 0, 0, 0, 0, 0, 0, 0, 0, 0, 0, 0, 0, 0, 0, 1, 96, 0, 0, 0, 0, 105, 45, 0, 0, 0, 0, 0, 0, 0, 0, 33, 64, 34, 39, 0, 0, 0, 0, 0, 0, 0, 0, 0, 0, 0, 0, 1, 65, 0, 0, 0, 0, 219, 164, 0, 0, 0, 0, 0, 0, 0, 0, 0, 0, 0, 0, 0, 0, 0, 0, 0, 0, 0, 0, 0, 0, 0, 0, 1, 1, 1, 0, 0, 0, 13, 32, 0, 0, 0, 0, 0, 0, 0, 0, 0, 0, 0, 0, 0, 0, 0, 0, 0, 208, 113, 46, 109, 251, 0, 180, 1, 1, 1, 0, 0, 0, 91, 167, 0, 0, 0, 0, 0, 0, 0, 0, 176, 209, 113, 46, 109, 251, 0, 180, 0, 0, 
12-30 10:41:46.349   398   464 D adayocomadapter-CommunicationManager: onUpstreamReceive mPropertyId 0x21414502
12-30 10:41:46.369   360   931 D EvsDriver: forwardFrame
12-30 10:41:46.369   360   931 D EvsDriver: forwardFrameDirect
12-30 10:41:46.369   360   931 D EvsDriver: Delivered 0xb400e2ca9e40c7a0 as id 1
12-30 10:41:46.369   359  2784 D evsmanagerd: /dev/video-evs0 forwarded the buffer #1 to 0xb400f125d2b26dd0 from 0xb400f125e2b20710
12-30 10:41:46.370   360   458 D EvsDriver: doneWithFrame
12-30 10:41:46.382   650   729 D fgemcucomm: sd Uart data : 6AA602E853000292022D
12-30 10:41:46.382   650   729 D fgemcucomm: rev uart=61518,len=23, data : 6AA681E853000F9202000400000000000000000000009D
12-30 10:41:46.382   398  2883 D adayocomadapter-ParseProtocolFunc: printRaWMsg Name[MCUToUPstream recv] len[15] data[920200040000000000000000000000]
12-30 10:41:46.382   398  2883 D adayocomadapter-CommunicationManager: onUpstreamback   member[0] dataLength[12] timePoint[7442204]
12-30 10:41:46.382   398  2883 D adayocomadapter-ParseProtocolFunc: printRaWMsg Name[onUpstreamback] len[12] data[040000000000000000000000]
12-30 10:41:46.382   398   464 D adayocomadapter-UpstreamHandler: processBeforePacket upSreamtProcessTimePoint[7442204] 
12-30 10:41:46.382   398   464 D adayocomadapter-UpstreamHandler: processPacket UPSTREAM_QUEUE_DATA_TIMEOUT
12-30 10:41:46.382   398   464 D adayocomadapter-ParseProtocolFunc: parseCommonIPCLBytes Processing tableNumber[4]
12-30 10:41:46.382   398   464 D adayocomadapter-ParseProtocolFunc: parseCommonIPCLBytes Processing tablename[Table-4] tableSize[12]
12-30 10:41:46.382   398   464 D adayocomadapter-ParseProtocolFunc: printRaWMsg Name[byteStream recv] len[12] data[040000000000000000000000]
12-30 10:41:46.382   398   464 D adayocomadapter-ParseProtocolFunc: printRaWMsg Name[IPCLtoVHAL] len[7] data[2140200C000000]
12-30 10:41:46.382   398   464 D adayocomadapter-ParseProtocolFunc: printRaWMsg Name[IPCLtoVHAL] len[7] data[2140200D000000]
12-30 10:41:46.382   398   464 D adayocomadapter-ParseProtocolFunc: printRaWMsg Name[IPCLtoVHAL] len[6] data[214022330000]
12-30 10:41:46.382   398   464 D adayocomadapter-ParseProtocolFunc: printRaWMsg Name[IPCLtoVHAL] len[9] data[2140201D0000000000]
12-30 10:41:46.382   398   464 D adayocomadapter-ParseProtocolFunc: printRaWMsg Name[IPCLtoVHAL] len[7] data[2140201E000000]
12-30 10:41:46.382   398   464 D adayocomadapter-CommunicationManager: onUpstreamReceive mPropertyId 0x2140200c
12-30 10:41:46.383   398   464 D adayocomadapter-CommunicationManager: convertBytesToInt32Memcpy  0
12-30 10:41:46.383   398   464 I vw-vhal : notifyVehicleProperty, propId = 0x2140200c, data = {status: 2, int32Values: [0]}
12-30 10:41:46.383   398   464 I vw-vhal : CanSignalsAdapter::notifyVehicleProperty: solvedValue = {.timestamp = 7442204976551, .areaId = 0, .prop = 557850636, .status = AVAILABLE, .value = {.int32Values = [1]{0}, .floatValues = [0]{}, .int64Values = [0]{}, .bytes = [0]{}, .stringValue = ""}}
12-30 10:41:46.383   398   464 I VehiclePropertyStore: begin to write value to Store: {.timestamp = 7442204976551, .areaId = 0, .prop = 557850636, .status = AVAILABLE, .value = {.int32Values = [1]{0}, .floatValues = [0]{}, .int64Values = [0]{}, .bytes = [0]{}, .stringValue = ""}}
12-30 10:41:46.383   398   464 I DefaultVehicleHal_v2_0: DefaultVehicleHal::onPropertyValue, value:{.timestamp = 7442204976551, .areaId = 0, .prop = 557850636, .status = AVAILABLE, .value = {.int32Values = [1]{0}, .floatValues = [0]{}, .int64Values = [0]{}, .bytes = [0]{}, .stringValue = ""}}
12-30 10:41:46.383   398   464 D DiagPropHandler: is not DiagnosticConfig: 0x2140200c
12-30 10:41:46.383   398   464 I VehiclePropertyStore: begin to write value to Store: {.timestamp = 7442204976551, .areaId = 0, .prop = 557850636, .status = AVAILABLE, .value = {.int32Values = [1]{0}, .floatValues = [0]{}, .int64Values = [0]{}, .bytes = [0]{}, .stringValue = ""}}
12-30 10:41:46.383   398   464 D adayocomadapter-CommunicationManager: onUpstreamReceive mPropertyId 0x2140200c
12-30 10:41:46.383   398   464 D adayocomadapter-CommunicationManager: onUpstreamReceive mPropertyId 0x2140200d
12-30 10:41:46.383   398   464 D adayocomadapter-CommunicationManager: convertBytesToInt32Memcpy  0
12-30 10:41:46.383   398   464 I vw-vhal : notifyVehicleProperty, propId = 0x2140200d, data = {status: 2, int32Values: [0]}
12-30 10:41:46.383   398   464 I vw-vhal : CanSignalsAdapter::notifyVehicleProperty: solvedValue = {.timestamp = 7442205360551, .areaId = 0, .prop = 557850637, .status = AVAILABLE, .value = {.int32Values = [1]{0}, .floatValues = [0]{}, .int64Values = [0]{}, .bytes = [0]{}, .stringValue = ""}}
12-30 10:41:46.383   398   464 I VehiclePropertyStore: begin to write value to Store: {.timestamp = 7442205360551, .areaId = 0, .prop = 557850637, .status = AVAILABLE, .value = {.int32Values = [1]{0}, .floatValues = [0]{}, .int64Values = [0]{}, .bytes = [0]{}, .stringValue = ""}}
12-30 10:41:46.383   398   464 I DefaultVehicleHal_v2_0: DefaultVehicleHal::onPropertyValue, value:{.timestamp = 7442205360551, .areaId = 0, .prop = 557850637, .status = AVAILABLE, .value = {.int32Values = [1]{0}, .floatValues = [0]{}, .int64Values = [0]{}, .bytes = [0]{}, .stringValue = ""}}
