12-30 10:37:14.063  2358  2623 D RcfController: Rcf proxy is not connected!
12-30 10:37:14.074   360   931 D EvsDriver: forwardFrame
12-30 10:37:14.074   360   931 D EvsDriver: forwardFrameDirect
12-30 10:37:14.074   360   931 D EvsDriver: Delivered 0xb400e2ca9e40c2d0 as id 0
12-30 10:37:14.074   359  2784 D evsmanagerd: /dev/video-evs0 forwarded the buffer #0 to 0xb400f125d2b26dd0 from 0xb400f125e2b20710
12-30 10:37:14.085   360   458 D EvsDriver: doneWithFrame
12-30 10:37:14.093  1582  3078 I c       : checkService in back thread add: adayo.upgrade.v2.0
12-30 10:37:14.094  1582  3078 E upgradeApp_251223_V1  l: d(null:11)pre->c(null:23)-> serviceBinder is null
12-30 10:37:14.094  1582  3078 W c       : doBindService in back thread fail: adayo.upgrade.v2.0
12-30 10:37:14.098   596  3076 E WifiHAL : Invalid data received from driver
12-30 10:37:14.098   596  3076 E WifiHAL : Invalid data received from driver
12-30 10:37:14.098   596  3076 E WifiHAL : Invalid data received from driver
12-30 10:37:14.098   596  3076 E WifiHAL : Invalid data received from driver
12-30 10:37:14.098   596  3076 E WifiHAL : Invalid data received from driver
12-30 10:37:14.098   596  3076 E WifiHAL : Invalid data received from driver
12-30 10:37:14.098   596  3076 E WifiHAL : Invalid data received from driver
12-30 10:37:14.105  1611  1611 I ADAYO_LOG_: handleMessage(UsbFunc.java:3)copyQnx = 0
12-30 10:37:14.105  1611  1611 I ADAYO_LOG_: handleMessage(UsbFunc.java:12)copyState = 2
12-30 10:37:14.107   360   931 D EvsDriver: forwardFrame
12-30 10:37:14.107   360   931 D EvsDriver: forwardFrameDirect
12-30 10:37:14.107   360   931 D EvsDriver: Delivered 0xb400e2ca9e40d090 as id 1
12-30 10:37:14.108   359  2784 D evsmanagerd: /dev/video-evs0 forwarded the buffer #1 to 0xb400f125d2b26dd0 from 0xb400f125e2b20710
12-30 10:37:14.113  2358  2623 D RcfController: Rcf proxy is not connected!
12-30 10:37:14.115   360   458 D EvsDriver: doneWithFrame
12-30 10:37:14.122   596  3076 E WifiHAL : Invalid data received from driver
12-30 10:37:14.140   360   931 I EvsDriver: /dev/video-evs0 VideoCapture fps 30.0006
12-30 10:37:14.140   360   931 D EvsDriver: forwardFrame
12-30 10:37:14.140   360   931 D EvsDriver: forwardFrameDirect
12-30 10:37:14.141   360   931 D EvsDriver: Delivered 0xb400e2ca9e40e110 as id 0
12-30 10:37:14.141   359  2784 D evsmanagerd: /dev/video-evs0 forwarded the buffer #0 to 0xb400f125d2b26dd0 from 0xb400f125e2b20710
12-30 10:37:14.145   360   458 D EvsDriver: doneWithFrame
12-30 10:37:14.148   650   729 D fgemcucomm: sd Uart data : 6AA602DFD700029202B2
12-30 10:37:14.149   650   729 D fgemcucomm: rev uart=59273,len=43, data : 6AA681DFD700239202001400000000000000000000000000000000000000000000000000000000000000FE
12-30 10:37:14.149   398  2883 D adayocomadapter-ParseProtocolFunc: printRaWMsg Name[MCUToUPstream recv] len[35] data[9202001400000000000000000000000000000000000000000000000000000000000000]
12-30 10:37:14.149   398  2883 D adayocomadapter-CommunicationManager: onUpstreamback   member[0] dataLength[32] timePoint[7169971]
12-30 10:37:14.149   398  2883 D adayocomadapter-ParseProtocolFunc: printRaWMsg Name[onUpstreamback] len[32] data[1400000000000000000000000000000000000000000000000000000000000000]
12-30 10:37:14.149   398   464 D adayocomadapter-UpstreamHandler: processBeforePacket upSreamtProcessTimePoint[7169971] 
12-30 10:37:14.149   398   464 D adayocomadapter-UpstreamHandler: processPacket UPSTREAM_QUEUE_DATA_TIMEOUT
12-30 10:37:14.149   398   464 D adayocomadapter-ParseProtocolFunc: parseCommonIPCLBytes Processing tableNumber[20]
12-30 10:37:14.149   398   464 D adayocomadapter-ParseProtocolFunc: parseCommonIPCLBytes Processing tablename[Table-20] tableSize[32]
12-30 10:37:14.149   398   464 D adayocomadapter-ParseProtocolFunc: printRaWMsg Name[byteStream recv] len[32] data[1400000000000000000000000000000000000000000000000000000000000000]
12-30 10:37:14.149   398   464 D adayocomadapter-ParseProtocolFunc: printRaWMsg Name[IPCLtoVHAL] len[6] data[2140200F0000]
12-30 10:37:14.150   398   464 D adayocomadapter-ParseProtocolFunc: printRaWMsg Name[IPCLtoVHAL] len[6] data[214020B00000]
12-30 10:37:14.150   398   464 D adayocomadapter-ParseProtocolFunc: printRaWMsg Name[IPCLtoVHAL] len[8] data[2141201601000000]
12-30 10:37:14.150   398   464 D adayocomadapter-ParseProtocolFunc: printRaWMsg Name[IPCLtoVHAL] len[6] data[214020590000]
12-30 10:37:14.150   398   464 D adayocomadapter-ParseProtocolFunc: printRaWMsg Name[IPCLtoVHAL] len[6] data[2140201A0000]
12-30 10:37:14.150   398   464 D adayocomadapter-ParseProtocolFunc: printRaWMsg Name[IPCLtoVHAL] len[6] data[214020100000]
12-30 10:37:14.150   398   464 D adayocomadapter-ParseProtocolFunc: printRaWMsg Name[IPCLtoVHAL] len[6] data[214020550000]
12-30 10:37:14.150   398   464 D adayocomadapter-ParseProtocolFunc: printRaWMsg Name[IPCLtoVHAL] len[6] data[214020B10000]
12-30 10:37:14.150   398   464 D adayocomadapter-ParseProtocolFunc: printRaWMsg Name[IPCLtoVHAL] len[6] data[2140201B0000]
12-30 10:37:14.150   398   464 D adayocomadapter-ParseProtocolFunc: printRaWMsg Name[IPCLtoVHAL] len[6] data[214020180000]
12-30 10:37:14.150   398   464 D adayocomadapter-ParseProtocolFunc: printRaWMsg Name[IPCLtoVHAL] len[6] data[214021900000]
12-30 10:37:14.150   398   464 D adayocomadapter-ParseProtocolFunc: printRaWMsg Name[IPCLtoVHAL] len[6] data[214020210000]
12-30 10:37:14.150   398   464 D adayocomadapter-ParseProtocolFunc: printRaWMsg Name[IPCLtoVHAL] len[6] data[214021C80000]
12-30 10:37:14.150   398   464 D adayocomadapter-ParseProtocolFunc: printRaWMsg Name[IPCLtoVHAL] len[7] data[2140200A000000]
12-30 10:37:14.150   398   464 D adayocomadapter-ParseProtocolFunc: printRaWMsg Name[IPCLtoVHAL] len[6] data[2140223E0000]
12-30 10:37:14.150   398   464 D adayocomadapter-ParseProtocolFunc: printRaWMsg Name[IPCLtoVHAL] len[6] data[214021190000]
12-30 10:37:14.150   398   464 D adayocomadapter-ParseProtocolFunc: printRaWMsg Name[IPCLtoVHAL] len[6] data[214020050000]
12-30 10:37:14.151   398   464 D adayocomadapter-ParseProtocolFunc: printRaWMsg Name[IPCLtoVHAL] len[6] data[2140214E0000]
12-30 10:37:14.151   398   464 D adayocomadapter-ParseProtocolFunc: printRaWMsg Name[IPCLtoVHAL] len[6] data[214020560000]
12-30 10:37:14.151   398   464 D adayocomadapter-ParseProtocolFunc: printRaWMsg Name[IPCLtoVHAL] len[6] data[214020570000]
12-30 10:37:14.151   398   464 D adayocomadapter-ParseProtocolFunc: printRaWMsg Name[IPCLtoVHAL] len[6] data[214020580000]
12-30 10:37:14.151   398   464 D adayocomadapter-ParseProtocolFunc: printRaWMsg Name[IPCLtoVHAL] len[6] data[2140205A0000]
12-30 10:37:14.151   398   464 D adayocomadapter-ParseProtocolFunc: printRaWMsg Name[IPCLtoVHAL] len[6] data[2140205B0000]
12-30 10:37:14.151   398   464 D adayocomadapter-ParseProtocolFunc: printRaWMsg Name[IPCLtoVHAL] len[6] data[2140205C0000]
12-30 10:37:14.151   398   464 D adayocomadapter-ParseProtocolFunc: printRaWMsg Name[IPCLtoVHAL] len[6] data[2140218E0000]
12-30 10:37:14.151   398   464 D adayocomadapter-ParseProtocolFunc: printRaWMsg Name[IPCLtoVHAL] len[6] data[2140218F0000]
12-30 10:37:14.151   398   464 D adayocomadapter-ParseProtocolFunc: printRaWMsg Name[IPCLtoVHAL] len[6] data[214021910000]
12-30 10:37:14.151   398   464 D adayocomadapter-ParseProtocolFunc: printRaWMsg Name[IPCLtoVHAL] len[6] data[2140223D0000]
12-30 10:37:14.151   398   464 D adayocomadapter-CommunicationManager: onUpstreamReceive mPropertyId 0x2140200f
12-30 10:37:14.151   398   464 D adayocomadapter-CommunicationManager: convertBytesToInt32Memcpy  0
12-30 10:37:14.151   398   464 I vw-vhal : notifyVehicleProperty, propId = 0x2140200f, data = {status: 2, int32Values: [0]}
12-30 10:37:14.151   398   464 I vw-vhal : CanSignalsAdapter::notifyVehicleProperty: solvedValue = {.timestamp = 7169973704519, .areaId = 0, .prop = 557850639, .status = AVAILABLE, .value = {.int32Values = [1]{0}, .floatValues = [0]{}, .int64Values = [0]{}, .bytes = [0]{}, .stringValue = ""}}
12-30 10:37:14.152   398   464 I VehiclePropertyStore: begin to write value to Store: {.timestamp = 7169973704519, .areaId = 0, .prop = 557850639, .status = AVAILABLE, .value = {.int32Values = [1]{0}, .floatValues = [0]{}, .int64Values = [0]{}, .bytes = [0]{}, .stringValue = ""}}
12-30 10:37:14.152   398   464 I DefaultVehicleHal_v2_0: DefaultVehicleHal::onPropertyValue, value:{.timestamp = 7169973704519, .areaId = 0, .prop = 557850639, .status = AVAILABLE, .value = {.int32Values = [1]{0}, .floatValues = [0]{}, .int64Values = [0]{}, .bytes = [0]{}, .stringValue = ""}}
12-30 10:37:14.152   398   464 D DiagPropHandler: is not DiagnosticConfig: 0x2140200f
12-30 10:37:14.152   398   464 I VehiclePropertyStore: begin to write value to Store: {.timestamp = 7169973704519, .areaId = 0, .prop = 557850639, .status = AVAILABLE, .value = {.int32Values = [1]{0}, .floatValues = [0]{}, .int64Values = [0]{}, .bytes = [0]{}, .stringValue = ""}}
12-30 10:37:14.152   398   464 D adayocomadapter-CommunicationManager: onUpstreamReceive mPropertyId 0x2140200f
12-30 10:37:14.152   398   464 D adayocomadapter-CommunicationManager: onUpstreamReceive mPropertyId 0x214020b0
12-30 10:37:14.152   398   464 D adayocomadapter-CommunicationManager: convertBytesToInt32Memcpy  0
12-30 10:37:14.152   398   464 I vw-vhal : notifyVehicleProperty, propId = 0x214020b0, data = {status: 2, int32Values: [0]}
12-30 10:37:14.152   398   464 I vw-vhal : CanSignalsAdapter::notifyVehicleProperty: solvedValue = {.timestamp = 7169974379186, .areaId = 0, .prop = 557850800, .status = AVAILABLE, .value = {.int32Values = [1]{0}, .floatValues = [0]{}, .int64Values = [0]{}, .bytes = [0]{}, .stringValue = ""}}
12-30 10:37:14.152   398   464 I VehiclePropertyStore: begin to write value to Store: {.timestamp = 7169974379186, .areaId = 0, .prop = 557850800, .status = AVAILABLE, .value = {.int32Values = [1]{0}, .floatValues = [0]{}, .int64Values = [0]{}, .bytes = [0]{}, .stringValue = ""}}
12-30 10:37:14.152   398   464 I DefaultVehicleHal_v2_0: DefaultVehicleHal::onPropertyValue, value:{.timestamp = 7169974379186, .areaId = 0, .prop = 557850800, .status = AVAILABLE, .value = {.int32Values = [1]{0}, .floatValues = [0]{}, .int64Values = [0]{}, .bytes = [0]{}, .stringValue = ""}}
12-30 10:37:14.152   398   464 D DiagPropHandler: is not DiagnosticConfig: 0x214020b0
12-30 10:37:14.152   398   464 I VehiclePropertyStore: begin to write value to Store: {.timestamp = 7169974379186, .areaId = 0, .prop = 557850800, .status = AVAILABLE, .value = {.int32Values = [1]{0}, .floatValues = [0]{}, .int64Values = [0]{}, .bytes = [0]{}, .stringValue = ""}}
12-30 10:37:14.152   398   464 D adayocomadapter-CommunicationManager: onUpstreamReceive mPropertyId 0x214020b0
12-30 10:37:14.153   398   464 D adayocomadapter-CommunicationManager: onUpstreamReceive mPropertyId 0x21412016
12-30 10:37:14.153   398   464 I vw-vhal : notifyVehicleProperty, propId = 0x21412016, data = {status: 2, int32Values: [0, 0, 0]}
12-30 10:37:14.153   398   464 I vw-vhal : CanSignalsAdapter::notifyVehicleProperty: solvedValue = {.timestamp = 7169974988852, .areaId = 0, .prop = 557916182, .status = AVAILABLE, .value = {.int32Values = [3]{0, 0, 0}, .floatValues = [0]{}, .int64Values = [0]{}, .bytes = [0]{}, .stringValue = ""}}
12-30 10:37:14.153   398   464 I VehiclePropertyStore: begin to write value to Store: {.timestamp = 7169974988852, .areaId = 0, .prop = 557916182, .status = AVAILABLE, .value = {.int32Values = [3]{0, 0, 0}, .floatValues = [0]{}, .int64Values = [0]{}, .bytes = [0]{}, .stringValue = ""}}
12-30 10:37:14.153   398   464 I DefaultVehicleHal_v2_0: DefaultVehicleHal::onPropertyValue, value:{.timestamp = 7169974988852, .areaId = 0, .prop = 557916182, .status = AVAILABLE, .value = {.int32Values = [3]{0, 0, 0}, .floatValues = [0]{}, .int64Values = [0]{}, .bytes = [0]{}, .stringValue = ""}}
12-30 10:37:14.153   398   464 D DiagPropHandler: is not DiagnosticConfig: 0x21412016
12-30 10:37:14.153   398   464 I VehiclePropertyStore: begin to write value to Store: {.timestamp = 7169974988852, .areaId = 0, .prop = 557916182, .status = AVAILABLE, .value = {.int32Values = [3]{0, 0, 0}, .floatValues = [0]{}, .int64Values = [0]{}, .bytes = [0]{}, .stringValue = ""}}
12-30 10:37:14.153   398   464 D adayocomadapter-CommunicationManager: onUpstreamReceive mPropertyId 0x21412016
12-30 10:37:14.153   398   464 D adayocomadapter-CommunicationManager: onUpstreamReceive mPropertyId 0x21402059
12-30 10:37:14.153   398   464 D adayocomadapter-CommunicationManager: convertBytesToInt32Memcpy  0
12-30 10:37:14.153   398   464 I vw-vhal : notifyVehicleProperty, propId = 0x21402059, data = {status: 2, int32Values: [0]}
12-30 10:37:14.153   398   464 I vw-vhal : CanSignalsAdapter::notifyVehicleProperty: solvedValue = {.timestamp = 7169975686852, .areaId = 0, .prop = 557850713, .status = AVAILABLE, .value = {.int32Values = [1]{0}, .floatValues = [0]{}, .int64Values = [0]{}, .bytes = [0]{}, .stringValue = ""}}
12-30 10:37:14.153   398   464 I VehiclePropertyStore: begin to write value to Store: {.timestamp = 7169975686852, .areaId = 0, .prop = 557850713, .status = AVAILABLE, .value = {.int32Values = [1]{0}, .floatValues = [0]{}, .int64Values = [0]{}, .bytes = [0]{}, .stringValue = ""}}
12-30 10:37:14.154   398   464 I DefaultVehicleHal_v2_0: DefaultVehicleHal::onPropertyValue, value:{.timestamp = 7169975686852, .areaId = 0, .prop = 557850713, .status = AVAILABLE, .value = {.int32Values = [1]{0}, .floatValues = [0]{}, .int64Values = [0]{}, .bytes = [0]{}, .stringValue = ""}}
12-30 10:37:14.154   398   464 D DiagPropHandler: is not DiagnosticConfig: 0x21402059
12-30 10:37:14.154   398   464 I VehiclePropertyStore: begin to write value to Store: {.timestamp = 7169975686852, .areaId = 0, .prop = 557850713, .status = AVAILABLE, .value = {.int32Values = [1]{0}, .floatValues = [0]{}, .int64Values = [0]{}, .bytes = [0]{}, .stringValue = ""}}
12-30 10:37:14.154   398   464 D adayocomadapter-CommunicationManager: onUpstreamReceive mPropertyId 0x21402059
12-30 10:37:14.154   398   464 D adayocomadapter-CommunicationManager: onUpstreamReceive mPropertyId 0x2140201a
12-30 10:37:14.154   398   464 D adayocomadapter-CommunicationManager: convertBytesToInt32Memcpy  0
12-30 10:37:14.154   398   464 I vw-vhal : notifyVehicleProperty, propId = 0x2140201a, data = {status: 2, int32Values: [0]}
12-30 10:37:14.154   398   464 I vw-vhal : CanSignalsAdapter::notifyVehicleProperty: solvedValue = {.timestamp = 7169976379852, .areaId = 0, .prop = 557850650, .status = AVAILABLE, .value = {.int32Values = [1]{0}, .floatValues = [0]{}, .int64Values = [0]{}, .bytes = [0]{}, .stringValue = ""}}
12-30 10:37:14.154   398   464 I VehiclePropertyStore: begin to write value to Store: {.timestamp = 7169976379852, .areaId = 0, .prop = 557850650, .status = AVAILABLE, .value = {.int32Values = [1]{0}, .floatValues = [0]{}, .int64Values = [0]{}, .bytes = [0]{}, .stringValue = ""}}
12-30 10:37:14.154   398   464 I DefaultVehicleHal_v2_0: DefaultVehicleHal::onPropertyValue, value:{.timestamp = 7169976379852, .areaId = 0, .prop = 557850650, .status = AVAILABLE, .value = {.int32Values = [1]{0}, .floatValues = [0]{}, .int64Values = [0]{}, .bytes = [0]{}, .stringValue = ""}}
12-30 10:37:14.154   398   464 D DiagPropHandler: is not DiagnosticConfig: 0x2140201a
12-30 10:37:14.154   398   464 I VehiclePropertyStore: begin to write value to Store: {.timestamp = 7169976379852, .areaId = 0, .prop = 557850650, .status = AVAILABLE, .value = {.int32Values = [1]{0}, .floatValues = [0]{}, .int64Values = [0]{}, .bytes = [0]{}, .stringValue = ""}}
12-30 10:37:14.154   398   464 D adayocomadapter-CommunicationManager: onUpstreamReceive mPropertyId 0x2140201a
12-30 10:37:14.154   398   464 D adayocomadapter-CommunicationManager: onUpstreamReceive mPropertyId 0x21402010
12-30 10:37:14.155   398   464 D adayocomadapter-CommunicationManager: convertBytesToInt32Memcpy  0
12-30 10:37:14.155   398   464 I vw-vhal : notifyVehicleProperty, propId = 0x21402010, data = {status: 2, int32Values: [0]}
12-30 10:37:14.155   398   464 I vw-vhal : CanSignalsAdapter::notifyVehicleProperty: solvedValue = {.timestamp = 7169977013186, .areaId = 0, .prop = 557850640, .status = AVAILABLE, .value = {.int32Values = [1]{0}, .floatValues = [0]{}, .int64Values = [0]{}, .bytes = [0]{}, .stringValue = ""}}
12-30 10:37:14.155   398   464 I VehiclePropertyStore: begin to write value to Store: {.timestamp = 7169977013186, .areaId = 0, .prop = 557850640, .status = AVAILABLE, .value = {.int32Values = [1]{0}, .floatValues = [0]{}, .int64Values = [0]{}, .bytes = [0]{}, .stringValue = ""}}
12-30 10:37:14.155   398   464 I DefaultVehicleHal_v2_0: DefaultVehicleHal::onPropertyValue, value:{.timestamp = 7169977013186, .areaId = 0, .prop = 557850640, .status = AVAILABLE, .value = {.int32Values = [1]{0}, .floatValues = [0]{}, .int64Values = [0]{}, .bytes = [0]{}, .stringValue = ""}}
12-30 10:37:14.155   398   464 D DiagPropHandler: is not DiagnosticConfig: 0x21402010
12-30 10:37:14.155   398   464 I VehiclePropertyStore: begin to write value to Store: {.timestamp = 7169977013186, .areaId = 0, .prop = 557850640, .status = AVAILABLE, .value = {.int32Values = [1]{0}, .floatValues = [0]{}, .int64Values = [0]{}, .bytes = [0]{}, .stringValue = ""}}
12-30 10:37:14.155   398   464 D adayocomadapter-CommunicationManager: onUpstreamReceive mPropertyId 0x21402010
12-30 10:37:14.155   398   464 D adayocomadapter-CommunicationManager: onUpstreamReceive mPropertyId 0x21402055
12-30 10:37:14.155   398   464 D adayocomadapter-CommunicationManager: convertBytesToInt32Memcpy  0
12-30 10:37:14.155   398   464 I vw-vhal : notifyVehicleProperty, propId = 0x21402055, data = {status: 2, int32Values: [0]}
12-30 10:37:14.155   398   464 I vw-vhal : CanSignalsAdapter::notifyVehicleProperty: solvedValue = {.timestamp = 7169977646519, .areaId = 0, .prop = 557850709, .status = AVAILABLE, .value = {.int32Values = [1]{0}, .floatValues = [0]{}, .int64Values = [0]{}, .bytes = [0]{}, .stringValue = ""}}
12-30 10:37:14.155   398   464 I VehiclePropertyStore: begin to write value to Store: {.timestamp = 7169977646519, .areaId = 0, .prop = 557850709, .status = AVAILABLE, .value = {.int32Values = [1]{0}, .floatValues = [0]{}, .int64Values = [0]{}, .bytes = [0]{}, .stringValue = ""}}
12-30 10:37:14.156   398   464 I DefaultVehicleHal_v2_0: DefaultVehicleHal::onPropertyValue, value:{.timestamp = 7169977646519, .areaId = 0, .prop = 557850709, .status = AVAILABLE, .value = {.int32Values = [1]{0}, .floatValues = [0]{}, .int64Values = [0]{}, .bytes = [0]{}, .stringValue = ""}}
12-30 10:37:14.156   398   464 D DiagPropHandler: is not DiagnosticConfig: 0x21402055
12-30 10:37:14.156   398   464 I VehiclePropertyStore: begin to write value to Store: {.timestamp = 7169977646519, .areaId = 0, .prop = 557850709, .status = AVAILABLE, .value = {.int32Values = [1]{0}, .floatValues = [0]{}, .int64Values = [0]{}, .bytes = [0]{}, .stringValue = ""}}
12-30 10:37:14.156   398   464 D adayocomadapter-CommunicationManager: onUpstreamReceive mPropertyId 0x21402055
12-30 10:37:14.156   398   464 D adayocomadapter-CommunicationManager: onUpstreamReceive mPropertyId 0x214020b1
12-30 10:37:14.156   398   464 D adayocomadapter-CommunicationManager: convertBytesToInt32Memcpy  0
12-30 10:37:14.156   398   464 I vw-vhal : notifyVehicleProperty, propId = 0x214020b1, data = {status: 2, int32Values: [0]}
12-30 10:37:14.156   398   464 I vw-vhal : CanSignalsAdapter::notifyVehicleProperty: solvedValue = {.timestamp = 7169978279186, .areaId = 0, .prop = 557850801, .status = AVAILABLE, .value = {.int32Values = [1]{0}, .floatValues = [0]{}, .int64Values = [0]{}, .bytes = [0]{}, .stringValue = ""}}
12-30 10:37:14.156   398   464 I VehiclePropertyStore: begin to write value to Store: {.timestamp = 7169978279186, .areaId = 0, .prop = 557850801, .status = AVAILABLE, .value = {.int32Values = [1]{0}, .floatValues = [0]{}, .int64Values = [0]{}, .bytes = [0]{}, .stringValue = ""}}
12-30 10:37:14.156   398   464 I DefaultVehicleHal_v2_0: DefaultVehicleHal::onPropertyValue, value:{.timestamp = 7169978279186, .areaId = 0, .prop = 557850801, .status = AVAILABLE, .value = {.int32Values = [1]{0}, .floatValues = [0]{}, .int64Values = [0]{}, .bytes = [0]{}, .stringValue = ""}}
12-30 10:37:14.156   398   464 D DiagPropHandler: is not DiagnosticConfig: 0x214020b1
12-30 10:37:14.156   398   464 I VehiclePropertyStore: begin to write value to Store: {.timestamp = 7169978279186, .areaId = 0, .prop = 557850801, .status = AVAILABLE, .value = {.int32Values = [1]{0}, .floatValues = [0]{}, .int64Values = [0]{}, .bytes = [0]{}, .stringValue = ""}}
12-30 10:37:14.156   398   464 D adayocomadapter-CommunicationManager: onUpstreamReceive mPropertyId 0x214020b1
12-30 10:37:14.156   398   464 D adayocomadapter-CommunicationManager: onUpstreamReceive mPropertyId 0x2140201b
12-30 10:37:14.156   398   464 D adayocomadapter-CommunicationManager: convertBytesToInt32Memcpy  0
12-30 10:37:14.157   398   464 I vw-vhal : notifyVehicleProperty, propId = 0x2140201b, data = {status: 2, int32Values: [0]}
12-30 10:37:14.157   398   464 I vw-vhal : CanSignalsAdapter::notifyVehicleProperty: solvedValue = {.timestamp = 7169978944852, .areaId = 0, .prop = 557850651, .status = AVAILABLE, .value = {.int32Values = [1]{0}, .floatValues = [0]{}, .int64Values = [0]{}, .bytes = [0]{}, .stringValue = ""}}
12-30 10:37:14.157   398   464 I VehiclePropertyStore: begin to write value to Store: {.timestamp = 7169978944852, .areaId = 0, .prop = 557850651, .status = AVAILABLE, .value = {.int32Values = [1]{0}, .floatValues = [0]{}, .int64Values = [0]{}, .bytes = [0]{}, .stringValue = ""}}
12-30 10:37:14.157   398   464 I DefaultVehicleHal_v2_0: DefaultVehicleHal::onPropertyValue, value:{.timestamp = 7169978944852, .areaId = 0, .prop = 557850651, .status = AVAILABLE, .value = {.int32Values = [1]{0}, .floatValues = [0]{}, .int64Values = [0]{}, .bytes = [0]{}, .stringValue = ""}}
12-30 10:37:14.157   398   464 D DiagPropHandler: is not DiagnosticConfig: 0x2140201b
12-30 10:37:14.157   398   464 I VehiclePropertyStore: begin to write value to Store: {.timestamp = 7169978944852, .areaId = 0, .prop = 557850651, .status = AVAILABLE, .value = {.int32Values = [1]{0}, .floatValues = [0]{}, .int64Values = [0]{}, .bytes = [0]{}, .stringValue = ""}}
12-30 10:37:14.157   398   464 D adayocomadapter-CommunicationManager: onUpstreamReceive mPropertyId 0x2140201b
12-30 10:37:14.157   398   464 D adayocomadapter-CommunicationManager: onUpstreamReceive mPropertyId 0x21402018
12-30 10:37:14.157   398   464 D adayocomadapter-CommunicationManager: convertBytesToInt32Memcpy  0
12-30 10:37:14.157   398   464 I vw-vhal : notifyVehicleProperty, propId = 0x21402018, data = {status: 2, int32Values: [0]}
12-30 10:37:14.157   398   464 I vw-vhal : CanSignalsAdapter::notifyVehicleProperty: solvedValue = {.timestamp = 7169979618186, .areaId = 0, .prop = 557850648, .status = AVAILABLE, .value = {.int32Values = [1]{0}, .floatValues = [0]{}, .int64Values = [0]{}, .bytes = [0]{}, .stringValue = ""}}
12-30 10:37:14.157   398   464 I VehiclePropertyStore: begin to write value to Store: {.timestamp = 7169979618186, .areaId = 0, .prop = 557850648, .status = AVAILABLE, .value = {.int32Values = [1]{0}, .floatValues = [0]{}, .int64Values = [0]{}, .bytes = [0]{}, .stringValue = ""}}
12-30 10:37:14.157   398   464 I DefaultVehicleHal_v2_0: DefaultVehicleHal::onPropertyValue, value:{.timestamp = 7169979618186, .areaId = 0, .prop = 557850648, .status = AVAILABLE, .value = {.int32Values = [1]{0}, .floatValues = [0]{}, .int64Values = [0]{}, .bytes = [0]{}, .stringValue = ""}}
12-30 10:37:14.158   398   464 D DiagPropHandler: is not DiagnosticConfig: 0x21402018
12-30 10:37:14.158   398   464 I VehiclePropertyStore: begin to write value to Store: {.timestamp = 7169979618186, .areaId = 0, .prop = 557850648, .status = AVAILABLE, .value = {.int32Values = [1]{0}, .floatValues = [0]{}, .int64Values = [0]{}, .bytes = [0]{}, .stringValue = ""}}
12-30 10:37:14.158   398   464 D adayocomadapter-CommunicationManager: onUpstreamReceive mPropertyId 0x21402018
12-30 10:37:14.158   398   464 D adayocomadapter-CommunicationManager: onUpstreamReceive mPropertyId 0x21402190
12-30 10:37:14.158   398   464 D adayocomadapter-CommunicationManager: convertBytesToInt32Memcpy  0
12-30 10:37:14.158   398   464 I vw-vhal : notifyVehicleProperty, propId = 0x21402190, data = {status: 2, int32Values: [0]}
12-30 10:37:14.158   398   464 I vw-vhal : CanSignalsAdapter::notifyVehicleProperty: solvedValue = {.timestamp = 7169980335852, .areaId = 0, .prop = 557851024, .status = AVAILABLE, .value = {.int32Values = [1]{0}, .floatValues = [0]{}, .int64Values = [0]{}, .bytes = [0]{}, .stringValue = ""}}
12-30 10:37:14.158   398   464 I VehiclePropertyStore: begin to write value to Store: {.timestamp = 7169980335852, .areaId = 0, .prop = 557851024, .status = AVAILABLE, .value = {.int32Values = [1]{0}, .floatValues = [0]{}, .int64Values = [0]{}, .bytes = [0]{}, .stringValue = ""}}
12-30 10:37:14.158   398   464 I DefaultVehicleHal_v2_0: DefaultVehicleHal::onPropertyValue, value:{.timestamp = 7169980335852, .areaId = 0, .prop = 557851024, .status = AVAILABLE, .value = {.int32Values = [1]{0}, .floatValues = [0]{}, .int64Values = [0]{}, .bytes = [0]{}, .stringValue = ""}}
12-30 10:37:14.158   398   464 D DiagPropHandler: is not DiagnosticConfig: 0x21402190
12-30 10:37:14.158   398   464 I VehiclePropertyStore: begin to write value to Store: {.timestamp = 7169980335852, .areaId = 0, .prop = 557851024, .status = AVAILABLE, .value = {.int32Values = [1]{0}, .floatValues = [0]{}, .int64Values = [0]{}, .bytes = [0]{}, .stringValue = ""}}
12-30 10:37:14.158   398   464 D adayocomadapter-CommunicationManager: onUpstreamReceive mPropertyId 0x21402190
12-30 10:37:14.158   398   464 D adayocomadapter-CommunicationManager: onUpstreamReceive mPropertyId 0x21402021
12-30 10:37:14.159   398   464 D adayocomadapter-CommunicationManager: convertBytesToInt32Memcpy  0
12-30 10:37:14.159   398   464 I vw-vhal : notifyVehicleProperty, propId = 0x21402021, data = {status: 2, int32Values: [0]}
12-30 10:37:14.159   398   464 I vw-vhal : CanSignalsAdapter::notifyVehicleProperty: solvedValue = {.timestamp = 7169981037852, .areaId = 0, .prop = 557850657, .status = AVAILABLE, .value = {.int32Values = [1]{0}, .floatValues = [0]{}, .int64Values = [0]{}, .bytes = [0]{}, .stringValue = ""}}
12-30 10:37:14.159   398   464 I VehiclePropertyStore: begin to write value to Store: {.timestamp = 7169981037852, .areaId = 0, .prop = 557850657, .status = AVAILABLE, .value = {.int32Values = [1]{0}, .floatValues = [0]{}, .int64Values = [0]{}, .bytes = [0]{}, .stringValue = ""}}
12-30 10:37:14.159   398   464 I DefaultVehicleHal_v2_0: DefaultVehicleHal::onPropertyValue, value:{.timestamp = 7169981037852, .areaId = 0, .prop = 557850657, .status = AVAILABLE, .value = {.int32Values = [1]{0}, .floatValues = [0]{}, .int64Values = [0]{}, .bytes = [0]{}, .stringValue = ""}}
12-30 10:37:14.159   398   464 D DiagPropHandler: is not DiagnosticConfig: 0x21402021
12-30 10:37:14.159   398   464 I VehiclePropertyStore: begin to write value to Store: {.timestamp = 7169981037852, .areaId = 0, .prop = 557850657, .status = AVAILABLE, .value = {.int32Values = [1]{0}, .floatValues = [0]{}, .int64Values = [0]{}, .bytes = [0]{}, .stringValue = ""}}
12-30 10:37:14.159   398   464 D adayocomadapter-CommunicationManager: onUpstreamReceive mPropertyId 0x21402021
12-30 10:37:14.159   398   464 D adayocomadapter-CommunicationManager: onUpstreamReceive mPropertyId 0x214021c8
12-30 10:37:14.159   398   464 D adayocomadapter-CommunicationManager: convertBytesToInt32Memcpy  0
12-30 10:37:14.159   398   464 I vw-vhal : notifyVehicleProperty, propId = 0x214021c8, data = {status: 2, int32Values: [0]}
12-30 10:37:14.159   398   464 I vw-vhal : CanSignalsAdapter::notifyVehicleProperty: solvedValue = {.timestamp = 7169981724186, .areaId = 0, .prop = 557851080, .status = AVAILABLE, .value = {.int32Values = [1]{0}, .floatValues = [0]{}, .int64Values = [0]{}, .bytes = [0]{}, .stringValue = ""}}
12-30 10:37:14.160   398   464 I VehiclePropertyStore: begin to write value to Store: {.timestamp = 7169981724186, .areaId = 0, .prop = 557851080, .status = AVAILABLE, .value = {.int32Values = [1]{0}, .floatValues = [0]{}, .int64Values = [0]{}, .bytes = [0]{}, .stringValue = ""}}
12-30 10:37:14.160   398   464 I DefaultVehicleHal_v2_0: DefaultVehicleHal::onPropertyValue, value:{.timestamp = 7169981724186, .areaId = 0, .prop = 557851080, .status = AVAILABLE, .value = {.int32Values = [1]{0}, .floatValues = [0]{}, .int64Values = [0]{}, .bytes = [0]{}, .stringValue = ""}}
12-30 10:37:14.160   398   464 D DiagPropHandler: is not DiagnosticConfig: 0x214021c8
12-30 10:37:14.160   398   464 I VehiclePropertyStore: begin to write value to Store: {.timestamp = 7169981724186, .areaId = 0, .prop = 557851080, .status = AVAILABLE, .value = {.int32Values = [1]{0}, .floatValues = [0]{}, .int64Values = [0]{}, .bytes = [0]{}, .stringValue = ""}}
12-30 10:37:14.160   398   464 D adayocomadapter-CommunicationManager: onUpstreamReceive mPropertyId 0x214021c8
12-30 10:37:14.160   398   464 D adayocomadapter-CommunicationManager: onUpstreamReceive mPropertyId 0x2140200a
12-30 10:37:14.160   398   464 D adayocomadapter-CommunicationManager: convertBytesToInt32Memcpy  0
12-30 10:37:14.160   398   464 I vw-vhal : notifyVehicleProperty, propId = 0x2140200a, data = {status: 2, int32Values: [0]}
12-30 10:37:14.160   398   464 I vw-vhal : CanSignalsAdapter::notifyVehicleProperty: solvedValue = {.timestamp = 7169982362186, .areaId = 0, .prop = 557850634, .status = AVAILABLE, .value = {.int32Values = [1]{0}, .floatValues = [0]{}, .int64Values = [0]{}, .bytes = [0]{}, .stringValue = ""}}
12-30 10:37:14.160   398   464 I VehiclePropertyStore: begin to write value to Store: {.timestamp = 7169982362186, .areaId = 0, .prop = 557850634, .status = AVAILABLE, .value = {.int32Values = [1]{0}, .floatValues = [0]{}, .int64Values = [0]{}, .bytes = [0]{}, .stringValue = ""}}
12-30 10:37:14.160   398   464 I DefaultVehicleHal_v2_0: DefaultVehicleHal::onPropertyValue, value:{.timestamp = 7169982362186, .areaId = 0, .prop = 557850634, .status = AVAILABLE, .value = {.int32Values = [1]{0}, .floatValues = [0]{}, .int64Values = [0]{}, .bytes = [0]{}, .stringValue = ""}}
12-30 10:37:14.160   398   464 D DiagPropHandler: is not DiagnosticConfig: 0x2140200a
12-30 10:37:14.160   398   464 I VehiclePropertyStore: begin to write value to Store: {.timestamp = 7169982362186, .areaId = 0, .prop = 557850634, .status = AVAILABLE, .value = {.int32Values = [1]{0}, .floatValues = [0]{}, .int64Values = [0]{}, .bytes = [0]{}, .stringValue = ""}}
12-30 10:37:14.160   398   464 D adayocomadapter-CommunicationManager: onUpstreamReceive mPropertyId 0x2140200a
12-30 10:37:14.160   398   464 D adayocomadapter-CommunicationManager: onUpstreamReceive mPropertyId 0x2140223e
12-30 10:37:14.161   398   464 D adayocomadapter-CommunicationManager: convertBytesToInt32Memcpy  0
12-30 10:37:14.161   398   464 I vw-vhal : notifyVehicleProperty, propId = 0x2140223e, data = {status: 2, int32Values: [0]}
12-30 10:37:14.161   398   464 I vw-vhal : CanSignalsAdapter::notifyVehicleProperty: solvedValue = {.timestamp = 7169983005519, .areaId = 0, .prop = 557851198, .status = AVAILABLE, .value = {.int32Values = [1]{0}, .floatValues = [0]{}, .int64Values = [0]{}, .bytes = [0]{}, .stringValue = ""}}
12-30 10:37:14.161   398   464 I VehiclePropertyStore: begin to write value to Store: {.timestamp = 7169983005519, .areaId = 0, .prop = 557851198, .status = AVAILABLE, .value = {.int32Values = [1]{0}, .floatValues = [0]{}, .int64Values = [0]{}, .bytes = [0]{}, .stringValue = ""}}
12-30 10:37:14.161   398   464 I DefaultVehicleHal_v2_0: DefaultVehicleHal::onPropertyValue, value:{.timestamp = 7169983005519, .areaId = 0, .prop = 557851198, .status = AVAILABLE, .value = {.int32Values = [1]{0}, .floatValues = [0]{}, .int64Values = [0]{}, .bytes = [0]{}, .stringValue = ""}}
12-30 10:37:14.161   398   464 D DiagPropHandler: is not DiagnosticConfig: 0x2140223e
12-30 10:37:14.161   398   464 I VehiclePropertyStore: begin to write value to Store: {.timestamp = 7169983005519, .areaId = 0, .prop = 557851198, .status = AVAILABLE, .value = {.int32Values = [1]{0}, .floatValues = [0]{}, .int64Values = [0]{}, .bytes = [0]{}, .stringValue = ""}}
12-30 10:37:14.161   398   464 D adayocomadapter-CommunicationManager: onUpstreamReceive mPropertyId 0x2140223e
12-30 10:37:14.161   398   464 D adayocomadapter-CommunicationManager: onUpstreamReceive mPropertyId 0x21402119
12-30 10:37:14.161   398   464 D adayocomadapter-CommunicationManager: convertBytesToInt32Memcpy  0
12-30 10:37:14.161   398   464 I vw-vhal : notifyVehicleProperty, propId = 0x21402119, data = {status: 2, int32Values: [0]}
12-30 10:37:14.161   398   464 I vw-vhal : CanSignalsAdapter::notifyVehicleProperty: solvedValue = {.timestamp = 7169983696519, .areaId = 0, .prop = 557850905, .status = AVAILABLE, .value = {.int32Values = [1]{0}, .floatValues = [0]{}, .int64Values = [0]{}, .bytes = [0]{}, .stringValue = ""}}
12-30 10:37:14.161   398   464 I VehiclePropertyStore: begin to write value to Store: {.timestamp = 7169983696519, .areaId = 0, .prop = 557850905, .status = AVAILABLE, .value = {.int32Values = [1]{0}, .floatValues = [0]{}, .int64Values = [0]{}, .bytes = [0]{}, .stringValue = ""}}
12-30 10:37:14.162   398   464 I DefaultVehicleHal_v2_0: DefaultVehicleHal::onPropertyValue, value:{.timestamp = 7169983696519, .areaId = 0, .prop = 557850905, .status = AVAILABLE, .value = {.int32Values = [1]{0}, .floatValues = [0]{}, .int64Values = [0]{}, .bytes = [0]{}, .stringValue = ""}}
12-30 10:37:14.162   398   464 D DiagPropHandler: is not DiagnosticConfig: 0x21402119
12-30 10:37:14.162   398   464 I VehiclePropertyStore: begin to write value to Store: {.timestamp = 7169983696519, .areaId = 0, .prop = 557850905, .status = AVAILABLE, .value = {.int32Values = [1]{0}, .floatValues = [0]{}, .int64Values = [0]{}, .bytes = [0]{}, .stringValue = ""}}
12-30 10:37:14.162   398   464 D adayocomadapter-CommunicationManager: onUpstreamReceive mPropertyId 0x21402119
12-30 10:37:14.162   398   464 D adayocomadapter-CommunicationManager: onUpstreamReceive mPropertyId 0x21402005
12-30 10:37:14.162   398   464 D adayocomadapter-CommunicationManager: convertBytesToInt32Memcpy  0
12-30 10:37:14.162   398   464 I vw-vhal : notifyVehicleProperty, propId = 0x21402005, data = {status: 2, int32Values: [0]}
12-30 10:37:14.162   398   464 I vw-vhal : CanSignalsAdapter::notifyVehicleProperty: solvedValue = {.timestamp = 7169984376519, .areaId = 0, .prop = 557850629, .status = AVAILABLE, .value = {.int32Values = [1]{0}, .floatValues = [0]{}, .int64Values = [0]{}, .bytes = [0]{}, .stringValue = ""}}
12-30 10:37:14.162   398   464 I VehiclePropertyStore: begin to write value to Store: {.timestamp = 7169984376519, .areaId = 0, .prop = 557850629, .status = AVAILABLE, .value = {.int32Values = [1]{0}, .floatValues = [0]{}, .int64Values = [0]{}, .bytes = [0]{}, .stringValue = ""}}
12-30 10:37:14.162   398   464 I DefaultVehicleHal_v2_0: DefaultVehicleHal::onPropertyValue, value:{.timestamp = 7169984376519, .areaId = 0, .prop = 557850629, .status = AVAILABLE, .value = {.int32Values = [1]{0}, .floatValues = [0]{}, .int64Values = [0]{}, .bytes = [0]{}, .stringValue = ""}}
12-30 10:37:14.162   398   464 D DiagPropHandler: is not DiagnosticConfig: 0x21402005
12-30 10:37:14.162   398   464 I VehiclePropertyStore: begin to write value to Store: {.timestamp = 7169984376519, .areaId = 0, .prop = 557850629, .status = AVAILABLE, .value = {.int32Values = [1]{0}, .floatValues = [0]{}, .int64Values = [0]{}, .bytes = [0]{}, .stringValue = ""}}
12-30 10:37:14.162   398   464 D adayocomadapter-CommunicationManager: onUpstreamReceive mPropertyId 0x21402005
12-30 10:37:14.163   398   464 D adayocomadapter-CommunicationManager: onUpstreamReceive mPropertyId 0x2140214e
12-30 10:37:14.163   398   464 D adayocomadapter-CommunicationManager: convertBytesToInt32Memcpy  0
12-30 10:37:14.163   398   464 I vw-vhal : notifyVehicleProperty, propId = 0x2140214e, data = {status: 2, int32Values: [0]}
12-30 10:37:14.163   398   464 I vw-vhal : CanSignalsAdapter::notifyVehicleProperty: solvedValue = {.timestamp = 7169985040519, .areaId = 0, .prop = 557850958, .status = AVAILABLE, .value = {.int32Values = [1]{0}, .floatValues = [0]{}, .int64Values = [0]{}, .bytes = [0]{}, .stringValue = ""}}
12-30 10:37:14.163   398   464 I VehiclePropertyStore: begin to write value to Store: {.timestamp = 7169985040519, .areaId = 0, .prop = 557850958, .status = AVAILABLE, .value = {.int32Values = [1]{0}, .floatValues = [0]{}, .int64Values = [0]{}, .bytes = [0]{}, .stringValue = ""}}
12-30 10:37:14.163   398   464 I DefaultVehicleHal_v2_0: DefaultVehicleHal::onPropertyValue, value:{.timestamp = 7169985040519, .areaId = 0, .prop = 557850958, .status = AVAILABLE, .value = {.int32Values = [1]{0}, .floatValues = [0]{}, .int64Values = [0]{}, .bytes = [0]{}, .stringValue = ""}}
12-30 10:37:14.163   398   464 D DiagPropHandler: is not DiagnosticConfig: 0x2140214e
12-30 10:37:14.163   398   464 I VehiclePropertyStore: begin to write value to Store: {.timestamp = 7169985040519, .areaId = 0, .prop = 557850958, .status = AVAILABLE, .value = {.int32Values = [1]{0}, .floatValues = [0]{}, .int64Values = [0]{}, .bytes = [0]{}, .stringValue = ""}}
12-30 10:37:14.163   398   464 D adayocomadapter-CommunicationManager: onUpstreamReceive mPropertyId 0x2140214e
12-30 10:37:14.163   398   464 D adayocomadapter-CommunicationManager: onUpstreamReceive mPropertyId 0x21402056
12-30 10:37:14.163   398   464 D adayocomadapter-CommunicationManager: convertBytesToInt32Memcpy  0
12-30 10:37:14.163   398   464 I vw-vhal : notifyVehicleProperty, propId = 0x21402056, data = {status: 2, int32Values: [0]}
12-30 10:37:14.163   398   464 I vw-vhal : CanSignalsAdapter::notifyVehicleProperty: solvedValue = {.timestamp = 7169985721519, .areaId = 0, .prop = 557850710, .status = AVAILABLE, .value = {.int32Values = [1]{0}, .floatValues = [0]{}, .int64Values = [0]{}, .bytes = [0]{}, .stringValue = ""}}
12-30 10:37:14.164   398   464 I VehiclePropertyStore: begin to write value to Store: {.timestamp = 7169985721519, .areaId = 0, .prop = 557850710, .status = AVAILABLE, .value = {.int32Values = [1]{0}, .floatValues = [0]{}, .int64Values = [0]{}, .bytes = [0]{}, .stringValue = ""}}
12-30 10:37:14.164   398   464 I DefaultVehicleHal_v2_0: DefaultVehicleHal::onPropertyValue, value:{.timestamp = 7169985721519, .areaId = 0, .prop = 557850710, .status = AVAILABLE, .value = {.int32Values = [1]{0}, .floatValues = [0]{}, .int64Values = [0]{}, .bytes = [0]{}, .stringValue = ""}}
12-30 10:37:14.164   398   464 D DiagPropHandler: is not DiagnosticConfig: 0x21402056
12-30 10:37:14.164  2358  2623 D RcfController: Rcf proxy is not connected!
12-30 10:37:14.164   398   464 I VehiclePropertyStore: begin to write value to Store: {.timestamp = 7169985721519, .areaId = 0, .prop = 557850710, .status = AVAILABLE, .value = {.int32Values = [1]{0}, .floatValues = [0]{}, .int64Values = [0]{}, .bytes = [0]{}, .stringValue = ""}}
12-30 10:37:14.164   398   464 D adayocomadapter-CommunicationManager: onUpstreamReceive mPropertyId 0x21402056
12-30 10:37:14.164   398   464 D adayocomadapter-CommunicationManager: onUpstreamReceive mPropertyId 0x21402057
12-30 10:37:14.164   398   464 D adayocomadapter-CommunicationManager: convertBytesToInt32Memcpy  0
12-30 10:37:14.164   398   464 I vw-vhal : notifyVehicleProperty, propId = 0x21402057, data = {status: 2, int32Values: [0]}
12-30 10:37:14.164   398   464 I vw-vhal : CanSignalsAdapter::notifyVehicleProperty: solvedValue = {.timestamp = 7169986389519, .areaId = 0, .prop = 557850711, .status = AVAILABLE, .value = {.int32Values = [1]{0}, .floatValues = [0]{}, .int64Values = [0]{}, .bytes = [0]{}, .stringValue = ""}}
12-30 10:37:14.164   398   464 I VehiclePropertyStore: begin to write value to Store: {.timestamp = 7169986389519, .areaId = 0, .prop = 557850711, .status = AVAILABLE, .value = {.int32Values = [1]{0}, .floatValues = [0]{}, .int64Values = [0]{}, .bytes = [0]{}, .stringValue = ""}}
12-30 10:37:14.164   398   464 I DefaultVehicleHal_v2_0: DefaultVehicleHal::onPropertyValue, value:{.timestamp = 7169986389519, .areaId = 0, .prop = 557850711, .status = AVAILABLE, .value = {.int32Values = [1]{0}, .floatValues = [0]{}, .int64Values = [0]{}, .bytes = [0]{}, .stringValue = ""}}
12-30 10:37:14.164   398   464 D DiagPropHandler: is not DiagnosticConfig: 0x21402057
12-30 10:37:14.164   398   464 I VehiclePropertyStore: begin to write value to Store: {.timestamp = 7169986389519, .areaId = 0, .prop = 557850711, .status = AVAILABLE, .value = {.int32Values = [1]{0}, .floatValues = [0]{}, .int64Values = [0]{}, .bytes = [0]{}, .stringValue = ""}}
12-30 10:37:14.164   398   464 D adayocomadapter-CommunicationManager: onUpstreamReceive mPropertyId 0x21402057
12-30 10:37:14.165   398   464 D adayocomadapter-CommunicationManager: onUpstreamReceive mPropertyId 0x21402058
12-30 10:37:14.165   398   464 D adayocomadapter-CommunicationManager: convertBytesToInt32Memcpy  0
12-30 10:37:14.165   398   464 I vw-vhal : notifyVehicleProperty, propId = 0x21402058, data = {status: 2, int32Values: [0]}
12-30 10:37:14.165   398   464 I vw-vhal : CanSignalsAdapter::notifyVehicleProperty: solvedValue = {.timestamp = 7169987041852, .areaId = 0, .prop = 557850712, .status = AVAILABLE, .value = {.int32Values = [1]{0}, .floatValues = [0]{}, .int64Values = [0]{}, .bytes = [0]{}, .stringValue = ""}}
12-30 10:37:14.165   398   464 I VehiclePropertyStore: begin to write value to Store: {.timestamp = 7169987041852, .areaId = 0, .prop = 557850712, .status = AVAILABLE, .value = {.int32Values = [1]{0}, .floatValues = [0]{}, .int64Values = [0]{}, .bytes = [0]{}, .stringValue = ""}}
12-30 10:37:14.165   398   464 I DefaultVehicleHal_v2_0: DefaultVehicleHal::onPropertyValue, value:{.timestamp = 7169987041852, .areaId = 0, .prop = 557850712, .status = AVAILABLE, .value = {.int32Values = [1]{0}, .floatValues = [0]{}, .int64Values = [0]{}, .bytes = [0]{}, .stringValue = ""}}
12-30 10:37:14.165   398   464 D DiagPropHandler: is not DiagnosticConfig: 0x21402058
12-30 10:37:14.165   398   464 I VehiclePropertyStore: begin to write value to Store: {.timestamp = 7169987041852, .areaId = 0, .prop = 557850712, .status = AVAILABLE, .value = {.int32Values = [1]{0}, .floatValues = [0]{}, .int64Values = [0]{}, .bytes = [0]{}, .stringValue = ""}}
12-30 10:37:14.165   398   464 D adayocomadapter-CommunicationManager: onUpstreamReceive mPropertyId 0x21402058
12-30 10:37:14.165   398   464 D adayocomadapter-CommunicationManager: onUpstreamReceive mPropertyId 0x2140205a
12-30 10:37:14.165   398   464 D adayocomadapter-CommunicationManager: convertBytesToInt32Memcpy  0
12-30 10:37:14.165   398   464 I vw-vhal : notifyVehicleProperty, propId = 0x2140205a, data = {status: 2, int32Values: [0]}
12-30 10:37:14.165   398   464 I vw-vhal : CanSignalsAdapter::notifyVehicleProperty: solvedValue = {.timestamp = 7169987726852, .areaId = 0, .prop = 557850714, .status = AVAILABLE, .value = {.int32Values = [1]{0}, .floatValues = [0]{}, .int64Values = [0]{}, .bytes = [0]{}, .stringValue = ""}}
12-30 10:37:14.166   398   464 I VehiclePropertyStore: begin to write value to Store: {.timestamp = 7169987726852, .areaId = 0, .prop = 557850714, .status = AVAILABLE, .value = {.int32Values = [1]{0}, .floatValues = [0]{}, .int64Values = [0]{}, .bytes = [0]{}, .stringValue = ""}}
12-30 10:37:14.166   398   464 I DefaultVehicleHal_v2_0: DefaultVehicleHal::onPropertyValue, value:{.timestamp = 7169987726852, .areaId = 0, .prop = 557850714, .status = AVAILABLE, .value = {.int32Values = [1]{0}, .floatValues = [0]{}, .int64Values = [0]{}, .bytes = [0]{}, .stringValue = ""}}
12-30 10:37:14.166   398   464 D DiagPropHandler: is not DiagnosticConfig: 0x2140205a
12-30 10:37:14.166   398   464 I VehiclePropertyStore: begin to write value to Store: {.timestamp = 7169987726852, .areaId = 0, .prop = 557850714, .status = AVAILABLE, .value = {.int32Values = [1]{0}, .floatValues = [0]{}, .int64Values = [0]{}, .bytes = [0]{}, .stringValue = ""}}
12-30 10:37:14.166   398   464 D adayocomadapter-CommunicationManager: onUpstreamReceive mPropertyId 0x2140205a
12-30 10:37:14.166   398   464 D adayocomadapter-CommunicationManager: onUpstreamReceive mPropertyId 0x2140205b
12-30 10:37:14.166   398   464 D adayocomadapter-CommunicationManager: convertBytesToInt32Memcpy  0
12-30 10:37:14.166   398   464 I vw-vhal : notifyVehicleProperty, propId = 0x2140205b, data = {status: 2, int32Values: [0]}
12-30 10:37:14.166   398   464 I vw-vhal : CanSignalsAdapter::notifyVehicleProperty: solvedValue = {.timestamp = 7169988461186, .areaId = 0, .prop = 557850715, .status = AVAILABLE, .value = {.int32Values = [1]{0}, .floatValues = [0]{}, .int64Values = [0]{}, .bytes = [0]{}, .stringValue = ""}}
12-30 10:37:14.166   398   464 I VehiclePropertyStore: begin to write value to Store: {.timestamp = 7169988461186, .areaId = 0, .prop = 557850715, .status = AVAILABLE, .value = {.int32Values = [1]{0}, .floatValues = [0]{}, .int64Values = [0]{}, .bytes = [0]{}, .stringValue = ""}}
12-30 10:37:14.166   398   464 I DefaultVehicleHal_v2_0: DefaultVehicleHal::onPropertyValue, value:{.timestamp = 7169988461186, .areaId = 0, .prop = 557850715, .status = AVAILABLE, .value = {.int32Values = [1]{0}, .floatValues = [0]{}, .int64Values = [0]{}, .bytes = [0]{}, .stringValue = ""}}
12-30 10:37:14.166   398   464 D DiagPropHandler: is not DiagnosticConfig: 0x2140205b
12-30 10:37:14.166   398   464 I VehiclePropertyStore: begin to write value to Store: {.timestamp = 7169988461186, .areaId = 0, .prop = 557850715, .status = AVAILABLE, .value = {.int32Values = [1]{0}, .floatValues = [0]{}, .int64Values = [0]{}, .bytes = [0]{}, .stringValue = ""}}
12-30 10:37:14.167   398   464 D adayocomadapter-CommunicationManager: onUpstreamReceive mPropertyId 0x2140205b
12-30 10:37:14.167   398   464 D adayocomadapter-CommunicationManager: onUpstreamReceive mPropertyId 0x2140205c
12-30 10:37:14.167   398   464 D adayocomadapter-CommunicationManager: convertBytesToInt32Memcpy  0
12-30 10:37:14.167   398   464 I vw-vhal : notifyVehicleProperty, propId = 0x2140205c, data = {status: 2, int32Values: [0]}
12-30 10:37:14.167   398   464 I vw-vhal : CanSignalsAdapter::notifyVehicleProperty: solvedValue = {.timestamp = 7169989140186, .areaId = 0, .prop = 557850716, .status = AVAILABLE, .value = {.int32Values = [1]{0}, .floatValues = [0]{}, .int64Values = [0]{}, .bytes = [0]{}, .stringValue = ""}}
12-30 10:37:14.167   398   464 I VehiclePropertyStore: begin to write value to Store: {.timestamp = 7169989140186, .areaId = 0, .prop = 557850716, .status = AVAILABLE, .value = {.int32Values = [1]{0}, .floatValues = [0]{}, .int64Values = [0]{}, .bytes = [0]{}, .stringValue = ""}}
12-30 10:37:14.167   398   464 I DefaultVehicleHal_v2_0: DefaultVehicleHal::onPropertyValue, value:{.timestamp = 7169989140186, .areaId = 0, .prop = 557850716, .status = AVAILABLE, .value = {.int32Values = [1]{0}, .floatValues = [0]{}, .int64Values = [0]{}, .bytes = [0]{}, .stringValue = ""}}
12-30 10:37:14.167   398   464 D DiagPropHandler: is not DiagnosticConfig: 0x2140205c
12-30 10:37:14.167   398   464 I VehiclePropertyStore: begin to write value to Store: {.timestamp = 7169989140186, .areaId = 0, .prop = 557850716, .status = AVAILABLE, .value = {.int32Values = [1]{0}, .floatValues = [0]{}, .int64Values = [0]{}, .bytes = [0]{}, .stringValue = ""}}
12-30 10:37:14.167   398   464 D adayocomadapter-CommunicationManager: onUpstreamReceive mPropertyId 0x2140205c
12-30 10:37:14.167   398   464 D adayocomadapter-CommunicationManager: onUpstreamReceive mPropertyId 0x2140218e
12-30 10:37:14.167   398   464 D adayocomadapter-CommunicationManager: convertBytesToInt32Memcpy  0
12-30 10:37:14.167   398   464 I vw-vhal : notifyVehicleProperty, propId = 0x2140218e, data = {status: 2, int32Values: [0]}
12-30 10:37:14.168   398   464 I vw-vhal : CanSignalsAdapter::notifyVehicleProperty: solvedValue = {.timestamp = 7169989817519, .areaId = 0, .prop = 557851022, .status = AVAILABLE, .value = {.int32Values = [1]{0}, .floatValues = [0]{}, .int64Values = [0]{}, .bytes = [0]{}, .stringValue = ""}}
12-30 10:37:14.168   398   464 I VehiclePropertyStore: begin to write value to Store: {.timestamp = 7169989817519, .areaId = 0, .prop = 557851022, .status = AVAILABLE, .value = {.int32Values = [1]{0}, .floatValues = [0]{}, .int64Values = [0]{}, .bytes = [0]{}, .stringValue = ""}}
12-30 10:37:14.168   398   464 I DefaultVehicleHal_v2_0: DefaultVehicleHal::onPropertyValue, value:{.timestamp = 7169989817519, .areaId = 0, .prop = 557851022, .status = AVAILABLE, .value = {.int32Values = [1]{0}, .floatValues = [0]{}, .int64Values = [0]{}, .bytes = [0]{}, .stringValue = ""}}
12-30 10:37:14.168   398   464 D DiagPropHandler: is not DiagnosticConfig: 0x2140218e
12-30 10:37:14.168   398   464 I VehiclePropertyStore: begin to write value to Store: {.timestamp = 7169989817519, .areaId = 0, .prop = 557851022, .status = AVAILABLE, .value = {.int32Values = [1]{0}, .floatValues = [0]{}, .int64Values = [0]{}, .bytes = [0]{}, .stringValue = ""}}
12-30 10:37:14.168   398   464 D adayocomadapter-CommunicationManager: onUpstreamReceive mPropertyId 0x2140218e
12-30 10:37:14.168   398   464 D adayocomadapter-CommunicationManager: onUpstreamReceive mPropertyId 0x2140218f
12-30 10:37:14.168   398   464 D adayocomadapter-CommunicationManager: convertBytesToInt32Memcpy  0
12-30 10:37:14.168   398   464 I vw-vhal : notifyVehicleProperty, propId = 0x2140218f, data = {status: 2, int32Values: [0]}
