12-30 10:37:18.595   398   464 I VehiclePropertyStore: begin to write value to Store: {.timestamp = 7174416533186, .areaId = 0, .prop = 557850848, .status = AVAILABLE, .value = {.int32Values = [1]{0}, .floatValues = [0]{}, .int64Values = [0]{}, .bytes = [0]{}, .stringValue = ""}}
12-30 10:37:18.595   398   464 D adayocomadapter-CommunicationManager: onUpstreamReceive mPropertyId 0x214020e0
12-30 10:37:18.595   398   464 D adayocomadapter-CommunicationManager: onUpstreamReceive mPropertyId 0x214020e5
12-30 10:37:18.595   398   464 D adayocomadapter-CommunicationManager: convertBytesToInt32Memcpy  0
12-30 10:37:18.595   398   464 I vw-vhal : notifyVehicleProperty, propId = 0x214020e5, data = {status: 2, int32Values: [0]}
12-30 10:37:18.595   398   464 I vw-vhal : CanSignalsAdapter::notifyVehicleProperty: solvedValue = {.timestamp = 7174417217186, .areaId = 0, .prop = 557850853, .status = AVAILABLE, .value = {.int32Values = [1]{0}, .floatValues = [0]{}, .int64Values = [0]{}, .bytes = [0]{}, .stringValue = ""}}
12-30 10:37:18.595   398   464 I VehiclePropertyStore: begin to write value to Store: {.timestamp = 7174417217186, .areaId = 0, .prop = 557850853, .status = AVAILABLE, .value = {.int32Values = [1]{0}, .floatValues = [0]{}, .int64Values = [0]{}, .bytes = [0]{}, .stringValue = ""}}
12-30 10:37:18.595   398   464 I DefaultVehicleHal_v2_0: DefaultVehicleHal::onPropertyValue, value:{.timestamp = 7174417217186, .areaId = 0, .prop = 557850853, .status = AVAILABLE, .value = {.int32Values = [1]{0}, .floatValues = [0]{}, .int64Values = [0]{}, .bytes = [0]{}, .stringValue = ""}}
12-30 10:37:18.595   398   464 D DiagPropHandler: is not DiagnosticConfig: 0x214020e5
12-30 10:37:18.595   398   464 I VehiclePropertyStore: begin to write value to Store: {.timestamp = 7174417217186, .areaId = 0, .prop = 557850853, .status = AVAILABLE, .value = {.int32Values = [1]{0}, .floatValues = [0]{}, .int64Values = [0]{}, .bytes = [0]{}, .stringValue = ""}}
12-30 10:37:18.595   398   464 D adayocomadapter-CommunicationManager: onUpstreamReceive mPropertyId 0x214020e5
12-30 10:37:18.595   398   464 D adayocomadapter-CommunicationManager: onUpstreamReceive mPropertyId 0x214020e6
12-30 10:37:18.595   398   464 D adayocomadapter-CommunicationManager: convertBytesToInt32Memcpy  0
12-30 10:37:18.595   398   464 I vw-vhal : notifyVehicleProperty, propId = 0x214020e6, data = {status: 2, int32Values: [0]}
12-30 10:37:18.596   398   464 I vw-vhal : CanSignalsAdapter::notifyVehicleProperty: solvedValue = {.timestamp = 7174417858519, .areaId = 0, .prop = 557850854, .status = AVAILABLE, .value = {.int32Values = [1]{0}, .floatValues = [0]{}, .int64Values = [0]{}, .bytes = [0]{}, .stringValue = ""}}
12-30 10:37:18.596   398   464 I VehiclePropertyStore: begin to write value to Store: {.timestamp = 7174417858519, .areaId = 0, .prop = 557850854, .status = AVAILABLE, .value = {.int32Values = [1]{0}, .floatValues = [0]{}, .int64Values = [0]{}, .bytes = [0]{}, .stringValue = ""}}
12-30 10:37:18.596   398   464 I DefaultVehicleHal_v2_0: DefaultVehicleHal::onPropertyValue, value:{.timestamp = 7174417858519, .areaId = 0, .prop = 557850854, .status = AVAILABLE, .value = {.int32Values = [1]{0}, .floatValues = [0]{}, .int64Values = [0]{}, .bytes = [0]{}, .stringValue = ""}}
12-30 10:37:18.596   398   464 D DiagPropHandler: is not DiagnosticConfig: 0x214020e6
12-30 10:37:18.596   398   464 I VehiclePropertyStore: begin to write value to Store: {.timestamp = 7174417858519, .areaId = 0, .prop = 557850854, .status = AVAILABLE, .value = {.int32Values = [1]{0}, .floatValues = [0]{}, .int64Values = [0]{}, .bytes = [0]{}, .stringValue = ""}}
12-30 10:37:18.596   398   464 D adayocomadapter-CommunicationManager: onUpstreamReceive mPropertyId 0x214020e6
12-30 10:37:18.607   360   931 D EvsDriver: forwardFrame
12-30 10:37:18.607   360   931 D EvsDriver: forwardFrameDirect
12-30 10:37:18.607   360   931 D EvsDriver: Delivered 0xb400e2ca9e40e270 as id 0
12-30 10:37:18.607   359  2784 D evsmanagerd: /dev/video-evs0 forwarded the buffer #0 to 0xb400f125d2b26dd0 from 0xb400f125e2b20710
12-30 10:37:18.615   360   458 D EvsDriver: doneWithFrame
12-30 10:37:18.622   596  3076 E WifiHAL : Invalid data received from driver
12-30 10:37:18.636  1667  2410 I media_message_log->MediaMessageUserProxy: (SourceFile:1)b connectToService action bind
12-30 10:37:18.637  2358  2623 D RcfController: Rcf proxy is not connected!
12-30 10:37:18.637   916  5915 W ActivityManager: Unable to start service Intent { cmp=com.adayo.server.mediamessagetransfer/.MediaMessTransferService (has extras) } U=0: not found
12-30 10:37:18.638  1667  2410 E media_message_log->MediaMessageUserProxy: (SourceFile:7)a bindServiceAsUser isBound = false
12-30 10:37:18.640   360   931 D EvsDriver: forwardFrame
12-30 10:37:18.640   360   931 D EvsDriver: forwardFrameDirect
12-30 10:37:18.641   360   931 D EvsDriver: Delivered 0xb400e2ca9e40d4b0 as id 1
12-30 10:37:18.641   359  2784 D evsmanagerd: /dev/video-evs0 forwarded the buffer #1 to 0xb400f125d2b26dd0 from 0xb400f125e2b20710
12-30 10:37:18.646   360   458 D EvsDriver: doneWithFrame
12-30 10:37:18.674   360   931 D EvsDriver: forwardFrame
12-30 10:37:18.674   360   931 D EvsDriver: forwardFrameDirect
12-30 10:37:18.674   360   931 D EvsDriver: Delivered 0xb400e2ca9e40c2d0 as id 0
12-30 10:37:18.674   359  2784 D evsmanagerd: /dev/video-evs0 forwarded the buffer #0 to 0xb400f125d2b26dd0 from 0xb400f125e2b20710
12-30 10:37:18.676   360   458 D EvsDriver: doneWithFrame
12-30 10:37:18.686   596  3076 E WifiHAL : Invalid data received from driver
12-30 10:37:18.687  2358  2623 D RcfController: Rcf proxy is not connected!
12-30 10:37:18.707   360   931 D EvsDriver: forwardFrame
12-30 10:37:18.707   360   931 D EvsDriver: forwardFrameDirect
12-30 10:37:18.707   360   931 D EvsDriver: Delivered 0xb400e2ca9e40d090 as id 1
12-30 10:37:18.707   359  2784 D evsmanagerd: /dev/video-evs0 forwarded the buffer #1 to 0xb400f125d2b26dd0 from 0xb400f125e2b20710
12-30 10:37:18.716   360   458 D EvsDriver: doneWithFrame
12-30 10:37:18.724  1667  2594 W ContextImpl: Calling a method in the system process without a qualified user: android.app.ContextImpl.bindService:1988 android.content.ContextWrapper.bindService:861 com.ford.sync.fnvservice.FordFnv.c:202 com.ford.sync.fnvservice.FordFnv.c:43 com.ford.sync.fnvservice.FordFnv$RetryHandler.handleMessage:245 
12-30 10:37:18.725   916  5915 W ActivityManager: Unable to start service Intent { cmp=com.ford.sync.fnvservice/.FordFnvService } U=0: not found
12-30 10:37:18.726  1667  2594 W FordFnv :  bind ford fnv failed -> sendRetryMessage 
12-30 10:37:18.737  2358  2623 D RcfController: Rcf proxy is not connected!
12-30 10:37:18.740   360   931 D EvsDriver: forwardFrame
12-30 10:37:18.740   360   931 D EvsDriver: forwardFrameDirect
12-30 10:37:18.741   360   931 D EvsDriver: Delivered 0xb400e2ca9e40e110 as id 0
12-30 10:37:18.741   359  2784 D evsmanagerd: /dev/video-evs0 forwarded the buffer #0 to 0xb400f125d2b26dd0 from 0xb400f125e2b20710
12-30 10:37:18.744   650   729 D fgemcucomm: sd Uart data : 6AA602DFFE000292028B
12-30 10:37:18.745   650   729 D fgemcucomm: rev uart=59313,len=48, data : 6AA681DFFE00289202001B4A503130333531353242204A5031303335313532422041303100000000000000000000006F
12-30 10:37:18.745   398  2883 D adayocomadapter-ParseProtocolFunc: printRaWMsg Name[MCUToUPstream recv] len[40] data[9202001B4A503130333531353242204A503130333531353242204130310000000000000000000000]
12-30 10:37:18.745   398  2883 D adayocomadapter-CommunicationManager: onUpstreamback   member[0] dataLength[37] timePoint[7174567]
12-30 10:37:18.745   398  2883 D adayocomadapter-ParseProtocolFunc: printRaWMsg Name[onUpstreamback] len[37] data[1B4A503130333531353242204A503130333531353242204130310000000000000000000000]
12-30 10:37:18.745   398   464 D adayocomadapter-UpstreamHandler: processBeforePacket upSreamtProcessTimePoint[7174567] 
12-30 10:37:18.745   398   464 D adayocomadapter-UpstreamHandler: processPacket UPSTREAM_QUEUE_DATA_TIMEOUT
12-30 10:37:18.745   398   464 D adayocomadapter-ParseProtocolFunc: parseCommonIPCLBytes Processing tableNumber[27]
12-30 10:37:18.746   398   464 D adayocomadapter-ParseProtocolFunc: parseCommonIPCLBytes Processing tablename[Table-27] tableSize[37]
12-30 10:37:18.746   398   464 D adayocomadapter-ParseProtocolFunc: printRaWMsg Name[byteStream recv] len[37] data[1B4A503130333531353242204A503130333531353242204130310000000000000000000000]
12-30 10:37:18.746   398   464 D adayocomadapter-ParseProtocolFunc: printRaWMsg Name[IPCLtoVHAL] len[16] data[21414157014A50313033353135324220]
12-30 10:37:18.746   398   464 D adayocomadapter-ParseProtocolFunc: printRaWMsg Name[IPCLtoVHAL] len[16] data[21414158014A50313033353135324220]
12-30 10:37:18.746   398   464 D adayocomadapter-ParseProtocolFunc: printRaWMsg Name[IPCLtoVHAL] len[8] data[2141415901413031]
12-30 10:37:18.746   398   464 D adayocomadapter-ParseProtocolFunc: printRaWMsg Name[IPCLtoVHAL] len[16] data[2141415A010000000000000000000000]
12-30 10:37:18.746   398   464 D adayocomadapter-CommunicationManager: onUpstreamReceive mPropertyId 0x21414157
12-30 10:37:18.746   398   464 D adayocomadapter-CommunicationManager: writeValue id=[557924695]
12-30 10:37:18.746   398   464 D adayocomadapter-VehiclePropertyStore: writeValue id=[557924695]
12-30 10:37:18.746   398   464 I vw-vhal : notifyVehicleProperty, propId = 0x21414157, data = {status: 2, int32Values: [74, 80, 49, 48, 51, 53, 49, 53, 50, 66, 32]}
12-30 10:37:18.746   398   464 I vw-vhal : CanSignalsAdapter::notifyDiagProperty: propId = 0x21414157, data = {status: 2, int32Values: [74, 80, 49, 48, 51, 53, 49, 53, 50, 66, 32]}
12-30 10:37:18.747   398   464 I vw-vhal : CanSignalsAdapter::notifyVehicleProperty: solvedValue = {.timestamp = 7174568806853, .areaId = 0, .prop = 557924695, .status = AVAILABLE, .value = {.int32Values = [11]{74, 80, 49, 48, 51, 53, 49, 53, 50, 66, 32}, .floatValues = [0]{}, .int64Values = [0]{}, .bytes = [0]{}, .stringValue = ""}}
12-30 10:37:18.747   398   464 I VehiclePropertyStore: begin to write value to Store: {.timestamp = 7174568806853, .areaId = 0, .prop = 557924695, .status = AVAILABLE, .value = {.int32Values = [11]{74, 80, 49, 48, 51, 53, 49, 53, 50, 66, 32}, .floatValues = [0]{}, .int64Values = [0]{}, .bytes = [0]{}, .stringValue = ""}}
12-30 10:37:18.747   360   458 D EvsDriver: doneWithFrame
12-30 10:37:18.747   398   464 I DefaultVehicleHal_v2_0: DefaultVehicleHal::onPropertyValue, value:{.timestamp = 7174568806853, .areaId = 0, .prop = 557924695, .status = AVAILABLE, .value = {.int32Values = [11]{74, 80, 49, 48, 51, 53, 49, 53, 50, 66, 32}, .floatValues = [0]{}, .int64Values = [0]{}, .bytes = [0]{}, .stringValue = ""}}
12-30 10:37:18.747   398   464 D DiagPropHandler: isDiagnosticConfig: 0x21414157
12-30 10:37:18.747   398   464 D DefaultVehicleHal_v2_0: onPropertyValue: Diagnostic config property: 0x21414157
12-30 10:37:18.747   398   464 D DiagPropHandler: Processing request for prop: 0x21414157
12-30 10:37:18.747   398   464 D DiagPropHandler: String length: 11, size = 11
12-30 10:37:18.748   682   682 I vendor.fawvw.hardware.persistenceservice: [193][persistence_client_library_prct_access::get_db_context] key VW_Spare_Part_Number is not in RCT,will be stored in cached
12-30 10:37:18.748   682   682 I vendor.fawvw.hardware.persistenceservice: [39][PersistenceService::setValue]Receive aidl setValue:key is VW_Spare_Part_Number,value is JP1035152B ,serviceid is 2
12-30 10:37:18.749   398   464 D DiagPropHandler: Successfully set property [VW_Spare_Part_Number] = JP1035152B 
12-30 10:37:18.749   398   464 I VehiclePropertyStore: begin to write value to Store: {.timestamp = 7174568806853, .areaId = 0, .prop = 557924695, .status = AVAILABLE, .value = {.int32Values = [11]{74, 80, 49, 48, 51, 53, 49, 53, 50, 66, 32}, .floatValues = [0]{}, .int64Values = [0]{}, .bytes = [0]{}, .stringValue = ""}}
12-30 10:37:18.749   398   464 D adayocomadapter-CommunicationManager: onUpstreamReceive mPropertyId 0x21414157
12-30 10:37:18.749   398   464 D adayocomadapter-CommunicationManager: onUpstreamReceive mPropertyId 0x21414158
12-30 10:37:18.749   398   464 D adayocomadapter-CommunicationManager: writeValue id=[557924696]
12-30 10:37:18.749   398   464 D adayocomadapter-VehiclePropertyStore: writeValue id=[557924696]
12-30 10:37:18.750   398   464 I vw-vhal : notifyVehicleProperty, propId = 0x21414158, data = {status: 2, int32Values: [74, 80, 49, 48, 51, 53, 49, 53, 50, 66, 32]}
12-30 10:37:18.750   398   464 I vw-vhal : CanSignalsAdapter::notifyDiagProperty: propId = 0x21414158, data = {status: 2, int32Values: [74, 80, 49, 48, 51, 53, 49, 53, 50, 66, 32]}
12-30 10:37:18.750   398   464 I vw-vhal : CanSignalsAdapter::notifyVehicleProperty: solvedValue = {.timestamp = 7174572066186, .areaId = 0, .prop = 557924696, .status = AVAILABLE, .value = {.int32Values = [11]{74, 80, 49, 48, 51, 53, 49, 53, 50, 66, 32}, .floatValues = [0]{}, .int64Values = [0]{}, .bytes = [0]{}, .stringValue = ""}}
12-30 10:37:18.750   398   464 I VehiclePropertyStore: begin to write value to Store: {.timestamp = 7174572066186, .areaId = 0, .prop = 557924696, .status = AVAILABLE, .value = {.int32Values = [11]{74, 80, 49, 48, 51, 53, 49, 53, 50, 66, 32}, .floatValues = [0]{}, .int64Values = [0]{}, .bytes = [0]{}, .stringValue = ""}}
12-30 10:37:18.750   398   464 I DefaultVehicleHal_v2_0: DefaultVehicleHal::onPropertyValue, value:{.timestamp = 7174572066186, .areaId = 0, .prop = 557924696, .status = AVAILABLE, .value = {.int32Values = [11]{74, 80, 49, 48, 51, 53, 49, 53, 50, 66, 32}, .floatValues = [0]{}, .int64Values = [0]{}, .bytes = [0]{}, .stringValue = ""}}
12-30 10:37:18.750   398   464 D DiagPropHandler: is not DiagnosticConfig: 0x21414158
12-30 10:37:18.750   398   464 I VehiclePropertyStore: begin to write value to Store: {.timestamp = 7174572066186, .areaId = 0, .prop = 557924696, .status = AVAILABLE, .value = {.int32Values = [11]{74, 80, 49, 48, 51, 53, 49, 53, 50, 66, 32}, .floatValues = [0]{}, .int64Values = [0]{}, .bytes = [0]{}, .stringValue = ""}}
12-30 10:37:18.750   398   464 D adayocomadapter-CommunicationManager: onUpstreamReceive mPropertyId 0x21414158
12-30 10:37:18.750   398   464 D adayocomadapter-CommunicationManager: onUpstreamReceive mPropertyId 0x21414159
12-30 10:37:18.750   398   464 D adayocomadapter-CommunicationManager: writeValue id=[557924697]
12-30 10:37:18.750   398   464 D adayocomadapter-VehiclePropertyStore: writeValue id=[557924697]
12-30 10:37:18.751   398   464 I vw-vhal : notifyVehicleProperty, propId = 0x21414159, data = {status: 2, int32Values: [65, 48, 49]}
12-30 10:37:18.751   398   464 I vw-vhal : CanSignalsAdapter::notifyDiagProperty: propId = 0x21414159, data = {status: 2, int32Values: [65, 48, 49]}
12-30 10:37:18.751   398   464 I vw-vhal : CanSignalsAdapter::notifyVehicleProperty: solvedValue = {.timestamp = 7174572975853, .areaId = 0, .prop = 557924697, .status = AVAILABLE, .value = {.int32Values = [3]{65, 48, 49}, .floatValues = [0]{}, .int64Values = [0]{}, .bytes = [0]{}, .stringValue = ""}}
12-30 10:37:18.751   398   464 I VehiclePropertyStore: begin to write value to Store: {.timestamp = 7174572975853, .areaId = 0, .prop = 557924697, .status = AVAILABLE, .value = {.int32Values = [3]{65, 48, 49}, .floatValues = [0]{}, .int64Values = [0]{}, .bytes = [0]{}, .stringValue = ""}}
12-30 10:37:18.751   398   464 I DefaultVehicleHal_v2_0: DefaultVehicleHal::onPropertyValue, value:{.timestamp = 7174572975853, .areaId = 0, .prop = 557924697, .status = AVAILABLE, .value = {.int32Values = [3]{65, 48, 49}, .floatValues = [0]{}, .int64Values = [0]{}, .bytes = [0]{}, .stringValue = ""}}
12-30 10:37:18.751   398   464 D DiagPropHandler: is not DiagnosticConfig: 0x21414159
12-30 10:37:18.751   398   464 I VehiclePropertyStore: begin to write value to Store: {.timestamp = 7174572975853, .areaId = 0, .prop = 557924697, .status = AVAILABLE, .value = {.int32Values = [3]{65, 48, 49}, .floatValues = [0]{}, .int64Values = [0]{}, .bytes = [0]{}, .stringValue = ""}}
12-30 10:37:18.751   398   464 D adayocomadapter-CommunicationManager: onUpstreamReceive mPropertyId 0x21414159
12-30 10:37:18.751   398   464 D adayocomadapter-CommunicationManager: onUpstreamReceive mPropertyId 0x2141415a
12-30 10:37:18.751   398   464 D adayocomadapter-CommunicationManager: writeValue id=[557924698]
12-30 10:37:18.751   398   464 D adayocomadapter-VehiclePropertyStore: writeValue id=[557924698]
12-30 10:37:18.751   398   464 I vw-vhal : notifyVehicleProperty, propId = 0x2141415a, data = {status: 2, int32Values: [0, 0, 0, 0, 0, 0, 0, 0, 0, 0, 0]}
12-30 10:37:18.751   398   464 I vw-vhal : CanSignalsAdapter::notifyDiagProperty: propId = 0x2141415a, data = {status: 2, int32Values: [0, 0, 0, 0, 0, 0, 0, 0, 0, 0, 0]}
12-30 10:37:18.752   398   464 I vw-vhal : CanSignalsAdapter::notifyVehicleProperty: solvedValue = {.timestamp = 7174573883853, .areaId = 0, .prop = 557924698, .status = AVAILABLE, .value = {.int32Values = [11]{0, 0, 0, 0, 0, 0, 0, 0, 0, 0, 0}, .floatValues = [0]{}, .int64Values = [0]{}, .bytes = [0]{}, .stringValue = ""}}
12-30 10:37:18.752   398   464 I VehiclePropertyStore: begin to write value to Store: {.timestamp = 7174573883853, .areaId = 0, .prop = 557924698, .status = AVAILABLE, .value = {.int32Values = [11]{0, 0, 0, 0, 0, 0, 0, 0, 0, 0, 0}, .floatValues = [0]{}, .int64Values = [0]{}, .bytes = [0]{}, .stringValue = ""}}
12-30 10:37:18.752   398   464 I DefaultVehicleHal_v2_0: DefaultVehicleHal::onPropertyValue, value:{.timestamp = 7174573883853, .areaId = 0, .prop = 557924698, .status = AVAILABLE, .value = {.int32Values = [11]{0, 0, 0, 0, 0, 0, 0, 0, 0, 0, 0}, .floatValues = [0]{}, .int64Values = [0]{}, .bytes = [0]{}, .stringValue = ""}}
12-30 10:37:18.752   398   464 D DiagPropHandler: is not DiagnosticConfig: 0x2141415a
12-30 10:37:18.752   398   464 I VehiclePropertyStore: begin to write value to Store: {.timestamp = 7174573883853, .areaId = 0, .prop = 557924698, .status = AVAILABLE, .value = {.int32Values = [11]{0, 0, 0, 0, 0, 0, 0, 0, 0, 0, 0}, .floatValues = [0]{}, .int64Values = [0]{}, .bytes = [0]{}, .stringValue = ""}}
12-30 10:37:18.752   398   464 D adayocomadapter-CommunicationManager: onUpstreamReceive mPropertyId 0x2141415a
12-30 10:37:18.753   596  3076 E WifiHAL : Invalid data received from driver
12-30 10:37:18.774   360   931 D EvsDriver: forwardFrame
12-30 10:37:18.774   360   931 D EvsDriver: forwardFrameDirect
12-30 10:37:18.774   360   931 D EvsDriver: Delivered 0xb400e2ca9e40c7a0 as id 1
12-30 10:37:18.774   359  2784 D evsmanagerd: /dev/video-evs0 forwarded the buffer #1 to 0xb400f125d2b26dd0 from 0xb400f125e2b20710
12-30 10:37:18.777   360   458 D EvsDriver: doneWithFrame
12-30 10:37:18.779  2475  2681 I TtsServiceAgent: check thread start checking, threadId = 29
12-30 10:37:18.779  2475  2681 D TtsServiceAgent: start bind service...
12-30 10:37:18.779  2475  2681 D TtsServiceAgent: ----->initService, usage = 16
12-30 10:37:18.779  2475  2681 W ContextImpl: Calling a method in the system process without a qualified user: android.app.ContextImpl.bindService:1988 android.content.ContextWrapper.bindService:861 com.iflytek.autofly.ttsaidl.ttsproxy.TtsServiceAgent.initService:189 com.iflytek.autofly.ttsaidl.ttsproxy.TtsServiceAgent.initService:133 com.iflytek.autofly.ttsaidl.ttsproxy.TtsServiceAgent$2.run:517 
12-30 10:37:18.780   916  5915 W ActivityManager: Unable to start service Intent { act=com.iflytek.autofly.tts.ttsservice.TtsAdapterService cmp=com.iflytek.cutefly.speechclient.hmi/com.iflytek.autofly.tts.ttsservice.TtsAdapterService } U=0: not found
12-30 10:37:18.781  2475  2681 D TtsServiceAgent: bindService: false
12-30 10:37:18.781  2475  2681 D TtsServiceAgent: start reInitService
12-30 10:37:18.781  2475  2681 D TtsServiceAgent: aidlCheckThreadRunning = true
12-30 10:37:18.781  2475  2681 D TtsServiceAgent: ----->check connection status in 1000s...
12-30 10:37:18.787  2358  2623 D RcfController: Rcf proxy is not connected!
12-30 10:37:18.807   360   931 D EvsDriver: forwardFrame
12-30 10:37:18.807   360   931 D EvsDriver: forwardFrameDirect
12-30 10:37:18.807   360   931 D EvsDriver: Delivered 0xb400e2ca9e40e270 as id 0
12-30 10:37:18.807   359  2784 D evsmanagerd: /dev/video-evs0 forwarded the buffer #0 to 0xb400f125d2b26dd0 from 0xb400f125e2b20710
12-30 10:37:18.815   596  3076 E WifiHAL : Invalid data received from driver
12-30 10:37:18.818   360   458 D EvsDriver: doneWithFrame
12-30 10:37:18.838  2358  2623 D RcfController: Rcf proxy is not connected!
12-30 10:37:18.840   360   931 D EvsDriver: forwardFrame
12-30 10:37:18.840   360   931 D EvsDriver: forwardFrameDirect
12-30 10:37:18.841   360   931 D EvsDriver: Delivered 0xb400e2ca9e40d4b0 as id 1
12-30 10:37:18.841   359  2784 D evsmanagerd: /dev/video-evs0 forwarded the buffer #1 to 0xb400f125d2b26dd0 from 0xb400f125e2b20710
12-30 10:37:18.848   360   458 D EvsDriver: doneWithFrame
12-30 10:37:18.870   596  3076 E WifiHAL : Invalid data received from driver
12-30 10:37:18.874   360   931 D EvsDriver: forwardFrame
12-30 10:37:18.874   360   931 D EvsDriver: forwardFrameDirect
12-30 10:37:18.874   360   931 D EvsDriver: Delivered 0xb400e2ca9e40c2d0 as id 0
12-30 10:37:18.874   359  2784 D evsmanagerd: /dev/video-evs0 forwarded the buffer #0 to 0xb400f125d2b26dd0 from 0xb400f125e2b20710
12-30 10:37:18.878   360   458 D EvsDriver: doneWithFrame
12-30 10:37:18.888  2358  2623 D RcfController: Rcf proxy is not connected!
12-30 10:37:18.899   596  3076 E WifiHAL : Invalid data received from driver
12-30 10:37:18.899   596  3076 E WifiHAL : Invalid data received from driver
12-30 10:37:18.899   596  3076 E WifiHAL : Invalid data received from driver
12-30 10:37:18.899   596  3076 E WifiHAL : Invalid data received from driver
12-30 10:37:18.899   596  3076 E WifiHAL : Invalid data received from driver
12-30 10:37:18.899   596  3076 E WifiHAL : Invalid data received from driver
12-30 10:37:18.899   596  3076 E WifiHAL : Invalid data received from driver
12-30 10:37:18.907   360   931 D EvsDriver: forwardFrame
12-30 10:37:18.907   360   931 D EvsDriver: forwardFrameDirect
12-30 10:37:18.907   360   931 D EvsDriver: Delivered 0xb400e2ca9e40d090 as id 1
12-30 10:37:18.907   359  2784 D evsmanagerd: /dev/video-evs0 forwarded the buffer #1 to 0xb400f125d2b26dd0 from 0xb400f125e2b20710
12-30 10:37:18.909   360   458 D EvsDriver: doneWithFrame
12-30 10:37:18.938  2358  2623 D RcfController: Rcf proxy is not connected!
12-30 10:37:18.940   360   931 D EvsDriver: forwardFrame
12-30 10:37:18.940   360   931 D EvsDriver: forwardFrameDirect
12-30 10:37:18.941   360   931 D EvsDriver: Delivered 0xb400e2ca9e40e110 as id 0
12-30 10:37:18.941   359  2784 D evsmanagerd: /dev/video-evs0 forwarded the buffer #0 to 0xb400f125d2b26dd0 from 0xb400f125e2b20710
12-30 10:37:18.949   360   458 D EvsDriver: doneWithFrame
12-30 10:37:18.950   596  3076 E WifiHAL : Invalid data received from driver
12-30 10:37:18.974   360   931 D EvsDriver: forwardFrame
12-30 10:37:18.974   360   931 D EvsDriver: forwardFrameDirect
12-30 10:37:18.974   360   931 D EvsDriver: Delivered 0xb400e2ca9e40c7a0 as id 1
12-30 10:37:18.974   359  2784 D evsmanagerd: /dev/video-evs0 forwarded the buffer #1 to 0xb400f125d2b26dd0 from 0xb400f125e2b20710
12-30 10:37:18.979   360   458 D EvsDriver: doneWithFrame
12-30 10:37:18.989  2358  2623 D RcfController: Rcf proxy is not connected!
12-30 10:37:19.007   360   931 D EvsDriver: forwardFrame
12-30 10:37:19.007   360   931 D EvsDriver: forwardFrameDirect
12-30 10:37:19.007   360   931 D EvsDriver: Delivered 0xb400e2ca9e40e270 as id 0
12-30 10:37:19.007   359  2784 D evsmanagerd: /dev/video-evs0 forwarded the buffer #0 to 0xb400f125d2b26dd0 from 0xb400f125e2b20710
12-30 10:37:19.010   360   458 D EvsDriver: doneWithFrame
12-30 10:37:19.016   798 27634 W adbd    : timed out while waiting for FUNCTIONFS_BIND, trying again
12-30 10:37:19.016   798 27634 I adbd    : UsbFfs: connection terminated: monitor thread finished
12-30 10:37:19.017   798   798 I adbd    : UsbFfs: already offline
12-30 10:37:19.017   798   798 I adbd    : destroying transport UsbFfs
12-30 10:37:19.017   798   798 I adbd    : UsbFfsConnection being destroyed
12-30 10:37:19.028   596  3076 E WifiHAL : Invalid data received from driver
12-30 10:37:19.039  2358  2623 D RcfController: Rcf proxy is not connected!
12-30 10:37:19.040   360   931 D EvsDriver: forwardFrame
12-30 10:37:19.040   360   931 D EvsDriver: forwardFrameDirect
12-30 10:37:19.041   360   931 D EvsDriver: Delivered 0xb400e2ca9e40d4b0 as id 1
12-30 10:37:19.041   359  2784 D evsmanagerd: /dev/video-evs0 forwarded the buffer #1 to 0xb400f125d2b26dd0 from 0xb400f125e2b20710
12-30 10:37:19.050   798   838 I adbd    : opening control endpoint /dev/usb-ffs/adb/ep0
12-30 10:37:19.050   360   458 D EvsDriver: doneWithFrame
12-30 10:37:19.051   798   838 I adbd    : UsbFfsConnection constructed
12-30 10:37:19.052   798 27640 I adbd    : UsbFfs-monitor thread spawned
01-01 09:59:36.060   838   838 I         : read descriptors
12-30 10:37:19.074   360   931 D EvsDriver: forwardFrame
12-30 10:37:19.074   360   931 D EvsDriver: forwardFrameDirect
12-30 10:37:19.074   360   931 D EvsDriver: Delivered 0xb400e2ca9e40c2d0 as id 0
12-30 10:37:19.074   359  2784 D evsmanagerd: /dev/video-evs0 forwarded the buffer #0 to 0xb400f125d2b26dd0 from 0xb400f125e2b20710
12-30 10:37:19.075   596  3076 E WifiHAL : Invalid data received from driver
12-30 10:37:19.081   360   458 D EvsDriver: doneWithFrame
12-30 10:37:19.089  2358  2623 D RcfController: Rcf proxy is not connected!
12-30 10:37:19.099  1582  3078 I c       : checkService in back thread add: adayo.upgrade.v2.0
12-30 10:37:19.100  1582  3078 E upgradeApp_251223_V1  l: d(null:11)pre->c(null:23)-> serviceBinder is null
12-30 10:37:19.100  1582  3078 W c       : doBindService in back thread fail: adayo.upgrade.v2.0
12-30 10:37:19.107   360   931 D EvsDriver: forwardFrame
12-30 10:37:19.107   360   931 D EvsDriver: forwardFrameDirect
12-30 10:37:19.107   360   931 D EvsDriver: Delivered 0xb400e2ca9e40d090 as id 1
12-30 10:37:19.107   359  2784 D evsmanagerd: /dev/video-evs0 forwarded the buffer #1 to 0xb400f125d2b26dd0 from 0xb400f125e2b20710
12-30 10:37:19.111   360   458 D EvsDriver: doneWithFrame
12-30 10:37:19.139  2358  2623 D RcfController: Rcf proxy is not connected!
12-30 10:37:19.140   360   931 D EvsDriver: forwardFrame
12-30 10:37:19.140   360   931 D EvsDriver: forwardFrameDirect
12-30 10:37:19.141   360   931 D EvsDriver: Delivered 0xb400e2ca9e40e110 as id 0
12-30 10:37:19.141   359  2784 D evsmanagerd: /dev/video-evs0 forwarded the buffer #0 to 0xb400f125d2b26dd0 from 0xb400f125e2b20710
12-30 10:37:19.144   596  3076 E WifiHAL : Invalid data received from driver
12-30 10:37:19.152   360   458 D EvsDriver: doneWithFrame
12-30 10:37:19.162   650   729 D fgemcucomm: sd Uart data : 6AA602DFFF000292028A
12-30 10:37:19.163   650   729 D fgemcucomm: rev uart=59314,len=23, data : 6AA681DFFF000F920200040000000000000000000000FA
12-30 10:37:19.163   398  2883 D adayocomadapter-ParseProtocolFunc: printRaWMsg Name[MCUToUPstream recv] len[15] data[920200040000000000000000000000]
12-30 10:37:19.163   398  2883 D adayocomadapter-CommunicationManager: onUpstreamback   member[0] dataLength[12] timePoint[7174985]
12-30 10:37:19.163   398  2883 D adayocomadapter-ParseProtocolFunc: printRaWMsg Name[onUpstreamback] len[12] data[040000000000000000000000]
12-30 10:37:19.163   398   464 D adayocomadapter-UpstreamHandler: processBeforePacket upSreamtProcessTimePoint[7174985] 
12-30 10:37:19.163   398   464 D adayocomadapter-UpstreamHandler: processPacket UPSTREAM_QUEUE_DATA_TIMEOUT
12-30 10:37:19.163   398   464 D adayocomadapter-ParseProtocolFunc: parseCommonIPCLBytes Processing tableNumber[4]
12-30 10:37:19.163   398   464 D adayocomadapter-ParseProtocolFunc: parseCommonIPCLBytes Processing tablename[Table-4] tableSize[12]
12-30 10:37:19.163   398   464 D adayocomadapter-ParseProtocolFunc: printRaWMsg Name[byteStream recv] len[12] data[040000000000000000000000]
12-30 10:37:19.163   398   464 D adayocomadapter-ParseProtocolFunc: printRaWMsg Name[IPCLtoVHAL] len[7] data[2140200C000000]
12-30 10:37:19.163   398   464 D adayocomadapter-ParseProtocolFunc: printRaWMsg Name[IPCLtoVHAL] len[7] data[2140200D000000]
12-30 10:37:19.164   398   464 D adayocomadapter-ParseProtocolFunc: printRaWMsg Name[IPCLtoVHAL] len[6] data[214022330000]
12-30 10:37:19.164   398   464 D adayocomadapter-ParseProtocolFunc: printRaWMsg Name[IPCLtoVHAL] len[9] data[2140201D0000000000]
12-30 10:37:19.164   398   464 D adayocomadapter-ParseProtocolFunc: printRaWMsg Name[IPCLtoVHAL] len[7] data[2140201E000000]
12-30 10:37:19.164   398   464 D adayocomadapter-CommunicationManager: onUpstreamReceive mPropertyId 0x2140200c
12-30 10:37:19.164   398   464 D adayocomadapter-CommunicationManager: convertBytesToInt32Memcpy  0
12-30 10:37:19.164   398   464 I vw-vhal : notifyVehicleProperty, propId = 0x2140200c, data = {status: 2, int32Values: [0]}
12-30 10:37:19.164   398   464 I vw-vhal : CanSignalsAdapter::notifyVehicleProperty: solvedValue = {.timestamp = 7174986354853, .areaId = 0, .prop = 557850636, .status = AVAILABLE, .value = {.int32Values = [1]{0}, .floatValues = [0]{}, .int64Values = [0]{}, .bytes = [0]{}, .stringValue = ""}}
12-30 10:37:19.164   398   464 I VehiclePropertyStore: begin to write value to Store: {.timestamp = 7174986354853, .areaId = 0, .prop = 557850636, .status = AVAILABLE, .value = {.int32Values = [1]{0}, .floatValues = [0]{}, .int64Values = [0]{}, .bytes = [0]{}, .stringValue = ""}}
12-30 10:37:19.164   398   464 I DefaultVehicleHal_v2_0: DefaultVehicleHal::onPropertyValue, value:{.timestamp = 7174986354853, .areaId = 0, .prop = 557850636, .status = AVAILABLE, .value = {.int32Values = [1]{0}, .floatValues = [0]{}, .int64Values = [0]{}, .bytes = [0]{}, .stringValue = ""}}
12-30 10:37:19.164   398   464 D DiagPropHandler: is not DiagnosticConfig: 0x2140200c
12-30 10:37:19.164   398   464 I VehiclePropertyStore: begin to write value to Store: {.timestamp = 7174986354853, .areaId = 0, .prop = 557850636, .status = AVAILABLE, .value = {.int32Values = [1]{0}, .floatValues = [0]{}, .int64Values = [0]{}, .bytes = [0]{}, .stringValue = ""}}
12-30 10:37:19.164   398   464 D adayocomadapter-CommunicationManager: onUpstreamReceive mPropertyId 0x2140200c
12-30 10:37:19.165   398   464 D adayocomadapter-CommunicationManager: onUpstreamReceive mPropertyId 0x2140200d
12-30 10:37:19.165   398   464 D adayocomadapter-CommunicationManager: convertBytesToInt32Memcpy  0
12-30 10:37:19.165   398   464 I vw-vhal : notifyVehicleProperty, propId = 0x2140200d, data = {status: 2, int32Values: [0]}
12-30 10:37:19.165   398   464 I vw-vhal : CanSignalsAdapter::notifyVehicleProperty: solvedValue = {.timestamp = 7174987047520, .areaId = 0, .prop = 557850637, .status = AVAILABLE, .value = {.int32Values = [1]{0}, .floatValues = [0]{}, .int64Values = [0]{}, .bytes = [0]{}, .stringValue = ""}}
12-30 10:37:19.165   398   464 I VehiclePropertyStore: begin to write value to Store: {.timestamp = 7174987047520, .areaId = 0, .prop = 557850637, .status = AVAILABLE, .value = {.int32Values = [1]{0}, .floatValues = [0]{}, .int64Values = [0]{}, .bytes = [0]{}, .stringValue = ""}}
12-30 10:37:19.165   398   464 I DefaultVehicleHal_v2_0: DefaultVehicleHal::onPropertyValue, value:{.timestamp = 7174987047520, .areaId = 0, .prop = 557850637, .status = AVAILABLE, .value = {.int32Values = [1]{0}, .floatValues = [0]{}, .int64Values = [0]{}, .bytes = [0]{}, .stringValue = ""}}
12-30 10:37:19.165   398   464 D DiagPropHandler: is not DiagnosticConfig: 0x2140200d
12-30 10:37:19.165   398   464 I VehiclePropertyStore: begin to write value to Store: {.timestamp = 7174987047520, .areaId = 0, .prop = 557850637, .status = AVAILABLE, .value = {.int32Values = [1]{0}, .floatValues = [0]{}, .int64Values = [0]{}, .bytes = [0]{}, .stringValue = ""}}
12-30 10:37:19.165   398   464 D adayocomadapter-CommunicationManager: onUpstreamReceive mPropertyId 0x2140200d
12-30 10:37:19.165   398   464 D adayocomadapter-CommunicationManager: onUpstreamReceive mPropertyId 0x21402233
12-30 10:37:19.165   398   464 D adayocomadapter-CommunicationManager: convertBytesToInt32Memcpy  0
12-30 10:37:19.165   398   464 I vw-vhal : notifyVehicleProperty, propId = 0x21402233, data = {status: 2, int32Values: [0]}
12-30 10:37:19.165   398   464 I vw-vhal : CanSignalsAdapter::notifyVehicleProperty: solvedValue = {.timestamp = 7174987727520, .areaId = 0, .prop = 557851187, .status = AVAILABLE, .value = {.int32Values = [1]{0}, .floatValues = [0]{}, .int64Values = [0]{}, .bytes = [0]{}, .stringValue = ""}}
12-30 10:37:19.166   398   464 I VehiclePropertyStore: begin to write value to Store: {.timestamp = 7174987727520, .areaId = 0, .prop = 557851187, .status = AVAILABLE, .value = {.int32Values = [1]{0}, .floatValues = [0]{}, .int64Values = [0]{}, .bytes = [0]{}, .stringValue = ""}}
12-30 10:37:19.166   398   464 I DefaultVehicleHal_v2_0: DefaultVehicleHal::onPropertyValue, value:{.timestamp = 7174987727520, .areaId = 0, .prop = 557851187, .status = AVAILABLE, .value = {.int32Values = [1]{0}, .floatValues = [0]{}, .int64Values = [0]{}, .bytes = [0]{}, .stringValue = ""}}
12-30 10:37:19.166   398   464 D DiagPropHandler: is not DiagnosticConfig: 0x21402233
12-30 10:37:19.166   398   464 I VehiclePropertyStore: begin to write value to Store: {.timestamp = 7174987727520, .areaId = 0, .prop = 557851187, .status = AVAILABLE, .value = {.int32Values = [1]{0}, .floatValues = [0]{}, .int64Values = [0]{}, .bytes = [0]{}, .stringValue = ""}}
12-30 10:37:19.166   398   464 D adayocomadapter-CommunicationManager: onUpstreamReceive mPropertyId 0x21402233
12-30 10:37:19.166   398   464 D adayocomadapter-CommunicationManager: onUpstreamReceive mPropertyId 0x2140201d
12-30 10:37:19.166   398   464 D adayocomadapter-CommunicationManager: convertBytesToInt32Memcpy  0
12-30 10:37:19.166   398   464 I vw-vhal : notifyVehicleProperty, propId = 0x2140201d, data = {status: 2, int32Values: [0]}
12-30 10:37:19.166   398   464 I vw-vhal : CanSignalsAdapter::notifyVehicleProperty: solvedValue = {.timestamp = 7174988446520, .areaId = 0, .prop = 557850653, .status = AVAILABLE, .value = {.int32Values = [1]{0}, .floatValues = [0]{}, .int64Values = [0]{}, .bytes = [0]{}, .stringValue = ""}}
12-30 10:37:19.166   398   464 I VehiclePropertyStore: begin to write value to Store: {.timestamp = 7174988446520, .areaId = 0, .prop = 557850653, .status = AVAILABLE, .value = {.int32Values = [1]{0}, .floatValues = [0]{}, .int64Values = [0]{}, .bytes = [0]{}, .stringValue = ""}}
12-30 10:37:19.166   398   464 I DefaultVehicleHal_v2_0: DefaultVehicleHal::onPropertyValue, value:{.timestamp = 7174988446520, .areaId = 0, .prop = 557850653, .status = AVAILABLE, .value = {.int32Values = [1]{0}, .floatValues = [0]{}, .int64Values = [0]{}, .bytes = [0]{}, .stringValue = ""}}
12-30 10:37:19.166   398   464 D DiagPropHandler: is not DiagnosticConfig: 0x2140201d
12-30 10:37:19.166   398   464 I VehiclePropertyStore: begin to write value to Store: {.timestamp = 7174988446520, .areaId = 0, .prop = 557850653, .status = AVAILABLE, .value = {.int32Values = [1]{0}, .floatValues = [0]{}, .int64Values = [0]{}, .bytes = [0]{}, .stringValue = ""}}
12-30 10:37:19.167   398   464 D adayocomadapter-CommunicationManager: onUpstreamReceive mPropertyId 0x2140201d
12-30 10:37:19.167   398   464 D adayocomadapter-CommunicationManager: onUpstreamReceive mPropertyId 0x2140201e
12-30 10:37:19.167   398   464 D adayocomadapter-CommunicationManager: convertBytesToInt32Memcpy  0
12-30 10:37:19.167   398   464 I vw-vhal : notifyVehicleProperty, propId = 0x2140201e, data = {status: 2, int32Values: [0]}
12-30 10:37:19.167   398   464 I vw-vhal : CanSignalsAdapter::notifyVehicleProperty: solvedValue = {.timestamp = 7174989154853, .areaId = 0, .prop = 557850654, .status = AVAILABLE, .value = {.int32Values = [1]{0}, .floatValues = [0]{}, .int64Values = [0]{}, .bytes = [0]{}, .stringValue = ""}}
12-30 10:37:19.167   398   464 I VehiclePropertyStore: begin to write value to Store: {.timestamp = 7174989154853, .areaId = 0, .prop = 557850654, .status = AVAILABLE, .value = {.int32Values = [1]{0}, .floatValues = [0]{}, .int64Values = [0]{}, .bytes = [0]{}, .stringValue = ""}}
12-30 10:37:19.167   398   464 I DefaultVehicleHal_v2_0: DefaultVehicleHal::onPropertyValue, value:{.timestamp = 7174989154853, .areaId = 0, .prop = 557850654, .status = AVAILABLE, .value = {.int32Values = [1]{0}, .floatValues = [0]{}, .int64Values = [0]{}, .bytes = [0]{}, .stringValue = ""}}
12-30 10:37:19.167   398   464 D DiagPropHandler: is not DiagnosticConfig: 0x2140201e
12-30 10:37:19.167   398   464 I VehiclePropertyStore: begin to write value to Store: {.timestamp = 7174989154853, .areaId = 0, .prop = 557850654, .status = AVAILABLE, .value = {.int32Values = [1]{0}, .floatValues = [0]{}, .int64Values = [0]{}, .bytes = [0]{}, .stringValue = ""}}
12-30 10:37:19.167   398   464 D adayocomadapter-CommunicationManager: onUpstreamReceive mPropertyId 0x2140201e
12-30 10:37:19.174   360   931 D EvsDriver: forwardFrame
12-30 10:37:19.174   360   931 D EvsDriver: forwardFrameDirect
12-30 10:37:19.174   360   931 D EvsDriver: Delivered 0xb400e2ca9e40c7a0 as id 1
12-30 10:37:19.174   359  2784 D evsmanagerd: /dev/video-evs0 forwarded the buffer #1 to 0xb400f125d2b26dd0 from 0xb400f125e2b20710
12-30 10:37:19.182   360   458 D EvsDriver: doneWithFrame
12-30 10:37:19.190  2358  2623 D RcfController: Rcf proxy is not connected!
12-30 10:37:19.207   360   931 D EvsDriver: forwardFrame
12-30 10:37:19.207   360   931 D EvsDriver: forwardFrameDirect
12-30 10:37:19.207   360   931 D EvsDriver: Delivered 0xb400e2ca9e40e270 as id 0
12-30 10:37:19.207   359  2784 D evsmanagerd: /dev/video-evs0 forwarded the buffer #0 to 0xb400f125d2b26dd0 from 0xb400f125e2b20710
12-30 10:37:19.212   360   458 D EvsDriver: doneWithFrame
12-30 10:37:19.234   596  3076 E WifiHAL : Invalid data received from driver
12-30 10:37:19.240  2358  2623 D RcfController: Rcf proxy is not connected!
12-30 10:37:19.240   360   931 I EvsDriver: /dev/video-evs0 VideoCapture fps 29.9999
12-30 10:37:19.240   360   931 D EvsDriver: forwardFrame
12-30 10:37:19.240   360   931 D EvsDriver: forwardFrameDirect
12-30 10:37:19.241   360   931 D EvsDriver: Delivered 0xb400e2ca9e40d4b0 as id 1
12-30 10:37:19.241   359  2784 D evsmanagerd: /dev/video-evs0 forwarded the buffer #1 to 0xb400f125d2b26dd0 from 0xb400f125e2b20710
12-30 10:37:19.242   650   729 D fgemcucomm: sd Uart data : 6AA602E0000002920288
12-30 10:37:19.242   650   729 D fgemcucomm: rev uart=59315,len=17, data : 6AA681E00000099202000A0000000000F8
12-30 10:37:19.242   398  2883 D adayocomadapter-ParseProtocolFunc: printRaWMsg Name[MCUToUPstream recv] len[9] data[9202000A0000000000]
12-30 10:37:19.242   398  2883 D adayocomadapter-CommunicationManager: onUpstreamback   member[0] dataLength[6] timePoint[7175064]
12-30 10:37:19.243   398  2883 D adayocomadapter-ParseProtocolFunc: printRaWMsg Name[onUpstreamback] len[6] data[0A0000000000]
12-30 10:37:19.243   398   464 D adayocomadapter-UpstreamHandler: processBeforePacket upSreamtProcessTimePoint[7175064] 
12-30 10:37:19.243   360   458 D EvsDriver: doneWithFrame
12-30 10:37:19.243   398   464 D adayocomadapter-UpstreamHandler: processPacket UPSTREAM_QUEUE_DATA_TIMEOUT
12-30 10:37:19.243   398   464 D adayocomadapter-ParseProtocolFunc: parseCommonIPCLBytes Processing tableNumber[10]
12-30 10:37:19.243   398   464 D adayocomadapter-ParseProtocolFunc: parseCommonIPCLBytes Processing tablename[Table-10] tableSize[6]
12-30 10:37:19.243   398   464 D adayocomadapter-ParseProtocolFunc: printRaWMsg Name[byteStream recv] len[6] data[0A0000000000]
12-30 10:37:19.243   398   464 D adayocomadapter-ParseProtocolFunc: printRaWMsg Name[IPCLtoVHAL] len[9] data[2140201C0000000000]
12-30 10:37:19.243   398   464 D adayocomadapter-ParseProtocolFunc: printRaWMsg Name[IPCLtoVHAL] len[6] data[214022320000]
12-30 10:37:19.243   398   464 D adayocomadapter-CommunicationManager: onUpstreamReceive mPropertyId 0x2140201c
12-30 10:37:19.243   398   464 D adayocomadapter-CommunicationManager: convertBytesToInt32Memcpy  0
12-30 10:37:19.243   398   464 I vw-vhal : notifyVehicleProperty, propId = 0x2140201c, data = {status: 2, int32Values: [0]}
12-30 10:37:19.243   398   464 I vw-vhal : CanSignalsAdapter::notifyVehicleProperty: solvedValue = {.timestamp = 7175065788186, .areaId = 0, .prop = 557850652, .status = AVAILABLE, .value = {.int32Values = [1]{0}, .floatValues = [0]{}, .int64Values = [0]{}, .bytes = [0]{}, .stringValue = ""}}
12-30 10:37:19.244   398   464 I VehiclePropertyStore: begin to write value to Store: {.timestamp = 7175065788186, .areaId = 0, .prop = 557850652, .status = AVAILABLE, .value = {.int32Values = [1]{0}, .floatValues = [0]{}, .int64Values = [0]{}, .bytes = [0]{}, .stringValue = ""}}
12-30 10:37:19.244   398   464 I DefaultVehicleHal_v2_0: DefaultVehicleHal::onPropertyValue, value:{.timestamp = 7175065788186, .areaId = 0, .prop = 557850652, .status = AVAILABLE, .value = {.int32Values = [1]{0}, .floatValues = [0]{}, .int64Values = [0]{}, .bytes = [0]{}, .stringValue = ""}}
12-30 10:37:19.244   398   464 D DiagPropHandler: is not DiagnosticConfig: 0x2140201c
12-30 10:37:19.244   398   464 I VehiclePropertyStore: begin to write value to Store: {.timestamp = 7175065788186, .areaId = 0, .prop = 557850652, .status = AVAILABLE, .value = {.int32Values = [1]{0}, .floatValues = [0]{}, .int64Values = [0]{}, .bytes = [0]{}, .stringValue = ""}}
12-30 10:37:19.244   398   464 D adayocomadapter-CommunicationManager: onUpstreamReceive mPropertyId 0x2140201c
12-30 10:37:19.244   398   464 D adayocomadapter-CommunicationManager: onUpstreamReceive mPropertyId 0x21402232
12-30 10:37:19.244   398   464 D adayocomadapter-CommunicationManager: convertBytesToInt32Memcpy  0
12-30 10:37:19.244   398   464 I vw-vhal : notifyVehicleProperty, propId = 0x21402232, data = {status: 2, int32Values: [0]}
12-30 10:37:19.244   398   464 I vw-vhal : CanSignalsAdapter::notifyVehicleProperty: solvedValue = {.timestamp = 7175066478520, .areaId = 0, .prop = 557851186, .status = AVAILABLE, .value = {.int32Values = [1]{0}, .floatValues = [0]{}, .int64Values = [0]{}, .bytes = [0]{}, .stringValue = ""}}
12-30 10:37:19.244   398   464 I VehiclePropertyStore: begin to write value to Store: {.timestamp = 7175066478520, .areaId = 0, .prop = 557851186, .status = AVAILABLE, .value = {.int32Values = [1]{0}, .floatValues = [0]{}, .int64Values = [0]{}, .bytes = [0]{}, .stringValue = ""}}
12-30 10:37:19.244   398   464 I DefaultVehicleHal_v2_0: DefaultVehicleHal::onPropertyValue, value:{.timestamp = 7175066478520, .areaId = 0, .prop = 557851186, .status = AVAILABLE, .value = {.int32Values = [1]{0}, .floatValues = [0]{}, .int64Values = [0]{}, .bytes = [0]{}, .stringValue = ""}}
12-30 10:37:19.244   398   464 D DiagPropHandler: is not DiagnosticConfig: 0x21402232
12-30 10:37:19.245   398   464 I VehiclePropertyStore: begin to write value to Store: {.timestamp = 7175066478520, .areaId = 0, .prop = 557851186, .status = AVAILABLE, .value = {.int32Values = [1]{0}, .floatValues = [0]{}, .int64Values = [0]{}, .bytes = [0]{}, .stringValue = ""}}
12-30 10:37:19.245   398   464 D adayocomadapter-CommunicationManager: onUpstreamReceive mPropertyId 0x21402232
12-30 10:37:19.249  1667  2513 W ContextImpl: Calling a method in the system process without a qualified user: android.app.ContextImpl.bindService:1988 android.content.ContextWrapper.bindService:861 com.ford.sync.fnvservice.analytics.AnalyticsManager$RetryHandler.a:126 com.ford.sync.fnvservice.analytics.AnalyticsManager$RetryHandler.handleMessage:103 android.os.Handler.dispatchMessage:106 
12-30 10:37:19.250   916  5915 W ActivityManager: Unable to start service Intent { cmp=com.ford.sync.fnvservice/.analytics.AnalyticsService } U=0: not found
12-30 10:37:19.250  1667  2513 W AnalyticsManager:  bind ford Analytics failed -> sendRetryMessage 
12-30 10:37:19.274   360   931 D EvsDriver: forwardFrame
12-30 10:37:19.274   360   931 D EvsDriver: forwardFrameDirect
12-30 10:37:19.274   360   931 D EvsDriver: Delivered 0xb400e2ca9e40c2d0 as id 0
12-30 10:37:19.274   359  2784 D evsmanagerd: /dev/video-evs0 forwarded the buffer #0 to 0xb400f125d2b26dd0 from 0xb400f125e2b20710
12-30 10:37:19.283   360   458 D EvsDriver: doneWithFrame
12-30 10:37:19.290  2358  2623 D RcfController: Rcf proxy is not connected!
12-30 10:37:19.307   596  3076 E WifiHAL : Invalid data received from driver
12-30 10:37:19.307   596  3076 E WifiHAL : Invalid data received from driver
12-30 10:37:19.307   360   931 D EvsDriver: forwardFrame
12-30 10:37:19.307   360   931 D EvsDriver: forwardFrameDirect
12-30 10:37:19.307   596  3076 E WifiHAL : Invalid data received from driver
12-30 10:37:19.307   596  3076 E WifiHAL : Invalid data received from driver
12-30 10:37:19.307   596  3076 E WifiHAL : Invalid data received from driver
12-30 10:37:19.307   596  3076 E WifiHAL : Invalid data received from driver
12-30 10:37:19.307   360   931 D EvsDriver: Delivered 0xb400e2ca9e40d090 as id 1
12-30 10:37:19.307   596  3076 E WifiHAL : Invalid data received from driver
12-30 10:37:19.307   359  2784 D evsmanagerd: /dev/video-evs0 forwarded the buffer #1 to 0xb400f125d2b26dd0 from 0xb400f125e2b20710
12-30 10:37:19.313   360   458 D EvsDriver: doneWithFrame
12-30 10:37:19.318  1667  2407 I media_message_log->MediaMessageProxy: (SourceFile:1)b connectToService action bind
12-30 10:37:19.319   916  5915 W ActivityManager: Unable to start service Intent { cmp=com.adayo.server.mediamessagetransfer/.MediaMessTransferService (has extras) } U=0: not found
12-30 10:37:19.319  1667  2407 E media_message_log->MediaMessageProxy: (SourceFile:7)a bindServiceAsUser isBound = false
12-30 10:37:19.330   650   729 D fgemcucomm: sd Uart data : 6AA602E0010002920287
12-30 10:37:19.331   650   729 D fgemcucomm: rev uart=59316,len=109, data : 6AA681E0010065920200100000000000000000000000000000000000000000000000000000000000000000000000000000000000000000000000000000000000000000000000000000000000000000000000000000000000000000000000000000000000000000000000000095
12-30 10:37:19.331   650   729 D fgemcucomm: sd Uart data : 6AA602E00200028B305F
12-30 10:37:19.331   398  2883 D adayocomadapter-ParseProtocolFunc: printRaWMsg Name[MCUToUPstream recv] len[101] data[9202001000000000000000000000000000000000000000000000000000000000000000000000000000000000000000000000000000000000000000000000000000000000000000000000000000000000000000000000000000000000000000000000000000]
12-30 10:37:19.331   398  2883 D adayocomadapter-CommunicationManager: onUpstreamback   member[0] dataLength[98] timePoint[7175153]
12-30 10:37:19.331   398  2883 D adayocomadapter-ParseProtocolFunc: printRaWMsg Name[onUpstreamback] len[98] data[1000000000000000000000000000000000000000000000000000000000000000000000000000000000000000000000000000000000000000000000000000000000000000000000000000000000000000000000000000000000000000000000000000]
12-30 10:37:19.331   650   729 D fgemcucomm: rev uart=59317,len=120, data : 6AA681E00200708B30B01E0A2512000100000000025C0100010201010000000000A55A820001000000010000000C00000000000100000000000000A55A830504500000000000000000000000000101010101000000000000A55A8410100900000007000100000000000071A55A8500011852000001000079
12-30 10:37:19.331   398   464 D adayocomadapter-UpstreamHandler: processBeforePacket upSreamtProcessTimePoint[7175153] 
12-30 10:37:19.331   398   464 D adayocomadapter-UpstreamHandler: processPacket UPSTREAM_QUEUE_DATA_TIMEOUT
12-30 10:37:19.331   398   464 D adayocomadapter-ParseProtocolFunc: parseCommonIPCLBytes Processing tableNumber[16]
12-30 10:37:19.331   398   464 D adayocomadapter-ParseProtocolFunc: parseCommonIPCLBytes Processing tablename[Table-16] tableSize[98]
12-30 10:37:19.332   398   464 D adayocomadapter-ParseProtocolFunc: printRaWMsg Name[byteStream recv] len[98] data[1000000000000000000000000000000000000000000000000000000000000000000000000000000000000000000000000000000000000000000000000000000000000000000000000000000000000000000000000000000000000000000000000000]
12-30 10:37:19.332   398   464 D adayocomadapter-ParseProtocolFunc: printRaWMsg Name[IPCLtoVHAL] len[6] data[214021B10000]
12-30 10:37:19.332   398   464 D adayocomadapter-ParseProtocolFunc: printRaWMsg Name[IPCLtoVHAL] len[6] data[214022120000]
12-30 10:37:19.332   398   464 D adayocomadapter-ParseProtocolFunc: printRaWMsg Name[IPCLtoVHAL] len[6] data[214021B20000]
12-30 10:37:19.332   398   464 D adayocomadapter-ParseProtocolFunc: printRaWMsg Name[IPCLtoVHAL] len[6] data[214021BD0000]
12-30 10:37:19.332   398   464 D adayocomadapter-ParseProtocolFunc: printRaWMsg Name[IPCLtoVHAL] len[6] data[2140221E0000]
12-30 10:37:19.332   398   464 D adayocomadapter-ParseProtocolFunc: printRaWMsg Name[IPCLtoVHAL] len[6] data[214021B30000]
12-30 10:37:19.332   398   464 D adayocomadapter-ParseProtocolFunc: printRaWMsg Name[IPCLtoVHAL] len[6] data[214022140000]
12-30 10:37:19.332   398   464 D adayocomadapter-ParseProtocolFunc: printRaWMsg Name[IPCLtoVHAL] len[6] data[214021B40000]
12-30 10:37:19.332   398   464 D adayocomadapter-ParseProtocolFunc: printRaWMsg Name[IPCLtoVHAL] len[6] data[214021530000]
12-30 10:37:19.332   398   464 D adayocomadapter-ParseProtocolFunc: printRaWMsg Name[IPCLtoVHAL] len[6] data[214022150000]
12-30 10:37:19.332   398   464 D adayocomadapter-ParseProtocolFunc: printRaWMsg Name[IPCLtoVHAL] len[6] data[214021B50000]
12-30 10:37:19.332   398   464 D adayocomadapter-ParseProtocolFunc: printRaWMsg Name[IPCLtoVHAL] len[6] data[214021540000]
12-30 10:37:19.332   398   464 D adayocomadapter-ParseProtocolFunc: printRaWMsg Name[IPCLtoVHAL] len[6] data[214021B70000]
12-30 10:37:19.332   398   464 D adayocomadapter-ParseProtocolFunc: printRaWMsg Name[IPCLtoVHAL] len[6] data[214021560000]
