12-30 10:37:17.257   398   464 I VehiclePropertyStore: begin to write value to Store: {.timestamp = 7173079198853, .areaId = 0, .prop = 557850683, .status = AVAILABLE, .value = {.int32Values = [1]{0}, .floatValues = [0]{}, .int64Values = [0]{}, .bytes = [0]{}, .stringValue = ""}}
12-30 10:37:17.257   398   464 D adayocomadapter-CommunicationManager: onUpstreamReceive mPropertyId 0x2140203b
12-30 10:37:17.257   398   464 D adayocomadapter-CommunicationManager: onUpstreamReceive mPropertyId 0x2140203f
12-30 10:37:17.257   398   464 D adayocomadapter-CommunicationManager: convertBytesToInt32Memcpy  0
12-30 10:37:17.257   398   464 I vw-vhal : notifyVehicleProperty, propId = 0x2140203f, data = {status: 2, int32Values: [0]}
12-30 10:37:17.258   398   464 I vw-vhal : CanSignalsAdapter::notifyVehicleProperty: solvedValue = {.timestamp = 7173079840853, .areaId = 0, .prop = 557850687, .status = AVAILABLE, .value = {.int32Values = [1]{0}, .floatValues = [0]{}, .int64Values = [0]{}, .bytes = [0]{}, .stringValue = ""}}
12-30 10:37:17.258   398   464 I VehiclePropertyStore: begin to write value to Store: {.timestamp = 7173079840853, .areaId = 0, .prop = 557850687, .status = AVAILABLE, .value = {.int32Values = [1]{0}, .floatValues = [0]{}, .int64Values = [0]{}, .bytes = [0]{}, .stringValue = ""}}
12-30 10:37:17.258   398   464 I DefaultVehicleHal_v2_0: DefaultVehicleHal::onPropertyValue, value:{.timestamp = 7173079840853, .areaId = 0, .prop = 557850687, .status = AVAILABLE, .value = {.int32Values = [1]{0}, .floatValues = [0]{}, .int64Values = [0]{}, .bytes = [0]{}, .stringValue = ""}}
12-30 10:37:17.258   398   464 D DiagPropHandler: is not DiagnosticConfig: 0x2140203f
12-30 10:37:17.258   398   464 I VehiclePropertyStore: begin to write value to Store: {.timestamp = 7173079840853, .areaId = 0, .prop = 557850687, .status = AVAILABLE, .value = {.int32Values = [1]{0}, .floatValues = [0]{}, .int64Values = [0]{}, .bytes = [0]{}, .stringValue = ""}}
12-30 10:37:17.258   398   464 D adayocomadapter-CommunicationManager: onUpstreamReceive mPropertyId 0x2140203f
12-30 10:37:17.258   398   464 D adayocomadapter-CommunicationManager: onUpstreamReceive mPropertyId 0x2140203a
12-30 10:37:17.258   398   464 D adayocomadapter-CommunicationManager: convertBytesToInt32Memcpy  0
12-30 10:37:17.258   398   464 I vw-vhal : notifyVehicleProperty, propId = 0x2140203a, data = {status: 2, int32Values: [0]}
12-30 10:37:17.258   398   464 I vw-vhal : CanSignalsAdapter::notifyVehicleProperty: solvedValue = {.timestamp = 7173080581519, .areaId = 0, .prop = 557850682, .status = AVAILABLE, .value = {.int32Values = [1]{0}, .floatValues = [0]{}, .int64Values = [0]{}, .bytes = [0]{}, .stringValue = ""}}
12-30 10:37:17.258   398   464 I VehiclePropertyStore: begin to write value to Store: {.timestamp = 7173080581519, .areaId = 0, .prop = 557850682, .status = AVAILABLE, .value = {.int32Values = [1]{0}, .floatValues = [0]{}, .int64Values = [0]{}, .bytes = [0]{}, .stringValue = ""}}
12-30 10:37:17.258   398   464 I DefaultVehicleHal_v2_0: DefaultVehicleHal::onPropertyValue, value:{.timestamp = 7173080581519, .areaId = 0, .prop = 557850682, .status = AVAILABLE, .value = {.int32Values = [1]{0}, .floatValues = [0]{}, .int64Values = [0]{}, .bytes = [0]{}, .stringValue = ""}}
12-30 10:37:17.259   398   464 D DiagPropHandler: is not DiagnosticConfig: 0x2140203a
12-30 10:37:17.259   398   464 I VehiclePropertyStore: begin to write value to Store: {.timestamp = 7173080581519, .areaId = 0, .prop = 557850682, .status = AVAILABLE, .value = {.int32Values = [1]{0}, .floatValues = [0]{}, .int64Values = [0]{}, .bytes = [0]{}, .stringValue = ""}}
12-30 10:37:17.259   398   464 D adayocomadapter-CommunicationManager: onUpstreamReceive mPropertyId 0x2140203a
12-30 10:37:17.259   398   464 D adayocomadapter-CommunicationManager: onUpstreamReceive mPropertyId 0x2140203e
12-30 10:37:17.259   398   464 D adayocomadapter-CommunicationManager: convertBytesToInt32Memcpy  0
12-30 10:37:17.259   398   464 I vw-vhal : notifyVehicleProperty, propId = 0x2140203e, data = {status: 2, int32Values: [0]}
12-30 10:37:17.259   398   464 I vw-vhal : CanSignalsAdapter::notifyVehicleProperty: solvedValue = {.timestamp = 7173081260186, .areaId = 0, .prop = 557850686, .status = AVAILABLE, .value = {.int32Values = [1]{0}, .floatValues = [0]{}, .int64Values = [0]{}, .bytes = [0]{}, .stringValue = ""}}
12-30 10:37:17.259   398   464 I VehiclePropertyStore: begin to write value to Store: {.timestamp = 7173081260186, .areaId = 0, .prop = 557850686, .status = AVAILABLE, .value = {.int32Values = [1]{0}, .floatValues = [0]{}, .int64Values = [0]{}, .bytes = [0]{}, .stringValue = ""}}
12-30 10:37:17.259   398   464 I DefaultVehicleHal_v2_0: DefaultVehicleHal::onPropertyValue, value:{.timestamp = 7173081260186, .areaId = 0, .prop = 557850686, .status = AVAILABLE, .value = {.int32Values = [1]{0}, .floatValues = [0]{}, .int64Values = [0]{}, .bytes = [0]{}, .stringValue = ""}}
12-30 10:37:17.259   398   464 D DiagPropHandler: is not DiagnosticConfig: 0x2140203e
12-30 10:37:17.259   398   464 I VehiclePropertyStore: begin to write value to Store: {.timestamp = 7173081260186, .areaId = 0, .prop = 557850686, .status = AVAILABLE, .value = {.int32Values = [1]{0}, .floatValues = [0]{}, .int64Values = [0]{}, .bytes = [0]{}, .stringValue = ""}}
12-30 10:37:17.259   398   464 D adayocomadapter-CommunicationManager: onUpstreamReceive mPropertyId 0x2140203e
12-30 10:37:17.259   398   464 D adayocomadapter-CommunicationManager: onUpstreamReceive mPropertyId 0x21402042
12-30 10:37:17.259   398   464 D adayocomadapter-CommunicationManager: convertBytesToInt32Memcpy  0
12-30 10:37:17.260   398   464 I vw-vhal : notifyVehicleProperty, propId = 0x21402042, data = {status: 2, int32Values: [0]}
12-30 10:37:17.260   398   464 I vw-vhal : CanSignalsAdapter::notifyVehicleProperty: solvedValue = {.timestamp = 7173081901853, .areaId = 0, .prop = 557850690, .status = AVAILABLE, .value = {.int32Values = [1]{0}, .floatValues = [0]{}, .int64Values = [0]{}, .bytes = [0]{}, .stringValue = ""}}
12-30 10:37:17.260   398   464 I VehiclePropertyStore: begin to write value to Store: {.timestamp = 7173081901853, .areaId = 0, .prop = 557850690, .status = AVAILABLE, .value = {.int32Values = [1]{0}, .floatValues = [0]{}, .int64Values = [0]{}, .bytes = [0]{}, .stringValue = ""}}
12-30 10:37:17.260   398   464 I DefaultVehicleHal_v2_0: DefaultVehicleHal::onPropertyValue, value:{.timestamp = 7173081901853, .areaId = 0, .prop = 557850690, .status = AVAILABLE, .value = {.int32Values = [1]{0}, .floatValues = [0]{}, .int64Values = [0]{}, .bytes = [0]{}, .stringValue = ""}}
12-30 10:37:17.260   398   464 D DiagPropHandler: is not DiagnosticConfig: 0x21402042
12-30 10:37:17.260   398   464 I VehiclePropertyStore: begin to write value to Store: {.timestamp = 7173081901853, .areaId = 0, .prop = 557850690, .status = AVAILABLE, .value = {.int32Values = [1]{0}, .floatValues = [0]{}, .int64Values = [0]{}, .bytes = [0]{}, .stringValue = ""}}
12-30 10:37:17.260   398   464 D adayocomadapter-CommunicationManager: onUpstreamReceive mPropertyId 0x21402042
12-30 10:37:17.260   398   464 D adayocomadapter-CommunicationManager: onUpstreamReceive mPropertyId 0x21402039
12-30 10:37:17.260   398   464 D adayocomadapter-CommunicationManager: convertBytesToInt32Memcpy  0
12-30 10:37:17.260   398   464 I vw-vhal : notifyVehicleProperty, propId = 0x21402039, data = {status: 2, int32Values: [0]}
12-30 10:37:17.260   398   464 I vw-vhal : CanSignalsAdapter::notifyVehicleProperty: solvedValue = {.timestamp = 7173082537853, .areaId = 0, .prop = 557850681, .status = AVAILABLE, .value = {.int32Values = [1]{0}, .floatValues = [0]{}, .int64Values = [0]{}, .bytes = [0]{}, .stringValue = ""}}
12-30 10:37:17.260   398   464 I VehiclePropertyStore: begin to write value to Store: {.timestamp = 7173082537853, .areaId = 0, .prop = 557850681, .status = AVAILABLE, .value = {.int32Values = [1]{0}, .floatValues = [0]{}, .int64Values = [0]{}, .bytes = [0]{}, .stringValue = ""}}
12-30 10:37:17.260   398   464 I DefaultVehicleHal_v2_0: DefaultVehicleHal::onPropertyValue, value:{.timestamp = 7173082537853, .areaId = 0, .prop = 557850681, .status = AVAILABLE, .value = {.int32Values = [1]{0}, .floatValues = [0]{}, .int64Values = [0]{}, .bytes = [0]{}, .stringValue = ""}}
12-30 10:37:17.260   398   464 D DiagPropHandler: is not DiagnosticConfig: 0x21402039
12-30 10:37:17.261   398   464 I VehiclePropertyStore: begin to write value to Store: {.timestamp = 7173082537853, .areaId = 0, .prop = 557850681, .status = AVAILABLE, .value = {.int32Values = [1]{0}, .floatValues = [0]{}, .int64Values = [0]{}, .bytes = [0]{}, .stringValue = ""}}
12-30 10:37:17.261   398   464 D adayocomadapter-CommunicationManager: onUpstreamReceive mPropertyId 0x21402039
12-30 10:37:17.261   398   464 D adayocomadapter-CommunicationManager: onUpstreamReceive mPropertyId 0x2140203d
12-30 10:37:17.261   398   464 D adayocomadapter-CommunicationManager: convertBytesToInt32Memcpy  0
12-30 10:37:17.261   398   464 I vw-vhal : notifyVehicleProperty, propId = 0x2140203d, data = {status: 2, int32Values: [0]}
12-30 10:37:17.261   398   464 I vw-vhal : CanSignalsAdapter::notifyVehicleProperty: solvedValue = {.timestamp = 7173083178186, .areaId = 0, .prop = 557850685, .status = AVAILABLE, .value = {.int32Values = [1]{0}, .floatValues = [0]{}, .int64Values = [0]{}, .bytes = [0]{}, .stringValue = ""}}
12-30 10:37:17.261   398   464 I VehiclePropertyStore: begin to write value to Store: {.timestamp = 7173083178186, .areaId = 0, .prop = 557850685, .status = AVAILABLE, .value = {.int32Values = [1]{0}, .floatValues = [0]{}, .int64Values = [0]{}, .bytes = [0]{}, .stringValue = ""}}
12-30 10:37:17.261   398   464 I DefaultVehicleHal_v2_0: DefaultVehicleHal::onPropertyValue, value:{.timestamp = 7173083178186, .areaId = 0, .prop = 557850685, .status = AVAILABLE, .value = {.int32Values = [1]{0}, .floatValues = [0]{}, .int64Values = [0]{}, .bytes = [0]{}, .stringValue = ""}}
12-30 10:37:17.261   398   464 D DiagPropHandler: is not DiagnosticConfig: 0x2140203d
12-30 10:37:17.261   398   464 I VehiclePropertyStore: begin to write value to Store: {.timestamp = 7173083178186, .areaId = 0, .prop = 557850685, .status = AVAILABLE, .value = {.int32Values = [1]{0}, .floatValues = [0]{}, .int64Values = [0]{}, .bytes = [0]{}, .stringValue = ""}}
12-30 10:37:17.261   398   464 D adayocomadapter-CommunicationManager: onUpstreamReceive mPropertyId 0x2140203d
12-30 10:37:17.261   398   464 D adayocomadapter-CommunicationManager: onUpstreamReceive mPropertyId 0x21402041
12-30 10:37:17.261   398   464 D adayocomadapter-CommunicationManager: convertBytesToInt32Memcpy  0
12-30 10:37:17.261   398   464 I vw-vhal : notifyVehicleProperty, propId = 0x21402041, data = {status: 2, int32Values: [0]}
12-30 10:37:17.262   398   464 I vw-vhal : CanSignalsAdapter::notifyVehicleProperty: solvedValue = {.timestamp = 7173083850519, .areaId = 0, .prop = 557850689, .status = AVAILABLE, .value = {.int32Values = [1]{0}, .floatValues = [0]{}, .int64Values = [0]{}, .bytes = [0]{}, .stringValue = ""}}
12-30 10:37:17.262   398   464 I VehiclePropertyStore: begin to write value to Store: {.timestamp = 7173083850519, .areaId = 0, .prop = 557850689, .status = AVAILABLE, .value = {.int32Values = [1]{0}, .floatValues = [0]{}, .int64Values = [0]{}, .bytes = [0]{}, .stringValue = ""}}
12-30 10:37:17.262   398   464 I DefaultVehicleHal_v2_0: DefaultVehicleHal::onPropertyValue, value:{.timestamp = 7173083850519, .areaId = 0, .prop = 557850689, .status = AVAILABLE, .value = {.int32Values = [1]{0}, .floatValues = [0]{}, .int64Values = [0]{}, .bytes = [0]{}, .stringValue = ""}}
12-30 10:37:17.262   398   464 D DiagPropHandler: is not DiagnosticConfig: 0x21402041
12-30 10:37:17.262   398   464 I VehiclePropertyStore: begin to write value to Store: {.timestamp = 7173083850519, .areaId = 0, .prop = 557850689, .status = AVAILABLE, .value = {.int32Values = [1]{0}, .floatValues = [0]{}, .int64Values = [0]{}, .bytes = [0]{}, .stringValue = ""}}
12-30 10:37:17.262   398   464 D adayocomadapter-CommunicationManager: onUpstreamReceive mPropertyId 0x21402041
12-30 10:37:17.262   398   464 D adayocomadapter-CommunicationManager: onUpstreamReceive mPropertyId 0x21402045
12-30 10:37:17.262   398   464 D adayocomadapter-CommunicationManager: convertBytesToInt32Memcpy  0
12-30 10:37:17.262   398   464 I vw-vhal : notifyVehicleProperty, propId = 0x21402045, data = {status: 2, int32Values: [0]}
12-30 10:37:17.262   398   464 I vw-vhal : CanSignalsAdapter::notifyVehicleProperty: solvedValue = {.timestamp = 7173084527186, .areaId = 0, .prop = 557850693, .status = AVAILABLE, .value = {.int32Values = [1]{0}, .floatValues = [0]{}, .int64Values = [0]{}, .bytes = [0]{}, .stringValue = ""}}
12-30 10:37:17.262   398   464 I VehiclePropertyStore: begin to write value to Store: {.timestamp = 7173084527186, .areaId = 0, .prop = 557850693, .status = AVAILABLE, .value = {.int32Values = [1]{0}, .floatValues = [0]{}, .int64Values = [0]{}, .bytes = [0]{}, .stringValue = ""}}
12-30 10:37:17.262   398   464 I DefaultVehicleHal_v2_0: DefaultVehicleHal::onPropertyValue, value:{.timestamp = 7173084527186, .areaId = 0, .prop = 557850693, .status = AVAILABLE, .value = {.int32Values = [1]{0}, .floatValues = [0]{}, .int64Values = [0]{}, .bytes = [0]{}, .stringValue = ""}}
12-30 10:37:17.262   398   464 D DiagPropHandler: is not DiagnosticConfig: 0x21402045
12-30 10:37:17.263   398   464 I VehiclePropertyStore: begin to write value to Store: {.timestamp = 7173084527186, .areaId = 0, .prop = 557850693, .status = AVAILABLE, .value = {.int32Values = [1]{0}, .floatValues = [0]{}, .int64Values = [0]{}, .bytes = [0]{}, .stringValue = ""}}
12-30 10:37:17.263   398   464 D adayocomadapter-CommunicationManager: onUpstreamReceive mPropertyId 0x21402045
12-30 10:37:17.263   398   464 D adayocomadapter-CommunicationManager: onUpstreamReceive mPropertyId 0x2140204d
12-30 10:37:17.263   398   464 D adayocomadapter-CommunicationManager: convertBytesToInt32Memcpy  0
12-30 10:37:17.263   398   464 I vw-vhal : notifyVehicleProperty, propId = 0x2140204d, data = {status: 2, int32Values: [0]}
12-30 10:37:17.263   398   464 I vw-vhal : CanSignalsAdapter::notifyVehicleProperty: solvedValue = {.timestamp = 7173085159519, .areaId = 0, .prop = 557850701, .status = AVAILABLE, .value = {.int32Values = [1]{0}, .floatValues = [0]{}, .int64Values = [0]{}, .bytes = [0]{}, .stringValue = ""}}
12-30 10:37:17.263   398   464 I VehiclePropertyStore: begin to write value to Store: {.timestamp = 7173085159519, .areaId = 0, .prop = 557850701, .status = AVAILABLE, .value = {.int32Values = [1]{0}, .floatValues = [0]{}, .int64Values = [0]{}, .bytes = [0]{}, .stringValue = ""}}
12-30 10:37:17.263   398   464 I DefaultVehicleHal_v2_0: DefaultVehicleHal::onPropertyValue, value:{.timestamp = 7173085159519, .areaId = 0, .prop = 557850701, .status = AVAILABLE, .value = {.int32Values = [1]{0}, .floatValues = [0]{}, .int64Values = [0]{}, .bytes = [0]{}, .stringValue = ""}}
12-30 10:37:17.263   398   464 D DiagPropHandler: is not DiagnosticConfig: 0x2140204d
12-30 10:37:17.263   398   464 I VehiclePropertyStore: begin to write value to Store: {.timestamp = 7173085159519, .areaId = 0, .prop = 557850701, .status = AVAILABLE, .value = {.int32Values = [1]{0}, .floatValues = [0]{}, .int64Values = [0]{}, .bytes = [0]{}, .stringValue = ""}}
12-30 10:37:17.263   398   464 D adayocomadapter-CommunicationManager: onUpstreamReceive mPropertyId 0x2140204d
12-30 10:37:17.263   398   464 D adayocomadapter-CommunicationManager: onUpstreamReceive mPropertyId 0x2140220b
12-30 10:37:17.263   398   464 D adayocomadapter-CommunicationManager: convertBytesToInt32Memcpy  0
12-30 10:37:17.263   398   464 I vw-vhal : notifyVehicleProperty, propId = 0x2140220b, data = {status: 2, int32Values: [0]}
12-30 10:37:17.264   398   464 I vw-vhal : CanSignalsAdapter::notifyVehicleProperty: solvedValue = {.timestamp = 7173085836853, .areaId = 0, .prop = 557851147, .status = AVAILABLE, .value = {.int32Values = [1]{0}, .floatValues = [0]{}, .int64Values = [0]{}, .bytes = [0]{}, .stringValue = ""}}
12-30 10:37:17.264   398   464 I VehiclePropertyStore: begin to write value to Store: {.timestamp = 7173085836853, .areaId = 0, .prop = 557851147, .status = AVAILABLE, .value = {.int32Values = [1]{0}, .floatValues = [0]{}, .int64Values = [0]{}, .bytes = [0]{}, .stringValue = ""}}
12-30 10:37:17.264   398   464 I DefaultVehicleHal_v2_0: DefaultVehicleHal::onPropertyValue, value:{.timestamp = 7173085836853, .areaId = 0, .prop = 557851147, .status = AVAILABLE, .value = {.int32Values = [1]{0}, .floatValues = [0]{}, .int64Values = [0]{}, .bytes = [0]{}, .stringValue = ""}}
12-30 10:37:17.264   398   464 D DiagPropHandler: is not DiagnosticConfig: 0x2140220b
12-30 10:37:17.264   398   464 I VehiclePropertyStore: begin to write value to Store: {.timestamp = 7173085836853, .areaId = 0, .prop = 557851147, .status = AVAILABLE, .value = {.int32Values = [1]{0}, .floatValues = [0]{}, .int64Values = [0]{}, .bytes = [0]{}, .stringValue = ""}}
12-30 10:37:17.264   398   464 D adayocomadapter-CommunicationManager: onUpstreamReceive mPropertyId 0x2140220b
12-30 10:37:17.274   360   931 D EvsDriver: forwardFrame
12-30 10:37:17.274   360   931 D EvsDriver: forwardFrameDirect
12-30 10:37:17.274   360   931 D EvsDriver: Delivered 0xb400e2ca9e40c2d0 as id 0
12-30 10:37:17.274   359  2784 D evsmanagerd: /dev/video-evs0 forwarded the buffer #0 to 0xb400f125d2b26dd0 from 0xb400f125e2b20710
12-30 10:37:17.279   596  3076 E WifiHAL : Invalid data received from driver
12-30 10:37:17.279  2358  2623 D RcfController: Rcf proxy is not connected!
12-30 10:37:17.280   360   458 D EvsDriver: doneWithFrame
12-30 10:37:17.282   650   729 D fgemcucomm: sd Uart data : 6AA602DFF30002920296
12-30 10:37:17.282   650   729 D fgemcucomm: rev uart=59302,len=19, data : 6AA681DFF3000B9202000F00000000000000FF
12-30 10:37:17.283   398  2883 D adayocomadapter-ParseProtocolFunc: printRaWMsg Name[MCUToUPstream recv] len[11] data[9202000F00000000000000]
12-30 10:37:17.283   398  2883 D adayocomadapter-CommunicationManager: onUpstreamback   member[0] dataLength[8] timePoint[7173105]
12-30 10:37:17.283   398  2883 D adayocomadapter-ParseProtocolFunc: printRaWMsg Name[onUpstreamback] len[8] data[0F00000000000000]
12-30 10:37:17.283   398   464 D adayocomadapter-UpstreamHandler: processBeforePacket upSreamtProcessTimePoint[7173105] 
12-30 10:37:17.283   398   464 D adayocomadapter-UpstreamHandler: processPacket UPSTREAM_QUEUE_DATA_TIMEOUT
12-30 10:37:17.283   398   464 D adayocomadapter-ParseProtocolFunc: parseCommonIPCLBytes Processing tableNumber[15]
12-30 10:37:17.283   398   464 D adayocomadapter-ParseProtocolFunc: parseCommonIPCLBytes Processing tablename[Table-15] tableSize[8]
12-30 10:37:17.283   398   464 D adayocomadapter-ParseProtocolFunc: printRaWMsg Name[byteStream recv] len[8] data[0F00000000000000]
12-30 10:37:17.283   398   464 D adayocomadapter-ParseProtocolFunc: printRaWMsg Name[IPCLtoVHAL] len[6] data[214020F30000]
12-30 10:37:17.283   398   464 D adayocomadapter-ParseProtocolFunc: printRaWMsg Name[IPCLtoVHAL] len[6] data[214020F40000]
12-30 10:37:17.283   398   464 D adayocomadapter-ParseProtocolFunc: printRaWMsg Name[IPCLtoVHAL] len[6] data[214020F50000]
12-30 10:37:17.284   398   464 D adayocomadapter-ParseProtocolFunc: printRaWMsg Name[IPCLtoVHAL] len[6] data[214020F60000]
12-30 10:37:17.284   398   464 D adayocomadapter-ParseProtocolFunc: printRaWMsg Name[IPCLtoVHAL] len[6] data[214020F70000]
12-30 10:37:17.284   398   464 D adayocomadapter-ParseProtocolFunc: printRaWMsg Name[IPCLtoVHAL] len[6] data[214020F80000]
12-30 10:37:17.284   398   464 D adayocomadapter-ParseProtocolFunc: printRaWMsg Name[IPCLtoVHAL] len[6] data[214020F90000]
12-30 10:37:17.284   398   464 D adayocomadapter-CommunicationManager: onUpstreamReceive mPropertyId 0x214020f3
12-30 10:37:17.284   398   464 D adayocomadapter-CommunicationManager: convertBytesToInt32Memcpy  0
12-30 10:37:17.284   398   464 I vw-vhal : notifyVehicleProperty, propId = 0x214020f3, data = {status: 2, int32Values: [0]}
12-30 10:37:17.284   398   464 I vw-vhal : CanSignalsAdapter::notifyVehicleProperty: solvedValue = {.timestamp = 7173106332853, .areaId = 0, .prop = 557850867, .status = AVAILABLE, .value = {.int32Values = [1]{0}, .floatValues = [0]{}, .int64Values = [0]{}, .bytes = [0]{}, .stringValue = ""}}
12-30 10:37:17.284   398   464 I VehiclePropertyStore: begin to write value to Store: {.timestamp = 7173106332853, .areaId = 0, .prop = 557850867, .status = AVAILABLE, .value = {.int32Values = [1]{0}, .floatValues = [0]{}, .int64Values = [0]{}, .bytes = [0]{}, .stringValue = ""}}
12-30 10:37:17.284   398   464 I DefaultVehicleHal_v2_0: DefaultVehicleHal::onPropertyValue, value:{.timestamp = 7173106332853, .areaId = 0, .prop = 557850867, .status = AVAILABLE, .value = {.int32Values = [1]{0}, .floatValues = [0]{}, .int64Values = [0]{}, .bytes = [0]{}, .stringValue = ""}}
12-30 10:37:17.284   398   464 D DiagPropHandler: is not DiagnosticConfig: 0x214020f3
12-30 10:37:17.284   398   464 I VehiclePropertyStore: begin to write value to Store: {.timestamp = 7173106332853, .areaId = 0, .prop = 557850867, .status = AVAILABLE, .value = {.int32Values = [1]{0}, .floatValues = [0]{}, .int64Values = [0]{}, .bytes = [0]{}, .stringValue = ""}}
12-30 10:37:17.284   398   464 D adayocomadapter-CommunicationManager: onUpstreamReceive mPropertyId 0x214020f3
12-30 10:37:17.285   398   464 D adayocomadapter-CommunicationManager: onUpstreamReceive mPropertyId 0x214020f4
12-30 10:37:17.285   398   464 D adayocomadapter-CommunicationManager: convertBytesToInt32Memcpy  0
12-30 10:37:17.285   398   464 I vw-vhal : notifyVehicleProperty, propId = 0x214020f4, data = {status: 2, int32Values: [0]}
12-30 10:37:17.285   398   464 I vw-vhal : CanSignalsAdapter::notifyVehicleProperty: solvedValue = {.timestamp = 7173107036853, .areaId = 0, .prop = 557850868, .status = AVAILABLE, .value = {.int32Values = [1]{0}, .floatValues = [0]{}, .int64Values = [0]{}, .bytes = [0]{}, .stringValue = ""}}
12-30 10:37:17.285   398   464 I VehiclePropertyStore: begin to write value to Store: {.timestamp = 7173107036853, .areaId = 0, .prop = 557850868, .status = AVAILABLE, .value = {.int32Values = [1]{0}, .floatValues = [0]{}, .int64Values = [0]{}, .bytes = [0]{}, .stringValue = ""}}
12-30 10:37:17.285   398   464 I DefaultVehicleHal_v2_0: DefaultVehicleHal::onPropertyValue, value:{.timestamp = 7173107036853, .areaId = 0, .prop = 557850868, .status = AVAILABLE, .value = {.int32Values = [1]{0}, .floatValues = [0]{}, .int64Values = [0]{}, .bytes = [0]{}, .stringValue = ""}}
12-30 10:37:17.285   398   464 D DiagPropHandler: is not DiagnosticConfig: 0x214020f4
12-30 10:37:17.285   398   464 I VehiclePropertyStore: begin to write value to Store: {.timestamp = 7173107036853, .areaId = 0, .prop = 557850868, .status = AVAILABLE, .value = {.int32Values = [1]{0}, .floatValues = [0]{}, .int64Values = [0]{}, .bytes = [0]{}, .stringValue = ""}}
12-30 10:37:17.285   398   464 D adayocomadapter-CommunicationManager: onUpstreamReceive mPropertyId 0x214020f4
12-30 10:37:17.285   398   464 D adayocomadapter-CommunicationManager: onUpstreamReceive mPropertyId 0x214020f5
12-30 10:37:17.285   398   464 D adayocomadapter-CommunicationManager: convertBytesToInt32Memcpy  0
12-30 10:37:17.285   398   464 I vw-vhal : notifyVehicleProperty, propId = 0x214020f5, data = {status: 2, int32Values: [0]}
12-30 10:37:17.285   398   464 I vw-vhal : CanSignalsAdapter::notifyVehicleProperty: solvedValue = {.timestamp = 7173107679519, .areaId = 0, .prop = 557850869, .status = AVAILABLE, .value = {.int32Values = [1]{0}, .floatValues = [0]{}, .int64Values = [0]{}, .bytes = [0]{}, .stringValue = ""}}
12-30 10:37:17.285   398   464 I VehiclePropertyStore: begin to write value to Store: {.timestamp = 7173107679519, .areaId = 0, .prop = 557850869, .status = AVAILABLE, .value = {.int32Values = [1]{0}, .floatValues = [0]{}, .int64Values = [0]{}, .bytes = [0]{}, .stringValue = ""}}
12-30 10:37:17.286   398   464 I DefaultVehicleHal_v2_0: DefaultVehicleHal::onPropertyValue, value:{.timestamp = 7173107679519, .areaId = 0, .prop = 557850869, .status = AVAILABLE, .value = {.int32Values = [1]{0}, .floatValues = [0]{}, .int64Values = [0]{}, .bytes = [0]{}, .stringValue = ""}}
12-30 10:37:17.286   398   464 D DiagPropHandler: is not DiagnosticConfig: 0x214020f5
12-30 10:37:17.286   398   464 I VehiclePropertyStore: begin to write value to Store: {.timestamp = 7173107679519, .areaId = 0, .prop = 557850869, .status = AVAILABLE, .value = {.int32Values = [1]{0}, .floatValues = [0]{}, .int64Values = [0]{}, .bytes = [0]{}, .stringValue = ""}}
12-30 10:37:17.286   398   464 D adayocomadapter-CommunicationManager: onUpstreamReceive mPropertyId 0x214020f5
12-30 10:37:17.286   398   464 D adayocomadapter-CommunicationManager: onUpstreamReceive mPropertyId 0x214020f6
12-30 10:37:17.286   398   464 D adayocomadapter-CommunicationManager: convertBytesToInt32Memcpy  0
12-30 10:37:17.286   398   464 I vw-vhal : notifyVehicleProperty, propId = 0x214020f6, data = {status: 2, int32Values: [0]}
12-30 10:37:17.286   398   464 I vw-vhal : CanSignalsAdapter::notifyVehicleProperty: solvedValue = {.timestamp = 7173108384186, .areaId = 0, .prop = 557850870, .status = AVAILABLE, .value = {.int32Values = [1]{0}, .floatValues = [0]{}, .int64Values = [0]{}, .bytes = [0]{}, .stringValue = ""}}
12-30 10:37:17.286   398   464 I VehiclePropertyStore: begin to write value to Store: {.timestamp = 7173108384186, .areaId = 0, .prop = 557850870, .status = AVAILABLE, .value = {.int32Values = [1]{0}, .floatValues = [0]{}, .int64Values = [0]{}, .bytes = [0]{}, .stringValue = ""}}
12-30 10:37:17.286   398   464 I DefaultVehicleHal_v2_0: DefaultVehicleHal::onPropertyValue, value:{.timestamp = 7173108384186, .areaId = 0, .prop = 557850870, .status = AVAILABLE, .value = {.int32Values = [1]{0}, .floatValues = [0]{}, .int64Values = [0]{}, .bytes = [0]{}, .stringValue = ""}}
12-30 10:37:17.286   398   464 D DiagPropHandler: is not DiagnosticConfig: 0x214020f6
12-30 10:37:17.286   398   464 I VehiclePropertyStore: begin to write value to Store: {.timestamp = 7173108384186, .areaId = 0, .prop = 557850870, .status = AVAILABLE, .value = {.int32Values = [1]{0}, .floatValues = [0]{}, .int64Values = [0]{}, .bytes = [0]{}, .stringValue = ""}}
12-30 10:37:17.286   398   464 D adayocomadapter-CommunicationManager: onUpstreamReceive mPropertyId 0x214020f6
12-30 10:37:17.287   398   464 D adayocomadapter-CommunicationManager: onUpstreamReceive mPropertyId 0x214020f7
12-30 10:37:17.287   398   464 D adayocomadapter-CommunicationManager: convertBytesToInt32Memcpy  0
12-30 10:37:17.287   398   464 I vw-vhal : notifyVehicleProperty, propId = 0x214020f7, data = {status: 2, int32Values: [0]}
12-30 10:37:17.287   398   464 I vw-vhal : CanSignalsAdapter::notifyVehicleProperty: solvedValue = {.timestamp = 7173109029519, .areaId = 0, .prop = 557850871, .status = AVAILABLE, .value = {.int32Values = [1]{0}, .floatValues = [0]{}, .int64Values = [0]{}, .bytes = [0]{}, .stringValue = ""}}
12-30 10:37:17.287   398   464 I VehiclePropertyStore: begin to write value to Store: {.timestamp = 7173109029519, .areaId = 0, .prop = 557850871, .status = AVAILABLE, .value = {.int32Values = [1]{0}, .floatValues = [0]{}, .int64Values = [0]{}, .bytes = [0]{}, .stringValue = ""}}
12-30 10:37:17.287   398   464 I DefaultVehicleHal_v2_0: DefaultVehicleHal::onPropertyValue, value:{.timestamp = 7173109029519, .areaId = 0, .prop = 557850871, .status = AVAILABLE, .value = {.int32Values = [1]{0}, .floatValues = [0]{}, .int64Values = [0]{}, .bytes = [0]{}, .stringValue = ""}}
12-30 10:37:17.287   398   464 D DiagPropHandler: is not DiagnosticConfig: 0x214020f7
12-30 10:37:17.287   398   464 I VehiclePropertyStore: begin to write value to Store: {.timestamp = 7173109029519, .areaId = 0, .prop = 557850871, .status = AVAILABLE, .value = {.int32Values = [1]{0}, .floatValues = [0]{}, .int64Values = [0]{}, .bytes = [0]{}, .stringValue = ""}}
12-30 10:37:17.287   398   464 D adayocomadapter-CommunicationManager: onUpstreamReceive mPropertyId 0x214020f7
12-30 10:37:17.287   398   464 D adayocomadapter-CommunicationManager: onUpstreamReceive mPropertyId 0x214020f8
12-30 10:37:17.287   398   464 D adayocomadapter-CommunicationManager: convertBytesToInt32Memcpy  0
12-30 10:37:17.288   398   464 I vw-vhal : notifyVehicleProperty, propId = 0x214020f8, data = {status: 2, int32Values: [0]}
12-30 10:37:17.288   398   464 I vw-vhal : CanSignalsAdapter::notifyVehicleProperty: solvedValue = {.timestamp = 7173109965186, .areaId = 0, .prop = 557850872, .status = AVAILABLE, .value = {.int32Values = [1]{0}, .floatValues = [0]{}, .int64Values = [0]{}, .bytes = [0]{}, .stringValue = ""}}
12-30 10:37:17.288   398   464 I VehiclePropertyStore: begin to write value to Store: {.timestamp = 7173109965186, .areaId = 0, .prop = 557850872, .status = AVAILABLE, .value = {.int32Values = [1]{0}, .floatValues = [0]{}, .int64Values = [0]{}, .bytes = [0]{}, .stringValue = ""}}
12-30 10:37:17.288   398   464 I DefaultVehicleHal_v2_0: DefaultVehicleHal::onPropertyValue, value:{.timestamp = 7173109965186, .areaId = 0, .prop = 557850872, .status = AVAILABLE, .value = {.int32Values = [1]{0}, .floatValues = [0]{}, .int64Values = [0]{}, .bytes = [0]{}, .stringValue = ""}}
12-30 10:37:17.288   398   464 D DiagPropHandler: is not DiagnosticConfig: 0x214020f8
12-30 10:37:17.288   398   464 I VehiclePropertyStore: begin to write value to Store: {.timestamp = 7173109965186, .areaId = 0, .prop = 557850872, .status = AVAILABLE, .value = {.int32Values = [1]{0}, .floatValues = [0]{}, .int64Values = [0]{}, .bytes = [0]{}, .stringValue = ""}}
12-30 10:37:17.288   398   464 D adayocomadapter-CommunicationManager: onUpstreamReceive mPropertyId 0x214020f8
12-30 10:37:17.288   398   464 D adayocomadapter-CommunicationManager: onUpstreamReceive mPropertyId 0x214020f9
12-30 10:37:17.288   398   464 D adayocomadapter-CommunicationManager: convertBytesToInt32Memcpy  0
12-30 10:37:17.288   398   464 I vw-vhal : notifyVehicleProperty, propId = 0x214020f9, data = {status: 2, int32Values: [0]}
12-30 10:37:17.288   398   464 I vw-vhal : CanSignalsAdapter::notifyVehicleProperty: solvedValue = {.timestamp = 7173110620186, .areaId = 0, .prop = 557850873, .status = AVAILABLE, .value = {.int32Values = [1]{0}, .floatValues = [0]{}, .int64Values = [0]{}, .bytes = [0]{}, .stringValue = ""}}
12-30 10:37:17.288   398   464 I VehiclePropertyStore: begin to write value to Store: {.timestamp = 7173110620186, .areaId = 0, .prop = 557850873, .status = AVAILABLE, .value = {.int32Values = [1]{0}, .floatValues = [0]{}, .int64Values = [0]{}, .bytes = [0]{}, .stringValue = ""}}
12-30 10:37:17.288   398   464 I DefaultVehicleHal_v2_0: DefaultVehicleHal::onPropertyValue, value:{.timestamp = 7173110620186, .areaId = 0, .prop = 557850873, .status = AVAILABLE, .value = {.int32Values = [1]{0}, .floatValues = [0]{}, .int64Values = [0]{}, .bytes = [0]{}, .stringValue = ""}}
12-30 10:37:17.289   398   464 D DiagPropHandler: is not DiagnosticConfig: 0x214020f9
12-30 10:37:17.289   398   464 I VehiclePropertyStore: begin to write value to Store: {.timestamp = 7173110620186, .areaId = 0, .prop = 557850873, .status = AVAILABLE, .value = {.int32Values = [1]{0}, .floatValues = [0]{}, .int64Values = [0]{}, .bytes = [0]{}, .stringValue = ""}}
12-30 10:37:17.289   398   464 D adayocomadapter-CommunicationManager: onUpstreamReceive mPropertyId 0x214020f9
12-30 10:37:17.307   360   931 D EvsDriver: forwardFrame
12-30 10:37:17.307   360   931 D EvsDriver: forwardFrameDirect
12-30 10:37:17.307   360   931 D EvsDriver: Delivered 0xb400e2ca9e40d090 as id 1
12-30 10:37:17.307   359  2784 D evsmanagerd: /dev/video-evs0 forwarded the buffer #1 to 0xb400f125d2b26dd0 from 0xb400f125e2b20710
12-30 10:37:17.310   360   458 D EvsDriver: doneWithFrame
12-30 10:37:17.313  1667  2407 I media_message_log->MediaMessageProxy: (SourceFile:1)b connectToService action bind
12-30 10:37:17.313   916  5915 W ActivityManager: Unable to start service Intent { cmp=com.adayo.server.mediamessagetransfer/.MediaMessTransferService (has extras) } U=0: not found
12-30 10:37:17.314  1667  2407 E media_message_log->MediaMessageProxy: (SourceFile:7)a bindServiceAsUser isBound = false
12-30 10:37:17.330  2358  2623 D RcfController: Rcf proxy is not connected!
12-30 10:37:17.334   596  3076 E WifiHAL : Invalid data received from driver
12-30 10:37:17.340   360   931 D EvsDriver: forwardFrame
12-30 10:37:17.340   360   931 D EvsDriver: forwardFrameDirect
12-30 10:37:17.341   360   931 D EvsDriver: Delivered 0xb400e2ca9e40e110 as id 0
12-30 10:37:17.341   359  2784 D evsmanagerd: /dev/video-evs0 forwarded the buffer #0 to 0xb400f125d2b26dd0 from 0xb400f125e2b20710
12-30 10:37:17.351   360   458 D EvsDriver: doneWithFrame
12-30 10:37:17.374   360   931 D EvsDriver: forwardFrame
12-30 10:37:17.374   360   931 D EvsDriver: forwardFrameDirect
12-30 10:37:17.374   360   931 D EvsDriver: Delivered 0xb400e2ca9e40c7a0 as id 1
12-30 10:37:17.374   359  2784 D evsmanagerd: /dev/video-evs0 forwarded the buffer #1 to 0xb400f125d2b26dd0 from 0xb400f125e2b20710
12-30 10:37:17.380  2358  2623 D RcfController: Rcf proxy is not connected!
12-30 10:37:17.381   360   458 D EvsDriver: doneWithFrame
12-30 10:37:17.407   360   931 D EvsDriver: forwardFrame
12-30 10:37:17.407   360   931 D EvsDriver: forwardFrameDirect
12-30 10:37:17.407   360   931 D EvsDriver: Delivered 0xb400e2ca9e40e270 as id 0
12-30 10:37:17.407   359  2784 D evsmanagerd: /dev/video-evs0 forwarded the buffer #0 to 0xb400f125d2b26dd0 from 0xb400f125e2b20710
12-30 10:37:17.411   360   458 D EvsDriver: doneWithFrame
12-30 10:37:17.414   596  3076 E WifiHAL : Invalid data received from driver
12-30 10:37:17.430  2358  2623 D RcfController: Rcf proxy is not connected!
12-30 10:37:17.440   360   931 D EvsDriver: forwardFrame
12-30 10:37:17.440   360   931 D EvsDriver: forwardFrameDirect
12-30 10:37:17.441   360   931 D EvsDriver: Delivered 0xb400e2ca9e40d4b0 as id 1
12-30 10:37:17.441   359  2784 D evsmanagerd: /dev/video-evs0 forwarded the buffer #1 to 0xb400f125d2b26dd0 from 0xb400f125e2b20710
12-30 10:37:17.442   360   458 D EvsDriver: doneWithFrame
12-30 10:37:17.474   360   931 D EvsDriver: forwardFrame
12-30 10:37:17.474   360   931 D EvsDriver: forwardFrameDirect
12-30 10:37:17.474   360   931 D EvsDriver: Delivered 0xb400e2ca9e40c2d0 as id 0
12-30 10:37:17.474   359  2784 D evsmanagerd: /dev/video-evs0 forwarded the buffer #0 to 0xb400f125d2b26dd0 from 0xb400f125e2b20710
12-30 10:37:17.481  2358  2623 D RcfController: Rcf proxy is not connected!
12-30 10:37:17.482   360   458 D EvsDriver: doneWithFrame
12-30 10:37:17.495   596  3076 E WifiHAL : Invalid data received from driver
12-30 10:37:17.507   360   931 D EvsDriver: forwardFrame
12-30 10:37:17.507   360   931 D EvsDriver: forwardFrameDirect
12-30 10:37:17.507   360   931 D EvsDriver: Delivered 0xb400e2ca9e40d090 as id 1
12-30 10:37:17.507   359  2784 D evsmanagerd: /dev/video-evs0 forwarded the buffer #1 to 0xb400f125d2b26dd0 from 0xb400f125e2b20710
12-30 10:37:17.513   360   458 D EvsDriver: doneWithFrame
12-30 10:37:17.531  2358  2623 D RcfController: Rcf proxy is not connected!
12-30 10:37:17.540   360   931 D EvsDriver: forwardFrame
12-30 10:37:17.540   360   931 D EvsDriver: forwardFrameDirect
12-30 10:37:17.541   360   931 D EvsDriver: Delivered 0xb400e2ca9e40e110 as id 0
12-30 10:37:17.541   359  2784 D evsmanagerd: /dev/video-evs0 forwarded the buffer #0 to 0xb400f125d2b26dd0 from 0xb400f125e2b20710
12-30 10:37:17.541   596  3076 E WifiHAL : Invalid data received from driver
12-30 10:37:17.543   360   458 D EvsDriver: doneWithFrame
12-30 10:37:17.574   360   931 D EvsDriver: forwardFrame
12-30 10:37:17.574   360   931 D EvsDriver: forwardFrameDirect
12-30 10:37:17.574   360   931 D EvsDriver: Delivered 0xb400e2ca9e40c7a0 as id 1
12-30 10:37:17.574   359  2784 D evsmanagerd: /dev/video-evs0 forwarded the buffer #1 to 0xb400f125d2b26dd0 from 0xb400f125e2b20710
12-30 10:37:17.581  2358  2623 D RcfController: Rcf proxy is not connected!
12-30 10:37:17.583   360   458 D EvsDriver: doneWithFrame
12-30 10:37:17.607   360   931 D EvsDriver: forwardFrame
12-30 10:37:17.607   360   931 D EvsDriver: forwardFrameDirect
12-30 10:37:17.607   360   931 D EvsDriver: Delivered 0xb400e2ca9e40e270 as id 0
12-30 10:37:17.607   359  2784 D evsmanagerd: /dev/video-evs0 forwarded the buffer #0 to 0xb400f125d2b26dd0 from 0xb400f125e2b20710
12-30 10:37:17.608   596  3076 E WifiHAL : Invalid data received from driver
12-30 10:37:17.614   360   458 D EvsDriver: doneWithFrame
12-30 10:37:17.618   596  3076 E WifiHAL : Invalid data received from driver
12-30 10:37:17.618   596  3076 E WifiHAL : Invalid data received from driver
12-30 10:37:17.618   596  3076 E WifiHAL : Invalid data received from driver
12-30 10:37:17.618   596  3076 E WifiHAL : Invalid data received from driver
12-30 10:37:17.618   596  3076 E WifiHAL : Invalid data received from driver
12-30 10:37:17.618   596  3076 E WifiHAL : Invalid data received from driver
12-30 10:37:17.618   596  3076 E WifiHAL : Invalid data received from driver
12-30 10:37:17.631  2358  2623 D RcfController: Rcf proxy is not connected!
12-30 10:37:17.633  1667  2410 I media_message_log->MediaMessageUserProxy: (SourceFile:1)b connectToService action bind
12-30 10:37:17.634   916  5915 W ActivityManager: Unable to start service Intent { cmp=com.adayo.server.mediamessagetransfer/.MediaMessTransferService (has extras) } U=0: not found
12-30 10:37:17.635  1667  2410 E media_message_log->MediaMessageUserProxy: (SourceFile:7)a bindServiceAsUser isBound = false
12-30 10:37:17.640   360   931 D EvsDriver: forwardFrame
12-30 10:37:17.640   360   931 D EvsDriver: forwardFrameDirect
12-30 10:37:17.641   360   931 D EvsDriver: Delivered 0xb400e2ca9e40d4b0 as id 1
12-30 10:37:17.641   359  2784 D evsmanagerd: /dev/video-evs0 forwarded the buffer #1 to 0xb400f125d2b26dd0 from 0xb400f125e2b20710
12-30 10:37:17.644   360   458 D EvsDriver: doneWithFrame
12-30 10:37:17.674   360   931 D EvsDriver: forwardFrame
12-30 10:37:17.674   360   931 D EvsDriver: forwardFrameDirect
12-30 10:37:17.674   360   931 D EvsDriver: Delivered 0xb400e2ca9e40c2d0 as id 0
12-30 10:37:17.674   359  2784 D evsmanagerd: /dev/video-evs0 forwarded the buffer #0 to 0xb400f125d2b26dd0 from 0xb400f125e2b20710
12-30 10:37:17.682  2358  2623 D RcfController: Rcf proxy is not connected!
12-30 10:37:17.685   360   458 D EvsDriver: doneWithFrame
12-30 10:37:17.697   596  3076 E WifiHAL : Invalid data received from driver
12-30 10:37:17.702   650   729 D fgemcucomm: sd Uart data : 6AA602DFF40002920295
12-30 10:37:17.702   650   729 D fgemcucomm: rev uart=59303,len=20, data : 6AA681DFF4000C92020008000000000000000004
12-30 10:37:17.703   398  2883 D adayocomadapter-ParseProtocolFunc: printRaWMsg Name[MCUToUPstream recv] len[12] data[920200080000000000000000]
12-30 10:37:17.703   398  2883 D adayocomadapter-CommunicationManager: onUpstreamback   member[0] dataLength[9] timePoint[7173525]
12-30 10:37:17.703   398  2883 D adayocomadapter-ParseProtocolFunc: printRaWMsg Name[onUpstreamback] len[9] data[080000000000000000]
12-30 10:37:17.703   398   464 D adayocomadapter-UpstreamHandler: processBeforePacket upSreamtProcessTimePoint[7173525] 
12-30 10:37:17.703   398   464 D adayocomadapter-UpstreamHandler: processPacket UPSTREAM_QUEUE_DATA_TIMEOUT
12-30 10:37:17.703   398   464 D adayocomadapter-ParseProtocolFunc: parseCommonIPCLBytes Processing tableNumber[8]
12-30 10:37:17.703   398   464 D adayocomadapter-ParseProtocolFunc: parseCommonIPCLBytes Processing tablename[Table-8] tableSize[9]
12-30 10:37:17.703   398   464 D adayocomadapter-ParseProtocolFunc: printRaWMsg Name[byteStream recv] len[9] data[080000000000000000]
12-30 10:37:17.703   398   464 D adayocomadapter-ParseProtocolFunc: printRaWMsg Name[IPCLtoVHAL] len[7] data[2141208F010000]
12-30 10:37:17.703   398   464 D adayocomadapter-ParseProtocolFunc: printRaWMsg Name[IPCLtoVHAL] len[7] data[21412090010000]
12-30 10:37:17.703   398   464 D adayocomadapter-ParseProtocolFunc: printRaWMsg Name[IPCLtoVHAL] len[7] data[21412091010000]
12-30 10:37:17.703   398   464 D adayocomadapter-ParseProtocolFunc: printRaWMsg Name[IPCLtoVHAL] len[7] data[21412092010000]
12-30 10:37:17.703   398   464 D adayocomadapter-CommunicationManager: onUpstreamReceive mPropertyId 0x2141208f
12-30 10:37:17.704   398   464 I vw-vhal : notifyVehicleProperty, propId = 0x2141208f, data = {status: 2, int32Values: [0, 0]}
12-30 10:37:17.704   398   464 I vw-vhal : CanSignalsAdapter::notifyVehicleProperty: solvedValue = {.timestamp = 7173526023519, .areaId = 0, .prop = 557916303, .status = AVAILABLE, .value = {.int32Values = [2]{0, 0}, .floatValues = [0]{}, .int64Values = [0]{}, .bytes = [0]{}, .stringValue = ""}}
12-30 10:37:17.704   398   464 I VehiclePropertyStore: begin to write value to Store: {.timestamp = 7173526023519, .areaId = 0, .prop = 557916303, .status = AVAILABLE, .value = {.int32Values = [2]{0, 0}, .floatValues = [0]{}, .int64Values = [0]{}, .bytes = [0]{}, .stringValue = ""}}
12-30 10:37:17.704   398   464 I DefaultVehicleHal_v2_0: DefaultVehicleHal::onPropertyValue, value:{.timestamp = 7173526023519, .areaId = 0, .prop = 557916303, .status = AVAILABLE, .value = {.int32Values = [2]{0, 0}, .floatValues = [0]{}, .int64Values = [0]{}, .bytes = [0]{}, .stringValue = ""}}
12-30 10:37:17.704   398   464 D DiagPropHandler: is not DiagnosticConfig: 0x2141208f
12-30 10:37:17.704   398   464 I VehiclePropertyStore: begin to write value to Store: {.timestamp = 7173526023519, .areaId = 0, .prop = 557916303, .status = AVAILABLE, .value = {.int32Values = [2]{0, 0}, .floatValues = [0]{}, .int64Values = [0]{}, .bytes = [0]{}, .stringValue = ""}}
12-30 10:37:17.704   398   464 D adayocomadapter-CommunicationManager: onUpstreamReceive mPropertyId 0x2141208f
12-30 10:37:17.704   398   464 D adayocomadapter-CommunicationManager: onUpstreamReceive mPropertyId 0x21412090
12-30 10:37:17.704   398   464 I vw-vhal : notifyVehicleProperty, propId = 0x21412090, data = {status: 2, int32Values: [0, 0]}
12-30 10:37:17.704   398   464 I vw-vhal : CanSignalsAdapter::notifyVehicleProperty: solvedValue = {.timestamp = 7173526706186, .areaId = 0, .prop = 557916304, .status = AVAILABLE, .value = {.int32Values = [2]{0, 0}, .floatValues = [0]{}, .int64Values = [0]{}, .bytes = [0]{}, .stringValue = ""}}
12-30 10:37:17.704   398   464 I VehiclePropertyStore: begin to write value to Store: {.timestamp = 7173526706186, .areaId = 0, .prop = 557916304, .status = AVAILABLE, .value = {.int32Values = [2]{0, 0}, .floatValues = [0]{}, .int64Values = [0]{}, .bytes = [0]{}, .stringValue = ""}}
12-30 10:37:17.705   398   464 I DefaultVehicleHal_v2_0: DefaultVehicleHal::onPropertyValue, value:{.timestamp = 7173526706186, .areaId = 0, .prop = 557916304, .status = AVAILABLE, .value = {.int32Values = [2]{0, 0}, .floatValues = [0]{}, .int64Values = [0]{}, .bytes = [0]{}, .stringValue = ""}}
12-30 10:37:17.705   398   464 D DiagPropHandler: is not DiagnosticConfig: 0x21412090
12-30 10:37:17.705   398   464 I VehiclePropertyStore: begin to write value to Store: {.timestamp = 7173526706186, .areaId = 0, .prop = 557916304, .status = AVAILABLE, .value = {.int32Values = [2]{0, 0}, .floatValues = [0]{}, .int64Values = [0]{}, .bytes = [0]{}, .stringValue = ""}}
12-30 10:37:17.705   398   464 D adayocomadapter-CommunicationManager: onUpstreamReceive mPropertyId 0x21412090
12-30 10:37:17.705   398   464 D adayocomadapter-CommunicationManager: onUpstreamReceive mPropertyId 0x21412091
12-30 10:37:17.705   398   464 I vw-vhal : notifyVehicleProperty, propId = 0x21412091, data = {status: 2, int32Values: [0, 0]}
12-30 10:37:17.705   398   464 I vw-vhal : CanSignalsAdapter::notifyVehicleProperty: solvedValue = {.timestamp = 7173527351186, .areaId = 0, .prop = 557916305, .status = AVAILABLE, .value = {.int32Values = [2]{0, 0}, .floatValues = [0]{}, .int64Values = [0]{}, .bytes = [0]{}, .stringValue = ""}}
12-30 10:37:17.705   398   464 I VehiclePropertyStore: begin to write value to Store: {.timestamp = 7173527351186, .areaId = 0, .prop = 557916305, .status = AVAILABLE, .value = {.int32Values = [2]{0, 0}, .floatValues = [0]{}, .int64Values = [0]{}, .bytes = [0]{}, .stringValue = ""}}
12-30 10:37:17.705   398   464 I DefaultVehicleHal_v2_0: DefaultVehicleHal::onPropertyValue, value:{.timestamp = 7173527351186, .areaId = 0, .prop = 557916305, .status = AVAILABLE, .value = {.int32Values = [2]{0, 0}, .floatValues = [0]{}, .int64Values = [0]{}, .bytes = [0]{}, .stringValue = ""}}
12-30 10:37:17.705   398   464 D DiagPropHandler: is not DiagnosticConfig: 0x21412091
12-30 10:37:17.705   398   464 I VehiclePropertyStore: begin to write value to Store: {.timestamp = 7173527351186, .areaId = 0, .prop = 557916305, .status = AVAILABLE, .value = {.int32Values = [2]{0, 0}, .floatValues = [0]{}, .int64Values = [0]{}, .bytes = [0]{}, .stringValue = ""}}
12-30 10:37:17.705   398   464 D adayocomadapter-CommunicationManager: onUpstreamReceive mPropertyId 0x21412091
12-30 10:37:17.705   398   464 D adayocomadapter-CommunicationManager: onUpstreamReceive mPropertyId 0x21412092
12-30 10:37:17.706   398   464 I vw-vhal : notifyVehicleProperty, propId = 0x21412092, data = {status: 2, int32Values: [0, 0]}
12-30 10:37:17.706   398   464 I vw-vhal : CanSignalsAdapter::notifyVehicleProperty: solvedValue = {.timestamp = 7173527954519, .areaId = 0, .prop = 557916306, .status = AVAILABLE, .value = {.int32Values = [2]{0, 0}, .floatValues = [0]{}, .int64Values = [0]{}, .bytes = [0]{}, .stringValue = ""}}
12-30 10:37:17.706   398   464 I VehiclePropertyStore: begin to write value to Store: {.timestamp = 7173527954519, .areaId = 0, .prop = 557916306, .status = AVAILABLE, .value = {.int32Values = [2]{0, 0}, .floatValues = [0]{}, .int64Values = [0]{}, .bytes = [0]{}, .stringValue = ""}}
12-30 10:37:17.706   398   464 I DefaultVehicleHal_v2_0: DefaultVehicleHal::onPropertyValue, value:{.timestamp = 7173527954519, .areaId = 0, .prop = 557916306, .status = AVAILABLE, .value = {.int32Values = [2]{0, 0}, .floatValues = [0]{}, .int64Values = [0]{}, .bytes = [0]{}, .stringValue = ""}}
12-30 10:37:17.706   398   464 D DiagPropHandler: is not DiagnosticConfig: 0x21412092
12-30 10:37:17.706   398   464 I VehiclePropertyStore: begin to write value to Store: {.timestamp = 7173527954519, .areaId = 0, .prop = 557916306, .status = AVAILABLE, .value = {.int32Values = [2]{0, 0}, .floatValues = [0]{}, .int64Values = [0]{}, .bytes = [0]{}, .stringValue = ""}}
12-30 10:37:17.706   398   464 D adayocomadapter-CommunicationManager: onUpstreamReceive mPropertyId 0x21412092
12-30 10:37:17.707   360   931 D EvsDriver: forwardFrame
12-30 10:37:17.707   360   931 D EvsDriver: forwardFrameDirect
12-30 10:37:17.707   360   931 D EvsDriver: Delivered 0xb400e2ca9e40d090 as id 1
12-30 10:37:17.707   359  2784 D evsmanagerd: /dev/video-evs0 forwarded the buffer #1 to 0xb400f125d2b26dd0 from 0xb400f125e2b20710
12-30 10:37:17.715   360   458 D EvsDriver: doneWithFrame
12-30 10:37:17.722  1667  2594 W ContextImpl: Calling a method in the system process without a qualified user: android.app.ContextImpl.bindService:1988 android.content.ContextWrapper.bindService:861 com.ford.sync.fnvservice.FordFnv.c:202 com.ford.sync.fnvservice.FordFnv.c:43 com.ford.sync.fnvservice.FordFnv$RetryHandler.handleMessage:245 
12-30 10:37:17.723   916  5915 W ActivityManager: Unable to start service Intent { cmp=com.ford.sync.fnvservice/.FordFnvService } U=0: not found
12-30 10:37:17.723  1667  2594 W FordFnv :  bind ford fnv failed -> sendRetryMessage 
12-30 10:37:17.732   650   729 D fgemcucomm: sd Uart data : 6AA602DFF50002920294
12-30 10:37:17.732  2358  2623 D RcfController: Rcf proxy is not connected!
12-30 10:37:17.732   650   729 D fgemcucomm: rev uart=59304,len=17, data : 6AA681DFF5000992020006000000000008
12-30 10:37:17.732   398  2883 D adayocomadapter-ParseProtocolFunc: printRaWMsg Name[MCUToUPstream recv] len[9] data[920200060000000000]
12-30 10:37:17.732   398  2883 D adayocomadapter-CommunicationManager: onUpstreamback   member[0] dataLength[6] timePoint[7173554]
12-30 10:37:17.732   398  2883 D adayocomadapter-ParseProtocolFunc: printRaWMsg Name[onUpstreamback] len[6] data[060000000000]
12-30 10:37:17.733   398   464 D adayocomadapter-UpstreamHandler: processBeforePacket upSreamtProcessTimePoint[7173554] 
12-30 10:37:17.733   398   464 D adayocomadapter-UpstreamHandler: processPacket UPSTREAM_QUEUE_DATA_TIMEOUT
12-30 10:37:17.733   398   464 D adayocomadapter-ParseProtocolFunc: parseCommonIPCLBytes Processing tableNumber[6]
12-30 10:37:17.733   398   464 D adayocomadapter-ParseProtocolFunc: parseCommonIPCLBytes Processing tablename[Table-6] tableSize[6]
12-30 10:37:17.733   398   464 D adayocomadapter-ParseProtocolFunc: printRaWMsg Name[byteStream recv] len[6] data[060000000000]
12-30 10:37:17.733   398   464 D adayocomadapter-ParseProtocolFunc: printRaWMsg Name[IPCLtoVHAL] len[6] data[214020020000]
12-30 10:37:17.733   398   464 D adayocomadapter-ParseProtocolFunc: printRaWMsg Name[IPCLtoVHAL] len[6] data[214020200000]
12-30 10:37:17.733   398   464 D adayocomadapter-ParseProtocolFunc: printRaWMsg Name[IPCLtoVHAL] len[6] data[214020040000]
12-30 10:37:17.733   398   464 D adayocomadapter-ParseProtocolFunc: printRaWMsg Name[IPCLtoVHAL] len[6] data[214020090000]
12-30 10:37:17.733   398   464 D adayocomadapter-ParseProtocolFunc: printRaWMsg Name[IPCLtoVHAL] len[6] data[214020080000]
12-30 10:37:17.733   398   464 D adayocomadapter-CommunicationManager: onUpstreamReceive mPropertyId 0x21402002
12-30 10:37:17.733   398   464 D adayocomadapter-CommunicationManager: convertBytesToInt32Memcpy  0
