12-30 10:37:15.824   398   464 I VehiclePropertyStore: begin to write value to Store: {.timestamp = 7171646501186, .areaId = 0, .prop = 557850706, .status = AVAILABLE, .value = {.int32Values = [1]{0}, .floatValues = [0]{}, .int64Values = [0]{}, .bytes = [0]{}, .stringValue = ""}}
12-30 10:37:15.824   398   464 D adayocomadapter-CommunicationManager: onUpstreamReceive mPropertyId 0x21402052
12-30 10:37:15.824   398   464 D adayocomadapter-CommunicationManager: onUpstreamReceive mPropertyId 0x21402081
12-30 10:37:15.824   398   464 D adayocomadapter-CommunicationManager: convertBytesToInt32Memcpy  0
12-30 10:37:15.824   398   464 I vw-vhal : notifyVehicleProperty, propId = 0x21402081, data = {status: 2, int32Values: [0]}
12-30 10:37:15.824   398   464 I vw-vhal : CanSignalsAdapter::notifyVehicleProperty: solvedValue = {.timestamp = 7171646691852, .areaId = 0, .prop = 557850753, .status = AVAILABLE, .value = {.int32Values = [1]{0}, .floatValues = [0]{}, .int64Values = [0]{}, .bytes = [0]{}, .stringValue = ""}}
12-30 10:37:15.824   398   464 I VehiclePropertyStore: begin to write value to Store: {.timestamp = 7171646691852, .areaId = 0, .prop = 557850753, .status = AVAILABLE, .value = {.int32Values = [1]{0}, .floatValues = [0]{}, .int64Values = [0]{}, .bytes = [0]{}, .stringValue = ""}}
12-30 10:37:15.824   398   464 I DefaultVehicleHal_v2_0: DefaultVehicleHal::onPropertyValue, value:{.timestamp = 7171646691852, .areaId = 0, .prop = 557850753, .status = AVAILABLE, .value = {.int32Values = [1]{0}, .floatValues = [0]{}, .int64Values = [0]{}, .bytes = [0]{}, .stringValue = ""}}
12-30 10:37:15.824   398   464 D DiagPropHandler: is not DiagnosticConfig: 0x21402081
12-30 10:37:15.824   398   464 I VehiclePropertyStore: begin to write value to Store: {.timestamp = 7171646691852, .areaId = 0, .prop = 557850753, .status = AVAILABLE, .value = {.int32Values = [1]{0}, .floatValues = [0]{}, .int64Values = [0]{}, .bytes = [0]{}, .stringValue = ""}}
12-30 10:37:15.824   398   464 D adayocomadapter-CommunicationManager: onUpstreamReceive mPropertyId 0x21402081
12-30 10:37:15.824   398   464 D adayocomadapter-CommunicationManager: onUpstreamReceive mPropertyId 0x21402080
12-30 10:37:15.824   398   464 D adayocomadapter-CommunicationManager: convertBytesToInt32Memcpy  0
12-30 10:37:15.825   398   464 I vw-vhal : notifyVehicleProperty, propId = 0x21402080, data = {status: 2, int32Values: [0]}
12-30 10:37:15.825   398   464 I vw-vhal : CanSignalsAdapter::notifyVehicleProperty: solvedValue = {.timestamp = 7171646881186, .areaId = 0, .prop = 557850752, .status = AVAILABLE, .value = {.int32Values = [1]{0}, .floatValues = [0]{}, .int64Values = [0]{}, .bytes = [0]{}, .stringValue = ""}}
12-30 10:37:15.825   398   464 I VehiclePropertyStore: begin to write value to Store: {.timestamp = 7171646881186, .areaId = 0, .prop = 557850752, .status = AVAILABLE, .value = {.int32Values = [1]{0}, .floatValues = [0]{}, .int64Values = [0]{}, .bytes = [0]{}, .stringValue = ""}}
12-30 10:37:15.825   398   464 I DefaultVehicleHal_v2_0: DefaultVehicleHal::onPropertyValue, value:{.timestamp = 7171646881186, .areaId = 0, .prop = 557850752, .status = AVAILABLE, .value = {.int32Values = [1]{0}, .floatValues = [0]{}, .int64Values = [0]{}, .bytes = [0]{}, .stringValue = ""}}
12-30 10:37:15.825   398   464 D DiagPropHandler: is not DiagnosticConfig: 0x21402080
12-30 10:37:15.825   398   464 I VehiclePropertyStore: begin to write value to Store: {.timestamp = 7171646881186, .areaId = 0, .prop = 557850752, .status = AVAILABLE, .value = {.int32Values = [1]{0}, .floatValues = [0]{}, .int64Values = [0]{}, .bytes = [0]{}, .stringValue = ""}}
12-30 10:37:15.825   398   464 D adayocomadapter-CommunicationManager: onUpstreamReceive mPropertyId 0x21402080
12-30 10:37:15.825   398   464 D adayocomadapter-CommunicationManager: onUpstreamReceive mPropertyId 0x21402051
12-30 10:37:15.825   398   464 D adayocomadapter-CommunicationManager: convertBytesToInt32Memcpy  0
12-30 10:37:15.825   398   464 I vw-vhal : notifyVehicleProperty, propId = 0x21402051, data = {status: 2, int32Values: [0]}
12-30 10:37:15.825   398   464 I vw-vhal : CanSignalsAdapter::notifyVehicleProperty: solvedValue = {.timestamp = 7171647079852, .areaId = 0, .prop = 557850705, .status = AVAILABLE, .value = {.int32Values = [1]{0}, .floatValues = [0]{}, .int64Values = [0]{}, .bytes = [0]{}, .stringValue = ""}}
12-30 10:37:15.825   398   464 I VehiclePropertyStore: begin to write value to Store: {.timestamp = 7171647079852, .areaId = 0, .prop = 557850705, .status = AVAILABLE, .value = {.int32Values = [1]{0}, .floatValues = [0]{}, .int64Values = [0]{}, .bytes = [0]{}, .stringValue = ""}}
12-30 10:37:15.825   398   464 I DefaultVehicleHal_v2_0: DefaultVehicleHal::onPropertyValue, value:{.timestamp = 7171647079852, .areaId = 0, .prop = 557850705, .status = AVAILABLE, .value = {.int32Values = [1]{0}, .floatValues = [0]{}, .int64Values = [0]{}, .bytes = [0]{}, .stringValue = ""}}
12-30 10:37:15.825   398   464 D DiagPropHandler: is not DiagnosticConfig: 0x21402051
12-30 10:37:15.825   398   464 I VehiclePropertyStore: begin to write value to Store: {.timestamp = 7171647079852, .areaId = 0, .prop = 557850705, .status = AVAILABLE, .value = {.int32Values = [1]{0}, .floatValues = [0]{}, .int64Values = [0]{}, .bytes = [0]{}, .stringValue = ""}}
12-30 10:37:15.825   398   464 D adayocomadapter-CommunicationManager: onUpstreamReceive mPropertyId 0x21402051
12-30 10:37:15.825   398   464 D adayocomadapter-CommunicationManager: onUpstreamReceive mPropertyId 0x2140207b
12-30 10:37:15.825   398   464 D adayocomadapter-CommunicationManager: convertBytesToInt32Memcpy  0
12-30 10:37:15.825   398   464 I vw-vhal : notifyVehicleProperty, propId = 0x2140207b, data = {status: 2, int32Values: [0]}
12-30 10:37:15.825   398   464 I vw-vhal : CanSignalsAdapter::notifyVehicleProperty: solvedValue = {.timestamp = 7171647275519, .areaId = 0, .prop = 557850747, .status = AVAILABLE, .value = {.int32Values = [1]{0}, .floatValues = [0]{}, .int64Values = [0]{}, .bytes = [0]{}, .stringValue = ""}}
12-30 10:37:15.825   398   464 I VehiclePropertyStore: begin to write value to Store: {.timestamp = 7171647275519, .areaId = 0, .prop = 557850747, .status = AVAILABLE, .value = {.int32Values = [1]{0}, .floatValues = [0]{}, .int64Values = [0]{}, .bytes = [0]{}, .stringValue = ""}}
12-30 10:37:15.825   398   464 I DefaultVehicleHal_v2_0: DefaultVehicleHal::onPropertyValue, value:{.timestamp = 7171647275519, .areaId = 0, .prop = 557850747, .status = AVAILABLE, .value = {.int32Values = [1]{0}, .floatValues = [0]{}, .int64Values = [0]{}, .bytes = [0]{}, .stringValue = ""}}
12-30 10:37:15.825   398   464 D DiagPropHandler: is not DiagnosticConfig: 0x2140207b
12-30 10:37:15.825   398   464 I VehiclePropertyStore: begin to write value to Store: {.timestamp = 7171647275519, .areaId = 0, .prop = 557850747, .status = AVAILABLE, .value = {.int32Values = [1]{0}, .floatValues = [0]{}, .int64Values = [0]{}, .bytes = [0]{}, .stringValue = ""}}
12-30 10:37:15.825   398   464 D adayocomadapter-CommunicationManager: onUpstreamReceive mPropertyId 0x2140207b
12-30 10:37:15.825   398   464 D adayocomadapter-CommunicationManager: onUpstreamReceive mPropertyId 0x2140204c
12-30 10:37:15.825   398   464 D adayocomadapter-CommunicationManager: convertBytesToInt32Memcpy  0
12-30 10:37:15.825   398   464 I vw-vhal : notifyVehicleProperty, propId = 0x2140204c, data = {status: 2, int32Values: [0]}
12-30 10:37:15.825   398   464 I vw-vhal : CanSignalsAdapter::notifyVehicleProperty: solvedValue = {.timestamp = 7171647473852, .areaId = 0, .prop = 557850700, .status = AVAILABLE, .value = {.int32Values = [1]{0}, .floatValues = [0]{}, .int64Values = [0]{}, .bytes = [0]{}, .stringValue = ""}}
12-30 10:37:15.825   398   464 I VehiclePropertyStore: begin to write value to Store: {.timestamp = 7171647473852, .areaId = 0, .prop = 557850700, .status = AVAILABLE, .value = {.int32Values = [1]{0}, .floatValues = [0]{}, .int64Values = [0]{}, .bytes = [0]{}, .stringValue = ""}}
12-30 10:37:15.825   398   464 I DefaultVehicleHal_v2_0: DefaultVehicleHal::onPropertyValue, value:{.timestamp = 7171647473852, .areaId = 0, .prop = 557850700, .status = AVAILABLE, .value = {.int32Values = [1]{0}, .floatValues = [0]{}, .int64Values = [0]{}, .bytes = [0]{}, .stringValue = ""}}
12-30 10:37:15.825   398   464 D DiagPropHandler: is not DiagnosticConfig: 0x2140204c
12-30 10:37:15.825   398   464 I VehiclePropertyStore: begin to write value to Store: {.timestamp = 7171647473852, .areaId = 0, .prop = 557850700, .status = AVAILABLE, .value = {.int32Values = [1]{0}, .floatValues = [0]{}, .int64Values = [0]{}, .bytes = [0]{}, .stringValue = ""}}
12-30 10:37:15.825   398   464 D adayocomadapter-CommunicationManager: onUpstreamReceive mPropertyId 0x2140204c
12-30 10:37:15.825   398   464 D adayocomadapter-CommunicationManager: onUpstreamReceive mPropertyId 0x2140207c
12-30 10:37:15.825   398   464 D adayocomadapter-CommunicationManager: convertBytesToInt32Memcpy  0
12-30 10:37:15.825   398   464 I vw-vhal : notifyVehicleProperty, propId = 0x2140207c, data = {status: 2, int32Values: [0]}
12-30 10:37:15.825   398   464 I vw-vhal : CanSignalsAdapter::notifyVehicleProperty: solvedValue = {.timestamp = 7171647667519, .areaId = 0, .prop = 557850748, .status = AVAILABLE, .value = {.int32Values = [1]{0}, .floatValues = [0]{}, .int64Values = [0]{}, .bytes = [0]{}, .stringValue = ""}}
12-30 10:37:15.825   398   464 I VehiclePropertyStore: begin to write value to Store: {.timestamp = 7171647667519, .areaId = 0, .prop = 557850748, .status = AVAILABLE, .value = {.int32Values = [1]{0}, .floatValues = [0]{}, .int64Values = [0]{}, .bytes = [0]{}, .stringValue = ""}}
12-30 10:37:15.825   398   464 I DefaultVehicleHal_v2_0: DefaultVehicleHal::onPropertyValue, value:{.timestamp = 7171647667519, .areaId = 0, .prop = 557850748, .status = AVAILABLE, .value = {.int32Values = [1]{0}, .floatValues = [0]{}, .int64Values = [0]{}, .bytes = [0]{}, .stringValue = ""}}
12-30 10:37:15.825   398   464 D DiagPropHandler: is not DiagnosticConfig: 0x2140207c
12-30 10:37:15.825   398   464 I VehiclePropertyStore: begin to write value to Store: {.timestamp = 7171647667519, .areaId = 0, .prop = 557850748, .status = AVAILABLE, .value = {.int32Values = [1]{0}, .floatValues = [0]{}, .int64Values = [0]{}, .bytes = [0]{}, .stringValue = ""}}
12-30 10:37:15.825   398   464 D adayocomadapter-CommunicationManager: onUpstreamReceive mPropertyId 0x2140207c
12-30 10:37:15.825   398   464 D adayocomadapter-CommunicationManager: onUpstreamReceive mPropertyId 0x2140207e
12-30 10:37:15.825   398   464 D adayocomadapter-CommunicationManager: convertBytesToInt32Memcpy  0
12-30 10:37:15.825   398   464 I vw-vhal : notifyVehicleProperty, propId = 0x2140207e, data = {status: 2, int32Values: [0]}
12-30 10:37:15.826   398   464 I vw-vhal : CanSignalsAdapter::notifyVehicleProperty: solvedValue = {.timestamp = 7171647861519, .areaId = 0, .prop = 557850750, .status = AVAILABLE, .value = {.int32Values = [1]{0}, .floatValues = [0]{}, .int64Values = [0]{}, .bytes = [0]{}, .stringValue = ""}}
12-30 10:37:15.826   398   464 I VehiclePropertyStore: begin to write value to Store: {.timestamp = 7171647861519, .areaId = 0, .prop = 557850750, .status = AVAILABLE, .value = {.int32Values = [1]{0}, .floatValues = [0]{}, .int64Values = [0]{}, .bytes = [0]{}, .stringValue = ""}}
12-30 10:37:15.826   398   464 I DefaultVehicleHal_v2_0: DefaultVehicleHal::onPropertyValue, value:{.timestamp = 7171647861519, .areaId = 0, .prop = 557850750, .status = AVAILABLE, .value = {.int32Values = [1]{0}, .floatValues = [0]{}, .int64Values = [0]{}, .bytes = [0]{}, .stringValue = ""}}
12-30 10:37:15.826   398   464 D DiagPropHandler: is not DiagnosticConfig: 0x2140207e
12-30 10:37:15.826   398   464 I VehiclePropertyStore: begin to write value to Store: {.timestamp = 7171647861519, .areaId = 0, .prop = 557850750, .status = AVAILABLE, .value = {.int32Values = [1]{0}, .floatValues = [0]{}, .int64Values = [0]{}, .bytes = [0]{}, .stringValue = ""}}
12-30 10:37:15.826   398   464 D adayocomadapter-CommunicationManager: onUpstreamReceive mPropertyId 0x2140207e
12-30 10:37:15.826   398   464 D adayocomadapter-CommunicationManager: onUpstreamReceive mPropertyId 0x21402082
12-30 10:37:15.826   398   464 D adayocomadapter-CommunicationManager: convertBytesToInt32Memcpy  0
12-30 10:37:15.826   398   464 I vw-vhal : notifyVehicleProperty, propId = 0x21402082, data = {status: 2, int32Values: [0]}
12-30 10:37:15.826   398   464 I vw-vhal : CanSignalsAdapter::notifyVehicleProperty: solvedValue = {.timestamp = 7171648072519, .areaId = 0, .prop = 557850754, .status = AVAILABLE, .value = {.int32Values = [1]{0}, .floatValues = [0]{}, .int64Values = [0]{}, .bytes = [0]{}, .stringValue = ""}}
12-30 10:37:15.826   398   464 I VehiclePropertyStore: begin to write value to Store: {.timestamp = 7171648072519, .areaId = 0, .prop = 557850754, .status = AVAILABLE, .value = {.int32Values = [1]{0}, .floatValues = [0]{}, .int64Values = [0]{}, .bytes = [0]{}, .stringValue = ""}}
12-30 10:37:15.826   398   464 I DefaultVehicleHal_v2_0: DefaultVehicleHal::onPropertyValue, value:{.timestamp = 7171648072519, .areaId = 0, .prop = 557850754, .status = AVAILABLE, .value = {.int32Values = [1]{0}, .floatValues = [0]{}, .int64Values = [0]{}, .bytes = [0]{}, .stringValue = ""}}
12-30 10:37:15.826   398   464 D DiagPropHandler: is not DiagnosticConfig: 0x21402082
12-30 10:37:15.826   398   464 I VehiclePropertyStore: begin to write value to Store: {.timestamp = 7171648072519, .areaId = 0, .prop = 557850754, .status = AVAILABLE, .value = {.int32Values = [1]{0}, .floatValues = [0]{}, .int64Values = [0]{}, .bytes = [0]{}, .stringValue = ""}}
12-30 10:37:15.826   398   464 D adayocomadapter-CommunicationManager: onUpstreamReceive mPropertyId 0x21402082
12-30 10:37:15.826   398   464 D adayocomadapter-CommunicationManager: onUpstreamReceive mPropertyId 0x21402083
12-30 10:37:15.826   398   464 D adayocomadapter-CommunicationManager: convertBytesToInt32Memcpy  0
12-30 10:37:15.826   398   464 I vw-vhal : notifyVehicleProperty, propId = 0x21402083, data = {status: 2, int32Values: [0]}
12-30 10:37:15.826   398   464 I vw-vhal : CanSignalsAdapter::notifyVehicleProperty: solvedValue = {.timestamp = 7171648277186, .areaId = 0, .prop = 557850755, .status = AVAILABLE, .value = {.int32Values = [1]{0}, .floatValues = [0]{}, .int64Values = [0]{}, .bytes = [0]{}, .stringValue = ""}}
12-30 10:37:15.826   398   464 I VehiclePropertyStore: begin to write value to Store: {.timestamp = 7171648277186, .areaId = 0, .prop = 557850755, .status = AVAILABLE, .value = {.int32Values = [1]{0}, .floatValues = [0]{}, .int64Values = [0]{}, .bytes = [0]{}, .stringValue = ""}}
12-30 10:37:15.826   398   464 I DefaultVehicleHal_v2_0: DefaultVehicleHal::onPropertyValue, value:{.timestamp = 7171648277186, .areaId = 0, .prop = 557850755, .status = AVAILABLE, .value = {.int32Values = [1]{0}, .floatValues = [0]{}, .int64Values = [0]{}, .bytes = [0]{}, .stringValue = ""}}
12-30 10:37:15.826   398   464 D DiagPropHandler: is not DiagnosticConfig: 0x21402083
12-30 10:37:15.826   398   464 I VehiclePropertyStore: begin to write value to Store: {.timestamp = 7171648277186, .areaId = 0, .prop = 557850755, .status = AVAILABLE, .value = {.int32Values = [1]{0}, .floatValues = [0]{}, .int64Values = [0]{}, .bytes = [0]{}, .stringValue = ""}}
12-30 10:37:15.826   398   464 D adayocomadapter-CommunicationManager: onUpstreamReceive mPropertyId 0x21402083
12-30 10:37:15.826   398   464 D adayocomadapter-CommunicationManager: onUpstreamReceive mPropertyId 0x21402084
12-30 10:37:15.826   398   464 D adayocomadapter-CommunicationManager: convertBytesToInt32Memcpy  0
12-30 10:37:15.826   398   464 I vw-vhal : notifyVehicleProperty, propId = 0x21402084, data = {status: 2, int32Values: [0]}
12-30 10:37:15.826   398   464 I vw-vhal : CanSignalsAdapter::notifyVehicleProperty: solvedValue = {.timestamp = 7171648478186, .areaId = 0, .prop = 557850756, .status = AVAILABLE, .value = {.int32Values = [1]{0}, .floatValues = [0]{}, .int64Values = [0]{}, .bytes = [0]{}, .stringValue = ""}}
12-30 10:37:15.826   398   464 I VehiclePropertyStore: begin to write value to Store: {.timestamp = 7171648478186, .areaId = 0, .prop = 557850756, .status = AVAILABLE, .value = {.int32Values = [1]{0}, .floatValues = [0]{}, .int64Values = [0]{}, .bytes = [0]{}, .stringValue = ""}}
12-30 10:37:15.826   398   464 I DefaultVehicleHal_v2_0: DefaultVehicleHal::onPropertyValue, value:{.timestamp = 7171648478186, .areaId = 0, .prop = 557850756, .status = AVAILABLE, .value = {.int32Values = [1]{0}, .floatValues = [0]{}, .int64Values = [0]{}, .bytes = [0]{}, .stringValue = ""}}
12-30 10:37:15.826   398   464 D DiagPropHandler: is not DiagnosticConfig: 0x21402084
12-30 10:37:15.826   398   464 I VehiclePropertyStore: begin to write value to Store: {.timestamp = 7171648478186, .areaId = 0, .prop = 557850756, .status = AVAILABLE, .value = {.int32Values = [1]{0}, .floatValues = [0]{}, .int64Values = [0]{}, .bytes = [0]{}, .stringValue = ""}}
12-30 10:37:15.826   398   464 D adayocomadapter-CommunicationManager: onUpstreamReceive mPropertyId 0x21402084
12-30 10:37:15.826   398   464 D adayocomadapter-CommunicationManager: onUpstreamReceive mPropertyId 0x21402085
12-30 10:37:15.826   398   464 D adayocomadapter-CommunicationManager: convertBytesToInt32Memcpy  0
12-30 10:37:15.826   398   464 I vw-vhal : notifyVehicleProperty, propId = 0x21402085, data = {status: 2, int32Values: [0]}
12-30 10:37:15.826   398   464 I vw-vhal : CanSignalsAdapter::notifyVehicleProperty: solvedValue = {.timestamp = 7171648668186, .areaId = 0, .prop = 557850757, .status = AVAILABLE, .value = {.int32Values = [1]{0}, .floatValues = [0]{}, .int64Values = [0]{}, .bytes = [0]{}, .stringValue = ""}}
12-30 10:37:15.826   398   464 I VehiclePropertyStore: begin to write value to Store: {.timestamp = 7171648668186, .areaId = 0, .prop = 557850757, .status = AVAILABLE, .value = {.int32Values = [1]{0}, .floatValues = [0]{}, .int64Values = [0]{}, .bytes = [0]{}, .stringValue = ""}}
12-30 10:37:15.826   398   464 I DefaultVehicleHal_v2_0: DefaultVehicleHal::onPropertyValue, value:{.timestamp = 7171648668186, .areaId = 0, .prop = 557850757, .status = AVAILABLE, .value = {.int32Values = [1]{0}, .floatValues = [0]{}, .int64Values = [0]{}, .bytes = [0]{}, .stringValue = ""}}
12-30 10:37:15.826   398   464 D DiagPropHandler: is not DiagnosticConfig: 0x21402085
12-30 10:37:15.826   398   464 I VehiclePropertyStore: begin to write value to Store: {.timestamp = 7171648668186, .areaId = 0, .prop = 557850757, .status = AVAILABLE, .value = {.int32Values = [1]{0}, .floatValues = [0]{}, .int64Values = [0]{}, .bytes = [0]{}, .stringValue = ""}}
12-30 10:37:15.826   398   464 D adayocomadapter-CommunicationManager: onUpstreamReceive mPropertyId 0x21402085
12-30 10:37:15.826   398   464 D adayocomadapter-CommunicationManager: onUpstreamReceive mPropertyId 0x2140220a
12-30 10:37:15.826   398   464 D adayocomadapter-CommunicationManager: convertBytesToInt32Memcpy  0
12-30 10:37:15.826   398   464 I vw-vhal : notifyVehicleProperty, propId = 0x2140220a, data = {status: 2, int32Values: [0]}
12-30 10:37:15.827   398   464 I vw-vhal : CanSignalsAdapter::notifyVehicleProperty: solvedValue = {.timestamp = 7171648860519, .areaId = 0, .prop = 557851146, .status = AVAILABLE, .value = {.int32Values = [1]{0}, .floatValues = [0]{}, .int64Values = [0]{}, .bytes = [0]{}, .stringValue = ""}}
12-30 10:37:15.827   398   464 I VehiclePropertyStore: begin to write value to Store: {.timestamp = 7171648860519, .areaId = 0, .prop = 557851146, .status = AVAILABLE, .value = {.int32Values = [1]{0}, .floatValues = [0]{}, .int64Values = [0]{}, .bytes = [0]{}, .stringValue = ""}}
12-30 10:37:15.827   398   464 I DefaultVehicleHal_v2_0: DefaultVehicleHal::onPropertyValue, value:{.timestamp = 7171648860519, .areaId = 0, .prop = 557851146, .status = AVAILABLE, .value = {.int32Values = [1]{0}, .floatValues = [0]{}, .int64Values = [0]{}, .bytes = [0]{}, .stringValue = ""}}
12-30 10:37:15.827   398   464 D DiagPropHandler: is not DiagnosticConfig: 0x2140220a
12-30 10:37:15.827   398   464 I VehiclePropertyStore: begin to write value to Store: {.timestamp = 7171648860519, .areaId = 0, .prop = 557851146, .status = AVAILABLE, .value = {.int32Values = [1]{0}, .floatValues = [0]{}, .int64Values = [0]{}, .bytes = [0]{}, .stringValue = ""}}
12-30 10:37:15.827   398   464 D adayocomadapter-CommunicationManager: onUpstreamReceive mPropertyId 0x2140220a
12-30 10:37:15.827   398   464 D adayocomadapter-CommunicationManager: onUpstreamReceive mPropertyId 0x214021e6
12-30 10:37:15.827   398   464 D adayocomadapter-CommunicationManager: convertBytesToInt32Memcpy  0
12-30 10:37:15.827   398   464 I vw-vhal : notifyVehicleProperty, propId = 0x214021e6, data = {status: 2, int32Values: [0]}
12-30 10:37:15.827   398   464 I vw-vhal : CanSignalsAdapter::notifyVehicleProperty: solvedValue = {.timestamp = 7171649060186, .areaId = 0, .prop = 557851110, .status = AVAILABLE, .value = {.int32Values = [1]{0}, .floatValues = [0]{}, .int64Values = [0]{}, .bytes = [0]{}, .stringValue = ""}}
12-30 10:37:15.827   398   464 I VehiclePropertyStore: begin to write value to Store: {.timestamp = 7171649060186, .areaId = 0, .prop = 557851110, .status = AVAILABLE, .value = {.int32Values = [1]{0}, .floatValues = [0]{}, .int64Values = [0]{}, .bytes = [0]{}, .stringValue = ""}}
12-30 10:37:15.827   398   464 I DefaultVehicleHal_v2_0: DefaultVehicleHal::onPropertyValue, value:{.timestamp = 7171649060186, .areaId = 0, .prop = 557851110, .status = AVAILABLE, .value = {.int32Values = [1]{0}, .floatValues = [0]{}, .int64Values = [0]{}, .bytes = [0]{}, .stringValue = ""}}
12-30 10:37:15.827   398   464 D DiagPropHandler: is not DiagnosticConfig: 0x214021e6
12-30 10:37:15.827   398   464 I VehiclePropertyStore: begin to write value to Store: {.timestamp = 7171649060186, .areaId = 0, .prop = 557851110, .status = AVAILABLE, .value = {.int32Values = [1]{0}, .floatValues = [0]{}, .int64Values = [0]{}, .bytes = [0]{}, .stringValue = ""}}
12-30 10:37:15.827   398   464 D adayocomadapter-CommunicationManager: onUpstreamReceive mPropertyId 0x214021e6
12-30 10:37:15.840   360   931 D EvsDriver: forwardFrame
12-30 10:37:15.840   360   931 D EvsDriver: forwardFrameDirect
12-30 10:37:15.840   360   931 D EvsDriver: Delivered 0xb400e2ca9e40d4b0 as id 1
12-30 10:37:15.841   359  2784 D evsmanagerd: /dev/video-evs0 forwarded the buffer #1 to 0xb400f125d2b26dd0 from 0xb400f125e2b20710
12-30 10:37:15.843   360   458 D EvsDriver: doneWithFrame
12-30 10:37:15.862  3066  3066 D hostapd : nl80211: BSS Event 59 (NL80211_CMD_FRAME) received for wlan1
12-30 10:37:15.862   596  3076 E WifiHAL : Invalid data received from driver
12-30 10:37:15.862  3066  3066 D hostapd : nl80211: RX frame da=ff:ff:ff:ff:ff:ff sa=cc:53:69:80:0a:c9 bssid=ff:ff:ff:ff:ff:ff freq=5745 ssi_signal=-8700 fc=0x40 seq_ctrl=0xa910 stype=4 (WLAN_FC_STYPE_PROBE_REQ) len=260
12-30 10:37:15.862  3066  3066 D hostapd : Receive wpa msg : Event RX_MGMT (18) received
12-30 10:37:15.862  3066  3066 D hostapd : Receive wpa msg : RX-PROBE-REQUEST sa=cc:53:69:80:0a:c9 signal=-8700
12-30 10:37:15.862  3066  3066 D hostapd : nl80211: send_mlme - da=cc:53:69:80:0a:c9 noack=1 freq=0 no_cck=0 offchanok=0 wait_time=0 no_encrypt=0 fc=0x50 (WLAN_FC_STYPE_PROBE_RESP) nlmode=3
12-30 10:37:15.862  3066  3066 D hostapd : nl80211: Use bss->freq=5745
12-30 10:37:15.862  3066  3066 D hostapd : nl80211: send_mlme -> send_frame_cmd
12-30 10:37:15.862  3066  3066 D hostapd : nl80211: Drv Event 60 (NL80211_CMD_FRAME_TX_STATUS) received for wlan1
12-30 10:37:15.862  3066  3066 D hostapd : nl80211: Frame TX status event A1=cc:53:69:80:0a:c9 stype=5 cookie=0x0 ack=0
12-30 10:37:15.863  3066  3066 D hostapd : wlan1: Event TX_STATUS (16) received
12-30 10:37:15.863  3066  3066 D hostapd : Receive wpa msg : Event TX_STATUS (16) received
12-30 10:37:15.863   596  3076 E WifiHAL : Invalid data received from driver
12-30 10:37:15.863   596  3076 E WifiHAL : Invalid data received from driver
12-30 10:37:15.863   596  3076 E WifiHAL : Invalid data received from driver
12-30 10:37:15.863   596  3076 E WifiHAL : Invalid data received from driver
12-30 10:37:15.863   596  3076 E WifiHAL : Invalid data received from driver
12-30 10:37:15.864   596  3076 E WifiHAL : Invalid data received from driver
12-30 10:37:15.864   596  3076 E WifiHAL : Invalid data received from driver
12-30 10:37:15.864   596  3076 E WifiHAL : Invalid data received from driver
12-30 10:37:15.872  2358  2623 D RcfController: Rcf proxy is not connected!
12-30 10:37:15.874   360   931 D EvsDriver: forwardFrame
12-30 10:37:15.874   360   931 D EvsDriver: forwardFrameDirect
12-30 10:37:15.874   360   931 D EvsDriver: Delivered 0xb400e2ca9e40c2d0 as id 0
12-30 10:37:15.874   359  2784 D evsmanagerd: /dev/video-evs0 forwarded the buffer #0 to 0xb400f125d2b26dd0 from 0xb400f125e2b20710
12-30 10:37:15.883   360   458 D EvsDriver: doneWithFrame
12-30 10:37:15.884   798 27604 W adbd    : timed out while waiting for FUNCTIONFS_BIND, trying again
12-30 10:37:15.884   798 27604 I adbd    : UsbFfs: connection terminated: monitor thread finished
12-30 10:37:15.885   798   798 I adbd    : UsbFfs: already offline
12-30 10:37:15.885   798   798 I adbd    : destroying transport UsbFfs
12-30 10:37:15.885   798   798 I adbd    : UsbFfsConnection being destroyed
12-30 10:37:15.907   360   931 D EvsDriver: forwardFrame
12-30 10:37:15.907   360   931 D EvsDriver: forwardFrameDirect
12-30 10:37:15.907   360   931 D EvsDriver: Delivered 0xb400e2ca9e40d090 as id 1
12-30 10:37:15.907   359  2784 D evsmanagerd: /dev/video-evs0 forwarded the buffer #1 to 0xb400f125d2b26dd0 from 0xb400f125e2b20710
12-30 10:37:15.914   360   458 D EvsDriver: doneWithFrame
12-30 10:37:15.914   798   838 I adbd    : opening control endpoint /dev/usb-ffs/adb/ep0
12-30 10:37:15.915   798   838 I adbd    : UsbFfsConnection constructed
12-30 10:37:15.915   798 27629 I adbd    : UsbFfs-monitor thread spawned
01-01 09:59:32.924   838   838 I         : read descriptors
12-30 10:37:15.922  2358  2623 D RcfController: Rcf proxy is not connected!
12-30 10:37:15.923   596  3076 E WifiHAL : Invalid data received from driver
12-30 10:37:15.940   360   931 D EvsDriver: forwardFrame
12-30 10:37:15.940   360   931 D EvsDriver: forwardFrameDirect
12-30 10:37:15.940   360   931 D EvsDriver: Delivered 0xb400e2ca9e40e110 as id 0
12-30 10:37:15.941   359  2784 D evsmanagerd: /dev/video-evs0 forwarded the buffer #0 to 0xb400f125d2b26dd0 from 0xb400f125e2b20710
12-30 10:37:15.944   360   458 D EvsDriver: doneWithFrame
12-30 10:37:15.972  2358  2623 D RcfController: Rcf proxy is not connected!
12-30 10:37:15.974   360   931 D EvsDriver: forwardFrame
12-30 10:37:15.974   360   931 D EvsDriver: forwardFrameDirect
12-30 10:37:15.974   360   931 D EvsDriver: Delivered 0xb400e2ca9e40c7a0 as id 1
12-30 10:37:15.974   359  2784 D evsmanagerd: /dev/video-evs0 forwarded the buffer #1 to 0xb400f125d2b26dd0 from 0xb400f125e2b20710
12-30 10:37:15.984   360   458 D EvsDriver: doneWithFrame
12-30 10:37:15.990   596  3076 E WifiHAL : Invalid data received from driver
12-30 10:37:16.007   360   931 D EvsDriver: forwardFrame
12-30 10:37:16.007   360   931 D EvsDriver: forwardFrameDirect
12-30 10:37:16.007   360   931 D EvsDriver: Delivered 0xb400e2ca9e40e270 as id 0
12-30 10:37:16.007   359  2784 D evsmanagerd: /dev/video-evs0 forwarded the buffer #0 to 0xb400f125d2b26dd0 from 0xb400f125e2b20710
12-30 10:37:16.015   360   458 D EvsDriver: doneWithFrame
12-30 10:37:16.023  2358  2623 D RcfController: Rcf proxy is not connected!
12-30 10:37:16.040   360   931 D EvsDriver: forwardFrame
12-30 10:37:16.040   360   931 D EvsDriver: forwardFrameDirect
12-30 10:37:16.040   360   931 D EvsDriver: Delivered 0xb400e2ca9e40d4b0 as id 1
12-30 10:37:16.041   359  2784 D evsmanagerd: /dev/video-evs0 forwarded the buffer #1 to 0xb400f125d2b26dd0 from 0xb400f125e2b20710
12-30 10:37:16.045   360   458 D EvsDriver: doneWithFrame
12-30 10:37:16.058   596  3076 E WifiHAL : Invalid data received from driver
12-30 10:37:16.073  2358  2623 D RcfController: Rcf proxy is not connected!
12-30 10:37:16.074   360   931 D EvsDriver: forwardFrame
12-30 10:37:16.074   360   931 D EvsDriver: forwardFrameDirect
12-30 10:37:16.074   360   931 D EvsDriver: Delivered 0xb400e2ca9e40c2d0 as id 0
12-30 10:37:16.074   359  2784 D evsmanagerd: /dev/video-evs0 forwarded the buffer #0 to 0xb400f125d2b26dd0 from 0xb400f125e2b20710
12-30 10:37:16.075   360   458 D EvsDriver: doneWithFrame
12-30 10:37:16.095  1582  3078 I c       : checkService in back thread add: adayo.upgrade.v2.0
12-30 10:37:16.096  1582  3078 E upgradeApp_251223_V1  l: d(null:11)pre->c(null:23)-> serviceBinder is null
12-30 10:37:16.096  1582  3078 W c       : doBindService in back thread fail: adayo.upgrade.v2.0
12-30 10:37:16.106  1611  1611 I ADAYO_LOG_: handleMessage(UsbFunc.java:3)copyQnx = 0
12-30 10:37:16.106  1611  1611 I ADAYO_LOG_: handleMessage(UsbFunc.java:12)copyState = 2
12-30 10:37:16.107   360   931 D EvsDriver: forwardFrame
12-30 10:37:16.107   360   931 D EvsDriver: forwardFrameDirect
12-30 10:37:16.107   360   931 D EvsDriver: Delivered 0xb400e2ca9e40d090 as id 1
12-30 10:37:16.107   359  2784 D evsmanagerd: /dev/video-evs0 forwarded the buffer #1 to 0xb400f125d2b26dd0 from 0xb400f125e2b20710
12-30 10:37:16.116   360   458 D EvsDriver: doneWithFrame
12-30 10:37:16.120   650   729 D fgemcucomm: sd Uart data : 6AA602DFE800029202A1
12-30 10:37:16.121   650   729 D fgemcucomm: rev uart=59291,len=56, data : 6AA681DFE80030920200190000000000000000000000000000000000000000000000000000000000000000000000000000000000000000DB
12-30 10:37:16.121   398  2883 D adayocomadapter-ParseProtocolFunc: printRaWMsg Name[MCUToUPstream recv] len[48] data[920200190000000000000000000000000000000000000000000000000000000000000000000000000000000000000000]
12-30 10:37:16.121   398  2883 D adayocomadapter-CommunicationManager: onUpstreamback   member[0] dataLength[45] timePoint[7171943]
12-30 10:37:16.121   398  2883 D adayocomadapter-ParseProtocolFunc: printRaWMsg Name[onUpstreamback] len[45] data[190000000000000000000000000000000000000000000000000000000000000000000000000000000000000000]
12-30 10:37:16.121   398   464 D adayocomadapter-UpstreamHandler: processBeforePacket upSreamtProcessTimePoint[7171943] 
12-30 10:37:16.121   398   464 D adayocomadapter-UpstreamHandler: processPacket UPSTREAM_QUEUE_DATA_TIMEOUT
12-30 10:37:16.121   398   464 D adayocomadapter-ParseProtocolFunc: parseCommonIPCLBytes Processing tableNumber[25]
12-30 10:37:16.121   398   464 D adayocomadapter-ParseProtocolFunc: parseCommonIPCLBytes Processing tablename[Table-25] tableSize[45]
12-30 10:37:16.121   398   464 D adayocomadapter-ParseProtocolFunc: printRaWMsg Name[byteStream recv] len[45] data[190000000000000000000000000000000000000000000000000000000000000000000000000000000000000000]
12-30 10:37:16.121   398   464 D adayocomadapter-ParseProtocolFunc: printRaWMsg Name[IPCLtoVHAL] len[6] data[214020C50000]
12-30 10:37:16.121   398   464 D adayocomadapter-ParseProtocolFunc: printRaWMsg Name[IPCLtoVHAL] len[6] data[214021060000]
12-30 10:37:16.121   398   464 D adayocomadapter-ParseProtocolFunc: printRaWMsg Name[IPCLtoVHAL] len[6] data[214021320000]
12-30 10:37:16.121   398   464 D adayocomadapter-ParseProtocolFunc: printRaWMsg Name[IPCLtoVHAL] len[6] data[214020BF0000]
12-30 10:37:16.121   398   464 D adayocomadapter-ParseProtocolFunc: printRaWMsg Name[IPCLtoVHAL] len[6] data[2140212F0000]
12-30 10:37:16.121   398   464 D adayocomadapter-ParseProtocolFunc: printRaWMsg Name[IPCLtoVHAL] len[6] data[214020260000]
12-30 10:37:16.121   398   464 D adayocomadapter-ParseProtocolFunc: printRaWMsg Name[IPCLtoVHAL] len[6] data[214020B30000]
12-30 10:37:16.121   398   464 D adayocomadapter-ParseProtocolFunc: printRaWMsg Name[IPCLtoVHAL] len[6] data[2140219E0000]
12-30 10:37:16.121   398   464 D adayocomadapter-ParseProtocolFunc: printRaWMsg Name[IPCLtoVHAL] len[6] data[214021300000]
12-30 10:37:16.121   398   464 D adayocomadapter-ParseProtocolFunc: printRaWMsg Name[IPCLtoVHAL] len[11] data[2141204A01000000000000]
12-30 10:37:16.121   398   464 D adayocomadapter-ParseProtocolFunc: printRaWMsg Name[IPCLtoVHAL] len[6] data[214020BD0000]
12-30 10:37:16.121   398   464 D adayocomadapter-ParseProtocolFunc: printRaWMsg Name[IPCLtoVHAL] len[6] data[2140213B0000]
12-30 10:37:16.121   398   464 D adayocomadapter-ParseProtocolFunc: printRaWMsg Name[IPCLtoVHAL] len[6] data[214020AE0000]
12-30 10:37:16.121   398   464 D adayocomadapter-ParseProtocolFunc: printRaWMsg Name[IPCLtoVHAL] len[6] data[2140210D0000]
12-30 10:37:16.121   398   464 D adayocomadapter-ParseProtocolFunc: printRaWMsg Name[IPCLtoVHAL] len[6] data[214010180000]
12-30 10:37:16.122   398   464 D adayocomadapter-ParseProtocolFunc: printRaWMsg Name[IPCLtoVHAL] len[6] data[214020A90000]
12-30 10:37:16.122   398   464 D adayocomadapter-ParseProtocolFunc: printRaWMsg Name[IPCLtoVHAL] len[6] data[214020AB0000]
12-30 10:37:16.122   398   464 D adayocomadapter-ParseProtocolFunc: printRaWMsg Name[IPCLtoVHAL] len[6] data[214020AD0000]
12-30 10:37:16.122   398   464 D adayocomadapter-ParseProtocolFunc: printRaWMsg Name[IPCLtoVHAL] len[6] data[2140213A0000]
12-30 10:37:16.122   398   464 D adayocomadapter-ParseProtocolFunc: printRaWMsg Name[IPCLtoVHAL] len[6] data[214021C70000]
12-30 10:37:16.122   398   464 D adayocomadapter-ParseProtocolFunc: printRaWMsg Name[IPCLtoVHAL] len[6] data[214020F20000]
12-30 10:37:16.122   398   464 D adayocomadapter-ParseProtocolFunc: printRaWMsg Name[IPCLtoVHAL] len[6] data[214020F10000]
12-30 10:37:16.122   398   464 D adayocomadapter-ParseProtocolFunc: printRaWMsg Name[IPCLtoVHAL] len[6] data[214021120000]
12-30 10:37:16.122   398   464 D adayocomadapter-ParseProtocolFunc: printRaWMsg Name[IPCLtoVHAL] len[7] data[2140219F000000]
12-30 10:37:16.122   398   464 D adayocomadapter-ParseProtocolFunc: printRaWMsg Name[IPCLtoVHAL] len[6] data[214021390000]
12-30 10:37:16.122   398   464 D adayocomadapter-ParseProtocolFunc: printRaWMsg Name[IPCLtoVHAL] len[7] data[21402025000000]
12-30 10:37:16.122   398   464 D adayocomadapter-ParseProtocolFunc: printRaWMsg Name[IPCLtoVHAL] len[9] data[214020330000000000]
12-30 10:37:16.122   398   464 D adayocomadapter-ParseProtocolFunc: printRaWMsg Name[IPCLtoVHAL] len[6] data[214020340000]
12-30 10:37:16.122   398   464 D adayocomadapter-ParseProtocolFunc: printRaWMsg Name[IPCLtoVHAL] len[6] data[2140218C0000]
12-30 10:37:16.122   398   464 D adayocomadapter-ParseProtocolFunc: printRaWMsg Name[IPCLtoVHAL] len[6] data[2140219B0000]
12-30 10:37:16.122   398   464 D adayocomadapter-ParseProtocolFunc: printRaWMsg Name[IPCLtoVHAL] len[6] data[214021A00000]
12-30 10:37:16.122   398   464 D adayocomadapter-ParseProtocolFunc: printRaWMsg Name[IPCLtoVHAL] len[6] data[214021A30000]
12-30 10:37:16.122   398   464 D adayocomadapter-ParseProtocolFunc: printRaWMsg Name[IPCLtoVHAL] len[6] data[214021A40000]
12-30 10:37:16.122   398   464 D adayocomadapter-ParseProtocolFunc: printRaWMsg Name[IPCLtoVHAL] len[6] data[214021CB0000]
12-30 10:37:16.122   398   464 D adayocomadapter-CommunicationManager: onUpstreamReceive mPropertyId 0x214020c5
12-30 10:37:16.122   398   464 D adayocomadapter-CommunicationManager: convertBytesToInt32Memcpy  0
12-30 10:37:16.122   398   464 I vw-vhal : notifyVehicleProperty, propId = 0x214020c5, data = {status: 2, int32Values: [0]}
12-30 10:37:16.122   398   464 I vw-vhal : CanSignalsAdapter::notifyVehicleProperty: solvedValue = {.timestamp = 7171944593853, .areaId = 0, .prop = 557850821, .status = AVAILABLE, .value = {.int32Values = [1]{0}, .floatValues = [0]{}, .int64Values = [0]{}, .bytes = [0]{}, .stringValue = ""}}
12-30 10:37:16.122   398   464 I VehiclePropertyStore: begin to write value to Store: {.timestamp = 7171944593853, .areaId = 0, .prop = 557850821, .status = AVAILABLE, .value = {.int32Values = [1]{0}, .floatValues = [0]{}, .int64Values = [0]{}, .bytes = [0]{}, .stringValue = ""}}
12-30 10:37:16.122   398   464 I DefaultVehicleHal_v2_0: DefaultVehicleHal::onPropertyValue, value:{.timestamp = 7171944593853, .areaId = 0, .prop = 557850821, .status = AVAILABLE, .value = {.int32Values = [1]{0}, .floatValues = [0]{}, .int64Values = [0]{}, .bytes = [0]{}, .stringValue = ""}}
12-30 10:37:16.122   398   464 D DiagPropHandler: is not DiagnosticConfig: 0x214020c5
12-30 10:37:16.122   398   464 I VehiclePropertyStore: begin to write value to Store: {.timestamp = 7171944593853, .areaId = 0, .prop = 557850821, .status = AVAILABLE, .value = {.int32Values = [1]{0}, .floatValues = [0]{}, .int64Values = [0]{}, .bytes = [0]{}, .stringValue = ""}}
12-30 10:37:16.123   398   464 D adayocomadapter-CommunicationManager: onUpstreamReceive mPropertyId 0x214020c5
12-30 10:37:16.123   398   464 D adayocomadapter-CommunicationManager: onUpstreamReceive mPropertyId 0x21402106
12-30 10:37:16.123   398   464 D adayocomadapter-CommunicationManager: convertBytesToInt32Memcpy  0
12-30 10:37:16.123   398   464 I vw-vhal : notifyVehicleProperty, propId = 0x21402106, data = {status: 2, int32Values: [0]}
12-30 10:37:16.123   398   464 I vw-vhal : CanSignalsAdapter::notifyVehicleProperty: solvedValue = {.timestamp = 7171944984519, .areaId = 0, .prop = 557850886, .status = AVAILABLE, .value = {.int32Values = [1]{0}, .floatValues = [0]{}, .int64Values = [0]{}, .bytes = [0]{}, .stringValue = ""}}
12-30 10:37:16.123   398   464 I VehiclePropertyStore: begin to write value to Store: {.timestamp = 7171944984519, .areaId = 0, .prop = 557850886, .status = AVAILABLE, .value = {.int32Values = [1]{0}, .floatValues = [0]{}, .int64Values = [0]{}, .bytes = [0]{}, .stringValue = ""}}
12-30 10:37:16.123   398   464 I DefaultVehicleHal_v2_0: DefaultVehicleHal::onPropertyValue, value:{.timestamp = 7171944984519, .areaId = 0, .prop = 557850886, .status = AVAILABLE, .value = {.int32Values = [1]{0}, .floatValues = [0]{}, .int64Values = [0]{}, .bytes = [0]{}, .stringValue = ""}}
12-30 10:37:16.123   398   464 D DiagPropHandler: is not DiagnosticConfig: 0x21402106
12-30 10:37:16.123   398   464 I VehiclePropertyStore: begin to write value to Store: {.timestamp = 7171944984519, .areaId = 0, .prop = 557850886, .status = AVAILABLE, .value = {.int32Values = [1]{0}, .floatValues = [0]{}, .int64Values = [0]{}, .bytes = [0]{}, .stringValue = ""}}
12-30 10:37:16.123   398   464 D adayocomadapter-CommunicationManager: onUpstreamReceive mPropertyId 0x21402106
12-30 10:37:16.123   398   464 D adayocomadapter-CommunicationManager: onUpstreamReceive mPropertyId 0x21402132
12-30 10:37:16.123   398   464 D adayocomadapter-CommunicationManager: convertBytesToInt32Memcpy  0
12-30 10:37:16.123  2358  2623 D RcfController: Rcf proxy is not connected!
12-30 10:37:16.123   398   464 I vw-vhal : notifyVehicleProperty, propId = 0x21402132, data = {status: 2, int32Values: [0]}
12-30 10:37:16.123   398   464 I vw-vhal : CanSignalsAdapter::notifyVehicleProperty: solvedValue = {.timestamp = 7171945346853, .areaId = 0, .prop = 557850930, .status = AVAILABLE, .value = {.int32Values = [1]{0}, .floatValues = [0]{}, .int64Values = [0]{}, .bytes = [0]{}, .stringValue = ""}}
12-30 10:37:16.123   398   464 I VehiclePropertyStore: begin to write value to Store: {.timestamp = 7171945346853, .areaId = 0, .prop = 557850930, .status = AVAILABLE, .value = {.int32Values = [1]{0}, .floatValues = [0]{}, .int64Values = [0]{}, .bytes = [0]{}, .stringValue = ""}}
12-30 10:37:16.123   398   464 I DefaultVehicleHal_v2_0: DefaultVehicleHal::onPropertyValue, value:{.timestamp = 7171945346853, .areaId = 0, .prop = 557850930, .status = AVAILABLE, .value = {.int32Values = [1]{0}, .floatValues = [0]{}, .int64Values = [0]{}, .bytes = [0]{}, .stringValue = ""}}
12-30 10:37:16.123   398   464 D DiagPropHandler: is not DiagnosticConfig: 0x21402132
12-30 10:37:16.123   398   464 I VehiclePropertyStore: begin to write value to Store: {.timestamp = 7171945346853, .areaId = 0, .prop = 557850930, .status = AVAILABLE, .value = {.int32Values = [1]{0}, .floatValues = [0]{}, .int64Values = [0]{}, .bytes = [0]{}, .stringValue = ""}}
12-30 10:37:16.123   398   464 D adayocomadapter-CommunicationManager: onUpstreamReceive mPropertyId 0x21402132
12-30 10:37:16.123   398   464 D adayocomadapter-CommunicationManager: onUpstreamReceive mPropertyId 0x214020bf
12-30 10:37:16.123   398   464 D adayocomadapter-CommunicationManager: convertBytesToInt32Memcpy  0
12-30 10:37:16.123   398   464 I vw-vhal : notifyVehicleProperty, propId = 0x214020bf, data = {status: 2, int32Values: [0]}
12-30 10:37:16.123   398   464 I vw-vhal : CanSignalsAdapter::notifyVehicleProperty: solvedValue = {.timestamp = 7171945703186, .areaId = 0, .prop = 557850815, .status = AVAILABLE, .value = {.int32Values = [1]{0}, .floatValues = [0]{}, .int64Values = [0]{}, .bytes = [0]{}, .stringValue = ""}}
12-30 10:37:16.123   398   464 I VehiclePropertyStore: begin to write value to Store: {.timestamp = 7171945703186, .areaId = 0, .prop = 557850815, .status = AVAILABLE, .value = {.int32Values = [1]{0}, .floatValues = [0]{}, .int64Values = [0]{}, .bytes = [0]{}, .stringValue = ""}}
12-30 10:37:16.123   398   464 I DefaultVehicleHal_v2_0: DefaultVehicleHal::onPropertyValue, value:{.timestamp = 7171945703186, .areaId = 0, .prop = 557850815, .status = AVAILABLE, .value = {.int32Values = [1]{0}, .floatValues = [0]{}, .int64Values = [0]{}, .bytes = [0]{}, .stringValue = ""}}
12-30 10:37:16.124   398   464 D DiagPropHandler: is not DiagnosticConfig: 0x214020bf
12-30 10:37:16.124   398   464 I VehiclePropertyStore: begin to write value to Store: {.timestamp = 7171945703186, .areaId = 0, .prop = 557850815, .status = AVAILABLE, .value = {.int32Values = [1]{0}, .floatValues = [0]{}, .int64Values = [0]{}, .bytes = [0]{}, .stringValue = ""}}
12-30 10:37:16.124   398   464 D adayocomadapter-CommunicationManager: onUpstreamReceive mPropertyId 0x214020bf
12-30 10:37:16.124   398   464 D adayocomadapter-CommunicationManager: onUpstreamReceive mPropertyId 0x2140212f
12-30 10:37:16.124   398   464 D adayocomadapter-CommunicationManager: convertBytesToInt32Memcpy  0
12-30 10:37:16.124   398   464 I vw-vhal : notifyVehicleProperty, propId = 0x2140212f, data = {status: 2, int32Values: [0]}
12-30 10:37:16.124   398   464 I vw-vhal : CanSignalsAdapter::notifyVehicleProperty: solvedValue = {.timestamp = 7171946052186, .areaId = 0, .prop = 557850927, .status = AVAILABLE, .value = {.int32Values = [1]{0}, .floatValues = [0]{}, .int64Values = [0]{}, .bytes = [0]{}, .stringValue = ""}}
12-30 10:37:16.124   398   464 I VehiclePropertyStore: begin to write value to Store: {.timestamp = 7171946052186, .areaId = 0, .prop = 557850927, .status = AVAILABLE, .value = {.int32Values = [1]{0}, .floatValues = [0]{}, .int64Values = [0]{}, .bytes = [0]{}, .stringValue = ""}}
12-30 10:37:16.124   398   464 I DefaultVehicleHal_v2_0: DefaultVehicleHal::onPropertyValue, value:{.timestamp = 7171946052186, .areaId = 0, .prop = 557850927, .status = AVAILABLE, .value = {.int32Values = [1]{0}, .floatValues = [0]{}, .int64Values = [0]{}, .bytes = [0]{}, .stringValue = ""}}
12-30 10:37:16.124   398   464 D DiagPropHandler: is not DiagnosticConfig: 0x2140212f
12-30 10:37:16.124   398   464 I VehiclePropertyStore: begin to write value to Store: {.timestamp = 7171946052186, .areaId = 0, .prop = 557850927, .status = AVAILABLE, .value = {.int32Values = [1]{0}, .floatValues = [0]{}, .int64Values = [0]{}, .bytes = [0]{}, .stringValue = ""}}
12-30 10:37:16.124   398   464 D adayocomadapter-CommunicationManager: onUpstreamReceive mPropertyId 0x2140212f
12-30 10:37:16.124   398   464 D adayocomadapter-CommunicationManager: onUpstreamReceive mPropertyId 0x21402026
12-30 10:37:16.124   398   464 D adayocomadapter-CommunicationManager: convertBytesToInt32Memcpy  0
12-30 10:37:16.124   398   464 I vw-vhal : notifyVehicleProperty, propId = 0x21402026, data = {status: 2, int32Values: [0]}
12-30 10:37:16.124   398   464 I vw-vhal : CanSignalsAdapter::notifyVehicleProperty: solvedValue = {.timestamp = 7171946425519, .areaId = 0, .prop = 557850662, .status = AVAILABLE, .value = {.int32Values = [1]{0}, .floatValues = [0]{}, .int64Values = [0]{}, .bytes = [0]{}, .stringValue = ""}}
12-30 10:37:16.124   398   464 I VehiclePropertyStore: begin to write value to Store: {.timestamp = 7171946425519, .areaId = 0, .prop = 557850662, .status = AVAILABLE, .value = {.int32Values = [1]{0}, .floatValues = [0]{}, .int64Values = [0]{}, .bytes = [0]{}, .stringValue = ""}}
12-30 10:37:16.124   398   464 I DefaultVehicleHal_v2_0: DefaultVehicleHal::onPropertyValue, value:{.timestamp = 7171946425519, .areaId = 0, .prop = 557850662, .status = AVAILABLE, .value = {.int32Values = [1]{0}, .floatValues = [0]{}, .int64Values = [0]{}, .bytes = [0]{}, .stringValue = ""}}
12-30 10:37:16.124   398   464 D DiagPropHandler: is not DiagnosticConfig: 0x21402026
12-30 10:37:16.124   398   464 I VehiclePropertyStore: begin to write value to Store: {.timestamp = 7171946425519, .areaId = 0, .prop = 557850662, .status = AVAILABLE, .value = {.int32Values = [1]{0}, .floatValues = [0]{}, .int64Values = [0]{}, .bytes = [0]{}, .stringValue = ""}}
12-30 10:37:16.124   398   464 D adayocomadapter-CommunicationManager: onUpstreamReceive mPropertyId 0x21402026
12-30 10:37:16.124   398   464 D adayocomadapter-CommunicationManager: onUpstreamReceive mPropertyId 0x214020b3
12-30 10:37:16.124   398   464 D adayocomadapter-CommunicationManager: convertBytesToInt32Memcpy  0
12-30 10:37:16.124   398   464 I vw-vhal : notifyVehicleProperty, propId = 0x214020b3, data = {status: 2, int32Values: [0]}
12-30 10:37:16.124   398   464 I vw-vhal : CanSignalsAdapter::notifyVehicleProperty: solvedValue = {.timestamp = 7171946782186, .areaId = 0, .prop = 557850803, .status = AVAILABLE, .value = {.int32Values = [1]{0}, .floatValues = [0]{}, .int64Values = [0]{}, .bytes = [0]{}, .stringValue = ""}}
12-30 10:37:16.125   398   464 I VehiclePropertyStore: begin to write value to Store: {.timestamp = 7171946782186, .areaId = 0, .prop = 557850803, .status = AVAILABLE, .value = {.int32Values = [1]{0}, .floatValues = [0]{}, .int64Values = [0]{}, .bytes = [0]{}, .stringValue = ""}}
12-30 10:37:16.125   398   464 I DefaultVehicleHal_v2_0: DefaultVehicleHal::onPropertyValue, value:{.timestamp = 7171946782186, .areaId = 0, .prop = 557850803, .status = AVAILABLE, .value = {.int32Values = [1]{0}, .floatValues = [0]{}, .int64Values = [0]{}, .bytes = [0]{}, .stringValue = ""}}
12-30 10:37:16.125   398   464 D DiagPropHandler: is not DiagnosticConfig: 0x214020b3
12-30 10:37:16.125   398   464 I VehiclePropertyStore: begin to write value to Store: {.timestamp = 7171946782186, .areaId = 0, .prop = 557850803, .status = AVAILABLE, .value = {.int32Values = [1]{0}, .floatValues = [0]{}, .int64Values = [0]{}, .bytes = [0]{}, .stringValue = ""}}
12-30 10:37:16.125   398   464 D adayocomadapter-CommunicationManager: onUpstreamReceive mPropertyId 0x214020b3
12-30 10:37:16.125   398   464 D adayocomadapter-CommunicationManager: onUpstreamReceive mPropertyId 0x2140219e
12-30 10:37:16.125   398   464 D adayocomadapter-CommunicationManager: convertBytesToInt32Memcpy  0
12-30 10:37:16.125   398   464 I vw-vhal : notifyVehicleProperty, propId = 0x2140219e, data = {status: 2, int32Values: [0]}
12-30 10:37:16.125   596  3076 E WifiHAL : Invalid data received from driver
12-30 10:37:16.125   398   464 I vw-vhal : CanSignalsAdapter::notifyVehicleProperty: solvedValue = {.timestamp = 7171947133186, .areaId = 0, .prop = 557851038, .status = AVAILABLE, .value = {.int32Values = [1]{0}, .floatValues = [0]{}, .int64Values = [0]{}, .bytes = [0]{}, .stringValue = ""}}
12-30 10:37:16.125   398   464 I VehiclePropertyStore: begin to write value to Store: {.timestamp = 7171947133186, .areaId = 0, .prop = 557851038, .status = AVAILABLE, .value = {.int32Values = [1]{0}, .floatValues = [0]{}, .int64Values = [0]{}, .bytes = [0]{}, .stringValue = ""}}
12-30 10:37:16.125   398   464 I DefaultVehicleHal_v2_0: DefaultVehicleHal::onPropertyValue, value:{.timestamp = 7171947133186, .areaId = 0, .prop = 557851038, .status = AVAILABLE, .value = {.int32Values = [1]{0}, .floatValues = [0]{}, .int64Values = [0]{}, .bytes = [0]{}, .stringValue = ""}}
12-30 10:37:16.125   398   464 D DiagPropHandler: is not DiagnosticConfig: 0x2140219e
12-30 10:37:16.125   398   464 I VehiclePropertyStore: begin to write value to Store: {.timestamp = 7171947133186, .areaId = 0, .prop = 557851038, .status = AVAILABLE, .value = {.int32Values = [1]{0}, .floatValues = [0]{}, .int64Values = [0]{}, .bytes = [0]{}, .stringValue = ""}}
12-30 10:37:16.125   398   464 D adayocomadapter-CommunicationManager: onUpstreamReceive mPropertyId 0x2140219e
12-30 10:37:16.125   398   464 D adayocomadapter-CommunicationManager: onUpstreamReceive mPropertyId 0x21402130
12-30 10:37:16.125   398   464 D adayocomadapter-CommunicationManager: convertBytesToInt32Memcpy  0
12-30 10:37:16.125   398   464 I vw-vhal : notifyVehicleProperty, propId = 0x21402130, data = {status: 2, int32Values: [0]}
12-30 10:37:16.125   398   464 I vw-vhal : CanSignalsAdapter::notifyVehicleProperty: solvedValue = {.timestamp = 7171947483853, .areaId = 0, .prop = 557850928, .status = AVAILABLE, .value = {.int32Values = [1]{0}, .floatValues = [0]{}, .int64Values = [0]{}, .bytes = [0]{}, .stringValue = ""}}
12-30 10:37:16.125   398   464 I VehiclePropertyStore: begin to write value to Store: {.timestamp = 7171947483853, .areaId = 0, .prop = 557850928, .status = AVAILABLE, .value = {.int32Values = [1]{0}, .floatValues = [0]{}, .int64Values = [0]{}, .bytes = [0]{}, .stringValue = ""}}
