12-30 10:37:14.698   398   464 I vw-vhal : notifyVehicleProperty, propId = 0x214020e0, data = {status: 2, int32Values: [0]}
12-30 10:37:14.698   398   464 I vw-vhal : CanSignalsAdapter::notifyVehicleProperty: solvedValue = {.timestamp = 7170520536852, .areaId = 0, .prop = 557850848, .status = AVAILABLE, .value = {.int32Values = [1]{0}, .floatValues = [0]{}, .int64Values = [0]{}, .bytes = [0]{}, .stringValue = ""}}
12-30 10:37:14.698   398   464 I VehiclePropertyStore: begin to write value to Store: {.timestamp = 7170520536852, .areaId = 0, .prop = 557850848, .status = AVAILABLE, .value = {.int32Values = [1]{0}, .floatValues = [0]{}, .int64Values = [0]{}, .bytes = [0]{}, .stringValue = ""}}
12-30 10:37:14.698   398   464 I DefaultVehicleHal_v2_0: DefaultVehicleHal::onPropertyValue, value:{.timestamp = 7170520536852, .areaId = 0, .prop = 557850848, .status = AVAILABLE, .value = {.int32Values = [1]{0}, .floatValues = [0]{}, .int64Values = [0]{}, .bytes = [0]{}, .stringValue = ""}}
12-30 10:37:14.698   398   464 D DiagPropHandler: is not DiagnosticConfig: 0x214020e0
12-30 10:37:14.699   398   464 I VehiclePropertyStore: begin to write value to Store: {.timestamp = 7170520536852, .areaId = 0, .prop = 557850848, .status = AVAILABLE, .value = {.int32Values = [1]{0}, .floatValues = [0]{}, .int64Values = [0]{}, .bytes = [0]{}, .stringValue = ""}}
12-30 10:37:14.699   398   464 D adayocomadapter-CommunicationManager: onUpstreamReceive mPropertyId 0x214020e0
12-30 10:37:14.699   398   464 D adayocomadapter-CommunicationManager: onUpstreamReceive mPropertyId 0x214020e5
12-30 10:37:14.699   398   464 D adayocomadapter-CommunicationManager: convertBytesToInt32Memcpy  0
12-30 10:37:14.699   398   464 I vw-vhal : notifyVehicleProperty, propId = 0x214020e5, data = {status: 2, int32Values: [0]}
12-30 10:37:14.699   398   464 I vw-vhal : CanSignalsAdapter::notifyVehicleProperty: solvedValue = {.timestamp = 7170521190186, .areaId = 0, .prop = 557850853, .status = AVAILABLE, .value = {.int32Values = [1]{0}, .floatValues = [0]{}, .int64Values = [0]{}, .bytes = [0]{}, .stringValue = ""}}
12-30 10:37:14.699   398   464 I VehiclePropertyStore: begin to write value to Store: {.timestamp = 7170521190186, .areaId = 0, .prop = 557850853, .status = AVAILABLE, .value = {.int32Values = [1]{0}, .floatValues = [0]{}, .int64Values = [0]{}, .bytes = [0]{}, .stringValue = ""}}
12-30 10:37:14.699   398   464 I DefaultVehicleHal_v2_0: DefaultVehicleHal::onPropertyValue, value:{.timestamp = 7170521190186, .areaId = 0, .prop = 557850853, .status = AVAILABLE, .value = {.int32Values = [1]{0}, .floatValues = [0]{}, .int64Values = [0]{}, .bytes = [0]{}, .stringValue = ""}}
12-30 10:37:14.699   398   464 D DiagPropHandler: is not DiagnosticConfig: 0x214020e5
12-30 10:37:14.699   398   464 I VehiclePropertyStore: begin to write value to Store: {.timestamp = 7170521190186, .areaId = 0, .prop = 557850853, .status = AVAILABLE, .value = {.int32Values = [1]{0}, .floatValues = [0]{}, .int64Values = [0]{}, .bytes = [0]{}, .stringValue = ""}}
12-30 10:37:14.699   398   464 D adayocomadapter-CommunicationManager: onUpstreamReceive mPropertyId 0x214020e5
12-30 10:37:14.699   398   464 D adayocomadapter-CommunicationManager: onUpstreamReceive mPropertyId 0x214020e6
12-30 10:37:14.699   398   464 D adayocomadapter-CommunicationManager: convertBytesToInt32Memcpy  0
12-30 10:37:14.699   398   464 I vw-vhal : notifyVehicleProperty, propId = 0x214020e6, data = {status: 2, int32Values: [0]}
12-30 10:37:14.700   398   464 I vw-vhal : CanSignalsAdapter::notifyVehicleProperty: solvedValue = {.timestamp = 7170521855852, .areaId = 0, .prop = 557850854, .status = AVAILABLE, .value = {.int32Values = [1]{0}, .floatValues = [0]{}, .int64Values = [0]{}, .bytes = [0]{}, .stringValue = ""}}
12-30 10:37:14.700   398   464 I VehiclePropertyStore: begin to write value to Store: {.timestamp = 7170521855852, .areaId = 0, .prop = 557850854, .status = AVAILABLE, .value = {.int32Values = [1]{0}, .floatValues = [0]{}, .int64Values = [0]{}, .bytes = [0]{}, .stringValue = ""}}
12-30 10:37:14.700   398   464 I DefaultVehicleHal_v2_0: DefaultVehicleHal::onPropertyValue, value:{.timestamp = 7170521855852, .areaId = 0, .prop = 557850854, .status = AVAILABLE, .value = {.int32Values = [1]{0}, .floatValues = [0]{}, .int64Values = [0]{}, .bytes = [0]{}, .stringValue = ""}}
12-30 10:37:14.700   398   464 D DiagPropHandler: is not DiagnosticConfig: 0x214020e6
12-30 10:37:14.700   398   464 I VehiclePropertyStore: begin to write value to Store: {.timestamp = 7170521855852, .areaId = 0, .prop = 557850854, .status = AVAILABLE, .value = {.int32Values = [1]{0}, .floatValues = [0]{}, .int64Values = [0]{}, .bytes = [0]{}, .stringValue = ""}}
12-30 10:37:14.700   398   464 D adayocomadapter-CommunicationManager: onUpstreamReceive mPropertyId 0x214020e6
12-30 10:37:14.707   360   931 D EvsDriver: forwardFrame
12-30 10:37:14.707   360   931 D EvsDriver: forwardFrameDirect
12-30 10:37:14.707   360   931 D EvsDriver: Delivered 0xb400e2ca9e40d090 as id 1
12-30 10:37:14.708   359  2784 D evsmanagerd: /dev/video-evs0 forwarded the buffer #1 to 0xb400f125d2b26dd0 from 0xb400f125e2b20710
12-30 10:37:14.713   360   458 D EvsDriver: doneWithFrame
12-30 10:37:14.714  1667  2594 W ContextImpl: Calling a method in the system process without a qualified user: android.app.ContextImpl.bindService:1988 android.content.ContextWrapper.bindService:861 com.ford.sync.fnvservice.FordFnv.c:202 com.ford.sync.fnvservice.FordFnv.c:43 com.ford.sync.fnvservice.FordFnv$RetryHandler.handleMessage:245 
12-30 10:37:14.715   916  5915 W ActivityManager: Unable to start service Intent { cmp=com.ford.sync.fnvservice/.FordFnvService } U=0: not found
12-30 10:37:14.715  1667  2594 W FordFnv :  bind ford fnv failed -> sendRetryMessage 
12-30 10:37:14.717  2358  2623 D RcfController: Rcf proxy is not connected!
12-30 10:37:14.740   360   931 D EvsDriver: forwardFrame
12-30 10:37:14.740   360   931 D EvsDriver: forwardFrameDirect
12-30 10:37:14.741   360   931 D EvsDriver: Delivered 0xb400e2ca9e40e110 as id 0
12-30 10:37:14.741   359  2784 D evsmanagerd: /dev/video-evs0 forwarded the buffer #0 to 0xb400f125d2b26dd0 from 0xb400f125e2b20710
12-30 10:37:14.743   596  3076 E WifiHAL : Invalid data received from driver
12-30 10:37:14.743   360   458 D EvsDriver: doneWithFrame
12-30 10:37:14.767  2358  2623 D RcfController: Rcf proxy is not connected!
12-30 10:37:14.772  2475  2681 I TtsServiceAgent: check thread start checking, threadId = 29
12-30 10:37:14.772  2475  2681 D TtsServiceAgent: start bind service...
12-30 10:37:14.772  2475  2681 D TtsServiceAgent: ----->initService, usage = 16
12-30 10:37:14.772  2475  2681 W ContextImpl: Calling a method in the system process without a qualified user: android.app.ContextImpl.bindService:1988 android.content.ContextWrapper.bindService:861 com.iflytek.autofly.ttsaidl.ttsproxy.TtsServiceAgent.initService:189 com.iflytek.autofly.ttsaidl.ttsproxy.TtsServiceAgent.initService:133 com.iflytek.autofly.ttsaidl.ttsproxy.TtsServiceAgent$2.run:517 
12-30 10:37:14.773   916  5915 W ActivityManager: Unable to start service Intent { act=com.iflytek.autofly.tts.ttsservice.TtsAdapterService cmp=com.iflytek.cutefly.speechclient.hmi/com.iflytek.autofly.tts.ttsservice.TtsAdapterService } U=0: not found
12-30 10:37:14.773  2475  2681 D TtsServiceAgent: bindService: false
12-30 10:37:14.773  2475  2681 D TtsServiceAgent: start reInitService
12-30 10:37:14.773  2475  2681 D TtsServiceAgent: aidlCheckThreadRunning = true
12-30 10:37:14.773  2475  2681 D TtsServiceAgent: ----->check connection status in 1000s...
12-30 10:37:14.774   360   931 D EvsDriver: forwardFrame
12-30 10:37:14.774   360   931 D EvsDriver: forwardFrameDirect
12-30 10:37:14.774   360   931 D EvsDriver: Delivered 0xb400e2ca9e40c7a0 as id 1
12-30 10:37:14.774   359  2784 D evsmanagerd: /dev/video-evs0 forwarded the buffer #1 to 0xb400f125d2b26dd0 from 0xb400f125e2b20710
12-30 10:37:14.783   360   458 D EvsDriver: doneWithFrame
12-30 10:37:14.807   360   931 D EvsDriver: forwardFrame
12-30 10:37:14.807   360   931 D EvsDriver: forwardFrameDirect
12-30 10:37:14.807   360   931 D EvsDriver: Delivered 0xb400e2ca9e40e270 as id 0
12-30 10:37:14.807   359  2784 D evsmanagerd: /dev/video-evs0 forwarded the buffer #0 to 0xb400f125d2b26dd0 from 0xb400f125e2b20710
12-30 10:37:14.813   360   458 D EvsDriver: doneWithFrame
12-30 10:37:14.817  2358  2623 D RcfController: Rcf proxy is not connected!
12-30 10:37:14.830   596  3076 E WifiHAL : Invalid data received from driver
12-30 10:37:14.840   360   931 D EvsDriver: forwardFrame
12-30 10:37:14.840   360   931 D EvsDriver: forwardFrameDirect
12-30 10:37:14.840   360   931 D EvsDriver: Delivered 0xb400e2ca9e40d4b0 as id 1
12-30 10:37:14.841   359  2784 D evsmanagerd: /dev/video-evs0 forwarded the buffer #1 to 0xb400f125d2b26dd0 from 0xb400f125e2b20710
12-30 10:37:14.841   798 27598 W adbd    : timed out while waiting for FUNCTIONFS_BIND, trying again
12-30 10:37:14.841   798 27598 I adbd    : UsbFfs: connection terminated: monitor thread finished
12-30 10:37:14.842   798   798 I adbd    : UsbFfs: already offline
12-30 10:37:14.842   798   798 I adbd    : destroying transport UsbFfs
12-30 10:37:14.842   798   798 I adbd    : UsbFfsConnection being destroyed
12-30 10:37:14.844   360   458 D EvsDriver: doneWithFrame
12-30 10:37:14.859   650   729 D fgemcucomm: sd Uart data : 6AA602DFDF00029202AA
12-30 10:37:14.859   650   729 D fgemcucomm: rev uart=59281,len=48, data : 6AA681DFDF00289202001B4A503130333531353242204A5031303335313532422041303100000000000000000000008E
12-30 10:37:14.859   398  2883 D adayocomadapter-ParseProtocolFunc: printRaWMsg Name[MCUToUPstream recv] len[40] data[9202001B4A503130333531353242204A503130333531353242204130310000000000000000000000]
12-30 10:37:14.859   398  2883 D adayocomadapter-CommunicationManager: onUpstreamback   member[0] dataLength[37] timePoint[7170681]
12-30 10:37:14.859   398  2883 D adayocomadapter-ParseProtocolFunc: printRaWMsg Name[onUpstreamback] len[37] data[1B4A503130333531353242204A503130333531353242204130310000000000000000000000]
12-30 10:37:14.859   398   464 D adayocomadapter-UpstreamHandler: processBeforePacket upSreamtProcessTimePoint[7170681] 
12-30 10:37:14.859   398   464 D adayocomadapter-UpstreamHandler: processPacket UPSTREAM_QUEUE_DATA_TIMEOUT
12-30 10:37:14.859   398   464 D adayocomadapter-ParseProtocolFunc: parseCommonIPCLBytes Processing tableNumber[27]
12-30 10:37:14.859   398   464 D adayocomadapter-ParseProtocolFunc: parseCommonIPCLBytes Processing tablename[Table-27] tableSize[37]
12-30 10:37:14.859   398   464 D adayocomadapter-ParseProtocolFunc: printRaWMsg Name[byteStream recv] len[37] data[1B4A503130333531353242204A503130333531353242204130310000000000000000000000]
12-30 10:37:14.859   398   464 D adayocomadapter-ParseProtocolFunc: printRaWMsg Name[IPCLtoVHAL] len[16] data[21414157014A50313033353135324220]
12-30 10:37:14.859   398   464 D adayocomadapter-ParseProtocolFunc: printRaWMsg Name[IPCLtoVHAL] len[16] data[21414158014A50313033353135324220]
12-30 10:37:14.859   398   464 D adayocomadapter-ParseProtocolFunc: printRaWMsg Name[IPCLtoVHAL] len[8] data[2141415901413031]
12-30 10:37:14.859   398   464 D adayocomadapter-ParseProtocolFunc: printRaWMsg Name[IPCLtoVHAL] len[16] data[2141415A010000000000000000000000]
12-30 10:37:14.859   398   464 D adayocomadapter-CommunicationManager: onUpstreamReceive mPropertyId 0x21414157
12-30 10:37:14.859   398   464 D adayocomadapter-CommunicationManager: writeValue id=[557924695]
12-30 10:37:14.859   398   464 D adayocomadapter-VehiclePropertyStore: writeValue id=[557924695]
12-30 10:37:14.859   398   464 I vw-vhal : notifyVehicleProperty, propId = 0x21414157, data = {status: 2, int32Values: [74, 80, 49, 48, 51, 53, 49, 53, 50, 66, 32]}
12-30 10:37:14.859   398   464 I vw-vhal : CanSignalsAdapter::notifyDiagProperty: propId = 0x21414157, data = {status: 2, int32Values: [74, 80, 49, 48, 51, 53, 49, 53, 50, 66, 32]}
12-30 10:37:14.859   398   464 I vw-vhal : CanSignalsAdapter::notifyVehicleProperty: solvedValue = {.timestamp = 7170681778519, .areaId = 0, .prop = 557924695, .status = AVAILABLE, .value = {.int32Values = [11]{74, 80, 49, 48, 51, 53, 49, 53, 50, 66, 32}, .floatValues = [0]{}, .int64Values = [0]{}, .bytes = [0]{}, .stringValue = ""}}
12-30 10:37:14.859   398   464 I VehiclePropertyStore: begin to write value to Store: {.timestamp = 7170681778519, .areaId = 0, .prop = 557924695, .status = AVAILABLE, .value = {.int32Values = [11]{74, 80, 49, 48, 51, 53, 49, 53, 50, 66, 32}, .floatValues = [0]{}, .int64Values = [0]{}, .bytes = [0]{}, .stringValue = ""}}
12-30 10:37:14.860   398   464 I DefaultVehicleHal_v2_0: DefaultVehicleHal::onPropertyValue, value:{.timestamp = 7170681778519, .areaId = 0, .prop = 557924695, .status = AVAILABLE, .value = {.int32Values = [11]{74, 80, 49, 48, 51, 53, 49, 53, 50, 66, 32}, .floatValues = [0]{}, .int64Values = [0]{}, .bytes = [0]{}, .stringValue = ""}}
12-30 10:37:14.860   398   464 D DiagPropHandler: isDiagnosticConfig: 0x21414157
12-30 10:37:14.860   398   464 D DefaultVehicleHal_v2_0: onPropertyValue: Diagnostic config property: 0x21414157
12-30 10:37:14.860   398   464 D DiagPropHandler: Processing request for prop: 0x21414157
12-30 10:37:14.860   398   464 D DiagPropHandler: String length: 11, size = 11
12-30 10:37:14.860   682   682 I vendor.fawvw.hardware.persistenceservice: [193][persistence_client_library_prct_access::get_db_context] key VW_Spare_Part_Number is not in RCT,will be stored in cached
12-30 10:37:14.860   682   682 I vendor.fawvw.hardware.persistenceservice: [39][PersistenceService::setValue]Receive aidl setValue:key is VW_Spare_Part_Number,value is JP1035152B ,serviceid is 2
12-30 10:37:14.860   398   464 D DiagPropHandler: Successfully set property [VW_Spare_Part_Number] = JP1035152B 
12-30 10:37:14.860   398   464 I VehiclePropertyStore: begin to write value to Store: {.timestamp = 7170681778519, .areaId = 0, .prop = 557924695, .status = AVAILABLE, .value = {.int32Values = [11]{74, 80, 49, 48, 51, 53, 49, 53, 50, 66, 32}, .floatValues = [0]{}, .int64Values = [0]{}, .bytes = [0]{}, .stringValue = ""}}
12-30 10:37:14.860   398   464 D adayocomadapter-CommunicationManager: onUpstreamReceive mPropertyId 0x21414157
12-30 10:37:14.860   398   464 D adayocomadapter-CommunicationManager: onUpstreamReceive mPropertyId 0x21414158
12-30 10:37:14.860   398   464 D adayocomadapter-CommunicationManager: writeValue id=[557924696]
12-30 10:37:14.860   398   464 D adayocomadapter-VehiclePropertyStore: writeValue id=[557924696]
12-30 10:37:14.861   398   464 I vw-vhal : notifyVehicleProperty, propId = 0x21414158, data = {status: 2, int32Values: [74, 80, 49, 48, 51, 53, 49, 53, 50, 66, 32]}
12-30 10:37:14.861   398   464 I vw-vhal : CanSignalsAdapter::notifyDiagProperty: propId = 0x21414158, data = {status: 2, int32Values: [74, 80, 49, 48, 51, 53, 49, 53, 50, 66, 32]}
12-30 10:37:14.861   398   464 I vw-vhal : CanSignalsAdapter::notifyVehicleProperty: solvedValue = {.timestamp = 7170682933186, .areaId = 0, .prop = 557924696, .status = AVAILABLE, .value = {.int32Values = [11]{74, 80, 49, 48, 51, 53, 49, 53, 50, 66, 32}, .floatValues = [0]{}, .int64Values = [0]{}, .bytes = [0]{}, .stringValue = ""}}
12-30 10:37:14.861   398   464 I VehiclePropertyStore: begin to write value to Store: {.timestamp = 7170682933186, .areaId = 0, .prop = 557924696, .status = AVAILABLE, .value = {.int32Values = [11]{74, 80, 49, 48, 51, 53, 49, 53, 50, 66, 32}, .floatValues = [0]{}, .int64Values = [0]{}, .bytes = [0]{}, .stringValue = ""}}
12-30 10:37:14.861   398   464 I DefaultVehicleHal_v2_0: DefaultVehicleHal::onPropertyValue, value:{.timestamp = 7170682933186, .areaId = 0, .prop = 557924696, .status = AVAILABLE, .value = {.int32Values = [11]{74, 80, 49, 48, 51, 53, 49, 53, 50, 66, 32}, .floatValues = [0]{}, .int64Values = [0]{}, .bytes = [0]{}, .stringValue = ""}}
12-30 10:37:14.861   398   464 D DiagPropHandler: is not DiagnosticConfig: 0x21414158
12-30 10:37:14.861   398   464 I VehiclePropertyStore: begin to write value to Store: {.timestamp = 7170682933186, .areaId = 0, .prop = 557924696, .status = AVAILABLE, .value = {.int32Values = [11]{74, 80, 49, 48, 51, 53, 49, 53, 50, 66, 32}, .floatValues = [0]{}, .int64Values = [0]{}, .bytes = [0]{}, .stringValue = ""}}
12-30 10:37:14.861   398   464 D adayocomadapter-CommunicationManager: onUpstreamReceive mPropertyId 0x21414158
12-30 10:37:14.861   398   464 D adayocomadapter-CommunicationManager: onUpstreamReceive mPropertyId 0x21414159
12-30 10:37:14.861   398   464 D adayocomadapter-CommunicationManager: writeValue id=[557924697]
12-30 10:37:14.861   398   464 D adayocomadapter-VehiclePropertyStore: writeValue id=[557924697]
12-30 10:37:14.861   398   464 I vw-vhal : notifyVehicleProperty, propId = 0x21414159, data = {status: 2, int32Values: [65, 48, 49]}
12-30 10:37:14.861   398   464 I vw-vhal : CanSignalsAdapter::notifyDiagProperty: propId = 0x21414159, data = {status: 2, int32Values: [65, 48, 49]}
12-30 10:37:14.861   398   464 I vw-vhal : CanSignalsAdapter::notifyVehicleProperty: solvedValue = {.timestamp = 7170683216519, .areaId = 0, .prop = 557924697, .status = AVAILABLE, .value = {.int32Values = [3]{65, 48, 49}, .floatValues = [0]{}, .int64Values = [0]{}, .bytes = [0]{}, .stringValue = ""}}
12-30 10:37:14.861   398   464 I VehiclePropertyStore: begin to write value to Store: {.timestamp = 7170683216519, .areaId = 0, .prop = 557924697, .status = AVAILABLE, .value = {.int32Values = [3]{65, 48, 49}, .floatValues = [0]{}, .int64Values = [0]{}, .bytes = [0]{}, .stringValue = ""}}
12-30 10:37:14.861   398   464 I DefaultVehicleHal_v2_0: DefaultVehicleHal::onPropertyValue, value:{.timestamp = 7170683216519, .areaId = 0, .prop = 557924697, .status = AVAILABLE, .value = {.int32Values = [3]{65, 48, 49}, .floatValues = [0]{}, .int64Values = [0]{}, .bytes = [0]{}, .stringValue = ""}}
12-30 10:37:14.861   398   464 D DiagPropHandler: is not DiagnosticConfig: 0x21414159
12-30 10:37:14.861   398   464 I VehiclePropertyStore: begin to write value to Store: {.timestamp = 7170683216519, .areaId = 0, .prop = 557924697, .status = AVAILABLE, .value = {.int32Values = [3]{65, 48, 49}, .floatValues = [0]{}, .int64Values = [0]{}, .bytes = [0]{}, .stringValue = ""}}
12-30 10:37:14.861   398   464 D adayocomadapter-CommunicationManager: onUpstreamReceive mPropertyId 0x21414159
12-30 10:37:14.861   398   464 D adayocomadapter-CommunicationManager: onUpstreamReceive mPropertyId 0x2141415a
12-30 10:37:14.861   398   464 D adayocomadapter-CommunicationManager: writeValue id=[557924698]
12-30 10:37:14.861   398   464 D adayocomadapter-VehiclePropertyStore: writeValue id=[557924698]
12-30 10:37:14.861   398   464 I vw-vhal : notifyVehicleProperty, propId = 0x2141415a, data = {status: 2, int32Values: [0, 0, 0, 0, 0, 0, 0, 0, 0, 0, 0]}
12-30 10:37:14.861   398   464 I vw-vhal : CanSignalsAdapter::notifyDiagProperty: propId = 0x2141415a, data = {status: 2, int32Values: [0, 0, 0, 0, 0, 0, 0, 0, 0, 0, 0]}
12-30 10:37:14.861   398   464 I vw-vhal : CanSignalsAdapter::notifyVehicleProperty: solvedValue = {.timestamp = 7170683474852, .areaId = 0, .prop = 557924698, .status = AVAILABLE, .value = {.int32Values = [11]{0, 0, 0, 0, 0, 0, 0, 0, 0, 0, 0}, .floatValues = [0]{}, .int64Values = [0]{}, .bytes = [0]{}, .stringValue = ""}}
12-30 10:37:14.861   398   464 I VehiclePropertyStore: begin to write value to Store: {.timestamp = 7170683474852, .areaId = 0, .prop = 557924698, .status = AVAILABLE, .value = {.int32Values = [11]{0, 0, 0, 0, 0, 0, 0, 0, 0, 0, 0}, .floatValues = [0]{}, .int64Values = [0]{}, .bytes = [0]{}, .stringValue = ""}}
12-30 10:37:14.861   398   464 I DefaultVehicleHal_v2_0: DefaultVehicleHal::onPropertyValue, value:{.timestamp = 7170683474852, .areaId = 0, .prop = 557924698, .status = AVAILABLE, .value = {.int32Values = [11]{0, 0, 0, 0, 0, 0, 0, 0, 0, 0, 0}, .floatValues = [0]{}, .int64Values = [0]{}, .bytes = [0]{}, .stringValue = ""}}
12-30 10:37:14.861   398   464 D DiagPropHandler: is not DiagnosticConfig: 0x2141415a
12-30 10:37:14.861   398   464 I VehiclePropertyStore: begin to write value to Store: {.timestamp = 7170683474852, .areaId = 0, .prop = 557924698, .status = AVAILABLE, .value = {.int32Values = [11]{0, 0, 0, 0, 0, 0, 0, 0, 0, 0, 0}, .floatValues = [0]{}, .int64Values = [0]{}, .bytes = [0]{}, .stringValue = ""}}
12-30 10:37:14.861   398   464 D adayocomadapter-CommunicationManager: onUpstreamReceive mPropertyId 0x2141415a
12-30 10:37:14.867  2358  2623 D RcfController: Rcf proxy is not connected!
12-30 10:37:14.874   360   931 D EvsDriver: forwardFrame
12-30 10:37:14.874   360   931 D EvsDriver: forwardFrameDirect
12-30 10:37:14.874   360   931 D EvsDriver: Delivered 0xb400e2ca9e40c2d0 as id 0
12-30 10:37:14.874   359  2784 D evsmanagerd: /dev/video-evs0 forwarded the buffer #0 to 0xb400f125d2b26dd0 from 0xb400f125e2b20710
12-30 10:37:14.882   798   838 I adbd    : opening control endpoint /dev/usb-ffs/adb/ep0
12-30 10:37:14.883   798   838 I adbd    : UsbFfsConnection constructed
12-30 10:37:14.883   798 27604 I adbd    : UsbFfs-monitor thread spawned
12-30 10:37:14.884   360   458 D EvsDriver: doneWithFrame
12-30 10:37:14.890   596  3076 E WifiHAL : Invalid data received from driver
12-30 10:37:14.907   360   931 D EvsDriver: forwardFrame
12-30 10:37:14.907   360   931 D EvsDriver: forwardFrameDirect
12-30 10:37:14.907   360   931 D EvsDriver: Delivered 0xb400e2ca9e40d090 as id 1
12-30 10:37:14.907   359  2784 D evsmanagerd: /dev/video-evs0 forwarded the buffer #1 to 0xb400f125d2b26dd0 from 0xb400f125e2b20710
12-30 10:37:14.914   360   458 D EvsDriver: doneWithFrame
12-30 10:37:14.918  2358  2623 D RcfController: Rcf proxy is not connected!
12-30 10:37:14.940   360   931 D EvsDriver: forwardFrame
12-30 10:37:14.940   360   931 D EvsDriver: forwardFrameDirect
12-30 10:37:14.940   360   931 D EvsDriver: Delivered 0xb400e2ca9e40e110 as id 0
12-30 10:37:14.941   359  2784 D evsmanagerd: /dev/video-evs0 forwarded the buffer #0 to 0xb400f125d2b26dd0 from 0xb400f125e2b20710
12-30 10:37:14.945   360   458 D EvsDriver: doneWithFrame
12-30 10:37:14.957   596  3076 E WifiHAL : Invalid data received from driver
12-30 10:37:14.968  2358  2623 D RcfController: Rcf proxy is not connected!
12-30 10:37:14.969   596  3076 E WifiHAL : Invalid data received from driver
12-30 10:37:14.970   596  3076 E WifiHAL : Invalid data received from driver
12-30 10:37:14.970   596  3076 E WifiHAL : Invalid data received from driver
12-30 10:37:14.970   596  3076 E WifiHAL : Invalid data received from driver
12-30 10:37:14.970   596  3076 E WifiHAL : Invalid data received from driver
12-30 10:37:14.970   596  3076 E WifiHAL : Invalid data received from driver
12-30 10:37:14.970   596  3076 E WifiHAL : Invalid data received from driver
12-30 10:37:14.974   360   931 D EvsDriver: forwardFrame
12-30 10:37:14.974   360   931 D EvsDriver: forwardFrameDirect
12-30 10:37:14.974   360   931 D EvsDriver: Delivered 0xb400e2ca9e40c7a0 as id 1
12-30 10:37:14.974   359  2784 D evsmanagerd: /dev/video-evs0 forwarded the buffer #1 to 0xb400f125d2b26dd0 from 0xb400f125e2b20710
12-30 10:37:14.975   360   458 D EvsDriver: doneWithFrame
12-30 10:37:15.007   360   931 D EvsDriver: forwardFrame
12-30 10:37:15.007   360   931 D EvsDriver: forwardFrameDirect
12-30 10:37:15.007   360   931 D EvsDriver: Delivered 0xb400e2ca9e40e270 as id 0
12-30 10:37:15.007   359  2784 D evsmanagerd: /dev/video-evs0 forwarded the buffer #0 to 0xb400f125d2b26dd0 from 0xb400f125e2b20710
12-30 10:37:15.015   360   458 D EvsDriver: doneWithFrame
12-30 10:37:15.018  2358  2623 D RcfController: Rcf proxy is not connected!
12-30 10:37:15.035   596  3076 E WifiHAL : Invalid data received from driver
12-30 10:37:15.040   360   931 D EvsDriver: forwardFrame
12-30 10:37:15.040   360   931 D EvsDriver: forwardFrameDirect
12-30 10:37:15.040   360   931 D EvsDriver: Delivered 0xb400e2ca9e40d4b0 as id 1
12-30 10:37:15.041   359  2784 D evsmanagerd: /dev/video-evs0 forwarded the buffer #1 to 0xb400f125d2b26dd0 from 0xb400f125e2b20710
12-30 10:37:15.046   360   458 D EvsDriver: doneWithFrame
12-30 10:37:15.068  2358  2623 D RcfController: Rcf proxy is not connected!
12-30 10:37:15.074   360   931 D EvsDriver: forwardFrame
12-30 10:37:15.074   360   931 D EvsDriver: forwardFrameDirect
12-30 10:37:15.074   360   931 D EvsDriver: Delivered 0xb400e2ca9e40c2d0 as id 0
12-30 10:37:15.074   359  2784 D evsmanagerd: /dev/video-evs0 forwarded the buffer #0 to 0xb400f125d2b26dd0 from 0xb400f125e2b20710
12-30 10:37:15.076   360   458 D EvsDriver: doneWithFrame
12-30 10:37:15.094  1582  3078 I c       : checkService in back thread add: adayo.upgrade.v2.0
12-30 10:37:15.095  1582  3078 I service_manager_stats: [100,52,100126]
12-30 10:37:15.095  1582  3078 E upgradeApp_251223_V1  l: d(null:11)pre->c(null:23)-> serviceBinder is null
12-30 10:37:15.095  1582  3078 W c       : doBindService in back thread fail: adayo.upgrade.v2.0
12-30 10:37:15.107   360   931 D EvsDriver: forwardFrame
12-30 10:37:15.107   360   931 D EvsDriver: forwardFrameDirect
12-30 10:37:15.107   360   931 D EvsDriver: Delivered 0xb400e2ca9e40d090 as id 1
12-30 10:37:15.107   359  2784 D evsmanagerd: /dev/video-evs0 forwarded the buffer #1 to 0xb400f125d2b26dd0 from 0xb400f125e2b20710
12-30 10:37:15.111   596  3076 E WifiHAL : Invalid data received from driver
12-30 10:37:15.116   360   458 D EvsDriver: doneWithFrame
12-30 10:37:15.119  2358  2623 D RcfController: Rcf proxy is not connected!
12-30 10:37:15.116 27605 27605 I auditd  : type=1400 audit(0.0:804496): avc:  denied  { entrypoint } for  comm="init" path="/system/bin/sh" dev="dm-1" ino=8660711 scontext=u:r:trace_resource:s0 tcontext=u:object_r:shell_exec:s0 tclass=file permissive=1
12-30 10:37:15.116 27605 27605 I init    : type=1400 audit(0.0:804496): avc:  denied  { entrypoint } for  path="/system/bin/sh" dev="dm-1" ino=8660711 scontext=u:r:trace_resource:s0 tcontext=u:object_r:shell_exec:s0 tclass=file permissive=1
01-01 09:59:32.129     1     1 I init    : ... started service 'trace_resource' has pid 27605
12-30 10:37:15.120 27605 27605 I auditd  : type=1400 audit(0.0:804497): avc:  denied  { map } for  comm="sh" path="/system/bin/sh" dev="dm-1" ino=8660711 scontext=u:r:trace_resource:s0 tcontext=u:object_r:shell_exec:s0 tclass=file permissive=1
12-30 10:37:15.120 27605 27605 I sh      : type=1400 audit(0.0:804497): avc:  denied  { map } for  path="/system/bin/sh" dev="dm-1" ino=8660711 scontext=u:r:trace_resource:s0 tcontext=u:object_r:shell_exec:s0 tclass=file permissive=1
12-30 10:37:15.120 27605 27605 I auditd  : type=1400 audit(0.0:804498): avc:  denied  { read } for  comm="sh" path="/system/bin/sh" dev="dm-1" ino=8660711 scontext=u:r:trace_resource:s0 tcontext=u:object_r:shell_exec:s0 tclass=file permissive=1
12-30 10:37:15.120 27605 27605 I sh      : type=1400 audit(0.0:804498): avc:  denied  { read } for  path="/system/bin/sh" dev="dm-1" ino=8660711 scontext=u:r:trace_resource:s0 tcontext=u:object_r:shell_exec:s0 tclass=file permissive=1
12-30 10:37:15.120 27605 27605 I auditd  : type=1400 audit(0.0:804499): avc:  denied  { execute } for  comm="sh" path="/system/bin/sh" dev="dm-1" ino=8660711 scontext=u:r:trace_resource:s0 tcontext=u:object_r:shell_exec:s0 tclass=file permissive=1
12-30 10:37:15.120 27605 27605 I sh      : type=1400 audit(0.0:804499): avc:  denied  { execute } for  path="/system/bin/sh" dev="dm-1" ino=8660711 scontext=u:r:trace_resource:s0 tcontext=u:object_r:shell_exec:s0 tclass=file permissive=1
12-30 10:37:15.124 27605 27605 I auditd  : type=1400 audit(0.0:804500): avc:  denied  { getattr } for  comm="sh" path="/system/bin/sh" dev="dm-1" ino=8660711 scontext=u:r:trace_resource:s0 tcontext=u:object_r:shell_exec:s0 tclass=file permissive=1
12-30 10:37:15.124 27605 27605 I sh      : type=1400 audit(0.0:804500): avc:  denied  { getattr } for  path="/system/bin/sh" dev="dm-1" ino=8660711 scontext=u:r:trace_resource:s0 tcontext=u:object_r:shell_exec:s0 tclass=file permissive=1
12-30 10:37:15.140   360   931 I EvsDriver: /dev/video-evs0 VideoCapture fps 29.999
12-30 10:37:15.140   360   931 D EvsDriver: forwardFrame
12-30 10:37:15.140   360   931 D EvsDriver: forwardFrameDirect
12-30 10:37:15.141   360   931 D EvsDriver: Delivered 0xb400e2ca9e40e110 as id 0
12-30 10:37:15.141   359  2784 D evsmanagerd: /dev/video-evs0 forwarded the buffer #0 to 0xb400f125d2b26dd0 from 0xb400f125e2b20710
12-30 10:37:15.140 27605 27605 I auditd  : type=1400 audit(0.0:804501): avc:  denied  { getattr } for  comm="sh" path="/system/bin/toybox" dev="dm-1" ino=8926292 scontext=u:r:trace_resource:s0 tcontext=u:object_r:toolbox_exec:s0 tclass=file permissive=1
12-30 10:37:15.140 27605 27605 I sh      : type=1400 audit(0.0:804501): avc:  denied  { getattr } for  path="/system/bin/toybox" dev="dm-1" ino=8926292 scontext=u:r:trace_resource:s0 tcontext=u:object_r:toolbox_exec:s0 tclass=file permissive=1
12-30 10:37:15.140 27605 27605 I auditd  : type=1400 audit(0.0:804502): avc:  denied  { execute } for  comm="sh" name="toybox" dev="dm-1" ino=8926292 scontext=u:r:trace_resource:s0 tcontext=u:object_r:toolbox_exec:s0 tclass=file permissive=1
12-30 10:37:15.140 27605 27605 I sh      : type=1400 audit(0.0:804502): avc:  denied  { execute } for  name="toybox" dev="dm-1" ino=8926292 scontext=u:r:trace_resource:s0 tcontext=u:object_r:toolbox_exec:s0 tclass=file permissive=1
12-30 10:37:15.140 27606 27606 I auditd  : type=1400 audit(0.0:804503): avc:  denied  { read open } for  comm="sh" path="/system/bin/toybox" dev="dm-1" ino=8926292 scontext=u:r:trace_resource:s0 tcontext=u:object_r:toolbox_exec:s0 tclass=file permissive=1
12-30 10:37:15.140 27606 27606 I sh      : type=1400 audit(0.0:804503): avc:  denied  { read open } for  path="/system/bin/toybox" dev="dm-1" ino=8926292 scontext=u:r:trace_resource:s0 tcontext=u:object_r:toolbox_exec:s0 tclass=file permissive=1
01-01 09:59:32.155 27606 27606 E audit   : rate limit exceeded
12-30 10:37:15.147   360   458 D EvsDriver: doneWithFrame
12-30 10:37:15.164   665  1525 I gps_hdbd: [gps_upgrade_thread 3403]Enter
12-30 10:37:15.164   665  1525 I gps_hdbd: [gps_upgrade_thread 3432] sys.gps.update:0 ,file:not ,upgrate_ing:0
12-30 10:37:15.165   650   729 D fgemcucomm: sd Uart data : 6AA602DFE00002800AB3
12-30 10:37:15.165   650   729 D fgemcucomm: rev uart=59282,len=13, data : 6AA681DFE00005800A0400002D
12-30 10:37:15.166   398  2883 D adayocomadapter-ParseProtocolFunc: printRaWMsg Name[MCUToUPstream recv] len[4] data[800A0400]
12-30 10:37:15.166   398  2883 D adayocomadapter-CommunicationManager: onUpstreamback   member[7] dataLength[2] timePoint[7170987]
12-30 10:37:15.166   398  2883 D adayocomadapter-ParseProtocolFunc: printRaWMsg Name[onUpstreamback] len[2] data[0400]
12-30 10:37:15.166   398   464 D adayocomadapter-UpstreamHandler: processBeforePacket upSreamtProcessTimePoint[7170988] 
12-30 10:37:15.166 27606 27606 I ADAYO_LOG_TRACE_RESOURCE: execute start
12-30 10:37:15.166   398   464 D adayocomadapter-ParseProtocolFunc: parseGeneralIPCLBytes Processing tablename[Table-0] tableSize[2]
12-30 10:37:15.166   398   464 D adayocomadapter-ParseProtocolFunc: printRaWMsg Name[byteStream recv] len[2] data[0400]
12-30 10:37:15.166   398   464 D adayocomadapter-ParseProtocolFunc: printRaWMsg Name[IPCLtoVHAL] len[6] data[314010020000]
12-30 10:37:15.166   398   464 D adayocomadapter-ParseProtocolFunc: printRaWMsg Name[IPCLtoVHAL] len[6] data[314010010004]
12-30 10:37:15.166   398   464 D adayocomadapter-CommunicationManager: onUpstreamReceive mPropertyId 0x31401002
12-30 10:37:15.166   398   464 D adayocomadapter-CommunicationManager: convertBytesToInt32Memcpy  0
12-30 10:37:15.166   398   464 I vw-vhal : notifyVehicleProperty, propId = 0x31401002, data = {status: 2, int32Values: [0]}
12-30 10:37:15.166   398   464 I vw-vhal : CanSignalsAdapter::notifyVehicleProperty: solvedValue = {.timestamp = 7170988261186, .areaId = 0, .prop = 826281986, .status = AVAILABLE, .value = {.int32Values = [1]{0}, .floatValues = [0]{}, .int64Values = [0]{}, .bytes = [0]{}, .stringValue = ""}}
12-30 10:37:15.166   398   464 I VehiclePropertyStore: begin to write value to Store: {.timestamp = 7170988261186, .areaId = 0, .prop = 826281986, .status = AVAILABLE, .value = {.int32Values = [1]{0}, .floatValues = [0]{}, .int64Values = [0]{}, .bytes = [0]{}, .stringValue = ""}}
12-30 10:37:15.166   398   464 I DefaultVehicleHal_v2_0: DefaultVehicleHal::onPropertyValue, value:{.timestamp = 7170988261186, .areaId = 0, .prop = 826281986, .status = AVAILABLE, .value = {.int32Values = [1]{0}, .floatValues = [0]{}, .int64Values = [0]{}, .bytes = [0]{}, .stringValue = ""}}
12-30 10:37:15.166   398   464 D DiagPropHandler: is not DiagnosticConfig: 0x31401002
12-30 10:37:15.166   398   464 I VehiclePropertyStore: begin to write value to Store: {.timestamp = 7170988261186, .areaId = 0, .prop = 826281986, .status = AVAILABLE, .value = {.int32Values = [1]{0}, .floatValues = [0]{}, .int64Values = [0]{}, .bytes = [0]{}, .stringValue = ""}}
12-30 10:37:15.166   398   464 D adayocomadapter-CommunicationManager: onUpstreamReceive mPropertyId 0x31401002
12-30 10:37:15.166   398   464 D adayocomadapter-CommunicationManager: onUpstreamReceive mPropertyId 0x31401001
12-30 10:37:15.166   398   464 D adayocomadapter-CommunicationManager: convertBytesToInt32Memcpy  4
12-30 10:37:15.166   398   464 I vw-vhal : notifyVehicleProperty, propId = 0x31401001, data = {status: 2, int32Values: [4]}
12-30 10:37:15.166   398   464 I vw-vhal : CanSignalsAdapter::notifyVehicleProperty: solvedValue = {.timestamp = 7170988494186, .areaId = 0, .prop = 826281985, .status = AVAILABLE, .value = {.int32Values = [1]{4}, .floatValues = [0]{}, .int64Values = [0]{}, .bytes = [0]{}, .stringValue = ""}}
12-30 10:37:15.166   398   464 I VehiclePropertyStore: begin to write value to Store: {.timestamp = 7170988494186, .areaId = 0, .prop = 826281985, .status = AVAILABLE, .value = {.int32Values = [1]{4}, .floatValues = [0]{}, .int64Values = [0]{}, .bytes = [0]{}, .stringValue = ""}}
12-30 10:37:15.166   398   464 I DefaultVehicleHal_v2_0: DefaultVehicleHal::onPropertyValue, value:{.timestamp = 7170988494186, .areaId = 0, .prop = 826281985, .status = AVAILABLE, .value = {.int32Values = [1]{4}, .floatValues = [0]{}, .int64Values = [0]{}, .bytes = [0]{}, .stringValue = ""}}
12-30 10:37:15.166   398   464 D DiagPropHandler: is not DiagnosticConfig: 0x31401001
12-30 10:37:15.166   398   464 I VehiclePropertyStore: begin to write value to Store: {.timestamp = 7170988494186, .areaId = 0, .prop = 826281985, .status = AVAILABLE, .value = {.int32Values = [1]{4}, .floatValues = [0]{}, .int64Values = [0]{}, .bytes = [0]{}, .stringValue = ""}}
12-30 10:37:15.166   398   464 D adayocomadapter-CommunicationManager: onUpstreamReceive mPropertyId 0x31401001
12-30 10:37:15.169  2358  2623 D RcfController: Rcf proxy is not connected!
12-30 10:37:15.174   360   931 D EvsDriver: forwardFrame
12-30 10:37:15.174   360   931 D EvsDriver: forwardFrameDirect
12-30 10:37:15.174   360   931 D EvsDriver: Delivered 0xb400e2ca9e40c7a0 as id 1
12-30 10:37:15.174   359  2784 D evsmanagerd: /dev/video-evs0 forwarded the buffer #1 to 0xb400f125d2b26dd0 from 0xb400f125e2b20710
12-30 10:37:15.177   360   458 D EvsDriver: doneWithFrame
12-30 10:37:15.181   596  3076 E WifiHAL : Invalid data received from driver
12-30 10:37:15.205 27608 27608 I ADAYO_LOG_TRACE_RESOURCE: executing
12-30 10:37:15.207   360   931 D EvsDriver: forwardFrame
12-30 10:37:15.207   360   931 D EvsDriver: forwardFrameDirect
12-30 10:37:15.207   360   931 D EvsDriver: Delivered 0xb400e2ca9e40e270 as id 0
12-30 10:37:15.207   359  2784 D evsmanagerd: /dev/video-evs0 forwarded the buffer #0 to 0xb400f125d2b26dd0 from 0xb400f125e2b20710
12-30 10:37:15.217   360   458 D EvsDriver: doneWithFrame
12-30 10:37:15.219  2358  2623 D RcfController: Rcf proxy is not connected!
12-30 10:37:15.239  1667  2513 W ContextImpl: Calling a method in the system process without a qualified user: android.app.ContextImpl.bindService:1988 android.content.ContextWrapper.bindService:861 com.ford.sync.fnvservice.analytics.AnalyticsManager$RetryHandler.a:126 com.ford.sync.fnvservice.analytics.AnalyticsManager$RetryHandler.handleMessage:103 android.os.Handler.dispatchMessage:106 
12-30 10:37:15.240   916  5915 W ActivityManager: Unable to start service Intent { cmp=com.ford.sync.fnvservice/.analytics.AnalyticsService } U=0: not found
12-30 10:37:15.240  1667  2513 W AnalyticsManager:  bind ford Analytics failed -> sendRetryMessage 
12-30 10:37:15.240   360   931 D EvsDriver: forwardFrame
12-30 10:37:15.240   360   931 D EvsDriver: forwardFrameDirect
12-30 10:37:15.240   360   931 D EvsDriver: Delivered 0xb400e2ca9e40d4b0 as id 1
12-30 10:37:15.241   359  2784 D evsmanagerd: /dev/video-evs0 forwarded the buffer #1 to 0xb400f125d2b26dd0 from 0xb400f125e2b20710
12-30 10:37:15.242   596  3076 E WifiHAL : Invalid data received from driver
12-30 10:37:15.244 27610 27610 I ADAYO_LOG_TRACE_RESOURCE: collect_dest_path:/mnt/sdcard/logcat_GNSS/
12-30 10:37:15.248   360   458 D EvsDriver: doneWithFrame
12-30 10:37:15.269  2358  2623 D RcfController: Rcf proxy is not connected!
12-30 10:37:15.274   360   931 D EvsDriver: forwardFrame
12-30 10:37:15.275   360   931 D EvsDriver: forwardFrameDirect
12-30 10:37:15.275   360   931 D EvsDriver: Delivered 0xb400e2ca9e40c2d0 as id 0
12-30 10:37:15.275   359  2784 D evsmanagerd: /dev/video-evs0 forwarded the buffer #0 to 0xb400f125d2b26dd0 from 0xb400f125e2b20710
12-30 10:37:15.278   360   458 D EvsDriver: doneWithFrame
12-30 10:37:15.307   360   931 D EvsDriver: forwardFrame
12-30 10:37:15.307   360   931 D EvsDriver: forwardFrameDirect
12-30 10:37:15.307   360   931 D EvsDriver: Delivered 0xb400e2ca9e40d090 as id 1
12-30 10:37:15.307   359  2784 D evsmanagerd: /dev/video-evs0 forwarded the buffer #1 to 0xb400f125d2b26dd0 from 0xb400f125e2b20710
12-30 10:37:15.308  1667  2407 I media_message_log->MediaMessageProxy: (SourceFile:1)b connectToService action bind
12-30 10:37:15.308   360   458 D EvsDriver: doneWithFrame
12-30 10:37:15.308   916  5915 W ActivityManager: Unable to start service Intent { cmp=com.adayo.server.mediamessagetransfer/.MediaMessTransferService (has extras) } U=0: not found
12-30 10:37:15.309  1667  2407 E media_message_log->MediaMessageProxy: (SourceFile:7)a bindServiceAsUser isBound = false
12-30 10:37:15.309   596  3076 E WifiHAL : Invalid data received from driver
12-30 10:37:15.312 27613 27613 I ADAYO_LOG_TRACE_RESOURCE: file_path:/mnt/sdcard/logcat_GNSS//gnss_log.log
12-30 10:37:15.320  2358  2623 D RcfController: Rcf proxy is not connected!
12-30 10:37:15.340   360   931 D EvsDriver: forwardFrame
12-30 10:37:15.340   360   931 D EvsDriver: forwardFrameDirect
12-30 10:37:15.341   360   931 D EvsDriver: Delivered 0xb400e2ca9e40e110 as id 0
12-30 10:37:15.341   359  2784 D evsmanagerd: /dev/video-evs0 forwarded the buffer #0 to 0xb400f125d2b26dd0 from 0xb400f125e2b20710
12-30 10:37:15.349   360   458 D EvsDriver: doneWithFrame
12-30 10:37:15.359 27616 27616 I ADAYO_LOG_TRACE_RESOURCE: folder_size:0
12-30 10:37:15.370  2358  2623 D RcfController: Rcf proxy is not connected!
12-30 10:37:15.374   360   931 D EvsDriver: forwardFrame
12-30 10:37:15.374   360   931 D EvsDriver: forwardFrameDirect
12-30 10:37:15.374   360   931 D EvsDriver: Delivered 0xb400e2ca9e40c7a0 as id 1
12-30 10:37:15.374   359  2784 D evsmanagerd: /dev/video-evs0 forwarded the buffer #1 to 0xb400f125d2b26dd0 from 0xb400f125e2b20710
12-30 10:37:15.379   360   458 D EvsDriver: doneWithFrame
12-30 10:37:15.386   596  3076 E WifiHAL : Invalid data received from driver
12-30 10:37:15.387   650   729 D fgemcucomm: sd Uart data : 6AA602DFE100029202A8
12-30 10:37:15.387   650   729 D fgemcucomm: rev uart=59283,len=17, data : 6AA681DFE100099202000A000000000018
12-30 10:37:15.387   398  2883 D adayocomadapter-ParseProtocolFunc: printRaWMsg Name[MCUToUPstream recv] len[9] data[9202000A0000000000]
12-30 10:37:15.387   398  2883 D adayocomadapter-CommunicationManager: onUpstreamback   member[0] dataLength[6] timePoint[7171209]
12-30 10:37:15.387   398  2883 D adayocomadapter-ParseProtocolFunc: printRaWMsg Name[onUpstreamback] len[6] data[0A0000000000]
12-30 10:37:15.387   398   464 D adayocomadapter-UpstreamHandler: processBeforePacket upSreamtProcessTimePoint[7171209] 
12-30 10:37:15.387   398   464 D adayocomadapter-UpstreamHandler: processPacket UPSTREAM_QUEUE_DATA_TIMEOUT
12-30 10:37:15.387   398   464 D adayocomadapter-ParseProtocolFunc: parseCommonIPCLBytes Processing tableNumber[10]
12-30 10:37:15.387   398   464 D adayocomadapter-ParseProtocolFunc: parseCommonIPCLBytes Processing tablename[Table-10] tableSize[6]
12-30 10:37:15.387   398   464 D adayocomadapter-ParseProtocolFunc: printRaWMsg Name[byteStream recv] len[6] data[0A0000000000]
12-30 10:37:15.387   398   464 D adayocomadapter-ParseProtocolFunc: printRaWMsg Name[IPCLtoVHAL] len[9] data[2140201C0000000000]
12-30 10:37:15.387   398   464 D adayocomadapter-ParseProtocolFunc: printRaWMsg Name[IPCLtoVHAL] len[6] data[214022320000]
12-30 10:37:15.387   398   464 D adayocomadapter-CommunicationManager: onUpstreamReceive mPropertyId 0x2140201c
12-30 10:37:15.387   398   464 D adayocomadapter-CommunicationManager: convertBytesToInt32Memcpy  0
12-30 10:37:15.387   398   464 I vw-vhal : notifyVehicleProperty, propId = 0x2140201c, data = {status: 2, int32Values: [0]}
12-30 10:37:15.387   398   464 I vw-vhal : CanSignalsAdapter::notifyVehicleProperty: solvedValue = {.timestamp = 7171209573519, .areaId = 0, .prop = 557850652, .status = AVAILABLE, .value = {.int32Values = [1]{0}, .floatValues = [0]{}, .int64Values = [0]{}, .bytes = [0]{}, .stringValue = ""}}
12-30 10:37:15.387   398   464 I VehiclePropertyStore: begin to write value to Store: {.timestamp = 7171209573519, .areaId = 0, .prop = 557850652, .status = AVAILABLE, .value = {.int32Values = [1]{0}, .floatValues = [0]{}, .int64Values = [0]{}, .bytes = [0]{}, .stringValue = ""}}
12-30 10:37:15.387   398   464 I DefaultVehicleHal_v2_0: DefaultVehicleHal::onPropertyValue, value:{.timestamp = 7171209573519, .areaId = 0, .prop = 557850652, .status = AVAILABLE, .value = {.int32Values = [1]{0}, .floatValues = [0]{}, .int64Values = [0]{}, .bytes = [0]{}, .stringValue = ""}}
12-30 10:37:15.387   398   464 D DiagPropHandler: is not DiagnosticConfig: 0x2140201c
12-30 10:37:15.387   398   464 I VehiclePropertyStore: begin to write value to Store: {.timestamp = 7171209573519, .areaId = 0, .prop = 557850652, .status = AVAILABLE, .value = {.int32Values = [1]{0}, .floatValues = [0]{}, .int64Values = [0]{}, .bytes = [0]{}, .stringValue = ""}}
12-30 10:37:15.387   398   464 D adayocomadapter-CommunicationManager: onUpstreamReceive mPropertyId 0x2140201c
12-30 10:37:15.387   398   464 D adayocomadapter-CommunicationManager: onUpstreamReceive mPropertyId 0x21402232
12-30 10:37:15.387   398   464 D adayocomadapter-CommunicationManager: convertBytesToInt32Memcpy  0
12-30 10:37:15.387   398   464 I vw-vhal : notifyVehicleProperty, propId = 0x21402232, data = {status: 2, int32Values: [0]}
12-30 10:37:15.387   398   464 I vw-vhal : CanSignalsAdapter::notifyVehicleProperty: solvedValue = {.timestamp = 7171209825852, .areaId = 0, .prop = 557851186, .status = AVAILABLE, .value = {.int32Values = [1]{0}, .floatValues = [0]{}, .int64Values = [0]{}, .bytes = [0]{}, .stringValue = ""}}
12-30 10:37:15.388   398   464 I VehiclePropertyStore: begin to write value to Store: {.timestamp = 7171209825852, .areaId = 0, .prop = 557851186, .status = AVAILABLE, .value = {.int32Values = [1]{0}, .floatValues = [0]{}, .int64Values = [0]{}, .bytes = [0]{}, .stringValue = ""}}
12-30 10:37:15.388   398   464 I DefaultVehicleHal_v2_0: DefaultVehicleHal::onPropertyValue, value:{.timestamp = 7171209825852, .areaId = 0, .prop = 557851186, .status = AVAILABLE, .value = {.int32Values = [1]{0}, .floatValues = [0]{}, .int64Values = [0]{}, .bytes = [0]{}, .stringValue = ""}}
12-30 10:37:15.388   398   464 D DiagPropHandler: is not DiagnosticConfig: 0x21402232
12-30 10:37:15.388   398   464 I VehiclePropertyStore: begin to write value to Store: {.timestamp = 7171209825852, .areaId = 0, .prop = 557851186, .status = AVAILABLE, .value = {.int32Values = [1]{0}, .floatValues = [0]{}, .int64Values = [0]{}, .bytes = [0]{}, .stringValue = ""}}
12-30 10:37:15.388   398   464 D adayocomadapter-CommunicationManager: onUpstreamReceive mPropertyId 0x21402232
12-30 10:37:15.407   360   931 D EvsDriver: forwardFrame
12-30 10:37:15.407   360   931 D EvsDriver: forwardFrameDirect
12-30 10:37:15.407   360   931 D EvsDriver: Delivered 0xb400e2ca9e40e270 as id 0
12-30 10:37:15.407   359  2784 D evsmanagerd: /dev/video-evs0 forwarded the buffer #0 to 0xb400f125d2b26dd0 from 0xb400f125e2b20710
12-30 10:37:15.409   360   458 D EvsDriver: doneWithFrame
12-30 10:37:15.416   596  3076 E WifiHAL : Invalid data received from driver
12-30 10:37:15.416   596  3076 E WifiHAL : Invalid data received from driver
12-30 10:37:15.416   596  3076 E WifiHAL : Invalid data received from driver
12-30 10:37:15.416   596  3076 E WifiHAL : Invalid data received from driver
12-30 10:37:15.416   596  3076 E WifiHAL : Invalid data received from driver
12-30 10:37:15.416   596  3076 E WifiHAL : Invalid data received from driver
12-30 10:37:15.416   596  3076 E WifiHAL : Invalid data received from driver
12-30 10:37:15.420  2358  2623 D RcfController: Rcf proxy is not connected!
12-30 10:37:15.440   360   931 D EvsDriver: forwardFrame
12-30 10:37:15.440   360   931 D EvsDriver: forwardFrameDirect
12-30 10:37:15.440   360   931 D EvsDriver: Delivered 0xb400e2ca9e40d4b0 as id 1
12-30 10:37:15.441   359  2784 D evsmanagerd: /dev/video-evs0 forwarded the buffer #1 to 0xb400f125d2b26dd0 from 0xb400f125e2b20710
12-30 10:37:15.447   650   729 D fgemcucomm: sd Uart data : 6AA602DFE200029202A7
12-30 10:37:15.447   650   729 D fgemcucomm: rev uart=59284,len=18, data : 6AA681DFE2000A9202000D00000000000013
12-30 10:37:15.447   398  2883 D adayocomadapter-ParseProtocolFunc: printRaWMsg Name[MCUToUPstream recv] len[10] data[9202000D000000000000]
12-30 10:37:15.447   398  2883 D adayocomadapter-CommunicationManager: onUpstreamback   member[0] dataLength[7] timePoint[7171269]
12-30 10:37:15.447   398  2883 D adayocomadapter-ParseProtocolFunc: printRaWMsg Name[onUpstreamback] len[7] data[0D000000000000]
12-30 10:37:15.447   398   464 D adayocomadapter-UpstreamHandler: processBeforePacket upSreamtProcessTimePoint[7171269] 
12-30 10:37:15.447   398   464 D adayocomadapter-UpstreamHandler: processPacket UPSTREAM_QUEUE_DATA_TIMEOUT
12-30 10:37:15.447   398   464 D adayocomadapter-ParseProtocolFunc: parseCommonIPCLBytes Processing tableNumber[13]
12-30 10:37:15.447   398   464 D adayocomadapter-ParseProtocolFunc: parseCommonIPCLBytes Processing tablename[Table-13] tableSize[7]
12-30 10:37:15.447   398   464 D adayocomadapter-ParseProtocolFunc: printRaWMsg Name[byteStream recv] len[7] data[0D000000000000]
12-30 10:37:15.447   398   464 D adayocomadapter-ParseProtocolFunc: printRaWMsg Name[IPCLtoVHAL] len[6] data[214020BB0000]
12-30 10:37:15.447   398   464 D adayocomadapter-ParseProtocolFunc: printRaWMsg Name[IPCLtoVHAL] len[6] data[214020E30000]
12-30 10:37:15.447   398   464 D adayocomadapter-ParseProtocolFunc: printRaWMsg Name[IPCLtoVHAL] len[6] data[214020C70000]
12-30 10:37:15.447   398   464 D adayocomadapter-ParseProtocolFunc: printRaWMsg Name[IPCLtoVHAL] len[6] data[214020DD0000]
12-30 10:37:15.447   398   464 D adayocomadapter-ParseProtocolFunc: printRaWMsg Name[IPCLtoVHAL] len[6] data[214020DF0000]
12-30 10:37:15.447   398   464 D adayocomadapter-ParseProtocolFunc: printRaWMsg Name[IPCLtoVHAL] len[6] data[214020E40000]
12-30 10:37:15.447   398   464 D adayocomadapter-CommunicationManager: onUpstreamReceive mPropertyId 0x214020bb
12-30 10:37:15.447   398   464 D adayocomadapter-CommunicationManager: convertBytesToInt32Memcpy  0
12-30 10:37:15.447   398   464 I vw-vhal : notifyVehicleProperty, propId = 0x214020bb, data = {status: 2, int32Values: [0]}
12-30 10:37:15.447   398   464 I vw-vhal : CanSignalsAdapter::notifyVehicleProperty: solvedValue = {.timestamp = 7171269716519, .areaId = 0, .prop = 557850811, .status = AVAILABLE, .value = {.int32Values = [1]{0}, .floatValues = [0]{}, .int64Values = [0]{}, .bytes = [0]{}, .stringValue = ""}}
12-30 10:37:15.447   398   464 I VehiclePropertyStore: begin to write value to Store: {.timestamp = 7171269716519, .areaId = 0, .prop = 557850811, .status = AVAILABLE, .value = {.int32Values = [1]{0}, .floatValues = [0]{}, .int64Values = [0]{}, .bytes = [0]{}, .stringValue = ""}}
12-30 10:37:15.447   398   464 I DefaultVehicleHal_v2_0: DefaultVehicleHal::onPropertyValue, value:{.timestamp = 7171269716519, .areaId = 0, .prop = 557850811, .status = AVAILABLE, .value = {.int32Values = [1]{0}, .floatValues = [0]{}, .int64Values = [0]{}, .bytes = [0]{}, .stringValue = ""}}
12-30 10:37:15.447   398   464 D DiagPropHandler: is not DiagnosticConfig: 0x214020bb
12-30 10:37:15.447   398   464 I VehiclePropertyStore: begin to write value to Store: {.timestamp = 7171269716519, .areaId = 0, .prop = 557850811, .status = AVAILABLE, .value = {.int32Values = [1]{0}, .floatValues = [0]{}, .int64Values = [0]{}, .bytes = [0]{}, .stringValue = ""}}
12-30 10:37:15.448   398   464 D adayocomadapter-CommunicationManager: onUpstreamReceive mPropertyId 0x214020bb
12-30 10:37:15.448   398   464 D adayocomadapter-CommunicationManager: onUpstreamReceive mPropertyId 0x214020e3
12-30 10:37:15.448   398   464 D adayocomadapter-CommunicationManager: convertBytesToInt32Memcpy  0
12-30 10:37:15.448   398   464 I vw-vhal : notifyVehicleProperty, propId = 0x214020e3, data = {status: 2, int32Values: [0]}
