12-30 10:33:07.952   398   464 I vw-vhal : CanSignalsAdapter::notifyVehicleProperty: solvedValue = {.timestamp = 6923774648490, .areaId = 0, .prop = 557850663, .status = AVAILABLE, .value = {.int32Values = [1]{0}, .floatValues = [0]{}, .int64Values = [0]{}, .bytes = [0]{}, .stringValue = ""}}
12-30 10:33:07.952   398   464 I VehiclePropertyStore: begin to write value to Store: {.timestamp = 6923774648490, .areaId = 0, .prop = 557850663, .status = AVAILABLE, .value = {.int32Values = [1]{0}, .floatValues = [0]{}, .int64Values = [0]{}, .bytes = [0]{}, .stringValue = ""}}
12-30 10:33:07.952   398   464 I DefaultVehicleHal_v2_0: DefaultVehicleHal::onPropertyValue, value:{.timestamp = 6923774648490, .areaId = 0, .prop = 557850663, .status = AVAILABLE, .value = {.int32Values = [1]{0}, .floatValues = [0]{}, .int64Values = [0]{}, .bytes = [0]{}, .stringValue = ""}}
12-30 10:33:07.952   398   464 D DiagPropHandler: is not DiagnosticConfig: 0x21402027
12-30 10:33:07.952   398   464 I VehiclePropertyStore: begin to write value to Store: {.timestamp = 6923774648490, .areaId = 0, .prop = 557850663, .status = AVAILABLE, .value = {.int32Values = [1]{0}, .floatValues = [0]{}, .int64Values = [0]{}, .bytes = [0]{}, .stringValue = ""}}
12-30 10:33:07.953   398   464 D adayocomadapter-CommunicationManager: onUpstreamReceive mPropertyId 0x21402027
12-30 10:33:07.953   398   464 D adayocomadapter-CommunicationManager: onUpstreamReceive mPropertyId 0x21402180
12-30 10:33:07.953   398   464 D adayocomadapter-CommunicationManager: convertBytesToInt32Memcpy  0
12-30 10:33:07.953   398   464 I vw-vhal : notifyVehicleProperty, propId = 0x21402180, data = {status: 2, int32Values: [0]}
12-30 10:33:07.953   398   464 I vw-vhal : CanSignalsAdapter::notifyVehicleProperty: solvedValue = {.timestamp = 6923774984490, .areaId = 0, .prop = 557851008, .status = AVAILABLE, .value = {.int32Values = [1]{0}, .floatValues = [0]{}, .int64Values = [0]{}, .bytes = [0]{}, .stringValue = ""}}
12-30 10:33:07.953   398   464 I VehiclePropertyStore: begin to write value to Store: {.timestamp = 6923774984490, .areaId = 0, .prop = 557851008, .status = AVAILABLE, .value = {.int32Values = [1]{0}, .floatValues = [0]{}, .int64Values = [0]{}, .bytes = [0]{}, .stringValue = ""}}
12-30 10:33:07.953   398   464 I DefaultVehicleHal_v2_0: DefaultVehicleHal::onPropertyValue, value:{.timestamp = 6923774984490, .areaId = 0, .prop = 557851008, .status = AVAILABLE, .value = {.int32Values = [1]{0}, .floatValues = [0]{}, .int64Values = [0]{}, .bytes = [0]{}, .stringValue = ""}}
12-30 10:33:07.953   398   464 D DiagPropHandler: is not DiagnosticConfig: 0x21402180
12-30 10:33:07.953   398   464 I VehiclePropertyStore: begin to write value to Store: {.timestamp = 6923774984490, .areaId = 0, .prop = 557851008, .status = AVAILABLE, .value = {.int32Values = [1]{0}, .floatValues = [0]{}, .int64Values = [0]{}, .bytes = [0]{}, .stringValue = ""}}
12-30 10:33:07.953   398   464 D adayocomadapter-CommunicationManager: onUpstreamReceive mPropertyId 0x21402180
12-30 10:33:07.953   398   464 D adayocomadapter-CommunicationManager: onUpstreamReceive mPropertyId 0x2140210b
12-30 10:33:07.953   398   464 D adayocomadapter-CommunicationManager: convertBytesToInt32Memcpy  0
12-30 10:33:07.953   398   464 I vw-vhal : notifyVehicleProperty, propId = 0x2140210b, data = {status: 2, int32Values: [0]}
12-30 10:33:07.953   398   464 I vw-vhal : CanSignalsAdapter::notifyVehicleProperty: solvedValue = {.timestamp = 6923775195156, .areaId = 0, .prop = 557850891, .status = AVAILABLE, .value = {.int32Values = [1]{0}, .floatValues = [0]{}, .int64Values = [0]{}, .bytes = [0]{}, .stringValue = ""}}
12-30 10:33:07.953   398   464 I VehiclePropertyStore: begin to write value to Store: {.timestamp = 6923775195156, .areaId = 0, .prop = 557850891, .status = AVAILABLE, .value = {.int32Values = [1]{0}, .floatValues = [0]{}, .int64Values = [0]{}, .bytes = [0]{}, .stringValue = ""}}
12-30 10:33:07.953   398   464 I DefaultVehicleHal_v2_0: DefaultVehicleHal::onPropertyValue, value:{.timestamp = 6923775195156, .areaId = 0, .prop = 557850891, .status = AVAILABLE, .value = {.int32Values = [1]{0}, .floatValues = [0]{}, .int64Values = [0]{}, .bytes = [0]{}, .stringValue = ""}}
12-30 10:33:07.953   398   464 D DiagPropHandler: is not DiagnosticConfig: 0x2140210b
12-30 10:33:07.953   398   464 I VehiclePropertyStore: begin to write value to Store: {.timestamp = 6923775195156, .areaId = 0, .prop = 557850891, .status = AVAILABLE, .value = {.int32Values = [1]{0}, .floatValues = [0]{}, .int64Values = [0]{}, .bytes = [0]{}, .stringValue = ""}}
12-30 10:33:07.953   398   464 D adayocomadapter-CommunicationManager: onUpstreamReceive mPropertyId 0x2140210b
12-30 10:33:07.953   398   464 D adayocomadapter-CommunicationManager: onUpstreamReceive mPropertyId 0x2140217e
12-30 10:33:07.953   398   464 D adayocomadapter-CommunicationManager: convertBytesToInt32Memcpy  0
12-30 10:33:07.953   398   464 I vw-vhal : notifyVehicleProperty, propId = 0x2140217e, data = {status: 2, int32Values: [0]}
12-30 10:33:07.953   398   464 I vw-vhal : CanSignalsAdapter::notifyVehicleProperty: solvedValue = {.timestamp = 6923775396823, .areaId = 0, .prop = 557851006, .status = AVAILABLE, .value = {.int32Values = [1]{0}, .floatValues = [0]{}, .int64Values = [0]{}, .bytes = [0]{}, .stringValue = ""}}
12-30 10:33:07.953   398   464 I VehiclePropertyStore: begin to write value to Store: {.timestamp = 6923775396823, .areaId = 0, .prop = 557851006, .status = AVAILABLE, .value = {.int32Values = [1]{0}, .floatValues = [0]{}, .int64Values = [0]{}, .bytes = [0]{}, .stringValue = ""}}
12-30 10:33:07.953   398   464 I DefaultVehicleHal_v2_0: DefaultVehicleHal::onPropertyValue, value:{.timestamp = 6923775396823, .areaId = 0, .prop = 557851006, .status = AVAILABLE, .value = {.int32Values = [1]{0}, .floatValues = [0]{}, .int64Values = [0]{}, .bytes = [0]{}, .stringValue = ""}}
12-30 10:33:07.953   398   464 D DiagPropHandler: is not DiagnosticConfig: 0x2140217e
12-30 10:33:07.953   398   464 I VehiclePropertyStore: begin to write value to Store: {.timestamp = 6923775396823, .areaId = 0, .prop = 557851006, .status = AVAILABLE, .value = {.int32Values = [1]{0}, .floatValues = [0]{}, .int64Values = [0]{}, .bytes = [0]{}, .stringValue = ""}}
12-30 10:33:07.953   398   464 D adayocomadapter-CommunicationManager: onUpstreamReceive mPropertyId 0x2140217e
12-30 10:33:07.953   398   464 D adayocomadapter-CommunicationManager: onUpstreamReceive mPropertyId 0x214020fe
12-30 10:33:07.953   398   464 D adayocomadapter-CommunicationManager: convertBytesToInt32Memcpy  0
12-30 10:33:07.953   398   464 I vw-vhal : notifyVehicleProperty, propId = 0x214020fe, data = {status: 2, int32Values: [0]}
12-30 10:33:07.953   398   464 I vw-vhal : CanSignalsAdapter::notifyVehicleProperty: solvedValue = {.timestamp = 6923775598490, .areaId = 0, .prop = 557850878, .status = AVAILABLE, .value = {.int32Values = [1]{0}, .floatValues = [0]{}, .int64Values = [0]{}, .bytes = [0]{}, .stringValue = ""}}
12-30 10:33:07.953   398   464 I VehiclePropertyStore: begin to write value to Store: {.timestamp = 6923775598490, .areaId = 0, .prop = 557850878, .status = AVAILABLE, .value = {.int32Values = [1]{0}, .floatValues = [0]{}, .int64Values = [0]{}, .bytes = [0]{}, .stringValue = ""}}
12-30 10:33:07.953   398   464 I DefaultVehicleHal_v2_0: DefaultVehicleHal::onPropertyValue, value:{.timestamp = 6923775598490, .areaId = 0, .prop = 557850878, .status = AVAILABLE, .value = {.int32Values = [1]{0}, .floatValues = [0]{}, .int64Values = [0]{}, .bytes = [0]{}, .stringValue = ""}}
12-30 10:33:07.953   398   464 D DiagPropHandler: is not DiagnosticConfig: 0x214020fe
12-30 10:33:07.953   398   464 I VehiclePropertyStore: begin to write value to Store: {.timestamp = 6923775598490, .areaId = 0, .prop = 557850878, .status = AVAILABLE, .value = {.int32Values = [1]{0}, .floatValues = [0]{}, .int64Values = [0]{}, .bytes = [0]{}, .stringValue = ""}}
12-30 10:33:07.953   398   464 D adayocomadapter-CommunicationManager: onUpstreamReceive mPropertyId 0x214020fe
12-30 10:33:07.953   398   464 D adayocomadapter-CommunicationManager: onUpstreamReceive mPropertyId 0x214020ff
12-30 10:33:07.953   398   464 D adayocomadapter-CommunicationManager: convertBytesToInt32Memcpy  0
12-30 10:33:07.953   398   464 I vw-vhal : notifyVehicleProperty, propId = 0x214020ff, data = {status: 2, int32Values: [0]}
12-30 10:33:07.953   398   464 I vw-vhal : CanSignalsAdapter::notifyVehicleProperty: solvedValue = {.timestamp = 6923775802490, .areaId = 0, .prop = 557850879, .status = AVAILABLE, .value = {.int32Values = [1]{0}, .floatValues = [0]{}, .int64Values = [0]{}, .bytes = [0]{}, .stringValue = ""}}
12-30 10:33:07.953   398   464 I VehiclePropertyStore: begin to write value to Store: {.timestamp = 6923775802490, .areaId = 0, .prop = 557850879, .status = AVAILABLE, .value = {.int32Values = [1]{0}, .floatValues = [0]{}, .int64Values = [0]{}, .bytes = [0]{}, .stringValue = ""}}
12-30 10:33:07.954   398   464 I DefaultVehicleHal_v2_0: DefaultVehicleHal::onPropertyValue, value:{.timestamp = 6923775802490, .areaId = 0, .prop = 557850879, .status = AVAILABLE, .value = {.int32Values = [1]{0}, .floatValues = [0]{}, .int64Values = [0]{}, .bytes = [0]{}, .stringValue = ""}}
12-30 10:33:07.954   398   464 D DiagPropHandler: is not DiagnosticConfig: 0x214020ff
12-30 10:33:07.954   398   464 I VehiclePropertyStore: begin to write value to Store: {.timestamp = 6923775802490, .areaId = 0, .prop = 557850879, .status = AVAILABLE, .value = {.int32Values = [1]{0}, .floatValues = [0]{}, .int64Values = [0]{}, .bytes = [0]{}, .stringValue = ""}}
12-30 10:33:07.954   398   464 D adayocomadapter-CommunicationManager: onUpstreamReceive mPropertyId 0x214020ff
12-30 10:33:07.954   398   464 D adayocomadapter-CommunicationManager: onUpstreamReceive mPropertyId 0x21402182
12-30 10:33:07.954   398   464 D adayocomadapter-CommunicationManager: convertBytesToInt32Memcpy  0
12-30 10:33:07.954   398   464 I vw-vhal : notifyVehicleProperty, propId = 0x21402182, data = {status: 2, int32Values: [0]}
12-30 10:33:07.954   398   464 I vw-vhal : CanSignalsAdapter::notifyVehicleProperty: solvedValue = {.timestamp = 6923776036156, .areaId = 0, .prop = 557851010, .status = AVAILABLE, .value = {.int32Values = [1]{0}, .floatValues = [0]{}, .int64Values = [0]{}, .bytes = [0]{}, .stringValue = ""}}
12-30 10:33:07.954   398   464 I VehiclePropertyStore: begin to write value to Store: {.timestamp = 6923776036156, .areaId = 0, .prop = 557851010, .status = AVAILABLE, .value = {.int32Values = [1]{0}, .floatValues = [0]{}, .int64Values = [0]{}, .bytes = [0]{}, .stringValue = ""}}
12-30 10:33:07.954   398   464 I DefaultVehicleHal_v2_0: DefaultVehicleHal::onPropertyValue, value:{.timestamp = 6923776036156, .areaId = 0, .prop = 557851010, .status = AVAILABLE, .value = {.int32Values = [1]{0}, .floatValues = [0]{}, .int64Values = [0]{}, .bytes = [0]{}, .stringValue = ""}}
12-30 10:33:07.954   398   464 D DiagPropHandler: is not DiagnosticConfig: 0x21402182
12-30 10:33:07.954   398   464 I VehiclePropertyStore: begin to write value to Store: {.timestamp = 6923776036156, .areaId = 0, .prop = 557851010, .status = AVAILABLE, .value = {.int32Values = [1]{0}, .floatValues = [0]{}, .int64Values = [0]{}, .bytes = [0]{}, .stringValue = ""}}
12-30 10:33:07.954   398   464 D adayocomadapter-CommunicationManager: onUpstreamReceive mPropertyId 0x21402182
12-30 10:33:07.965   596  3076 E WifiHAL : Invalid data received from driver
12-30 10:33:07.965  3066  3066 D hostapd : nl80211: BSS Event 59 (NL80211_CMD_FRAME) received for wlan1
12-30 10:33:07.965  3066  3066 D hostapd : nl80211: RX frame da=ff:ff:ff:ff:ff:ff sa=ee:74:72:d7:de:af bssid=ee:74:72:d7:de:af freq=5745 ssi_signal=-8900 fc=0xd0 seq_ctrl=0x3ab0 stype=13 (WLAN_FC_STYPE_ACTION) len=42
12-30 10:33:07.965  3066  3066 D hostapd : wlan1: Event RX_MGMT (18) received
12-30 10:33:07.965  3066  3066 D hostapd : Receive wpa msg : Event RX_MGMT (18) received
12-30 10:33:07.969 25778 25778 I ADAYO_LOG_TRACE_LOGCAT: collect_dest_path:/mnt/sdcard/AndroidLog/logcat
12-30 10:33:07.973  1667  2410 I media_message_log->MediaMessageUserProxy: (SourceFile:1)b connectToService action bind
--------- beginning of system
12-30 10:33:07.974   916  3726 W ActivityManager: Unable to start service Intent { cmp=com.adayo.server.mediamessagetransfer/.MediaMessTransferService (has extras) } U=0: not found
12-30 10:33:07.974  1667  2410 E media_message_log->MediaMessageUserProxy: (SourceFile:7)a bindServiceAsUser isBound = false
12-30 10:33:07.975  2358  2623 D RcfController: Rcf proxy is not connected!
12-30 10:33:07.978   360   931 D EvsDriver: forwardFrame
12-30 10:33:07.978   360   931 D EvsDriver: forwardFrameDirect
12-30 10:33:07.978   360   931 D EvsDriver: Delivered 0xb400e2ca9e40c7a0 as id 1
12-30 10:33:07.978   359  2784 D evsmanagerd: /dev/video-evs0 forwarded the buffer #1 to 0xb400f125d2b26dd0 from 0xb400f125e2b20710
12-30 10:33:07.982   360   458 D EvsDriver: doneWithFrame
12-30 10:33:07.983  3066  3066 D hostapd : nl80211: BSS Event 59 (NL80211_CMD_FRAME) received for wlan1
12-30 10:33:07.983  3066  3066 D hostapd : nl80211: RX frame da=ff:ff:ff:ff:ff:ff sa=ee:74:72:d7:de:af bssid=ee:74:72:d7:de:af freq=5745 ssi_signal=-9000 fc=0xd0 seq_ctrl=0x3ac0 stype=13 (WLAN_FC_STYPE_ACTION) len=42
12-30 10:33:07.983  3066  3066 D hostapd : wlan1: Event RX_MGMT (18) received
12-30 10:33:07.983  3066  3066 D hostapd : Receive wpa msg : Event RX_MGMT (18) received
12-30 10:33:07.992   596  3076 E WifiHAL : Invalid data received from driver
12-30 10:33:08.011   360   931 D EvsDriver: forwardFrame
12-30 10:33:08.011   360   931 D EvsDriver: forwardFrameDirect
12-30 10:33:08.012   360   931 D EvsDriver: Delivered 0xb400e2ca9e40e270 as id 0
12-30 10:33:08.012   359  2784 D evsmanagerd: /dev/video-evs0 forwarded the buffer #0 to 0xb400f125d2b26dd0 from 0xb400f125e2b20710
12-30 10:33:08.022   360   458 D EvsDriver: doneWithFrame
12-30 10:33:08.026  2358  2623 D RcfController: Rcf proxy is not connected!
12-30 10:33:08.036  3066  3066 D hostapd : nl80211: BSS Event 59 (NL80211_CMD_FRAME) received for wlan1
12-30 10:33:08.036  3066  3066 D hostapd : nl80211: RX frame da=ff:ff:ff:ff:ff:ff sa=ee:74:72:d7:de:af bssid=ee:74:72:d7:de:af freq=5745 ssi_signal=-9000 fc=0xd0 seq_ctrl=0x3af0 stype=13 (WLAN_FC_STYPE_ACTION) len=42
12-30 10:33:08.036  3066  3066 D hostapd : wlan1: Event RX_MGMT (18) received
12-30 10:33:08.036  3066  3066 D hostapd : Receive wpa msg : Event RX_MGMT (18) received
12-30 10:33:08.045   360   931 D EvsDriver: forwardFrame
12-30 10:33:08.045   360   931 D EvsDriver: forwardFrameDirect
12-30 10:33:08.045   360   931 D EvsDriver: Delivered 0xb400e2ca9e40d4b0 as id 1
12-30 10:33:08.045   359  2784 D evsmanagerd: /dev/video-evs0 forwarded the buffer #1 to 0xb400f125d2b26dd0 from 0xb400f125e2b20710
12-30 10:33:08.049   596  3076 E WifiHAL : Invalid data received from driver
12-30 10:33:08.052   360   458 D EvsDriver: doneWithFrame
12-30 10:33:08.055  3066  3066 D hostapd : nl80211: BSS Event 59 (NL80211_CMD_FRAME) received for wlan1
12-30 10:33:08.055  3066  3066 D hostapd : nl80211: RX frame da=ff:ff:ff:ff:ff:ff sa=ee:74:72:d7:de:af bssid=ee:74:72:d7:de:af freq=5745 ssi_signal=-9100 fc=0xd0 seq_ctrl=0x3b00 stype=13 (WLAN_FC_STYPE_ACTION) len=42
12-30 10:33:08.055  3066  3066 D hostapd : wlan1: Event RX_MGMT (18) received
12-30 10:33:08.055  3066  3066 D hostapd : Receive wpa msg : Event RX_MGMT (18) received
12-30 10:33:08.057 25782 25782 I ADAYO_LOG_TRACE_LOGCAT: file_path:/mnt/sdcard/AndroidLog/logcat/logcat_2025_12_30_10_33_07_513-6.txt
12-30 10:33:08.076  2358  2623 D RcfController: Rcf proxy is not connected!
12-30 10:33:08.078   360   931 D EvsDriver: forwardFrame
12-30 10:33:08.078   360   931 D EvsDriver: forwardFrameDirect
12-30 10:33:08.078   360   931 D EvsDriver: Delivered 0xb400e2ca9e40c2d0 as id 0
12-30 10:33:08.078   359  2784 D evsmanagerd: /dev/video-evs0 forwarded the buffer #0 to 0xb400f125d2b26dd0 from 0xb400f125e2b20710
12-30 10:33:08.083   360   458 D EvsDriver: doneWithFrame
12-30 10:33:08.085   650   729 D fgemcucomm: sd Uart data : 6AA602D82C0002920264
12-30 10:33:08.085   650   729 D fgemcucomm: rev uart=57245,len=18, data : 6AA681D82C000A9202000D000000000000D0
12-30 10:33:08.085   398  2883 D adayocomadapter-ParseProtocolFunc: printRaWMsg Name[MCUToUPstream recv] len[10] data[9202000D000000000000]
12-30 10:33:08.086   398  2883 D adayocomadapter-CommunicationManager: onUpstreamback   member[0] dataLength[7] timePoint[6923907]
12-30 10:33:08.086   398  2883 D adayocomadapter-ParseProtocolFunc: printRaWMsg Name[onUpstreamback] len[7] data[0D000000000000]
12-30 10:33:08.086   398   464 D adayocomadapter-UpstreamHandler: processBeforePacket upSreamtProcessTimePoint[6923907] 
12-30 10:33:08.086   398   464 D adayocomadapter-UpstreamHandler: processPacket UPSTREAM_QUEUE_DATA_TIMEOUT
12-30 10:33:08.086   398   464 D adayocomadapter-ParseProtocolFunc: parseCommonIPCLBytes Processing tableNumber[13]
12-30 10:33:08.086   398   464 D adayocomadapter-ParseProtocolFunc: parseCommonIPCLBytes Processing tablename[Table-13] tableSize[7]
12-30 10:33:08.086   398   464 D adayocomadapter-ParseProtocolFunc: printRaWMsg Name[byteStream recv] len[7] data[0D000000000000]
12-30 10:33:08.086   398   464 D adayocomadapter-ParseProtocolFunc: printRaWMsg Name[IPCLtoVHAL] len[6] data[214020BB0000]
12-30 10:33:08.086   398   464 D adayocomadapter-ParseProtocolFunc: printRaWMsg Name[IPCLtoVHAL] len[6] data[214020E30000]
12-30 10:33:08.086   398   464 D adayocomadapter-ParseProtocolFunc: printRaWMsg Name[IPCLtoVHAL] len[6] data[214020C70000]
12-30 10:33:08.086   398   464 D adayocomadapter-ParseProtocolFunc: printRaWMsg Name[IPCLtoVHAL] len[6] data[214020DD0000]
12-30 10:33:08.086   398   464 D adayocomadapter-ParseProtocolFunc: printRaWMsg Name[IPCLtoVHAL] len[6] data[214020DF0000]
12-30 10:33:08.086   398   464 D adayocomadapter-ParseProtocolFunc: printRaWMsg Name[IPCLtoVHAL] len[6] data[214020E40000]
12-30 10:33:08.086   398   464 D adayocomadapter-CommunicationManager: onUpstreamReceive mPropertyId 0x214020bb
12-30 10:33:08.086   398   464 D adayocomadapter-CommunicationManager: convertBytesToInt32Memcpy  0
12-30 10:33:08.086   398   464 I vw-vhal : notifyVehicleProperty, propId = 0x214020bb, data = {status: 2, int32Values: [0]}
12-30 10:33:08.086   398   464 I vw-vhal : CanSignalsAdapter::notifyVehicleProperty: solvedValue = {.timestamp = 6923908372490, .areaId = 0, .prop = 557850811, .status = AVAILABLE, .value = {.int32Values = [1]{0}, .floatValues = [0]{}, .int64Values = [0]{}, .bytes = [0]{}, .stringValue = ""}}
12-30 10:33:08.086   398   464 I VehiclePropertyStore: begin to write value to Store: {.timestamp = 6923908372490, .areaId = 0, .prop = 557850811, .status = AVAILABLE, .value = {.int32Values = [1]{0}, .floatValues = [0]{}, .int64Values = [0]{}, .bytes = [0]{}, .stringValue = ""}}
12-30 10:33:08.086   398   464 I DefaultVehicleHal_v2_0: DefaultVehicleHal::onPropertyValue, value:{.timestamp = 6923908372490, .areaId = 0, .prop = 557850811, .status = AVAILABLE, .value = {.int32Values = [1]{0}, .floatValues = [0]{}, .int64Values = [0]{}, .bytes = [0]{}, .stringValue = ""}}
12-30 10:33:08.086   398   464 D DiagPropHandler: is not DiagnosticConfig: 0x214020bb
12-30 10:33:08.086   398   464 I VehiclePropertyStore: begin to write value to Store: {.timestamp = 6923908372490, .areaId = 0, .prop = 557850811, .status = AVAILABLE, .value = {.int32Values = [1]{0}, .floatValues = [0]{}, .int64Values = [0]{}, .bytes = [0]{}, .stringValue = ""}}
12-30 10:33:08.086   398   464 D adayocomadapter-CommunicationManager: onUpstreamReceive mPropertyId 0x214020bb
12-30 10:33:08.086   398   464 D adayocomadapter-CommunicationManager: onUpstreamReceive mPropertyId 0x214020e3
12-30 10:33:08.086   398   464 D adayocomadapter-CommunicationManager: convertBytesToInt32Memcpy  0
12-30 10:33:08.086   398   464 I vw-vhal : notifyVehicleProperty, propId = 0x214020e3, data = {status: 2, int32Values: [0]}
12-30 10:33:08.086   398   464 I vw-vhal : CanSignalsAdapter::notifyVehicleProperty: solvedValue = {.timestamp = 6923908593156, .areaId = 0, .prop = 557850851, .status = AVAILABLE, .value = {.int32Values = [1]{0}, .floatValues = [0]{}, .int64Values = [0]{}, .bytes = [0]{}, .stringValue = ""}}
12-30 10:33:08.086   398   464 I VehiclePropertyStore: begin to write value to Store: {.timestamp = 6923908593156, .areaId = 0, .prop = 557850851, .status = AVAILABLE, .value = {.int32Values = [1]{0}, .floatValues = [0]{}, .int64Values = [0]{}, .bytes = [0]{}, .stringValue = ""}}
12-30 10:33:08.086   398   464 I DefaultVehicleHal_v2_0: DefaultVehicleHal::onPropertyValue, value:{.timestamp = 6923908593156, .areaId = 0, .prop = 557850851, .status = AVAILABLE, .value = {.int32Values = [1]{0}, .floatValues = [0]{}, .int64Values = [0]{}, .bytes = [0]{}, .stringValue = ""}}
12-30 10:33:08.086   398   464 D DiagPropHandler: is not DiagnosticConfig: 0x214020e3
12-30 10:33:08.086   398   464 I VehiclePropertyStore: begin to write value to Store: {.timestamp = 6923908593156, .areaId = 0, .prop = 557850851, .status = AVAILABLE, .value = {.int32Values = [1]{0}, .floatValues = [0]{}, .int64Values = [0]{}, .bytes = [0]{}, .stringValue = ""}}
12-30 10:33:08.086   398   464 D adayocomadapter-CommunicationManager: onUpstreamReceive mPropertyId 0x214020e3
12-30 10:33:08.086   398   464 D adayocomadapter-CommunicationManager: onUpstreamReceive mPropertyId 0x214020c7
12-30 10:33:08.086   398   464 D adayocomadapter-CommunicationManager: convertBytesToInt32Memcpy  0
12-30 10:33:08.086   398   464 I vw-vhal : notifyVehicleProperty, propId = 0x214020c7, data = {status: 2, int32Values: [0]}
12-30 10:33:08.086   398   464 I vw-vhal : CanSignalsAdapter::notifyVehicleProperty: solvedValue = {.timestamp = 6923908780823, .areaId = 0, .prop = 557850823, .status = AVAILABLE, .value = {.int32Values = [1]{0}, .floatValues = [0]{}, .int64Values = [0]{}, .bytes = [0]{}, .stringValue = ""}}
12-30 10:33:08.086   398   464 I VehiclePropertyStore: begin to write value to Store: {.timestamp = 6923908780823, .areaId = 0, .prop = 557850823, .status = AVAILABLE, .value = {.int32Values = [1]{0}, .floatValues = [0]{}, .int64Values = [0]{}, .bytes = [0]{}, .stringValue = ""}}
12-30 10:33:08.086   398   464 I DefaultVehicleHal_v2_0: DefaultVehicleHal::onPropertyValue, value:{.timestamp = 6923908780823, .areaId = 0, .prop = 557850823, .status = AVAILABLE, .value = {.int32Values = [1]{0}, .floatValues = [0]{}, .int64Values = [0]{}, .bytes = [0]{}, .stringValue = ""}}
12-30 10:33:08.087   398   464 D DiagPropHandler: is not DiagnosticConfig: 0x214020c7
12-30 10:33:08.087   398   464 I VehiclePropertyStore: begin to write value to Store: {.timestamp = 6923908780823, .areaId = 0, .prop = 557850823, .status = AVAILABLE, .value = {.int32Values = [1]{0}, .floatValues = [0]{}, .int64Values = [0]{}, .bytes = [0]{}, .stringValue = ""}}
12-30 10:33:08.087   398   464 D adayocomadapter-CommunicationManager: onUpstreamReceive mPropertyId 0x214020c7
12-30 10:33:08.087   398   464 D adayocomadapter-CommunicationManager: onUpstreamReceive mPropertyId 0x214020dd
12-30 10:33:08.087   398   464 D adayocomadapter-CommunicationManager: convertBytesToInt32Memcpy  0
12-30 10:33:08.087   398   464 I vw-vhal : notifyVehicleProperty, propId = 0x214020dd, data = {status: 2, int32Values: [0]}
12-30 10:33:08.087   398   464 I vw-vhal : CanSignalsAdapter::notifyVehicleProperty: solvedValue = {.timestamp = 6923908968490, .areaId = 0, .prop = 557850845, .status = AVAILABLE, .value = {.int32Values = [1]{0}, .floatValues = [0]{}, .int64Values = [0]{}, .bytes = [0]{}, .stringValue = ""}}
12-30 10:33:08.087   398   464 I VehiclePropertyStore: begin to write value to Store: {.timestamp = 6923908968490, .areaId = 0, .prop = 557850845, .status = AVAILABLE, .value = {.int32Values = [1]{0}, .floatValues = [0]{}, .int64Values = [0]{}, .bytes = [0]{}, .stringValue = ""}}
12-30 10:33:08.087   398   464 I DefaultVehicleHal_v2_0: DefaultVehicleHal::onPropertyValue, value:{.timestamp = 6923908968490, .areaId = 0, .prop = 557850845, .status = AVAILABLE, .value = {.int32Values = [1]{0}, .floatValues = [0]{}, .int64Values = [0]{}, .bytes = [0]{}, .stringValue = ""}}
12-30 10:33:08.087   398   464 D DiagPropHandler: is not DiagnosticConfig: 0x214020dd
12-30 10:33:08.087   398   464 I VehiclePropertyStore: begin to write value to Store: {.timestamp = 6923908968490, .areaId = 0, .prop = 557850845, .status = AVAILABLE, .value = {.int32Values = [1]{0}, .floatValues = [0]{}, .int64Values = [0]{}, .bytes = [0]{}, .stringValue = ""}}
12-30 10:33:08.087   398   464 D adayocomadapter-CommunicationManager: onUpstreamReceive mPropertyId 0x214020dd
12-30 10:33:08.087   398   464 D adayocomadapter-CommunicationManager: onUpstreamReceive mPropertyId 0x214020df
12-30 10:33:08.087   398   464 D adayocomadapter-CommunicationManager: convertBytesToInt32Memcpy  0
12-30 10:33:08.087   398   464 I vw-vhal : notifyVehicleProperty, propId = 0x214020df, data = {status: 2, int32Values: [0]}
12-30 10:33:08.087   398   464 I vw-vhal : CanSignalsAdapter::notifyVehicleProperty: solvedValue = {.timestamp = 6923909158490, .areaId = 0, .prop = 557850847, .status = AVAILABLE, .value = {.int32Values = [1]{0}, .floatValues = [0]{}, .int64Values = [0]{}, .bytes = [0]{}, .stringValue = ""}}
12-30 10:33:08.087   398   464 I VehiclePropertyStore: begin to write value to Store: {.timestamp = 6923909158490, .areaId = 0, .prop = 557850847, .status = AVAILABLE, .value = {.int32Values = [1]{0}, .floatValues = [0]{}, .int64Values = [0]{}, .bytes = [0]{}, .stringValue = ""}}
12-30 10:33:08.087   398   464 I DefaultVehicleHal_v2_0: DefaultVehicleHal::onPropertyValue, value:{.timestamp = 6923909158490, .areaId = 0, .prop = 557850847, .status = AVAILABLE, .value = {.int32Values = [1]{0}, .floatValues = [0]{}, .int64Values = [0]{}, .bytes = [0]{}, .stringValue = ""}}
12-30 10:33:08.087   398   464 D DiagPropHandler: is not DiagnosticConfig: 0x214020df
12-30 10:33:08.087   398   464 I VehiclePropertyStore: begin to write value to Store: {.timestamp = 6923909158490, .areaId = 0, .prop = 557850847, .status = AVAILABLE, .value = {.int32Values = [1]{0}, .floatValues = [0]{}, .int64Values = [0]{}, .bytes = [0]{}, .stringValue = ""}}
12-30 10:33:08.087   398   464 D adayocomadapter-CommunicationManager: onUpstreamReceive mPropertyId 0x214020df
12-30 10:33:08.087   398   464 D adayocomadapter-CommunicationManager: onUpstreamReceive mPropertyId 0x214020e4
12-30 10:33:08.087   398   464 D adayocomadapter-CommunicationManager: convertBytesToInt32Memcpy  0
12-30 10:33:08.087   398   464 I vw-vhal : notifyVehicleProperty, propId = 0x214020e4, data = {status: 2, int32Values: [0]}
12-30 10:33:08.087   398   464 I vw-vhal : CanSignalsAdapter::notifyVehicleProperty: solvedValue = {.timestamp = 6923909347823, .areaId = 0, .prop = 557850852, .status = AVAILABLE, .value = {.int32Values = [1]{0}, .floatValues = [0]{}, .int64Values = [0]{}, .bytes = [0]{}, .stringValue = ""}}
12-30 10:33:08.087   398   464 I VehiclePropertyStore: begin to write value to Store: {.timestamp = 6923909347823, .areaId = 0, .prop = 557850852, .status = AVAILABLE, .value = {.int32Values = [1]{0}, .floatValues = [0]{}, .int64Values = [0]{}, .bytes = [0]{}, .stringValue = ""}}
12-30 10:33:08.087   398   464 I DefaultVehicleHal_v2_0: DefaultVehicleHal::onPropertyValue, value:{.timestamp = 6923909347823, .areaId = 0, .prop = 557850852, .status = AVAILABLE, .value = {.int32Values = [1]{0}, .floatValues = [0]{}, .int64Values = [0]{}, .bytes = [0]{}, .stringValue = ""}}
12-30 10:33:08.087   398   464 D DiagPropHandler: is not DiagnosticConfig: 0x214020e4
12-30 10:33:08.087   398   464 I VehiclePropertyStore: begin to write value to Store: {.timestamp = 6923909347823, .areaId = 0, .prop = 557850852, .status = AVAILABLE, .value = {.int32Values = [1]{0}, .floatValues = [0]{}, .int64Values = [0]{}, .bytes = [0]{}, .stringValue = ""}}
12-30 10:33:08.087   398   464 D adayocomadapter-CommunicationManager: onUpstreamReceive mPropertyId 0x214020e4
12-30 10:33:08.097   596  3076 E WifiHAL : Invalid data received from driver
12-30 10:33:08.106 25785 25785 I ADAYO_LOG_TRACE_LOGCAT: folder_size:
12-30 10:33:08.111   360   931 D EvsDriver: forwardFrame
12-30 10:33:08.111   360   931 D EvsDriver: forwardFrameDirect
12-30 10:33:08.112   360   931 D EvsDriver: Delivered 0xb400e2ca9e40d090 as id 1
12-30 10:33:08.112   359  2784 D evsmanagerd: /dev/video-evs0 forwarded the buffer #1 to 0xb400f125d2b26dd0 from 0xb400f125e2b20710
12-30 10:33:08.113   360   458 D EvsDriver: doneWithFrame
12-30 10:33:08.126  2358  2623 D RcfController: Rcf proxy is not connected!
12-30 10:33:08.126  3066  3066 D hostapd : nl80211: BSS Event 59 (NL80211_CMD_FRAME) received for wlan1
12-30 10:33:08.126  3066  3066 D hostapd : nl80211: RX frame da=ff:ff:ff:ff:ff:ff sa=ee:74:72:d7:de:af bssid=ee:74:72:d7:de:af freq=5745 ssi_signal=-9100 fc=0xd0 seq_ctrl=0x3b30 stype=13 (WLAN_FC_STYPE_ACTION) len=42
12-30 10:33:08.126  3066  3066 D hostapd : wlan1: Event RX_MGMT (18) received
12-30 10:33:08.126  3066  3066 D hostapd : Receive wpa msg : Event RX_MGMT (18) received
12-30 10:33:08.141  1667  2594 W ContextImpl: Calling a method in the system process without a qualified user: android.app.ContextImpl.bindService:1988 android.content.ContextWrapper.bindService:861 com.ford.sync.fnvservice.FordFnv.c:202 com.ford.sync.fnvservice.FordFnv.c:43 com.ford.sync.fnvservice.FordFnv$RetryHandler.handleMessage:245 
12-30 10:33:08.142   916  3726 W ActivityManager: Unable to start service Intent { cmp=com.ford.sync.fnvservice/.FordFnvService } U=0: not found
12-30 10:33:08.142  1667  2594 W FordFnv :  bind ford fnv failed -> sendRetryMessage 
12-30 10:33:08.145   360   931 D EvsDriver: forwardFrame
12-30 10:33:08.145   360   931 D EvsDriver: forwardFrameDirect
12-30 10:33:08.145   360   931 D EvsDriver: Delivered 0xb400e2ca9e40e110 as id 0
12-30 10:33:08.145   359  2784 D evsmanagerd: /dev/video-evs0 forwarded the buffer #0 to 0xb400f125d2b26dd0 from 0xb400f125e2b20710
12-30 10:33:08.146   596  3076 E WifiHAL : Invalid data received from driver
12-30 10:33:08.147  3066  3066 D hostapd : nl80211: BSS Event 59 (NL80211_CMD_FRAME) received for wlan1
12-30 10:33:08.147  3066  3066 D hostapd : nl80211: RX frame da=ff:ff:ff:ff:ff:ff sa=ee:74:72:d7:de:af bssid=ee:74:72:d7:de:af freq=5745 ssi_signal=-9200 fc=0xd0 seq_ctrl=0x3b40 stype=13 (WLAN_FC_STYPE_ACTION) len=42
12-30 10:33:08.147  3066  3066 D hostapd : wlan1: Event RX_MGMT (18) received
12-30 10:33:08.147  3066  3066 D hostapd : Receive wpa msg : Event RX_MGMT (18) received
12-30 10:33:08.154   360   458 D EvsDriver: doneWithFrame
12-30 10:33:08.159   596  3076 E WifiHAL : Invalid data received from driver
12-30 10:33:08.159   596  3076 E WifiHAL : Invalid data received from driver
12-30 10:33:08.159   596  3076 E WifiHAL : Invalid data received from driver
12-30 10:33:08.159   596  3076 E WifiHAL : Invalid data received from driver
12-30 10:33:08.159   596  3076 E WifiHAL : Invalid data received from driver
12-30 10:33:08.159   596  3076 E WifiHAL : Invalid data received from driver
12-30 10:33:08.159   596  3076 E WifiHAL : Invalid data received from driver
12-30 10:33:08.176  2358  2623 D RcfController: Rcf proxy is not connected!
12-30 10:33:08.178   360   931 D EvsDriver: forwardFrame
12-30 10:33:08.178   360   931 D EvsDriver: forwardFrameDirect
12-30 10:33:08.178   360   931 D EvsDriver: Delivered 0xb400e2ca9e40c7a0 as id 1
12-30 10:33:08.178   359  2784 D evsmanagerd: /dev/video-evs0 forwarded the buffer #1 to 0xb400f125d2b26dd0 from 0xb400f125e2b20710
12-30 10:33:08.184   360   458 D EvsDriver: doneWithFrame
12-30 10:33:08.186   596  3076 E WifiHAL : Invalid data received from driver
12-30 10:33:08.194   594   643 I netd    : tetherGetStats() -> {[TetherStatsParcel{iface: vlan_07, rxBytes: 0, rxPackets: 0, txBytes: 0, txPackets: 0, ifIndex: 0}, TetherStatsParcel{iface: wlan0, rxBytes: 118210, rxPackets: 584, txBytes: 198378, txPackets: 625, ifIndex: 0}]} <2.31ms>
12-30 10:33:08.197   916  3726 I netstats_mobile_sample: [0,0,0,0,0,0,0,0,1767061988215]
12-30 10:33:08.197   916  3726 I netstats_wifi_sample: [540590,575421,2523,2764,1761259,512482,7180,2559,1767061988215]
12-30 10:33:08.208  2310  2721 D FuseDaemon: Node: 12970642256212195536 created.
12-30 10:33:08.211   360   931 D EvsDriver: forwardFrame
12-30 10:33:08.211   360   931 D EvsDriver: forwardFrameDirect
12-30 10:33:08.212   360   931 D EvsDriver: Delivered 0xb400e2ca9e40e270 as id 0
12-30 10:33:08.212   359  2784 D evsmanagerd: /dev/video-evs0 forwarded the buffer #0 to 0xb400f125d2b26dd0 from 0xb400f125e2b20710
12-30 10:33:08.214   360   458 D EvsDriver: doneWithFrame
12-30 10:33:08.227  2358  2623 D RcfController: Rcf proxy is not connected!
12-30 10:33:08.228  1614 25792 I okhttp.OkHttpClient: --> POST https://api-c-data-uat.mosc.faw-vw.com/j01/hu/data-collection/trace-service/vehicle-trace/v2/upload?requestId=5ba148da-5056-416d-8f73-8d7ae8bf1fb2&signt=1767061988220&appkey=HiVQY27x&sign=3fac92f2196660e560ddc9a51246923c
12-30 10:33:08.229  1614 25792 I okhttp.OkHttpClient: Content-Type: application/json; charset=UTF-8
12-30 10:33:08.229  1614 25792 I okhttp.OkHttpClient: Content-Length: 607
12-30 10:33:08.229  1614 25792 I okhttp.OkHttpClient: Accept-Language: zh_CN
12-30 10:33:08.229  1614 25792 I okhttp.OkHttpClient: Did: JETTA_HU_JBEVJ01__v1.0.1_v0.0.1
12-30 10:33:08.229  1614 25792 I okhttp.OkHttpClient: Authorization: Bearer
12-30 10:33:08.230  1614 25792 I okhttp.OkHttpClient: X-FTB3-VIN: LFVDEVCEI01000107
12-30 10:33:08.230  1614 25792 I okhttp.OkHttpClient: brandId: JETTA
12-30 10:33:08.231  1614 25792 I okhttp.OkHttpClient: {"compress":"GZIP","content":"H4sIAAAAAAAAAD1SS07DMBC9i9eksp1/dwWC2oq2Em0qIYQi154GQ3CqNIkoqGsugcRRuA3iGIybwCKfeW/mzZux796I2O0migzJtTbNy0jKsjE1ObPwGqq9Lg1ybEAHPOID7jPOg0EQgFBBZLMqEMjj36YSxspMk9VqhLHU9aFjZFkUIOuVfgYyZGEQ0oDFkR9H7IwoUWM9muj6noxQrKnLJzDLWtTNHpGfr/fvj0/brku7KQuUIqP5Yn47W6TLLF0mN+SIctBqCZN/H9k4zabnyXpKWZa1dgqWtdR+yF/y6rCzWuMUEWih99A36h0g81Jf9lZVpVtt8ouDLECdkrkH2w14vuPFEl9iGzkRFZ7j+oJTtpFKUd+6K4TJG5Hbdq8PKPq8z0/1oRsylzPmuHEEjgdu6ESuDB2uFJOxH3iS2V2XdhUjo6pSq1OI54PIuU85hruqfMQtd7NT1iFoVEJ3CnswqpuV43rBiH7S2WI5QbrRf6vHGnsbrtaXyfoimVBGKT4hOd7/AgpxJQEtAgAA","sendType":2,"vin":"LFVDEVCEI01000107"}
12-30 10:33:08.231  1614 25792 I okhttp.OkHttpClient: --> END POST (607-byte body)
12-30 10:33:08.237   594 25793 I resolv  : GetAddrInfoHandler::run: {102 102 102 983142 10052 0}
12-30 10:33:08.238   594 25793 D resolv  : resolv_getaddrinfo: explore_fqdn(): ai_family=0 ai_socktype=1 ai_protocol=6
12-30 10:33:08.239   594 25794 D resolv  : doQuery: (1, 1)
12-30 10:33:08.239   594 25794 I resolv  : res_nmkquery: (QUERY, IN, A)
12-30 10:33:08.239   594 25794 D resolv  : res_nsend
12-30 10:33:08.239   594 25794 D resolv  : resolv_cache_lookup: lookup
12-30 10:33:08.239   594 25794 D resolv  : resolv_cache_lookup: NOT IN CACHE
12-30 10:33:08.239   594 25794 D resolv  : resolv_populate_res_for_net: netid=102
12-30 10:33:08.239   594 25794 D resolv  : res_stats_usable_server: NS stats: S 0 + E 0 + T 64 + I 0 = 64, rtt = -1, min_samples = 8
12-30 10:33:08.239   594 25794 D resolv  : res_stats_usable_server: success rate 0
12-30 10:33:08.239   594 25794 I resolv  : res_stats_usable_server: too many resolution errors, ignoring server
12-30 10:33:08.239   594 25794 D resolv  : res_stats_usable_server: NS stats: S 0 + E 0 + T 64 + I 0 = 64, rtt = -1, min_samples = 8
12-30 10:33:08.239   594 25794 D resolv  : res_stats_usable_server: success rate 0
12-30 10:33:08.239   594 25794 I resolv  : res_stats_usable_server: too many resolution errors, ignoring server
12-30 10:33:08.239   594 25794 D resolv  : res_nsend: Querying server (# 1) address = 114.114.114.114:53
12-30 10:33:08.239   594 25794 D resolv  : send_dg: new DG socket
12-30 10:33:08.240   594 25794 D resolv  : get_timeout: using timeout of 5000 msec
12-30 10:33:08.240   594 25794 D resolv  : retrying_poll: 12 retrying_poll
12-30 10:33:08.245   360   931 D EvsDriver: forwardFrame
12-30 10:33:08.245   360   931 D EvsDriver: forwardFrameDirect
12-30 10:33:08.245   360   931 D EvsDriver: Delivered 0xb400e2ca9e40d4b0 as id 1
12-30 10:33:08.245   359  2784 D evsmanagerd: /dev/video-evs0 forwarded the buffer #1 to 0xb400f125d2b26dd0 from 0xb400f125e2b20710
12-30 10:33:08.248   596  3076 E WifiHAL : Invalid data received from driver
12-30 10:33:08.255   360   458 D EvsDriver: doneWithFrame
12-30 10:33:08.277  2358  2623 D RcfController: Rcf proxy is not connected!
12-30 10:33:08.278   360   931 I EvsDriver: /dev/video-evs0 VideoCapture fps 30.0017
12-30 10:33:08.278   360   931 D EvsDriver: forwardFrame
12-30 10:33:08.278   360   931 D EvsDriver: forwardFrameDirect
12-30 10:33:08.278   360   931 D EvsDriver: Delivered 0xb400e2ca9e40c2d0 as id 0
12-30 10:33:08.278   359  2784 D evsmanagerd: /dev/video-evs0 forwarded the buffer #0 to 0xb400f125d2b26dd0 from 0xb400f125e2b20710
12-30 10:33:08.285   360   458 D EvsDriver: doneWithFrame
12-30 10:33:08.299  2475  2681 I TtsServiceAgent: check thread start checking, threadId = 29
12-30 10:33:08.300  2475  2681 D TtsServiceAgent: start bind service...
12-30 10:33:08.300  2475  2681 D TtsServiceAgent: ----->initService, usage = 16
12-30 10:33:08.300  2475  2681 W ContextImpl: Calling a method in the system process without a qualified user: android.app.ContextImpl.bindService:1988 android.content.ContextWrapper.bindService:861 com.iflytek.autofly.ttsaidl.ttsproxy.TtsServiceAgent.initService:189 com.iflytek.autofly.ttsaidl.ttsproxy.TtsServiceAgent.initService:133 com.iflytek.autofly.ttsaidl.ttsproxy.TtsServiceAgent$2.run:517 
12-30 10:33:08.300   916  3726 W ActivityManager: Unable to start service Intent { act=com.iflytek.autofly.tts.ttsservice.TtsAdapterService cmp=com.iflytek.cutefly.speechclient.hmi/com.iflytek.autofly.tts.ttsservice.TtsAdapterService } U=0: not found
12-30 10:33:08.301  2475  2681 D TtsServiceAgent: bindService: false
12-30 10:33:08.301  2475  2681 D TtsServiceAgent: start reInitService
12-30 10:33:08.301  2475  2681 D TtsServiceAgent: aidlCheckThreadRunning = true
12-30 10:33:08.301  2475  2681 D TtsServiceAgent: ----->check connection status in 1000s...
12-30 10:33:08.301   596  3076 E WifiHAL : Invalid data received from driver
12-30 10:33:08.311   360   931 D EvsDriver: forwardFrame
12-30 10:33:08.311   360   931 D EvsDriver: forwardFrameDirect
12-30 10:33:08.312   360   931 D EvsDriver: Delivered 0xb400e2ca9e40d090 as id 1
12-30 10:33:08.312   359  2784 D evsmanagerd: /dev/video-evs0 forwarded the buffer #1 to 0xb400f125d2b26dd0 from 0xb400f125e2b20710
12-30 10:33:08.315   360   458 D EvsDriver: doneWithFrame
12-30 10:33:08.327  2358  2623 D RcfController: Rcf proxy is not connected!
12-30 10:33:08.345   360   931 D EvsDriver: forwardFrame
12-30 10:33:08.345   360   931 D EvsDriver: forwardFrameDirect
12-30 10:33:08.345   360   931 D EvsDriver: Delivered 0xb400e2ca9e40e110 as id 0
12-30 10:33:08.345   359  2784 D evsmanagerd: /dev/video-evs0 forwarded the buffer #0 to 0xb400f125d2b26dd0 from 0xb400f125e2b20710
12-30 10:33:08.345   360   458 D EvsDriver: doneWithFrame
12-30 10:33:08.355   650   729 D fgemcucomm: sd Uart data : 6AA602D82D0002920263
12-30 10:33:08.355   650   729 D fgemcucomm: rev uart=57246,len=18, data : 6AA681D82D000A92020007000000000000D5
12-30 10:33:08.355   398  2883 D adayocomadapter-ParseProtocolFunc: printRaWMsg Name[MCUToUPstream recv] len[10] data[92020007000000000000]
12-30 10:33:08.355   398  2883 D adayocomadapter-CommunicationManager: onUpstreamback   member[0] dataLength[7] timePoint[6924177]
12-30 10:33:08.355   398  2883 D adayocomadapter-ParseProtocolFunc: printRaWMsg Name[onUpstreamback] len[7] data[07000000000000]
12-30 10:33:08.355   398   464 D adayocomadapter-UpstreamHandler: processBeforePacket upSreamtProcessTimePoint[6924177] 
12-30 10:33:08.355   398   464 D adayocomadapter-UpstreamHandler: processPacket UPSTREAM_QUEUE_DATA_TIMEOUT
12-30 10:33:08.355   398   464 D adayocomadapter-ParseProtocolFunc: parseCommonIPCLBytes Processing tableNumber[7]
12-30 10:33:08.355   398   464 D adayocomadapter-ParseProtocolFunc: parseCommonIPCLBytes Processing tablename[Table-7] tableSize[7]
12-30 10:33:08.355   398   464 D adayocomadapter-ParseProtocolFunc: printRaWMsg Name[byteStream recv] len[7] data[07000000000000]
12-30 10:33:08.355   398   464 D adayocomadapter-ParseProtocolFunc: printRaWMsg Name[IPCLtoVHAL] len[6] data[214020530000]
12-30 10:33:08.355   398   464 D adayocomadapter-ParseProtocolFunc: printRaWMsg Name[IPCLtoVHAL] len[6] data[214020A00000]
12-30 10:33:08.355   398   464 D adayocomadapter-ParseProtocolFunc: printRaWMsg Name[IPCLtoVHAL] len[6] data[214021310000]
12-30 10:33:08.355   398   464 D adayocomadapter-ParseProtocolFunc: printRaWMsg Name[IPCLtoVHAL] len[6] data[214020A20000]
12-30 10:33:08.355   398   464 D adayocomadapter-ParseProtocolFunc: printRaWMsg Name[IPCLtoVHAL] len[6] data[214020A40000]
12-30 10:33:08.355   398   464 D adayocomadapter-ParseProtocolFunc: printRaWMsg Name[IPCLtoVHAL] len[6] data[214021CE0000]
12-30 10:33:08.356   398   464 D adayocomadapter-CommunicationManager: onUpstreamReceive mPropertyId 0x21402053
12-30 10:33:08.356   398   464 D adayocomadapter-CommunicationManager: convertBytesToInt32Memcpy  0
12-30 10:33:08.356   398   464 I vw-vhal : notifyVehicleProperty, propId = 0x21402053, data = {status: 2, int32Values: [0]}
12-30 10:33:08.356   398   464 I vw-vhal : CanSignalsAdapter::notifyVehicleProperty: solvedValue = {.timestamp = 6924177946156, .areaId = 0, .prop = 557850707, .status = AVAILABLE, .value = {.int32Values = [1]{0}, .floatValues = [0]{}, .int64Values = [0]{}, .bytes = [0]{}, .stringValue = ""}}
12-30 10:33:08.356   398   464 I VehiclePropertyStore: begin to write value to Store: {.timestamp = 6924177946156, .areaId = 0, .prop = 557850707, .status = AVAILABLE, .value = {.int32Values = [1]{0}, .floatValues = [0]{}, .int64Values = [0]{}, .bytes = [0]{}, .stringValue = ""}}
12-30 10:33:08.356   398   464 I DefaultVehicleHal_v2_0: DefaultVehicleHal::onPropertyValue, value:{.timestamp = 6924177946156, .areaId = 0, .prop = 557850707, .status = AVAILABLE, .value = {.int32Values = [1]{0}, .floatValues = [0]{}, .int64Values = [0]{}, .bytes = [0]{}, .stringValue = ""}}
12-30 10:33:08.356   398   464 D DiagPropHandler: is not DiagnosticConfig: 0x21402053
12-30 10:33:08.356   398   464 I VehiclePropertyStore: begin to write value to Store: {.timestamp = 6924177946156, .areaId = 0, .prop = 557850707, .status = AVAILABLE, .value = {.int32Values = [1]{0}, .floatValues = [0]{}, .int64Values = [0]{}, .bytes = [0]{}, .stringValue = ""}}
12-30 10:33:08.356   398   464 D adayocomadapter-CommunicationManager: onUpstreamReceive mPropertyId 0x21402053
12-30 10:33:08.356   398   464 D adayocomadapter-CommunicationManager: onUpstreamReceive mPropertyId 0x214020a0
12-30 10:33:08.356   398   464 D adayocomadapter-CommunicationManager: convertBytesToInt32Memcpy  0
12-30 10:33:08.356   398   464 I vw-vhal : notifyVehicleProperty, propId = 0x214020a0, data = {status: 2, int32Values: [0]}
12-30 10:33:08.356   398   464 I vw-vhal : CanSignalsAdapter::notifyVehicleProperty: solvedValue = {.timestamp = 6924178174156, .areaId = 0, .prop = 557850784, .status = AVAILABLE, .value = {.int32Values = [1]{0}, .floatValues = [0]{}, .int64Values = [0]{}, .bytes = [0]{}, .stringValue = ""}}
12-30 10:33:08.356   398   464 I VehiclePropertyStore: begin to write value to Store: {.timestamp = 6924178174156, .areaId = 0, .prop = 557850784, .status = AVAILABLE, .value = {.int32Values = [1]{0}, .floatValues = [0]{}, .int64Values = [0]{}, .bytes = [0]{}, .stringValue = ""}}
12-30 10:33:08.356   398   464 I DefaultVehicleHal_v2_0: DefaultVehicleHal::onPropertyValue, value:{.timestamp = 6924178174156, .areaId = 0, .prop = 557850784, .status = AVAILABLE, .value = {.int32Values = [1]{0}, .floatValues = [0]{}, .int64Values = [0]{}, .bytes = [0]{}, .stringValue = ""}}
12-30 10:33:08.356   398   464 D DiagPropHandler: is not DiagnosticConfig: 0x214020a0
12-30 10:33:08.356   398   464 I VehiclePropertyStore: begin to write value to Store: {.timestamp = 6924178174156, .areaId = 0, .prop = 557850784, .status = AVAILABLE, .value = {.int32Values = [1]{0}, .floatValues = [0]{}, .int64Values = [0]{}, .bytes = [0]{}, .stringValue = ""}}
12-30 10:33:08.356   398   464 D adayocomadapter-CommunicationManager: onUpstreamReceive mPropertyId 0x214020a0
12-30 10:33:08.356   398   464 D adayocomadapter-CommunicationManager: onUpstreamReceive mPropertyId 0x21402131
12-30 10:33:08.356   398   464 D adayocomadapter-CommunicationManager: convertBytesToInt32Memcpy  0
12-30 10:33:08.356   398   464 I vw-vhal : notifyVehicleProperty, propId = 0x21402131, data = {status: 2, int32Values: [0]}
12-30 10:33:08.356   398   464 I vw-vhal : CanSignalsAdapter::notifyVehicleProperty: solvedValue = {.timestamp = 6924178368823, .areaId = 0, .prop = 557850929, .status = AVAILABLE, .value = {.int32Values = [1]{0}, .floatValues = [0]{}, .int64Values = [0]{}, .bytes = [0]{}, .stringValue = ""}}
12-30 10:33:08.356   398   464 I VehiclePropertyStore: begin to write value to Store: {.timestamp = 6924178368823, .areaId = 0, .prop = 557850929, .status = AVAILABLE, .value = {.int32Values = [1]{0}, .floatValues = [0]{}, .int64Values = [0]{}, .bytes = [0]{}, .stringValue = ""}}
12-30 10:33:08.356   398   464 I DefaultVehicleHal_v2_0: DefaultVehicleHal::onPropertyValue, value:{.timestamp = 6924178368823, .areaId = 0, .prop = 557850929, .status = AVAILABLE, .value = {.int32Values = [1]{0}, .floatValues = [0]{}, .int64Values = [0]{}, .bytes = [0]{}, .stringValue = ""}}
12-30 10:33:08.356   398   464 D DiagPropHandler: is not DiagnosticConfig: 0x21402131
12-30 10:33:08.356   398   464 I VehiclePropertyStore: begin to write value to Store: {.timestamp = 6924178368823, .areaId = 0, .prop = 557850929, .status = AVAILABLE, .value = {.int32Values = [1]{0}, .floatValues = [0]{}, .int64Values = [0]{}, .bytes = [0]{}, .stringValue = ""}}
12-30 10:33:08.356   398   464 D adayocomadapter-CommunicationManager: onUpstreamReceive mPropertyId 0x21402131
12-30 10:33:08.356   398   464 D adayocomadapter-CommunicationManager: onUpstreamReceive mPropertyId 0x214020a2
12-30 10:33:08.356   398   464 D adayocomadapter-CommunicationManager: convertBytesToInt32Memcpy  0
12-30 10:33:08.356   398   464 I vw-vhal : notifyVehicleProperty, propId = 0x214020a2, data = {status: 2, int32Values: [0]}
12-30 10:33:08.356   398   464 I vw-vhal : CanSignalsAdapter::notifyVehicleProperty: solvedValue = {.timestamp = 6924178558490, .areaId = 0, .prop = 557850786, .status = AVAILABLE, .value = {.int32Values = [1]{0}, .floatValues = [0]{}, .int64Values = [0]{}, .bytes = [0]{}, .stringValue = ""}}
12-30 10:33:08.356   398   464 I VehiclePropertyStore: begin to write value to Store: {.timestamp = 6924178558490, .areaId = 0, .prop = 557850786, .status = AVAILABLE, .value = {.int32Values = [1]{0}, .floatValues = [0]{}, .int64Values = [0]{}, .bytes = [0]{}, .stringValue = ""}}
12-30 10:33:08.356   398   464 I DefaultVehicleHal_v2_0: DefaultVehicleHal::onPropertyValue, value:{.timestamp = 6924178558490, .areaId = 0, .prop = 557850786, .status = AVAILABLE, .value = {.int32Values = [1]{0}, .floatValues = [0]{}, .int64Values = [0]{}, .bytes = [0]{}, .stringValue = ""}}
12-30 10:33:08.356   398   464 D DiagPropHandler: is not DiagnosticConfig: 0x214020a2
12-30 10:33:08.356   398   464 I VehiclePropertyStore: begin to write value to Store: {.timestamp = 6924178558490, .areaId = 0, .prop = 557850786, .status = AVAILABLE, .value = {.int32Values = [1]{0}, .floatValues = [0]{}, .int64Values = [0]{}, .bytes = [0]{}, .stringValue = ""}}
12-30 10:33:08.356   398   464 D adayocomadapter-CommunicationManager: onUpstreamReceive mPropertyId 0x214020a2
12-30 10:33:08.356   398   464 D adayocomadapter-CommunicationManager: onUpstreamReceive mPropertyId 0x214020a4
12-30 10:33:08.356   398   464 D adayocomadapter-CommunicationManager: convertBytesToInt32Memcpy  0
12-30 10:33:08.356   398   464 I vw-vhal : notifyVehicleProperty, propId = 0x214020a4, data = {status: 2, int32Values: [0]}
12-30 10:33:08.356   398   464 I vw-vhal : CanSignalsAdapter::notifyVehicleProperty: solvedValue = {.timestamp = 6924178746490, .areaId = 0, .prop = 557850788, .status = AVAILABLE, .value = {.int32Values = [1]{0}, .floatValues = [0]{}, .int64Values = [0]{}, .bytes = [0]{}, .stringValue = ""}}
12-30 10:33:08.356   398   464 I VehiclePropertyStore: begin to write value to Store: {.timestamp = 6924178746490, .areaId = 0, .prop = 557850788, .status = AVAILABLE, .value = {.int32Values = [1]{0}, .floatValues = [0]{}, .int64Values = [0]{}, .bytes = [0]{}, .stringValue = ""}}
12-30 10:33:08.356   398   464 I DefaultVehicleHal_v2_0: DefaultVehicleHal::onPropertyValue, value:{.timestamp = 6924178746490, .areaId = 0, .prop = 557850788, .status = AVAILABLE, .value = {.int32Values = [1]{0}, .floatValues = [0]{}, .int64Values = [0]{}, .bytes = [0]{}, .stringValue = ""}}
12-30 10:33:08.356   398   464 D DiagPropHandler: is not DiagnosticConfig: 0x214020a4
12-30 10:33:08.356   398   464 I VehiclePropertyStore: begin to write value to Store: {.timestamp = 6924178746490, .areaId = 0, .prop = 557850788, .status = AVAILABLE, .value = {.int32Values = [1]{0}, .floatValues = [0]{}, .int64Values = [0]{}, .bytes = [0]{}, .stringValue = ""}}
12-30 10:33:08.357   398   464 D adayocomadapter-CommunicationManager: onUpstreamReceive mPropertyId 0x214020a4
12-30 10:33:08.357   398   464 D adayocomadapter-CommunicationManager: onUpstreamReceive mPropertyId 0x214021ce
12-30 10:33:08.357   398   464 D adayocomadapter-CommunicationManager: convertBytesToInt32Memcpy  0
12-30 10:33:08.357   398   464 I vw-vhal : notifyVehicleProperty, propId = 0x214021ce, data = {status: 2, int32Values: [0]}
