12-30 10:33:15.627   596  3076 E WifiHAL : Invalid data received from driver
12-30 10:33:15.627   398   464 I vw-vhal : CanSignalsAdapter::notifyVehicleProperty: solvedValue = {.timestamp = 6931449296157, .areaId = 0, .prop = 557850889, .status = AVAILABLE, .value = {.int32Values = [1]{0}, .floatValues = [0]{}, .int64Values = [0]{}, .bytes = [0]{}, .stringValue = ""}}
12-30 10:33:15.627   398   464 I VehiclePropertyStore: begin to write value to Store: {.timestamp = 6931449296157, .areaId = 0, .prop = 557850889, .status = AVAILABLE, .value = {.int32Values = [1]{0}, .floatValues = [0]{}, .int64Values = [0]{}, .bytes = [0]{}, .stringValue = ""}}
12-30 10:33:15.627   398   464 I DefaultVehicleHal_v2_0: DefaultVehicleHal::onPropertyValue, value:{.timestamp = 6931449296157, .areaId = 0, .prop = 557850889, .status = AVAILABLE, .value = {.int32Values = [1]{0}, .floatValues = [0]{}, .int64Values = [0]{}, .bytes = [0]{}, .stringValue = ""}}
12-30 10:33:15.627   398   464 D DiagPropHandler: is not DiagnosticConfig: 0x21402109
12-30 10:33:15.627   398   464 I VehiclePropertyStore: begin to write value to Store: {.timestamp = 6931449296157, .areaId = 0, .prop = 557850889, .status = AVAILABLE, .value = {.int32Values = [1]{0}, .floatValues = [0]{}, .int64Values = [0]{}, .bytes = [0]{}, .stringValue = ""}}
12-30 10:33:15.627   398   464 D adayocomadapter-CommunicationManager: onUpstreamReceive mPropertyId 0x21402109
12-30 10:33:15.627   398   464 D adayocomadapter-CommunicationManager: onUpstreamReceive mPropertyId 0x214020a7
12-30 10:33:15.627   398   464 D adayocomadapter-CommunicationManager: convertBytesToInt32Memcpy  0
12-30 10:33:15.628   398   464 I vw-vhal : notifyVehicleProperty, propId = 0x214020a7, data = {status: 2, int32Values: [0]}
12-30 10:33:15.628   398   464 I vw-vhal : CanSignalsAdapter::notifyVehicleProperty: solvedValue = {.timestamp = 6931449943157, .areaId = 0, .prop = 557850791, .status = AVAILABLE, .value = {.int32Values = [1]{0}, .floatValues = [0]{}, .int64Values = [0]{}, .bytes = [0]{}, .stringValue = ""}}
12-30 10:33:15.628   398   464 I VehiclePropertyStore: begin to write value to Store: {.timestamp = 6931449943157, .areaId = 0, .prop = 557850791, .status = AVAILABLE, .value = {.int32Values = [1]{0}, .floatValues = [0]{}, .int64Values = [0]{}, .bytes = [0]{}, .stringValue = ""}}
12-30 10:33:15.628   398   464 I DefaultVehicleHal_v2_0: DefaultVehicleHal::onPropertyValue, value:{.timestamp = 6931449943157, .areaId = 0, .prop = 557850791, .status = AVAILABLE, .value = {.int32Values = [1]{0}, .floatValues = [0]{}, .int64Values = [0]{}, .bytes = [0]{}, .stringValue = ""}}
12-30 10:33:15.628   398   464 D DiagPropHandler: is not DiagnosticConfig: 0x214020a7
12-30 10:33:15.628   398   464 I VehiclePropertyStore: begin to write value to Store: {.timestamp = 6931449943157, .areaId = 0, .prop = 557850791, .status = AVAILABLE, .value = {.int32Values = [1]{0}, .floatValues = [0]{}, .int64Values = [0]{}, .bytes = [0]{}, .stringValue = ""}}
12-30 10:33:15.628   398   464 D adayocomadapter-CommunicationManager: onUpstreamReceive mPropertyId 0x214020a7
12-30 10:33:15.628   398   464 D adayocomadapter-CommunicationManager: onUpstreamReceive mPropertyId 0x2140212e
12-30 10:33:15.628   398   464 D adayocomadapter-CommunicationManager: convertBytesToInt32Memcpy  0
12-30 10:33:15.628   398   464 I vw-vhal : notifyVehicleProperty, propId = 0x2140212e, data = {status: 2, int32Values: [0]}
12-30 10:33:15.628   398   464 I vw-vhal : CanSignalsAdapter::notifyVehicleProperty: solvedValue = {.timestamp = 6931450644824, .areaId = 0, .prop = 557850926, .status = AVAILABLE, .value = {.int32Values = [1]{0}, .floatValues = [0]{}, .int64Values = [0]{}, .bytes = [0]{}, .stringValue = ""}}
12-30 10:33:15.628   398   464 I VehiclePropertyStore: begin to write value to Store: {.timestamp = 6931450644824, .areaId = 0, .prop = 557850926, .status = AVAILABLE, .value = {.int32Values = [1]{0}, .floatValues = [0]{}, .int64Values = [0]{}, .bytes = [0]{}, .stringValue = ""}}
12-30 10:33:15.629   398   464 I DefaultVehicleHal_v2_0: DefaultVehicleHal::onPropertyValue, value:{.timestamp = 6931450644824, .areaId = 0, .prop = 557850926, .status = AVAILABLE, .value = {.int32Values = [1]{0}, .floatValues = [0]{}, .int64Values = [0]{}, .bytes = [0]{}, .stringValue = ""}}
12-30 10:33:15.629   398   464 D DiagPropHandler: is not DiagnosticConfig: 0x2140212e
12-30 10:33:15.629   398   464 I VehiclePropertyStore: begin to write value to Store: {.timestamp = 6931450644824, .areaId = 0, .prop = 557850926, .status = AVAILABLE, .value = {.int32Values = [1]{0}, .floatValues = [0]{}, .int64Values = [0]{}, .bytes = [0]{}, .stringValue = ""}}
12-30 10:33:15.629   398   464 D adayocomadapter-CommunicationManager: onUpstreamReceive mPropertyId 0x2140212e
12-30 10:33:15.629   398   464 D adayocomadapter-CommunicationManager: onUpstreamReceive mPropertyId 0x2140205f
12-30 10:33:15.629   398   464 D adayocomadapter-CommunicationManager: convertBytesToInt32Memcpy  0
12-30 10:33:15.629   398   464 I vw-vhal : notifyVehicleProperty, propId = 0x2140205f, data = {status: 2, int32Values: [0]}
12-30 10:33:15.629   398   464 I vw-vhal : CanSignalsAdapter::notifyVehicleProperty: solvedValue = {.timestamp = 6931451311157, .areaId = 0, .prop = 557850719, .status = AVAILABLE, .value = {.int32Values = [1]{0}, .floatValues = [0]{}, .int64Values = [0]{}, .bytes = [0]{}, .stringValue = ""}}
12-30 10:33:15.629   398   464 I VehiclePropertyStore: begin to write value to Store: {.timestamp = 6931451311157, .areaId = 0, .prop = 557850719, .status = AVAILABLE, .value = {.int32Values = [1]{0}, .floatValues = [0]{}, .int64Values = [0]{}, .bytes = [0]{}, .stringValue = ""}}
12-30 10:33:15.629   398   464 I DefaultVehicleHal_v2_0: DefaultVehicleHal::onPropertyValue, value:{.timestamp = 6931451311157, .areaId = 0, .prop = 557850719, .status = AVAILABLE, .value = {.int32Values = [1]{0}, .floatValues = [0]{}, .int64Values = [0]{}, .bytes = [0]{}, .stringValue = ""}}
12-30 10:33:15.629   398   464 D DiagPropHandler: is not DiagnosticConfig: 0x2140205f
12-30 10:33:15.629   398   464 I VehiclePropertyStore: begin to write value to Store: {.timestamp = 6931451311157, .areaId = 0, .prop = 557850719, .status = AVAILABLE, .value = {.int32Values = [1]{0}, .floatValues = [0]{}, .int64Values = [0]{}, .bytes = [0]{}, .stringValue = ""}}
12-30 10:33:15.629   398   464 D adayocomadapter-CommunicationManager: onUpstreamReceive mPropertyId 0x2140205f
12-30 10:33:15.629   398   464 D adayocomadapter-CommunicationManager: onUpstreamReceive mPropertyId 0x21402100
12-30 10:33:15.630   398   464 D adayocomadapter-CommunicationManager: convertBytesToInt32Memcpy  0
12-30 10:33:15.630   398   464 I vw-vhal : notifyVehicleProperty, propId = 0x21402100, data = {status: 2, int32Values: [0]}
12-30 10:33:15.630   398   464 I vw-vhal : CanSignalsAdapter::notifyVehicleProperty: solvedValue = {.timestamp = 6931451982491, .areaId = 0, .prop = 557850880, .status = AVAILABLE, .value = {.int32Values = [1]{0}, .floatValues = [0]{}, .int64Values = [0]{}, .bytes = [0]{}, .stringValue = ""}}
12-30 10:33:15.630   398   464 I VehiclePropertyStore: begin to write value to Store: {.timestamp = 6931451982491, .areaId = 0, .prop = 557850880, .status = AVAILABLE, .value = {.int32Values = [1]{0}, .floatValues = [0]{}, .int64Values = [0]{}, .bytes = [0]{}, .stringValue = ""}}
12-30 10:33:15.630   398   464 I DefaultVehicleHal_v2_0: DefaultVehicleHal::onPropertyValue, value:{.timestamp = 6931451982491, .areaId = 0, .prop = 557850880, .status = AVAILABLE, .value = {.int32Values = [1]{0}, .floatValues = [0]{}, .int64Values = [0]{}, .bytes = [0]{}, .stringValue = ""}}
12-30 10:33:15.630   398   464 D DiagPropHandler: is not DiagnosticConfig: 0x21402100
12-30 10:33:15.630   398   464 I VehiclePropertyStore: begin to write value to Store: {.timestamp = 6931451982491, .areaId = 0, .prop = 557850880, .status = AVAILABLE, .value = {.int32Values = [1]{0}, .floatValues = [0]{}, .int64Values = [0]{}, .bytes = [0]{}, .stringValue = ""}}
12-30 10:33:15.630   398   464 D adayocomadapter-CommunicationManager: onUpstreamReceive mPropertyId 0x21402100
12-30 10:33:15.630   398   464 D adayocomadapter-CommunicationManager: onUpstreamReceive mPropertyId 0x214021a1
12-30 10:33:15.630   398   464 D adayocomadapter-CommunicationManager: convertBytesToInt32Memcpy  0
12-30 10:33:15.630   398   464 I vw-vhal : notifyVehicleProperty, propId = 0x214021a1, data = {status: 2, int32Values: [0]}
12-30 10:33:15.630   398   464 I vw-vhal : CanSignalsAdapter::notifyVehicleProperty: solvedValue = {.timestamp = 6931452692157, .areaId = 0, .prop = 557851041, .status = AVAILABLE, .value = {.int32Values = [1]{0}, .floatValues = [0]{}, .int64Values = [0]{}, .bytes = [0]{}, .stringValue = ""}}
12-30 10:33:15.630   398   464 I VehiclePropertyStore: begin to write value to Store: {.timestamp = 6931452692157, .areaId = 0, .prop = 557851041, .status = AVAILABLE, .value = {.int32Values = [1]{0}, .floatValues = [0]{}, .int64Values = [0]{}, .bytes = [0]{}, .stringValue = ""}}
12-30 10:33:15.631   398   464 I DefaultVehicleHal_v2_0: DefaultVehicleHal::onPropertyValue, value:{.timestamp = 6931452692157, .areaId = 0, .prop = 557851041, .status = AVAILABLE, .value = {.int32Values = [1]{0}, .floatValues = [0]{}, .int64Values = [0]{}, .bytes = [0]{}, .stringValue = ""}}
12-30 10:33:15.631   398   464 D DiagPropHandler: is not DiagnosticConfig: 0x214021a1
12-30 10:33:15.631   398   464 I VehiclePropertyStore: begin to write value to Store: {.timestamp = 6931452692157, .areaId = 0, .prop = 557851041, .status = AVAILABLE, .value = {.int32Values = [1]{0}, .floatValues = [0]{}, .int64Values = [0]{}, .bytes = [0]{}, .stringValue = ""}}
12-30 10:33:15.631   398   464 D adayocomadapter-CommunicationManager: onUpstreamReceive mPropertyId 0x214021a1
12-30 10:33:15.631   398   464 D adayocomadapter-CommunicationManager: onUpstreamReceive mPropertyId 0x21402027
12-30 10:33:15.631   398   464 D adayocomadapter-CommunicationManager: convertBytesToInt32Memcpy  0
12-30 10:33:15.631   398   464 I vw-vhal : notifyVehicleProperty, propId = 0x21402027, data = {status: 2, int32Values: [0]}
12-30 10:33:15.631   398   464 I vw-vhal : CanSignalsAdapter::notifyVehicleProperty: solvedValue = {.timestamp = 6931453335491, .areaId = 0, .prop = 557850663, .status = AVAILABLE, .value = {.int32Values = [1]{0}, .floatValues = [0]{}, .int64Values = [0]{}, .bytes = [0]{}, .stringValue = ""}}
12-30 10:33:15.631   398   464 I VehiclePropertyStore: begin to write value to Store: {.timestamp = 6931453335491, .areaId = 0, .prop = 557850663, .status = AVAILABLE, .value = {.int32Values = [1]{0}, .floatValues = [0]{}, .int64Values = [0]{}, .bytes = [0]{}, .stringValue = ""}}
12-30 10:33:15.631   398   464 I DefaultVehicleHal_v2_0: DefaultVehicleHal::onPropertyValue, value:{.timestamp = 6931453335491, .areaId = 0, .prop = 557850663, .status = AVAILABLE, .value = {.int32Values = [1]{0}, .floatValues = [0]{}, .int64Values = [0]{}, .bytes = [0]{}, .stringValue = ""}}
12-30 10:33:15.631   398   464 D DiagPropHandler: is not DiagnosticConfig: 0x21402027
12-30 10:33:15.631   398   464 I VehiclePropertyStore: begin to write value to Store: {.timestamp = 6931453335491, .areaId = 0, .prop = 557850663, .status = AVAILABLE, .value = {.int32Values = [1]{0}, .floatValues = [0]{}, .int64Values = [0]{}, .bytes = [0]{}, .stringValue = ""}}
12-30 10:33:15.631   398   464 D adayocomadapter-CommunicationManager: onUpstreamReceive mPropertyId 0x21402027
12-30 10:33:15.631   398   464 D adayocomadapter-CommunicationManager: onUpstreamReceive mPropertyId 0x21402180
12-30 10:33:15.631   398   464 D adayocomadapter-CommunicationManager: convertBytesToInt32Memcpy  0
12-30 10:33:15.632   398   464 I vw-vhal : notifyVehicleProperty, propId = 0x21402180, data = {status: 2, int32Values: [0]}
12-30 10:33:15.632   398   464 I vw-vhal : CanSignalsAdapter::notifyVehicleProperty: solvedValue = {.timestamp = 6931453970157, .areaId = 0, .prop = 557851008, .status = AVAILABLE, .value = {.int32Values = [1]{0}, .floatValues = [0]{}, .int64Values = [0]{}, .bytes = [0]{}, .stringValue = ""}}
12-30 10:33:15.632   398   464 I VehiclePropertyStore: begin to write value to Store: {.timestamp = 6931453970157, .areaId = 0, .prop = 557851008, .status = AVAILABLE, .value = {.int32Values = [1]{0}, .floatValues = [0]{}, .int64Values = [0]{}, .bytes = [0]{}, .stringValue = ""}}
12-30 10:33:15.632   398   464 I DefaultVehicleHal_v2_0: DefaultVehicleHal::onPropertyValue, value:{.timestamp = 6931453970157, .areaId = 0, .prop = 557851008, .status = AVAILABLE, .value = {.int32Values = [1]{0}, .floatValues = [0]{}, .int64Values = [0]{}, .bytes = [0]{}, .stringValue = ""}}
12-30 10:33:15.632   398   464 D DiagPropHandler: is not DiagnosticConfig: 0x21402180
12-30 10:33:15.632   398   464 I VehiclePropertyStore: begin to write value to Store: {.timestamp = 6931453970157, .areaId = 0, .prop = 557851008, .status = AVAILABLE, .value = {.int32Values = [1]{0}, .floatValues = [0]{}, .int64Values = [0]{}, .bytes = [0]{}, .stringValue = ""}}
12-30 10:33:15.632   398   464 D adayocomadapter-CommunicationManager: onUpstreamReceive mPropertyId 0x21402180
12-30 10:33:15.632   398   464 D adayocomadapter-CommunicationManager: onUpstreamReceive mPropertyId 0x2140210b
12-30 10:33:15.632   398   464 D adayocomadapter-CommunicationManager: convertBytesToInt32Memcpy  0
12-30 10:33:15.632   398   464 I vw-vhal : notifyVehicleProperty, propId = 0x2140210b, data = {status: 2, int32Values: [0]}
12-30 10:33:15.632   398   464 I vw-vhal : CanSignalsAdapter::notifyVehicleProperty: solvedValue = {.timestamp = 6931454641491, .areaId = 0, .prop = 557850891, .status = AVAILABLE, .value = {.int32Values = [1]{0}, .floatValues = [0]{}, .int64Values = [0]{}, .bytes = [0]{}, .stringValue = ""}}
12-30 10:33:15.632   398   464 I VehiclePropertyStore: begin to write value to Store: {.timestamp = 6931454641491, .areaId = 0, .prop = 557850891, .status = AVAILABLE, .value = {.int32Values = [1]{0}, .floatValues = [0]{}, .int64Values = [0]{}, .bytes = [0]{}, .stringValue = ""}}
12-30 10:33:15.633   398   464 I DefaultVehicleHal_v2_0: DefaultVehicleHal::onPropertyValue, value:{.timestamp = 6931454641491, .areaId = 0, .prop = 557850891, .status = AVAILABLE, .value = {.int32Values = [1]{0}, .floatValues = [0]{}, .int64Values = [0]{}, .bytes = [0]{}, .stringValue = ""}}
12-30 10:33:15.633   398   464 D DiagPropHandler: is not DiagnosticConfig: 0x2140210b
12-30 10:33:15.633   398   464 I VehiclePropertyStore: begin to write value to Store: {.timestamp = 6931454641491, .areaId = 0, .prop = 557850891, .status = AVAILABLE, .value = {.int32Values = [1]{0}, .floatValues = [0]{}, .int64Values = [0]{}, .bytes = [0]{}, .stringValue = ""}}
12-30 10:33:15.633   398   464 D adayocomadapter-CommunicationManager: onUpstreamReceive mPropertyId 0x2140210b
12-30 10:33:15.633   398   464 D adayocomadapter-CommunicationManager: onUpstreamReceive mPropertyId 0x2140217e
12-30 10:33:15.633   398   464 D adayocomadapter-CommunicationManager: convertBytesToInt32Memcpy  0
12-30 10:33:15.633   398   464 I vw-vhal : notifyVehicleProperty, propId = 0x2140217e, data = {status: 2, int32Values: [0]}
12-30 10:33:15.633   398   464 I vw-vhal : CanSignalsAdapter::notifyVehicleProperty: solvedValue = {.timestamp = 6931455309157, .areaId = 0, .prop = 557851006, .status = AVAILABLE, .value = {.int32Values = [1]{0}, .floatValues = [0]{}, .int64Values = [0]{}, .bytes = [0]{}, .stringValue = ""}}
12-30 10:33:15.633   398   464 I VehiclePropertyStore: begin to write value to Store: {.timestamp = 6931455309157, .areaId = 0, .prop = 557851006, .status = AVAILABLE, .value = {.int32Values = [1]{0}, .floatValues = [0]{}, .int64Values = [0]{}, .bytes = [0]{}, .stringValue = ""}}
12-30 10:33:15.633   398   464 I DefaultVehicleHal_v2_0: DefaultVehicleHal::onPropertyValue, value:{.timestamp = 6931455309157, .areaId = 0, .prop = 557851006, .status = AVAILABLE, .value = {.int32Values = [1]{0}, .floatValues = [0]{}, .int64Values = [0]{}, .bytes = [0]{}, .stringValue = ""}}
12-30 10:33:15.633   398   464 D DiagPropHandler: is not DiagnosticConfig: 0x2140217e
12-30 10:33:15.633   398   464 I VehiclePropertyStore: begin to write value to Store: {.timestamp = 6931455309157, .areaId = 0, .prop = 557851006, .status = AVAILABLE, .value = {.int32Values = [1]{0}, .floatValues = [0]{}, .int64Values = [0]{}, .bytes = [0]{}, .stringValue = ""}}
12-30 10:33:15.633   398   464 D adayocomadapter-CommunicationManager: onUpstreamReceive mPropertyId 0x2140217e
12-30 10:33:15.633   398   464 D adayocomadapter-CommunicationManager: onUpstreamReceive mPropertyId 0x214020fe
12-30 10:33:15.633   398   464 D adayocomadapter-CommunicationManager: convertBytesToInt32Memcpy  0
12-30 10:33:15.634   398   464 I vw-vhal : notifyVehicleProperty, propId = 0x214020fe, data = {status: 2, int32Values: [0]}
12-30 10:33:15.634   398   464 I vw-vhal : CanSignalsAdapter::notifyVehicleProperty: solvedValue = {.timestamp = 6931455971491, .areaId = 0, .prop = 557850878, .status = AVAILABLE, .value = {.int32Values = [1]{0}, .floatValues = [0]{}, .int64Values = [0]{}, .bytes = [0]{}, .stringValue = ""}}
12-30 10:33:15.634   398   464 I VehiclePropertyStore: begin to write value to Store: {.timestamp = 6931455971491, .areaId = 0, .prop = 557850878, .status = AVAILABLE, .value = {.int32Values = [1]{0}, .floatValues = [0]{}, .int64Values = [0]{}, .bytes = [0]{}, .stringValue = ""}}
12-30 10:33:15.634   398   464 I DefaultVehicleHal_v2_0: DefaultVehicleHal::onPropertyValue, value:{.timestamp = 6931455971491, .areaId = 0, .prop = 557850878, .status = AVAILABLE, .value = {.int32Values = [1]{0}, .floatValues = [0]{}, .int64Values = [0]{}, .bytes = [0]{}, .stringValue = ""}}
12-30 10:33:15.634   398   464 D DiagPropHandler: is not DiagnosticConfig: 0x214020fe
12-30 10:33:15.634   398   464 I VehiclePropertyStore: begin to write value to Store: {.timestamp = 6931455971491, .areaId = 0, .prop = 557850878, .status = AVAILABLE, .value = {.int32Values = [1]{0}, .floatValues = [0]{}, .int64Values = [0]{}, .bytes = [0]{}, .stringValue = ""}}
12-30 10:33:15.634   398   464 D adayocomadapter-CommunicationManager: onUpstreamReceive mPropertyId 0x214020fe
12-30 10:33:15.634   398   464 D adayocomadapter-CommunicationManager: onUpstreamReceive mPropertyId 0x214020ff
12-30 10:33:15.634   398   464 D adayocomadapter-CommunicationManager: convertBytesToInt32Memcpy  0
12-30 10:33:15.634   398   464 I vw-vhal : notifyVehicleProperty, propId = 0x214020ff, data = {status: 2, int32Values: [0]}
12-30 10:33:15.634   398   464 I vw-vhal : CanSignalsAdapter::notifyVehicleProperty: solvedValue = {.timestamp = 6931456650824, .areaId = 0, .prop = 557850879, .status = AVAILABLE, .value = {.int32Values = [1]{0}, .floatValues = [0]{}, .int64Values = [0]{}, .bytes = [0]{}, .stringValue = ""}}
12-30 10:33:15.634   398   464 I VehiclePropertyStore: begin to write value to Store: {.timestamp = 6931456650824, .areaId = 0, .prop = 557850879, .status = AVAILABLE, .value = {.int32Values = [1]{0}, .floatValues = [0]{}, .int64Values = [0]{}, .bytes = [0]{}, .stringValue = ""}}
12-30 10:33:15.635   398   464 I DefaultVehicleHal_v2_0: DefaultVehicleHal::onPropertyValue, value:{.timestamp = 6931456650824, .areaId = 0, .prop = 557850879, .status = AVAILABLE, .value = {.int32Values = [1]{0}, .floatValues = [0]{}, .int64Values = [0]{}, .bytes = [0]{}, .stringValue = ""}}
12-30 10:33:15.635   398   464 D DiagPropHandler: is not DiagnosticConfig: 0x214020ff
12-30 10:33:15.635   398   464 I VehiclePropertyStore: begin to write value to Store: {.timestamp = 6931456650824, .areaId = 0, .prop = 557850879, .status = AVAILABLE, .value = {.int32Values = [1]{0}, .floatValues = [0]{}, .int64Values = [0]{}, .bytes = [0]{}, .stringValue = ""}}
12-30 10:33:15.635   398   464 D adayocomadapter-CommunicationManager: onUpstreamReceive mPropertyId 0x214020ff
12-30 10:33:15.635   398   464 D adayocomadapter-CommunicationManager: onUpstreamReceive mPropertyId 0x21402182
12-30 10:33:15.635   398   464 D adayocomadapter-CommunicationManager: convertBytesToInt32Memcpy  0
12-30 10:33:15.635   398   464 I vw-vhal : notifyVehicleProperty, propId = 0x21402182, data = {status: 2, int32Values: [0]}
12-30 10:33:15.635   398   464 I vw-vhal : CanSignalsAdapter::notifyVehicleProperty: solvedValue = {.timestamp = 6931457306824, .areaId = 0, .prop = 557851010, .status = AVAILABLE, .value = {.int32Values = [1]{0}, .floatValues = [0]{}, .int64Values = [0]{}, .bytes = [0]{}, .stringValue = ""}}
12-30 10:33:15.635   398   464 I VehiclePropertyStore: begin to write value to Store: {.timestamp = 6931457306824, .areaId = 0, .prop = 557851010, .status = AVAILABLE, .value = {.int32Values = [1]{0}, .floatValues = [0]{}, .int64Values = [0]{}, .bytes = [0]{}, .stringValue = ""}}
12-30 10:33:15.635   398   464 I DefaultVehicleHal_v2_0: DefaultVehicleHal::onPropertyValue, value:{.timestamp = 6931457306824, .areaId = 0, .prop = 557851010, .status = AVAILABLE, .value = {.int32Values = [1]{0}, .floatValues = [0]{}, .int64Values = [0]{}, .bytes = [0]{}, .stringValue = ""}}
12-30 10:33:15.635   398   464 D DiagPropHandler: is not DiagnosticConfig: 0x21402182
12-30 10:33:15.635   398   464 I VehiclePropertyStore: begin to write value to Store: {.timestamp = 6931457306824, .areaId = 0, .prop = 557851010, .status = AVAILABLE, .value = {.int32Values = [1]{0}, .floatValues = [0]{}, .int64Values = [0]{}, .bytes = [0]{}, .stringValue = ""}}
12-30 10:33:15.635   398   464 D adayocomadapter-CommunicationManager: onUpstreamReceive mPropertyId 0x21402182
12-30 10:33:15.645   360   931 D EvsDriver: forwardFrame
12-30 10:33:15.645   360   931 D EvsDriver: forwardFrameDirect
12-30 10:33:15.645   360   931 D EvsDriver: Delivered 0xb400e2ca9e40d4b0 as id 1
12-30 10:33:15.645   359  2784 D evsmanagerd: /dev/video-evs0 forwarded the buffer #1 to 0xb400f125d2b26dd0 from 0xb400f125e2b20710
12-30 10:33:15.654   360   458 D EvsDriver: doneWithFrame
12-30 10:33:15.663  2358  2623 D RcfController: Rcf proxy is not connected!
12-30 10:33:15.663  1628  1858 I CCarServiceManager: CarServiceManager->t()35:link:[48]     ---29:pool-2-thread-2
12-30 10:33:15.663   596  3076 E WifiHAL : Invalid data received from driver
12-30 10:33:15.664  1628  1858 I CCarServiceManager: CarServiceManager->t()64:link 转换后:48     ---29:pool-2-thread-2
12-30 10:33:15.664  1628  1858 I CCarServiceManager: CarServiceManager->t()84:link 转换后:48     ---29:pool-2-thread-2
12-30 10:33:15.664  1628  1858 D CarPropertyManager: setProperty, propertyId: 0x2141400f, areaId: 0x0, class: class [Ljava.lang.Integer;, val: [Ljava.lang.Integer;@f6868e7
12-30 10:33:15.665  1365  2014 D CarPropertyService: mSyncGetSetPropertyOpCount: 1
12-30 10:33:15.666   398  2883 I DefaultVehicleHal_v2_0: DefaultVehicleHal::set, current value:{.timestamp = 0, .areaId = 0, .prop = 557924367, .status = AVAILABLE, .value = {.int32Values = [1]{0}, .floatValues = [0]{}, .int64Values = [0]{}, .bytes = [0]{}, .stringValue = ""}}
12-30 10:33:15.666   398  2883 I DefaultVehicleHalServer: onSetProperty(0x2141400f)
12-30 10:33:15.666   398  2883 D vw-vhal : CanSignalsAdapter::setVehicleProperty: propValue = {.timestamp = 0, .areaId = 0, .prop = 557924367, .status = AVAILABLE, .value = {.int32Values = [1]{1}, .floatValues = [0]{}, .int64Values = [0]{}, .bytes = [0]{}, .stringValue = ""}}
12-30 10:33:15.666   398  2883 D vw-vhal : CanSignalsAdapter::setVehicleProperty: propId = 0x2141400f, data = {status: 0, int32Values: [1]}
12-30 10:33:15.666   398  2883 D adayocomadapter-CommunicationManager: setProperty id=[557924367]
12-30 10:33:15.667   398  2883 D adayocomadapter-CommunicationManager: writeValue id=[557924367]
12-30 10:33:15.667   398  2883 D adayocomadapter-VehiclePropertyStore: writeValue id=[557924367]
12-30 10:33:15.667   398  2883 D adayocomadapter-CommunicationManager: sendToDownstream mPropertyId 0x2141400f
12-30 10:33:15.667   398  2883 D adayocomadapter-ParseProtocolFunc: printRaWMsg Name[sendToDownstream] len[4] data[00000000]
12-30 10:33:15.667   398  2883 D adayocomadapter-ParseProtocolFunc: printRaWMsg Name[sendToDownstream] len[4] data[2141400F]
12-30 10:33:15.667   398  2883 D adayocomadapter-ParseProtocolFunc: printRaWMsg Name[sendToDownstream] len[5] data[2141400F01]
12-30 10:33:15.667   398  2883 D adayocomadapter-CommunicationManager: sendToDownstream ret[0]   member[130] dataLength[1] timePoint[6931489] 
12-30 10:33:15.667   398  2883 D adayocomadapter-ParseProtocolFunc: printRaWMsg Name[sendToDownstream] len[5] data[2141400F01]
12-30 10:33:15.667   398  2883 D adayocomadapter-CommunicationManager: sendToDownstream  000 mPropertyId[0x557924367]  
12-30 10:33:15.667   398   698 D adayocomadapter-DownstreamHandler: processBeforePacket downSreamtProcessTimePoint[6931489] 
12-30 10:33:15.667   398   698 D adayocomadapter-DownstreamHandler: DownstreamHandler processPacket 
12-30 10:33:15.667   398   698 D adayocomadapter-DownstreamHandler: DownstreamHandler processPacket valueIndex 0x2141400f
12-30 10:33:15.667  1365  2014 D CarPropertyService: mSyncGetSetPropertyOpCount: 0
12-30 10:33:15.667   398   698 D adayocomadapter-DownstreamHandler: DownstreamHandler processPacket 0002
12-30 10:33:15.667   398   698 D adayocomadapter-DownstreamHandler: DownstreamHandler processPacket sendMCUData2 
12-30 10:33:15.667   398   698 D adayocomadapter-CommunicationManager: sendMCUData 
12-30 10:33:15.668   398   698 D adayocomadapter-MCUInterfaceHandler: sendToMCU start
12-30 10:33:15.668   650   730 D fgemcucomm: sd Uart data : 6AA60114FA00081202022141400F0121
12-30 10:33:15.668  1628  1858 I CCarServiceManager: CarServiceManager->t()118:link:0     ---29:pool-2-thread-2
12-30 10:33:15.668   398   698 D adayocomadapter-ParseProtocolFunc: printRaWMsg Name[sendToMCU] len[8] data[1202022141400F01]
12-30 10:33:15.676  1667  2513 W ContextImpl: Calling a method in the system process without a qualified user: android.app.ContextImpl.bindService:1988 android.content.ContextWrapper.bindService:861 com.ford.sync.fnvservice.analytics.AnalyticsManager$RetryHandler.a:126 com.ford.sync.fnvservice.analytics.AnalyticsManager$RetryHandler.handleMessage:103 android.os.Handler.dispatchMessage:106 
12-30 10:33:15.677   916  3726 W ActivityManager: Unable to start service Intent { cmp=com.ford.sync.fnvservice/.analytics.AnalyticsService } U=0: not found
12-30 10:33:15.677  1667  2513 W AnalyticsManager:  bind ford Analytics failed -> sendRetryMessage 
12-30 10:33:15.678   360   931 D EvsDriver: forwardFrame
12-30 10:33:15.678   360   931 D EvsDriver: forwardFrameDirect
12-30 10:33:15.678   360   931 D EvsDriver: Delivered 0xb400e2ca9e40c2d0 as id 0
12-30 10:33:15.678   359  2784 D evsmanagerd: /dev/video-evs0 forwarded the buffer #0 to 0xb400f125d2b26dd0 from 0xb400f125e2b20710
12-30 10:33:15.684   360   458 D EvsDriver: doneWithFrame
12-30 10:33:15.688  1667  2407 I media_message_log->MediaMessageProxy: (SourceFile:1)b connectToService action bind
12-30 10:33:15.689   916  3726 W ActivityManager: Unable to start service Intent { cmp=com.adayo.server.mediamessagetransfer/.MediaMessTransferService (has extras) } U=0: not found
12-30 10:33:15.689  1667  2407 E media_message_log->MediaMessageProxy: (SourceFile:7)a bindServiceAsUser isBound = false
12-30 10:33:15.711   360   931 D EvsDriver: forwardFrame
12-30 10:33:15.711   360   931 D EvsDriver: forwardFrameDirect
12-30 10:33:15.712   360   931 D EvsDriver: Delivered 0xb400e2ca9e40d090 as id 1
12-30 10:33:15.712   359  2784 D evsmanagerd: /dev/video-evs0 forwarded the buffer #1 to 0xb400f125d2b26dd0 from 0xb400f125e2b20710
12-30 10:33:15.713  2358  2623 D RcfController: Rcf proxy is not connected!
12-30 10:33:15.714   360   458 D EvsDriver: doneWithFrame
12-30 10:33:15.715   650   729 D fgemcucomm: sd Uart data : 6AA602D86A0002920226
12-30 10:33:15.715   650   729 D fgemcucomm: rev uart=57308,len=14, data : 6AA681D86A0006920200010000A2
12-30 10:33:15.715   398  2883 D adayocomadapter-ParseProtocolFunc: printRaWMsg Name[MCUToUPstream recv] len[6] data[920200010000]
12-30 10:33:15.715   398  2883 D adayocomadapter-CommunicationManager: onUpstreamback   member[0] dataLength[3] timePoint[6931537]
12-30 10:33:15.715   398  2883 D adayocomadapter-ParseProtocolFunc: printRaWMsg Name[onUpstreamback] len[3] data[010000]
12-30 10:33:15.715   650   730 D fgemcucomm: file = hardware/interfaces/fgemcucomm/1.0/default/mcucomm/src/mcuCommFunctionTimer.cpp, function = startTimer  start timer OK = 5370 
12-30 10:33:15.716   398   464 D adayocomadapter-UpstreamHandler: processBeforePacket upSreamtProcessTimePoint[6931537] 
12-30 10:33:15.716   398   464 D adayocomadapter-UpstreamHandler: processPacket UPSTREAM_QUEUE_DATA_TIMEOUT
12-30 10:33:15.716   398   464 D adayocomadapter-ParseProtocolFunc: parseCommonIPCLBytes Processing tableNumber[1]
12-30 10:33:15.716   398   464 D adayocomadapter-ParseProtocolFunc: parseCommonIPCLBytes Processing tablename[Table-1] tableSize[3]
12-30 10:33:15.716   398   464 D adayocomadapter-ParseProtocolFunc: printRaWMsg Name[byteStream recv] len[3] data[010000]
12-30 10:33:15.716   398   464 D adayocomadapter-ParseProtocolFunc: printRaWMsg Name[IPCLtoVHAL] len[7] data[21402048000000]
12-30 10:33:15.716   398   464 D adayocomadapter-CommunicationManager: onUpstreamReceive mPropertyId 0x21402048
12-30 10:33:15.716   398   464 D adayocomadapter-CommunicationManager: convertBytesToInt32Memcpy  0
12-30 10:33:15.716   398   464 I vw-vhal : notifyVehicleProperty, propId = 0x21402048, data = {status: 2, int32Values: [0]}
12-30 10:33:15.716   398   464 I vw-vhal : CanSignalsAdapter::notifyVehicleProperty: solvedValue = {.timestamp = 6931538486824, .areaId = 0, .prop = 557850696, .status = AVAILABLE, .value = {.int32Values = [1]{0}, .floatValues = [0]{}, .int64Values = [0]{}, .bytes = [0]{}, .stringValue = ""}}
12-30 10:33:15.716   398   464 I VehiclePropertyStore: begin to write value to Store: {.timestamp = 6931538486824, .areaId = 0, .prop = 557850696, .status = AVAILABLE, .value = {.int32Values = [1]{0}, .floatValues = [0]{}, .int64Values = [0]{}, .bytes = [0]{}, .stringValue = ""}}
12-30 10:33:15.716   398   464 I DefaultVehicleHal_v2_0: DefaultVehicleHal::onPropertyValue, value:{.timestamp = 6931538486824, .areaId = 0, .prop = 557850696, .status = AVAILABLE, .value = {.int32Values = [1]{0}, .floatValues = [0]{}, .int64Values = [0]{}, .bytes = [0]{}, .stringValue = ""}}
12-30 10:33:15.716   398   464 D DiagPropHandler: is not DiagnosticConfig: 0x21402048
12-30 10:33:15.717   398   464 I VehiclePropertyStore: begin to write value to Store: {.timestamp = 6931538486824, .areaId = 0, .prop = 557850696, .status = AVAILABLE, .value = {.int32Values = [1]{0}, .floatValues = [0]{}, .int64Values = [0]{}, .bytes = [0]{}, .stringValue = ""}}
12-30 10:33:15.717   398   464 D adayocomadapter-CommunicationManager: onUpstreamReceive mPropertyId 0x21402048
12-30 10:33:15.734   650   729 D fgemcucomm: file = hardware/interfaces/fgemcucomm/1.0/default/mcucomm/src/mcuCommFunctionTimer.cpp, func = stopTimer  stop timer = 5370 
12-30 10:33:15.734   650   729 D fgemcucomm: rev uart=57309,len=10, data : 6AA68214FA000212025A
12-30 10:33:15.736   596  3076 E WifiHAL : Invalid data received from driver
12-30 10:33:15.744   360   931 D EvsDriver: forwardFrame
12-30 10:33:15.745   360   931 D EvsDriver: forwardFrameDirect
12-30 10:33:15.745   360   931 D EvsDriver: Delivered 0xb400e2ca9e40e110 as id 0
12-30 10:33:15.745   359  2784 D evsmanagerd: /dev/video-evs0 forwarded the buffer #0 to 0xb400f125d2b26dd0 from 0xb400f125e2b20710
12-30 10:33:15.754   650   729 D fgemcucomm: sd Uart data : 6AA602D86B0002920225
12-30 10:33:15.755   360   458 D EvsDriver: doneWithFrame
12-30 10:33:15.755   650   729 D fgemcucomm: rev uart=57310,len=16, data : 6AA681D86B000892020003000000009D
12-30 10:33:15.755   398  2883 D adayocomadapter-ParseProtocolFunc: printRaWMsg Name[MCUToUPstream recv] len[8] data[9202000300000000]
12-30 10:33:15.755   398  2883 D adayocomadapter-CommunicationManager: onUpstreamback   member[0] dataLength[5] timePoint[6931577]
12-30 10:33:15.755   398  2883 D adayocomadapter-ParseProtocolFunc: printRaWMsg Name[onUpstreamback] len[5] data[0300000000]
12-30 10:33:15.755   398   464 D adayocomadapter-UpstreamHandler: processBeforePacket upSreamtProcessTimePoint[6931577] 
12-30 10:33:15.755   398   464 D adayocomadapter-UpstreamHandler: processPacket UPSTREAM_QUEUE_DATA_TIMEOUT
12-30 10:33:15.755   398   464 D adayocomadapter-ParseProtocolFunc: parseCommonIPCLBytes Processing tableNumber[3]
12-30 10:33:15.755   398   464 D adayocomadapter-ParseProtocolFunc: parseCommonIPCLBytes Processing tablename[Table-3] tableSize[5]
12-30 10:33:15.755   398   464 D adayocomadapter-ParseProtocolFunc: printRaWMsg Name[byteStream recv] len[5] data[0300000000]
12-30 10:33:15.755   398   464 D adayocomadapter-ParseProtocolFunc: printRaWMsg Name[IPCLtoVHAL] len[8] data[2141213801000000]
12-30 10:33:15.755   398   464 D adayocomadapter-ParseProtocolFunc: printRaWMsg Name[IPCLtoVHAL] len[6] data[214021D60000]
12-30 10:33:15.755   398   464 D adayocomadapter-CommunicationManager: onUpstreamReceive mPropertyId 0x21412138
12-30 10:33:15.755   398   464 I vw-vhal : notifyVehicleProperty, propId = 0x21412138, data = {status: 2, int32Values: [0, 0, 0]}
12-30 10:33:15.755   398   464 I vw-vhal : CanSignalsAdapter::notifyVehicleProperty: solvedValue = {.timestamp = 6931577480824, .areaId = 0, .prop = 557916472, .status = AVAILABLE, .value = {.int32Values = [3]{0, 0, 0}, .floatValues = [0]{}, .int64Values = [0]{}, .bytes = [0]{}, .stringValue = ""}}
12-30 10:33:15.755   398   464 I VehiclePropertyStore: begin to write value to Store: {.timestamp = 6931577480824, .areaId = 0, .prop = 557916472, .status = AVAILABLE, .value = {.int32Values = [3]{0, 0, 0}, .floatValues = [0]{}, .int64Values = [0]{}, .bytes = [0]{}, .stringValue = ""}}
12-30 10:33:15.755   398   464 I DefaultVehicleHal_v2_0: DefaultVehicleHal::onPropertyValue, value:{.timestamp = 6931577480824, .areaId = 0, .prop = 557916472, .status = AVAILABLE, .value = {.int32Values = [3]{0, 0, 0}, .floatValues = [0]{}, .int64Values = [0]{}, .bytes = [0]{}, .stringValue = ""}}
12-30 10:33:15.755   398   464 D DiagPropHandler: is not DiagnosticConfig: 0x21412138
12-30 10:33:15.755   398   464 I VehiclePropertyStore: begin to write value to Store: {.timestamp = 6931577480824, .areaId = 0, .prop = 557916472, .status = AVAILABLE, .value = {.int32Values = [3]{0, 0, 0}, .floatValues = [0]{}, .int64Values = [0]{}, .bytes = [0]{}, .stringValue = ""}}
12-30 10:33:15.755   398   464 D adayocomadapter-CommunicationManager: onUpstreamReceive mPropertyId 0x21412138
12-30 10:33:15.755   398   464 D adayocomadapter-CommunicationManager: onUpstreamReceive mPropertyId 0x214021d6
12-30 10:33:15.755   398   464 D adayocomadapter-CommunicationManager: convertBytesToInt32Memcpy  0
12-30 10:33:15.755   398   464 I vw-vhal : notifyVehicleProperty, propId = 0x214021d6, data = {status: 2, int32Values: [0]}
12-30 10:33:15.755   398   464 I vw-vhal : CanSignalsAdapter::notifyVehicleProperty: solvedValue = {.timestamp = 6931577806824, .areaId = 0, .prop = 557851094, .status = AVAILABLE, .value = {.int32Values = [1]{0}, .floatValues = [0]{}, .int64Values = [0]{}, .bytes = [0]{}, .stringValue = ""}}
12-30 10:33:15.756   398   464 I VehiclePropertyStore: begin to write value to Store: {.timestamp = 6931577806824, .areaId = 0, .prop = 557851094, .status = AVAILABLE, .value = {.int32Values = [1]{0}, .floatValues = [0]{}, .int64Values = [0]{}, .bytes = [0]{}, .stringValue = ""}}
12-30 10:33:15.756   398   464 I DefaultVehicleHal_v2_0: DefaultVehicleHal::onPropertyValue, value:{.timestamp = 6931577806824, .areaId = 0, .prop = 557851094, .status = AVAILABLE, .value = {.int32Values = [1]{0}, .floatValues = [0]{}, .int64Values = [0]{}, .bytes = [0]{}, .stringValue = ""}}
12-30 10:33:15.756   398   464 D DiagPropHandler: is not DiagnosticConfig: 0x214021d6
12-30 10:33:15.756   398   464 I VehiclePropertyStore: begin to write value to Store: {.timestamp = 6931577806824, .areaId = 0, .prop = 557851094, .status = AVAILABLE, .value = {.int32Values = [1]{0}, .floatValues = [0]{}, .int64Values = [0]{}, .bytes = [0]{}, .stringValue = ""}}
12-30 10:33:15.756   398   464 D adayocomadapter-CommunicationManager: onUpstreamReceive mPropertyId 0x214021d6
12-30 10:33:15.764  2358  2623 D RcfController: Rcf proxy is not connected!
12-30 10:33:15.776   596  3076 E WifiHAL : Invalid data received from driver
12-30 10:33:15.778   360   931 D EvsDriver: forwardFrame
12-30 10:33:15.778   360   931 D EvsDriver: forwardFrameDirect
12-30 10:33:15.778   360   931 D EvsDriver: Delivered 0xb400e2ca9e40c7a0 as id 1
12-30 10:33:15.778   359  2784 D evsmanagerd: /dev/video-evs0 forwarded the buffer #1 to 0xb400f125d2b26dd0 from 0xb400f125e2b20710
12-30 10:33:15.785   360   458 D EvsDriver: doneWithFrame
12-30 10:33:15.801  1582  3078 I c       : checkService in back thread add: adayo.upgrade.v2.0
12-30 10:33:15.801  1582  3078 E upgradeApp_251223_V1  l: d(null:11)pre->c(null:23)-> serviceBinder is null
12-30 10:33:15.801  1582  3078 W c       : doBindService in back thread fail: adayo.upgrade.v2.0
12-30 10:33:15.811   360   931 D EvsDriver: forwardFrame
12-30 10:33:15.811   360   931 D EvsDriver: forwardFrameDirect
12-30 10:33:15.811   360   931 D EvsDriver: Delivered 0xb400e2ca9e40e270 as id 0
12-30 10:33:15.811   359  2784 D evsmanagerd: /dev/video-evs0 forwarded the buffer #0 to 0xb400f125d2b26dd0 from 0xb400f125e2b20710
12-30 10:33:15.814  2358  2623 D RcfController: Rcf proxy is not connected!
12-30 10:33:15.815   360   458 D EvsDriver: doneWithFrame
12-30 10:33:15.844   360   931 D EvsDriver: forwardFrame
12-30 10:33:15.845   360   931 D EvsDriver: forwardFrameDirect
12-30 10:33:15.845   360   931 D EvsDriver: Delivered 0xb400e2ca9e40d4b0 as id 1
12-30 10:33:15.845   359  2784 D evsmanagerd: /dev/video-evs0 forwarded the buffer #1 to 0xb400f125d2b26dd0 from 0xb400f125e2b20710
12-30 10:33:15.845   360   458 D EvsDriver: doneWithFrame
12-30 10:33:15.847   596  3076 E WifiHAL : Invalid data received from driver
12-30 10:33:15.850  1611  1611 I ADAYO_LOG_: handleMessage(UsbFunc.java:3)copyQnx = 0
12-30 10:33:15.851  1611  1611 I ADAYO_LOG_: handleMessage(UsbFunc.java:12)copyState = 2
12-30 10:33:15.864  2358  2623 D RcfController: Rcf proxy is not connected!
12-30 10:33:15.878   360   931 D EvsDriver: forwardFrame
12-30 10:33:15.878   360   931 D EvsDriver: forwardFrameDirect
12-30 10:33:15.878   360   931 D EvsDriver: Delivered 0xb400e2ca9e40c2d0 as id 0
12-30 10:33:15.878   359  2784 D evsmanagerd: /dev/video-evs0 forwarded the buffer #0 to 0xb400f125d2b26dd0 from 0xb400f125e2b20710
12-30 10:33:15.885   360   458 D EvsDriver: doneWithFrame
12-30 10:33:15.888   596  3076 E WifiHAL : Invalid data received from driver
12-30 10:33:15.888  3066  3066 D hostapd : nl80211: BSS Event 59 (NL80211_CMD_FRAME) received for wlan1
12-30 10:33:15.888  3066  3066 D hostapd : nl80211: RX frame da=ff:ff:ff:ff:ff:ff sa=ee:74:72:d7:de:af bssid=ee:74:72:d7:de:af freq=5745 ssi_signal=-9100 fc=0xd0 seq_ctrl=0x55b0 stype=13 (WLAN_FC_STYPE_ACTION) len=42
12-30 10:33:15.888  3066  3066 D hostapd : wlan1: Event RX_MGMT (18) received
12-30 10:33:15.888  3066  3066 D hostapd : Receive wpa msg : Event RX_MGMT (18) received
12-30 10:33:15.909  3066  3066 D hostapd : nl80211: BSS Event 59 (NL80211_CMD_FRAME) received for wlan1
12-30 10:33:15.909  3066  3066 D hostapd : nl80211: RX frame da=ff:ff:ff:ff:ff:ff sa=ee:74:72:d7:de:af bssid=ee:74:72:d7:de:af freq=5745 ssi_signal=-9000 fc=0xd0 seq_ctrl=0x55c0 stype=13 (WLAN_FC_STYPE_ACTION) len=42
12-30 10:33:15.909  3066  3066 D hostapd : wlan1: Event RX_MGMT (18) received
12-30 10:33:15.909  3066  3066 D hostapd : Receive wpa msg : Event RX_MGMT (18) received
12-30 10:33:15.911   360   931 D EvsDriver: forwardFrame
12-30 10:33:15.911   360   931 D EvsDriver: forwardFrameDirect
12-30 10:33:15.911   360   931 D EvsDriver: Delivered 0xb400e2ca9e40d090 as id 1
12-30 10:33:15.911   359  2784 D evsmanagerd: /dev/video-evs0 forwarded the buffer #1 to 0xb400f125d2b26dd0 from 0xb400f125e2b20710
12-30 10:33:15.914  2358  2623 D RcfController: Rcf proxy is not connected!
12-30 10:33:15.915   650   729 D fgemcucomm: sd Uart data : 6AA602D86C0002920224
12-30 10:33:15.915   650   729 D fgemcucomm: rev uart=57311,len=18, data : 6AA681D86C000A9202000700000000000096
12-30 10:33:15.915   398  2883 D adayocomadapter-ParseProtocolFunc: printRaWMsg Name[MCUToUPstream recv] len[10] data[92020007000000000000]
12-30 10:33:15.915   398  2883 D adayocomadapter-CommunicationManager: onUpstreamback   member[0] dataLength[7] timePoint[6931737]
12-30 10:33:15.915   398  2883 D adayocomadapter-ParseProtocolFunc: printRaWMsg Name[onUpstreamback] len[7] data[07000000000000]
12-30 10:33:15.915   398   464 D adayocomadapter-UpstreamHandler: processBeforePacket upSreamtProcessTimePoint[6931737] 
12-30 10:33:15.915   398   464 D adayocomadapter-UpstreamHandler: processPacket UPSTREAM_QUEUE_DATA_TIMEOUT
12-30 10:33:15.915   398   464 D adayocomadapter-ParseProtocolFunc: parseCommonIPCLBytes Processing tableNumber[7]
12-30 10:33:15.915   398   464 D adayocomadapter-ParseProtocolFunc: parseCommonIPCLBytes Processing tablename[Table-7] tableSize[7]
12-30 10:33:15.915   398   464 D adayocomadapter-ParseProtocolFunc: printRaWMsg Name[byteStream recv] len[7] data[07000000000000]
12-30 10:33:15.915   398   464 D adayocomadapter-ParseProtocolFunc: printRaWMsg Name[IPCLtoVHAL] len[6] data[214020530000]
12-30 10:33:15.915   398   464 D adayocomadapter-ParseProtocolFunc: printRaWMsg Name[IPCLtoVHAL] len[6] data[214020A00000]
12-30 10:33:15.915   398   464 D adayocomadapter-ParseProtocolFunc: printRaWMsg Name[IPCLtoVHAL] len[6] data[214021310000]
12-30 10:33:15.915   398   464 D adayocomadapter-ParseProtocolFunc: printRaWMsg Name[IPCLtoVHAL] len[6] data[214020A20000]
12-30 10:33:15.915   398   464 D adayocomadapter-ParseProtocolFunc: printRaWMsg Name[IPCLtoVHAL] len[6] data[214020A40000]
12-30 10:33:15.915   398   464 D adayocomadapter-ParseProtocolFunc: printRaWMsg Name[IPCLtoVHAL] len[6] data[214021CE0000]
12-30 10:33:15.915   398   464 D adayocomadapter-CommunicationManager: onUpstreamReceive mPropertyId 0x21402053
12-30 10:33:15.915   398   464 D adayocomadapter-CommunicationManager: convertBytesToInt32Memcpy  0
12-30 10:33:15.915   398   464 I vw-vhal : notifyVehicleProperty, propId = 0x21402053, data = {status: 2, int32Values: [0]}
12-30 10:33:15.915   398   464 I vw-vhal : CanSignalsAdapter::notifyVehicleProperty: solvedValue = {.timestamp = 6931737681824, .areaId = 0, .prop = 557850707, .status = AVAILABLE, .value = {.int32Values = [1]{0}, .floatValues = [0]{}, .int64Values = [0]{}, .bytes = [0]{}, .stringValue = ""}}
12-30 10:33:15.915   398   464 I VehiclePropertyStore: begin to write value to Store: {.timestamp = 6931737681824, .areaId = 0, .prop = 557850707, .status = AVAILABLE, .value = {.int32Values = [1]{0}, .floatValues = [0]{}, .int64Values = [0]{}, .bytes = [0]{}, .stringValue = ""}}
12-30 10:33:15.915   398   464 I DefaultVehicleHal_v2_0: DefaultVehicleHal::onPropertyValue, value:{.timestamp = 6931737681824, .areaId = 0, .prop = 557850707, .status = AVAILABLE, .value = {.int32Values = [1]{0}, .floatValues = [0]{}, .int64Values = [0]{}, .bytes = [0]{}, .stringValue = ""}}
12-30 10:33:15.915   398   464 D DiagPropHandler: is not DiagnosticConfig: 0x21402053
12-30 10:33:15.915   398   464 I VehiclePropertyStore: begin to write value to Store: {.timestamp = 6931737681824, .areaId = 0, .prop = 557850707, .status = AVAILABLE, .value = {.int32Values = [1]{0}, .floatValues = [0]{}, .int64Values = [0]{}, .bytes = [0]{}, .stringValue = ""}}
12-30 10:33:15.916   398   464 D adayocomadapter-CommunicationManager: onUpstreamReceive mPropertyId 0x21402053
12-30 10:33:15.916   398   464 D adayocomadapter-CommunicationManager: onUpstreamReceive mPropertyId 0x214020a0
12-30 10:33:15.916   398   464 D adayocomadapter-CommunicationManager: convertBytesToInt32Memcpy  0
12-30 10:33:15.916   398   464 I vw-vhal : notifyVehicleProperty, propId = 0x214020a0, data = {status: 2, int32Values: [0]}
12-30 10:33:15.916   398   464 I vw-vhal : CanSignalsAdapter::notifyVehicleProperty: solvedValue = {.timestamp = 6931737948491, .areaId = 0, .prop = 557850784, .status = AVAILABLE, .value = {.int32Values = [1]{0}, .floatValues = [0]{}, .int64Values = [0]{}, .bytes = [0]{}, .stringValue = ""}}
12-30 10:33:15.916   398   464 I VehiclePropertyStore: begin to write value to Store: {.timestamp = 6931737948491, .areaId = 0, .prop = 557850784, .status = AVAILABLE, .value = {.int32Values = [1]{0}, .floatValues = [0]{}, .int64Values = [0]{}, .bytes = [0]{}, .stringValue = ""}}
12-30 10:33:15.916   398   464 I DefaultVehicleHal_v2_0: DefaultVehicleHal::onPropertyValue, value:{.timestamp = 6931737948491, .areaId = 0, .prop = 557850784, .status = AVAILABLE, .value = {.int32Values = [1]{0}, .floatValues = [0]{}, .int64Values = [0]{}, .bytes = [0]{}, .stringValue = ""}}
12-30 10:33:15.916   398   464 D DiagPropHandler: is not DiagnosticConfig: 0x214020a0
12-30 10:33:15.916   398   464 I VehiclePropertyStore: begin to write value to Store: {.timestamp = 6931737948491, .areaId = 0, .prop = 557850784, .status = AVAILABLE, .value = {.int32Values = [1]{0}, .floatValues = [0]{}, .int64Values = [0]{}, .bytes = [0]{}, .stringValue = ""}}
12-30 10:33:15.916   398   464 D adayocomadapter-CommunicationManager: onUpstreamReceive mPropertyId 0x214020a0
12-30 10:33:15.916   398   464 D adayocomadapter-CommunicationManager: onUpstreamReceive mPropertyId 0x21402131
12-30 10:33:15.916   398   464 D adayocomadapter-CommunicationManager: convertBytesToInt32Memcpy  0
12-30 10:33:15.916   398   464 I vw-vhal : notifyVehicleProperty, propId = 0x21402131, data = {status: 2, int32Values: [0]}
12-30 10:33:15.916   360   458 D EvsDriver: doneWithFrame
12-30 10:33:15.916   398   464 I vw-vhal : CanSignalsAdapter::notifyVehicleProperty: solvedValue = {.timestamp = 6931738150824, .areaId = 0, .prop = 557850929, .status = AVAILABLE, .value = {.int32Values = [1]{0}, .floatValues = [0]{}, .int64Values = [0]{}, .bytes = [0]{}, .stringValue = ""}}
12-30 10:33:15.916   398   464 I VehiclePropertyStore: begin to write value to Store: {.timestamp = 6931738150824, .areaId = 0, .prop = 557850929, .status = AVAILABLE, .value = {.int32Values = [1]{0}, .floatValues = [0]{}, .int64Values = [0]{}, .bytes = [0]{}, .stringValue = ""}}
12-30 10:33:15.916   398   464 I DefaultVehicleHal_v2_0: DefaultVehicleHal::onPropertyValue, value:{.timestamp = 6931738150824, .areaId = 0, .prop = 557850929, .status = AVAILABLE, .value = {.int32Values = [1]{0}, .floatValues = [0]{}, .int64Values = [0]{}, .bytes = [0]{}, .stringValue = ""}}
12-30 10:33:15.916   398   464 D DiagPropHandler: is not DiagnosticConfig: 0x21402131
12-30 10:33:15.916   398   464 I VehiclePropertyStore: begin to write value to Store: {.timestamp = 6931738150824, .areaId = 0, .prop = 557850929, .status = AVAILABLE, .value = {.int32Values = [1]{0}, .floatValues = [0]{}, .int64Values = [0]{}, .bytes = [0]{}, .stringValue = ""}}
12-30 10:33:15.916   398   464 D adayocomadapter-CommunicationManager: onUpstreamReceive mPropertyId 0x21402131
12-30 10:33:15.916   398   464 D adayocomadapter-CommunicationManager: onUpstreamReceive mPropertyId 0x214020a2
12-30 10:33:15.916   398   464 D adayocomadapter-CommunicationManager: convertBytesToInt32Memcpy  0
12-30 10:33:15.916   398   464 I vw-vhal : notifyVehicleProperty, propId = 0x214020a2, data = {status: 2, int32Values: [0]}
12-30 10:33:15.916   398   464 I vw-vhal : CanSignalsAdapter::notifyVehicleProperty: solvedValue = {.timestamp = 6931738375491, .areaId = 0, .prop = 557850786, .status = AVAILABLE, .value = {.int32Values = [1]{0}, .floatValues = [0]{}, .int64Values = [0]{}, .bytes = [0]{}, .stringValue = ""}}
12-30 10:33:15.916   398   464 I VehiclePropertyStore: begin to write value to Store: {.timestamp = 6931738375491, .areaId = 0, .prop = 557850786, .status = AVAILABLE, .value = {.int32Values = [1]{0}, .floatValues = [0]{}, .int64Values = [0]{}, .bytes = [0]{}, .stringValue = ""}}
12-30 10:33:15.916   398   464 I DefaultVehicleHal_v2_0: DefaultVehicleHal::onPropertyValue, value:{.timestamp = 6931738375491, .areaId = 0, .prop = 557850786, .status = AVAILABLE, .value = {.int32Values = [1]{0}, .floatValues = [0]{}, .int64Values = [0]{}, .bytes = [0]{}, .stringValue = ""}}
12-30 10:33:15.916   398   464 D DiagPropHandler: is not DiagnosticConfig: 0x214020a2
12-30 10:33:15.916   398   464 I VehiclePropertyStore: begin to write value to Store: {.timestamp = 6931738375491, .areaId = 0, .prop = 557850786, .status = AVAILABLE, .value = {.int32Values = [1]{0}, .floatValues = [0]{}, .int64Values = [0]{}, .bytes = [0]{}, .stringValue = ""}}
12-30 10:33:15.916   398   464 D adayocomadapter-CommunicationManager: onUpstreamReceive mPropertyId 0x214020a2
12-30 10:33:15.916   398   464 D adayocomadapter-CommunicationManager: onUpstreamReceive mPropertyId 0x214020a4
12-30 10:33:15.916   398   464 D adayocomadapter-CommunicationManager: convertBytesToInt32Memcpy  0
12-30 10:33:15.916   398   464 I vw-vhal : notifyVehicleProperty, propId = 0x214020a4, data = {status: 2, int32Values: [0]}
12-30 10:33:15.916   398   464 I vw-vhal : CanSignalsAdapter::notifyVehicleProperty: solvedValue = {.timestamp = 6931738770824, .areaId = 0, .prop = 557850788, .status = AVAILABLE, .value = {.int32Values = [1]{0}, .floatValues = [0]{}, .int64Values = [0]{}, .bytes = [0]{}, .stringValue = ""}}
12-30 10:33:15.916   398   464 I VehiclePropertyStore: begin to write value to Store: {.timestamp = 6931738770824, .areaId = 0, .prop = 557850788, .status = AVAILABLE, .value = {.int32Values = [1]{0}, .floatValues = [0]{}, .int64Values = [0]{}, .bytes = [0]{}, .stringValue = ""}}
