12-30 10:33:11.779   398   464 D adayocomadapter-CommunicationManager: onUpstreamReceive mPropertyId 0x2140210a
12-30 10:33:11.779   398   464 D adayocomadapter-CommunicationManager: onUpstreamReceive mPropertyId 0x21402024
12-30 10:33:11.779   398   464 D adayocomadapter-CommunicationManager: convertBytesToInt32Memcpy  0
12-30 10:33:11.779   398   464 I vw-vhal : notifyVehicleProperty, propId = 0x21402024, data = {status: 2, int32Values: [0]}
12-30 10:33:11.779   398   464 I vw-vhal : CanSignalsAdapter::notifyVehicleProperty: solvedValue = {.timestamp = 6927601432823, .areaId = 0, .prop = 557850660, .status = AVAILABLE, .value = {.int32Values = [1]{0}, .floatValues = [0]{}, .int64Values = [0]{}, .bytes = [0]{}, .stringValue = ""}}
12-30 10:33:11.779   398   464 I VehiclePropertyStore: begin to write value to Store: {.timestamp = 6927601432823, .areaId = 0, .prop = 557850660, .status = AVAILABLE, .value = {.int32Values = [1]{0}, .floatValues = [0]{}, .int64Values = [0]{}, .bytes = [0]{}, .stringValue = ""}}
12-30 10:33:11.779   398   464 I DefaultVehicleHal_v2_0: DefaultVehicleHal::onPropertyValue, value:{.timestamp = 6927601432823, .areaId = 0, .prop = 557850660, .status = AVAILABLE, .value = {.int32Values = [1]{0}, .floatValues = [0]{}, .int64Values = [0]{}, .bytes = [0]{}, .stringValue = ""}}
12-30 10:33:11.779   398   464 D DiagPropHandler: is not DiagnosticConfig: 0x21402024
12-30 10:33:11.779   398   464 I VehiclePropertyStore: begin to write value to Store: {.timestamp = 6927601432823, .areaId = 0, .prop = 557850660, .status = AVAILABLE, .value = {.int32Values = [1]{0}, .floatValues = [0]{}, .int64Values = [0]{}, .bytes = [0]{}, .stringValue = ""}}
12-30 10:33:11.780   398   464 D adayocomadapter-CommunicationManager: onUpstreamReceive mPropertyId 0x21402024
12-30 10:33:11.780   398   464 D adayocomadapter-CommunicationManager: onUpstreamReceive mPropertyId 0x21402120
12-30 10:33:11.780   360   458 D EvsDriver: doneWithFrame
12-30 10:33:11.780   398   464 D adayocomadapter-CommunicationManager: convertBytesToInt32Memcpy  0
12-30 10:33:11.780   398   464 I vw-vhal : notifyVehicleProperty, propId = 0x21402120, data = {status: 2, int32Values: [0]}
12-30 10:33:11.780   398   464 I vw-vhal : CanSignalsAdapter::notifyVehicleProperty: solvedValue = {.timestamp = 6927602592823, .areaId = 0, .prop = 557850912, .status = AVAILABLE, .value = {.int32Values = [1]{0}, .floatValues = [0]{}, .int64Values = [0]{}, .bytes = [0]{}, .stringValue = ""}}
12-30 10:33:11.780   398   464 I VehiclePropertyStore: begin to write value to Store: {.timestamp = 6927602592823, .areaId = 0, .prop = 557850912, .status = AVAILABLE, .value = {.int32Values = [1]{0}, .floatValues = [0]{}, .int64Values = [0]{}, .bytes = [0]{}, .stringValue = ""}}
12-30 10:33:11.780   398   464 I DefaultVehicleHal_v2_0: DefaultVehicleHal::onPropertyValue, value:{.timestamp = 6927602592823, .areaId = 0, .prop = 557850912, .status = AVAILABLE, .value = {.int32Values = [1]{0}, .floatValues = [0]{}, .int64Values = [0]{}, .bytes = [0]{}, .stringValue = ""}}
12-30 10:33:11.781   398   464 D DiagPropHandler: is not DiagnosticConfig: 0x21402120
12-30 10:33:11.781   398   464 I VehiclePropertyStore: begin to write value to Store: {.timestamp = 6927602592823, .areaId = 0, .prop = 557850912, .status = AVAILABLE, .value = {.int32Values = [1]{0}, .floatValues = [0]{}, .int64Values = [0]{}, .bytes = [0]{}, .stringValue = ""}}
12-30 10:33:11.781   398   464 D adayocomadapter-CommunicationManager: onUpstreamReceive mPropertyId 0x21402120
12-30 10:33:11.781   398   464 D adayocomadapter-CommunicationManager: onUpstreamReceive mPropertyId 0x21402109
12-30 10:33:11.781   398   464 D adayocomadapter-CommunicationManager: convertBytesToInt32Memcpy  0
12-30 10:33:11.781   398   464 I vw-vhal : notifyVehicleProperty, propId = 0x21402109, data = {status: 2, int32Values: [0]}
12-30 10:33:11.781   398   464 I vw-vhal : CanSignalsAdapter::notifyVehicleProperty: solvedValue = {.timestamp = 6927603286157, .areaId = 0, .prop = 557850889, .status = AVAILABLE, .value = {.int32Values = [1]{0}, .floatValues = [0]{}, .int64Values = [0]{}, .bytes = [0]{}, .stringValue = ""}}
12-30 10:33:11.781   398   464 I VehiclePropertyStore: begin to write value to Store: {.timestamp = 6927603286157, .areaId = 0, .prop = 557850889, .status = AVAILABLE, .value = {.int32Values = [1]{0}, .floatValues = [0]{}, .int64Values = [0]{}, .bytes = [0]{}, .stringValue = ""}}
12-30 10:33:11.781   398   464 I DefaultVehicleHal_v2_0: DefaultVehicleHal::onPropertyValue, value:{.timestamp = 6927603286157, .areaId = 0, .prop = 557850889, .status = AVAILABLE, .value = {.int32Values = [1]{0}, .floatValues = [0]{}, .int64Values = [0]{}, .bytes = [0]{}, .stringValue = ""}}
12-30 10:33:11.781   398   464 D DiagPropHandler: is not DiagnosticConfig: 0x21402109
12-30 10:33:11.781   398   464 I VehiclePropertyStore: begin to write value to Store: {.timestamp = 6927603286157, .areaId = 0, .prop = 557850889, .status = AVAILABLE, .value = {.int32Values = [1]{0}, .floatValues = [0]{}, .int64Values = [0]{}, .bytes = [0]{}, .stringValue = ""}}
12-30 10:33:11.781   398   464 D adayocomadapter-CommunicationManager: onUpstreamReceive mPropertyId 0x21402109
12-30 10:33:11.781   398   464 D adayocomadapter-CommunicationManager: onUpstreamReceive mPropertyId 0x214020a7
12-30 10:33:11.781   398   464 D adayocomadapter-CommunicationManager: convertBytesToInt32Memcpy  0
12-30 10:33:11.782   398   464 I vw-vhal : notifyVehicleProperty, propId = 0x214020a7, data = {status: 2, int32Values: [0]}
12-30 10:33:11.782   398   464 I vw-vhal : CanSignalsAdapter::notifyVehicleProperty: solvedValue = {.timestamp = 6927603931490, .areaId = 0, .prop = 557850791, .status = AVAILABLE, .value = {.int32Values = [1]{0}, .floatValues = [0]{}, .int64Values = [0]{}, .bytes = [0]{}, .stringValue = ""}}
12-30 10:33:11.782   398   464 I VehiclePropertyStore: begin to write value to Store: {.timestamp = 6927603931490, .areaId = 0, .prop = 557850791, .status = AVAILABLE, .value = {.int32Values = [1]{0}, .floatValues = [0]{}, .int64Values = [0]{}, .bytes = [0]{}, .stringValue = ""}}
12-30 10:33:11.782   398   464 I DefaultVehicleHal_v2_0: DefaultVehicleHal::onPropertyValue, value:{.timestamp = 6927603931490, .areaId = 0, .prop = 557850791, .status = AVAILABLE, .value = {.int32Values = [1]{0}, .floatValues = [0]{}, .int64Values = [0]{}, .bytes = [0]{}, .stringValue = ""}}
12-30 10:33:11.782   398   464 D DiagPropHandler: is not DiagnosticConfig: 0x214020a7
12-30 10:33:11.782   398   464 I VehiclePropertyStore: begin to write value to Store: {.timestamp = 6927603931490, .areaId = 0, .prop = 557850791, .status = AVAILABLE, .value = {.int32Values = [1]{0}, .floatValues = [0]{}, .int64Values = [0]{}, .bytes = [0]{}, .stringValue = ""}}
12-30 10:33:11.782   398   464 D adayocomadapter-CommunicationManager: onUpstreamReceive mPropertyId 0x214020a7
12-30 10:33:11.782   398   464 D adayocomadapter-CommunicationManager: onUpstreamReceive mPropertyId 0x2140212e
12-30 10:33:11.782   398   464 D adayocomadapter-CommunicationManager: convertBytesToInt32Memcpy  0
12-30 10:33:11.782   398   464 I vw-vhal : notifyVehicleProperty, propId = 0x2140212e, data = {status: 2, int32Values: [0]}
12-30 10:33:11.783   398   464 I vw-vhal : CanSignalsAdapter::notifyVehicleProperty: solvedValue = {.timestamp = 6927604811490, .areaId = 0, .prop = 557850926, .status = AVAILABLE, .value = {.int32Values = [1]{0}, .floatValues = [0]{}, .int64Values = [0]{}, .bytes = [0]{}, .stringValue = ""}}
12-30 10:33:11.783   398   464 I VehiclePropertyStore: begin to write value to Store: {.timestamp = 6927604811490, .areaId = 0, .prop = 557850926, .status = AVAILABLE, .value = {.int32Values = [1]{0}, .floatValues = [0]{}, .int64Values = [0]{}, .bytes = [0]{}, .stringValue = ""}}
12-30 10:33:11.783   398   464 I DefaultVehicleHal_v2_0: DefaultVehicleHal::onPropertyValue, value:{.timestamp = 6927604811490, .areaId = 0, .prop = 557850926, .status = AVAILABLE, .value = {.int32Values = [1]{0}, .floatValues = [0]{}, .int64Values = [0]{}, .bytes = [0]{}, .stringValue = ""}}
12-30 10:33:11.783   398   464 D DiagPropHandler: is not DiagnosticConfig: 0x2140212e
12-30 10:33:11.783   398   464 I VehiclePropertyStore: begin to write value to Store: {.timestamp = 6927604811490, .areaId = 0, .prop = 557850926, .status = AVAILABLE, .value = {.int32Values = [1]{0}, .floatValues = [0]{}, .int64Values = [0]{}, .bytes = [0]{}, .stringValue = ""}}
12-30 10:33:11.783   398   464 D adayocomadapter-CommunicationManager: onUpstreamReceive mPropertyId 0x2140212e
12-30 10:33:11.783   398   464 D adayocomadapter-CommunicationManager: onUpstreamReceive mPropertyId 0x2140205f
12-30 10:33:11.783   398   464 D adayocomadapter-CommunicationManager: convertBytesToInt32Memcpy  0
12-30 10:33:11.783   398   464 I vw-vhal : notifyVehicleProperty, propId = 0x2140205f, data = {status: 2, int32Values: [0]}
12-30 10:33:11.783   398   464 I vw-vhal : CanSignalsAdapter::notifyVehicleProperty: solvedValue = {.timestamp = 6927605522823, .areaId = 0, .prop = 557850719, .status = AVAILABLE, .value = {.int32Values = [1]{0}, .floatValues = [0]{}, .int64Values = [0]{}, .bytes = [0]{}, .stringValue = ""}}
12-30 10:33:11.783   398   464 I VehiclePropertyStore: begin to write value to Store: {.timestamp = 6927605522823, .areaId = 0, .prop = 557850719, .status = AVAILABLE, .value = {.int32Values = [1]{0}, .floatValues = [0]{}, .int64Values = [0]{}, .bytes = [0]{}, .stringValue = ""}}
12-30 10:33:11.783   398   464 I DefaultVehicleHal_v2_0: DefaultVehicleHal::onPropertyValue, value:{.timestamp = 6927605522823, .areaId = 0, .prop = 557850719, .status = AVAILABLE, .value = {.int32Values = [1]{0}, .floatValues = [0]{}, .int64Values = [0]{}, .bytes = [0]{}, .stringValue = ""}}
12-30 10:33:11.783   398   464 D DiagPropHandler: is not DiagnosticConfig: 0x2140205f
12-30 10:33:11.784   398   464 I VehiclePropertyStore: begin to write value to Store: {.timestamp = 6927605522823, .areaId = 0, .prop = 557850719, .status = AVAILABLE, .value = {.int32Values = [1]{0}, .floatValues = [0]{}, .int64Values = [0]{}, .bytes = [0]{}, .stringValue = ""}}
12-30 10:33:11.784   398   464 D adayocomadapter-CommunicationManager: onUpstreamReceive mPropertyId 0x2140205f
12-30 10:33:11.784   398   464 D adayocomadapter-CommunicationManager: onUpstreamReceive mPropertyId 0x21402100
12-30 10:33:11.784   398   464 D adayocomadapter-CommunicationManager: convertBytesToInt32Memcpy  0
12-30 10:33:11.784   398   464 I vw-vhal : notifyVehicleProperty, propId = 0x21402100, data = {status: 2, int32Values: [0]}
12-30 10:33:11.784   398   464 I vw-vhal : CanSignalsAdapter::notifyVehicleProperty: solvedValue = {.timestamp = 6927606169823, .areaId = 0, .prop = 557850880, .status = AVAILABLE, .value = {.int32Values = [1]{0}, .floatValues = [0]{}, .int64Values = [0]{}, .bytes = [0]{}, .stringValue = ""}}
12-30 10:33:11.784   398   464 I VehiclePropertyStore: begin to write value to Store: {.timestamp = 6927606169823, .areaId = 0, .prop = 557850880, .status = AVAILABLE, .value = {.int32Values = [1]{0}, .floatValues = [0]{}, .int64Values = [0]{}, .bytes = [0]{}, .stringValue = ""}}
12-30 10:33:11.784   398   464 I DefaultVehicleHal_v2_0: DefaultVehicleHal::onPropertyValue, value:{.timestamp = 6927606169823, .areaId = 0, .prop = 557850880, .status = AVAILABLE, .value = {.int32Values = [1]{0}, .floatValues = [0]{}, .int64Values = [0]{}, .bytes = [0]{}, .stringValue = ""}}
12-30 10:33:11.784   398   464 D DiagPropHandler: is not DiagnosticConfig: 0x21402100
12-30 10:33:11.784   398   464 I VehiclePropertyStore: begin to write value to Store: {.timestamp = 6927606169823, .areaId = 0, .prop = 557850880, .status = AVAILABLE, .value = {.int32Values = [1]{0}, .floatValues = [0]{}, .int64Values = [0]{}, .bytes = [0]{}, .stringValue = ""}}
12-30 10:33:11.784   398   464 D adayocomadapter-CommunicationManager: onUpstreamReceive mPropertyId 0x21402100
12-30 10:33:11.784   398   464 D adayocomadapter-CommunicationManager: onUpstreamReceive mPropertyId 0x214021a1
12-30 10:33:11.784   398   464 D adayocomadapter-CommunicationManager: convertBytesToInt32Memcpy  0
12-30 10:33:11.784   398   464 I vw-vhal : notifyVehicleProperty, propId = 0x214021a1, data = {status: 2, int32Values: [0]}
12-30 10:33:11.785   398   464 I vw-vhal : CanSignalsAdapter::notifyVehicleProperty: solvedValue = {.timestamp = 6927606816157, .areaId = 0, .prop = 557851041, .status = AVAILABLE, .value = {.int32Values = [1]{0}, .floatValues = [0]{}, .int64Values = [0]{}, .bytes = [0]{}, .stringValue = ""}}
12-30 10:33:11.785   398   464 I VehiclePropertyStore: begin to write value to Store: {.timestamp = 6927606816157, .areaId = 0, .prop = 557851041, .status = AVAILABLE, .value = {.int32Values = [1]{0}, .floatValues = [0]{}, .int64Values = [0]{}, .bytes = [0]{}, .stringValue = ""}}
12-30 10:33:11.785   398   464 I DefaultVehicleHal_v2_0: DefaultVehicleHal::onPropertyValue, value:{.timestamp = 6927606816157, .areaId = 0, .prop = 557851041, .status = AVAILABLE, .value = {.int32Values = [1]{0}, .floatValues = [0]{}, .int64Values = [0]{}, .bytes = [0]{}, .stringValue = ""}}
12-30 10:33:11.785   398   464 D DiagPropHandler: is not DiagnosticConfig: 0x214021a1
12-30 10:33:11.785   398   464 I VehiclePropertyStore: begin to write value to Store: {.timestamp = 6927606816157, .areaId = 0, .prop = 557851041, .status = AVAILABLE, .value = {.int32Values = [1]{0}, .floatValues = [0]{}, .int64Values = [0]{}, .bytes = [0]{}, .stringValue = ""}}
12-30 10:33:11.785   398   464 D adayocomadapter-CommunicationManager: onUpstreamReceive mPropertyId 0x214021a1
12-30 10:33:11.785   398   464 D adayocomadapter-CommunicationManager: onUpstreamReceive mPropertyId 0x21402027
12-30 10:33:11.785   398   464 D adayocomadapter-CommunicationManager: convertBytesToInt32Memcpy  0
12-30 10:33:11.785   398   464 I vw-vhal : notifyVehicleProperty, propId = 0x21402027, data = {status: 2, int32Values: [0]}
12-30 10:33:11.785   398   464 I vw-vhal : CanSignalsAdapter::notifyVehicleProperty: solvedValue = {.timestamp = 6927607460157, .areaId = 0, .prop = 557850663, .status = AVAILABLE, .value = {.int32Values = [1]{0}, .floatValues = [0]{}, .int64Values = [0]{}, .bytes = [0]{}, .stringValue = ""}}
12-30 10:33:11.785   398   464 I VehiclePropertyStore: begin to write value to Store: {.timestamp = 6927607460157, .areaId = 0, .prop = 557850663, .status = AVAILABLE, .value = {.int32Values = [1]{0}, .floatValues = [0]{}, .int64Values = [0]{}, .bytes = [0]{}, .stringValue = ""}}
12-30 10:33:11.785   398   464 I DefaultVehicleHal_v2_0: DefaultVehicleHal::onPropertyValue, value:{.timestamp = 6927607460157, .areaId = 0, .prop = 557850663, .status = AVAILABLE, .value = {.int32Values = [1]{0}, .floatValues = [0]{}, .int64Values = [0]{}, .bytes = [0]{}, .stringValue = ""}}
12-30 10:33:11.785   398   464 D DiagPropHandler: is not DiagnosticConfig: 0x21402027
12-30 10:33:11.785   398   464 I VehiclePropertyStore: begin to write value to Store: {.timestamp = 6927607460157, .areaId = 0, .prop = 557850663, .status = AVAILABLE, .value = {.int32Values = [1]{0}, .floatValues = [0]{}, .int64Values = [0]{}, .bytes = [0]{}, .stringValue = ""}}
12-30 10:33:11.786   398   464 D adayocomadapter-CommunicationManager: onUpstreamReceive mPropertyId 0x21402027
12-30 10:33:11.786   398   464 D adayocomadapter-CommunicationManager: onUpstreamReceive mPropertyId 0x21402180
12-30 10:33:11.786   398   464 D adayocomadapter-CommunicationManager: convertBytesToInt32Memcpy  0
12-30 10:33:11.786   398   464 I vw-vhal : notifyVehicleProperty, propId = 0x21402180, data = {status: 2, int32Values: [0]}
12-30 10:33:11.786   398   464 I vw-vhal : CanSignalsAdapter::notifyVehicleProperty: solvedValue = {.timestamp = 6927608161490, .areaId = 0, .prop = 557851008, .status = AVAILABLE, .value = {.int32Values = [1]{0}, .floatValues = [0]{}, .int64Values = [0]{}, .bytes = [0]{}, .stringValue = ""}}
12-30 10:33:11.786   398   464 I VehiclePropertyStore: begin to write value to Store: {.timestamp = 6927608161490, .areaId = 0, .prop = 557851008, .status = AVAILABLE, .value = {.int32Values = [1]{0}, .floatValues = [0]{}, .int64Values = [0]{}, .bytes = [0]{}, .stringValue = ""}}
12-30 10:33:11.786   398   464 I DefaultVehicleHal_v2_0: DefaultVehicleHal::onPropertyValue, value:{.timestamp = 6927608161490, .areaId = 0, .prop = 557851008, .status = AVAILABLE, .value = {.int32Values = [1]{0}, .floatValues = [0]{}, .int64Values = [0]{}, .bytes = [0]{}, .stringValue = ""}}
12-30 10:33:11.786   398   464 D DiagPropHandler: is not DiagnosticConfig: 0x21402180
12-30 10:33:11.786   398   464 I VehiclePropertyStore: begin to write value to Store: {.timestamp = 6927608161490, .areaId = 0, .prop = 557851008, .status = AVAILABLE, .value = {.int32Values = [1]{0}, .floatValues = [0]{}, .int64Values = [0]{}, .bytes = [0]{}, .stringValue = ""}}
12-30 10:33:11.786   398   464 D adayocomadapter-CommunicationManager: onUpstreamReceive mPropertyId 0x21402180
12-30 10:33:11.786   398   464 D adayocomadapter-CommunicationManager: onUpstreamReceive mPropertyId 0x2140210b
12-30 10:33:11.786   398   464 D adayocomadapter-CommunicationManager: convertBytesToInt32Memcpy  0
12-30 10:33:11.786   398   464 I vw-vhal : notifyVehicleProperty, propId = 0x2140210b, data = {status: 2, int32Values: [0]}
12-30 10:33:11.786   398   464 I vw-vhal : CanSignalsAdapter::notifyVehicleProperty: solvedValue = {.timestamp = 6927608801157, .areaId = 0, .prop = 557850891, .status = AVAILABLE, .value = {.int32Values = [1]{0}, .floatValues = [0]{}, .int64Values = [0]{}, .bytes = [0]{}, .stringValue = ""}}
12-30 10:33:11.787   398   464 I VehiclePropertyStore: begin to write value to Store: {.timestamp = 6927608801157, .areaId = 0, .prop = 557850891, .status = AVAILABLE, .value = {.int32Values = [1]{0}, .floatValues = [0]{}, .int64Values = [0]{}, .bytes = [0]{}, .stringValue = ""}}
12-30 10:33:11.787   398   464 I DefaultVehicleHal_v2_0: DefaultVehicleHal::onPropertyValue, value:{.timestamp = 6927608801157, .areaId = 0, .prop = 557850891, .status = AVAILABLE, .value = {.int32Values = [1]{0}, .floatValues = [0]{}, .int64Values = [0]{}, .bytes = [0]{}, .stringValue = ""}}
12-30 10:33:11.787   398   464 D DiagPropHandler: is not DiagnosticConfig: 0x2140210b
12-30 10:33:11.787   398   464 I VehiclePropertyStore: begin to write value to Store: {.timestamp = 6927608801157, .areaId = 0, .prop = 557850891, .status = AVAILABLE, .value = {.int32Values = [1]{0}, .floatValues = [0]{}, .int64Values = [0]{}, .bytes = [0]{}, .stringValue = ""}}
12-30 10:33:11.787   398   464 D adayocomadapter-CommunicationManager: onUpstreamReceive mPropertyId 0x2140210b
12-30 10:33:11.787   398   464 D adayocomadapter-CommunicationManager: onUpstreamReceive mPropertyId 0x2140217e
12-30 10:33:11.787   398   464 D adayocomadapter-CommunicationManager: convertBytesToInt32Memcpy  0
12-30 10:33:11.787   398   464 I vw-vhal : notifyVehicleProperty, propId = 0x2140217e, data = {status: 2, int32Values: [0]}
12-30 10:33:11.787   398   464 I vw-vhal : CanSignalsAdapter::notifyVehicleProperty: solvedValue = {.timestamp = 6927609450490, .areaId = 0, .prop = 557851006, .status = AVAILABLE, .value = {.int32Values = [1]{0}, .floatValues = [0]{}, .int64Values = [0]{}, .bytes = [0]{}, .stringValue = ""}}
12-30 10:33:11.787   398   464 I VehiclePropertyStore: begin to write value to Store: {.timestamp = 6927609450490, .areaId = 0, .prop = 557851006, .status = AVAILABLE, .value = {.int32Values = [1]{0}, .floatValues = [0]{}, .int64Values = [0]{}, .bytes = [0]{}, .stringValue = ""}}
12-30 10:33:11.787   398   464 I DefaultVehicleHal_v2_0: DefaultVehicleHal::onPropertyValue, value:{.timestamp = 6927609450490, .areaId = 0, .prop = 557851006, .status = AVAILABLE, .value = {.int32Values = [1]{0}, .floatValues = [0]{}, .int64Values = [0]{}, .bytes = [0]{}, .stringValue = ""}}
12-30 10:33:11.787   398   464 D DiagPropHandler: is not DiagnosticConfig: 0x2140217e
12-30 10:33:11.787   398   464 I VehiclePropertyStore: begin to write value to Store: {.timestamp = 6927609450490, .areaId = 0, .prop = 557851006, .status = AVAILABLE, .value = {.int32Values = [1]{0}, .floatValues = [0]{}, .int64Values = [0]{}, .bytes = [0]{}, .stringValue = ""}}
12-30 10:33:11.788   398   464 D adayocomadapter-CommunicationManager: onUpstreamReceive mPropertyId 0x2140217e
12-30 10:33:11.788   398   464 D adayocomadapter-CommunicationManager: onUpstreamReceive mPropertyId 0x214020fe
12-30 10:33:11.788   398   464 D adayocomadapter-CommunicationManager: convertBytesToInt32Memcpy  0
12-30 10:33:11.788   398   464 I vw-vhal : notifyVehicleProperty, propId = 0x214020fe, data = {status: 2, int32Values: [0]}
12-30 10:33:11.788   398   464 I vw-vhal : CanSignalsAdapter::notifyVehicleProperty: solvedValue = {.timestamp = 6927610104490, .areaId = 0, .prop = 557850878, .status = AVAILABLE, .value = {.int32Values = [1]{0}, .floatValues = [0]{}, .int64Values = [0]{}, .bytes = [0]{}, .stringValue = ""}}
12-30 10:33:11.788   398   464 I VehiclePropertyStore: begin to write value to Store: {.timestamp = 6927610104490, .areaId = 0, .prop = 557850878, .status = AVAILABLE, .value = {.int32Values = [1]{0}, .floatValues = [0]{}, .int64Values = [0]{}, .bytes = [0]{}, .stringValue = ""}}
12-30 10:33:11.788   398   464 I DefaultVehicleHal_v2_0: DefaultVehicleHal::onPropertyValue, value:{.timestamp = 6927610104490, .areaId = 0, .prop = 557850878, .status = AVAILABLE, .value = {.int32Values = [1]{0}, .floatValues = [0]{}, .int64Values = [0]{}, .bytes = [0]{}, .stringValue = ""}}
12-30 10:33:11.788   398   464 D DiagPropHandler: is not DiagnosticConfig: 0x214020fe
12-30 10:33:11.788   398   464 I VehiclePropertyStore: begin to write value to Store: {.timestamp = 6927610104490, .areaId = 0, .prop = 557850878, .status = AVAILABLE, .value = {.int32Values = [1]{0}, .floatValues = [0]{}, .int64Values = [0]{}, .bytes = [0]{}, .stringValue = ""}}
12-30 10:33:11.788   398   464 D adayocomadapter-CommunicationManager: onUpstreamReceive mPropertyId 0x214020fe
12-30 10:33:11.788   398   464 D adayocomadapter-CommunicationManager: onUpstreamReceive mPropertyId 0x214020ff
12-30 10:33:11.788   398   464 D adayocomadapter-CommunicationManager: convertBytesToInt32Memcpy  0
12-30 10:33:11.788   398   464 I vw-vhal : notifyVehicleProperty, propId = 0x214020ff, data = {status: 2, int32Values: [0]}
12-30 10:33:11.788   398   464 I vw-vhal : CanSignalsAdapter::notifyVehicleProperty: solvedValue = {.timestamp = 6927610756490, .areaId = 0, .prop = 557850879, .status = AVAILABLE, .value = {.int32Values = [1]{0}, .floatValues = [0]{}, .int64Values = [0]{}, .bytes = [0]{}, .stringValue = ""}}
12-30 10:33:11.789   398   464 I VehiclePropertyStore: begin to write value to Store: {.timestamp = 6927610756490, .areaId = 0, .prop = 557850879, .status = AVAILABLE, .value = {.int32Values = [1]{0}, .floatValues = [0]{}, .int64Values = [0]{}, .bytes = [0]{}, .stringValue = ""}}
12-30 10:33:11.789   398   464 I DefaultVehicleHal_v2_0: DefaultVehicleHal::onPropertyValue, value:{.timestamp = 6927610756490, .areaId = 0, .prop = 557850879, .status = AVAILABLE, .value = {.int32Values = [1]{0}, .floatValues = [0]{}, .int64Values = [0]{}, .bytes = [0]{}, .stringValue = ""}}
12-30 10:33:11.789   398   464 D DiagPropHandler: is not DiagnosticConfig: 0x214020ff
12-30 10:33:11.789   398   464 I VehiclePropertyStore: begin to write value to Store: {.timestamp = 6927610756490, .areaId = 0, .prop = 557850879, .status = AVAILABLE, .value = {.int32Values = [1]{0}, .floatValues = [0]{}, .int64Values = [0]{}, .bytes = [0]{}, .stringValue = ""}}
12-30 10:33:11.789   398   464 D adayocomadapter-CommunicationManager: onUpstreamReceive mPropertyId 0x214020ff
12-30 10:33:11.789   398   464 D adayocomadapter-CommunicationManager: onUpstreamReceive mPropertyId 0x21402182
12-30 10:33:11.789   398   464 D adayocomadapter-CommunicationManager: convertBytesToInt32Memcpy  0
12-30 10:33:11.789   398   464 I vw-vhal : notifyVehicleProperty, propId = 0x21402182, data = {status: 2, int32Values: [0]}
12-30 10:33:11.789   398   464 I vw-vhal : CanSignalsAdapter::notifyVehicleProperty: solvedValue = {.timestamp = 6927611405157, .areaId = 0, .prop = 557851010, .status = AVAILABLE, .value = {.int32Values = [1]{0}, .floatValues = [0]{}, .int64Values = [0]{}, .bytes = [0]{}, .stringValue = ""}}
12-30 10:33:11.789   398   464 I VehiclePropertyStore: begin to write value to Store: {.timestamp = 6927611405157, .areaId = 0, .prop = 557851010, .status = AVAILABLE, .value = {.int32Values = [1]{0}, .floatValues = [0]{}, .int64Values = [0]{}, .bytes = [0]{}, .stringValue = ""}}
12-30 10:33:11.789   398   464 I DefaultVehicleHal_v2_0: DefaultVehicleHal::onPropertyValue, value:{.timestamp = 6927611405157, .areaId = 0, .prop = 557851010, .status = AVAILABLE, .value = {.int32Values = [1]{0}, .floatValues = [0]{}, .int64Values = [0]{}, .bytes = [0]{}, .stringValue = ""}}
12-30 10:33:11.789   398   464 D DiagPropHandler: is not DiagnosticConfig: 0x21402182
12-30 10:33:11.789   398   464 I VehiclePropertyStore: begin to write value to Store: {.timestamp = 6927611405157, .areaId = 0, .prop = 557851010, .status = AVAILABLE, .value = {.int32Values = [1]{0}, .floatValues = [0]{}, .int64Values = [0]{}, .bytes = [0]{}, .stringValue = ""}}
12-30 10:33:11.789   398   464 D adayocomadapter-CommunicationManager: onUpstreamReceive mPropertyId 0x21402182
12-30 10:33:11.793  2358  2623 D RcfController: Rcf proxy is not connected!
12-30 10:33:11.795  1582  3078 I c       : checkService in back thread add: adayo.upgrade.v2.0
12-30 10:33:11.796  1582  3078 E upgradeApp_251223_V1  l: d(null:11)pre->c(null:23)-> serviceBinder is null
12-30 10:33:11.796  1582  3078 W c       : doBindService in back thread fail: adayo.upgrade.v2.0
12-30 10:33:11.811   360   931 D EvsDriver: forwardFrame
12-30 10:33:11.811   360   931 D EvsDriver: forwardFrameDirect
12-30 10:33:11.812   360   931 D EvsDriver: Delivered 0xb400e2ca9e40e270 as id 0
12-30 10:33:11.812   359  2784 D evsmanagerd: /dev/video-evs0 forwarded the buffer #0 to 0xb400f125d2b26dd0 from 0xb400f125e2b20710
12-30 10:33:11.813   596  3076 E WifiHAL : Invalid data received from driver
12-30 10:33:11.813  3066  3066 D hostapd : nl80211: BSS Event 59 (NL80211_CMD_FRAME) received for wlan1
12-30 10:33:11.813  3066  3066 D hostapd : nl80211: RX frame da=ff:ff:ff:ff:ff:ff sa=ee:74:72:d7:de:af bssid=ee:74:72:d7:de:af freq=5745 ssi_signal=-9200 fc=0xd0 seq_ctrl=0x48d0 stype=13 (WLAN_FC_STYPE_ACTION) len=42
12-30 10:33:11.813  3066  3066 D hostapd : wlan1: Event RX_MGMT (18) received
12-30 10:33:11.813  3066  3066 D hostapd : Receive wpa msg : Event RX_MGMT (18) received
12-30 10:33:11.821   360   458 D EvsDriver: doneWithFrame
12-30 10:33:11.843  2358  2623 D RcfController: Rcf proxy is not connected!
12-30 10:33:11.845   360   931 D EvsDriver: forwardFrame
12-30 10:33:11.845   360   931 D EvsDriver: forwardFrameDirect
12-30 10:33:11.845   360   931 D EvsDriver: Delivered 0xb400e2ca9e40d4b0 as id 1
12-30 10:33:11.845  1611  1611 I ADAYO_LOG_: handleMessage(UsbFunc.java:3)copyQnx = 0
12-30 10:33:11.845   359  2784 D evsmanagerd: /dev/video-evs0 forwarded the buffer #1 to 0xb400f125d2b26dd0 from 0xb400f125e2b20710
12-30 10:33:11.846  1611  1611 I ADAYO_LOG_: handleMessage(UsbFunc.java:12)copyState = 2
12-30 10:33:11.851   360   458 D EvsDriver: doneWithFrame
12-30 10:33:11.869   798 25824 W adbd    : timed out while waiting for FUNCTIONFS_BIND, trying again
12-30 10:33:11.870   798 25824 I adbd    : UsbFfs: connection terminated: monitor thread finished
12-30 10:33:11.870   596  3076 E WifiHAL : Invalid data received from driver
12-30 10:33:11.870   798   798 I adbd    : UsbFfs: already offline
12-30 10:33:11.870   798   798 I adbd    : destroying transport UsbFfs
12-30 10:33:11.870   798   798 I adbd    : UsbFfsConnection being destroyed
12-30 10:33:11.878   360   931 D EvsDriver: forwardFrame
12-30 10:33:11.878   360   931 D EvsDriver: forwardFrameDirect
12-30 10:33:11.878   360   931 D EvsDriver: Delivered 0xb400e2ca9e40c2d0 as id 0
12-30 10:33:11.879   359  2784 D evsmanagerd: /dev/video-evs0 forwarded the buffer #0 to 0xb400f125d2b26dd0 from 0xb400f125e2b20710
12-30 10:33:11.881   360   458 D EvsDriver: doneWithFrame
12-30 10:33:11.893  2358  2623 D RcfController: Rcf proxy is not connected!
12-30 10:33:11.911   360   931 D EvsDriver: forwardFrame
12-30 10:33:11.911   360   931 D EvsDriver: forwardFrameDirect
12-30 10:33:11.912   360   931 D EvsDriver: Delivered 0xb400e2ca9e40d090 as id 1
12-30 10:33:11.912   359  2784 D evsmanagerd: /dev/video-evs0 forwarded the buffer #1 to 0xb400f125d2b26dd0 from 0xb400f125e2b20710
12-30 10:33:11.914   798   838 I adbd    : opening control endpoint /dev/usb-ffs/adb/ep0
12-30 10:33:11.915   798   838 I adbd    : UsbFfsConnection constructed
12-30 10:33:11.916   798 25830 I adbd    : UsbFfs-monitor thread spawned
01-01 09:55:28.924   838   838 I         : read descriptors
01-01 09:55:28.924   838   838 I         : read strings
12-30 10:33:11.922   360   458 D EvsDriver: doneWithFrame
12-30 10:33:11.940   596  3076 E WifiHAL : Invalid data received from driver
12-30 10:33:11.944  2358  2623 D RcfController: Rcf proxy is not connected!
12-30 10:33:11.945   360   931 D EvsDriver: forwardFrame
12-30 10:33:11.945   360   931 D EvsDriver: forwardFrameDirect
12-30 10:33:11.945   360   931 D EvsDriver: Delivered 0xb400e2ca9e40e110 as id 0
12-30 10:33:11.945   359  2784 D evsmanagerd: /dev/video-evs0 forwarded the buffer #0 to 0xb400f125d2b26dd0 from 0xb400f125e2b20710
12-30 10:33:11.952   360   458 D EvsDriver: doneWithFrame
12-30 10:33:11.978   360   931 D EvsDriver: forwardFrame
12-30 10:33:11.978   360   931 D EvsDriver: forwardFrameDirect
12-30 10:33:11.978   360   931 D EvsDriver: Delivered 0xb400e2ca9e40c7a0 as id 1
12-30 10:33:11.978   359  2784 D evsmanagerd: /dev/video-evs0 forwarded the buffer #1 to 0xb400f125d2b26dd0 from 0xb400f125e2b20710
12-30 10:33:11.982   360   458 D EvsDriver: doneWithFrame
12-30 10:33:11.982  1667  2410 I media_message_log->MediaMessageUserProxy: (SourceFile:1)b connectToService action bind
12-30 10:33:11.983   916  3726 W ActivityManager: Unable to start service Intent { cmp=com.adayo.server.mediamessagetransfer/.MediaMessTransferService (has extras) } U=0: not found
12-30 10:33:11.983  1667  2410 E media_message_log->MediaMessageUserProxy: (SourceFile:7)a bindServiceAsUser isBound = false
12-30 10:33:11.994  2358  2623 D RcfController: Rcf proxy is not connected!
12-30 10:33:11.997   596  3076 E WifiHAL : Invalid data received from driver
12-30 10:33:11.997  3066  3066 D hostapd : nl80211: BSS Event 59 (NL80211_CMD_FRAME) received for wlan1
12-30 10:33:11.997  3066  3066 D hostapd : nl80211: RX frame da=ff:ff:ff:ff:ff:ff sa=ee:74:72:d7:de:af bssid=ee:74:72:d7:de:af freq=5745 ssi_signal=-9100 fc=0xd0 seq_ctrl=0x4950 stype=13 (WLAN_FC_STYPE_ACTION) len=42
12-30 10:33:11.997  3066  3066 D hostapd : wlan1: Event RX_MGMT (18) received
12-30 10:33:11.997  3066  3066 D hostapd : Receive wpa msg : Event RX_MGMT (18) received
12-30 10:33:12.008   650   729 D fgemcucomm: sd Uart data : 6AA602D84C0002920244
12-30 10:33:12.008   650   729 D fgemcucomm: rev uart=57278,len=18, data : 6AA681D84C000A9202000D000000000000B0
12-30 10:33:12.008   398  2883 D adayocomadapter-ParseProtocolFunc: printRaWMsg Name[MCUToUPstream recv] len[10] data[9202000D000000000000]
12-30 10:33:12.008   398  2883 D adayocomadapter-CommunicationManager: onUpstreamback   member[0] dataLength[7] timePoint[6927830]
12-30 10:33:12.008   398  2883 D adayocomadapter-ParseProtocolFunc: printRaWMsg Name[onUpstreamback] len[7] data[0D000000000000]
12-30 10:33:12.008   398   464 D adayocomadapter-UpstreamHandler: processBeforePacket upSreamtProcessTimePoint[6927830] 
12-30 10:33:12.008   398   464 D adayocomadapter-UpstreamHandler: processPacket UPSTREAM_QUEUE_DATA_TIMEOUT
12-30 10:33:12.008   398   464 D adayocomadapter-ParseProtocolFunc: parseCommonIPCLBytes Processing tableNumber[13]
12-30 10:33:12.008   398   464 D adayocomadapter-ParseProtocolFunc: parseCommonIPCLBytes Processing tablename[Table-13] tableSize[7]
12-30 10:33:12.008   398   464 D adayocomadapter-ParseProtocolFunc: printRaWMsg Name[byteStream recv] len[7] data[0D000000000000]
12-30 10:33:12.008   398   464 D adayocomadapter-ParseProtocolFunc: printRaWMsg Name[IPCLtoVHAL] len[6] data[214020BB0000]
12-30 10:33:12.008   398   464 D adayocomadapter-ParseProtocolFunc: printRaWMsg Name[IPCLtoVHAL] len[6] data[214020E30000]
12-30 10:33:12.008   398   464 D adayocomadapter-ParseProtocolFunc: printRaWMsg Name[IPCLtoVHAL] len[6] data[214020C70000]
12-30 10:33:12.008   398   464 D adayocomadapter-ParseProtocolFunc: printRaWMsg Name[IPCLtoVHAL] len[6] data[214020DD0000]
12-30 10:33:12.008   398   464 D adayocomadapter-ParseProtocolFunc: printRaWMsg Name[IPCLtoVHAL] len[6] data[214020DF0000]
12-30 10:33:12.008   398   464 D adayocomadapter-ParseProtocolFunc: printRaWMsg Name[IPCLtoVHAL] len[6] data[214020E40000]
12-30 10:33:12.008   398   464 D adayocomadapter-CommunicationManager: onUpstreamReceive mPropertyId 0x214020bb
12-30 10:33:12.008   398   464 D adayocomadapter-CommunicationManager: convertBytesToInt32Memcpy  0
12-30 10:33:12.008   398   464 I vw-vhal : notifyVehicleProperty, propId = 0x214020bb, data = {status: 2, int32Values: [0]}
12-30 10:33:12.008   398   464 I vw-vhal : CanSignalsAdapter::notifyVehicleProperty: solvedValue = {.timestamp = 6927830754823, .areaId = 0, .prop = 557850811, .status = AVAILABLE, .value = {.int32Values = [1]{0}, .floatValues = [0]{}, .int64Values = [0]{}, .bytes = [0]{}, .stringValue = ""}}
12-30 10:33:12.008   398   464 I VehiclePropertyStore: begin to write value to Store: {.timestamp = 6927830754823, .areaId = 0, .prop = 557850811, .status = AVAILABLE, .value = {.int32Values = [1]{0}, .floatValues = [0]{}, .int64Values = [0]{}, .bytes = [0]{}, .stringValue = ""}}
12-30 10:33:12.008   398   464 I DefaultVehicleHal_v2_0: DefaultVehicleHal::onPropertyValue, value:{.timestamp = 6927830754823, .areaId = 0, .prop = 557850811, .status = AVAILABLE, .value = {.int32Values = [1]{0}, .floatValues = [0]{}, .int64Values = [0]{}, .bytes = [0]{}, .stringValue = ""}}
12-30 10:33:12.009   398   464 D DiagPropHandler: is not DiagnosticConfig: 0x214020bb
12-30 10:33:12.009   398   464 I VehiclePropertyStore: begin to write value to Store: {.timestamp = 6927830754823, .areaId = 0, .prop = 557850811, .status = AVAILABLE, .value = {.int32Values = [1]{0}, .floatValues = [0]{}, .int64Values = [0]{}, .bytes = [0]{}, .stringValue = ""}}
12-30 10:33:12.009   398   464 D adayocomadapter-CommunicationManager: onUpstreamReceive mPropertyId 0x214020bb
12-30 10:33:12.009   398   464 D adayocomadapter-CommunicationManager: onUpstreamReceive mPropertyId 0x214020e3
12-30 10:33:12.009   398   464 D adayocomadapter-CommunicationManager: convertBytesToInt32Memcpy  0
12-30 10:33:12.009   398   464 I vw-vhal : notifyVehicleProperty, propId = 0x214020e3, data = {status: 2, int32Values: [0]}
12-30 10:33:12.009   398   464 I vw-vhal : CanSignalsAdapter::notifyVehicleProperty: solvedValue = {.timestamp = 6927830984157, .areaId = 0, .prop = 557850851, .status = AVAILABLE, .value = {.int32Values = [1]{0}, .floatValues = [0]{}, .int64Values = [0]{}, .bytes = [0]{}, .stringValue = ""}}
12-30 10:33:12.009   398   464 I VehiclePropertyStore: begin to write value to Store: {.timestamp = 6927830984157, .areaId = 0, .prop = 557850851, .status = AVAILABLE, .value = {.int32Values = [1]{0}, .floatValues = [0]{}, .int64Values = [0]{}, .bytes = [0]{}, .stringValue = ""}}
12-30 10:33:12.009   398   464 I DefaultVehicleHal_v2_0: DefaultVehicleHal::onPropertyValue, value:{.timestamp = 6927830984157, .areaId = 0, .prop = 557850851, .status = AVAILABLE, .value = {.int32Values = [1]{0}, .floatValues = [0]{}, .int64Values = [0]{}, .bytes = [0]{}, .stringValue = ""}}
12-30 10:33:12.009   398   464 D DiagPropHandler: is not DiagnosticConfig: 0x214020e3
12-30 10:33:12.009   398   464 I VehiclePropertyStore: begin to write value to Store: {.timestamp = 6927830984157, .areaId = 0, .prop = 557850851, .status = AVAILABLE, .value = {.int32Values = [1]{0}, .floatValues = [0]{}, .int64Values = [0]{}, .bytes = [0]{}, .stringValue = ""}}
12-30 10:33:12.009   398   464 D adayocomadapter-CommunicationManager: onUpstreamReceive mPropertyId 0x214020e3
12-30 10:33:12.009   398   464 D adayocomadapter-CommunicationManager: onUpstreamReceive mPropertyId 0x214020c7
12-30 10:33:12.009   398   464 D adayocomadapter-CommunicationManager: convertBytesToInt32Memcpy  0
12-30 10:33:12.009   398   464 I vw-vhal : notifyVehicleProperty, propId = 0x214020c7, data = {status: 2, int32Values: [0]}
12-30 10:33:12.009   398   464 I vw-vhal : CanSignalsAdapter::notifyVehicleProperty: solvedValue = {.timestamp = 6927831183157, .areaId = 0, .prop = 557850823, .status = AVAILABLE, .value = {.int32Values = [1]{0}, .floatValues = [0]{}, .int64Values = [0]{}, .bytes = [0]{}, .stringValue = ""}}
12-30 10:33:12.009   398   464 I VehiclePropertyStore: begin to write value to Store: {.timestamp = 6927831183157, .areaId = 0, .prop = 557850823, .status = AVAILABLE, .value = {.int32Values = [1]{0}, .floatValues = [0]{}, .int64Values = [0]{}, .bytes = [0]{}, .stringValue = ""}}
12-30 10:33:12.009   398   464 I DefaultVehicleHal_v2_0: DefaultVehicleHal::onPropertyValue, value:{.timestamp = 6927831183157, .areaId = 0, .prop = 557850823, .status = AVAILABLE, .value = {.int32Values = [1]{0}, .floatValues = [0]{}, .int64Values = [0]{}, .bytes = [0]{}, .stringValue = ""}}
12-30 10:33:12.009   398   464 D DiagPropHandler: is not DiagnosticConfig: 0x214020c7
12-30 10:33:12.009   398   464 I VehiclePropertyStore: begin to write value to Store: {.timestamp = 6927831183157, .areaId = 0, .prop = 557850823, .status = AVAILABLE, .value = {.int32Values = [1]{0}, .floatValues = [0]{}, .int64Values = [0]{}, .bytes = [0]{}, .stringValue = ""}}
12-30 10:33:12.009   398   464 D adayocomadapter-CommunicationManager: onUpstreamReceive mPropertyId 0x214020c7
12-30 10:33:12.009   398   464 D adayocomadapter-CommunicationManager: onUpstreamReceive mPropertyId 0x214020dd
12-30 10:33:12.009   398   464 D adayocomadapter-CommunicationManager: convertBytesToInt32Memcpy  0
12-30 10:33:12.009   398   464 I vw-vhal : notifyVehicleProperty, propId = 0x214020dd, data = {status: 2, int32Values: [0]}
12-30 10:33:12.009   398   464 I vw-vhal : CanSignalsAdapter::notifyVehicleProperty: solvedValue = {.timestamp = 6927831377823, .areaId = 0, .prop = 557850845, .status = AVAILABLE, .value = {.int32Values = [1]{0}, .floatValues = [0]{}, .int64Values = [0]{}, .bytes = [0]{}, .stringValue = ""}}
12-30 10:33:12.009   398   464 I VehiclePropertyStore: begin to write value to Store: {.timestamp = 6927831377823, .areaId = 0, .prop = 557850845, .status = AVAILABLE, .value = {.int32Values = [1]{0}, .floatValues = [0]{}, .int64Values = [0]{}, .bytes = [0]{}, .stringValue = ""}}
12-30 10:33:12.009   398   464 I DefaultVehicleHal_v2_0: DefaultVehicleHal::onPropertyValue, value:{.timestamp = 6927831377823, .areaId = 0, .prop = 557850845, .status = AVAILABLE, .value = {.int32Values = [1]{0}, .floatValues = [0]{}, .int64Values = [0]{}, .bytes = [0]{}, .stringValue = ""}}
12-30 10:33:12.009   398   464 D DiagPropHandler: is not DiagnosticConfig: 0x214020dd
12-30 10:33:12.009   398   464 I VehiclePropertyStore: begin to write value to Store: {.timestamp = 6927831377823, .areaId = 0, .prop = 557850845, .status = AVAILABLE, .value = {.int32Values = [1]{0}, .floatValues = [0]{}, .int64Values = [0]{}, .bytes = [0]{}, .stringValue = ""}}
12-30 10:33:12.009   398   464 D adayocomadapter-CommunicationManager: onUpstreamReceive mPropertyId 0x214020dd
12-30 10:33:12.009   398   464 D adayocomadapter-CommunicationManager: onUpstreamReceive mPropertyId 0x214020df
12-30 10:33:12.009   398   464 D adayocomadapter-CommunicationManager: convertBytesToInt32Memcpy  0
12-30 10:33:12.009   398   464 I vw-vhal : notifyVehicleProperty, propId = 0x214020df, data = {status: 2, int32Values: [0]}
12-30 10:33:12.009   398   464 I vw-vhal : CanSignalsAdapter::notifyVehicleProperty: solvedValue = {.timestamp = 6927831575157, .areaId = 0, .prop = 557850847, .status = AVAILABLE, .value = {.int32Values = [1]{0}, .floatValues = [0]{}, .int64Values = [0]{}, .bytes = [0]{}, .stringValue = ""}}
12-30 10:33:12.009   398   464 I VehiclePropertyStore: begin to write value to Store: {.timestamp = 6927831575157, .areaId = 0, .prop = 557850847, .status = AVAILABLE, .value = {.int32Values = [1]{0}, .floatValues = [0]{}, .int64Values = [0]{}, .bytes = [0]{}, .stringValue = ""}}
12-30 10:33:12.009   398   464 I DefaultVehicleHal_v2_0: DefaultVehicleHal::onPropertyValue, value:{.timestamp = 6927831575157, .areaId = 0, .prop = 557850847, .status = AVAILABLE, .value = {.int32Values = [1]{0}, .floatValues = [0]{}, .int64Values = [0]{}, .bytes = [0]{}, .stringValue = ""}}
12-30 10:33:12.009   398   464 D DiagPropHandler: is not DiagnosticConfig: 0x214020df
12-30 10:33:12.009   398   464 I VehiclePropertyStore: begin to write value to Store: {.timestamp = 6927831575157, .areaId = 0, .prop = 557850847, .status = AVAILABLE, .value = {.int32Values = [1]{0}, .floatValues = [0]{}, .int64Values = [0]{}, .bytes = [0]{}, .stringValue = ""}}
12-30 10:33:12.009   398   464 D adayocomadapter-CommunicationManager: onUpstreamReceive mPropertyId 0x214020df
12-30 10:33:12.009   398   464 D adayocomadapter-CommunicationManager: onUpstreamReceive mPropertyId 0x214020e4
12-30 10:33:12.009   398   464 D adayocomadapter-CommunicationManager: convertBytesToInt32Memcpy  0
12-30 10:33:12.009   398   464 I vw-vhal : notifyVehicleProperty, propId = 0x214020e4, data = {status: 2, int32Values: [0]}
12-30 10:33:12.010   398   464 I vw-vhal : CanSignalsAdapter::notifyVehicleProperty: solvedValue = {.timestamp = 6927831837157, .areaId = 0, .prop = 557850852, .status = AVAILABLE, .value = {.int32Values = [1]{0}, .floatValues = [0]{}, .int64Values = [0]{}, .bytes = [0]{}, .stringValue = ""}}
12-30 10:33:12.010   398   464 I VehiclePropertyStore: begin to write value to Store: {.timestamp = 6927831837157, .areaId = 0, .prop = 557850852, .status = AVAILABLE, .value = {.int32Values = [1]{0}, .floatValues = [0]{}, .int64Values = [0]{}, .bytes = [0]{}, .stringValue = ""}}
12-30 10:33:12.010   398   464 I DefaultVehicleHal_v2_0: DefaultVehicleHal::onPropertyValue, value:{.timestamp = 6927831837157, .areaId = 0, .prop = 557850852, .status = AVAILABLE, .value = {.int32Values = [1]{0}, .floatValues = [0]{}, .int64Values = [0]{}, .bytes = [0]{}, .stringValue = ""}}
12-30 10:33:12.010   398   464 D DiagPropHandler: is not DiagnosticConfig: 0x214020e4
12-30 10:33:12.010   398   464 I VehiclePropertyStore: begin to write value to Store: {.timestamp = 6927831837157, .areaId = 0, .prop = 557850852, .status = AVAILABLE, .value = {.int32Values = [1]{0}, .floatValues = [0]{}, .int64Values = [0]{}, .bytes = [0]{}, .stringValue = ""}}
12-30 10:33:12.010   398   464 D adayocomadapter-CommunicationManager: onUpstreamReceive mPropertyId 0x214020e4
12-30 10:33:12.011   360   931 D EvsDriver: forwardFrame
12-30 10:33:12.011   360   931 D EvsDriver: forwardFrameDirect
12-30 10:33:12.011   360   931 D EvsDriver: Delivered 0xb400e2ca9e40e270 as id 0
12-30 10:33:12.012   359  2784 D evsmanagerd: /dev/video-evs0 forwarded the buffer #0 to 0xb400f125d2b26dd0 from 0xb400f125e2b20710
12-30 10:33:12.012   360   458 D EvsDriver: doneWithFrame
12-30 10:33:12.018  3066  3066 D hostapd : nl80211: BSS Event 59 (NL80211_CMD_FRAME) received for wlan1
12-30 10:33:12.018  3066  3066 D hostapd : nl80211: RX frame da=ff:ff:ff:ff:ff:ff sa=ee:74:72:d7:de:af bssid=ee:74:72:d7:de:af freq=5745 ssi_signal=-9100 fc=0xd0 seq_ctrl=0x4960 stype=13 (WLAN_FC_STYPE_ACTION) len=42
12-30 10:33:12.018  3066  3066 D hostapd : wlan1: Event RX_MGMT (18) received
12-30 10:33:12.018  3066  3066 D hostapd : Receive wpa msg : Event RX_MGMT (18) received
12-30 10:33:12.044  2358  2623 D RcfController: Rcf proxy is not connected!
12-30 10:33:12.045   360   931 D EvsDriver: forwardFrame
12-30 10:33:12.045   360   931 D EvsDriver: forwardFrameDirect
12-30 10:33:12.045   360   931 D EvsDriver: Delivered 0xb400e2ca9e40d4b0 as id 1
12-30 10:33:12.045   359  2784 D evsmanagerd: /dev/video-evs0 forwarded the buffer #1 to 0xb400f125d2b26dd0 from 0xb400f125e2b20710
12-30 10:33:12.050   596  3076 E WifiHAL : Invalid data received from driver
12-30 10:33:12.053   360   458 D EvsDriver: doneWithFrame
12-30 10:33:12.057   650   729 D fgemcucomm: sd Uart data : 6AA602D84D0002920243
12-30 10:33:12.058   650   729 D fgemcucomm: rev uart=57279,len=14, data : 6AA681D84D0006920200010000BF
12-30 10:33:12.058   398  2883 D adayocomadapter-ParseProtocolFunc: printRaWMsg Name[MCUToUPstream recv] len[6] data[920200010000]
12-30 10:33:12.058   398  2883 D adayocomadapter-CommunicationManager: onUpstreamback   member[0] dataLength[3] timePoint[6927880]
12-30 10:33:12.058   398  2883 D adayocomadapter-ParseProtocolFunc: printRaWMsg Name[onUpstreamback] len[3] data[010000]
12-30 10:33:12.058   398   464 D adayocomadapter-UpstreamHandler: processBeforePacket upSreamtProcessTimePoint[6927880] 
12-30 10:33:12.058   398   464 D adayocomadapter-UpstreamHandler: processPacket UPSTREAM_QUEUE_DATA_TIMEOUT
12-30 10:33:12.058   398   464 D adayocomadapter-ParseProtocolFunc: parseCommonIPCLBytes Processing tableNumber[1]
12-30 10:33:12.058   398   464 D adayocomadapter-ParseProtocolFunc: parseCommonIPCLBytes Processing tablename[Table-1] tableSize[3]
12-30 10:33:12.058   398   464 D adayocomadapter-ParseProtocolFunc: printRaWMsg Name[byteStream recv] len[3] data[010000]
12-30 10:33:12.058   398   464 D adayocomadapter-ParseProtocolFunc: printRaWMsg Name[IPCLtoVHAL] len[7] data[21402048000000]
12-30 10:33:12.058   398   464 D adayocomadapter-CommunicationManager: onUpstreamReceive mPropertyId 0x21402048
12-30 10:33:12.058   398   464 D adayocomadapter-CommunicationManager: convertBytesToInt32Memcpy  0
12-30 10:33:12.058   398   464 I vw-vhal : notifyVehicleProperty, propId = 0x21402048, data = {status: 2, int32Values: [0]}
12-30 10:33:12.058   398   464 I vw-vhal : CanSignalsAdapter::notifyVehicleProperty: solvedValue = {.timestamp = 6927880358490, .areaId = 0, .prop = 557850696, .status = AVAILABLE, .value = {.int32Values = [1]{0}, .floatValues = [0]{}, .int64Values = [0]{}, .bytes = [0]{}, .stringValue = ""}}
12-30 10:33:12.058   398   464 I VehiclePropertyStore: begin to write value to Store: {.timestamp = 6927880358490, .areaId = 0, .prop = 557850696, .status = AVAILABLE, .value = {.int32Values = [1]{0}, .floatValues = [0]{}, .int64Values = [0]{}, .bytes = [0]{}, .stringValue = ""}}
12-30 10:33:12.058   398   464 I DefaultVehicleHal_v2_0: DefaultVehicleHal::onPropertyValue, value:{.timestamp = 6927880358490, .areaId = 0, .prop = 557850696, .status = AVAILABLE, .value = {.int32Values = [1]{0}, .floatValues = [0]{}, .int64Values = [0]{}, .bytes = [0]{}, .stringValue = ""}}
12-30 10:33:12.058   398   464 D DiagPropHandler: is not DiagnosticConfig: 0x21402048
12-30 10:33:12.058   398   464 I VehiclePropertyStore: begin to write value to Store: {.timestamp = 6927880358490, .areaId = 0, .prop = 557850696, .status = AVAILABLE, .value = {.int32Values = [1]{0}, .floatValues = [0]{}, .int64Values = [0]{}, .bytes = [0]{}, .stringValue = ""}}
12-30 10:33:12.058   398   464 D adayocomadapter-CommunicationManager: onUpstreamReceive mPropertyId 0x21402048
12-30 10:33:12.078   650   729 D fgemcucomm: sd Uart data : 6AA602D84E0002920242
12-30 10:33:12.078   650   729 D fgemcucomm: rev uart=57280,len=16, data : 6AA681D84E00089202000300000000BA
12-30 10:33:12.078   398  2883 D adayocomadapter-ParseProtocolFunc: printRaWMsg Name[MCUToUPstream recv] len[8] data[9202000300000000]
12-30 10:33:12.078   360   931 D EvsDriver: forwardFrame
12-30 10:33:12.078   398  2883 D adayocomadapter-CommunicationManager: onUpstreamback   member[0] dataLength[5] timePoint[6927900]
12-30 10:33:12.078   360   931 D EvsDriver: forwardFrameDirect
12-30 10:33:12.078   398  2883 D adayocomadapter-ParseProtocolFunc: printRaWMsg Name[onUpstreamback] len[5] data[0300000000]
12-30 10:33:12.078   398   464 D adayocomadapter-UpstreamHandler: processBeforePacket upSreamtProcessTimePoint[6927900] 
12-30 10:33:12.078   398   464 D adayocomadapter-UpstreamHandler: processPacket UPSTREAM_QUEUE_DATA_TIMEOUT
12-30 10:33:12.078   398   464 D adayocomadapter-ParseProtocolFunc: parseCommonIPCLBytes Processing tableNumber[3]
12-30 10:33:12.078   398   464 D adayocomadapter-ParseProtocolFunc: parseCommonIPCLBytes Processing tablename[Table-3] tableSize[5]
12-30 10:33:12.078   360   931 D EvsDriver: Delivered 0xb400e2ca9e40c2d0 as id 0
12-30 10:33:12.078   398   464 D adayocomadapter-ParseProtocolFunc: printRaWMsg Name[byteStream recv] len[5] data[0300000000]
12-30 10:33:12.078   398   464 D adayocomadapter-ParseProtocolFunc: printRaWMsg Name[IPCLtoVHAL] len[8] data[2141213801000000]
12-30 10:33:12.078   398   464 D adayocomadapter-ParseProtocolFunc: printRaWMsg Name[IPCLtoVHAL] len[6] data[214021D60000]
12-30 10:33:12.078   398   464 D adayocomadapter-CommunicationManager: onUpstreamReceive mPropertyId 0x21412138
12-30 10:33:12.078   359  2784 D evsmanagerd: /dev/video-evs0 forwarded the buffer #0 to 0xb400f125d2b26dd0 from 0xb400f125e2b20710
12-30 10:33:12.078   398   464 I vw-vhal : notifyVehicleProperty, propId = 0x21412138, data = {status: 2, int32Values: [0, 0, 0]}
12-30 10:33:12.078   398   464 I vw-vhal : CanSignalsAdapter::notifyVehicleProperty: solvedValue = {.timestamp = 6927900603157, .areaId = 0, .prop = 557916472, .status = AVAILABLE, .value = {.int32Values = [3]{0, 0, 0}, .floatValues = [0]{}, .int64Values = [0]{}, .bytes = [0]{}, .stringValue = ""}}
