12-30 10:33:13.145   359  2784 D evsmanagerd: /dev/video-evs0 forwarded the buffer #0 to 0xb400f125d2b26dd0 from 0xb400f125e2b20710
12-30 10:33:13.150  2358  2623 D RcfController: Rcf proxy is not connected!
12-30 10:33:13.150  1667  2594 W ContextImpl: Calling a method in the system process without a qualified user: android.app.ContextImpl.bindService:1988 android.content.ContextWrapper.bindService:861 com.ford.sync.fnvservice.FordFnv.c:202 com.ford.sync.fnvservice.FordFnv.c:43 com.ford.sync.fnvservice.FordFnv$RetryHandler.handleMessage:245 
12-30 10:33:13.151   916  3726 W ActivityManager: Unable to start service Intent { cmp=com.ford.sync.fnvservice/.FordFnvService } U=0: not found
12-30 10:33:13.151  1667  2594 W FordFnv :  bind ford fnv failed -> sendRetryMessage 
12-30 10:33:13.156   360   458 D EvsDriver: doneWithFrame
12-30 10:33:13.178   360   931 D EvsDriver: forwardFrame
12-30 10:33:13.178   360   931 D EvsDriver: forwardFrameDirect
12-30 10:33:13.178   360   931 D EvsDriver: Delivered 0xb400e2ca9e40c7a0 as id 1
12-30 10:33:13.178   359  2784 D evsmanagerd: /dev/video-evs0 forwarded the buffer #1 to 0xb400f125d2b26dd0 from 0xb400f125e2b20710
12-30 10:33:13.185   596  3076 E WifiHAL : Invalid data received from driver
12-30 10:33:13.186   360   458 D EvsDriver: doneWithFrame
12-30 10:33:13.200  2358  2623 D RcfController: Rcf proxy is not connected!
12-30 10:33:13.211   360   931 D EvsDriver: forwardFrame
12-30 10:33:13.211   360   931 D EvsDriver: forwardFrameDirect
12-30 10:33:13.212   360   931 D EvsDriver: Delivered 0xb400e2ca9e40e270 as id 0
12-30 10:33:13.212   359  2784 D evsmanagerd: /dev/video-evs0 forwarded the buffer #0 to 0xb400f125d2b26dd0 from 0xb400f125e2b20710
12-30 10:33:13.216   360   458 D EvsDriver: doneWithFrame
12-30 10:33:13.245   360   931 D EvsDriver: forwardFrame
12-30 10:33:13.245   360   931 D EvsDriver: forwardFrameDirect
12-30 10:33:13.245   594 25794 D resolv  : retrying_poll: 12 retrying_poll timeout
12-30 10:33:13.245   360   931 D EvsDriver: Delivered 0xb400e2ca9e40d4b0 as id 1
12-30 10:33:13.245   359  2784 D evsmanagerd: /dev/video-evs0 forwarded the buffer #1 to 0xb400f125d2b26dd0 from 0xb400f125e2b20710
12-30 10:33:13.245   594 25794 D resolv  : send_dg: timeout
12-30 10:33:13.245   594 25794 I resolv  : res_nsend: used send_dg 0 terrno: 110
12-30 10:33:13.246   594 25794 D resolv  : res_stats_set_sample: rcode = 255, sec = 5006
12-30 10:33:13.246   594 25794 D resolv  : res_cache_add_stats_sample_locked: adding sample to stats, next = 25, count = 64
12-30 10:33:13.246   594 25794 D resolv  : res_nsend: Querying server (# 2) address = 8.8.8.8:53
12-30 10:33:13.247   594 25794 D resolv  : send_dg: new DG socket
12-30 10:33:13.247   360   458 D EvsDriver: doneWithFrame
12-30 10:33:13.247   594 25794 D resolv  : get_timeout: using timeout of 5000 msec
12-30 10:33:13.247   594 25794 D resolv  : retrying_poll: 13 retrying_poll
12-30 10:33:13.250  2358  2623 D RcfController: Rcf proxy is not connected!
12-30 10:33:13.266   596  3076 E WifiHAL : Invalid data received from driver
12-30 10:33:13.278   360   931 D EvsDriver: forwardFrame
12-30 10:33:13.278   360   931 D EvsDriver: forwardFrameDirect
12-30 10:33:13.278   360   931 D EvsDriver: Delivered 0xb400e2ca9e40c2d0 as id 0
12-30 10:33:13.279   359  2784 D evsmanagerd: /dev/video-evs0 forwarded the buffer #0 to 0xb400f125d2b26dd0 from 0xb400f125e2b20710
12-30 10:33:13.287   360   458 D EvsDriver: doneWithFrame
12-30 10:33:13.297  1528  1878 D IpReachabilityMonitor: neighbour IPv4(v6): /192.168.7.4 neighbour state: NUD_REACHABLE
12-30 10:33:13.299   594   643 I netd    : setProcSysNet(4, 2, vlan_07, retrans_time_ms, 750) <0.42ms>
12-30 10:33:13.300   594   643 I netd    : setProcSysNet(4, 2, vlan_07, ucast_solicit, 10) <0.13ms>
12-30 10:33:13.301   594   643 I netd    : setProcSysNet(6, 2, vlan_07, retrans_time_ms, 750) <0.18ms>
12-30 10:33:13.301  2358  2623 D RcfController: Rcf proxy is not connected!
12-30 10:33:13.301   594   643 I netd    : setProcSysNet(6, 2, vlan_07, ucast_solicit, 10) <0.13ms>
12-30 10:33:13.307  2475  2681 I TtsServiceAgent: check thread start checking, threadId = 29
12-30 10:33:13.307  2475  2681 D TtsServiceAgent: start bind service...
12-30 10:33:13.307  2475  2681 D TtsServiceAgent: ----->initService, usage = 16
12-30 10:33:13.307  2475  2681 W ContextImpl: Calling a method in the system process without a qualified user: android.app.ContextImpl.bindService:1988 android.content.ContextWrapper.bindService:861 com.iflytek.autofly.ttsaidl.ttsproxy.TtsServiceAgent.initService:189 com.iflytek.autofly.ttsaidl.ttsproxy.TtsServiceAgent.initService:133 com.iflytek.autofly.ttsaidl.ttsproxy.TtsServiceAgent$2.run:517 
12-30 10:33:13.308   916  3726 W ActivityManager: Unable to start service Intent { act=com.iflytek.autofly.tts.ttsservice.TtsAdapterService cmp=com.iflytek.cutefly.speechclient.hmi/com.iflytek.autofly.tts.ttsservice.TtsAdapterService } U=0: not found
12-30 10:33:13.309  2475  2681 D TtsServiceAgent: bindService: false
12-30 10:33:13.309  2475  2681 D TtsServiceAgent: start reInitService
12-30 10:33:13.309  2475  2681 D TtsServiceAgent: aidlCheckThreadRunning = true
12-30 10:33:13.309  2475  2681 D TtsServiceAgent: ----->check connection status in 1000s...
12-30 10:33:13.311   360   931 D EvsDriver: forwardFrame
12-30 10:33:13.311   360   931 D EvsDriver: forwardFrameDirect
12-30 10:33:13.312   360   931 D EvsDriver: Delivered 0xb400e2ca9e40d090 as id 1
12-30 10:33:13.312   359  2784 D evsmanagerd: /dev/video-evs0 forwarded the buffer #1 to 0xb400f125d2b26dd0 from 0xb400f125e2b20710
12-30 10:33:13.318   360   458 D EvsDriver: doneWithFrame
12-30 10:33:13.319   596  3076 E WifiHAL : Invalid data received from driver
12-30 10:33:13.345   360   931 D EvsDriver: forwardFrame
12-30 10:33:13.345   360   931 D EvsDriver: forwardFrameDirect
12-30 10:33:13.345   360   931 D EvsDriver: Delivered 0xb400e2ca9e40e110 as id 0
12-30 10:33:13.345   359  2784 D evsmanagerd: /dev/video-evs0 forwarded the buffer #0 to 0xb400f125d2b26dd0 from 0xb400f125e2b20710
12-30 10:33:13.348   360   458 D EvsDriver: doneWithFrame
12-30 10:33:13.351  2358  2623 D RcfController: Rcf proxy is not connected!
12-30 10:33:13.378   360   931 I EvsDriver: /dev/video-evs0 VideoCapture fps 29.9989
12-30 10:33:13.378   360   931 D EvsDriver: forwardFrame
12-30 10:33:13.378   360   931 D EvsDriver: forwardFrameDirect
12-30 10:33:13.378   360   931 D EvsDriver: Delivered 0xb400e2ca9e40c7a0 as id 1
12-30 10:33:13.379   359  2784 D evsmanagerd: /dev/video-evs0 forwarded the buffer #1 to 0xb400f125d2b26dd0 from 0xb400f125e2b20710
12-30 10:33:13.389   360   458 D EvsDriver: doneWithFrame
12-30 10:33:13.396   596  3076 E WifiHAL : Invalid data received from driver
12-30 10:33:13.401  2358  2623 D RcfController: Rcf proxy is not connected!
12-30 10:33:13.404   650   729 D fgemcucomm: sd Uart data : 6AA602D85B0002920235
12-30 10:33:13.404   650   729 D fgemcucomm: rev uart=57293,len=17, data : 6AA681D85B0009920200060000000000A9
12-30 10:33:13.405   398  2883 D adayocomadapter-ParseProtocolFunc: printRaWMsg Name[MCUToUPstream recv] len[9] data[920200060000000000]
12-30 10:33:13.405   398  2883 D adayocomadapter-CommunicationManager: onUpstreamback   member[0] dataLength[6] timePoint[6929226]
12-30 10:33:13.405   398  2883 D adayocomadapter-ParseProtocolFunc: printRaWMsg Name[onUpstreamback] len[6] data[060000000000]
12-30 10:33:13.405   398   464 D adayocomadapter-UpstreamHandler: processBeforePacket upSreamtProcessTimePoint[6929227] 
12-30 10:33:13.405   398   464 D adayocomadapter-UpstreamHandler: processPacket UPSTREAM_QUEUE_DATA_TIMEOUT
12-30 10:33:13.405   398   464 D adayocomadapter-ParseProtocolFunc: parseCommonIPCLBytes Processing tableNumber[6]
12-30 10:33:13.405   398   464 D adayocomadapter-ParseProtocolFunc: parseCommonIPCLBytes Processing tablename[Table-6] tableSize[6]
12-30 10:33:13.405   398   464 D adayocomadapter-ParseProtocolFunc: printRaWMsg Name[byteStream recv] len[6] data[060000000000]
12-30 10:33:13.405   398   464 D adayocomadapter-ParseProtocolFunc: printRaWMsg Name[IPCLtoVHAL] len[6] data[214020020000]
12-30 10:33:13.405   398   464 D adayocomadapter-ParseProtocolFunc: printRaWMsg Name[IPCLtoVHAL] len[6] data[214020200000]
12-30 10:33:13.405   398   464 D adayocomadapter-ParseProtocolFunc: printRaWMsg Name[IPCLtoVHAL] len[6] data[214020040000]
12-30 10:33:13.405   398   464 D adayocomadapter-ParseProtocolFunc: printRaWMsg Name[IPCLtoVHAL] len[6] data[214020090000]
12-30 10:33:13.405   398   464 D adayocomadapter-ParseProtocolFunc: printRaWMsg Name[IPCLtoVHAL] len[6] data[214020080000]
12-30 10:33:13.405   398   464 D adayocomadapter-CommunicationManager: onUpstreamReceive mPropertyId 0x21402002
12-30 10:33:13.405   398   464 D adayocomadapter-CommunicationManager: convertBytesToInt32Memcpy  0
12-30 10:33:13.406   398   464 I vw-vhal : notifyVehicleProperty, propId = 0x21402002, data = {status: 2, int32Values: [0]}
12-30 10:33:13.406   398   464 I vw-vhal : CanSignalsAdapter::notifyVehicleProperty: solvedValue = {.timestamp = 6929227984157, .areaId = 0, .prop = 557850626, .status = AVAILABLE, .value = {.int32Values = [1]{0}, .floatValues = [0]{}, .int64Values = [0]{}, .bytes = [0]{}, .stringValue = ""}}
12-30 10:33:13.406   398   464 I VehiclePropertyStore: begin to write value to Store: {.timestamp = 6929227984157, .areaId = 0, .prop = 557850626, .status = AVAILABLE, .value = {.int32Values = [1]{0}, .floatValues = [0]{}, .int64Values = [0]{}, .bytes = [0]{}, .stringValue = ""}}
12-30 10:33:13.406   398   464 I DefaultVehicleHal_v2_0: DefaultVehicleHal::onPropertyValue, value:{.timestamp = 6929227984157, .areaId = 0, .prop = 557850626, .status = AVAILABLE, .value = {.int32Values = [1]{0}, .floatValues = [0]{}, .int64Values = [0]{}, .bytes = [0]{}, .stringValue = ""}}
12-30 10:33:13.406   398   464 D DiagPropHandler: is not DiagnosticConfig: 0x21402002
12-30 10:33:13.406   398   464 I VehiclePropertyStore: begin to write value to Store: {.timestamp = 6929227984157, .areaId = 0, .prop = 557850626, .status = AVAILABLE, .value = {.int32Values = [1]{0}, .floatValues = [0]{}, .int64Values = [0]{}, .bytes = [0]{}, .stringValue = ""}}
12-30 10:33:13.406   398   464 D adayocomadapter-CommunicationManager: onUpstreamReceive mPropertyId 0x21402002
12-30 10:33:13.406   398   464 D adayocomadapter-CommunicationManager: onUpstreamReceive mPropertyId 0x21402020
12-30 10:33:13.406   398   464 D adayocomadapter-CommunicationManager: convertBytesToInt32Memcpy  0
12-30 10:33:13.406   398   464 I vw-vhal : notifyVehicleProperty, propId = 0x21402020, data = {status: 2, int32Values: [0]}
12-30 10:33:13.406   398   464 I vw-vhal : CanSignalsAdapter::notifyVehicleProperty: solvedValue = {.timestamp = 6929228785490, .areaId = 0, .prop = 557850656, .status = AVAILABLE, .value = {.int32Values = [1]{0}, .floatValues = [0]{}, .int64Values = [0]{}, .bytes = [0]{}, .stringValue = ""}}
12-30 10:33:13.407   398   464 I VehiclePropertyStore: begin to write value to Store: {.timestamp = 6929228785490, .areaId = 0, .prop = 557850656, .status = AVAILABLE, .value = {.int32Values = [1]{0}, .floatValues = [0]{}, .int64Values = [0]{}, .bytes = [0]{}, .stringValue = ""}}
12-30 10:33:13.407   398   464 I DefaultVehicleHal_v2_0: DefaultVehicleHal::onPropertyValue, value:{.timestamp = 6929228785490, .areaId = 0, .prop = 557850656, .status = AVAILABLE, .value = {.int32Values = [1]{0}, .floatValues = [0]{}, .int64Values = [0]{}, .bytes = [0]{}, .stringValue = ""}}
12-30 10:33:13.407   398   464 D DiagPropHandler: is not DiagnosticConfig: 0x21402020
12-30 10:33:13.407   398   464 I VehiclePropertyStore: begin to write value to Store: {.timestamp = 6929228785490, .areaId = 0, .prop = 557850656, .status = AVAILABLE, .value = {.int32Values = [1]{0}, .floatValues = [0]{}, .int64Values = [0]{}, .bytes = [0]{}, .stringValue = ""}}
12-30 10:33:13.407   398   464 D adayocomadapter-CommunicationManager: onUpstreamReceive mPropertyId 0x21402020
12-30 10:33:13.407   398   464 D adayocomadapter-CommunicationManager: onUpstreamReceive mPropertyId 0x21402004
12-30 10:33:13.407   398   464 D adayocomadapter-CommunicationManager: convertBytesToInt32Memcpy  0
12-30 10:33:13.407   398   464 I vw-vhal : notifyVehicleProperty, propId = 0x21402004, data = {status: 2, int32Values: [0]}
12-30 10:33:13.407   398   464 I vw-vhal : CanSignalsAdapter::notifyVehicleProperty: solvedValue = {.timestamp = 6929229456490, .areaId = 0, .prop = 557850628, .status = AVAILABLE, .value = {.int32Values = [1]{0}, .floatValues = [0]{}, .int64Values = [0]{}, .bytes = [0]{}, .stringValue = ""}}
12-30 10:33:13.407   398   464 I VehiclePropertyStore: begin to write value to Store: {.timestamp = 6929229456490, .areaId = 0, .prop = 557850628, .status = AVAILABLE, .value = {.int32Values = [1]{0}, .floatValues = [0]{}, .int64Values = [0]{}, .bytes = [0]{}, .stringValue = ""}}
12-30 10:33:13.407   398   464 I DefaultVehicleHal_v2_0: DefaultVehicleHal::onPropertyValue, value:{.timestamp = 6929229456490, .areaId = 0, .prop = 557850628, .status = AVAILABLE, .value = {.int32Values = [1]{0}, .floatValues = [0]{}, .int64Values = [0]{}, .bytes = [0]{}, .stringValue = ""}}
12-30 10:33:13.407   398   464 D DiagPropHandler: is not DiagnosticConfig: 0x21402004
12-30 10:33:13.407   398   464 I VehiclePropertyStore: begin to write value to Store: {.timestamp = 6929229456490, .areaId = 0, .prop = 557850628, .status = AVAILABLE, .value = {.int32Values = [1]{0}, .floatValues = [0]{}, .int64Values = [0]{}, .bytes = [0]{}, .stringValue = ""}}
12-30 10:33:13.408   398   464 D adayocomadapter-CommunicationManager: onUpstreamReceive mPropertyId 0x21402004
12-30 10:33:13.408   398   464 D adayocomadapter-CommunicationManager: onUpstreamReceive mPropertyId 0x21402009
12-30 10:33:13.408   398   464 D adayocomadapter-CommunicationManager: convertBytesToInt32Memcpy  0
12-30 10:33:13.408   398   464 I vw-vhal : notifyVehicleProperty, propId = 0x21402009, data = {status: 2, int32Values: [0]}
12-30 10:33:13.408   398   464 I vw-vhal : CanSignalsAdapter::notifyVehicleProperty: solvedValue = {.timestamp = 6929230126490, .areaId = 0, .prop = 557850633, .status = AVAILABLE, .value = {.int32Values = [1]{0}, .floatValues = [0]{}, .int64Values = [0]{}, .bytes = [0]{}, .stringValue = ""}}
12-30 10:33:13.408   398   464 I VehiclePropertyStore: begin to write value to Store: {.timestamp = 6929230126490, .areaId = 0, .prop = 557850633, .status = AVAILABLE, .value = {.int32Values = [1]{0}, .floatValues = [0]{}, .int64Values = [0]{}, .bytes = [0]{}, .stringValue = ""}}
12-30 10:33:13.408   398   464 I DefaultVehicleHal_v2_0: DefaultVehicleHal::onPropertyValue, value:{.timestamp = 6929230126490, .areaId = 0, .prop = 557850633, .status = AVAILABLE, .value = {.int32Values = [1]{0}, .floatValues = [0]{}, .int64Values = [0]{}, .bytes = [0]{}, .stringValue = ""}}
12-30 10:33:13.408   398   464 D DiagPropHandler: is not DiagnosticConfig: 0x21402009
12-30 10:33:13.408   398   464 I VehiclePropertyStore: begin to write value to Store: {.timestamp = 6929230126490, .areaId = 0, .prop = 557850633, .status = AVAILABLE, .value = {.int32Values = [1]{0}, .floatValues = [0]{}, .int64Values = [0]{}, .bytes = [0]{}, .stringValue = ""}}
12-30 10:33:13.408   398   464 D adayocomadapter-CommunicationManager: onUpstreamReceive mPropertyId 0x21402009
12-30 10:33:13.408   398   464 D adayocomadapter-CommunicationManager: onUpstreamReceive mPropertyId 0x21402008
12-30 10:33:13.408   398   464 D adayocomadapter-CommunicationManager: convertBytesToInt32Memcpy  0
12-30 10:33:13.408   398   464 I vw-vhal : notifyVehicleProperty, propId = 0x21402008, data = {status: 2, int32Values: [0]}
12-30 10:33:13.408   398   464 I vw-vhal : CanSignalsAdapter::notifyVehicleProperty: solvedValue = {.timestamp = 6929230788824, .areaId = 0, .prop = 557850632, .status = AVAILABLE, .value = {.int32Values = [1]{0}, .floatValues = [0]{}, .int64Values = [0]{}, .bytes = [0]{}, .stringValue = ""}}
12-30 10:33:13.409   398   464 I VehiclePropertyStore: begin to write value to Store: {.timestamp = 6929230788824, .areaId = 0, .prop = 557850632, .status = AVAILABLE, .value = {.int32Values = [1]{0}, .floatValues = [0]{}, .int64Values = [0]{}, .bytes = [0]{}, .stringValue = ""}}
12-30 10:33:13.409   398   464 I DefaultVehicleHal_v2_0: DefaultVehicleHal::onPropertyValue, value:{.timestamp = 6929230788824, .areaId = 0, .prop = 557850632, .status = AVAILABLE, .value = {.int32Values = [1]{0}, .floatValues = [0]{}, .int64Values = [0]{}, .bytes = [0]{}, .stringValue = ""}}
12-30 10:33:13.409   398   464 D DiagPropHandler: is not DiagnosticConfig: 0x21402008
12-30 10:33:13.409   398   464 I VehiclePropertyStore: begin to write value to Store: {.timestamp = 6929230788824, .areaId = 0, .prop = 557850632, .status = AVAILABLE, .value = {.int32Values = [1]{0}, .floatValues = [0]{}, .int64Values = [0]{}, .bytes = [0]{}, .stringValue = ""}}
12-30 10:33:13.409   398   464 D adayocomadapter-CommunicationManager: onUpstreamReceive mPropertyId 0x21402008
12-30 10:33:13.411   360   931 D EvsDriver: forwardFrame
12-30 10:33:13.411   360   931 D EvsDriver: forwardFrameDirect
12-30 10:33:13.412   360   931 D EvsDriver: Delivered 0xb400e2ca9e40e270 as id 0
12-30 10:33:13.412   359  2784 D evsmanagerd: /dev/video-evs0 forwarded the buffer #0 to 0xb400f125d2b26dd0 from 0xb400f125e2b20710
12-30 10:33:13.419   360   458 D EvsDriver: doneWithFrame
12-30 10:33:13.445   360   931 D EvsDriver: forwardFrame
12-30 10:33:13.445   360   931 D EvsDriver: forwardFrameDirect
12-30 10:33:13.445   360   931 D EvsDriver: Delivered 0xb400e2ca9e40d4b0 as id 1
12-30 10:33:13.445   359  2784 D evsmanagerd: /dev/video-evs0 forwarded the buffer #1 to 0xb400f125d2b26dd0 from 0xb400f125e2b20710
12-30 10:33:13.449   360   458 D EvsDriver: doneWithFrame
12-30 10:33:13.451  2358  2623 D RcfController: Rcf proxy is not connected!
12-30 10:33:13.478   360   931 D EvsDriver: forwardFrame
12-30 10:33:13.478   360   931 D EvsDriver: forwardFrameDirect
12-30 10:33:13.478   360   931 D EvsDriver: Delivered 0xb400e2ca9e40c2d0 as id 0
12-30 10:33:13.478   359  2784 D evsmanagerd: /dev/video-evs0 forwarded the buffer #0 to 0xb400f125d2b26dd0 from 0xb400f125e2b20710
12-30 10:33:13.480   360   458 D EvsDriver: doneWithFrame
12-30 10:33:13.493   596  3076 E WifiHAL : Invalid data received from driver
12-30 10:33:13.502  2358  2623 D RcfController: Rcf proxy is not connected!
12-30 10:33:13.511   360   931 D EvsDriver: forwardFrame
12-30 10:33:13.511   360   931 D EvsDriver: forwardFrameDirect
12-30 10:33:13.512   360   931 D EvsDriver: Delivered 0xb400e2ca9e40d090 as id 1
12-30 10:33:13.512   359  2784 D evsmanagerd: /dev/video-evs0 forwarded the buffer #1 to 0xb400f125d2b26dd0 from 0xb400f125e2b20710
12-30 10:33:13.513  3066  3066 D hostapd : nl80211: BSS Event 59 (NL80211_CMD_FRAME) received for wlan1
12-30 10:33:13.513  3066  3066 D hostapd : nl80211: RX frame da=ff:ff:ff:ff:ff:ff sa=ee:74:72:d7:de:af bssid=ee:74:72:d7:de:af freq=5745 ssi_signal=-9100 fc=0xd0 seq_ctrl=0x4e90 stype=13 (WLAN_FC_STYPE_ACTION) len=42
12-30 10:33:13.513  3066  3066 D hostapd : wlan1: Event RX_MGMT (18) received
12-30 10:33:13.513  3066  3066 D hostapd : Receive wpa msg : Event RX_MGMT (18) received
12-30 10:33:13.520   360   458 D EvsDriver: doneWithFrame
12-30 10:33:13.524   596  3076 E WifiHAL : Invalid data received from driver
12-30 10:33:13.545   360   931 D EvsDriver: forwardFrame
12-30 10:33:13.545   360   931 D EvsDriver: forwardFrameDirect
12-30 10:33:13.545   360   931 D EvsDriver: Delivered 0xb400e2ca9e40e110 as id 0
12-30 10:33:13.545   359  2784 D evsmanagerd: /dev/video-evs0 forwarded the buffer #0 to 0xb400f125d2b26dd0 from 0xb400f125e2b20710
12-30 10:33:13.551   360   458 D EvsDriver: doneWithFrame
12-30 10:33:13.552  2358  2623 D RcfController: Rcf proxy is not connected!
12-30 10:33:13.564  3066  3066 D hostapd : nl80211: BSS Event 59 (NL80211_CMD_FRAME) received for wlan1
12-30 10:33:13.564  3066  3066 D hostapd : nl80211: RX frame da=ff:ff:ff:ff:ff:ff sa=ee:74:72:d7:de:af bssid=ee:74:72:d7:de:af freq=5745 ssi_signal=-9200 fc=0xd0 seq_ctrl=0x4eb0 stype=13 (WLAN_FC_STYPE_ACTION) len=42
12-30 10:33:13.564  3066  3066 D hostapd : wlan1: Event RX_MGMT (18) received
12-30 10:33:13.564  3066  3066 D hostapd : Receive wpa msg : Event RX_MGMT (18) received
12-30 10:33:13.576   650   729 D fgemcucomm: sd Uart data : 6AA602D85C0002920234
12-30 10:33:13.577   650   729 D fgemcucomm: rev uart=57294,len=43, data : 6AA681D85C0023920200140000000000000000000000000000000000000000000000000000000000000080
12-30 10:33:13.577   398  2883 D adayocomadapter-ParseProtocolFunc: printRaWMsg Name[MCUToUPstream recv] len[35] data[9202001400000000000000000000000000000000000000000000000000000000000000]
12-30 10:33:13.577   398  2883 D adayocomadapter-CommunicationManager: onUpstreamback   member[0] dataLength[32] timePoint[6929399]
12-30 10:33:13.577   398  2883 D adayocomadapter-ParseProtocolFunc: printRaWMsg Name[onUpstreamback] len[32] data[1400000000000000000000000000000000000000000000000000000000000000]
12-30 10:33:13.577   398   464 D adayocomadapter-UpstreamHandler: processBeforePacket upSreamtProcessTimePoint[6929399] 
12-30 10:33:13.577   398   464 D adayocomadapter-UpstreamHandler: processPacket UPSTREAM_QUEUE_DATA_TIMEOUT
12-30 10:33:13.577   398   464 D adayocomadapter-ParseProtocolFunc: parseCommonIPCLBytes Processing tableNumber[20]
12-30 10:33:13.577   398   464 D adayocomadapter-ParseProtocolFunc: parseCommonIPCLBytes Processing tablename[Table-20] tableSize[32]
12-30 10:33:13.577   398   464 D adayocomadapter-ParseProtocolFunc: printRaWMsg Name[byteStream recv] len[32] data[1400000000000000000000000000000000000000000000000000000000000000]
12-30 10:33:13.577   398   464 D adayocomadapter-ParseProtocolFunc: printRaWMsg Name[IPCLtoVHAL] len[6] data[2140200F0000]
12-30 10:33:13.578   398   464 D adayocomadapter-ParseProtocolFunc: printRaWMsg Name[IPCLtoVHAL] len[6] data[214020B00000]
12-30 10:33:13.578   398   464 D adayocomadapter-ParseProtocolFunc: printRaWMsg Name[IPCLtoVHAL] len[8] data[2141201601000000]
12-30 10:33:13.578   398   464 D adayocomadapter-ParseProtocolFunc: printRaWMsg Name[IPCLtoVHAL] len[6] data[214020590000]
12-30 10:33:13.578   398   464 D adayocomadapter-ParseProtocolFunc: printRaWMsg Name[IPCLtoVHAL] len[6] data[2140201A0000]
12-30 10:33:13.578   398   464 D adayocomadapter-ParseProtocolFunc: printRaWMsg Name[IPCLtoVHAL] len[6] data[214020100000]
12-30 10:33:13.578   398   464 D adayocomadapter-ParseProtocolFunc: printRaWMsg Name[IPCLtoVHAL] len[6] data[214020550000]
12-30 10:33:13.578   398   464 D adayocomadapter-ParseProtocolFunc: printRaWMsg Name[IPCLtoVHAL] len[6] data[214020B10000]
12-30 10:33:13.578   360   931 D EvsDriver: forwardFrame
12-30 10:33:13.578   398   464 D adayocomadapter-ParseProtocolFunc: printRaWMsg Name[IPCLtoVHAL] len[6] data[2140201B0000]
12-30 10:33:13.578   398   464 D adayocomadapter-ParseProtocolFunc: printRaWMsg Name[IPCLtoVHAL] len[6] data[214020180000]
12-30 10:33:13.578   360   931 D EvsDriver: forwardFrameDirect
12-30 10:33:13.578   398   464 D adayocomadapter-ParseProtocolFunc: printRaWMsg Name[IPCLtoVHAL] len[6] data[214021900000]
12-30 10:33:13.578   398   464 D adayocomadapter-ParseProtocolFunc: printRaWMsg Name[IPCLtoVHAL] len[6] data[214020210000]
12-30 10:33:13.578   398   464 D adayocomadapter-ParseProtocolFunc: printRaWMsg Name[IPCLtoVHAL] len[6] data[214021C80000]
12-30 10:33:13.578   398   464 D adayocomadapter-ParseProtocolFunc: printRaWMsg Name[IPCLtoVHAL] len[7] data[2140200A000000]
12-30 10:33:13.578   398   464 D adayocomadapter-ParseProtocolFunc: printRaWMsg Name[IPCLtoVHAL] len[6] data[2140223E0000]
12-30 10:33:13.578   360   931 D EvsDriver: Delivered 0xb400e2ca9e40c7a0 as id 1
12-30 10:33:13.578   398   464 D adayocomadapter-ParseProtocolFunc: printRaWMsg Name[IPCLtoVHAL] len[6] data[214021190000]
12-30 10:33:13.578   398   464 D adayocomadapter-ParseProtocolFunc: printRaWMsg Name[IPCLtoVHAL] len[6] data[214020050000]
12-30 10:33:13.578   398   464 D adayocomadapter-ParseProtocolFunc: printRaWMsg Name[IPCLtoVHAL] len[6] data[2140214E0000]
12-30 10:33:13.579   359  2784 D evsmanagerd: /dev/video-evs0 forwarded the buffer #1 to 0xb400f125d2b26dd0 from 0xb400f125e2b20710
12-30 10:33:13.579   398   464 D adayocomadapter-ParseProtocolFunc: printRaWMsg Name[IPCLtoVHAL] len[6] data[214020560000]
12-30 10:33:13.579   398   464 D adayocomadapter-ParseProtocolFunc: printRaWMsg Name[IPCLtoVHAL] len[6] data[214020570000]
12-30 10:33:13.579   398   464 D adayocomadapter-ParseProtocolFunc: printRaWMsg Name[IPCLtoVHAL] len[6] data[214020580000]
12-30 10:33:13.579   398   464 D adayocomadapter-ParseProtocolFunc: printRaWMsg Name[IPCLtoVHAL] len[6] data[2140205A0000]
12-30 10:33:13.579   398   464 D adayocomadapter-ParseProtocolFunc: printRaWMsg Name[IPCLtoVHAL] len[6] data[2140205B0000]
12-30 10:33:13.579   398   464 D adayocomadapter-ParseProtocolFunc: printRaWMsg Name[IPCLtoVHAL] len[6] data[2140205C0000]
12-30 10:33:13.579   398   464 D adayocomadapter-ParseProtocolFunc: printRaWMsg Name[IPCLtoVHAL] len[6] data[2140218E0000]
12-30 10:33:13.579   398   464 D adayocomadapter-ParseProtocolFunc: printRaWMsg Name[IPCLtoVHAL] len[6] data[2140218F0000]
12-30 10:33:13.579   398   464 D adayocomadapter-ParseProtocolFunc: printRaWMsg Name[IPCLtoVHAL] len[6] data[214021910000]
12-30 10:33:13.579   398   464 D adayocomadapter-ParseProtocolFunc: printRaWMsg Name[IPCLtoVHAL] len[6] data[2140223D0000]
12-30 10:33:13.579   398   464 D adayocomadapter-CommunicationManager: onUpstreamReceive mPropertyId 0x2140200f
12-30 10:33:13.579   398   464 D adayocomadapter-CommunicationManager: convertBytesToInt32Memcpy  0
12-30 10:33:13.579   398   464 I vw-vhal : notifyVehicleProperty, propId = 0x2140200f, data = {status: 2, int32Values: [0]}
12-30 10:33:13.579   398   464 I vw-vhal : CanSignalsAdapter::notifyVehicleProperty: solvedValue = {.timestamp = 6929401692824, .areaId = 0, .prop = 557850639, .status = AVAILABLE, .value = {.int32Values = [1]{0}, .floatValues = [0]{}, .int64Values = [0]{}, .bytes = [0]{}, .stringValue = ""}}
12-30 10:33:13.579   398   464 I VehiclePropertyStore: begin to write value to Store: {.timestamp = 6929401692824, .areaId = 0, .prop = 557850639, .status = AVAILABLE, .value = {.int32Values = [1]{0}, .floatValues = [0]{}, .int64Values = [0]{}, .bytes = [0]{}, .stringValue = ""}}
12-30 10:33:13.580   398   464 I DefaultVehicleHal_v2_0: DefaultVehicleHal::onPropertyValue, value:{.timestamp = 6929401692824, .areaId = 0, .prop = 557850639, .status = AVAILABLE, .value = {.int32Values = [1]{0}, .floatValues = [0]{}, .int64Values = [0]{}, .bytes = [0]{}, .stringValue = ""}}
12-30 10:33:13.580   398   464 D DiagPropHandler: is not DiagnosticConfig: 0x2140200f
12-30 10:33:13.580   398   464 I VehiclePropertyStore: begin to write value to Store: {.timestamp = 6929401692824, .areaId = 0, .prop = 557850639, .status = AVAILABLE, .value = {.int32Values = [1]{0}, .floatValues = [0]{}, .int64Values = [0]{}, .bytes = [0]{}, .stringValue = ""}}
12-30 10:33:13.580   398   464 D adayocomadapter-CommunicationManager: onUpstreamReceive mPropertyId 0x2140200f
12-30 10:33:13.580   398   464 D adayocomadapter-CommunicationManager: onUpstreamReceive mPropertyId 0x214020b0
12-30 10:33:13.580   398   464 D adayocomadapter-CommunicationManager: convertBytesToInt32Memcpy  0
12-30 10:33:13.580   398   464 I vw-vhal : notifyVehicleProperty, propId = 0x214020b0, data = {status: 2, int32Values: [0]}
12-30 10:33:13.580   398   464 I vw-vhal : CanSignalsAdapter::notifyVehicleProperty: solvedValue = {.timestamp = 6929402397824, .areaId = 0, .prop = 557850800, .status = AVAILABLE, .value = {.int32Values = [1]{0}, .floatValues = [0]{}, .int64Values = [0]{}, .bytes = [0]{}, .stringValue = ""}}
12-30 10:33:13.580   398   464 I VehiclePropertyStore: begin to write value to Store: {.timestamp = 6929402397824, .areaId = 0, .prop = 557850800, .status = AVAILABLE, .value = {.int32Values = [1]{0}, .floatValues = [0]{}, .int64Values = [0]{}, .bytes = [0]{}, .stringValue = ""}}
12-30 10:33:13.580   398   464 I DefaultVehicleHal_v2_0: DefaultVehicleHal::onPropertyValue, value:{.timestamp = 6929402397824, .areaId = 0, .prop = 557850800, .status = AVAILABLE, .value = {.int32Values = [1]{0}, .floatValues = [0]{}, .int64Values = [0]{}, .bytes = [0]{}, .stringValue = ""}}
12-30 10:33:13.580   398   464 D DiagPropHandler: is not DiagnosticConfig: 0x214020b0
12-30 10:33:13.581   398   464 I VehiclePropertyStore: begin to write value to Store: {.timestamp = 6929402397824, .areaId = 0, .prop = 557850800, .status = AVAILABLE, .value = {.int32Values = [1]{0}, .floatValues = [0]{}, .int64Values = [0]{}, .bytes = [0]{}, .stringValue = ""}}
12-30 10:33:13.581   398   464 D adayocomadapter-CommunicationManager: onUpstreamReceive mPropertyId 0x214020b0
12-30 10:33:13.581   398   464 D adayocomadapter-CommunicationManager: onUpstreamReceive mPropertyId 0x21412016
12-30 10:33:13.581   398   464 I vw-vhal : notifyVehicleProperty, propId = 0x21412016, data = {status: 2, int32Values: [0, 0, 0]}
12-30 10:33:13.581   398   464 I vw-vhal : CanSignalsAdapter::notifyVehicleProperty: solvedValue = {.timestamp = 6929403157490, .areaId = 0, .prop = 557916182, .status = AVAILABLE, .value = {.int32Values = [3]{0, 0, 0}, .floatValues = [0]{}, .int64Values = [0]{}, .bytes = [0]{}, .stringValue = ""}}
12-30 10:33:13.581   398   464 I VehiclePropertyStore: begin to write value to Store: {.timestamp = 6929403157490, .areaId = 0, .prop = 557916182, .status = AVAILABLE, .value = {.int32Values = [3]{0, 0, 0}, .floatValues = [0]{}, .int64Values = [0]{}, .bytes = [0]{}, .stringValue = ""}}
12-30 10:33:13.581   360   458 D EvsDriver: doneWithFrame
12-30 10:33:13.581   398   464 I DefaultVehicleHal_v2_0: DefaultVehicleHal::onPropertyValue, value:{.timestamp = 6929403157490, .areaId = 0, .prop = 557916182, .status = AVAILABLE, .value = {.int32Values = [3]{0, 0, 0}, .floatValues = [0]{}, .int64Values = [0]{}, .bytes = [0]{}, .stringValue = ""}}
12-30 10:33:13.581   398   464 D DiagPropHandler: is not DiagnosticConfig: 0x21412016
12-30 10:33:13.581   398   464 I VehiclePropertyStore: begin to write value to Store: {.timestamp = 6929403157490, .areaId = 0, .prop = 557916182, .status = AVAILABLE, .value = {.int32Values = [3]{0, 0, 0}, .floatValues = [0]{}, .int64Values = [0]{}, .bytes = [0]{}, .stringValue = ""}}
12-30 10:33:13.581   398   464 D adayocomadapter-CommunicationManager: onUpstreamReceive mPropertyId 0x21412016
12-30 10:33:13.581   398   464 D adayocomadapter-CommunicationManager: onUpstreamReceive mPropertyId 0x21402059
12-30 10:33:13.581   398   464 D adayocomadapter-CommunicationManager: convertBytesToInt32Memcpy  0
12-30 10:33:13.581   398   464 I vw-vhal : notifyVehicleProperty, propId = 0x21402059, data = {status: 2, int32Values: [0]}
12-30 10:33:13.582   398   464 I vw-vhal : CanSignalsAdapter::notifyVehicleProperty: solvedValue = {.timestamp = 6929403895157, .areaId = 0, .prop = 557850713, .status = AVAILABLE, .value = {.int32Values = [1]{0}, .floatValues = [0]{}, .int64Values = [0]{}, .bytes = [0]{}, .stringValue = ""}}
12-30 10:33:13.582   398   464 I VehiclePropertyStore: begin to write value to Store: {.timestamp = 6929403895157, .areaId = 0, .prop = 557850713, .status = AVAILABLE, .value = {.int32Values = [1]{0}, .floatValues = [0]{}, .int64Values = [0]{}, .bytes = [0]{}, .stringValue = ""}}
12-30 10:33:13.582   398   464 I DefaultVehicleHal_v2_0: DefaultVehicleHal::onPropertyValue, value:{.timestamp = 6929403895157, .areaId = 0, .prop = 557850713, .status = AVAILABLE, .value = {.int32Values = [1]{0}, .floatValues = [0]{}, .int64Values = [0]{}, .bytes = [0]{}, .stringValue = ""}}
12-30 10:33:13.582   398   464 D DiagPropHandler: is not DiagnosticConfig: 0x21402059
12-30 10:33:13.582   398   464 I VehiclePropertyStore: begin to write value to Store: {.timestamp = 6929403895157, .areaId = 0, .prop = 557850713, .status = AVAILABLE, .value = {.int32Values = [1]{0}, .floatValues = [0]{}, .int64Values = [0]{}, .bytes = [0]{}, .stringValue = ""}}
12-30 10:33:13.582   398   464 D adayocomadapter-CommunicationManager: onUpstreamReceive mPropertyId 0x21402059
12-30 10:33:13.582   398   464 D adayocomadapter-CommunicationManager: onUpstreamReceive mPropertyId 0x2140201a
12-30 10:33:13.582   398   464 D adayocomadapter-CommunicationManager: convertBytesToInt32Memcpy  0
12-30 10:33:13.582   398   464 I vw-vhal : notifyVehicleProperty, propId = 0x2140201a, data = {status: 2, int32Values: [0]}
12-30 10:33:13.582   398   464 I vw-vhal : CanSignalsAdapter::notifyVehicleProperty: solvedValue = {.timestamp = 6929404641824, .areaId = 0, .prop = 557850650, .status = AVAILABLE, .value = {.int32Values = [1]{0}, .floatValues = [0]{}, .int64Values = [0]{}, .bytes = [0]{}, .stringValue = ""}}
12-30 10:33:13.582   398   464 I VehiclePropertyStore: begin to write value to Store: {.timestamp = 6929404641824, .areaId = 0, .prop = 557850650, .status = AVAILABLE, .value = {.int32Values = [1]{0}, .floatValues = [0]{}, .int64Values = [0]{}, .bytes = [0]{}, .stringValue = ""}}
12-30 10:33:13.583   398   464 I DefaultVehicleHal_v2_0: DefaultVehicleHal::onPropertyValue, value:{.timestamp = 6929404641824, .areaId = 0, .prop = 557850650, .status = AVAILABLE, .value = {.int32Values = [1]{0}, .floatValues = [0]{}, .int64Values = [0]{}, .bytes = [0]{}, .stringValue = ""}}
12-30 10:33:13.583   398   464 D DiagPropHandler: is not DiagnosticConfig: 0x2140201a
12-30 10:33:13.583   398   464 I VehiclePropertyStore: begin to write value to Store: {.timestamp = 6929404641824, .areaId = 0, .prop = 557850650, .status = AVAILABLE, .value = {.int32Values = [1]{0}, .floatValues = [0]{}, .int64Values = [0]{}, .bytes = [0]{}, .stringValue = ""}}
12-30 10:33:13.583   398   464 D adayocomadapter-CommunicationManager: onUpstreamReceive mPropertyId 0x2140201a
12-30 10:33:13.583   398   464 D adayocomadapter-CommunicationManager: onUpstreamReceive mPropertyId 0x21402010
12-30 10:33:13.583   398   464 D adayocomadapter-CommunicationManager: convertBytesToInt32Memcpy  0
12-30 10:33:13.583   398   464 I vw-vhal : notifyVehicleProperty, propId = 0x21402010, data = {status: 2, int32Values: [0]}
12-30 10:33:13.583   398   464 I vw-vhal : CanSignalsAdapter::notifyVehicleProperty: solvedValue = {.timestamp = 6929405365157, .areaId = 0, .prop = 557850640, .status = AVAILABLE, .value = {.int32Values = [1]{0}, .floatValues = [0]{}, .int64Values = [0]{}, .bytes = [0]{}, .stringValue = ""}}
12-30 10:33:13.583   398   464 I VehiclePropertyStore: begin to write value to Store: {.timestamp = 6929405365157, .areaId = 0, .prop = 557850640, .status = AVAILABLE, .value = {.int32Values = [1]{0}, .floatValues = [0]{}, .int64Values = [0]{}, .bytes = [0]{}, .stringValue = ""}}
12-30 10:33:13.583   398   464 I DefaultVehicleHal_v2_0: DefaultVehicleHal::onPropertyValue, value:{.timestamp = 6929405365157, .areaId = 0, .prop = 557850640, .status = AVAILABLE, .value = {.int32Values = [1]{0}, .floatValues = [0]{}, .int64Values = [0]{}, .bytes = [0]{}, .stringValue = ""}}
12-30 10:33:13.583   398   464 D DiagPropHandler: is not DiagnosticConfig: 0x21402010
12-30 10:33:13.583   398   464 I VehiclePropertyStore: begin to write value to Store: {.timestamp = 6929405365157, .areaId = 0, .prop = 557850640, .status = AVAILABLE, .value = {.int32Values = [1]{0}, .floatValues = [0]{}, .int64Values = [0]{}, .bytes = [0]{}, .stringValue = ""}}
12-30 10:33:13.584   398   464 D adayocomadapter-CommunicationManager: onUpstreamReceive mPropertyId 0x21402010
12-30 10:33:13.584   398   464 D adayocomadapter-CommunicationManager: onUpstreamReceive mPropertyId 0x21402055
12-30 10:33:13.584   398   464 D adayocomadapter-CommunicationManager: convertBytesToInt32Memcpy  0
12-30 10:33:13.584   398   464 I vw-vhal : notifyVehicleProperty, propId = 0x21402055, data = {status: 2, int32Values: [0]}
12-30 10:33:13.584   398   464 I vw-vhal : CanSignalsAdapter::notifyVehicleProperty: solvedValue = {.timestamp = 6929406087157, .areaId = 0, .prop = 557850709, .status = AVAILABLE, .value = {.int32Values = [1]{0}, .floatValues = [0]{}, .int64Values = [0]{}, .bytes = [0]{}, .stringValue = ""}}
12-30 10:33:13.584   398   464 I VehiclePropertyStore: begin to write value to Store: {.timestamp = 6929406087157, .areaId = 0, .prop = 557850709, .status = AVAILABLE, .value = {.int32Values = [1]{0}, .floatValues = [0]{}, .int64Values = [0]{}, .bytes = [0]{}, .stringValue = ""}}
12-30 10:33:13.584   398   464 I DefaultVehicleHal_v2_0: DefaultVehicleHal::onPropertyValue, value:{.timestamp = 6929406087157, .areaId = 0, .prop = 557850709, .status = AVAILABLE, .value = {.int32Values = [1]{0}, .floatValues = [0]{}, .int64Values = [0]{}, .bytes = [0]{}, .stringValue = ""}}
12-30 10:33:13.584   398   464 D DiagPropHandler: is not DiagnosticConfig: 0x21402055
12-30 10:33:13.584   398   464 I VehiclePropertyStore: begin to write value to Store: {.timestamp = 6929406087157, .areaId = 0, .prop = 557850709, .status = AVAILABLE, .value = {.int32Values = [1]{0}, .floatValues = [0]{}, .int64Values = [0]{}, .bytes = [0]{}, .stringValue = ""}}
12-30 10:33:13.584   596  3076 E WifiHAL : Invalid data received from driver
12-30 10:33:13.584  3066  3066 D hostapd : nl80211: BSS Event 59 (NL80211_CMD_FRAME) received for wlan1
12-30 10:33:13.585  3066  3066 D hostapd : nl80211: RX frame da=ff:ff:ff:ff:ff:ff sa=ee:74:72:d7:de:af bssid=ee:74:72:d7:de:af freq=5745 ssi_signal=-9100 fc=0xd0 seq_ctrl=0x4ec0 stype=13 (WLAN_FC_STYPE_ACTION) len=42
12-30 10:33:13.585  3066  3066 D hostapd : wlan1: Event RX_MGMT (18) received
12-30 10:33:13.585  3066  3066 D hostapd : Receive wpa msg : Event RX_MGMT (18) received
12-30 10:33:13.585   398   464 D adayocomadapter-CommunicationManager: onUpstreamReceive mPropertyId 0x21402055
12-30 10:33:13.585   398   464 D adayocomadapter-CommunicationManager: onUpstreamReceive mPropertyId 0x214020b1
12-30 10:33:13.585   398   464 D adayocomadapter-CommunicationManager: convertBytesToInt32Memcpy  0
12-30 10:33:13.585   398   464 I vw-vhal : notifyVehicleProperty, propId = 0x214020b1, data = {status: 2, int32Values: [0]}
12-30 10:33:13.585   398   464 I vw-vhal : CanSignalsAdapter::notifyVehicleProperty: solvedValue = {.timestamp = 6929407354824, .areaId = 0, .prop = 557850801, .status = AVAILABLE, .value = {.int32Values = [1]{0}, .floatValues = [0]{}, .int64Values = [0]{}, .bytes = [0]{}, .stringValue = ""}}
12-30 10:33:13.585   398   464 I VehiclePropertyStore: begin to write value to Store: {.timestamp = 6929407354824, .areaId = 0, .prop = 557850801, .status = AVAILABLE, .value = {.int32Values = [1]{0}, .floatValues = [0]{}, .int64Values = [0]{}, .bytes = [0]{}, .stringValue = ""}}
12-30 10:33:13.585   398   464 I DefaultVehicleHal_v2_0: DefaultVehicleHal::onPropertyValue, value:{.timestamp = 6929407354824, .areaId = 0, .prop = 557850801, .status = AVAILABLE, .value = {.int32Values = [1]{0}, .floatValues = [0]{}, .int64Values = [0]{}, .bytes = [0]{}, .stringValue = ""}}
12-30 10:33:13.585   398   464 D DiagPropHandler: is not DiagnosticConfig: 0x214020b1
12-30 10:33:13.585   398   464 I VehiclePropertyStore: begin to write value to Store: {.timestamp = 6929407354824, .areaId = 0, .prop = 557850801, .status = AVAILABLE, .value = {.int32Values = [1]{0}, .floatValues = [0]{}, .int64Values = [0]{}, .bytes = [0]{}, .stringValue = ""}}
12-30 10:33:13.585   398   464 D adayocomadapter-CommunicationManager: onUpstreamReceive mPropertyId 0x214020b1
12-30 10:33:13.586   398   464 D adayocomadapter-CommunicationManager: onUpstreamReceive mPropertyId 0x2140201b
12-30 10:33:13.586   398   464 D adayocomadapter-CommunicationManager: convertBytesToInt32Memcpy  0
12-30 10:33:13.586   398   464 I vw-vhal : notifyVehicleProperty, propId = 0x2140201b, data = {status: 2, int32Values: [0]}
12-30 10:33:13.586   398   464 I vw-vhal : CanSignalsAdapter::notifyVehicleProperty: solvedValue = {.timestamp = 6929408266157, .areaId = 0, .prop = 557850651, .status = AVAILABLE, .value = {.int32Values = [1]{0}, .floatValues = [0]{}, .int64Values = [0]{}, .bytes = [0]{}, .stringValue = ""}}
12-30 10:33:13.586   398   464 I VehiclePropertyStore: begin to write value to Store: {.timestamp = 6929408266157, .areaId = 0, .prop = 557850651, .status = AVAILABLE, .value = {.int32Values = [1]{0}, .floatValues = [0]{}, .int64Values = [0]{}, .bytes = [0]{}, .stringValue = ""}}
12-30 10:33:13.586   398   464 I DefaultVehicleHal_v2_0: DefaultVehicleHal::onPropertyValue, value:{.timestamp = 6929408266157, .areaId = 0, .prop = 557850651, .status = AVAILABLE, .value = {.int32Values = [1]{0}, .floatValues = [0]{}, .int64Values = [0]{}, .bytes = [0]{}, .stringValue = ""}}
12-30 10:33:13.586   398   464 D DiagPropHandler: is not DiagnosticConfig: 0x2140201b
12-30 10:33:13.586   398   464 I VehiclePropertyStore: begin to write value to Store: {.timestamp = 6929408266157, .areaId = 0, .prop = 557850651, .status = AVAILABLE, .value = {.int32Values = [1]{0}, .floatValues = [0]{}, .int64Values = [0]{}, .bytes = [0]{}, .stringValue = ""}}
12-30 10:33:13.586   398   464 D adayocomadapter-CommunicationManager: onUpstreamReceive mPropertyId 0x2140201b
12-30 10:33:13.587   398   464 D adayocomadapter-CommunicationManager: onUpstreamReceive mPropertyId 0x21402018
12-30 10:33:13.587   398   464 D adayocomadapter-CommunicationManager: convertBytesToInt32Memcpy  0
12-30 10:33:13.587   398   464 I vw-vhal : notifyVehicleProperty, propId = 0x21402018, data = {status: 2, int32Values: [0]}
12-30 10:33:13.587   398   464 I vw-vhal : CanSignalsAdapter::notifyVehicleProperty: solvedValue = {.timestamp = 6929409065824, .areaId = 0, .prop = 557850648, .status = AVAILABLE, .value = {.int32Values = [1]{0}, .floatValues = [0]{}, .int64Values = [0]{}, .bytes = [0]{}, .stringValue = ""}}
12-30 10:33:13.587   398   464 I VehiclePropertyStore: begin to write value to Store: {.timestamp = 6929409065824, .areaId = 0, .prop = 557850648, .status = AVAILABLE, .value = {.int32Values = [1]{0}, .floatValues = [0]{}, .int64Values = [0]{}, .bytes = [0]{}, .stringValue = ""}}
12-30 10:33:13.587   398   464 I DefaultVehicleHal_v2_0: DefaultVehicleHal::onPropertyValue, value:{.timestamp = 6929409065824, .areaId = 0, .prop = 557850648, .status = AVAILABLE, .value = {.int32Values = [1]{0}, .floatValues = [0]{}, .int64Values = [0]{}, .bytes = [0]{}, .stringValue = ""}}
12-30 10:33:13.587   398   464 D DiagPropHandler: is not DiagnosticConfig: 0x21402018
12-30 10:33:13.587   398   464 I VehiclePropertyStore: begin to write value to Store: {.timestamp = 6929409065824, .areaId = 0, .prop = 557850648, .status = AVAILABLE, .value = {.int32Values = [1]{0}, .floatValues = [0]{}, .int64Values = [0]{}, .bytes = [0]{}, .stringValue = ""}}
12-30 10:33:13.587   398   464 D adayocomadapter-CommunicationManager: onUpstreamReceive mPropertyId 0x21402018
12-30 10:33:13.587   398   464 D adayocomadapter-CommunicationManager: onUpstreamReceive mPropertyId 0x21402190
12-30 10:33:13.587   398   464 D adayocomadapter-CommunicationManager: convertBytesToInt32Memcpy  0
12-30 10:33:13.588   398   464 I vw-vhal : notifyVehicleProperty, propId = 0x21402190, data = {status: 2, int32Values: [0]}
12-30 10:33:13.588   398   464 I vw-vhal : CanSignalsAdapter::notifyVehicleProperty: solvedValue = {.timestamp = 6929409921824, .areaId = 0, .prop = 557851024, .status = AVAILABLE, .value = {.int32Values = [1]{0}, .floatValues = [0]{}, .int64Values = [0]{}, .bytes = [0]{}, .stringValue = ""}}
12-30 10:33:13.588   398   464 I VehiclePropertyStore: begin to write value to Store: {.timestamp = 6929409921824, .areaId = 0, .prop = 557851024, .status = AVAILABLE, .value = {.int32Values = [1]{0}, .floatValues = [0]{}, .int64Values = [0]{}, .bytes = [0]{}, .stringValue = ""}}
12-30 10:33:13.588   398   464 I DefaultVehicleHal_v2_0: DefaultVehicleHal::onPropertyValue, value:{.timestamp = 6929409921824, .areaId = 0, .prop = 557851024, .status = AVAILABLE, .value = {.int32Values = [1]{0}, .floatValues = [0]{}, .int64Values = [0]{}, .bytes = [0]{}, .stringValue = ""}}
12-30 10:33:13.588   398   464 D DiagPropHandler: is not DiagnosticConfig: 0x21402190
12-30 10:33:13.588   398   464 I VehiclePropertyStore: begin to write value to Store: {.timestamp = 6929409921824, .areaId = 0, .prop = 557851024, .status = AVAILABLE, .value = {.int32Values = [1]{0}, .floatValues = [0]{}, .int64Values = [0]{}, .bytes = [0]{}, .stringValue = ""}}
12-30 10:33:13.588   398   464 D adayocomadapter-CommunicationManager: onUpstreamReceive mPropertyId 0x21402190
12-30 10:33:13.588   398   464 D adayocomadapter-CommunicationManager: onUpstreamReceive mPropertyId 0x21402021
12-30 10:33:13.588   398   464 D adayocomadapter-CommunicationManager: convertBytesToInt32Memcpy  0
12-30 10:33:13.588   398   464 I vw-vhal : notifyVehicleProperty, propId = 0x21402021, data = {status: 2, int32Values: [0]}
12-30 10:33:13.588   398   464 I vw-vhal : CanSignalsAdapter::notifyVehicleProperty: solvedValue = {.timestamp = 6929410696824, .areaId = 0, .prop = 557850657, .status = AVAILABLE, .value = {.int32Values = [1]{0}, .floatValues = [0]{}, .int64Values = [0]{}, .bytes = [0]{}, .stringValue = ""}}
12-30 10:33:13.588   398   464 I VehiclePropertyStore: begin to write value to Store: {.timestamp = 6929410696824, .areaId = 0, .prop = 557850657, .status = AVAILABLE, .value = {.int32Values = [1]{0}, .floatValues = [0]{}, .int64Values = [0]{}, .bytes = [0]{}, .stringValue = ""}}
12-30 10:33:13.589   398   464 I DefaultVehicleHal_v2_0: DefaultVehicleHal::onPropertyValue, value:{.timestamp = 6929410696824, .areaId = 0, .prop = 557850657, .status = AVAILABLE, .value = {.int32Values = [1]{0}, .floatValues = [0]{}, .int64Values = [0]{}, .bytes = [0]{}, .stringValue = ""}}
12-30 10:33:13.589   398   464 D DiagPropHandler: is not DiagnosticConfig: 0x21402021
12-30 10:33:13.589   398   464 I VehiclePropertyStore: begin to write value to Store: {.timestamp = 6929410696824, .areaId = 0, .prop = 557850657, .status = AVAILABLE, .value = {.int32Values = [1]{0}, .floatValues = [0]{}, .int64Values = [0]{}, .bytes = [0]{}, .stringValue = ""}}
12-30 10:33:13.589   398   464 D adayocomadapter-CommunicationManager: onUpstreamReceive mPropertyId 0x21402021
12-30 10:33:13.589   398   464 D adayocomadapter-CommunicationManager: onUpstreamReceive mPropertyId 0x214021c8
12-30 10:33:13.589   398   464 D adayocomadapter-CommunicationManager: convertBytesToInt32Memcpy  0
12-30 10:33:13.589   398   464 I vw-vhal : notifyVehicleProperty, propId = 0x214021c8, data = {status: 2, int32Values: [0]}
12-30 10:33:13.589   398   464 I vw-vhal : CanSignalsAdapter::notifyVehicleProperty: solvedValue = {.timestamp = 6929411427157, .areaId = 0, .prop = 557851080, .status = AVAILABLE, .value = {.int32Values = [1]{0}, .floatValues = [0]{}, .int64Values = [0]{}, .bytes = [0]{}, .stringValue = ""}}
12-30 10:33:13.589   398   464 I VehiclePropertyStore: begin to write value to Store: {.timestamp = 6929411427157, .areaId = 0, .prop = 557851080, .status = AVAILABLE, .value = {.int32Values = [1]{0}, .floatValues = [0]{}, .int64Values = [0]{}, .bytes = [0]{}, .stringValue = ""}}
12-30 10:33:13.589   398   464 I DefaultVehicleHal_v2_0: DefaultVehicleHal::onPropertyValue, value:{.timestamp = 6929411427157, .areaId = 0, .prop = 557851080, .status = AVAILABLE, .value = {.int32Values = [1]{0}, .floatValues = [0]{}, .int64Values = [0]{}, .bytes = [0]{}, .stringValue = ""}}
12-30 10:33:13.589   398   464 D DiagPropHandler: is not DiagnosticConfig: 0x214021c8
12-30 10:33:13.589   398   464 I VehiclePropertyStore: begin to write value to Store: {.timestamp = 6929411427157, .areaId = 0, .prop = 557851080, .status = AVAILABLE, .value = {.int32Values = [1]{0}, .floatValues = [0]{}, .int64Values = [0]{}, .bytes = [0]{}, .stringValue = ""}}
12-30 10:33:13.590   398   464 D adayocomadapter-CommunicationManager: onUpstreamReceive mPropertyId 0x214021c8
12-30 10:33:13.590   398   464 D adayocomadapter-CommunicationManager: onUpstreamReceive mPropertyId 0x2140200a
12-30 10:33:13.590   398   464 D adayocomadapter-CommunicationManager: convertBytesToInt32Memcpy  0
12-30 10:33:13.590   398   464 I vw-vhal : notifyVehicleProperty, propId = 0x2140200a, data = {status: 2, int32Values: [0]}
12-30 10:33:13.590   398   464 I vw-vhal : CanSignalsAdapter::notifyVehicleProperty: solvedValue = {.timestamp = 6929412195824, .areaId = 0, .prop = 557850634, .status = AVAILABLE, .value = {.int32Values = [1]{0}, .floatValues = [0]{}, .int64Values = [0]{}, .bytes = [0]{}, .stringValue = ""}}
12-30 10:33:13.590   398   464 I VehiclePropertyStore: begin to write value to Store: {.timestamp = 6929412195824, .areaId = 0, .prop = 557850634, .status = AVAILABLE, .value = {.int32Values = [1]{0}, .floatValues = [0]{}, .int64Values = [0]{}, .bytes = [0]{}, .stringValue = ""}}
12-30 10:33:13.590   398   464 I DefaultVehicleHal_v2_0: DefaultVehicleHal::onPropertyValue, value:{.timestamp = 6929412195824, .areaId = 0, .prop = 557850634, .status = AVAILABLE, .value = {.int32Values = [1]{0}, .floatValues = [0]{}, .int64Values = [0]{}, .bytes = [0]{}, .stringValue = ""}}
12-30 10:33:13.590   398   464 D DiagPropHandler: is not DiagnosticConfig: 0x2140200a
12-30 10:33:13.590   398   464 I VehiclePropertyStore: begin to write value to Store: {.timestamp = 6929412195824, .areaId = 0, .prop = 557850634, .status = AVAILABLE, .value = {.int32Values = [1]{0}, .floatValues = [0]{}, .int64Values = [0]{}, .bytes = [0]{}, .stringValue = ""}}
12-30 10:33:13.590   398   464 D adayocomadapter-CommunicationManager: onUpstreamReceive mPropertyId 0x2140200a
12-30 10:33:13.590   398   464 D adayocomadapter-CommunicationManager: onUpstreamReceive mPropertyId 0x2140223e
12-30 10:33:13.590   398   464 D adayocomadapter-CommunicationManager: convertBytesToInt32Memcpy  0
