12-30 10:33:11.373   398   464 I VehiclePropertyStore: begin to write value to Store: {.timestamp = 6927195239157, .areaId = 0, .prop = 557850961, .status = AVAILABLE, .value = {.int32Values = [1]{0}, .floatValues = [0]{}, .int64Values = [0]{}, .bytes = [0]{}, .stringValue = ""}}
12-30 10:33:11.373  3066  3066 D hostapd : Receive wpa msg : Event RX_MGMT (18) received
12-30 10:33:11.373   398   464 D adayocomadapter-CommunicationManager: onUpstreamReceive mPropertyId 0x21402151
12-30 10:33:11.373   398   464 D adayocomadapter-CommunicationManager: onUpstreamReceive mPropertyId 0x21402145
12-30 10:33:11.373   398   464 I vw-vhal : notifyVehicleProperty, propId = 0x21402145, data = {status: 2, int32Values: [0, 0]}
12-30 10:33:11.374   398   464 D adayocomadapter-CommunicationManager: onUpstreamReceive mPropertyId 0x21402145
12-30 10:33:11.374   398   464 D adayocomadapter-CommunicationManager: onUpstreamReceive mPropertyId 0x2140213d
12-30 10:33:11.374   398   464 D adayocomadapter-CommunicationManager: convertBytesToInt32Memcpy  0
12-30 10:33:11.374   398   464 I vw-vhal : notifyVehicleProperty, propId = 0x2140213d, data = {status: 2, int32Values: [0]}
12-30 10:33:11.374   398   464 I vw-vhal : CanSignalsAdapter::notifyVehicleProperty: solvedValue = {.timestamp = 6927196107490, .areaId = 0, .prop = 557850941, .status = AVAILABLE, .value = {.int32Values = [1]{0}, .floatValues = [0]{}, .int64Values = [0]{}, .bytes = [0]{}, .stringValue = ""}}
12-30 10:33:11.374   398   464 I VehiclePropertyStore: begin to write value to Store: {.timestamp = 6927196107490, .areaId = 0, .prop = 557850941, .status = AVAILABLE, .value = {.int32Values = [1]{0}, .floatValues = [0]{}, .int64Values = [0]{}, .bytes = [0]{}, .stringValue = ""}}
12-30 10:33:11.374   398   464 I DefaultVehicleHal_v2_0: DefaultVehicleHal::onPropertyValue, value:{.timestamp = 6927196107490, .areaId = 0, .prop = 557850941, .status = AVAILABLE, .value = {.int32Values = [1]{0}, .floatValues = [0]{}, .int64Values = [0]{}, .bytes = [0]{}, .stringValue = ""}}
12-30 10:33:11.374   398   464 D DiagPropHandler: is not DiagnosticConfig: 0x2140213d
12-30 10:33:11.374   398   464 I VehiclePropertyStore: begin to write value to Store: {.timestamp = 6927196107490, .areaId = 0, .prop = 557850941, .status = AVAILABLE, .value = {.int32Values = [1]{0}, .floatValues = [0]{}, .int64Values = [0]{}, .bytes = [0]{}, .stringValue = ""}}
12-30 10:33:11.374   398   464 D adayocomadapter-CommunicationManager: onUpstreamReceive mPropertyId 0x2140213d
12-30 10:33:11.374   398   464 D adayocomadapter-CommunicationManager: onUpstreamReceive mPropertyId 0x2140213e
12-30 10:33:11.374   398   464 D adayocomadapter-CommunicationManager: convertBytesToInt32Memcpy  0
12-30 10:33:11.374   398   464 I vw-vhal : notifyVehicleProperty, propId = 0x2140213e, data = {status: 2, int32Values: [0]}
12-30 10:33:11.374   398   464 I vw-vhal : CanSignalsAdapter::notifyVehicleProperty: solvedValue = {.timestamp = 6927196747823, .areaId = 0, .prop = 557850942, .status = AVAILABLE, .value = {.int32Values = [1]{0}, .floatValues = [0]{}, .int64Values = [0]{}, .bytes = [0]{}, .stringValue = ""}}
12-30 10:33:11.375   398   464 I VehiclePropertyStore: begin to write value to Store: {.timestamp = 6927196747823, .areaId = 0, .prop = 557850942, .status = AVAILABLE, .value = {.int32Values = [1]{0}, .floatValues = [0]{}, .int64Values = [0]{}, .bytes = [0]{}, .stringValue = ""}}
12-30 10:33:11.375   398   464 I DefaultVehicleHal_v2_0: DefaultVehicleHal::onPropertyValue, value:{.timestamp = 6927196747823, .areaId = 0, .prop = 557850942, .status = AVAILABLE, .value = {.int32Values = [1]{0}, .floatValues = [0]{}, .int64Values = [0]{}, .bytes = [0]{}, .stringValue = ""}}
12-30 10:33:11.375   398   464 D DiagPropHandler: is not DiagnosticConfig: 0x2140213e
12-30 10:33:11.375   398   464 I VehiclePropertyStore: begin to write value to Store: {.timestamp = 6927196747823, .areaId = 0, .prop = 557850942, .status = AVAILABLE, .value = {.int32Values = [1]{0}, .floatValues = [0]{}, .int64Values = [0]{}, .bytes = [0]{}, .stringValue = ""}}
12-30 10:33:11.375   398   464 D adayocomadapter-CommunicationManager: onUpstreamReceive mPropertyId 0x2140213e
12-30 10:33:11.375   398   464 D adayocomadapter-CommunicationManager: onUpstreamReceive mPropertyId 0x2140214a
12-30 10:33:11.375   398   464 D adayocomadapter-CommunicationManager: convertBytesToInt32Memcpy  0
12-30 10:33:11.375   398   464 I vw-vhal : notifyVehicleProperty, propId = 0x2140214a, data = {status: 2, int32Values: [0]}
12-30 10:33:11.375   398   464 I vw-vhal : CanSignalsAdapter::notifyVehicleProperty: solvedValue = {.timestamp = 6927197402823, .areaId = 0, .prop = 557850954, .status = AVAILABLE, .value = {.int32Values = [1]{0}, .floatValues = [0]{}, .int64Values = [0]{}, .bytes = [0]{}, .stringValue = ""}}
12-30 10:33:11.375   398   464 I VehiclePropertyStore: begin to write value to Store: {.timestamp = 6927197402823, .areaId = 0, .prop = 557850954, .status = AVAILABLE, .value = {.int32Values = [1]{0}, .floatValues = [0]{}, .int64Values = [0]{}, .bytes = [0]{}, .stringValue = ""}}
12-30 10:33:11.375   398   464 I DefaultVehicleHal_v2_0: DefaultVehicleHal::onPropertyValue, value:{.timestamp = 6927197402823, .areaId = 0, .prop = 557850954, .status = AVAILABLE, .value = {.int32Values = [1]{0}, .floatValues = [0]{}, .int64Values = [0]{}, .bytes = [0]{}, .stringValue = ""}}
12-30 10:33:11.375   398   464 D DiagPropHandler: is not DiagnosticConfig: 0x2140214a
12-30 10:33:11.375   398   464 I VehiclePropertyStore: begin to write value to Store: {.timestamp = 6927197402823, .areaId = 0, .prop = 557850954, .status = AVAILABLE, .value = {.int32Values = [1]{0}, .floatValues = [0]{}, .int64Values = [0]{}, .bytes = [0]{}, .stringValue = ""}}
12-30 10:33:11.375   398   464 D adayocomadapter-CommunicationManager: onUpstreamReceive mPropertyId 0x2140214a
12-30 10:33:11.378   360   931 D EvsDriver: forwardFrame
12-30 10:33:11.378   360   931 D EvsDriver: forwardFrameDirect
12-30 10:33:11.378   360   931 D EvsDriver: Delivered 0xb400e2ca9e40c7a0 as id 1
12-30 10:33:11.379   359  2784 D evsmanagerd: /dev/video-evs0 forwarded the buffer #1 to 0xb400f125d2b26dd0 from 0xb400f125e2b20710
12-30 10:33:11.385   360   458 D EvsDriver: doneWithFrame
12-30 10:33:11.390  2358  2623 D RcfController: Rcf proxy is not connected!
12-30 10:33:11.393   596  3076 E WifiHAL : Invalid data received from driver
12-30 10:33:11.394  3066  3066 D hostapd : nl80211: BSS Event 59 (NL80211_CMD_FRAME) received for wlan1
12-30 10:33:11.394  3066  3066 D hostapd : nl80211: RX frame da=ff:ff:ff:ff:ff:ff sa=ee:74:72:d7:de:af bssid=ee:74:72:d7:de:af freq=5745 ssi_signal=-9000 fc=0xd0 seq_ctrl=0x4720 stype=13 (WLAN_FC_STYPE_ACTION) len=42
12-30 10:33:11.394  3066  3066 D hostapd : wlan1: Event RX_MGMT (18) received
12-30 10:33:11.394  3066  3066 D hostapd : Receive wpa msg : Event RX_MGMT (18) received
12-30 10:33:11.399   596  3076 E WifiHAL : Invalid data received from driver
12-30 10:33:11.400   596  3076 E WifiHAL : Invalid data received from driver
12-30 10:33:11.400   596  3076 E WifiHAL : Invalid data received from driver
12-30 10:33:11.400   596  3076 E WifiHAL : Invalid data received from driver
12-30 10:33:11.400   596  3076 E WifiHAL : Invalid data received from driver
12-30 10:33:11.400   596  3076 E WifiHAL : Invalid data received from driver
12-30 10:33:11.400   596  3076 E WifiHAL : Invalid data received from driver
12-30 10:33:11.404   650   729 D fgemcucomm: sd Uart data : 6AA602D84800028B3021
12-30 10:33:11.405   650   729 D fgemcucomm: rev uart=57274,len=92, data : 6AA681D84800548B30B01E0A2109A55A880000010001010E000000000000000000000000000000000000000023C204C30428808080808087808031040AFF0A0D0D09000900BBBBBBBBBBBBBBBBBB000000000000000000004F02057A
12-30 10:33:11.411   360   931 D EvsDriver: forwardFrame
12-30 10:33:11.411   360   931 D EvsDriver: forwardFrameDirect
12-30 10:33:11.412   360   931 D EvsDriver: Delivered 0xb400e2ca9e40e270 as id 0
12-30 10:33:11.412   359  2784 D evsmanagerd: /dev/video-evs0 forwarded the buffer #0 to 0xb400f125d2b26dd0 from 0xb400f125e2b20710
12-30 10:33:11.416   360   458 D EvsDriver: doneWithFrame
12-30 10:33:11.437   596  3076 E WifiHAL : Invalid data received from driver
12-30 10:33:11.441  2358  2623 D RcfController: Rcf proxy is not connected!
12-30 10:33:11.445   360   931 D EvsDriver: forwardFrame
12-30 10:33:11.445   360   931 D EvsDriver: forwardFrameDirect
12-30 10:33:11.445   360   931 D EvsDriver: Delivered 0xb400e2ca9e40d4b0 as id 1
12-30 10:33:11.445   359  2784 D evsmanagerd: /dev/video-evs0 forwarded the buffer #1 to 0xb400f125d2b26dd0 from 0xb400f125e2b20710
12-30 10:33:11.456   360   458 D EvsDriver: doneWithFrame
12-30 10:33:11.478   360   931 D EvsDriver: forwardFrame
12-30 10:33:11.478   360   931 D EvsDriver: forwardFrameDirect
12-30 10:33:11.478   360   931 D EvsDriver: Delivered 0xb400e2ca9e40c2d0 as id 0
12-30 10:33:11.478   359  2784 D evsmanagerd: /dev/video-evs0 forwarded the buffer #0 to 0xb400f125d2b26dd0 from 0xb400f125e2b20710
12-30 10:33:11.486   360   458 D EvsDriver: doneWithFrame
12-30 10:33:11.491  2358  2623 D RcfController: Rcf proxy is not connected!
12-30 10:33:11.499   596  3076 E WifiHAL : Invalid data received from driver
12-30 10:33:11.511   360   931 D EvsDriver: forwardFrame
12-30 10:33:11.511   360   931 D EvsDriver: forwardFrameDirect
12-30 10:33:11.512   360   931 D EvsDriver: Delivered 0xb400e2ca9e40d090 as id 1
12-30 10:33:11.512   359  2784 D evsmanagerd: /dev/video-evs0 forwarded the buffer #1 to 0xb400f125d2b26dd0 from 0xb400f125e2b20710
12-30 10:33:11.517   360   458 D EvsDriver: doneWithFrame
12-30 10:33:11.521   650   729 D fgemcucomm: sd Uart data : 6AA602D8490002920247
12-30 10:33:11.522   650   729 D fgemcucomm: rev uart=57275,len=56, data : 6AA681D849003092020019000000000000000000000000000000000000000000000000000000000000000000000000000000000000000081
12-30 10:33:11.522   398  2883 D adayocomadapter-ParseProtocolFunc: printRaWMsg Name[MCUToUPstream recv] len[48] data[920200190000000000000000000000000000000000000000000000000000000000000000000000000000000000000000]
12-30 10:33:11.522   398  2883 D adayocomadapter-CommunicationManager: onUpstreamback   member[0] dataLength[45] timePoint[6927344]
12-30 10:33:11.522   398  2883 D adayocomadapter-ParseProtocolFunc: printRaWMsg Name[onUpstreamback] len[45] data[190000000000000000000000000000000000000000000000000000000000000000000000000000000000000000]
12-30 10:33:11.522   398   464 D adayocomadapter-UpstreamHandler: processBeforePacket upSreamtProcessTimePoint[6927344] 
12-30 10:33:11.522   398   464 D adayocomadapter-UpstreamHandler: processPacket UPSTREAM_QUEUE_DATA_TIMEOUT
12-30 10:33:11.522   398   464 D adayocomadapter-ParseProtocolFunc: parseCommonIPCLBytes Processing tableNumber[25]
12-30 10:33:11.522   398   464 D adayocomadapter-ParseProtocolFunc: parseCommonIPCLBytes Processing tablename[Table-25] tableSize[45]
12-30 10:33:11.523   398   464 D adayocomadapter-ParseProtocolFunc: printRaWMsg Name[byteStream recv] len[45] data[190000000000000000000000000000000000000000000000000000000000000000000000000000000000000000]
12-30 10:33:11.523   398   464 D adayocomadapter-ParseProtocolFunc: printRaWMsg Name[IPCLtoVHAL] len[6] data[214020C50000]
12-30 10:33:11.523   398   464 D adayocomadapter-ParseProtocolFunc: printRaWMsg Name[IPCLtoVHAL] len[6] data[214021060000]
12-30 10:33:11.523   398   464 D adayocomadapter-ParseProtocolFunc: printRaWMsg Name[IPCLtoVHAL] len[6] data[214021320000]
12-30 10:33:11.523   398   464 D adayocomadapter-ParseProtocolFunc: printRaWMsg Name[IPCLtoVHAL] len[6] data[214020BF0000]
12-30 10:33:11.523   398   464 D adayocomadapter-ParseProtocolFunc: printRaWMsg Name[IPCLtoVHAL] len[6] data[2140212F0000]
12-30 10:33:11.523   398   464 D adayocomadapter-ParseProtocolFunc: printRaWMsg Name[IPCLtoVHAL] len[6] data[214020260000]
12-30 10:33:11.523   398   464 D adayocomadapter-ParseProtocolFunc: printRaWMsg Name[IPCLtoVHAL] len[6] data[214020B30000]
12-30 10:33:11.523   398   464 D adayocomadapter-ParseProtocolFunc: printRaWMsg Name[IPCLtoVHAL] len[6] data[2140219E0000]
12-30 10:33:11.523   398   464 D adayocomadapter-ParseProtocolFunc: printRaWMsg Name[IPCLtoVHAL] len[6] data[214021300000]
12-30 10:33:11.523   398   464 D adayocomadapter-ParseProtocolFunc: printRaWMsg Name[IPCLtoVHAL] len[11] data[2141204A01000000000000]
12-30 10:33:11.523   398   464 D adayocomadapter-ParseProtocolFunc: printRaWMsg Name[IPCLtoVHAL] len[6] data[214020BD0000]
12-30 10:33:11.523   398   464 D adayocomadapter-ParseProtocolFunc: printRaWMsg Name[IPCLtoVHAL] len[6] data[2140213B0000]
12-30 10:33:11.523   398   464 D adayocomadapter-ParseProtocolFunc: printRaWMsg Name[IPCLtoVHAL] len[6] data[214020AE0000]
12-30 10:33:11.523   398   464 D adayocomadapter-ParseProtocolFunc: printRaWMsg Name[IPCLtoVHAL] len[6] data[2140210D0000]
12-30 10:33:11.523   398   464 D adayocomadapter-ParseProtocolFunc: printRaWMsg Name[IPCLtoVHAL] len[6] data[214010180000]
12-30 10:33:11.523   398   464 D adayocomadapter-ParseProtocolFunc: printRaWMsg Name[IPCLtoVHAL] len[6] data[214020A90000]
12-30 10:33:11.524   398   464 D adayocomadapter-ParseProtocolFunc: printRaWMsg Name[IPCLtoVHAL] len[6] data[214020AB0000]
12-30 10:33:11.524   398   464 D adayocomadapter-ParseProtocolFunc: printRaWMsg Name[IPCLtoVHAL] len[6] data[214020AD0000]
12-30 10:33:11.524   398   464 D adayocomadapter-ParseProtocolFunc: printRaWMsg Name[IPCLtoVHAL] len[6] data[2140213A0000]
12-30 10:33:11.524   398   464 D adayocomadapter-ParseProtocolFunc: printRaWMsg Name[IPCLtoVHAL] len[6] data[214021C70000]
12-30 10:33:11.524   398   464 D adayocomadapter-ParseProtocolFunc: printRaWMsg Name[IPCLtoVHAL] len[6] data[214020F20000]
12-30 10:33:11.524   398   464 D adayocomadapter-ParseProtocolFunc: printRaWMsg Name[IPCLtoVHAL] len[6] data[214020F10000]
12-30 10:33:11.524   398   464 D adayocomadapter-ParseProtocolFunc: printRaWMsg Name[IPCLtoVHAL] len[6] data[214021120000]
12-30 10:33:11.524   398   464 D adayocomadapter-ParseProtocolFunc: printRaWMsg Name[IPCLtoVHAL] len[7] data[2140219F000000]
12-30 10:33:11.524   398   464 D adayocomadapter-ParseProtocolFunc: printRaWMsg Name[IPCLtoVHAL] len[6] data[214021390000]
12-30 10:33:11.524   398   464 D adayocomadapter-ParseProtocolFunc: printRaWMsg Name[IPCLtoVHAL] len[7] data[21402025000000]
12-30 10:33:11.524   398   464 D adayocomadapter-ParseProtocolFunc: printRaWMsg Name[IPCLtoVHAL] len[9] data[214020330000000000]
12-30 10:33:11.524   398   464 D adayocomadapter-ParseProtocolFunc: printRaWMsg Name[IPCLtoVHAL] len[6] data[214020340000]
12-30 10:33:11.524   398   464 D adayocomadapter-ParseProtocolFunc: printRaWMsg Name[IPCLtoVHAL] len[6] data[2140218C0000]
12-30 10:33:11.524   398   464 D adayocomadapter-ParseProtocolFunc: printRaWMsg Name[IPCLtoVHAL] len[6] data[2140219B0000]
12-30 10:33:11.524   398   464 D adayocomadapter-ParseProtocolFunc: printRaWMsg Name[IPCLtoVHAL] len[6] data[214021A00000]
12-30 10:33:11.524   398   464 D adayocomadapter-ParseProtocolFunc: printRaWMsg Name[IPCLtoVHAL] len[6] data[214021A30000]
12-30 10:33:11.524   398   464 D adayocomadapter-ParseProtocolFunc: printRaWMsg Name[IPCLtoVHAL] len[6] data[214021A40000]
12-30 10:33:11.525   398   464 D adayocomadapter-ParseProtocolFunc: printRaWMsg Name[IPCLtoVHAL] len[6] data[214021CB0000]
12-30 10:33:11.525   398   464 D adayocomadapter-CommunicationManager: onUpstreamReceive mPropertyId 0x214020c5
12-30 10:33:11.525   398   464 D adayocomadapter-CommunicationManager: convertBytesToInt32Memcpy  0
12-30 10:33:11.525   398   464 I vw-vhal : notifyVehicleProperty, propId = 0x214020c5, data = {status: 2, int32Values: [0]}
12-30 10:33:11.525   398   464 I vw-vhal : CanSignalsAdapter::notifyVehicleProperty: solvedValue = {.timestamp = 6927347173490, .areaId = 0, .prop = 557850821, .status = AVAILABLE, .value = {.int32Values = [1]{0}, .floatValues = [0]{}, .int64Values = [0]{}, .bytes = [0]{}, .stringValue = ""}}
12-30 10:33:11.525   398   464 I VehiclePropertyStore: begin to write value to Store: {.timestamp = 6927347173490, .areaId = 0, .prop = 557850821, .status = AVAILABLE, .value = {.int32Values = [1]{0}, .floatValues = [0]{}, .int64Values = [0]{}, .bytes = [0]{}, .stringValue = ""}}
12-30 10:33:11.525   398   464 I DefaultVehicleHal_v2_0: DefaultVehicleHal::onPropertyValue, value:{.timestamp = 6927347173490, .areaId = 0, .prop = 557850821, .status = AVAILABLE, .value = {.int32Values = [1]{0}, .floatValues = [0]{}, .int64Values = [0]{}, .bytes = [0]{}, .stringValue = ""}}
12-30 10:33:11.525   398   464 D DiagPropHandler: is not DiagnosticConfig: 0x214020c5
12-30 10:33:11.525   398   464 I VehiclePropertyStore: begin to write value to Store: {.timestamp = 6927347173490, .areaId = 0, .prop = 557850821, .status = AVAILABLE, .value = {.int32Values = [1]{0}, .floatValues = [0]{}, .int64Values = [0]{}, .bytes = [0]{}, .stringValue = ""}}
12-30 10:33:11.525   398   464 D adayocomadapter-CommunicationManager: onUpstreamReceive mPropertyId 0x214020c5
12-30 10:33:11.525   398   464 D adayocomadapter-CommunicationManager: onUpstreamReceive mPropertyId 0x21402106
12-30 10:33:11.525   398   464 D adayocomadapter-CommunicationManager: convertBytesToInt32Memcpy  0
12-30 10:33:11.525   398   464 I vw-vhal : notifyVehicleProperty, propId = 0x21402106, data = {status: 2, int32Values: [0]}
12-30 10:33:11.526   398   464 I vw-vhal : CanSignalsAdapter::notifyVehicleProperty: solvedValue = {.timestamp = 6927347898490, .areaId = 0, .prop = 557850886, .status = AVAILABLE, .value = {.int32Values = [1]{0}, .floatValues = [0]{}, .int64Values = [0]{}, .bytes = [0]{}, .stringValue = ""}}
12-30 10:33:11.526   398   464 I VehiclePropertyStore: begin to write value to Store: {.timestamp = 6927347898490, .areaId = 0, .prop = 557850886, .status = AVAILABLE, .value = {.int32Values = [1]{0}, .floatValues = [0]{}, .int64Values = [0]{}, .bytes = [0]{}, .stringValue = ""}}
12-30 10:33:11.526   398   464 I DefaultVehicleHal_v2_0: DefaultVehicleHal::onPropertyValue, value:{.timestamp = 6927347898490, .areaId = 0, .prop = 557850886, .status = AVAILABLE, .value = {.int32Values = [1]{0}, .floatValues = [0]{}, .int64Values = [0]{}, .bytes = [0]{}, .stringValue = ""}}
12-30 10:33:11.526   398   464 D DiagPropHandler: is not DiagnosticConfig: 0x21402106
12-30 10:33:11.526   398   464 I VehiclePropertyStore: begin to write value to Store: {.timestamp = 6927347898490, .areaId = 0, .prop = 557850886, .status = AVAILABLE, .value = {.int32Values = [1]{0}, .floatValues = [0]{}, .int64Values = [0]{}, .bytes = [0]{}, .stringValue = ""}}
12-30 10:33:11.526   398   464 D adayocomadapter-CommunicationManager: onUpstreamReceive mPropertyId 0x21402106
12-30 10:33:11.526   398   464 D adayocomadapter-CommunicationManager: onUpstreamReceive mPropertyId 0x21402132
12-30 10:33:11.526   398   464 D adayocomadapter-CommunicationManager: convertBytesToInt32Memcpy  0
12-30 10:33:11.526   398   464 I vw-vhal : notifyVehicleProperty, propId = 0x21402132, data = {status: 2, int32Values: [0]}
12-30 10:33:11.526   398   464 I vw-vhal : CanSignalsAdapter::notifyVehicleProperty: solvedValue = {.timestamp = 6927348604157, .areaId = 0, .prop = 557850930, .status = AVAILABLE, .value = {.int32Values = [1]{0}, .floatValues = [0]{}, .int64Values = [0]{}, .bytes = [0]{}, .stringValue = ""}}
12-30 10:33:11.526   398   464 I VehiclePropertyStore: begin to write value to Store: {.timestamp = 6927348604157, .areaId = 0, .prop = 557850930, .status = AVAILABLE, .value = {.int32Values = [1]{0}, .floatValues = [0]{}, .int64Values = [0]{}, .bytes = [0]{}, .stringValue = ""}}
12-30 10:33:11.526   398   464 I DefaultVehicleHal_v2_0: DefaultVehicleHal::onPropertyValue, value:{.timestamp = 6927348604157, .areaId = 0, .prop = 557850930, .status = AVAILABLE, .value = {.int32Values = [1]{0}, .floatValues = [0]{}, .int64Values = [0]{}, .bytes = [0]{}, .stringValue = ""}}
12-30 10:33:11.527   398   464 D DiagPropHandler: is not DiagnosticConfig: 0x21402132
12-30 10:33:11.527   398   464 I VehiclePropertyStore: begin to write value to Store: {.timestamp = 6927348604157, .areaId = 0, .prop = 557850930, .status = AVAILABLE, .value = {.int32Values = [1]{0}, .floatValues = [0]{}, .int64Values = [0]{}, .bytes = [0]{}, .stringValue = ""}}
12-30 10:33:11.527   398   464 D adayocomadapter-CommunicationManager: onUpstreamReceive mPropertyId 0x21402132
12-30 10:33:11.527   398   464 D adayocomadapter-CommunicationManager: onUpstreamReceive mPropertyId 0x214020bf
12-30 10:33:11.527   398   464 D adayocomadapter-CommunicationManager: convertBytesToInt32Memcpy  0
12-30 10:33:11.527   398   464 I vw-vhal : notifyVehicleProperty, propId = 0x214020bf, data = {status: 2, int32Values: [0]}
12-30 10:33:11.527   398   464 I vw-vhal : CanSignalsAdapter::notifyVehicleProperty: solvedValue = {.timestamp = 6927349258823, .areaId = 0, .prop = 557850815, .status = AVAILABLE, .value = {.int32Values = [1]{0}, .floatValues = [0]{}, .int64Values = [0]{}, .bytes = [0]{}, .stringValue = ""}}
12-30 10:33:11.527   398   464 I VehiclePropertyStore: begin to write value to Store: {.timestamp = 6927349258823, .areaId = 0, .prop = 557850815, .status = AVAILABLE, .value = {.int32Values = [1]{0}, .floatValues = [0]{}, .int64Values = [0]{}, .bytes = [0]{}, .stringValue = ""}}
12-30 10:33:11.527   398   464 I DefaultVehicleHal_v2_0: DefaultVehicleHal::onPropertyValue, value:{.timestamp = 6927349258823, .areaId = 0, .prop = 557850815, .status = AVAILABLE, .value = {.int32Values = [1]{0}, .floatValues = [0]{}, .int64Values = [0]{}, .bytes = [0]{}, .stringValue = ""}}
12-30 10:33:11.527   398   464 D DiagPropHandler: is not DiagnosticConfig: 0x214020bf
12-30 10:33:11.527   398   464 I VehiclePropertyStore: begin to write value to Store: {.timestamp = 6927349258823, .areaId = 0, .prop = 557850815, .status = AVAILABLE, .value = {.int32Values = [1]{0}, .floatValues = [0]{}, .int64Values = [0]{}, .bytes = [0]{}, .stringValue = ""}}
12-30 10:33:11.527   398   464 D adayocomadapter-CommunicationManager: onUpstreamReceive mPropertyId 0x214020bf
12-30 10:33:11.527   398   464 D adayocomadapter-CommunicationManager: onUpstreamReceive mPropertyId 0x2140212f
12-30 10:33:11.527   398   464 D adayocomadapter-CommunicationManager: convertBytesToInt32Memcpy  0
12-30 10:33:11.528   398   464 I vw-vhal : notifyVehicleProperty, propId = 0x2140212f, data = {status: 2, int32Values: [0]}
12-30 10:33:11.528   398   464 I vw-vhal : CanSignalsAdapter::notifyVehicleProperty: solvedValue = {.timestamp = 6927349909490, .areaId = 0, .prop = 557850927, .status = AVAILABLE, .value = {.int32Values = [1]{0}, .floatValues = [0]{}, .int64Values = [0]{}, .bytes = [0]{}, .stringValue = ""}}
12-30 10:33:11.528   398   464 I VehiclePropertyStore: begin to write value to Store: {.timestamp = 6927349909490, .areaId = 0, .prop = 557850927, .status = AVAILABLE, .value = {.int32Values = [1]{0}, .floatValues = [0]{}, .int64Values = [0]{}, .bytes = [0]{}, .stringValue = ""}}
12-30 10:33:11.528   398   464 I DefaultVehicleHal_v2_0: DefaultVehicleHal::onPropertyValue, value:{.timestamp = 6927349909490, .areaId = 0, .prop = 557850927, .status = AVAILABLE, .value = {.int32Values = [1]{0}, .floatValues = [0]{}, .int64Values = [0]{}, .bytes = [0]{}, .stringValue = ""}}
12-30 10:33:11.528   398   464 D DiagPropHandler: is not DiagnosticConfig: 0x2140212f
12-30 10:33:11.528   398   464 I VehiclePropertyStore: begin to write value to Store: {.timestamp = 6927349909490, .areaId = 0, .prop = 557850927, .status = AVAILABLE, .value = {.int32Values = [1]{0}, .floatValues = [0]{}, .int64Values = [0]{}, .bytes = [0]{}, .stringValue = ""}}
12-30 10:33:11.528   398   464 D adayocomadapter-CommunicationManager: onUpstreamReceive mPropertyId 0x2140212f
12-30 10:33:11.528   398   464 D adayocomadapter-CommunicationManager: onUpstreamReceive mPropertyId 0x21402026
12-30 10:33:11.528   398   464 D adayocomadapter-CommunicationManager: convertBytesToInt32Memcpy  0
12-30 10:33:11.528   398   464 I vw-vhal : notifyVehicleProperty, propId = 0x21402026, data = {status: 2, int32Values: [0]}
12-30 10:33:11.528   398   464 I vw-vhal : CanSignalsAdapter::notifyVehicleProperty: solvedValue = {.timestamp = 6927350600823, .areaId = 0, .prop = 557850662, .status = AVAILABLE, .value = {.int32Values = [1]{0}, .floatValues = [0]{}, .int64Values = [0]{}, .bytes = [0]{}, .stringValue = ""}}
12-30 10:33:11.528   398   464 I VehiclePropertyStore: begin to write value to Store: {.timestamp = 6927350600823, .areaId = 0, .prop = 557850662, .status = AVAILABLE, .value = {.int32Values = [1]{0}, .floatValues = [0]{}, .int64Values = [0]{}, .bytes = [0]{}, .stringValue = ""}}
12-30 10:33:11.528   398   464 I DefaultVehicleHal_v2_0: DefaultVehicleHal::onPropertyValue, value:{.timestamp = 6927350600823, .areaId = 0, .prop = 557850662, .status = AVAILABLE, .value = {.int32Values = [1]{0}, .floatValues = [0]{}, .int64Values = [0]{}, .bytes = [0]{}, .stringValue = ""}}
12-30 10:33:11.529   398   464 D DiagPropHandler: is not DiagnosticConfig: 0x21402026
12-30 10:33:11.529   398   464 I VehiclePropertyStore: begin to write value to Store: {.timestamp = 6927350600823, .areaId = 0, .prop = 557850662, .status = AVAILABLE, .value = {.int32Values = [1]{0}, .floatValues = [0]{}, .int64Values = [0]{}, .bytes = [0]{}, .stringValue = ""}}
12-30 10:33:11.529   398   464 D adayocomadapter-CommunicationManager: onUpstreamReceive mPropertyId 0x21402026
12-30 10:33:11.529   398   464 D adayocomadapter-CommunicationManager: onUpstreamReceive mPropertyId 0x214020b3
12-30 10:33:11.529   398   464 D adayocomadapter-CommunicationManager: convertBytesToInt32Memcpy  0
12-30 10:33:11.529   398   464 I vw-vhal : notifyVehicleProperty, propId = 0x214020b3, data = {status: 2, int32Values: [0]}
12-30 10:33:11.529   398   464 I vw-vhal : CanSignalsAdapter::notifyVehicleProperty: solvedValue = {.timestamp = 6927351252157, .areaId = 0, .prop = 557850803, .status = AVAILABLE, .value = {.int32Values = [1]{0}, .floatValues = [0]{}, .int64Values = [0]{}, .bytes = [0]{}, .stringValue = ""}}
12-30 10:33:11.529   398   464 I VehiclePropertyStore: begin to write value to Store: {.timestamp = 6927351252157, .areaId = 0, .prop = 557850803, .status = AVAILABLE, .value = {.int32Values = [1]{0}, .floatValues = [0]{}, .int64Values = [0]{}, .bytes = [0]{}, .stringValue = ""}}
12-30 10:33:11.529   398   464 I DefaultVehicleHal_v2_0: DefaultVehicleHal::onPropertyValue, value:{.timestamp = 6927351252157, .areaId = 0, .prop = 557850803, .status = AVAILABLE, .value = {.int32Values = [1]{0}, .floatValues = [0]{}, .int64Values = [0]{}, .bytes = [0]{}, .stringValue = ""}}
12-30 10:33:11.529   398   464 D DiagPropHandler: is not DiagnosticConfig: 0x214020b3
12-30 10:33:11.529   398   464 I VehiclePropertyStore: begin to write value to Store: {.timestamp = 6927351252157, .areaId = 0, .prop = 557850803, .status = AVAILABLE, .value = {.int32Values = [1]{0}, .floatValues = [0]{}, .int64Values = [0]{}, .bytes = [0]{}, .stringValue = ""}}
12-30 10:33:11.529   398   464 D adayocomadapter-CommunicationManager: onUpstreamReceive mPropertyId 0x214020b3
12-30 10:33:11.529   398   464 D adayocomadapter-CommunicationManager: onUpstreamReceive mPropertyId 0x2140219e
12-30 10:33:11.529   398   464 D adayocomadapter-CommunicationManager: convertBytesToInt32Memcpy  0
12-30 10:33:11.530   398   464 I vw-vhal : notifyVehicleProperty, propId = 0x2140219e, data = {status: 2, int32Values: [0]}
12-30 10:33:11.530   398   464 I vw-vhal : CanSignalsAdapter::notifyVehicleProperty: solvedValue = {.timestamp = 6927351938823, .areaId = 0, .prop = 557851038, .status = AVAILABLE, .value = {.int32Values = [1]{0}, .floatValues = [0]{}, .int64Values = [0]{}, .bytes = [0]{}, .stringValue = ""}}
12-30 10:33:11.530   398   464 I VehiclePropertyStore: begin to write value to Store: {.timestamp = 6927351938823, .areaId = 0, .prop = 557851038, .status = AVAILABLE, .value = {.int32Values = [1]{0}, .floatValues = [0]{}, .int64Values = [0]{}, .bytes = [0]{}, .stringValue = ""}}
12-30 10:33:11.530   398   464 I DefaultVehicleHal_v2_0: DefaultVehicleHal::onPropertyValue, value:{.timestamp = 6927351938823, .areaId = 0, .prop = 557851038, .status = AVAILABLE, .value = {.int32Values = [1]{0}, .floatValues = [0]{}, .int64Values = [0]{}, .bytes = [0]{}, .stringValue = ""}}
12-30 10:33:11.530   398   464 D DiagPropHandler: is not DiagnosticConfig: 0x2140219e
12-30 10:33:11.530   398   464 I VehiclePropertyStore: begin to write value to Store: {.timestamp = 6927351938823, .areaId = 0, .prop = 557851038, .status = AVAILABLE, .value = {.int32Values = [1]{0}, .floatValues = [0]{}, .int64Values = [0]{}, .bytes = [0]{}, .stringValue = ""}}
12-30 10:33:11.530   398   464 D adayocomadapter-CommunicationManager: onUpstreamReceive mPropertyId 0x2140219e
12-30 10:33:11.530   398   464 D adayocomadapter-CommunicationManager: onUpstreamReceive mPropertyId 0x21402130
12-30 10:33:11.530   398   464 D adayocomadapter-CommunicationManager: convertBytesToInt32Memcpy  0
12-30 10:33:11.530   398   464 I vw-vhal : notifyVehicleProperty, propId = 0x21402130, data = {status: 2, int32Values: [0]}
12-30 10:33:11.530   398   464 I vw-vhal : CanSignalsAdapter::notifyVehicleProperty: solvedValue = {.timestamp = 6927352637157, .areaId = 0, .prop = 557850928, .status = AVAILABLE, .value = {.int32Values = [1]{0}, .floatValues = [0]{}, .int64Values = [0]{}, .bytes = [0]{}, .stringValue = ""}}
12-30 10:33:11.530   398   464 I VehiclePropertyStore: begin to write value to Store: {.timestamp = 6927352637157, .areaId = 0, .prop = 557850928, .status = AVAILABLE, .value = {.int32Values = [1]{0}, .floatValues = [0]{}, .int64Values = [0]{}, .bytes = [0]{}, .stringValue = ""}}
12-30 10:33:11.531   398   464 I DefaultVehicleHal_v2_0: DefaultVehicleHal::onPropertyValue, value:{.timestamp = 6927352637157, .areaId = 0, .prop = 557850928, .status = AVAILABLE, .value = {.int32Values = [1]{0}, .floatValues = [0]{}, .int64Values = [0]{}, .bytes = [0]{}, .stringValue = ""}}
12-30 10:33:11.531   398   464 D DiagPropHandler: is not DiagnosticConfig: 0x21402130
12-30 10:33:11.531   398   464 I VehiclePropertyStore: begin to write value to Store: {.timestamp = 6927352637157, .areaId = 0, .prop = 557850928, .status = AVAILABLE, .value = {.int32Values = [1]{0}, .floatValues = [0]{}, .int64Values = [0]{}, .bytes = [0]{}, .stringValue = ""}}
12-30 10:33:11.531   398   464 D adayocomadapter-CommunicationManager: onUpstreamReceive mPropertyId 0x21402130
12-30 10:33:11.531   398   464 D adayocomadapter-CommunicationManager: onUpstreamReceive mPropertyId 0x2141204a
12-30 10:33:11.531   398   464 I vw-vhal : notifyVehicleProperty, propId = 0x2141204a, data = {status: 2, int32Values: [0, 0, 0, 0, 0, 0]}
12-30 10:33:11.531   398   464 I vw-vhal : CanSignalsAdapter::notifyVehicleProperty: solvedValue = {.timestamp = 6927353271823, .areaId = 0, .prop = 557916234, .status = AVAILABLE, .value = {.int32Values = [6]{0, 0, 0, 0, 0, 0}, .floatValues = [0]{}, .int64Values = [0]{}, .bytes = [0]{}, .stringValue = ""}}
12-30 10:33:11.531   398   464 I VehiclePropertyStore: begin to write value to Store: {.timestamp = 6927353271823, .areaId = 0, .prop = 557916234, .status = AVAILABLE, .value = {.int32Values = [6]{0, 0, 0, 0, 0, 0}, .floatValues = [0]{}, .int64Values = [0]{}, .bytes = [0]{}, .stringValue = ""}}
12-30 10:33:11.531   398   464 I DefaultVehicleHal_v2_0: DefaultVehicleHal::onPropertyValue, value:{.timestamp = 6927353271823, .areaId = 0, .prop = 557916234, .status = AVAILABLE, .value = {.int32Values = [6]{0, 0, 0, 0, 0, 0}, .floatValues = [0]{}, .int64Values = [0]{}, .bytes = [0]{}, .stringValue = ""}}
12-30 10:33:11.531   398   464 D DiagPropHandler: is not DiagnosticConfig: 0x2141204a
12-30 10:33:11.531   398   464 I VehiclePropertyStore: begin to write value to Store: {.timestamp = 6927353271823, .areaId = 0, .prop = 557916234, .status = AVAILABLE, .value = {.int32Values = [6]{0, 0, 0, 0, 0, 0}, .floatValues = [0]{}, .int64Values = [0]{}, .bytes = [0]{}, .stringValue = ""}}
12-30 10:33:11.531   398   464 D adayocomadapter-CommunicationManager: onUpstreamReceive mPropertyId 0x2141204a
12-30 10:33:11.531   398   464 D adayocomadapter-CommunicationManager: onUpstreamReceive mPropertyId 0x214020bd
12-30 10:33:11.531   398   464 D adayocomadapter-CommunicationManager: convertBytesToInt32Memcpy  0
12-30 10:33:11.532   398   464 I vw-vhal : notifyVehicleProperty, propId = 0x214020bd, data = {status: 2, int32Values: [0]}
12-30 10:33:11.532   398   464 I vw-vhal : CanSignalsAdapter::notifyVehicleProperty: solvedValue = {.timestamp = 6927353975823, .areaId = 0, .prop = 557850813, .status = AVAILABLE, .value = {.int32Values = [1]{0}, .floatValues = [0]{}, .int64Values = [0]{}, .bytes = [0]{}, .stringValue = ""}}
12-30 10:33:11.532   398   464 I VehiclePropertyStore: begin to write value to Store: {.timestamp = 6927353975823, .areaId = 0, .prop = 557850813, .status = AVAILABLE, .value = {.int32Values = [1]{0}, .floatValues = [0]{}, .int64Values = [0]{}, .bytes = [0]{}, .stringValue = ""}}
12-30 10:33:11.532   398   464 I DefaultVehicleHal_v2_0: DefaultVehicleHal::onPropertyValue, value:{.timestamp = 6927353975823, .areaId = 0, .prop = 557850813, .status = AVAILABLE, .value = {.int32Values = [1]{0}, .floatValues = [0]{}, .int64Values = [0]{}, .bytes = [0]{}, .stringValue = ""}}
12-30 10:33:11.532   398   464 D DiagPropHandler: is not DiagnosticConfig: 0x214020bd
12-30 10:33:11.532   398   464 I VehiclePropertyStore: begin to write value to Store: {.timestamp = 6927353975823, .areaId = 0, .prop = 557850813, .status = AVAILABLE, .value = {.int32Values = [1]{0}, .floatValues = [0]{}, .int64Values = [0]{}, .bytes = [0]{}, .stringValue = ""}}
12-30 10:33:11.532   398   464 D adayocomadapter-CommunicationManager: onUpstreamReceive mPropertyId 0x214020bd
12-30 10:33:11.532   398   464 D adayocomadapter-CommunicationManager: onUpstreamReceive mPropertyId 0x2140213b
12-30 10:33:11.532   398   464 D adayocomadapter-CommunicationManager: convertBytesToInt32Memcpy  0
12-30 10:33:11.532   398   464 I vw-vhal : notifyVehicleProperty, propId = 0x2140213b, data = {status: 2, int32Values: [0]}
12-30 10:33:11.532   398   464 I vw-vhal : CanSignalsAdapter::notifyVehicleProperty: solvedValue = {.timestamp = 6927354634823, .areaId = 0, .prop = 557850939, .status = AVAILABLE, .value = {.int32Values = [1]{0}, .floatValues = [0]{}, .int64Values = [0]{}, .bytes = [0]{}, .stringValue = ""}}
12-30 10:33:11.532   398   464 I VehiclePropertyStore: begin to write value to Store: {.timestamp = 6927354634823, .areaId = 0, .prop = 557850939, .status = AVAILABLE, .value = {.int32Values = [1]{0}, .floatValues = [0]{}, .int64Values = [0]{}, .bytes = [0]{}, .stringValue = ""}}
12-30 10:33:11.533   398   464 I DefaultVehicleHal_v2_0: DefaultVehicleHal::onPropertyValue, value:{.timestamp = 6927354634823, .areaId = 0, .prop = 557850939, .status = AVAILABLE, .value = {.int32Values = [1]{0}, .floatValues = [0]{}, .int64Values = [0]{}, .bytes = [0]{}, .stringValue = ""}}
12-30 10:33:11.533   398   464 D DiagPropHandler: is not DiagnosticConfig: 0x2140213b
12-30 10:33:11.533   398   464 I VehiclePropertyStore: begin to write value to Store: {.timestamp = 6927354634823, .areaId = 0, .prop = 557850939, .status = AVAILABLE, .value = {.int32Values = [1]{0}, .floatValues = [0]{}, .int64Values = [0]{}, .bytes = [0]{}, .stringValue = ""}}
12-30 10:33:11.533   398   464 D adayocomadapter-CommunicationManager: onUpstreamReceive mPropertyId 0x2140213b
12-30 10:33:11.533   398   464 D adayocomadapter-CommunicationManager: onUpstreamReceive mPropertyId 0x214020ae
12-30 10:33:11.533   398   464 D adayocomadapter-CommunicationManager: convertBytesToInt32Memcpy  0
12-30 10:33:11.533   398   464 I vw-vhal : notifyVehicleProperty, propId = 0x214020ae, data = {status: 2, int32Values: [0]}
12-30 10:33:11.533   398   464 I vw-vhal : CanSignalsAdapter::notifyVehicleProperty: solvedValue = {.timestamp = 6927355356823, .areaId = 0, .prop = 557850798, .status = AVAILABLE, .value = {.int32Values = [1]{0}, .floatValues = [0]{}, .int64Values = [0]{}, .bytes = [0]{}, .stringValue = ""}}
12-30 10:33:11.533   398   464 I VehiclePropertyStore: begin to write value to Store: {.timestamp = 6927355356823, .areaId = 0, .prop = 557850798, .status = AVAILABLE, .value = {.int32Values = [1]{0}, .floatValues = [0]{}, .int64Values = [0]{}, .bytes = [0]{}, .stringValue = ""}}
12-30 10:33:11.533   398   464 I DefaultVehicleHal_v2_0: DefaultVehicleHal::onPropertyValue, value:{.timestamp = 6927355356823, .areaId = 0, .prop = 557850798, .status = AVAILABLE, .value = {.int32Values = [1]{0}, .floatValues = [0]{}, .int64Values = [0]{}, .bytes = [0]{}, .stringValue = ""}}
12-30 10:33:11.533   398   464 D DiagPropHandler: is not DiagnosticConfig: 0x214020ae
12-30 10:33:11.533   398   464 I VehiclePropertyStore: begin to write value to Store: {.timestamp = 6927355356823, .areaId = 0, .prop = 557850798, .status = AVAILABLE, .value = {.int32Values = [1]{0}, .floatValues = [0]{}, .int64Values = [0]{}, .bytes = [0]{}, .stringValue = ""}}
12-30 10:33:11.533   398   464 D adayocomadapter-CommunicationManager: onUpstreamReceive mPropertyId 0x214020ae
12-30 10:33:11.533   398   464 D adayocomadapter-CommunicationManager: onUpstreamReceive mPropertyId 0x2140210d
12-30 10:33:11.534   398   464 D adayocomadapter-CommunicationManager: convertBytesToInt32Memcpy  0
12-30 10:33:11.534   398   464 I vw-vhal : notifyVehicleProperty, propId = 0x2140210d, data = {status: 2, int32Values: [0]}
12-30 10:33:11.534   398   464 I vw-vhal : CanSignalsAdapter::notifyVehicleProperty: solvedValue = {.timestamp = 6927356054157, .areaId = 0, .prop = 557850893, .status = AVAILABLE, .value = {.int32Values = [1]{0}, .floatValues = [0]{}, .int64Values = [0]{}, .bytes = [0]{}, .stringValue = ""}}
12-30 10:33:11.534   398   464 I VehiclePropertyStore: begin to write value to Store: {.timestamp = 6927356054157, .areaId = 0, .prop = 557850893, .status = AVAILABLE, .value = {.int32Values = [1]{0}, .floatValues = [0]{}, .int64Values = [0]{}, .bytes = [0]{}, .stringValue = ""}}
12-30 10:33:11.534   398   464 I DefaultVehicleHal_v2_0: DefaultVehicleHal::onPropertyValue, value:{.timestamp = 6927356054157, .areaId = 0, .prop = 557850893, .status = AVAILABLE, .value = {.int32Values = [1]{0}, .floatValues = [0]{}, .int64Values = [0]{}, .bytes = [0]{}, .stringValue = ""}}
12-30 10:33:11.534   398   464 D DiagPropHandler: is not DiagnosticConfig: 0x2140210d
12-30 10:33:11.534   398   464 I VehiclePropertyStore: begin to write value to Store: {.timestamp = 6927356054157, .areaId = 0, .prop = 557850893, .status = AVAILABLE, .value = {.int32Values = [1]{0}, .floatValues = [0]{}, .int64Values = [0]{}, .bytes = [0]{}, .stringValue = ""}}
12-30 10:33:11.534   398   464 D adayocomadapter-CommunicationManager: onUpstreamReceive mPropertyId 0x2140210d
12-30 10:33:11.534   398   464 D adayocomadapter-CommunicationManager: onUpstreamReceive mPropertyId 0x21401018
12-30 10:33:11.534   398   464 D adayocomadapter-CommunicationManager: convertBytesToInt32Memcpy  0
12-30 10:33:11.534   398   464 I vw-vhal : notifyVehicleProperty, propId = 0x21401018, data = {status: 2, int32Values: [0]}
12-30 10:33:11.534   398   464 I vw-vhal : CanSignalsAdapter::notifyVehicleProperty: solvedValue = {.timestamp = 6927356743490, .areaId = 0, .prop = 557846552, .status = AVAILABLE, .value = {.int32Values = [1]{0}, .floatValues = [0]{}, .int64Values = [0]{}, .bytes = [0]{}, .stringValue = ""}}
12-30 10:33:11.535   398   464 I VehiclePropertyStore: begin to write value to Store: {.timestamp = 6927356743490, .areaId = 0, .prop = 557846552, .status = AVAILABLE, .value = {.int32Values = [1]{0}, .floatValues = [0]{}, .int64Values = [0]{}, .bytes = [0]{}, .stringValue = ""}}
12-30 10:33:11.535   398   464 I DefaultVehicleHal_v2_0: DefaultVehicleHal::onPropertyValue, value:{.timestamp = 6927356743490, .areaId = 0, .prop = 557846552, .status = AVAILABLE, .value = {.int32Values = [1]{0}, .floatValues = [0]{}, .int64Values = [0]{}, .bytes = [0]{}, .stringValue = ""}}
12-30 10:33:11.535   398   464 D DiagPropHandler: is not DiagnosticConfig: 0x21401018
12-30 10:33:11.535   398   464 I VehiclePropertyStore: begin to write value to Store: {.timestamp = 6927356743490, .areaId = 0, .prop = 557846552, .status = AVAILABLE, .value = {.int32Values = [1]{0}, .floatValues = [0]{}, .int64Values = [0]{}, .bytes = [0]{}, .stringValue = ""}}
12-30 10:33:11.535   398   464 D adayocomadapter-CommunicationManager: onUpstreamReceive mPropertyId 0x21401018
12-30 10:33:11.535   398   464 D adayocomadapter-CommunicationManager: onUpstreamReceive mPropertyId 0x214020a9
12-30 10:33:11.535   398   464 D adayocomadapter-CommunicationManager: convertBytesToInt32Memcpy  0
12-30 10:33:11.535   398   464 I vw-vhal : notifyVehicleProperty, propId = 0x214020a9, data = {status: 2, int32Values: [0]}
12-30 10:33:11.535   398   464 I vw-vhal : CanSignalsAdapter::notifyVehicleProperty: solvedValue = {.timestamp = 6927357429157, .areaId = 0, .prop = 557850793, .status = AVAILABLE, .value = {.int32Values = [1]{0}, .floatValues = [0]{}, .int64Values = [0]{}, .bytes = [0]{}, .stringValue = ""}}
12-30 10:33:11.535   398   464 I VehiclePropertyStore: begin to write value to Store: {.timestamp = 6927357429157, .areaId = 0, .prop = 557850793, .status = AVAILABLE, .value = {.int32Values = [1]{0}, .floatValues = [0]{}, .int64Values = [0]{}, .bytes = [0]{}, .stringValue = ""}}
12-30 10:33:11.535   398   464 I DefaultVehicleHal_v2_0: DefaultVehicleHal::onPropertyValue, value:{.timestamp = 6927357429157, .areaId = 0, .prop = 557850793, .status = AVAILABLE, .value = {.int32Values = [1]{0}, .floatValues = [0]{}, .int64Values = [0]{}, .bytes = [0]{}, .stringValue = ""}}
12-30 10:33:11.535   398   464 D DiagPropHandler: is not DiagnosticConfig: 0x214020a9
12-30 10:33:11.535   398   464 I VehiclePropertyStore: begin to write value to Store: {.timestamp = 6927357429157, .areaId = 0, .prop = 557850793, .status = AVAILABLE, .value = {.int32Values = [1]{0}, .floatValues = [0]{}, .int64Values = [0]{}, .bytes = [0]{}, .stringValue = ""}}
12-30 10:33:11.536   398   464 D adayocomadapter-CommunicationManager: onUpstreamReceive mPropertyId 0x214020a9
12-30 10:33:11.536   398   464 D adayocomadapter-CommunicationManager: onUpstreamReceive mPropertyId 0x214020ab
12-30 10:33:11.536   398   464 D adayocomadapter-CommunicationManager: convertBytesToInt32Memcpy  0
12-30 10:33:11.536   398   464 I vw-vhal : notifyVehicleProperty, propId = 0x214020ab, data = {status: 2, int32Values: [0]}
12-30 10:33:11.536   398   464 I vw-vhal : CanSignalsAdapter::notifyVehicleProperty: solvedValue = {.timestamp = 6927358083823, .areaId = 0, .prop = 557850795, .status = AVAILABLE, .value = {.int32Values = [1]{0}, .floatValues = [0]{}, .int64Values = [0]{}, .bytes = [0]{}, .stringValue = ""}}
12-30 10:33:11.536   398   464 I VehiclePropertyStore: begin to write value to Store: {.timestamp = 6927358083823, .areaId = 0, .prop = 557850795, .status = AVAILABLE, .value = {.int32Values = [1]{0}, .floatValues = [0]{}, .int64Values = [0]{}, .bytes = [0]{}, .stringValue = ""}}
12-30 10:33:11.536   398   464 I DefaultVehicleHal_v2_0: DefaultVehicleHal::onPropertyValue, value:{.timestamp = 6927358083823, .areaId = 0, .prop = 557850795, .status = AVAILABLE, .value = {.int32Values = [1]{0}, .floatValues = [0]{}, .int64Values = [0]{}, .bytes = [0]{}, .stringValue = ""}}
12-30 10:33:11.536   398   464 D DiagPropHandler: is not DiagnosticConfig: 0x214020ab
12-30 10:33:11.536   398   464 I VehiclePropertyStore: begin to write value to Store: {.timestamp = 6927358083823, .areaId = 0, .prop = 557850795, .status = AVAILABLE, .value = {.int32Values = [1]{0}, .floatValues = [0]{}, .int64Values = [0]{}, .bytes = [0]{}, .stringValue = ""}}
12-30 10:33:11.536   398   464 D adayocomadapter-CommunicationManager: onUpstreamReceive mPropertyId 0x214020ab
12-30 10:33:11.536   398   464 D adayocomadapter-CommunicationManager: onUpstreamReceive mPropertyId 0x214020ad
12-30 10:33:11.536   398   464 D adayocomadapter-CommunicationManager: convertBytesToInt32Memcpy  0
12-30 10:33:11.536   398   464 I vw-vhal : notifyVehicleProperty, propId = 0x214020ad, data = {status: 2, int32Values: [0]}
12-30 10:33:11.536   398   464 I vw-vhal : CanSignalsAdapter::notifyVehicleProperty: solvedValue = {.timestamp = 6927358731823, .areaId = 0, .prop = 557850797, .status = AVAILABLE, .value = {.int32Values = [1]{0}, .floatValues = [0]{}, .int64Values = [0]{}, .bytes = [0]{}, .stringValue = ""}}
12-30 10:33:11.537   398   464 I VehiclePropertyStore: begin to write value to Store: {.timestamp = 6927358731823, .areaId = 0, .prop = 557850797, .status = AVAILABLE, .value = {.int32Values = [1]{0}, .floatValues = [0]{}, .int64Values = [0]{}, .bytes = [0]{}, .stringValue = ""}}
12-30 10:33:11.537   398   464 I DefaultVehicleHal_v2_0: DefaultVehicleHal::onPropertyValue, value:{.timestamp = 6927358731823, .areaId = 0, .prop = 557850797, .status = AVAILABLE, .value = {.int32Values = [1]{0}, .floatValues = [0]{}, .int64Values = [0]{}, .bytes = [0]{}, .stringValue = ""}}
12-30 10:33:11.537   398   464 D DiagPropHandler: is not DiagnosticConfig: 0x214020ad
12-30 10:33:11.537   398   464 I VehiclePropertyStore: begin to write value to Store: {.timestamp = 6927358731823, .areaId = 0, .prop = 557850797, .status = AVAILABLE, .value = {.int32Values = [1]{0}, .floatValues = [0]{}, .int64Values = [0]{}, .bytes = [0]{}, .stringValue = ""}}
12-30 10:33:11.537   398   464 D adayocomadapter-CommunicationManager: onUpstreamReceive mPropertyId 0x214020ad
12-30 10:33:11.537   398   464 D adayocomadapter-CommunicationManager: onUpstreamReceive mPropertyId 0x2140213a
12-30 10:33:11.537   398   464 D adayocomadapter-CommunicationManager: convertBytesToInt32Memcpy  0
12-30 10:33:11.537   398   464 I vw-vhal : notifyVehicleProperty, propId = 0x2140213a, data = {status: 2, int32Values: [0]}
12-30 10:33:11.537   398   464 I vw-vhal : CanSignalsAdapter::notifyVehicleProperty: solvedValue = {.timestamp = 6927359383490, .areaId = 0, .prop = 557850938, .status = AVAILABLE, .value = {.int32Values = [1]{0}, .floatValues = [0]{}, .int64Values = [0]{}, .bytes = [0]{}, .stringValue = ""}}
12-30 10:33:11.537   398   464 I VehiclePropertyStore: begin to write value to Store: {.timestamp = 6927359383490, .areaId = 0, .prop = 557850938, .status = AVAILABLE, .value = {.int32Values = [1]{0}, .floatValues = [0]{}, .int64Values = [0]{}, .bytes = [0]{}, .stringValue = ""}}
12-30 10:33:11.537   398   464 I DefaultVehicleHal_v2_0: DefaultVehicleHal::onPropertyValue, value:{.timestamp = 6927359383490, .areaId = 0, .prop = 557850938, .status = AVAILABLE, .value = {.int32Values = [1]{0}, .floatValues = [0]{}, .int64Values = [0]{}, .bytes = [0]{}, .stringValue = ""}}
12-30 10:33:11.537   398   464 D DiagPropHandler: is not DiagnosticConfig: 0x2140213a
12-30 10:33:11.537   398   464 I VehiclePropertyStore: begin to write value to Store: {.timestamp = 6927359383490, .areaId = 0, .prop = 557850938, .status = AVAILABLE, .value = {.int32Values = [1]{0}, .floatValues = [0]{}, .int64Values = [0]{}, .bytes = [0]{}, .stringValue = ""}}
12-30 10:33:11.537   398   464 D adayocomadapter-CommunicationManager: onUpstreamReceive mPropertyId 0x2140213a
12-30 10:33:11.538   398   464 D adayocomadapter-CommunicationManager: onUpstreamReceive mPropertyId 0x214021c7
12-30 10:33:11.538   398   464 D adayocomadapter-CommunicationManager: convertBytesToInt32Memcpy  0
12-30 10:33:11.538   398   464 I vw-vhal : notifyVehicleProperty, propId = 0x214021c7, data = {status: 2, int32Values: [0]}
12-30 10:33:11.538   398   464 I vw-vhal : CanSignalsAdapter::notifyVehicleProperty: solvedValue = {.timestamp = 6927360086157, .areaId = 0, .prop = 557851079, .status = AVAILABLE, .value = {.int32Values = [1]{0}, .floatValues = [0]{}, .int64Values = [0]{}, .bytes = [0]{}, .stringValue = ""}}
12-30 10:33:11.538   398   464 I VehiclePropertyStore: begin to write value to Store: {.timestamp = 6927360086157, .areaId = 0, .prop = 557851079, .status = AVAILABLE, .value = {.int32Values = [1]{0}, .floatValues = [0]{}, .int64Values = [0]{}, .bytes = [0]{}, .stringValue = ""}}
12-30 10:33:11.538   398   464 I DefaultVehicleHal_v2_0: DefaultVehicleHal::onPropertyValue, value:{.timestamp = 6927360086157, .areaId = 0, .prop = 557851079, .status = AVAILABLE, .value = {.int32Values = [1]{0}, .floatValues = [0]{}, .int64Values = [0]{}, .bytes = [0]{}, .stringValue = ""}}
12-30 10:33:11.538   398   464 D DiagPropHandler: is not DiagnosticConfig: 0x214021c7
12-30 10:33:11.538   398   464 I VehiclePropertyStore: begin to write value to Store: {.timestamp = 6927360086157, .areaId = 0, .prop = 557851079, .status = AVAILABLE, .value = {.int32Values = [1]{0}, .floatValues = [0]{}, .int64Values = [0]{}, .bytes = [0]{}, .stringValue = ""}}
12-30 10:33:11.538   398   464 D adayocomadapter-CommunicationManager: onUpstreamReceive mPropertyId 0x214021c7
12-30 10:33:11.538   398   464 D adayocomadapter-CommunicationManager: onUpstreamReceive mPropertyId 0x214020f2
12-30 10:33:11.538   398   464 D adayocomadapter-CommunicationManager: convertBytesToInt32Memcpy  0
12-30 10:33:11.538   398   464 I vw-vhal : notifyVehicleProperty, propId = 0x214020f2, data = {status: 2, int32Values: [0]}
12-30 10:33:11.538   398   464 I vw-vhal : CanSignalsAdapter::notifyVehicleProperty: solvedValue = {.timestamp = 6927360737490, .areaId = 0, .prop = 557850866, .status = AVAILABLE, .value = {.int32Values = [1]{0}, .floatValues = [0]{}, .int64Values = [0]{}, .bytes = [0]{}, .stringValue = ""}}
12-30 10:33:11.539   398   464 I VehiclePropertyStore: begin to write value to Store: {.timestamp = 6927360737490, .areaId = 0, .prop = 557850866, .status = AVAILABLE, .value = {.int32Values = [1]{0}, .floatValues = [0]{}, .int64Values = [0]{}, .bytes = [0]{}, .stringValue = ""}}
