12-30 10:33:14.865   398   464 I vw-vhal : CanSignalsAdapter::notifyVehicleProperty: solvedValue = {.timestamp = 6930687409824, .areaId = 0, .prop = 557850684, .status = AVAILABLE, .value = {.int32Values = [1]{0}, .floatValues = [0]{}, .int64Values = [0]{}, .bytes = [0]{}, .stringValue = ""}}
12-30 10:33:14.865   398   464 I VehiclePropertyStore: begin to write value to Store: {.timestamp = 6930687409824, .areaId = 0, .prop = 557850684, .status = AVAILABLE, .value = {.int32Values = [1]{0}, .floatValues = [0]{}, .int64Values = [0]{}, .bytes = [0]{}, .stringValue = ""}}
12-30 10:33:14.865   398   464 I DefaultVehicleHal_v2_0: DefaultVehicleHal::onPropertyValue, value:{.timestamp = 6930687409824, .areaId = 0, .prop = 557850684, .status = AVAILABLE, .value = {.int32Values = [1]{0}, .floatValues = [0]{}, .int64Values = [0]{}, .bytes = [0]{}, .stringValue = ""}}
12-30 10:33:14.865   398   464 D DiagPropHandler: is not DiagnosticConfig: 0x2140203c
12-30 10:33:14.865   398   464 I VehiclePropertyStore: begin to write value to Store: {.timestamp = 6930687409824, .areaId = 0, .prop = 557850684, .status = AVAILABLE, .value = {.int32Values = [1]{0}, .floatValues = [0]{}, .int64Values = [0]{}, .bytes = [0]{}, .stringValue = ""}}
12-30 10:33:14.865   398   464 D adayocomadapter-CommunicationManager: onUpstreamReceive mPropertyId 0x2140203c
12-30 10:33:14.866   398   464 D adayocomadapter-CommunicationManager: onUpstreamReceive mPropertyId 0x214020c9
12-30 10:33:14.866   398   464 D adayocomadapter-CommunicationManager: convertBytesToInt32Memcpy  0
12-30 10:33:14.866   398   464 I vw-vhal : notifyVehicleProperty, propId = 0x214020c9, data = {status: 2, int32Values: [0]}
12-30 10:33:14.866   398   464 I vw-vhal : CanSignalsAdapter::notifyVehicleProperty: solvedValue = {.timestamp = 6930688123824, .areaId = 0, .prop = 557850825, .status = AVAILABLE, .value = {.int32Values = [1]{0}, .floatValues = [0]{}, .int64Values = [0]{}, .bytes = [0]{}, .stringValue = ""}}
12-30 10:33:14.866   398   464 I VehiclePropertyStore: begin to write value to Store: {.timestamp = 6930688123824, .areaId = 0, .prop = 557850825, .status = AVAILABLE, .value = {.int32Values = [1]{0}, .floatValues = [0]{}, .int64Values = [0]{}, .bytes = [0]{}, .stringValue = ""}}
12-30 10:33:14.866   398   464 I DefaultVehicleHal_v2_0: DefaultVehicleHal::onPropertyValue, value:{.timestamp = 6930688123824, .areaId = 0, .prop = 557850825, .status = AVAILABLE, .value = {.int32Values = [1]{0}, .floatValues = [0]{}, .int64Values = [0]{}, .bytes = [0]{}, .stringValue = ""}}
12-30 10:33:14.866   398   464 D DiagPropHandler: is not DiagnosticConfig: 0x214020c9
12-30 10:33:14.866   398   464 I VehiclePropertyStore: begin to write value to Store: {.timestamp = 6930688123824, .areaId = 0, .prop = 557850825, .status = AVAILABLE, .value = {.int32Values = [1]{0}, .floatValues = [0]{}, .int64Values = [0]{}, .bytes = [0]{}, .stringValue = ""}}
12-30 10:33:14.866   398   464 D adayocomadapter-CommunicationManager: onUpstreamReceive mPropertyId 0x214020c9
12-30 10:33:14.866   398   464 D adayocomadapter-CommunicationManager: onUpstreamReceive mPropertyId 0x214020cf
12-30 10:33:14.866   398   464 D adayocomadapter-CommunicationManager: convertBytesToInt32Memcpy  0
12-30 10:33:14.866   398   464 I vw-vhal : notifyVehicleProperty, propId = 0x214020cf, data = {status: 2, int32Values: [0]}
12-30 10:33:14.866   398   464 I vw-vhal : CanSignalsAdapter::notifyVehicleProperty: solvedValue = {.timestamp = 6930688760490, .areaId = 0, .prop = 557850831, .status = AVAILABLE, .value = {.int32Values = [1]{0}, .floatValues = [0]{}, .int64Values = [0]{}, .bytes = [0]{}, .stringValue = ""}}
12-30 10:33:14.867   398   464 I VehiclePropertyStore: begin to write value to Store: {.timestamp = 6930688760490, .areaId = 0, .prop = 557850831, .status = AVAILABLE, .value = {.int32Values = [1]{0}, .floatValues = [0]{}, .int64Values = [0]{}, .bytes = [0]{}, .stringValue = ""}}
12-30 10:33:14.867   398   464 I DefaultVehicleHal_v2_0: DefaultVehicleHal::onPropertyValue, value:{.timestamp = 6930688760490, .areaId = 0, .prop = 557850831, .status = AVAILABLE, .value = {.int32Values = [1]{0}, .floatValues = [0]{}, .int64Values = [0]{}, .bytes = [0]{}, .stringValue = ""}}
12-30 10:33:14.867   398   464 D DiagPropHandler: is not DiagnosticConfig: 0x214020cf
12-30 10:33:14.867   398   464 I VehiclePropertyStore: begin to write value to Store: {.timestamp = 6930688760490, .areaId = 0, .prop = 557850831, .status = AVAILABLE, .value = {.int32Values = [1]{0}, .floatValues = [0]{}, .int64Values = [0]{}, .bytes = [0]{}, .stringValue = ""}}
12-30 10:33:14.867   398   464 D adayocomadapter-CommunicationManager: onUpstreamReceive mPropertyId 0x214020cf
12-30 10:33:14.867   398   464 D adayocomadapter-CommunicationManager: onUpstreamReceive mPropertyId 0x21402040
12-30 10:33:14.867   398   464 D adayocomadapter-CommunicationManager: convertBytesToInt32Memcpy  0
12-30 10:33:14.867   398   464 I vw-vhal : notifyVehicleProperty, propId = 0x21402040, data = {status: 2, int32Values: [0]}
12-30 10:33:14.867   398   464 I vw-vhal : CanSignalsAdapter::notifyVehicleProperty: solvedValue = {.timestamp = 6930689392157, .areaId = 0, .prop = 557850688, .status = AVAILABLE, .value = {.int32Values = [1]{0}, .floatValues = [0]{}, .int64Values = [0]{}, .bytes = [0]{}, .stringValue = ""}}
12-30 10:33:14.867   398   464 I VehiclePropertyStore: begin to write value to Store: {.timestamp = 6930689392157, .areaId = 0, .prop = 557850688, .status = AVAILABLE, .value = {.int32Values = [1]{0}, .floatValues = [0]{}, .int64Values = [0]{}, .bytes = [0]{}, .stringValue = ""}}
12-30 10:33:14.867   398   464 I DefaultVehicleHal_v2_0: DefaultVehicleHal::onPropertyValue, value:{.timestamp = 6930689392157, .areaId = 0, .prop = 557850688, .status = AVAILABLE, .value = {.int32Values = [1]{0}, .floatValues = [0]{}, .int64Values = [0]{}, .bytes = [0]{}, .stringValue = ""}}
12-30 10:33:14.867   398   464 D DiagPropHandler: is not DiagnosticConfig: 0x21402040
12-30 10:33:14.867   398   464 I VehiclePropertyStore: begin to write value to Store: {.timestamp = 6930689392157, .areaId = 0, .prop = 557850688, .status = AVAILABLE, .value = {.int32Values = [1]{0}, .floatValues = [0]{}, .int64Values = [0]{}, .bytes = [0]{}, .stringValue = ""}}
12-30 10:33:14.867   398   464 D adayocomadapter-CommunicationManager: onUpstreamReceive mPropertyId 0x21402040
12-30 10:33:14.868   398   464 D adayocomadapter-CommunicationManager: onUpstreamReceive mPropertyId 0x214020d1
12-30 10:33:14.868   398   464 D adayocomadapter-CommunicationManager: convertBytesToInt32Memcpy  0
12-30 10:33:14.868   398   464 I vw-vhal : notifyVehicleProperty, propId = 0x214020d1, data = {status: 2, int32Values: [0]}
12-30 10:33:14.868   398   464 I vw-vhal : CanSignalsAdapter::notifyVehicleProperty: solvedValue = {.timestamp = 6930690032157, .areaId = 0, .prop = 557850833, .status = AVAILABLE, .value = {.int32Values = [1]{0}, .floatValues = [0]{}, .int64Values = [0]{}, .bytes = [0]{}, .stringValue = ""}}
12-30 10:33:14.868   398   464 I VehiclePropertyStore: begin to write value to Store: {.timestamp = 6930690032157, .areaId = 0, .prop = 557850833, .status = AVAILABLE, .value = {.int32Values = [1]{0}, .floatValues = [0]{}, .int64Values = [0]{}, .bytes = [0]{}, .stringValue = ""}}
12-30 10:33:14.868   398   464 I DefaultVehicleHal_v2_0: DefaultVehicleHal::onPropertyValue, value:{.timestamp = 6930690032157, .areaId = 0, .prop = 557850833, .status = AVAILABLE, .value = {.int32Values = [1]{0}, .floatValues = [0]{}, .int64Values = [0]{}, .bytes = [0]{}, .stringValue = ""}}
12-30 10:33:14.868   398   464 D DiagPropHandler: is not DiagnosticConfig: 0x214020d1
12-30 10:33:14.868   398   464 I VehiclePropertyStore: begin to write value to Store: {.timestamp = 6930690032157, .areaId = 0, .prop = 557850833, .status = AVAILABLE, .value = {.int32Values = [1]{0}, .floatValues = [0]{}, .int64Values = [0]{}, .bytes = [0]{}, .stringValue = ""}}
12-30 10:33:14.868   398   464 D adayocomadapter-CommunicationManager: onUpstreamReceive mPropertyId 0x214020d1
12-30 10:33:14.868   398   464 D adayocomadapter-CommunicationManager: onUpstreamReceive mPropertyId 0x21402044
12-30 10:33:14.868   398   464 D adayocomadapter-CommunicationManager: convertBytesToInt32Memcpy  0
12-30 10:33:14.868   398   464 I vw-vhal : notifyVehicleProperty, propId = 0x21402044, data = {status: 2, int32Values: [0]}
12-30 10:33:14.868   398   464 I vw-vhal : CanSignalsAdapter::notifyVehicleProperty: solvedValue = {.timestamp = 6930690713824, .areaId = 0, .prop = 557850692, .status = AVAILABLE, .value = {.int32Values = [1]{0}, .floatValues = [0]{}, .int64Values = [0]{}, .bytes = [0]{}, .stringValue = ""}}
12-30 10:33:14.868   398   464 I VehiclePropertyStore: begin to write value to Store: {.timestamp = 6930690713824, .areaId = 0, .prop = 557850692, .status = AVAILABLE, .value = {.int32Values = [1]{0}, .floatValues = [0]{}, .int64Values = [0]{}, .bytes = [0]{}, .stringValue = ""}}
12-30 10:33:14.869   398   464 I DefaultVehicleHal_v2_0: DefaultVehicleHal::onPropertyValue, value:{.timestamp = 6930690713824, .areaId = 0, .prop = 557850692, .status = AVAILABLE, .value = {.int32Values = [1]{0}, .floatValues = [0]{}, .int64Values = [0]{}, .bytes = [0]{}, .stringValue = ""}}
12-30 10:33:14.869   398   464 D DiagPropHandler: is not DiagnosticConfig: 0x21402044
12-30 10:33:14.869   398   464 I VehiclePropertyStore: begin to write value to Store: {.timestamp = 6930690713824, .areaId = 0, .prop = 557850692, .status = AVAILABLE, .value = {.int32Values = [1]{0}, .floatValues = [0]{}, .int64Values = [0]{}, .bytes = [0]{}, .stringValue = ""}}
12-30 10:33:14.869   398   464 D adayocomadapter-CommunicationManager: onUpstreamReceive mPropertyId 0x21402044
12-30 10:33:14.869   398   464 D adayocomadapter-CommunicationManager: onUpstreamReceive mPropertyId 0x214020d5
12-30 10:33:14.869   398   464 D adayocomadapter-CommunicationManager: convertBytesToInt32Memcpy  0
12-30 10:33:14.869   398   464 I vw-vhal : notifyVehicleProperty, propId = 0x214020d5, data = {status: 2, int32Values: [0]}
12-30 10:33:14.869   398   464 I vw-vhal : CanSignalsAdapter::notifyVehicleProperty: solvedValue = {.timestamp = 6930691346824, .areaId = 0, .prop = 557850837, .status = AVAILABLE, .value = {.int32Values = [1]{0}, .floatValues = [0]{}, .int64Values = [0]{}, .bytes = [0]{}, .stringValue = ""}}
12-30 10:33:14.869   398   464 I VehiclePropertyStore: begin to write value to Store: {.timestamp = 6930691346824, .areaId = 0, .prop = 557850837, .status = AVAILABLE, .value = {.int32Values = [1]{0}, .floatValues = [0]{}, .int64Values = [0]{}, .bytes = [0]{}, .stringValue = ""}}
12-30 10:33:14.869   398   464 I DefaultVehicleHal_v2_0: DefaultVehicleHal::onPropertyValue, value:{.timestamp = 6930691346824, .areaId = 0, .prop = 557850837, .status = AVAILABLE, .value = {.int32Values = [1]{0}, .floatValues = [0]{}, .int64Values = [0]{}, .bytes = [0]{}, .stringValue = ""}}
12-30 10:33:14.869   398   464 D DiagPropHandler: is not DiagnosticConfig: 0x214020d5
12-30 10:33:14.869   398   464 I VehiclePropertyStore: begin to write value to Store: {.timestamp = 6930691346824, .areaId = 0, .prop = 557850837, .status = AVAILABLE, .value = {.int32Values = [1]{0}, .floatValues = [0]{}, .int64Values = [0]{}, .bytes = [0]{}, .stringValue = ""}}
12-30 10:33:14.869   398   464 D adayocomadapter-CommunicationManager: onUpstreamReceive mPropertyId 0x214020d5
12-30 10:33:14.870   398   464 D adayocomadapter-CommunicationManager: onUpstreamReceive mPropertyId 0x21402038
12-30 10:33:14.870   398   464 D adayocomadapter-CommunicationManager: convertBytesToInt32Memcpy  0
12-30 10:33:14.870   398   464 I vw-vhal : notifyVehicleProperty, propId = 0x21402038, data = {status: 2, int32Values: [0]}
12-30 10:33:14.870   398   464 I vw-vhal : CanSignalsAdapter::notifyVehicleProperty: solvedValue = {.timestamp = 6930692072157, .areaId = 0, .prop = 557850680, .status = AVAILABLE, .value = {.int32Values = [1]{0}, .floatValues = [0]{}, .int64Values = [0]{}, .bytes = [0]{}, .stringValue = ""}}
12-30 10:33:14.870   398   464 I VehiclePropertyStore: begin to write value to Store: {.timestamp = 6930692072157, .areaId = 0, .prop = 557850680, .status = AVAILABLE, .value = {.int32Values = [1]{0}, .floatValues = [0]{}, .int64Values = [0]{}, .bytes = [0]{}, .stringValue = ""}}
12-30 10:33:14.870   398   464 I DefaultVehicleHal_v2_0: DefaultVehicleHal::onPropertyValue, value:{.timestamp = 6930692072157, .areaId = 0, .prop = 557850680, .status = AVAILABLE, .value = {.int32Values = [1]{0}, .floatValues = [0]{}, .int64Values = [0]{}, .bytes = [0]{}, .stringValue = ""}}
12-30 10:33:14.870   398   464 D DiagPropHandler: is not DiagnosticConfig: 0x21402038
12-30 10:33:14.870   398   464 I VehiclePropertyStore: begin to write value to Store: {.timestamp = 6930692072157, .areaId = 0, .prop = 557850680, .status = AVAILABLE, .value = {.int32Values = [1]{0}, .floatValues = [0]{}, .int64Values = [0]{}, .bytes = [0]{}, .stringValue = ""}}
12-30 10:33:14.870   398   464 D adayocomadapter-CommunicationManager: onUpstreamReceive mPropertyId 0x21402038
12-30 10:33:14.870   398   464 D adayocomadapter-CommunicationManager: onUpstreamReceive mPropertyId 0x2140207d
12-30 10:33:14.870   398   464 D adayocomadapter-CommunicationManager: convertBytesToInt32Memcpy  0
12-30 10:33:14.870   398   464 I vw-vhal : notifyVehicleProperty, propId = 0x2140207d, data = {status: 2, int32Values: [0]}
12-30 10:33:14.870   398   464 I vw-vhal : CanSignalsAdapter::notifyVehicleProperty: solvedValue = {.timestamp = 6930692752824, .areaId = 0, .prop = 557850749, .status = AVAILABLE, .value = {.int32Values = [1]{0}, .floatValues = [0]{}, .int64Values = [0]{}, .bytes = [0]{}, .stringValue = ""}}
12-30 10:33:14.871   398   464 I VehiclePropertyStore: begin to write value to Store: {.timestamp = 6930692752824, .areaId = 0, .prop = 557850749, .status = AVAILABLE, .value = {.int32Values = [1]{0}, .floatValues = [0]{}, .int64Values = [0]{}, .bytes = [0]{}, .stringValue = ""}}
12-30 10:33:14.871   398   464 I DefaultVehicleHal_v2_0: DefaultVehicleHal::onPropertyValue, value:{.timestamp = 6930692752824, .areaId = 0, .prop = 557850749, .status = AVAILABLE, .value = {.int32Values = [1]{0}, .floatValues = [0]{}, .int64Values = [0]{}, .bytes = [0]{}, .stringValue = ""}}
12-30 10:33:14.871   398   464 D DiagPropHandler: is not DiagnosticConfig: 0x2140207d
12-30 10:33:14.871   398   464 I VehiclePropertyStore: begin to write value to Store: {.timestamp = 6930692752824, .areaId = 0, .prop = 557850749, .status = AVAILABLE, .value = {.int32Values = [1]{0}, .floatValues = [0]{}, .int64Values = [0]{}, .bytes = [0]{}, .stringValue = ""}}
12-30 10:33:14.871   398   464 D adayocomadapter-CommunicationManager: onUpstreamReceive mPropertyId 0x2140207d
12-30 10:33:14.871   398   464 D adayocomadapter-CommunicationManager: onUpstreamReceive mPropertyId 0x2140207f
12-30 10:33:14.871   398   464 D adayocomadapter-CommunicationManager: convertBytesToInt32Memcpy  0
12-30 10:33:14.871   398   464 I vw-vhal : notifyVehicleProperty, propId = 0x2140207f, data = {status: 2, int32Values: [0]}
12-30 10:33:14.871   398   464 I vw-vhal : CanSignalsAdapter::notifyVehicleProperty: solvedValue = {.timestamp = 6930693413157, .areaId = 0, .prop = 557850751, .status = AVAILABLE, .value = {.int32Values = [1]{0}, .floatValues = [0]{}, .int64Values = [0]{}, .bytes = [0]{}, .stringValue = ""}}
12-30 10:33:14.871   398   464 I VehiclePropertyStore: begin to write value to Store: {.timestamp = 6930693413157, .areaId = 0, .prop = 557850751, .status = AVAILABLE, .value = {.int32Values = [1]{0}, .floatValues = [0]{}, .int64Values = [0]{}, .bytes = [0]{}, .stringValue = ""}}
12-30 10:33:14.871   398   464 I DefaultVehicleHal_v2_0: DefaultVehicleHal::onPropertyValue, value:{.timestamp = 6930693413157, .areaId = 0, .prop = 557850751, .status = AVAILABLE, .value = {.int32Values = [1]{0}, .floatValues = [0]{}, .int64Values = [0]{}, .bytes = [0]{}, .stringValue = ""}}
12-30 10:33:14.871   398   464 D DiagPropHandler: is not DiagnosticConfig: 0x2140207f
12-30 10:33:14.872   398   464 I VehiclePropertyStore: begin to write value to Store: {.timestamp = 6930693413157, .areaId = 0, .prop = 557850751, .status = AVAILABLE, .value = {.int32Values = [1]{0}, .floatValues = [0]{}, .int64Values = [0]{}, .bytes = [0]{}, .stringValue = ""}}
12-30 10:33:14.872   398   464 D adayocomadapter-CommunicationManager: onUpstreamReceive mPropertyId 0x2140207f
12-30 10:33:14.872   398   464 D adayocomadapter-CommunicationManager: onUpstreamReceive mPropertyId 0x21402052
12-30 10:33:14.872   398   464 D adayocomadapter-CommunicationManager: convertBytesToInt32Memcpy  0
12-30 10:33:14.872   398   464 I vw-vhal : notifyVehicleProperty, propId = 0x21402052, data = {status: 2, int32Values: [0]}
12-30 10:33:14.872   398   464 I vw-vhal : CanSignalsAdapter::notifyVehicleProperty: solvedValue = {.timestamp = 6930694332824, .areaId = 0, .prop = 557850706, .status = AVAILABLE, .value = {.int32Values = [1]{0}, .floatValues = [0]{}, .int64Values = [0]{}, .bytes = [0]{}, .stringValue = ""}}
12-30 10:33:14.872   398   464 I VehiclePropertyStore: begin to write value to Store: {.timestamp = 6930694332824, .areaId = 0, .prop = 557850706, .status = AVAILABLE, .value = {.int32Values = [1]{0}, .floatValues = [0]{}, .int64Values = [0]{}, .bytes = [0]{}, .stringValue = ""}}
12-30 10:33:14.872   398   464 I DefaultVehicleHal_v2_0: DefaultVehicleHal::onPropertyValue, value:{.timestamp = 6930694332824, .areaId = 0, .prop = 557850706, .status = AVAILABLE, .value = {.int32Values = [1]{0}, .floatValues = [0]{}, .int64Values = [0]{}, .bytes = [0]{}, .stringValue = ""}}
12-30 10:33:14.872   398   464 D DiagPropHandler: is not DiagnosticConfig: 0x21402052
12-30 10:33:14.872   398   464 I VehiclePropertyStore: begin to write value to Store: {.timestamp = 6930694332824, .areaId = 0, .prop = 557850706, .status = AVAILABLE, .value = {.int32Values = [1]{0}, .floatValues = [0]{}, .int64Values = [0]{}, .bytes = [0]{}, .stringValue = ""}}
12-30 10:33:14.872   398   464 D adayocomadapter-CommunicationManager: onUpstreamReceive mPropertyId 0x21402052
12-30 10:33:14.872   398   464 D adayocomadapter-CommunicationManager: onUpstreamReceive mPropertyId 0x21402081
12-30 10:33:14.872   398   464 D adayocomadapter-CommunicationManager: convertBytesToInt32Memcpy  0
12-30 10:33:14.873   398   464 I vw-vhal : notifyVehicleProperty, propId = 0x21402081, data = {status: 2, int32Values: [0]}
12-30 10:33:14.873   398   464 I vw-vhal : CanSignalsAdapter::notifyVehicleProperty: solvedValue = {.timestamp = 6930694973490, .areaId = 0, .prop = 557850753, .status = AVAILABLE, .value = {.int32Values = [1]{0}, .floatValues = [0]{}, .int64Values = [0]{}, .bytes = [0]{}, .stringValue = ""}}
12-30 10:33:14.873   398   464 I VehiclePropertyStore: begin to write value to Store: {.timestamp = 6930694973490, .areaId = 0, .prop = 557850753, .status = AVAILABLE, .value = {.int32Values = [1]{0}, .floatValues = [0]{}, .int64Values = [0]{}, .bytes = [0]{}, .stringValue = ""}}
12-30 10:33:14.873   398   464 I DefaultVehicleHal_v2_0: DefaultVehicleHal::onPropertyValue, value:{.timestamp = 6930694973490, .areaId = 0, .prop = 557850753, .status = AVAILABLE, .value = {.int32Values = [1]{0}, .floatValues = [0]{}, .int64Values = [0]{}, .bytes = [0]{}, .stringValue = ""}}
12-30 10:33:14.873   398   464 D DiagPropHandler: is not DiagnosticConfig: 0x21402081
12-30 10:33:14.873   398   464 I VehiclePropertyStore: begin to write value to Store: {.timestamp = 6930694973490, .areaId = 0, .prop = 557850753, .status = AVAILABLE, .value = {.int32Values = [1]{0}, .floatValues = [0]{}, .int64Values = [0]{}, .bytes = [0]{}, .stringValue = ""}}
12-30 10:33:14.873   398   464 D adayocomadapter-CommunicationManager: onUpstreamReceive mPropertyId 0x21402081
12-30 10:33:14.873   398   464 D adayocomadapter-CommunicationManager: onUpstreamReceive mPropertyId 0x21402080
12-30 10:33:14.873   398   464 D adayocomadapter-CommunicationManager: convertBytesToInt32Memcpy  0
12-30 10:33:14.873   398   464 I vw-vhal : notifyVehicleProperty, propId = 0x21402080, data = {status: 2, int32Values: [0]}
12-30 10:33:14.873   398   464 I vw-vhal : CanSignalsAdapter::notifyVehicleProperty: solvedValue = {.timestamp = 6930695628490, .areaId = 0, .prop = 557850752, .status = AVAILABLE, .value = {.int32Values = [1]{0}, .floatValues = [0]{}, .int64Values = [0]{}, .bytes = [0]{}, .stringValue = ""}}
12-30 10:33:14.873   398   464 I VehiclePropertyStore: begin to write value to Store: {.timestamp = 6930695628490, .areaId = 0, .prop = 557850752, .status = AVAILABLE, .value = {.int32Values = [1]{0}, .floatValues = [0]{}, .int64Values = [0]{}, .bytes = [0]{}, .stringValue = ""}}
12-30 10:33:14.873   398   464 I DefaultVehicleHal_v2_0: DefaultVehicleHal::onPropertyValue, value:{.timestamp = 6930695628490, .areaId = 0, .prop = 557850752, .status = AVAILABLE, .value = {.int32Values = [1]{0}, .floatValues = [0]{}, .int64Values = [0]{}, .bytes = [0]{}, .stringValue = ""}}
12-30 10:33:14.874   398   464 D DiagPropHandler: is not DiagnosticConfig: 0x21402080
12-30 10:33:14.874   398   464 I VehiclePropertyStore: begin to write value to Store: {.timestamp = 6930695628490, .areaId = 0, .prop = 557850752, .status = AVAILABLE, .value = {.int32Values = [1]{0}, .floatValues = [0]{}, .int64Values = [0]{}, .bytes = [0]{}, .stringValue = ""}}
12-30 10:33:14.874   398   464 D adayocomadapter-CommunicationManager: onUpstreamReceive mPropertyId 0x21402080
12-30 10:33:14.874   398   464 D adayocomadapter-CommunicationManager: onUpstreamReceive mPropertyId 0x21402051
12-30 10:33:14.874   398   464 D adayocomadapter-CommunicationManager: convertBytesToInt32Memcpy  0
12-30 10:33:14.874   398   464 I vw-vhal : notifyVehicleProperty, propId = 0x21402051, data = {status: 2, int32Values: [0]}
12-30 10:33:14.874   398   464 I vw-vhal : CanSignalsAdapter::notifyVehicleProperty: solvedValue = {.timestamp = 6930696307490, .areaId = 0, .prop = 557850705, .status = AVAILABLE, .value = {.int32Values = [1]{0}, .floatValues = [0]{}, .int64Values = [0]{}, .bytes = [0]{}, .stringValue = ""}}
12-30 10:33:14.874   398   464 I VehiclePropertyStore: begin to write value to Store: {.timestamp = 6930696307490, .areaId = 0, .prop = 557850705, .status = AVAILABLE, .value = {.int32Values = [1]{0}, .floatValues = [0]{}, .int64Values = [0]{}, .bytes = [0]{}, .stringValue = ""}}
12-30 10:33:14.874   398   464 I DefaultVehicleHal_v2_0: DefaultVehicleHal::onPropertyValue, value:{.timestamp = 6930696307490, .areaId = 0, .prop = 557850705, .status = AVAILABLE, .value = {.int32Values = [1]{0}, .floatValues = [0]{}, .int64Values = [0]{}, .bytes = [0]{}, .stringValue = ""}}
12-30 10:33:14.874   398   464 D DiagPropHandler: is not DiagnosticConfig: 0x21402051
12-30 10:33:14.874   398   464 I VehiclePropertyStore: begin to write value to Store: {.timestamp = 6930696307490, .areaId = 0, .prop = 557850705, .status = AVAILABLE, .value = {.int32Values = [1]{0}, .floatValues = [0]{}, .int64Values = [0]{}, .bytes = [0]{}, .stringValue = ""}}
12-30 10:33:14.874   398   464 D adayocomadapter-CommunicationManager: onUpstreamReceive mPropertyId 0x21402051
12-30 10:33:14.874   398   464 D adayocomadapter-CommunicationManager: onUpstreamReceive mPropertyId 0x2140207b
12-30 10:33:14.874   398   464 D adayocomadapter-CommunicationManager: convertBytesToInt32Memcpy  0
12-30 10:33:14.875   398   464 I vw-vhal : notifyVehicleProperty, propId = 0x2140207b, data = {status: 2, int32Values: [0]}
12-30 10:33:14.875   398   464 I vw-vhal : CanSignalsAdapter::notifyVehicleProperty: solvedValue = {.timestamp = 6930696952157, .areaId = 0, .prop = 557850747, .status = AVAILABLE, .value = {.int32Values = [1]{0}, .floatValues = [0]{}, .int64Values = [0]{}, .bytes = [0]{}, .stringValue = ""}}
12-30 10:33:14.875   398   464 I VehiclePropertyStore: begin to write value to Store: {.timestamp = 6930696952157, .areaId = 0, .prop = 557850747, .status = AVAILABLE, .value = {.int32Values = [1]{0}, .floatValues = [0]{}, .int64Values = [0]{}, .bytes = [0]{}, .stringValue = ""}}
12-30 10:33:14.875   398   464 I DefaultVehicleHal_v2_0: DefaultVehicleHal::onPropertyValue, value:{.timestamp = 6930696952157, .areaId = 0, .prop = 557850747, .status = AVAILABLE, .value = {.int32Values = [1]{0}, .floatValues = [0]{}, .int64Values = [0]{}, .bytes = [0]{}, .stringValue = ""}}
12-30 10:33:14.875   398   464 D DiagPropHandler: is not DiagnosticConfig: 0x2140207b
12-30 10:33:14.875   398   464 I VehiclePropertyStore: begin to write value to Store: {.timestamp = 6930696952157, .areaId = 0, .prop = 557850747, .status = AVAILABLE, .value = {.int32Values = [1]{0}, .floatValues = [0]{}, .int64Values = [0]{}, .bytes = [0]{}, .stringValue = ""}}
12-30 10:33:14.875   398   464 D adayocomadapter-CommunicationManager: onUpstreamReceive mPropertyId 0x2140207b
12-30 10:33:14.875   398   464 D adayocomadapter-CommunicationManager: onUpstreamReceive mPropertyId 0x2140204c
12-30 10:33:14.875   398   464 D adayocomadapter-CommunicationManager: convertBytesToInt32Memcpy  0
12-30 10:33:14.875   398   464 I vw-vhal : notifyVehicleProperty, propId = 0x2140204c, data = {status: 2, int32Values: [0]}
12-30 10:33:14.875   398   464 I vw-vhal : CanSignalsAdapter::notifyVehicleProperty: solvedValue = {.timestamp = 6930697602157, .areaId = 0, .prop = 557850700, .status = AVAILABLE, .value = {.int32Values = [1]{0}, .floatValues = [0]{}, .int64Values = [0]{}, .bytes = [0]{}, .stringValue = ""}}
12-30 10:33:14.875   398   464 I VehiclePropertyStore: begin to write value to Store: {.timestamp = 6930697602157, .areaId = 0, .prop = 557850700, .status = AVAILABLE, .value = {.int32Values = [1]{0}, .floatValues = [0]{}, .int64Values = [0]{}, .bytes = [0]{}, .stringValue = ""}}
12-30 10:33:14.875   398   464 I DefaultVehicleHal_v2_0: DefaultVehicleHal::onPropertyValue, value:{.timestamp = 6930697602157, .areaId = 0, .prop = 557850700, .status = AVAILABLE, .value = {.int32Values = [1]{0}, .floatValues = [0]{}, .int64Values = [0]{}, .bytes = [0]{}, .stringValue = ""}}
12-30 10:33:14.876   398   464 D DiagPropHandler: is not DiagnosticConfig: 0x2140204c
12-30 10:33:14.876   398   464 I VehiclePropertyStore: begin to write value to Store: {.timestamp = 6930697602157, .areaId = 0, .prop = 557850700, .status = AVAILABLE, .value = {.int32Values = [1]{0}, .floatValues = [0]{}, .int64Values = [0]{}, .bytes = [0]{}, .stringValue = ""}}
12-30 10:33:14.876   398   464 D adayocomadapter-CommunicationManager: onUpstreamReceive mPropertyId 0x2140204c
12-30 10:33:14.876   398   464 D adayocomadapter-CommunicationManager: onUpstreamReceive mPropertyId 0x2140207c
12-30 10:33:14.876   398   464 D adayocomadapter-CommunicationManager: convertBytesToInt32Memcpy  0
12-30 10:33:14.876   398   464 I vw-vhal : notifyVehicleProperty, propId = 0x2140207c, data = {status: 2, int32Values: [0]}
12-30 10:33:14.876   398   464 I vw-vhal : CanSignalsAdapter::notifyVehicleProperty: solvedValue = {.timestamp = 6930698264157, .areaId = 0, .prop = 557850748, .status = AVAILABLE, .value = {.int32Values = [1]{0}, .floatValues = [0]{}, .int64Values = [0]{}, .bytes = [0]{}, .stringValue = ""}}
12-30 10:33:14.876   398   464 I VehiclePropertyStore: begin to write value to Store: {.timestamp = 6930698264157, .areaId = 0, .prop = 557850748, .status = AVAILABLE, .value = {.int32Values = [1]{0}, .floatValues = [0]{}, .int64Values = [0]{}, .bytes = [0]{}, .stringValue = ""}}
12-30 10:33:14.876   398   464 I DefaultVehicleHal_v2_0: DefaultVehicleHal::onPropertyValue, value:{.timestamp = 6930698264157, .areaId = 0, .prop = 557850748, .status = AVAILABLE, .value = {.int32Values = [1]{0}, .floatValues = [0]{}, .int64Values = [0]{}, .bytes = [0]{}, .stringValue = ""}}
12-30 10:33:14.876   398   464 D DiagPropHandler: is not DiagnosticConfig: 0x2140207c
12-30 10:33:14.876   398   464 I VehiclePropertyStore: begin to write value to Store: {.timestamp = 6930698264157, .areaId = 0, .prop = 557850748, .status = AVAILABLE, .value = {.int32Values = [1]{0}, .floatValues = [0]{}, .int64Values = [0]{}, .bytes = [0]{}, .stringValue = ""}}
12-30 10:33:14.876   398   464 D adayocomadapter-CommunicationManager: onUpstreamReceive mPropertyId 0x2140207c
12-30 10:33:14.876   398   464 D adayocomadapter-CommunicationManager: onUpstreamReceive mPropertyId 0x2140207e
12-30 10:33:14.876   398   464 D adayocomadapter-CommunicationManager: convertBytesToInt32Memcpy  0
12-30 10:33:14.877   398   464 I vw-vhal : notifyVehicleProperty, propId = 0x2140207e, data = {status: 2, int32Values: [0]}
12-30 10:33:14.877   398   464 I vw-vhal : CanSignalsAdapter::notifyVehicleProperty: solvedValue = {.timestamp = 6930698916824, .areaId = 0, .prop = 557850750, .status = AVAILABLE, .value = {.int32Values = [1]{0}, .floatValues = [0]{}, .int64Values = [0]{}, .bytes = [0]{}, .stringValue = ""}}
12-30 10:33:14.877   398   464 I VehiclePropertyStore: begin to write value to Store: {.timestamp = 6930698916824, .areaId = 0, .prop = 557850750, .status = AVAILABLE, .value = {.int32Values = [1]{0}, .floatValues = [0]{}, .int64Values = [0]{}, .bytes = [0]{}, .stringValue = ""}}
12-30 10:33:14.877   398   464 I DefaultVehicleHal_v2_0: DefaultVehicleHal::onPropertyValue, value:{.timestamp = 6930698916824, .areaId = 0, .prop = 557850750, .status = AVAILABLE, .value = {.int32Values = [1]{0}, .floatValues = [0]{}, .int64Values = [0]{}, .bytes = [0]{}, .stringValue = ""}}
12-30 10:33:14.877   398   464 D DiagPropHandler: is not DiagnosticConfig: 0x2140207e
12-30 10:33:14.877   398   464 I VehiclePropertyStore: begin to write value to Store: {.timestamp = 6930698916824, .areaId = 0, .prop = 557850750, .status = AVAILABLE, .value = {.int32Values = [1]{0}, .floatValues = [0]{}, .int64Values = [0]{}, .bytes = [0]{}, .stringValue = ""}}
12-30 10:33:14.877   398   464 D adayocomadapter-CommunicationManager: onUpstreamReceive mPropertyId 0x2140207e
12-30 10:33:14.877   398   464 D adayocomadapter-CommunicationManager: onUpstreamReceive mPropertyId 0x21402082
12-30 10:33:14.877   398   464 D adayocomadapter-CommunicationManager: convertBytesToInt32Memcpy  0
12-30 10:33:14.877   398   464 I vw-vhal : notifyVehicleProperty, propId = 0x21402082, data = {status: 2, int32Values: [0]}
12-30 10:33:14.877   398   464 I vw-vhal : CanSignalsAdapter::notifyVehicleProperty: solvedValue = {.timestamp = 6930699566157, .areaId = 0, .prop = 557850754, .status = AVAILABLE, .value = {.int32Values = [1]{0}, .floatValues = [0]{}, .int64Values = [0]{}, .bytes = [0]{}, .stringValue = ""}}
12-30 10:33:14.877   398   464 I VehiclePropertyStore: begin to write value to Store: {.timestamp = 6930699566157, .areaId = 0, .prop = 557850754, .status = AVAILABLE, .value = {.int32Values = [1]{0}, .floatValues = [0]{}, .int64Values = [0]{}, .bytes = [0]{}, .stringValue = ""}}
12-30 10:33:14.877   398   464 I DefaultVehicleHal_v2_0: DefaultVehicleHal::onPropertyValue, value:{.timestamp = 6930699566157, .areaId = 0, .prop = 557850754, .status = AVAILABLE, .value = {.int32Values = [1]{0}, .floatValues = [0]{}, .int64Values = [0]{}, .bytes = [0]{}, .stringValue = ""}}
12-30 10:33:14.877   398   464 D DiagPropHandler: is not DiagnosticConfig: 0x21402082
12-30 10:33:14.878   398   464 I VehiclePropertyStore: begin to write value to Store: {.timestamp = 6930699566157, .areaId = 0, .prop = 557850754, .status = AVAILABLE, .value = {.int32Values = [1]{0}, .floatValues = [0]{}, .int64Values = [0]{}, .bytes = [0]{}, .stringValue = ""}}
12-30 10:33:14.878   398   464 D adayocomadapter-CommunicationManager: onUpstreamReceive mPropertyId 0x21402082
12-30 10:33:14.878   398   464 D adayocomadapter-CommunicationManager: onUpstreamReceive mPropertyId 0x21402083
12-30 10:33:14.878   398   464 D adayocomadapter-CommunicationManager: convertBytesToInt32Memcpy  0
12-30 10:33:14.878   398   464 I vw-vhal : notifyVehicleProperty, propId = 0x21402083, data = {status: 2, int32Values: [0]}
12-30 10:33:14.878   360   931 D EvsDriver: forwardFrame
12-30 10:33:14.878   398   464 I vw-vhal : CanSignalsAdapter::notifyVehicleProperty: solvedValue = {.timestamp = 6930700267157, .areaId = 0, .prop = 557850755, .status = AVAILABLE, .value = {.int32Values = [1]{0}, .floatValues = [0]{}, .int64Values = [0]{}, .bytes = [0]{}, .stringValue = ""}}
12-30 10:33:14.878   360   931 D EvsDriver: forwardFrameDirect
12-30 10:33:14.878   398   464 I VehiclePropertyStore: begin to write value to Store: {.timestamp = 6930700267157, .areaId = 0, .prop = 557850755, .status = AVAILABLE, .value = {.int32Values = [1]{0}, .floatValues = [0]{}, .int64Values = [0]{}, .bytes = [0]{}, .stringValue = ""}}
12-30 10:33:14.878   398   464 I DefaultVehicleHal_v2_0: DefaultVehicleHal::onPropertyValue, value:{.timestamp = 6930700267157, .areaId = 0, .prop = 557850755, .status = AVAILABLE, .value = {.int32Values = [1]{0}, .floatValues = [0]{}, .int64Values = [0]{}, .bytes = [0]{}, .stringValue = ""}}
12-30 10:33:14.878   398   464 D DiagPropHandler: is not DiagnosticConfig: 0x21402083
12-30 10:33:14.878   398   464 I VehiclePropertyStore: begin to write value to Store: {.timestamp = 6930700267157, .areaId = 0, .prop = 557850755, .status = AVAILABLE, .value = {.int32Values = [1]{0}, .floatValues = [0]{}, .int64Values = [0]{}, .bytes = [0]{}, .stringValue = ""}}
12-30 10:33:14.878   398   464 D adayocomadapter-CommunicationManager: onUpstreamReceive mPropertyId 0x21402083
12-30 10:33:14.878   360   931 D EvsDriver: Delivered 0xb400e2ca9e40c2d0 as id 0
12-30 10:33:14.878   398   464 D adayocomadapter-CommunicationManager: onUpstreamReceive mPropertyId 0x21402084
12-30 10:33:14.878   398   464 D adayocomadapter-CommunicationManager: convertBytesToInt32Memcpy  0
12-30 10:33:14.879   398   464 I vw-vhal : notifyVehicleProperty, propId = 0x21402084, data = {status: 2, int32Values: [0]}
12-30 10:33:14.879   359  2784 D evsmanagerd: /dev/video-evs0 forwarded the buffer #0 to 0xb400f125d2b26dd0 from 0xb400f125e2b20710
12-30 10:33:14.879   398   464 I vw-vhal : CanSignalsAdapter::notifyVehicleProperty: solvedValue = {.timestamp = 6930700906824, .areaId = 0, .prop = 557850756, .status = AVAILABLE, .value = {.int32Values = [1]{0}, .floatValues = [0]{}, .int64Values = [0]{}, .bytes = [0]{}, .stringValue = ""}}
12-30 10:33:14.879   398   464 I VehiclePropertyStore: begin to write value to Store: {.timestamp = 6930700906824, .areaId = 0, .prop = 557850756, .status = AVAILABLE, .value = {.int32Values = [1]{0}, .floatValues = [0]{}, .int64Values = [0]{}, .bytes = [0]{}, .stringValue = ""}}
12-30 10:33:14.879   398   464 I DefaultVehicleHal_v2_0: DefaultVehicleHal::onPropertyValue, value:{.timestamp = 6930700906824, .areaId = 0, .prop = 557850756, .status = AVAILABLE, .value = {.int32Values = [1]{0}, .floatValues = [0]{}, .int64Values = [0]{}, .bytes = [0]{}, .stringValue = ""}}
12-30 10:33:14.879   398   464 D DiagPropHandler: is not DiagnosticConfig: 0x21402084
12-30 10:33:14.879   398   464 I VehiclePropertyStore: begin to write value to Store: {.timestamp = 6930700906824, .areaId = 0, .prop = 557850756, .status = AVAILABLE, .value = {.int32Values = [1]{0}, .floatValues = [0]{}, .int64Values = [0]{}, .bytes = [0]{}, .stringValue = ""}}
12-30 10:33:14.879   398   464 D adayocomadapter-CommunicationManager: onUpstreamReceive mPropertyId 0x21402084
12-30 10:33:14.879   398   464 D adayocomadapter-CommunicationManager: onUpstreamReceive mPropertyId 0x21402085
12-30 10:33:14.879   398   464 D adayocomadapter-CommunicationManager: convertBytesToInt32Memcpy  0
12-30 10:33:14.879   398   464 I vw-vhal : notifyVehicleProperty, propId = 0x21402085, data = {status: 2, int32Values: [0]}
12-30 10:33:14.880   398   464 I vw-vhal : CanSignalsAdapter::notifyVehicleProperty: solvedValue = {.timestamp = 6930701857490, .areaId = 0, .prop = 557850757, .status = AVAILABLE, .value = {.int32Values = [1]{0}, .floatValues = [0]{}, .int64Values = [0]{}, .bytes = [0]{}, .stringValue = ""}}
12-30 10:33:14.880   398   464 I VehiclePropertyStore: begin to write value to Store: {.timestamp = 6930701857490, .areaId = 0, .prop = 557850757, .status = AVAILABLE, .value = {.int32Values = [1]{0}, .floatValues = [0]{}, .int64Values = [0]{}, .bytes = [0]{}, .stringValue = ""}}
12-30 10:33:14.880   398   464 I DefaultVehicleHal_v2_0: DefaultVehicleHal::onPropertyValue, value:{.timestamp = 6930701857490, .areaId = 0, .prop = 557850757, .status = AVAILABLE, .value = {.int32Values = [1]{0}, .floatValues = [0]{}, .int64Values = [0]{}, .bytes = [0]{}, .stringValue = ""}}
12-30 10:33:14.880   398   464 D DiagPropHandler: is not DiagnosticConfig: 0x21402085
12-30 10:33:14.880   398   464 I VehiclePropertyStore: begin to write value to Store: {.timestamp = 6930701857490, .areaId = 0, .prop = 557850757, .status = AVAILABLE, .value = {.int32Values = [1]{0}, .floatValues = [0]{}, .int64Values = [0]{}, .bytes = [0]{}, .stringValue = ""}}
12-30 10:33:14.880   398   464 D adayocomadapter-CommunicationManager: onUpstreamReceive mPropertyId 0x21402085
12-30 10:33:14.880   398   464 D adayocomadapter-CommunicationManager: onUpstreamReceive mPropertyId 0x2140220a
12-30 10:33:14.880   398   464 D adayocomadapter-CommunicationManager: convertBytesToInt32Memcpy  0
12-30 10:33:14.880   398   464 I vw-vhal : notifyVehicleProperty, propId = 0x2140220a, data = {status: 2, int32Values: [0]}
12-30 10:33:14.880   398   464 I vw-vhal : CanSignalsAdapter::notifyVehicleProperty: solvedValue = {.timestamp = 6930702525490, .areaId = 0, .prop = 557851146, .status = AVAILABLE, .value = {.int32Values = [1]{0}, .floatValues = [0]{}, .int64Values = [0]{}, .bytes = [0]{}, .stringValue = ""}}
12-30 10:33:14.880   398   464 I VehiclePropertyStore: begin to write value to Store: {.timestamp = 6930702525490, .areaId = 0, .prop = 557851146, .status = AVAILABLE, .value = {.int32Values = [1]{0}, .floatValues = [0]{}, .int64Values = [0]{}, .bytes = [0]{}, .stringValue = ""}}
12-30 10:33:14.880   398   464 I DefaultVehicleHal_v2_0: DefaultVehicleHal::onPropertyValue, value:{.timestamp = 6930702525490, .areaId = 0, .prop = 557851146, .status = AVAILABLE, .value = {.int32Values = [1]{0}, .floatValues = [0]{}, .int64Values = [0]{}, .bytes = [0]{}, .stringValue = ""}}
12-30 10:33:14.880   398   464 D DiagPropHandler: is not DiagnosticConfig: 0x2140220a
12-30 10:33:14.881   398   464 I VehiclePropertyStore: begin to write value to Store: {.timestamp = 6930702525490, .areaId = 0, .prop = 557851146, .status = AVAILABLE, .value = {.int32Values = [1]{0}, .floatValues = [0]{}, .int64Values = [0]{}, .bytes = [0]{}, .stringValue = ""}}
12-30 10:33:14.881   398   464 D adayocomadapter-CommunicationManager: onUpstreamReceive mPropertyId 0x2140220a
12-30 10:33:14.881   398   464 D adayocomadapter-CommunicationManager: onUpstreamReceive mPropertyId 0x214021e6
12-30 10:33:14.881   398   464 D adayocomadapter-CommunicationManager: convertBytesToInt32Memcpy  0
12-30 10:33:14.881   398   464 I vw-vhal : notifyVehicleProperty, propId = 0x214021e6, data = {status: 2, int32Values: [0]}
12-30 10:33:14.881   398   464 I vw-vhal : CanSignalsAdapter::notifyVehicleProperty: solvedValue = {.timestamp = 6930703185490, .areaId = 0, .prop = 557851110, .status = AVAILABLE, .value = {.int32Values = [1]{0}, .floatValues = [0]{}, .int64Values = [0]{}, .bytes = [0]{}, .stringValue = ""}}
12-30 10:33:14.881   398   464 I VehiclePropertyStore: begin to write value to Store: {.timestamp = 6930703185490, .areaId = 0, .prop = 557851110, .status = AVAILABLE, .value = {.int32Values = [1]{0}, .floatValues = [0]{}, .int64Values = [0]{}, .bytes = [0]{}, .stringValue = ""}}
12-30 10:33:14.881   398   464 I DefaultVehicleHal_v2_0: DefaultVehicleHal::onPropertyValue, value:{.timestamp = 6930703185490, .areaId = 0, .prop = 557851110, .status = AVAILABLE, .value = {.int32Values = [1]{0}, .floatValues = [0]{}, .int64Values = [0]{}, .bytes = [0]{}, .stringValue = ""}}
12-30 10:33:14.881   398   464 D DiagPropHandler: is not DiagnosticConfig: 0x214021e6
12-30 10:33:14.881   398   464 I VehiclePropertyStore: begin to write value to Store: {.timestamp = 6930703185490, .areaId = 0, .prop = 557851110, .status = AVAILABLE, .value = {.int32Values = [1]{0}, .floatValues = [0]{}, .int64Values = [0]{}, .bytes = [0]{}, .stringValue = ""}}
12-30 10:33:14.881   398   464 D adayocomadapter-CommunicationManager: onUpstreamReceive mPropertyId 0x214021e6
12-30 10:33:14.886   360   458 D EvsDriver: doneWithFrame
12-30 10:33:14.904   596  3076 E WifiHAL : Invalid data received from driver
12-30 10:33:14.908 25839 25839 I ADAYO_LOG_TRACE_RESOURCE: execute start
12-30 10:33:14.909  2358  2623 D RcfController: Rcf proxy is not connected!
12-30 10:33:14.911   360   931 D EvsDriver: forwardFrame
12-30 10:33:14.911   360   931 D EvsDriver: forwardFrameDirect
12-30 10:33:14.912   360   931 D EvsDriver: Delivered 0xb400e2ca9e40d090 as id 1
12-30 10:33:14.912   359  2784 D evsmanagerd: /dev/video-evs0 forwarded the buffer #1 to 0xb400f125d2b26dd0 from 0xb400f125e2b20710
12-30 10:33:14.916   360   458 D EvsDriver: doneWithFrame
12-30 10:33:14.945   360   931 D EvsDriver: forwardFrame
12-30 10:33:14.945   360   931 D EvsDriver: forwardFrameDirect
12-30 10:33:14.945   360   931 D EvsDriver: Delivered 0xb400e2ca9e40e110 as id 0
12-30 10:33:14.945   359  2784 D evsmanagerd: /dev/video-evs0 forwarded the buffer #0 to 0xb400f125d2b26dd0 from 0xb400f125e2b20710
12-30 10:33:14.946   360   458 D EvsDriver: doneWithFrame
12-30 10:33:14.947   596  3076 E WifiHAL : Invalid data received from driver
12-30 10:33:14.955 25841 25841 I ADAYO_LOG_TRACE_RESOURCE: executing
12-30 10:33:14.960  2358  2623 D RcfController: Rcf proxy is not connected!
12-30 10:33:14.978   360   931 D EvsDriver: forwardFrame
12-30 10:33:14.978   360   931 D EvsDriver: forwardFrameDirect
12-30 10:33:14.978   360   931 D EvsDriver: Delivered 0xb400e2ca9e40c7a0 as id 1
12-30 10:33:14.978   359  2784 D evsmanagerd: /dev/video-evs0 forwarded the buffer #1 to 0xb400f125d2b26dd0 from 0xb400f125e2b20710
12-30 10:33:14.986   360   458 D EvsDriver: doneWithFrame
12-30 10:33:14.990  1667  2410 I media_message_log->MediaMessageUserProxy: (SourceFile:1)b connectToService action bind
12-30 10:33:14.991   916  3726 W ActivityManager: Unable to start service Intent { cmp=com.adayo.server.mediamessagetransfer/.MediaMessTransferService (has extras) } U=0: not found
12-30 10:33:14.991  1667  2410 E media_message_log->MediaMessageUserProxy: (SourceFile:7)a bindServiceAsUser isBound = false
12-30 10:33:14.994 25843 25843 I ADAYO_LOG_TRACE_RESOURCE: collect_dest_path:/mnt/sdcard/logcat_GNSS/
12-30 10:33:15.004   650   729 D fgemcucomm: sd Uart data : 6AA602D864000292022C
12-30 10:33:15.005   650   729 D fgemcucomm: rev uart=57302,len=14, data : 6AA681D86400069202001A00008F
12-30 10:33:15.005   398  2883 D adayocomadapter-ParseProtocolFunc: printRaWMsg Name[MCUToUPstream recv] len[6] data[9202001A0000]
12-30 10:33:15.005   398  2883 D adayocomadapter-CommunicationManager: onUpstreamback   member[0] dataLength[3] timePoint[6930827]
12-30 10:33:15.005   398  2883 D adayocomadapter-ParseProtocolFunc: printRaWMsg Name[onUpstreamback] len[3] data[1A0000]
12-30 10:33:15.005   398   464 D adayocomadapter-UpstreamHandler: processBeforePacket upSreamtProcessTimePoint[6930827] 
12-30 10:33:15.005   398   464 D adayocomadapter-UpstreamHandler: processPacket UPSTREAM_QUEUE_DATA_TIMEOUT
12-30 10:33:15.005   398   464 D adayocomadapter-ParseProtocolFunc: parseCommonIPCLBytes Processing tableNumber[26]
12-30 10:33:15.005   398   464 D adayocomadapter-ParseProtocolFunc: parseCommonIPCLBytes Processing tablename[Table-26] tableSize[3]
12-30 10:33:15.005   398   464 D adayocomadapter-ParseProtocolFunc: printRaWMsg Name[byteStream recv] len[3] data[1A0000]
12-30 10:33:15.005   398   464 D adayocomadapter-ParseProtocolFunc: printRaWMsg Name[IPCLtoVHAL] len[6] data[214021C90000]
12-30 10:33:15.005   398   464 D adayocomadapter-ParseProtocolFunc: printRaWMsg Name[IPCLtoVHAL] len[6] data[214022060000]
12-30 10:33:15.005   398   464 D adayocomadapter-CommunicationManager: onUpstreamReceive mPropertyId 0x214021c9
12-30 10:33:15.005   398   464 D adayocomadapter-CommunicationManager: convertBytesToInt32Memcpy  0
12-30 10:33:15.005   398   464 I vw-vhal : notifyVehicleProperty, propId = 0x214021c9, data = {status: 2, int32Values: [0]}
12-30 10:33:15.005   398   464 I vw-vhal : CanSignalsAdapter::notifyVehicleProperty: solvedValue = {.timestamp = 6930827458824, .areaId = 0, .prop = 557851081, .status = AVAILABLE, .value = {.int32Values = [1]{0}, .floatValues = [0]{}, .int64Values = [0]{}, .bytes = [0]{}, .stringValue = ""}}
12-30 10:33:15.005   398   464 I VehiclePropertyStore: begin to write value to Store: {.timestamp = 6930827458824, .areaId = 0, .prop = 557851081, .status = AVAILABLE, .value = {.int32Values = [1]{0}, .floatValues = [0]{}, .int64Values = [0]{}, .bytes = [0]{}, .stringValue = ""}}
12-30 10:33:15.005   398   464 I DefaultVehicleHal_v2_0: DefaultVehicleHal::onPropertyValue, value:{.timestamp = 6930827458824, .areaId = 0, .prop = 557851081, .status = AVAILABLE, .value = {.int32Values = [1]{0}, .floatValues = [0]{}, .int64Values = [0]{}, .bytes = [0]{}, .stringValue = ""}}
12-30 10:33:15.005   398   464 D DiagPropHandler: is not DiagnosticConfig: 0x214021c9
12-30 10:33:15.005   398   464 I VehiclePropertyStore: begin to write value to Store: {.timestamp = 6930827458824, .areaId = 0, .prop = 557851081, .status = AVAILABLE, .value = {.int32Values = [1]{0}, .floatValues = [0]{}, .int64Values = [0]{}, .bytes = [0]{}, .stringValue = ""}}
12-30 10:33:15.005   398   464 D adayocomadapter-CommunicationManager: onUpstreamReceive mPropertyId 0x214021c9
12-30 10:33:15.005   398   464 D adayocomadapter-CommunicationManager: onUpstreamReceive mPropertyId 0x21402206
12-30 10:33:15.005   398   464 D adayocomadapter-CommunicationManager: convertBytesToInt32Memcpy  0
12-30 10:33:15.005   398   464 I vw-vhal : notifyVehicleProperty, propId = 0x21402206, data = {status: 2, int32Values: [0]}
12-30 10:33:15.005   398   464 I vw-vhal : CanSignalsAdapter::notifyVehicleProperty: solvedValue = {.timestamp = 6930827777824, .areaId = 0, .prop = 557851142, .status = AVAILABLE, .value = {.int32Values = [1]{0}, .floatValues = [0]{}, .int64Values = [0]{}, .bytes = [0]{}, .stringValue = ""}}
12-30 10:33:15.005   398   464 I VehiclePropertyStore: begin to write value to Store: {.timestamp = 6930827777824, .areaId = 0, .prop = 557851142, .status = AVAILABLE, .value = {.int32Values = [1]{0}, .floatValues = [0]{}, .int64Values = [0]{}, .bytes = [0]{}, .stringValue = ""}}
12-30 10:33:15.006   398   464 I DefaultVehicleHal_v2_0: DefaultVehicleHal::onPropertyValue, value:{.timestamp = 6930827777824, .areaId = 0, .prop = 557851142, .status = AVAILABLE, .value = {.int32Values = [1]{0}, .floatValues = [0]{}, .int64Values = [0]{}, .bytes = [0]{}, .stringValue = ""}}
12-30 10:33:15.006   398   464 D DiagPropHandler: is not DiagnosticConfig: 0x21402206
12-30 10:33:15.006   398   464 I VehiclePropertyStore: begin to write value to Store: {.timestamp = 6930827777824, .areaId = 0, .prop = 557851142, .status = AVAILABLE, .value = {.int32Values = [1]{0}, .floatValues = [0]{}, .int64Values = [0]{}, .bytes = [0]{}, .stringValue = ""}}
12-30 10:33:15.006   398   464 D adayocomadapter-CommunicationManager: onUpstreamReceive mPropertyId 0x21402206
12-30 10:33:15.010  2358  2623 D RcfController: Rcf proxy is not connected!
12-30 10:33:15.011   360   931 D EvsDriver: forwardFrame
12-30 10:33:15.011   360   931 D EvsDriver: forwardFrameDirect
12-30 10:33:15.011   360   931 D EvsDriver: Delivered 0xb400e2ca9e40e270 as id 0
12-30 10:33:15.012   359  2784 D evsmanagerd: /dev/video-evs0 forwarded the buffer #0 to 0xb400f125d2b26dd0 from 0xb400f125e2b20710
12-30 10:33:15.013   798 25832 W adbd    : timed out while waiting for FUNCTIONFS_BIND, trying again
12-30 10:33:15.014   798 25832 I adbd    : UsbFfs: connection terminated: monitor thread finished
12-30 10:33:15.014   798   798 I adbd    : UsbFfs: already offline
12-30 10:33:15.014   798   798 I adbd    : destroying transport UsbFfs
12-30 10:33:15.014   798   798 I adbd    : UsbFfsConnection being destroyed
12-30 10:33:15.017   360   458 D EvsDriver: doneWithFrame
12-30 10:33:15.020   596  3076 E WifiHAL : Invalid data received from driver
12-30 10:33:15.038  3066  3066 D hostapd : nl80211: BSS Event 59 (NL80211_CMD_FRAME) received for wlan1
12-30 10:33:15.038  3066  3066 D hostapd : nl80211: RX frame da=ff:ff:ff:ff:ff:ff sa=ee:74:72:d7:de:af bssid=ee:74:72:d7:de:af freq=5745 ssi_signal=-9000 fc=0xd0 seq_ctrl=0x5340 stype=13 (WLAN_FC_STYPE_ACTION) len=42
12-30 10:33:15.038  3066  3066 D hostapd : wlan1: Event RX_MGMT (18) received
12-30 10:33:15.038  3066  3066 D hostapd : Receive wpa msg : Event RX_MGMT (18) received
12-30 10:33:15.045   360   931 D EvsDriver: forwardFrame
12-30 10:33:15.045   360   931 D EvsDriver: forwardFrameDirect
12-30 10:33:15.045   360   931 D EvsDriver: Delivered 0xb400e2ca9e40d4b0 as id 1
12-30 10:33:15.045   359  2784 D evsmanagerd: /dev/video-evs0 forwarded the buffer #1 to 0xb400f125d2b26dd0 from 0xb400f125e2b20710
12-30 10:33:15.047   360   458 D EvsDriver: doneWithFrame
12-30 10:33:15.047   596  3076 E WifiHAL : Invalid data received from driver
12-30 10:33:15.059  3066  3066 D hostapd : nl80211: BSS Event 59 (NL80211_CMD_FRAME) received for wlan1
12-30 10:33:15.059  3066  3066 D hostapd : nl80211: RX frame da=ff:ff:ff:ff:ff:ff sa=ee:74:72:d7:de:af bssid=ee:74:72:d7:de:af freq=5745 ssi_signal=-9000 fc=0xd0 seq_ctrl=0x5350 stype=13 (WLAN_FC_STYPE_ACTION) len=42
12-30 10:33:15.059  3066  3066 D hostapd : wlan1: Event RX_MGMT (18) received
12-30 10:33:15.059  3066  3066 D hostapd : Receive wpa msg : Event RX_MGMT (18) received
12-30 10:33:15.060  2358  2623 D RcfController: Rcf proxy is not connected!
12-30 10:33:15.067 25846 25846 I ADAYO_LOG_TRACE_RESOURCE: file_path:/mnt/sdcard/logcat_GNSS//gnss_log.log
