12-30 10:33:12.780   398   464 I VehiclePropertyStore: begin to write value to Store: {.timestamp = 6928602700824, .areaId = 0, .prop = 557850697, .status = AVAILABLE, .value = {.int32Values = [1]{0}, .floatValues = [0]{}, .int64Values = [0]{}, .bytes = [0]{}, .stringValue = ""}}
12-30 10:33:12.781   398   464 I DefaultVehicleHal_v2_0: DefaultVehicleHal::onPropertyValue, value:{.timestamp = 6928602700824, .areaId = 0, .prop = 557850697, .status = AVAILABLE, .value = {.int32Values = [1]{0}, .floatValues = [0]{}, .int64Values = [0]{}, .bytes = [0]{}, .stringValue = ""}}
12-30 10:33:12.781   398   464 D DiagPropHandler: is not DiagnosticConfig: 0x21402049
12-30 10:33:12.781   398   464 I VehiclePropertyStore: begin to write value to Store: {.timestamp = 6928602700824, .areaId = 0, .prop = 557850697, .status = AVAILABLE, .value = {.int32Values = [1]{0}, .floatValues = [0]{}, .int64Values = [0]{}, .bytes = [0]{}, .stringValue = ""}}
12-30 10:33:12.781   398   464 D adayocomadapter-CommunicationManager: onUpstreamReceive mPropertyId 0x21402049
12-30 10:33:12.781   398   464 D adayocomadapter-CommunicationManager: onUpstreamReceive mPropertyId 0x214021a2
12-30 10:33:12.781   398   464 D adayocomadapter-CommunicationManager: convertBytesToInt32Memcpy  0
12-30 10:33:12.781   398   464 I vw-vhal : notifyVehicleProperty, propId = 0x214021a2, data = {status: 2, int32Values: [0]}
12-30 10:33:12.781   360   458 D EvsDriver: doneWithFrame
12-30 10:33:12.781   398   464 I vw-vhal : CanSignalsAdapter::notifyVehicleProperty: solvedValue = {.timestamp = 6928603381824, .areaId = 0, .prop = 557851042, .status = AVAILABLE, .value = {.int32Values = [1]{0}, .floatValues = [0]{}, .int64Values = [0]{}, .bytes = [0]{}, .stringValue = ""}}
12-30 10:33:12.781   398   464 I VehiclePropertyStore: begin to write value to Store: {.timestamp = 6928603381824, .areaId = 0, .prop = 557851042, .status = AVAILABLE, .value = {.int32Values = [1]{0}, .floatValues = [0]{}, .int64Values = [0]{}, .bytes = [0]{}, .stringValue = ""}}
12-30 10:33:12.781   398   464 I DefaultVehicleHal_v2_0: DefaultVehicleHal::onPropertyValue, value:{.timestamp = 6928603381824, .areaId = 0, .prop = 557851042, .status = AVAILABLE, .value = {.int32Values = [1]{0}, .floatValues = [0]{}, .int64Values = [0]{}, .bytes = [0]{}, .stringValue = ""}}
12-30 10:33:12.781   398   464 D DiagPropHandler: is not DiagnosticConfig: 0x214021a2
12-30 10:33:12.781   398   464 I VehiclePropertyStore: begin to write value to Store: {.timestamp = 6928603381824, .areaId = 0, .prop = 557851042, .status = AVAILABLE, .value = {.int32Values = [1]{0}, .floatValues = [0]{}, .int64Values = [0]{}, .bytes = [0]{}, .stringValue = ""}}
12-30 10:33:12.781   398   464 D adayocomadapter-CommunicationManager: onUpstreamReceive mPropertyId 0x214021a2
12-30 10:33:12.782   398   464 D adayocomadapter-CommunicationManager: onUpstreamReceive mPropertyId 0x214020ea
12-30 10:33:12.782   398   464 D adayocomadapter-CommunicationManager: convertBytesToInt32Memcpy  0
12-30 10:33:12.782   398   464 I vw-vhal : notifyVehicleProperty, propId = 0x214020ea, data = {status: 2, int32Values: [0]}
12-30 10:33:12.782   398   464 I vw-vhal : CanSignalsAdapter::notifyVehicleProperty: solvedValue = {.timestamp = 6928604105490, .areaId = 0, .prop = 557850858, .status = AVAILABLE, .value = {.int32Values = [1]{0}, .floatValues = [0]{}, .int64Values = [0]{}, .bytes = [0]{}, .stringValue = ""}}
12-30 10:33:12.782   398   464 I VehiclePropertyStore: begin to write value to Store: {.timestamp = 6928604105490, .areaId = 0, .prop = 557850858, .status = AVAILABLE, .value = {.int32Values = [1]{0}, .floatValues = [0]{}, .int64Values = [0]{}, .bytes = [0]{}, .stringValue = ""}}
12-30 10:33:12.782   398   464 I DefaultVehicleHal_v2_0: DefaultVehicleHal::onPropertyValue, value:{.timestamp = 6928604105490, .areaId = 0, .prop = 557850858, .status = AVAILABLE, .value = {.int32Values = [1]{0}, .floatValues = [0]{}, .int64Values = [0]{}, .bytes = [0]{}, .stringValue = ""}}
12-30 10:33:12.782   398   464 D DiagPropHandler: is not DiagnosticConfig: 0x214020ea
12-30 10:33:12.782   398   464 I VehiclePropertyStore: begin to write value to Store: {.timestamp = 6928604105490, .areaId = 0, .prop = 557850858, .status = AVAILABLE, .value = {.int32Values = [1]{0}, .floatValues = [0]{}, .int64Values = [0]{}, .bytes = [0]{}, .stringValue = ""}}
12-30 10:33:12.782   398   464 D adayocomadapter-CommunicationManager: onUpstreamReceive mPropertyId 0x214020ea
12-30 10:33:12.796  1582  3078 I c       : checkService in back thread add: adayo.upgrade.v2.0
12-30 10:33:12.797  1582  3078 E upgradeApp_251223_V1  l: d(null:11)pre->c(null:23)-> serviceBinder is null
12-30 10:33:12.798  1582  3078 W c       : doBindService in back thread fail: adayo.upgrade.v2.0
12-30 10:33:12.798  2358  2623 D RcfController: Rcf proxy is not connected!
12-30 10:33:12.808   596  3076 E WifiHAL : Invalid data received from driver
12-30 10:33:12.811   360   931 D EvsDriver: forwardFrame
12-30 10:33:12.811   360   931 D EvsDriver: forwardFrameDirect
12-30 10:33:12.812   360   931 D EvsDriver: Delivered 0xb400e2ca9e40e270 as id 0
12-30 10:33:12.812   359  2784 D evsmanagerd: /dev/video-evs0 forwarded the buffer #0 to 0xb400f125d2b26dd0 from 0xb400f125e2b20710
12-30 10:33:12.821   360   458 D EvsDriver: doneWithFrame
12-30 10:33:12.827  3066  3066 D hostapd : nl80211: BSS Event 59 (NL80211_CMD_FRAME) received for wlan1
12-30 10:33:12.827  3066  3066 D hostapd : nl80211: RX frame da=ff:ff:ff:ff:ff:ff sa=ee:74:72:d7:de:af bssid=ee:74:72:d7:de:af freq=5745 ssi_signal=-9000 fc=0xd0 seq_ctrl=0x4c40 stype=13 (WLAN_FC_STYPE_ACTION) len=42
12-30 10:33:12.827  3066  3066 D hostapd : wlan1: Event RX_MGMT (18) received
12-30 10:33:12.827  3066  3066 D hostapd : Receive wpa msg : Event RX_MGMT (18) received
12-30 10:33:12.845   360   931 D EvsDriver: forwardFrame
12-30 10:33:12.845   360   931 D EvsDriver: forwardFrameDirect
12-30 10:33:12.845   360   931 D EvsDriver: Delivered 0xb400e2ca9e40d4b0 as id 1
12-30 10:33:12.845   359  2784 D evsmanagerd: /dev/video-evs0 forwarded the buffer #1 to 0xb400f125d2b26dd0 from 0xb400f125e2b20710
12-30 10:33:12.847  3066  3066 D hostapd : nl80211: BSS Event 59 (NL80211_CMD_FRAME) received for wlan1
12-30 10:33:12.847   596  3076 E WifiHAL : Invalid data received from driver
12-30 10:33:12.847  3066  3066 D hostapd : nl80211: RX frame da=ff:ff:ff:ff:ff:ff sa=ee:74:72:d7:de:af bssid=ee:74:72:d7:de:af freq=5745 ssi_signal=-9200 fc=0xd0 seq_ctrl=0x4c50 stype=13 (WLAN_FC_STYPE_ACTION) len=42
12-30 10:33:12.847  3066  3066 D hostapd : wlan1: Event RX_MGMT (18) received
12-30 10:33:12.847  3066  3066 D hostapd : Receive wpa msg : Event RX_MGMT (18) received
12-30 10:33:12.848  2358  2623 D RcfController: Rcf proxy is not connected!
12-30 10:33:12.852   360   458 D EvsDriver: doneWithFrame
12-30 10:33:12.868  3066  3066 D hostapd : nl80211: BSS Event 59 (NL80211_CMD_FRAME) received for wlan1
12-30 10:33:12.868  3066  3066 D hostapd : nl80211: RX frame da=ff:ff:ff:ff:ff:ff sa=ee:74:72:d7:de:af bssid=ee:74:72:d7:de:af freq=5745 ssi_signal=-9200 fc=0xd0 seq_ctrl=0x4c60 stype=13 (WLAN_FC_STYPE_ACTION) len=42
12-30 10:33:12.868  3066  3066 D hostapd : wlan1: Event RX_MGMT (18) received
12-30 10:33:12.868  3066  3066 D hostapd : Receive wpa msg : Event RX_MGMT (18) received
12-30 10:33:12.878   360   931 D EvsDriver: forwardFrame
12-30 10:33:12.878   360   931 D EvsDriver: forwardFrameDirect
12-30 10:33:12.878   596  3076 E WifiHAL : Invalid data received from driver
12-30 10:33:12.878   360   931 D EvsDriver: Delivered 0xb400e2ca9e40c2d0 as id 0
12-30 10:33:12.878   359  2784 D evsmanagerd: /dev/video-evs0 forwarded the buffer #0 to 0xb400f125d2b26dd0 from 0xb400f125e2b20710
12-30 10:33:12.882   596  3076 E WifiHAL : Invalid data received from driver
12-30 10:33:12.882   596  3076 E WifiHAL : Invalid data received from driver
12-30 10:33:12.882   596  3076 E WifiHAL : Invalid data received from driver
12-30 10:33:12.882   596  3076 E WifiHAL : Invalid data received from driver
12-30 10:33:12.882   596  3076 E WifiHAL : Invalid data received from driver
12-30 10:33:12.882   596  3076 E WifiHAL : Invalid data received from driver
12-30 10:33:12.883   596  3076 E WifiHAL : Invalid data received from driver
12-30 10:33:12.883   360   458 D EvsDriver: doneWithFrame
12-30 10:33:12.893   650   729 D fgemcucomm: sd Uart data : 6AA602D8570002920239
12-30 10:33:12.893   650   729 D fgemcucomm: rev uart=57289,len=14, data : 6AA681D85700069202000B0000AB
12-30 10:33:12.893   650   729 D fgemcucomm: sd Uart data : 6AA602D8580002920238
12-30 10:33:12.893   398  2883 D adayocomadapter-ParseProtocolFunc: printRaWMsg Name[MCUToUPstream recv] len[6] data[9202000B0000]
12-30 10:33:12.893   398  2883 D adayocomadapter-CommunicationManager: onUpstreamback   member[0] dataLength[3] timePoint[6928715]
12-30 10:33:12.894   398  2883 D adayocomadapter-ParseProtocolFunc: printRaWMsg Name[onUpstreamback] len[3] data[0B0000]
12-30 10:33:12.894   398   464 D adayocomadapter-UpstreamHandler: processBeforePacket upSreamtProcessTimePoint[6928716] 
12-30 10:33:12.894   650   729 D fgemcucomm: rev uart=57290,len=48, data : 6AA681D85800289202001B4A503130333531353242204A5031303335313532422041303100000000000000000000001C
12-30 10:33:12.894   398   464 D adayocomadapter-UpstreamHandler: processPacket UPSTREAM_QUEUE_DATA_TIMEOUT
12-30 10:33:12.894   398  2883 D adayocomadapter-ParseProtocolFunc: printRaWMsg Name[MCUToUPstream recv] len[40] data[9202001B4A503130333531353242204A503130333531353242204130310000000000000000000000]
12-30 10:33:12.894   398   464 D adayocomadapter-ParseProtocolFunc: parseCommonIPCLBytes Processing tableNumber[11]
12-30 10:33:12.894   398  2883 D adayocomadapter-CommunicationManager: onUpstreamback   member[0] dataLength[37] timePoint[6928716]
12-30 10:33:12.894   398   464 D adayocomadapter-ParseProtocolFunc: parseCommonIPCLBytes Processing tablename[Table-11] tableSize[3]
12-30 10:33:12.894   398   464 D adayocomadapter-ParseProtocolFunc: printRaWMsg Name[byteStream recv] len[3] data[0B0000]
12-30 10:33:12.894   398  2883 D adayocomadapter-ParseProtocolFunc: printRaWMsg Name[onUpstreamback] len[37] data[1B4A503130333531353242204A503130333531353242204130310000000000000000000000]
12-30 10:33:12.894   398   464 D adayocomadapter-ParseProtocolFunc: printRaWMsg Name[IPCLtoVHAL] len[7] data[2140200B000000]
12-30 10:33:12.894   398   464 D adayocomadapter-CommunicationManager: onUpstreamReceive mPropertyId 0x2140200b
12-30 10:33:12.894   398   464 D adayocomadapter-CommunicationManager: convertBytesToInt32Memcpy  0
12-30 10:33:12.894   398   464 I vw-vhal : notifyVehicleProperty, propId = 0x2140200b, data = {status: 2, int32Values: [0]}
12-30 10:33:12.894   398   464 I vw-vhal : CanSignalsAdapter::notifyVehicleProperty: solvedValue = {.timestamp = 6928716736157, .areaId = 0, .prop = 557850635, .status = AVAILABLE, .value = {.int32Values = [1]{0}, .floatValues = [0]{}, .int64Values = [0]{}, .bytes = [0]{}, .stringValue = ""}}
12-30 10:33:12.895   398   464 I VehiclePropertyStore: begin to write value to Store: {.timestamp = 6928716736157, .areaId = 0, .prop = 557850635, .status = AVAILABLE, .value = {.int32Values = [1]{0}, .floatValues = [0]{}, .int64Values = [0]{}, .bytes = [0]{}, .stringValue = ""}}
12-30 10:33:12.895   398   464 I DefaultVehicleHal_v2_0: DefaultVehicleHal::onPropertyValue, value:{.timestamp = 6928716736157, .areaId = 0, .prop = 557850635, .status = AVAILABLE, .value = {.int32Values = [1]{0}, .floatValues = [0]{}, .int64Values = [0]{}, .bytes = [0]{}, .stringValue = ""}}
12-30 10:33:12.895   398   464 D DiagPropHandler: is not DiagnosticConfig: 0x2140200b
12-30 10:33:12.895   398   464 I VehiclePropertyStore: begin to write value to Store: {.timestamp = 6928716736157, .areaId = 0, .prop = 557850635, .status = AVAILABLE, .value = {.int32Values = [1]{0}, .floatValues = [0]{}, .int64Values = [0]{}, .bytes = [0]{}, .stringValue = ""}}
12-30 10:33:12.895   398   464 D adayocomadapter-CommunicationManager: onUpstreamReceive mPropertyId 0x2140200b
12-30 10:33:12.895   398   464 D adayocomadapter-UpstreamHandler: processBeforePacket upSreamtProcessTimePoint[6928717] 
12-30 10:33:12.895   398   464 D adayocomadapter-UpstreamHandler: processPacket UPSTREAM_QUEUE_DATA_TIMEOUT
12-30 10:33:12.895   398   464 D adayocomadapter-ParseProtocolFunc: parseCommonIPCLBytes Processing tableNumber[27]
12-30 10:33:12.895   398   464 D adayocomadapter-ParseProtocolFunc: parseCommonIPCLBytes Processing tablename[Table-27] tableSize[37]
12-30 10:33:12.895   398   464 D adayocomadapter-ParseProtocolFunc: printRaWMsg Name[byteStream recv] len[37] data[1B4A503130333531353242204A503130333531353242204130310000000000000000000000]
12-30 10:33:12.895   398   464 D adayocomadapter-ParseProtocolFunc: printRaWMsg Name[IPCLtoVHAL] len[16] data[21414157014A50313033353135324220]
12-30 10:33:12.895   398   464 D adayocomadapter-ParseProtocolFunc: printRaWMsg Name[IPCLtoVHAL] len[16] data[21414158014A50313033353135324220]
12-30 10:33:12.895   398   464 D adayocomadapter-ParseProtocolFunc: printRaWMsg Name[IPCLtoVHAL] len[8] data[2141415901413031]
12-30 10:33:12.895   398   464 D adayocomadapter-ParseProtocolFunc: printRaWMsg Name[IPCLtoVHAL] len[16] data[2141415A010000000000000000000000]
12-30 10:33:12.896   398   464 D adayocomadapter-CommunicationManager: onUpstreamReceive mPropertyId 0x21414157
12-30 10:33:12.896   398   464 D adayocomadapter-CommunicationManager: writeValue id=[557924695]
12-30 10:33:12.896   398   464 D adayocomadapter-VehiclePropertyStore: writeValue id=[557924695]
12-30 10:33:12.896   398   464 I vw-vhal : notifyVehicleProperty, propId = 0x21414157, data = {status: 2, int32Values: [74, 80, 49, 48, 51, 53, 49, 53, 50, 66, 32]}
12-30 10:33:12.896   398   464 I vw-vhal : CanSignalsAdapter::notifyDiagProperty: propId = 0x21414157, data = {status: 2, int32Values: [74, 80, 49, 48, 51, 53, 49, 53, 50, 66, 32]}
12-30 10:33:12.896   398   464 I vw-vhal : CanSignalsAdapter::notifyVehicleProperty: solvedValue = {.timestamp = 6928718253824, .areaId = 0, .prop = 557924695, .status = AVAILABLE, .value = {.int32Values = [11]{74, 80, 49, 48, 51, 53, 49, 53, 50, 66, 32}, .floatValues = [0]{}, .int64Values = [0]{}, .bytes = [0]{}, .stringValue = ""}}
12-30 10:33:12.896   398   464 I VehiclePropertyStore: begin to write value to Store: {.timestamp = 6928718253824, .areaId = 0, .prop = 557924695, .status = AVAILABLE, .value = {.int32Values = [11]{74, 80, 49, 48, 51, 53, 49, 53, 50, 66, 32}, .floatValues = [0]{}, .int64Values = [0]{}, .bytes = [0]{}, .stringValue = ""}}
12-30 10:33:12.896   398   464 I DefaultVehicleHal_v2_0: DefaultVehicleHal::onPropertyValue, value:{.timestamp = 6928718253824, .areaId = 0, .prop = 557924695, .status = AVAILABLE, .value = {.int32Values = [11]{74, 80, 49, 48, 51, 53, 49, 53, 50, 66, 32}, .floatValues = [0]{}, .int64Values = [0]{}, .bytes = [0]{}, .stringValue = ""}}
12-30 10:33:12.896   398   464 D DiagPropHandler: isDiagnosticConfig: 0x21414157
12-30 10:33:12.896   398   464 D DefaultVehicleHal_v2_0: onPropertyValue: Diagnostic config property: 0x21414157
12-30 10:33:12.896   398   464 D DiagPropHandler: Processing request for prop: 0x21414157
12-30 10:33:12.896   398   464 D DiagPropHandler: String length: 11, size = 11
12-30 10:33:12.897   682   682 I vendor.fawvw.hardware.persistenceservice: [193][persistence_client_library_prct_access::get_db_context] key VW_Spare_Part_Number is not in RCT,will be stored in cached
12-30 10:33:12.898   682   682 I vendor.fawvw.hardware.persistenceservice: [39][PersistenceService::setValue]Receive aidl setValue:key is VW_Spare_Part_Number,value is JP1035152B ,serviceid is 2
12-30 10:33:12.898   398   464 D DiagPropHandler: Successfully set property [VW_Spare_Part_Number] = JP1035152B 
12-30 10:33:12.898  2358  2623 D RcfController: Rcf proxy is not connected!
12-30 10:33:12.898   398   464 I VehiclePropertyStore: begin to write value to Store: {.timestamp = 6928718253824, .areaId = 0, .prop = 557924695, .status = AVAILABLE, .value = {.int32Values = [11]{74, 80, 49, 48, 51, 53, 49, 53, 50, 66, 32}, .floatValues = [0]{}, .int64Values = [0]{}, .bytes = [0]{}, .stringValue = ""}}
12-30 10:33:12.899   398   464 D adayocomadapter-CommunicationManager: onUpstreamReceive mPropertyId 0x21414157
12-30 10:33:12.899   398   464 D adayocomadapter-CommunicationManager: onUpstreamReceive mPropertyId 0x21414158
12-30 10:33:12.899   398   464 D adayocomadapter-CommunicationManager: writeValue id=[557924696]
12-30 10:33:12.899   398   464 D adayocomadapter-VehiclePropertyStore: writeValue id=[557924696]
12-30 10:33:12.899   398   464 I vw-vhal : notifyVehicleProperty, propId = 0x21414158, data = {status: 2, int32Values: [74, 80, 49, 48, 51, 53, 49, 53, 50, 66, 32]}
12-30 10:33:12.899   398   464 I vw-vhal : CanSignalsAdapter::notifyDiagProperty: propId = 0x21414158, data = {status: 2, int32Values: [74, 80, 49, 48, 51, 53, 49, 53, 50, 66, 32]}
12-30 10:33:12.899   398   464 I vw-vhal : CanSignalsAdapter::notifyVehicleProperty: solvedValue = {.timestamp = 6928721378490, .areaId = 0, .prop = 557924696, .status = AVAILABLE, .value = {.int32Values = [11]{74, 80, 49, 48, 51, 53, 49, 53, 50, 66, 32}, .floatValues = [0]{}, .int64Values = [0]{}, .bytes = [0]{}, .stringValue = ""}}
12-30 10:33:12.899   398   464 I VehiclePropertyStore: begin to write value to Store: {.timestamp = 6928721378490, .areaId = 0, .prop = 557924696, .status = AVAILABLE, .value = {.int32Values = [11]{74, 80, 49, 48, 51, 53, 49, 53, 50, 66, 32}, .floatValues = [0]{}, .int64Values = [0]{}, .bytes = [0]{}, .stringValue = ""}}
12-30 10:33:12.899   398   464 I DefaultVehicleHal_v2_0: DefaultVehicleHal::onPropertyValue, value:{.timestamp = 6928721378490, .areaId = 0, .prop = 557924696, .status = AVAILABLE, .value = {.int32Values = [11]{74, 80, 49, 48, 51, 53, 49, 53, 50, 66, 32}, .floatValues = [0]{}, .int64Values = [0]{}, .bytes = [0]{}, .stringValue = ""}}
12-30 10:33:12.899   398   464 D DiagPropHandler: is not DiagnosticConfig: 0x21414158
12-30 10:33:12.899   398   464 I VehiclePropertyStore: begin to write value to Store: {.timestamp = 6928721378490, .areaId = 0, .prop = 557924696, .status = AVAILABLE, .value = {.int32Values = [11]{74, 80, 49, 48, 51, 53, 49, 53, 50, 66, 32}, .floatValues = [0]{}, .int64Values = [0]{}, .bytes = [0]{}, .stringValue = ""}}
12-30 10:33:12.900   398   464 D adayocomadapter-CommunicationManager: onUpstreamReceive mPropertyId 0x21414158
12-30 10:33:12.900   398   464 D adayocomadapter-CommunicationManager: onUpstreamReceive mPropertyId 0x21414159
12-30 10:33:12.900   398   464 D adayocomadapter-CommunicationManager: writeValue id=[557924697]
12-30 10:33:12.900   398   464 D adayocomadapter-VehiclePropertyStore: writeValue id=[557924697]
12-30 10:33:12.900   398   464 I vw-vhal : notifyVehicleProperty, propId = 0x21414159, data = {status: 2, int32Values: [65, 48, 49]}
12-30 10:33:12.900   398   464 I vw-vhal : CanSignalsAdapter::notifyDiagProperty: propId = 0x21414159, data = {status: 2, int32Values: [65, 48, 49]}
12-30 10:33:12.900   398   464 I vw-vhal : CanSignalsAdapter::notifyVehicleProperty: solvedValue = {.timestamp = 6928722285824, .areaId = 0, .prop = 557924697, .status = AVAILABLE, .value = {.int32Values = [3]{65, 48, 49}, .floatValues = [0]{}, .int64Values = [0]{}, .bytes = [0]{}, .stringValue = ""}}
12-30 10:33:12.900   398   464 I VehiclePropertyStore: begin to write value to Store: {.timestamp = 6928722285824, .areaId = 0, .prop = 557924697, .status = AVAILABLE, .value = {.int32Values = [3]{65, 48, 49}, .floatValues = [0]{}, .int64Values = [0]{}, .bytes = [0]{}, .stringValue = ""}}
12-30 10:33:12.900   398   464 I DefaultVehicleHal_v2_0: DefaultVehicleHal::onPropertyValue, value:{.timestamp = 6928722285824, .areaId = 0, .prop = 557924697, .status = AVAILABLE, .value = {.int32Values = [3]{65, 48, 49}, .floatValues = [0]{}, .int64Values = [0]{}, .bytes = [0]{}, .stringValue = ""}}
12-30 10:33:12.900   398   464 D DiagPropHandler: is not DiagnosticConfig: 0x21414159
12-30 10:33:12.900   398   464 I VehiclePropertyStore: begin to write value to Store: {.timestamp = 6928722285824, .areaId = 0, .prop = 557924697, .status = AVAILABLE, .value = {.int32Values = [3]{65, 48, 49}, .floatValues = [0]{}, .int64Values = [0]{}, .bytes = [0]{}, .stringValue = ""}}
12-30 10:33:12.900   398   464 D adayocomadapter-CommunicationManager: onUpstreamReceive mPropertyId 0x21414159
12-30 10:33:12.900   398   464 D adayocomadapter-CommunicationManager: onUpstreamReceive mPropertyId 0x2141415a
12-30 10:33:12.900   398   464 D adayocomadapter-CommunicationManager: writeValue id=[557924698]
12-30 10:33:12.901   398   464 D adayocomadapter-VehiclePropertyStore: writeValue id=[557924698]
12-30 10:33:12.901   398   464 I vw-vhal : notifyVehicleProperty, propId = 0x2141415a, data = {status: 2, int32Values: [0, 0, 0, 0, 0, 0, 0, 0, 0, 0, 0]}
12-30 10:33:12.901   398   464 I vw-vhal : CanSignalsAdapter::notifyDiagProperty: propId = 0x2141415a, data = {status: 2, int32Values: [0, 0, 0, 0, 0, 0, 0, 0, 0, 0, 0]}
12-30 10:33:12.901   398   464 I vw-vhal : CanSignalsAdapter::notifyVehicleProperty: solvedValue = {.timestamp = 6928723143824, .areaId = 0, .prop = 557924698, .status = AVAILABLE, .value = {.int32Values = [11]{0, 0, 0, 0, 0, 0, 0, 0, 0, 0, 0}, .floatValues = [0]{}, .int64Values = [0]{}, .bytes = [0]{}, .stringValue = ""}}
12-30 10:33:12.901   398   464 I VehiclePropertyStore: begin to write value to Store: {.timestamp = 6928723143824, .areaId = 0, .prop = 557924698, .status = AVAILABLE, .value = {.int32Values = [11]{0, 0, 0, 0, 0, 0, 0, 0, 0, 0, 0}, .floatValues = [0]{}, .int64Values = [0]{}, .bytes = [0]{}, .stringValue = ""}}
12-30 10:33:12.901   398   464 I DefaultVehicleHal_v2_0: DefaultVehicleHal::onPropertyValue, value:{.timestamp = 6928723143824, .areaId = 0, .prop = 557924698, .status = AVAILABLE, .value = {.int32Values = [11]{0, 0, 0, 0, 0, 0, 0, 0, 0, 0, 0}, .floatValues = [0]{}, .int64Values = [0]{}, .bytes = [0]{}, .stringValue = ""}}
12-30 10:33:12.901   398   464 D DiagPropHandler: is not DiagnosticConfig: 0x2141415a
12-30 10:33:12.901   398   464 I VehiclePropertyStore: begin to write value to Store: {.timestamp = 6928723143824, .areaId = 0, .prop = 557924698, .status = AVAILABLE, .value = {.int32Values = [11]{0, 0, 0, 0, 0, 0, 0, 0, 0, 0, 0}, .floatValues = [0]{}, .int64Values = [0]{}, .bytes = [0]{}, .stringValue = ""}}
12-30 10:33:12.901   398   464 D adayocomadapter-CommunicationManager: onUpstreamReceive mPropertyId 0x2141415a
12-30 10:33:12.911   360   931 D EvsDriver: forwardFrame
12-30 10:33:12.911   360   931 D EvsDriver: forwardFrameDirect
12-30 10:33:12.912   360   931 D EvsDriver: Delivered 0xb400e2ca9e40d090 as id 1
12-30 10:33:12.912   359  2784 D evsmanagerd: /dev/video-evs0 forwarded the buffer #1 to 0xb400f125d2b26dd0 from 0xb400f125e2b20710
12-30 10:33:12.917   798 25830 W adbd    : timed out while waiting for FUNCTIONFS_BIND, trying again
12-30 10:33:12.917   798 25830 I adbd    : UsbFfs: connection terminated: monitor thread finished
12-30 10:33:12.917   798   798 I adbd    : UsbFfs: already offline
12-30 10:33:12.917   798   798 I adbd    : destroying transport UsbFfs
12-30 10:33:12.917   798   798 I adbd    : UsbFfsConnection being destroyed
12-30 10:33:12.919  3066  3066 D hostapd : nl80211: BSS Event 59 (NL80211_CMD_FRAME) received for wlan1
12-30 10:33:12.919  3066  3066 D hostapd : nl80211: RX frame da=ff:ff:ff:ff:ff:ff sa=ee:74:72:d7:de:af bssid=ee:74:72:d7:de:af freq=5745 ssi_signal=-9000 fc=0xd0 seq_ctrl=0x4c80 stype=13 (WLAN_FC_STYPE_ACTION) len=42
12-30 10:33:12.919  3066  3066 D hostapd : wlan1: Event RX_MGMT (18) received
12-30 10:33:12.919  3066  3066 D hostapd : Receive wpa msg : Event RX_MGMT (18) received
12-30 10:33:12.923   360   458 D EvsDriver: doneWithFrame
12-30 10:33:12.926   596  3076 E WifiHAL : Invalid data received from driver
12-30 10:33:12.939  3066  3066 D hostapd : nl80211: BSS Event 59 (NL80211_CMD_FRAME) received for wlan1
12-30 10:33:12.939  3066  3066 D hostapd : nl80211: RX frame da=ff:ff:ff:ff:ff:ff sa=ee:74:72:d7:de:af bssid=ee:74:72:d7:de:af freq=5745 ssi_signal=-9200 fc=0xd0 seq_ctrl=0x4c90 stype=13 (WLAN_FC_STYPE_ACTION) len=42
12-30 10:33:12.939  3066  3066 D hostapd : wlan1: Event RX_MGMT (18) received
12-30 10:33:12.939  3066  3066 D hostapd : Receive wpa msg : Event RX_MGMT (18) received
12-30 10:33:12.940   650   729 D fgemcucomm: sd Uart data : 6AA602D8590002920237
12-30 10:33:12.940   650   729 D fgemcucomm: rev uart=57291,len=19, data : 6AA681D859000B9202000F00000000000000A0
12-30 10:33:12.941   398  2883 D adayocomadapter-ParseProtocolFunc: printRaWMsg Name[MCUToUPstream recv] len[11] data[9202000F00000000000000]
12-30 10:33:12.941   398  2883 D adayocomadapter-CommunicationManager: onUpstreamback   member[0] dataLength[8] timePoint[6928763]
12-30 10:33:12.941   398  2883 D adayocomadapter-ParseProtocolFunc: printRaWMsg Name[onUpstreamback] len[8] data[0F00000000000000]
12-30 10:33:12.941   398   464 D adayocomadapter-UpstreamHandler: processBeforePacket upSreamtProcessTimePoint[6928763] 
12-30 10:33:12.941   398   464 D adayocomadapter-UpstreamHandler: processPacket UPSTREAM_QUEUE_DATA_TIMEOUT
12-30 10:33:12.941   398   464 D adayocomadapter-ParseProtocolFunc: parseCommonIPCLBytes Processing tableNumber[15]
12-30 10:33:12.941   398   464 D adayocomadapter-ParseProtocolFunc: parseCommonIPCLBytes Processing tablename[Table-15] tableSize[8]
12-30 10:33:12.941   398   464 D adayocomadapter-ParseProtocolFunc: printRaWMsg Name[byteStream recv] len[8] data[0F00000000000000]
12-30 10:33:12.941   398   464 D adayocomadapter-ParseProtocolFunc: printRaWMsg Name[IPCLtoVHAL] len[6] data[214020F30000]
12-30 10:33:12.941   398   464 D adayocomadapter-ParseProtocolFunc: printRaWMsg Name[IPCLtoVHAL] len[6] data[214020F40000]
12-30 10:33:12.941   398   464 D adayocomadapter-ParseProtocolFunc: printRaWMsg Name[IPCLtoVHAL] len[6] data[214020F50000]
12-30 10:33:12.941   398   464 D adayocomadapter-ParseProtocolFunc: printRaWMsg Name[IPCLtoVHAL] len[6] data[214020F60000]
12-30 10:33:12.941   398   464 D adayocomadapter-ParseProtocolFunc: printRaWMsg Name[IPCLtoVHAL] len[6] data[214020F70000]
12-30 10:33:12.942   398   464 D adayocomadapter-ParseProtocolFunc: printRaWMsg Name[IPCLtoVHAL] len[6] data[214020F80000]
12-30 10:33:12.942   398   464 D adayocomadapter-ParseProtocolFunc: printRaWMsg Name[IPCLtoVHAL] len[6] data[214020F90000]
12-30 10:33:12.942   398   464 D adayocomadapter-CommunicationManager: onUpstreamReceive mPropertyId 0x214020f3
12-30 10:33:12.942   398   464 D adayocomadapter-CommunicationManager: convertBytesToInt32Memcpy  0
12-30 10:33:12.942   398   464 I vw-vhal : notifyVehicleProperty, propId = 0x214020f3, data = {status: 2, int32Values: [0]}
12-30 10:33:12.942   398   464 I vw-vhal : CanSignalsAdapter::notifyVehicleProperty: solvedValue = {.timestamp = 6928764336157, .areaId = 0, .prop = 557850867, .status = AVAILABLE, .value = {.int32Values = [1]{0}, .floatValues = [0]{}, .int64Values = [0]{}, .bytes = [0]{}, .stringValue = ""}}
12-30 10:33:12.942   398   464 I VehiclePropertyStore: begin to write value to Store: {.timestamp = 6928764336157, .areaId = 0, .prop = 557850867, .status = AVAILABLE, .value = {.int32Values = [1]{0}, .floatValues = [0]{}, .int64Values = [0]{}, .bytes = [0]{}, .stringValue = ""}}
12-30 10:33:12.942   398   464 I DefaultVehicleHal_v2_0: DefaultVehicleHal::onPropertyValue, value:{.timestamp = 6928764336157, .areaId = 0, .prop = 557850867, .status = AVAILABLE, .value = {.int32Values = [1]{0}, .floatValues = [0]{}, .int64Values = [0]{}, .bytes = [0]{}, .stringValue = ""}}
12-30 10:33:12.942   398   464 D DiagPropHandler: is not DiagnosticConfig: 0x214020f3
12-30 10:33:12.942   398   464 I VehiclePropertyStore: begin to write value to Store: {.timestamp = 6928764336157, .areaId = 0, .prop = 557850867, .status = AVAILABLE, .value = {.int32Values = [1]{0}, .floatValues = [0]{}, .int64Values = [0]{}, .bytes = [0]{}, .stringValue = ""}}
12-30 10:33:12.942   398   464 D adayocomadapter-CommunicationManager: onUpstreamReceive mPropertyId 0x214020f3
12-30 10:33:12.943   398   464 D adayocomadapter-CommunicationManager: onUpstreamReceive mPropertyId 0x214020f4
12-30 10:33:12.943   398   464 D adayocomadapter-CommunicationManager: convertBytesToInt32Memcpy  0
12-30 10:33:12.943   398   464 I vw-vhal : notifyVehicleProperty, propId = 0x214020f4, data = {status: 2, int32Values: [0]}
12-30 10:33:12.943   398   464 I vw-vhal : CanSignalsAdapter::notifyVehicleProperty: solvedValue = {.timestamp = 6928765029157, .areaId = 0, .prop = 557850868, .status = AVAILABLE, .value = {.int32Values = [1]{0}, .floatValues = [0]{}, .int64Values = [0]{}, .bytes = [0]{}, .stringValue = ""}}
12-30 10:33:12.943   398   464 I VehiclePropertyStore: begin to write value to Store: {.timestamp = 6928765029157, .areaId = 0, .prop = 557850868, .status = AVAILABLE, .value = {.int32Values = [1]{0}, .floatValues = [0]{}, .int64Values = [0]{}, .bytes = [0]{}, .stringValue = ""}}
12-30 10:33:12.943   398   464 I DefaultVehicleHal_v2_0: DefaultVehicleHal::onPropertyValue, value:{.timestamp = 6928765029157, .areaId = 0, .prop = 557850868, .status = AVAILABLE, .value = {.int32Values = [1]{0}, .floatValues = [0]{}, .int64Values = [0]{}, .bytes = [0]{}, .stringValue = ""}}
12-30 10:33:12.943   398   464 D DiagPropHandler: is not DiagnosticConfig: 0x214020f4
12-30 10:33:12.943   398   464 I VehiclePropertyStore: begin to write value to Store: {.timestamp = 6928765029157, .areaId = 0, .prop = 557850868, .status = AVAILABLE, .value = {.int32Values = [1]{0}, .floatValues = [0]{}, .int64Values = [0]{}, .bytes = [0]{}, .stringValue = ""}}
12-30 10:33:12.943   398   464 D adayocomadapter-CommunicationManager: onUpstreamReceive mPropertyId 0x214020f4
12-30 10:33:12.943   398   464 D adayocomadapter-CommunicationManager: onUpstreamReceive mPropertyId 0x214020f5
12-30 10:33:12.943   398   464 D adayocomadapter-CommunicationManager: convertBytesToInt32Memcpy  0
12-30 10:33:12.943   398   464 I vw-vhal : notifyVehicleProperty, propId = 0x214020f5, data = {status: 2, int32Values: [0]}
12-30 10:33:12.943   398   464 I vw-vhal : CanSignalsAdapter::notifyVehicleProperty: solvedValue = {.timestamp = 6928765757157, .areaId = 0, .prop = 557850869, .status = AVAILABLE, .value = {.int32Values = [1]{0}, .floatValues = [0]{}, .int64Values = [0]{}, .bytes = [0]{}, .stringValue = ""}}
12-30 10:33:12.944   398   464 I VehiclePropertyStore: begin to write value to Store: {.timestamp = 6928765757157, .areaId = 0, .prop = 557850869, .status = AVAILABLE, .value = {.int32Values = [1]{0}, .floatValues = [0]{}, .int64Values = [0]{}, .bytes = [0]{}, .stringValue = ""}}
12-30 10:33:12.944   398   464 I DefaultVehicleHal_v2_0: DefaultVehicleHal::onPropertyValue, value:{.timestamp = 6928765757157, .areaId = 0, .prop = 557850869, .status = AVAILABLE, .value = {.int32Values = [1]{0}, .floatValues = [0]{}, .int64Values = [0]{}, .bytes = [0]{}, .stringValue = ""}}
12-30 10:33:12.944   398   464 D DiagPropHandler: is not DiagnosticConfig: 0x214020f5
12-30 10:33:12.944   398   464 I VehiclePropertyStore: begin to write value to Store: {.timestamp = 6928765757157, .areaId = 0, .prop = 557850869, .status = AVAILABLE, .value = {.int32Values = [1]{0}, .floatValues = [0]{}, .int64Values = [0]{}, .bytes = [0]{}, .stringValue = ""}}
12-30 10:33:12.944   398   464 D adayocomadapter-CommunicationManager: onUpstreamReceive mPropertyId 0x214020f5
12-30 10:33:12.944   398   464 D adayocomadapter-CommunicationManager: onUpstreamReceive mPropertyId 0x214020f6
12-30 10:33:12.944   398   464 D adayocomadapter-CommunicationManager: convertBytesToInt32Memcpy  0
12-30 10:33:12.944   398   464 I vw-vhal : notifyVehicleProperty, propId = 0x214020f6, data = {status: 2, int32Values: [0]}
12-30 10:33:12.944   398   464 I vw-vhal : CanSignalsAdapter::notifyVehicleProperty: solvedValue = {.timestamp = 6928766504157, .areaId = 0, .prop = 557850870, .status = AVAILABLE, .value = {.int32Values = [1]{0}, .floatValues = [0]{}, .int64Values = [0]{}, .bytes = [0]{}, .stringValue = ""}}
12-30 10:33:12.944   398   464 I VehiclePropertyStore: begin to write value to Store: {.timestamp = 6928766504157, .areaId = 0, .prop = 557850870, .status = AVAILABLE, .value = {.int32Values = [1]{0}, .floatValues = [0]{}, .int64Values = [0]{}, .bytes = [0]{}, .stringValue = ""}}
12-30 10:33:12.944   398   464 I DefaultVehicleHal_v2_0: DefaultVehicleHal::onPropertyValue, value:{.timestamp = 6928766504157, .areaId = 0, .prop = 557850870, .status = AVAILABLE, .value = {.int32Values = [1]{0}, .floatValues = [0]{}, .int64Values = [0]{}, .bytes = [0]{}, .stringValue = ""}}
12-30 10:33:12.944   398   464 D DiagPropHandler: is not DiagnosticConfig: 0x214020f6
12-30 10:33:12.945   398   464 I VehiclePropertyStore: begin to write value to Store: {.timestamp = 6928766504157, .areaId = 0, .prop = 557850870, .status = AVAILABLE, .value = {.int32Values = [1]{0}, .floatValues = [0]{}, .int64Values = [0]{}, .bytes = [0]{}, .stringValue = ""}}
12-30 10:33:12.945   398   464 D adayocomadapter-CommunicationManager: onUpstreamReceive mPropertyId 0x214020f6
12-30 10:33:12.945   398   464 D adayocomadapter-CommunicationManager: onUpstreamReceive mPropertyId 0x214020f7
12-30 10:33:12.945   360   931 D EvsDriver: forwardFrame
12-30 10:33:12.945   398   464 D adayocomadapter-CommunicationManager: convertBytesToInt32Memcpy  0
12-30 10:33:12.945   360   931 D EvsDriver: forwardFrameDirect
12-30 10:33:12.945   398   464 I vw-vhal : notifyVehicleProperty, propId = 0x214020f7, data = {status: 2, int32Values: [0]}
12-30 10:33:12.945   398   464 I vw-vhal : CanSignalsAdapter::notifyVehicleProperty: solvedValue = {.timestamp = 6928767140157, .areaId = 0, .prop = 557850871, .status = AVAILABLE, .value = {.int32Values = [1]{0}, .floatValues = [0]{}, .int64Values = [0]{}, .bytes = [0]{}, .stringValue = ""}}
12-30 10:33:12.945   398   464 I VehiclePropertyStore: begin to write value to Store: {.timestamp = 6928767140157, .areaId = 0, .prop = 557850871, .status = AVAILABLE, .value = {.int32Values = [1]{0}, .floatValues = [0]{}, .int64Values = [0]{}, .bytes = [0]{}, .stringValue = ""}}
12-30 10:33:12.945   398   464 I DefaultVehicleHal_v2_0: DefaultVehicleHal::onPropertyValue, value:{.timestamp = 6928767140157, .areaId = 0, .prop = 557850871, .status = AVAILABLE, .value = {.int32Values = [1]{0}, .floatValues = [0]{}, .int64Values = [0]{}, .bytes = [0]{}, .stringValue = ""}}
12-30 10:33:12.945   360   931 D EvsDriver: Delivered 0xb400e2ca9e40e110 as id 0
12-30 10:33:12.945   398   464 D DiagPropHandler: is not DiagnosticConfig: 0x214020f7
12-30 10:33:12.945   359  2784 D evsmanagerd: /dev/video-evs0 forwarded the buffer #0 to 0xb400f125d2b26dd0 from 0xb400f125e2b20710
12-30 10:33:12.945   398   464 I VehiclePropertyStore: begin to write value to Store: {.timestamp = 6928767140157, .areaId = 0, .prop = 557850871, .status = AVAILABLE, .value = {.int32Values = [1]{0}, .floatValues = [0]{}, .int64Values = [0]{}, .bytes = [0]{}, .stringValue = ""}}
12-30 10:33:12.946   398   464 D adayocomadapter-CommunicationManager: onUpstreamReceive mPropertyId 0x214020f7
12-30 10:33:12.946   398   464 D adayocomadapter-CommunicationManager: onUpstreamReceive mPropertyId 0x214020f8
12-30 10:33:12.946   398   464 D adayocomadapter-CommunicationManager: convertBytesToInt32Memcpy  0
12-30 10:33:12.946   398   464 I vw-vhal : notifyVehicleProperty, propId = 0x214020f8, data = {status: 2, int32Values: [0]}
12-30 10:33:12.946   398   464 I vw-vhal : CanSignalsAdapter::notifyVehicleProperty: solvedValue = {.timestamp = 6928768179490, .areaId = 0, .prop = 557850872, .status = AVAILABLE, .value = {.int32Values = [1]{0}, .floatValues = [0]{}, .int64Values = [0]{}, .bytes = [0]{}, .stringValue = ""}}
12-30 10:33:12.946   398   464 I VehiclePropertyStore: begin to write value to Store: {.timestamp = 6928768179490, .areaId = 0, .prop = 557850872, .status = AVAILABLE, .value = {.int32Values = [1]{0}, .floatValues = [0]{}, .int64Values = [0]{}, .bytes = [0]{}, .stringValue = ""}}
12-30 10:33:12.946   398   464 I DefaultVehicleHal_v2_0: DefaultVehicleHal::onPropertyValue, value:{.timestamp = 6928768179490, .areaId = 0, .prop = 557850872, .status = AVAILABLE, .value = {.int32Values = [1]{0}, .floatValues = [0]{}, .int64Values = [0]{}, .bytes = [0]{}, .stringValue = ""}}
12-30 10:33:12.946   398   464 D DiagPropHandler: is not DiagnosticConfig: 0x214020f8
12-30 10:33:12.946   398   464 I VehiclePropertyStore: begin to write value to Store: {.timestamp = 6928768179490, .areaId = 0, .prop = 557850872, .status = AVAILABLE, .value = {.int32Values = [1]{0}, .floatValues = [0]{}, .int64Values = [0]{}, .bytes = [0]{}, .stringValue = ""}}
12-30 10:33:12.946   398   464 D adayocomadapter-CommunicationManager: onUpstreamReceive mPropertyId 0x214020f8
12-30 10:33:12.946   398   464 D adayocomadapter-CommunicationManager: onUpstreamReceive mPropertyId 0x214020f9
12-30 10:33:12.946   398   464 D adayocomadapter-CommunicationManager: convertBytesToInt32Memcpy  0
12-30 10:33:12.946   398   464 I vw-vhal : notifyVehicleProperty, propId = 0x214020f9, data = {status: 2, int32Values: [0]}
12-30 10:33:12.947   398   464 I vw-vhal : CanSignalsAdapter::notifyVehicleProperty: solvedValue = {.timestamp = 6928768867490, .areaId = 0, .prop = 557850873, .status = AVAILABLE, .value = {.int32Values = [1]{0}, .floatValues = [0]{}, .int64Values = [0]{}, .bytes = [0]{}, .stringValue = ""}}
12-30 10:33:12.947   398   464 I VehiclePropertyStore: begin to write value to Store: {.timestamp = 6928768867490, .areaId = 0, .prop = 557850873, .status = AVAILABLE, .value = {.int32Values = [1]{0}, .floatValues = [0]{}, .int64Values = [0]{}, .bytes = [0]{}, .stringValue = ""}}
12-30 10:33:12.947   398   464 I DefaultVehicleHal_v2_0: DefaultVehicleHal::onPropertyValue, value:{.timestamp = 6928768867490, .areaId = 0, .prop = 557850873, .status = AVAILABLE, .value = {.int32Values = [1]{0}, .floatValues = [0]{}, .int64Values = [0]{}, .bytes = [0]{}, .stringValue = ""}}
12-30 10:33:12.947   398   464 D DiagPropHandler: is not DiagnosticConfig: 0x214020f9
12-30 10:33:12.947   398   464 I VehiclePropertyStore: begin to write value to Store: {.timestamp = 6928768867490, .areaId = 0, .prop = 557850873, .status = AVAILABLE, .value = {.int32Values = [1]{0}, .floatValues = [0]{}, .int64Values = [0]{}, .bytes = [0]{}, .stringValue = ""}}
12-30 10:33:12.947   398   464 D adayocomadapter-CommunicationManager: onUpstreamReceive mPropertyId 0x214020f9
12-30 10:33:12.949  2358  2623 D RcfController: Rcf proxy is not connected!
12-30 10:33:12.953   360   458 D EvsDriver: doneWithFrame
12-30 10:33:12.966   798   838 I adbd    : opening control endpoint /dev/usb-ffs/adb/ep0
12-30 10:33:12.966   596  3076 E WifiHAL : Invalid data received from driver
12-30 10:33:12.967   798   838 I adbd    : UsbFfsConnection constructed
12-30 10:33:12.968   798 25831 I adbd    : UsbFfs-monitor thread spawned
01-01 09:55:29.976   838   838 I         : read descriptors
12-30 10:33:12.978   360   931 D EvsDriver: forwardFrame
12-30 10:33:12.978   360   931 D EvsDriver: forwardFrameDirect
12-30 10:33:12.978   360   931 D EvsDriver: Delivered 0xb400e2ca9e40c7a0 as id 1
12-30 10:33:12.979   359  2784 D evsmanagerd: /dev/video-evs0 forwarded the buffer #1 to 0xb400f125d2b26dd0 from 0xb400f125e2b20710
12-30 10:33:12.983   360   458 D EvsDriver: doneWithFrame
12-30 10:33:12.984  1667  2410 I media_message_log->MediaMessageUserProxy: (SourceFile:1)b connectToService action bind
12-30 10:33:12.986   916  3726 W ActivityManager: Unable to start service Intent { cmp=com.adayo.server.mediamessagetransfer/.MediaMessTransferService (has extras) } U=0: not found
12-30 10:33:12.986  1667  2410 E media_message_log->MediaMessageUserProxy: (SourceFile:7)a bindServiceAsUser isBound = false
12-30 10:33:12.999  2358  2623 D RcfController: Rcf proxy is not connected!
12-30 10:33:13.011   360   931 D EvsDriver: forwardFrame
12-30 10:33:13.011   360   931 D EvsDriver: forwardFrameDirect
12-30 10:33:13.012   360   931 D EvsDriver: Delivered 0xb400e2ca9e40e270 as id 0
12-30 10:33:13.012   359  2784 D evsmanagerd: /dev/video-evs0 forwarded the buffer #0 to 0xb400f125d2b26dd0 from 0xb400f125e2b20710
12-30 10:33:13.013   596  3076 E WifiHAL : Invalid data received from driver
12-30 10:33:13.014   360   458 D EvsDriver: doneWithFrame
12-30 10:33:13.034   650   729 D fgemcucomm: sd Uart data : 6AA602D85A0002920236
12-30 10:33:13.035   650   729 D fgemcucomm: rev uart=57292,len=65, data : 6AA681D85A003992020017000000000000000000000000000000000000000000000000000000000000000000000000000000000000000000000000000000000069
12-30 10:33:13.035   398  2883 D adayocomadapter-ParseProtocolFunc: printRaWMsg Name[MCUToUPstream recv] len[57] data[920200170000000000000000000000000000000000000000000000000000000000000000000000000000000000000000000000000000000000]
12-30 10:33:13.035   398  2883 D adayocomadapter-CommunicationManager: onUpstreamback   member[0] dataLength[54] timePoint[6928857]
12-30 10:33:13.035   398  2883 D adayocomadapter-ParseProtocolFunc: printRaWMsg Name[onUpstreamback] len[54] data[170000000000000000000000000000000000000000000000000000000000000000000000000000000000000000000000000000000000]
12-30 10:33:13.035   398   464 D adayocomadapter-UpstreamHandler: processBeforePacket upSreamtProcessTimePoint[6928857] 
12-30 10:33:13.035   398   464 D adayocomadapter-UpstreamHandler: processPacket UPSTREAM_QUEUE_DATA_TIMEOUT
12-30 10:33:13.035   398   464 D adayocomadapter-ParseProtocolFunc: parseCommonIPCLBytes Processing tableNumber[23]
12-30 10:33:13.035   398   464 D adayocomadapter-ParseProtocolFunc: parseCommonIPCLBytes Processing tablename[Table-23] tableSize[54]
12-30 10:33:13.035   398   464 D adayocomadapter-ParseProtocolFunc: printRaWMsg Name[byteStream recv] len[54] data[170000000000000000000000000000000000000000000000000000000000000000000000000000000000000000000000000000000000]
12-30 10:33:13.035   398   464 D adayocomadapter-ParseProtocolFunc: printRaWMsg Name[IPCLtoVHAL] len[6] data[214021020000]
12-30 10:33:13.036   398   464 D adayocomadapter-ParseProtocolFunc: printRaWMsg Name[IPCLtoVHAL] len[6] data[214021100000]
12-30 10:33:13.036   398   464 D adayocomadapter-ParseProtocolFunc: printRaWMsg Name[IPCLtoVHAL] len[6] data[214020E20000]
12-30 10:33:13.036   398   464 D adayocomadapter-ParseProtocolFunc: printRaWMsg Name[IPCLtoVHAL] len[7] data[21402043000000]
12-30 10:33:13.036   398   464 D adayocomadapter-ParseProtocolFunc: printRaWMsg Name[IPCLtoVHAL] len[9] data[214020370000000000]
12-30 10:33:13.036   398   464 D adayocomadapter-ParseProtocolFunc: printRaWMsg Name[IPCLtoVHAL] len[6] data[214020EE0000]
12-30 10:33:13.036   398   464 D adayocomadapter-ParseProtocolFunc: printRaWMsg Name[IPCLtoVHAL] len[6] data[214021330000]
12-30 10:33:13.036   398   464 D adayocomadapter-ParseProtocolFunc: printRaWMsg Name[IPCLtoVHAL] len[6] data[2140210F0000]
12-30 10:33:13.036   398   464 D adayocomadapter-ParseProtocolFunc: printRaWMsg Name[IPCLtoVHAL] len[6] data[214020F00000]
12-30 10:33:13.036   398   464 D adayocomadapter-ParseProtocolFunc: printRaWMsg Name[IPCLtoVHAL] len[6] data[214020C10000]
12-30 10:33:13.036   398   464 D adayocomadapter-ParseProtocolFunc: printRaWMsg Name[IPCLtoVHAL] len[6] data[2140211F0000]
12-30 10:33:13.036   398   464 D adayocomadapter-ParseProtocolFunc: printRaWMsg Name[IPCLtoVHAL] len[6] data[214020940000]
12-30 10:33:13.036   398   464 D adayocomadapter-ParseProtocolFunc: printRaWMsg Name[IPCLtoVHAL] len[9] data[214020360000000000]
12-30 10:33:13.036   398   464 D adayocomadapter-ParseProtocolFunc: printRaWMsg Name[IPCLtoVHAL] len[6] data[214020C30000]
12-30 10:33:13.036   398   464 D adayocomadapter-ParseProtocolFunc: printRaWMsg Name[IPCLtoVHAL] len[6] data[214021140000]
12-30 10:33:13.036   398   464 D adayocomadapter-ParseProtocolFunc: printRaWMsg Name[IPCLtoVHAL] len[6] data[214020B60000]
12-30 10:33:13.036   398   464 D adayocomadapter-ParseProtocolFunc: printRaWMsg Name[IPCLtoVHAL] len[6] data[214021150000]
12-30 10:33:13.036   398   464 D adayocomadapter-ParseProtocolFunc: printRaWMsg Name[IPCLtoVHAL] len[6] data[2140211A0000]
12-30 10:33:13.037   398   464 D adayocomadapter-ParseProtocolFunc: printRaWMsg Name[IPCLtoVHAL] len[9] data[2140204B0000000000]
12-30 10:33:13.037   398   464 D adayocomadapter-ParseProtocolFunc: printRaWMsg Name[IPCLtoVHAL] len[6] data[2140211B0000]
12-30 10:33:13.037   398   464 D adayocomadapter-ParseProtocolFunc: printRaWMsg Name[IPCLtoVHAL] len[9] data[2140203B0000000000]
12-30 10:33:13.037   398   464 D adayocomadapter-ParseProtocolFunc: printRaWMsg Name[IPCLtoVHAL] len[7] data[2140203F000000]
12-30 10:33:13.037   398   464 D adayocomadapter-ParseProtocolFunc: printRaWMsg Name[IPCLtoVHAL] len[7] data[2140203A000000]
12-30 10:33:13.037   398   464 D adayocomadapter-ParseProtocolFunc: printRaWMsg Name[IPCLtoVHAL] len[7] data[2140203E000000]
12-30 10:33:13.037   398   464 D adayocomadapter-ParseProtocolFunc: printRaWMsg Name[IPCLtoVHAL] len[7] data[21402042000000]
12-30 10:33:13.037   398   464 D adayocomadapter-ParseProtocolFunc: printRaWMsg Name[IPCLtoVHAL] len[7] data[21402039000000]
12-30 10:33:13.037   398   464 D adayocomadapter-ParseProtocolFunc: printRaWMsg Name[IPCLtoVHAL] len[7] data[2140203D000000]
12-30 10:33:13.037   398   464 D adayocomadapter-ParseProtocolFunc: printRaWMsg Name[IPCLtoVHAL] len[7] data[21402041000000]
12-30 10:33:13.037   398   464 D adayocomadapter-ParseProtocolFunc: printRaWMsg Name[IPCLtoVHAL] len[7] data[21402045000000]
12-30 10:33:13.037   398   464 D adayocomadapter-ParseProtocolFunc: printRaWMsg Name[IPCLtoVHAL] len[7] data[2140204D000000]
12-30 10:33:13.037   398   464 D adayocomadapter-ParseProtocolFunc: printRaWMsg Name[IPCLtoVHAL] len[6] data[2140220B0000]
12-30 10:33:13.037   398   464 D adayocomadapter-CommunicationManager: onUpstreamReceive mPropertyId 0x21402102
12-30 10:33:13.037   398   464 D adayocomadapter-CommunicationManager: convertBytesToInt32Memcpy  0
12-30 10:33:13.037   398   464 I vw-vhal : notifyVehicleProperty, propId = 0x21402102, data = {status: 2, int32Values: [0]}
12-30 10:33:13.038   398   464 I vw-vhal : CanSignalsAdapter::notifyVehicleProperty: solvedValue = {.timestamp = 6928859824490, .areaId = 0, .prop = 557850882, .status = AVAILABLE, .value = {.int32Values = [1]{0}, .floatValues = [0]{}, .int64Values = [0]{}, .bytes = [0]{}, .stringValue = ""}}
12-30 10:33:13.038   398   464 I VehiclePropertyStore: begin to write value to Store: {.timestamp = 6928859824490, .areaId = 0, .prop = 557850882, .status = AVAILABLE, .value = {.int32Values = [1]{0}, .floatValues = [0]{}, .int64Values = [0]{}, .bytes = [0]{}, .stringValue = ""}}
12-30 10:33:13.038   398   464 I DefaultVehicleHal_v2_0: DefaultVehicleHal::onPropertyValue, value:{.timestamp = 6928859824490, .areaId = 0, .prop = 557850882, .status = AVAILABLE, .value = {.int32Values = [1]{0}, .floatValues = [0]{}, .int64Values = [0]{}, .bytes = [0]{}, .stringValue = ""}}
12-30 10:33:13.038   398   464 D DiagPropHandler: is not DiagnosticConfig: 0x21402102
12-30 10:33:13.038   398   464 I VehiclePropertyStore: begin to write value to Store: {.timestamp = 6928859824490, .areaId = 0, .prop = 557850882, .status = AVAILABLE, .value = {.int32Values = [1]{0}, .floatValues = [0]{}, .int64Values = [0]{}, .bytes = [0]{}, .stringValue = ""}}
12-30 10:33:13.038   398   464 D adayocomadapter-CommunicationManager: onUpstreamReceive mPropertyId 0x21402102
12-30 10:33:13.038   398   464 D adayocomadapter-CommunicationManager: onUpstreamReceive mPropertyId 0x21402110
12-30 10:33:13.038   398   464 D adayocomadapter-CommunicationManager: convertBytesToInt32Memcpy  0
12-30 10:33:13.038   398   464 I vw-vhal : notifyVehicleProperty, propId = 0x21402110, data = {status: 2, int32Values: [0]}
12-30 10:33:13.038   398   464 I vw-vhal : CanSignalsAdapter::notifyVehicleProperty: solvedValue = {.timestamp = 6928860547824, .areaId = 0, .prop = 557850896, .status = AVAILABLE, .value = {.int32Values = [1]{0}, .floatValues = [0]{}, .int64Values = [0]{}, .bytes = [0]{}, .stringValue = ""}}
12-30 10:33:13.038   398   464 I VehiclePropertyStore: begin to write value to Store: {.timestamp = 6928860547824, .areaId = 0, .prop = 557850896, .status = AVAILABLE, .value = {.int32Values = [1]{0}, .floatValues = [0]{}, .int64Values = [0]{}, .bytes = [0]{}, .stringValue = ""}}
12-30 10:33:13.038   398   464 I DefaultVehicleHal_v2_0: DefaultVehicleHal::onPropertyValue, value:{.timestamp = 6928860547824, .areaId = 0, .prop = 557850896, .status = AVAILABLE, .value = {.int32Values = [1]{0}, .floatValues = [0]{}, .int64Values = [0]{}, .bytes = [0]{}, .stringValue = ""}}
12-30 10:33:13.038   398   464 D DiagPropHandler: is not DiagnosticConfig: 0x21402110
12-30 10:33:13.039   398   464 I VehiclePropertyStore: begin to write value to Store: {.timestamp = 6928860547824, .areaId = 0, .prop = 557850896, .status = AVAILABLE, .value = {.int32Values = [1]{0}, .floatValues = [0]{}, .int64Values = [0]{}, .bytes = [0]{}, .stringValue = ""}}
12-30 10:33:13.039   398   464 D adayocomadapter-CommunicationManager: onUpstreamReceive mPropertyId 0x21402110
12-30 10:33:13.039   398   464 D adayocomadapter-CommunicationManager: onUpstreamReceive mPropertyId 0x214020e2
12-30 10:33:13.039   398   464 D adayocomadapter-CommunicationManager: convertBytesToInt32Memcpy  0
12-30 10:33:13.039   398   464 I vw-vhal : notifyVehicleProperty, propId = 0x214020e2, data = {status: 2, int32Values: [0]}
12-30 10:33:13.039   398   464 I vw-vhal : CanSignalsAdapter::notifyVehicleProperty: solvedValue = {.timestamp = 6928861185490, .areaId = 0, .prop = 557850850, .status = AVAILABLE, .value = {.int32Values = [1]{0}, .floatValues = [0]{}, .int64Values = [0]{}, .bytes = [0]{}, .stringValue = ""}}
