12-30 10:33:16.245   360   931 D EvsDriver: forwardFrame
12-30 10:33:16.245   360   931 D EvsDriver: forwardFrameDirect
12-30 10:33:16.245   360   931 D EvsDriver: Delivered 0xb400e2ca9e40d4b0 as id 1
12-30 10:33:16.245   359  2784 D evsmanagerd: /dev/video-evs0 forwarded the buffer #1 to 0xb400f125d2b26dd0 from 0xb400f125e2b20710
12-30 10:33:16.247   398   464 D adayocomadapter-ParseProtocolFunc: printRaWMsg Name[IPCLtoVHAL] len[8520] data[214145020121414502000000000000000000000000016000000000F08F000000000000000021402241000000000000000000000000016000000000C2F2000000000000000021402254000000000000000000000000014000000000BB3F0000000000000000000000000000000000000000000000000140000000008942000000000000000000000000000000000000000000000000014000000000DFC5000000000000000000000000000000000000000000000000014000000000EDB8000000000000000000000000000000000000000000000000014000000000FD51000000000000000000000000000000000000000000000000014000000000CF2C00000000000000000000000000000000000000000000000001400000000099AB000000000000000000000000000000000000000000000000014000000000ABD600000000000000000000000000000000000000000000000001400000000034A500000000000000000000000000000000000000000000000001400000000006D8000000000000000000000000000000000000000000000000014000000000505F00000000000000000000000000000000000000000000000001400000000062220000000000000000000000000000000000000000000000000140000000006DFE0000000000000000000000000
12-30 10:33:16.247   398   464 D adayocomadapter-CommunicationManager: onUpstreamReceive mPropertyId 0x21414502
12-30 10:33:16.247   398   464 D adayocomadapter-CommunicationManager: writeValue id=[557925634]
12-30 10:33:16.247   398   464 D adayocomadapter-VehiclePropertyStore: writeValue id=[557925634]
12-30 10:33:16.250   360   458 D EvsDriver: doneWithFrame
12-30 10:33:16.257   596  3076 E WifiHAL : Invalid data received from driver
12-30 10:33:16.257  3066  3066 D hostapd : nl80211: BSS Event 59 (NL80211_CMD_FRAME) received for wlan1
12-30 10:33:16.257  3066  3066 D hostapd : nl80211: RX frame da=ff:ff:ff:ff:ff:ff sa=ee:74:72:d7:de:af bssid=ee:74:72:d7:de:af freq=5745 ssi_signal=-9100 fc=0xd0 seq_ctrl=0x56c0 stype=13 (WLAN_FC_STYPE_ACTION) len=42
12-30 10:33:16.258  3066  3066 D hostapd : wlan1: Event RX_MGMT (18) received
12-30 10:33:16.258  3066  3066 D hostapd : Receive wpa msg : Event RX_MGMT (18) received
12-30 10:33:16.266  2358  2623 D RcfController: Rcf proxy is not connected!
12-30 10:33:16.275   398   464 I vw-vhal : notifyVehicleProperty, propId = 0x21414502, data = {status: 2, int32Values: [33, 65, 69, 2, 0, 0, 0, 0, 0, 0, 0, 0, 0, 0, 0, 0, 1, 96, 0, 0, 0, 0, 240, 143, 0, 0, 0, 0, 0, 0, 0, 0, 33, 64, 34, 65, 0, 0, 0, 0, 0, 0, 0, 0, 0, 0, 0, 0, 1, 96, 0, 0, 0, 0, 194, 242, 0, 0, 0, 0, 0, 0, 0, 0, 33, 64, 34, 84, 0, 0, 0, 0, 0, 0, 0, 0, 0, 0, 0, 0, 1, 64, 0, 0, 0, 0, 187, 63, 0, 0, 0, 0, 0, 0, 0, 0, 0, 0, 0, 0, 0, 0, 0, 0, 0, 0, 0, 0, 0, 0, 0, 0, 1, 64, 0, 0, 0, 0, 137, 66, 0, 0, 0, 0, 0, 0, 0, 0, 0, 0, 0, 0, 0, 0, 0, 0, 0, 0, 0, 0, 0, 0, 0, 0, 1, 64, 0, 0, 0, 0, 223, 197, 0, 0, 0, 0, 0, 0, 0, 0, 0, 0, 0, 0, 0, 0, 0, 0, 0, 0, 0, 0, 0, 0, 0, 0, 1, 64, 0, 0, 0, 0, 237, 184, 0, 0, 0, 0, 0, 0, 0, 0, 0, 0, 0, 0, 0, 0, 0, 0, 0, 0, 0, 0, 0, 0, 0, 0, 1, 64, 0, 0, 0, 0, 253, 81, 0, 0, 0, 0, 0, 0, 0, 0, 0, 0, 0, 0, 0, 0, 0, 0, 0, 0, 0, 0, 0, 0, 0, 0, 1, 64, 0, 0, 0, 0, 207, 44, 0, 0, 0, 0, 0, 0, 0, 0, 0, 0, 0, 0, 0, 0, 0, 0, 0, 0, 0, 0, 0, 0, 0, 0, 1, 64, 0, 0, 0, 0, 153, 171, 0, 0, 0, 0, 0, 0, 0, 0, 0, 0, 0, 0, 0, 0, 0, 0, 0, 0, 
12-30 10:33:16.278   360   931 D EvsDriver: forwardFrame
12-30 10:33:16.278  3066  3066 D hostapd : nl80211: BSS Event 59 (NL80211_CMD_FRAME) received for wlan1
12-30 10:33:16.278   596  3076 E WifiHAL : Invalid data received from driver
12-30 10:33:16.278   360   931 D EvsDriver: forwardFrameDirect
12-30 10:33:16.278  3066  3066 D hostapd : nl80211: RX frame da=ff:ff:ff:ff:ff:ff sa=ee:74:72:d7:de:af bssid=ee:74:72:d7:de:af freq=5745 ssi_signal=-9200 fc=0xd0 seq_ctrl=0x56d0 stype=13 (WLAN_FC_STYPE_ACTION) len=42
12-30 10:33:16.278  3066  3066 D hostapd : wlan1: Event RX_MGMT (18) received
12-30 10:33:16.278  3066  3066 D hostapd : Receive wpa msg : Event RX_MGMT (18) received
12-30 10:33:16.278   360   931 D EvsDriver: Delivered 0xb400e2ca9e40c2d0 as id 0
12-30 10:33:16.278   359  2784 D evsmanagerd: /dev/video-evs0 forwarded the buffer #0 to 0xb400f125d2b26dd0 from 0xb400f125e2b20710
12-30 10:33:16.281   360   458 D EvsDriver: doneWithFrame
12-30 10:33:16.302   398   464 I vw-vhal : CanSignalsAdapter::notifyDiagProperty: propId = 0x21414502, data = {status: 2, int32Values: [33, 65, 69, 2, 0, 0, 0, 0, 0, 0, 0, 0, 0, 0, 0, 0, 1, 96, 0, 0, 0, 0, 240, 143, 0, 0, 0, 0, 0, 0, 0, 0, 33, 64, 34, 65, 0, 0, 0, 0, 0, 0, 0, 0, 0, 0, 0, 0, 1, 96, 0, 0, 0, 0, 194, 242, 0, 0, 0, 0, 0, 0, 0, 0, 33, 64, 34, 84, 0, 0, 0, 0, 0, 0, 0, 0, 0, 0, 0, 0, 1, 64, 0, 0, 0, 0, 187, 63, 0, 0, 0, 0, 0, 0, 0, 0, 0, 0, 0, 0, 0, 0, 0, 0, 0, 0, 0, 0, 0, 0, 0, 0, 1, 64, 0, 0, 0, 0, 137, 66, 0, 0, 0, 0, 0, 0, 0, 0, 0, 0, 0, 0, 0, 0, 0, 0, 0, 0, 0, 0, 0, 0, 0, 0, 1, 64, 0, 0, 0, 0, 223, 197, 0, 0, 0, 0, 0, 0, 0, 0, 0, 0, 0, 0, 0, 0, 0, 0, 0, 0, 0, 0, 0, 0, 0, 0, 1, 64, 0, 0, 0, 0, 237, 184, 0, 0, 0, 0, 0, 0, 0, 0, 0, 0, 0, 0, 0, 0, 0, 0, 0, 0, 0, 0, 0, 0, 0, 0, 1, 64, 0, 0, 0, 0, 253, 81, 0, 0, 0, 0, 0, 0, 0, 0, 0, 0, 0, 0, 0, 0, 0, 0, 0, 0, 0, 0, 0, 0, 0, 0, 1, 64, 0, 0, 0, 0, 207, 44, 0, 0, 0, 0, 0, 0, 0, 0, 0, 0, 0, 0, 0, 0, 0, 0, 0, 0, 0, 0, 0, 0, 0, 0, 1, 64, 0, 0, 0, 0, 153, 171, 0, 0, 0, 0, 0, 0, 0, 0, 0, 0, 0, 0, 0,
12-30 10:33:16.311   360   931 D EvsDriver: forwardFrame
12-30 10:33:16.311   360   931 D EvsDriver: forwardFrameDirect
12-30 10:33:16.311  2475  2681 I TtsServiceAgent: check thread start checking, threadId = 29
12-30 10:33:16.312  2475  2681 D TtsServiceAgent: start bind service...
12-30 10:33:16.312   360   931 D EvsDriver: Delivered 0xb400e2ca9e40d090 as id 1
12-30 10:33:16.312  2475  2681 D TtsServiceAgent: ----->initService, usage = 16
12-30 10:33:16.312   359  2784 D evsmanagerd: /dev/video-evs0 forwarded the buffer #1 to 0xb400f125d2b26dd0 from 0xb400f125e2b20710
12-30 10:33:16.312  2475  2681 W ContextImpl: Calling a method in the system process without a qualified user: android.app.ContextImpl.bindService:1988 android.content.ContextWrapper.bindService:861 com.iflytek.autofly.ttsaidl.ttsproxy.TtsServiceAgent.initService:189 com.iflytek.autofly.ttsaidl.ttsproxy.TtsServiceAgent.initService:133 com.iflytek.autofly.ttsaidl.ttsproxy.TtsServiceAgent$2.run:517 
12-30 10:33:16.313   916  3726 W ActivityManager: Unable to start service Intent { act=com.iflytek.autofly.tts.ttsservice.TtsAdapterService cmp=com.iflytek.cutefly.speechclient.hmi/com.iflytek.autofly.tts.ttsservice.TtsAdapterService } U=0: not found
12-30 10:33:16.313  2475  2681 D TtsServiceAgent: bindService: false
12-30 10:33:16.313  2475  2681 D TtsServiceAgent: start reInitService
12-30 10:33:16.313  2475  2681 D TtsServiceAgent: aidlCheckThreadRunning = true
12-30 10:33:16.313  2475  2681 D TtsServiceAgent: ----->check connection status in 1000s...
12-30 10:33:16.316  2358  2623 D RcfController: Rcf proxy is not connected!
12-30 10:33:16.317   398   464 I vw-vhal : CanSignalsAdapter::notifyVehicleProperty: solvedValue = {.timestamp = 6932125010491, .areaId = 0, .prop = 557925634, .status = AVAILABLE, .value = {.int32Values = [8515]{33, 65, 69, 2, 0, 0, 0, 0, 0, 0, 0, 0, 0, 0, 0, 0, 1, 96, 0, 0, 0, 0, 240, 143, 0, 0, 0, 0, 0, 0, 0, 0, 33, 64, 34, 65, 0, 0, 0, 0, 0, 0, 0, 0, 0, 0, 0, 0, 1, 96, 0, 0, 0, 0, 194, 242, 0, 0, 0, 0, 0, 0, 0, 0, 33, 64, 34, 84, 0, 0, 0, 0, 0, 0, 0, 0, 0, 0, 0, 0, 1, 64, 0, 0, 0, 0, 187, 63, 0, 0, 0, 0, 0, 0, 0, 0, 0, 0, 0, 0, 0, 0, 0, 0, 0, 0, 0, 0, 0, 0, 0, 0, 1, 64, 0, 0, 0, 0, 137, 66, 0, 0, 0, 0, 0, 0, 0, 0, 0, 0, 0, 0, 0, 0, 0, 0, 0, 0, 0, 0, 0, 0, 0, 0, 1, 64, 0, 0, 0, 0, 223, 197, 0, 0, 0, 0, 0, 0, 0, 0, 0, 0, 0, 0, 0, 0, 0, 0, 0, 0, 0, 0, 0, 0, 0, 0, 1, 64, 0, 0, 0, 0, 237, 184, 0, 0, 0, 0, 0, 0, 0, 0, 0, 0, 0, 0, 0, 0, 0, 0, 0, 0, 0, 0, 0, 0, 0, 0, 1, 64, 0, 0, 0, 0, 253, 81, 0, 0, 0, 0, 0, 0, 0, 0, 0, 0, 0, 0, 0, 0, 0, 0, 0, 0, 0, 0, 0, 0, 0, 0, 1, 64, 0, 0, 0, 0, 207, 44, 0, 0, 0, 0, 0, 0, 0, 0, 0, 0, 0, 0, 0, 0, 0, 0, 0, 0, 0, 0, 0,
12-30 10:33:16.321   360   458 D EvsDriver: doneWithFrame
12-30 10:33:16.328   398   464 I VehiclePropertyStore: begin to write value to Store: {.timestamp = 6932125010491, .areaId = 0, .prop = 557925634, .status = AVAILABLE, .value = {.int32Values = [8515]{33, 65, 69, 2, 0, 0, 0, 0, 0, 0, 0, 0, 0, 0, 0, 0, 1, 96, 0, 0, 0, 0, 240, 143, 0, 0, 0, 0, 0, 0, 0, 0, 33, 64, 34, 65, 0, 0, 0, 0, 0, 0, 0, 0, 0, 0, 0, 0, 1, 96, 0, 0, 0, 0, 194, 242, 0, 0, 0, 0, 0, 0, 0, 0, 33, 64, 34, 84, 0, 0, 0, 0, 0, 0, 0, 0, 0, 0, 0, 0, 1, 64, 0, 0, 0, 0, 187, 63, 0, 0, 0, 0, 0, 0, 0, 0, 0, 0, 0, 0, 0, 0, 0, 0, 0, 0, 0, 0, 0, 0, 0, 0, 1, 64, 0, 0, 0, 0, 137, 66, 0, 0, 0, 0, 0, 0, 0, 0, 0, 0, 0, 0, 0, 0, 0, 0, 0, 0, 0, 0, 0, 0, 0, 0, 1, 64, 0, 0, 0, 0, 223, 197, 0, 0, 0, 0, 0, 0, 0, 0, 0, 0, 0, 0, 0, 0, 0, 0, 0, 0, 0, 0, 0, 0, 0, 0, 1, 64, 0, 0, 0, 0, 237, 184, 0, 0, 0, 0, 0, 0, 0, 0, 0, 0, 0, 0, 0, 0, 0, 0, 0, 0, 0, 0, 0, 0, 0, 0, 1, 64, 0, 0, 0, 0, 253, 81, 0, 0, 0, 0, 0, 0, 0, 0, 0, 0, 0, 0, 0, 0, 0, 0, 0, 0, 0, 0, 0, 0, 0, 0, 1, 64, 0, 0, 0, 0, 207, 44, 0, 0, 0, 0, 0, 0, 0, 0, 0, 0, 0, 0, 0, 0, 0, 0, 0, 0, 0, 0, 0, 0, 0, 0, 1, 64, 0, 0, 0,
12-30 10:33:16.330  3066  3066 D hostapd : nl80211: BSS Event 59 (NL80211_CMD_FRAME) received for wlan1
12-30 10:33:16.330  3066  3066 D hostapd : nl80211: RX frame da=ff:ff:ff:ff:ff:ff sa=ee:74:72:d7:de:af bssid=ee:74:72:d7:de:af freq=5745 ssi_signal=-9200 fc=0xd0 seq_ctrl=0x5730 stype=13 (WLAN_FC_STYPE_ACTION) len=42
12-30 10:33:16.330  3066  3066 D hostapd : wlan1: Event RX_MGMT (18) received
12-30 10:33:16.330  3066  3066 D hostapd : Receive wpa msg : Event RX_MGMT (18) received
12-30 10:33:16.336   398   464 I VehiclePropertyStore: Prop wirte value to Store success: {.timestamp = 6932125010491, .areaId = 0, .prop = 557925634, .status = AVAILABLE, .value = {.int32Values = [8515]{33, 65, 69, 2, 0, 0, 0, 0, 0, 0, 0, 0, 0, 0, 0, 0, 1, 96, 0, 0, 0, 0, 240, 143, 0, 0, 0, 0, 0, 0, 0, 0, 33, 64, 34, 65, 0, 0, 0, 0, 0, 0, 0, 0, 0, 0, 0, 0, 1, 96, 0, 0, 0, 0, 194, 242, 0, 0, 0, 0, 0, 0, 0, 0, 33, 64, 34, 84, 0, 0, 0, 0, 0, 0, 0, 0, 0, 0, 0, 0, 1, 64, 0, 0, 0, 0, 187, 63, 0, 0, 0, 0, 0, 0, 0, 0, 0, 0, 0, 0, 0, 0, 0, 0, 0, 0, 0, 0, 0, 0, 0, 0, 1, 64, 0, 0, 0, 0, 137, 66, 0, 0, 0, 0, 0, 0, 0, 0, 0, 0, 0, 0, 0, 0, 0, 0, 0, 0, 0, 0, 0, 0, 0, 0, 1, 64, 0, 0, 0, 0, 223, 197, 0, 0, 0, 0, 0, 0, 0, 0, 0, 0, 0, 0, 0, 0, 0, 0, 0, 0, 0, 0, 0, 0, 0, 0, 1, 64, 0, 0, 0, 0, 237, 184, 0, 0, 0, 0, 0, 0, 0, 0, 0, 0, 0, 0, 0, 0, 0, 0, 0, 0, 0, 0, 0, 0, 0, 0, 1, 64, 0, 0, 0, 0, 253, 81, 0, 0, 0, 0, 0, 0, 0, 0, 0, 0, 0, 0, 0, 0, 0, 0, 0, 0, 0, 0, 0, 0, 0, 0, 1, 64, 0, 0, 0, 0, 207, 44, 0, 0, 0, 0, 0, 0, 0, 0, 0, 0, 0, 0, 0, 0, 0, 0, 0, 0, 0, 0, 0, 0, 0, 0, 1, 64, 0, 0
12-30 10:33:16.343   398   464 I DefaultVehicleHal_v2_0: DefaultVehicleHal::onPropertyValue, value:{.timestamp = 6932125010491, .areaId = 0, .prop = 557925634, .status = AVAILABLE, .value = {.int32Values = [8515]{33, 65, 69, 2, 0, 0, 0, 0, 0, 0, 0, 0, 0, 0, 0, 0, 1, 96, 0, 0, 0, 0, 240, 143, 0, 0, 0, 0, 0, 0, 0, 0, 33, 64, 34, 65, 0, 0, 0, 0, 0, 0, 0, 0, 0, 0, 0, 0, 1, 96, 0, 0, 0, 0, 194, 242, 0, 0, 0, 0, 0, 0, 0, 0, 33, 64, 34, 84, 0, 0, 0, 0, 0, 0, 0, 0, 0, 0, 0, 0, 1, 64, 0, 0, 0, 0, 187, 63, 0, 0, 0, 0, 0, 0, 0, 0, 0, 0, 0, 0, 0, 0, 0, 0, 0, 0, 0, 0, 0, 0, 0, 0, 1, 64, 0, 0, 0, 0, 137, 66, 0, 0, 0, 0, 0, 0, 0, 0, 0, 0, 0, 0, 0, 0, 0, 0, 0, 0, 0, 0, 0, 0, 0, 0, 1, 64, 0, 0, 0, 0, 223, 197, 0, 0, 0, 0, 0, 0, 0, 0, 0, 0, 0, 0, 0, 0, 0, 0, 0, 0, 0, 0, 0, 0, 0, 0, 1, 64, 0, 0, 0, 0, 237, 184, 0, 0, 0, 0, 0, 0, 0, 0, 0, 0, 0, 0, 0, 0, 0, 0, 0, 0, 0, 0, 0, 0, 0, 0, 1, 64, 0, 0, 0, 0, 253, 81, 0, 0, 0, 0, 0, 0, 0, 0, 0, 0, 0, 0, 0, 0, 0, 0, 0, 0, 0, 0, 0, 0, 0, 0, 1, 64, 0, 0, 0, 0, 207, 44, 0, 0, 0, 0, 0, 0, 0, 0, 0, 0, 0, 0, 0, 0, 0, 0, 0, 0, 0, 0, 0, 0, 0, 0, 1, 6
12-30 10:33:16.343   398   464 D DiagPropHandler: is not DiagnosticConfig: 0x21414502
12-30 10:33:16.344   360   931 D EvsDriver: forwardFrame
12-30 10:33:16.345   360   931 D EvsDriver: forwardFrameDirect
12-30 10:33:16.345   360   931 D EvsDriver: Delivered 0xb400e2ca9e40e110 as id 0
12-30 10:33:16.345   359  2784 D evsmanagerd: /dev/video-evs0 forwarded the buffer #0 to 0xb400f125d2b26dd0 from 0xb400f125e2b20710
12-30 10:33:16.345   596  3076 E WifiHAL : Invalid data received from driver
12-30 10:33:16.350   398   464 I VehiclePropertyStore: begin to write value to Store: {.timestamp = 6932125010491, .areaId = 0, .prop = 557925634, .status = AVAILABLE, .value = {.int32Values = [8515]{33, 65, 69, 2, 0, 0, 0, 0, 0, 0, 0, 0, 0, 0, 0, 0, 1, 96, 0, 0, 0, 0, 240, 143, 0, 0, 0, 0, 0, 0, 0, 0, 33, 64, 34, 65, 0, 0, 0, 0, 0, 0, 0, 0, 0, 0, 0, 0, 1, 96, 0, 0, 0, 0, 194, 242, 0, 0, 0, 0, 0, 0, 0, 0, 33, 64, 34, 84, 0, 0, 0, 0, 0, 0, 0, 0, 0, 0, 0, 0, 1, 64, 0, 0, 0, 0, 187, 63, 0, 0, 0, 0, 0, 0, 0, 0, 0, 0, 0, 0, 0, 0, 0, 0, 0, 0, 0, 0, 0, 0, 0, 0, 1, 64, 0, 0, 0, 0, 137, 66, 0, 0, 0, 0, 0, 0, 0, 0, 0, 0, 0, 0, 0, 0, 0, 0, 0, 0, 0, 0, 0, 0, 0, 0, 1, 64, 0, 0, 0, 0, 223, 197, 0, 0, 0, 0, 0, 0, 0, 0, 0, 0, 0, 0, 0, 0, 0, 0, 0, 0, 0, 0, 0, 0, 0, 0, 1, 64, 0, 0, 0, 0, 237, 184, 0, 0, 0, 0, 0, 0, 0, 0, 0, 0, 0, 0, 0, 0, 0, 0, 0, 0, 0, 0, 0, 0, 0, 0, 1, 64, 0, 0, 0, 0, 253, 81, 0, 0, 0, 0, 0, 0, 0, 0, 0, 0, 0, 0, 0, 0, 0, 0, 0, 0, 0, 0, 0, 0, 0, 0, 1, 64, 0, 0, 0, 0, 207, 44, 0, 0, 0, 0, 0, 0, 0, 0, 0, 0, 0, 0, 0, 0, 0, 0, 0, 0, 0, 0, 0, 0, 0, 0, 1, 64, 0, 0, 0,
12-30 10:33:16.351   360   458 D EvsDriver: doneWithFrame
12-30 10:33:16.357   398   464 I VehiclePropertyStore: Prop wirte value to Store success: {.timestamp = 6932125010491, .areaId = 0, .prop = 557925634, .status = AVAILABLE, .value = {.int32Values = [8515]{33, 65, 69, 2, 0, 0, 0, 0, 0, 0, 0, 0, 0, 0, 0, 0, 1, 96, 0, 0, 0, 0, 240, 143, 0, 0, 0, 0, 0, 0, 0, 0, 33, 64, 34, 65, 0, 0, 0, 0, 0, 0, 0, 0, 0, 0, 0, 0, 1, 96, 0, 0, 0, 0, 194, 242, 0, 0, 0, 0, 0, 0, 0, 0, 33, 64, 34, 84, 0, 0, 0, 0, 0, 0, 0, 0, 0, 0, 0, 0, 1, 64, 0, 0, 0, 0, 187, 63, 0, 0, 0, 0, 0, 0, 0, 0, 0, 0, 0, 0, 0, 0, 0, 0, 0, 0, 0, 0, 0, 0, 0, 0, 1, 64, 0, 0, 0, 0, 137, 66, 0, 0, 0, 0, 0, 0, 0, 0, 0, 0, 0, 0, 0, 0, 0, 0, 0, 0, 0, 0, 0, 0, 0, 0, 1, 64, 0, 0, 0, 0, 223, 197, 0, 0, 0, 0, 0, 0, 0, 0, 0, 0, 0, 0, 0, 0, 0, 0, 0, 0, 0, 0, 0, 0, 0, 0, 1, 64, 0, 0, 0, 0, 237, 184, 0, 0, 0, 0, 0, 0, 0, 0, 0, 0, 0, 0, 0, 0, 0, 0, 0, 0, 0, 0, 0, 0, 0, 0, 1, 64, 0, 0, 0, 0, 253, 81, 0, 0, 0, 0, 0, 0, 0, 0, 0, 0, 0, 0, 0, 0, 0, 0, 0, 0, 0, 0, 0, 0, 0, 0, 1, 64, 0, 0, 0, 0, 207, 44, 0, 0, 0, 0, 0, 0, 0, 0, 0, 0, 0, 0, 0, 0, 0, 0, 0, 0, 0, 0, 0, 0, 0, 0, 1, 64, 0, 0
12-30 10:33:16.357   398   464 D adayocomadapter-CommunicationManager: onUpstreamReceive mPropertyId 0x21414502
12-30 10:33:16.367  2358  2623 D RcfController: Rcf proxy is not connected!
12-30 10:33:16.378   360   931 D EvsDriver: forwardFrame
12-30 10:33:16.378   360   931 D EvsDriver: forwardFrameDirect
12-30 10:33:16.378   360   931 D EvsDriver: Delivered 0xb400e2ca9e40c7a0 as id 1
12-30 10:33:16.378   359  2784 D evsmanagerd: /dev/video-evs0 forwarded the buffer #1 to 0xb400f125d2b26dd0 from 0xb400f125e2b20710
12-30 10:33:16.381   360   458 D EvsDriver: doneWithFrame
12-30 10:33:16.411   360   931 D EvsDriver: forwardFrame
12-30 10:33:16.411   360   931 D EvsDriver: forwardFrameDirect
12-30 10:33:16.411   360   931 D EvsDriver: Delivered 0xb400e2ca9e40e270 as id 0
12-30 10:33:16.412   359  2784 D evsmanagerd: /dev/video-evs0 forwarded the buffer #0 to 0xb400f125d2b26dd0 from 0xb400f125e2b20710
12-30 10:33:16.415   596  3076 E WifiHAL : Invalid data received from driver
12-30 10:33:16.417  2358  2623 D RcfController: Rcf proxy is not connected!
12-30 10:33:16.422   360   458 D EvsDriver: doneWithFrame
12-30 10:33:16.423   650   729 D fgemcucomm: sd Uart data : 6AA602D8700002920220
12-30 10:33:16.423   650   729 D fgemcucomm: rev uart=57315,len=17, data : 6AA681D87000099202000A000000000090
12-30 10:33:16.423   650   729 D fgemcucomm: sd Uart data : 6AA602D87100028B30F8
12-30 10:33:16.423   398  2883 D adayocomadapter-ParseProtocolFunc: printRaWMsg Name[MCUToUPstream recv] len[9] data[9202000A0000000000]
12-30 10:33:16.423   650   729 D fgemcucomm: rev uart=57316,len=92, data : 6AA681D87100548B30B01E0A210FA55A880000010001010E000000000000000000000000000000000000000023C204C3042880808080808A808031040AFF0A0D0D09000900BBBBBBBBBBBBBBBBBB000000000000000000004F020548
12-30 10:33:16.423   398  2883 D adayocomadapter-CommunicationManager: onUpstreamback   member[0] dataLength[6] timePoint[6932245]
12-30 10:33:16.423   398  2883 D adayocomadapter-ParseProtocolFunc: printRaWMsg Name[onUpstreamback] len[6] data[0A0000000000]
12-30 10:33:16.423   398   464 D adayocomadapter-UpstreamHandler: processBeforePacket upSreamtProcessTimePoint[6932245] 
12-30 10:33:16.423   398   464 D adayocomadapter-UpstreamHandler: processPacket UPSTREAM_QUEUE_DATA_TIMEOUT
12-30 10:33:16.424   398   464 D adayocomadapter-ParseProtocolFunc: parseCommonIPCLBytes Processing tableNumber[10]
12-30 10:33:16.424   398   464 D adayocomadapter-ParseProtocolFunc: parseCommonIPCLBytes Processing tablename[Table-10] tableSize[6]
12-30 10:33:16.424   398   464 D adayocomadapter-ParseProtocolFunc: printRaWMsg Name[byteStream recv] len[6] data[0A0000000000]
12-30 10:33:16.424   398   464 D adayocomadapter-ParseProtocolFunc: printRaWMsg Name[IPCLtoVHAL] len[9] data[2140201C0000000000]
12-30 10:33:16.424   398   464 D adayocomadapter-ParseProtocolFunc: printRaWMsg Name[IPCLtoVHAL] len[6] data[214022320000]
12-30 10:33:16.424   398   464 D adayocomadapter-CommunicationManager: onUpstreamReceive mPropertyId 0x2140201c
12-30 10:33:16.424   398   464 D adayocomadapter-CommunicationManager: convertBytesToInt32Memcpy  0
12-30 10:33:16.424   398   464 I vw-vhal : notifyVehicleProperty, propId = 0x2140201c, data = {status: 2, int32Values: [0]}
12-30 10:33:16.424   398   464 I vw-vhal : CanSignalsAdapter::notifyVehicleProperty: solvedValue = {.timestamp = 6932246167491, .areaId = 0, .prop = 557850652, .status = AVAILABLE, .value = {.int32Values = [1]{0}, .floatValues = [0]{}, .int64Values = [0]{}, .bytes = [0]{}, .stringValue = ""}}
12-30 10:33:16.424   398   464 I VehiclePropertyStore: begin to write value to Store: {.timestamp = 6932246167491, .areaId = 0, .prop = 557850652, .status = AVAILABLE, .value = {.int32Values = [1]{0}, .floatValues = [0]{}, .int64Values = [0]{}, .bytes = [0]{}, .stringValue = ""}}
12-30 10:33:16.424   398   464 I DefaultVehicleHal_v2_0: DefaultVehicleHal::onPropertyValue, value:{.timestamp = 6932246167491, .areaId = 0, .prop = 557850652, .status = AVAILABLE, .value = {.int32Values = [1]{0}, .floatValues = [0]{}, .int64Values = [0]{}, .bytes = [0]{}, .stringValue = ""}}
12-30 10:33:16.424   398   464 D DiagPropHandler: is not DiagnosticConfig: 0x2140201c
12-30 10:33:16.424   398   464 I VehiclePropertyStore: begin to write value to Store: {.timestamp = 6932246167491, .areaId = 0, .prop = 557850652, .status = AVAILABLE, .value = {.int32Values = [1]{0}, .floatValues = [0]{}, .int64Values = [0]{}, .bytes = [0]{}, .stringValue = ""}}
12-30 10:33:16.424   398   464 D adayocomadapter-CommunicationManager: onUpstreamReceive mPropertyId 0x2140201c
12-30 10:33:16.424   398   464 D adayocomadapter-CommunicationManager: onUpstreamReceive mPropertyId 0x21402232
12-30 10:33:16.424   398   464 D adayocomadapter-CommunicationManager: convertBytesToInt32Memcpy  0
12-30 10:33:16.424   398   464 I vw-vhal : notifyVehicleProperty, propId = 0x21402232, data = {status: 2, int32Values: [0]}
12-30 10:33:16.424   398   464 I vw-vhal : CanSignalsAdapter::notifyVehicleProperty: solvedValue = {.timestamp = 6932246546491, .areaId = 0, .prop = 557851186, .status = AVAILABLE, .value = {.int32Values = [1]{0}, .floatValues = [0]{}, .int64Values = [0]{}, .bytes = [0]{}, .stringValue = ""}}
12-30 10:33:16.424   398   464 I VehiclePropertyStore: begin to write value to Store: {.timestamp = 6932246546491, .areaId = 0, .prop = 557851186, .status = AVAILABLE, .value = {.int32Values = [1]{0}, .floatValues = [0]{}, .int64Values = [0]{}, .bytes = [0]{}, .stringValue = ""}}
12-30 10:33:16.424   398   464 I DefaultVehicleHal_v2_0: DefaultVehicleHal::onPropertyValue, value:{.timestamp = 6932246546491, .areaId = 0, .prop = 557851186, .status = AVAILABLE, .value = {.int32Values = [1]{0}, .floatValues = [0]{}, .int64Values = [0]{}, .bytes = [0]{}, .stringValue = ""}}
12-30 10:33:16.424   398   464 D DiagPropHandler: is not DiagnosticConfig: 0x21402232
12-30 10:33:16.424   398   464 I VehiclePropertyStore: begin to write value to Store: {.timestamp = 6932246546491, .areaId = 0, .prop = 557851186, .status = AVAILABLE, .value = {.int32Values = [1]{0}, .floatValues = [0]{}, .int64Values = [0]{}, .bytes = [0]{}, .stringValue = ""}}
12-30 10:33:16.424   398   464 D adayocomadapter-CommunicationManager: onUpstreamReceive mPropertyId 0x21402232
12-30 10:33:16.444   360   931 D EvsDriver: forwardFrame
12-30 10:33:16.445   360   931 D EvsDriver: forwardFrameDirect
12-30 10:33:16.445   360   931 D EvsDriver: Delivered 0xb400e2ca9e40d4b0 as id 1
12-30 10:33:16.445   359  2784 D evsmanagerd: /dev/video-evs0 forwarded the buffer #1 to 0xb400f125d2b26dd0 from 0xb400f125e2b20710
12-30 10:33:16.450   650   730 D fgemcucomm: sd Uart data : 6AA60014FB00020601E8
12-30 10:33:16.452   360   458 D EvsDriver: doneWithFrame
12-30 10:33:16.464   650   729 D fgemcucomm: sd Uart data : 6AA602D872000292021E
12-30 10:33:16.465   650   729 D fgemcucomm: rev uart=57317,len=15, data : 6AA681D87200079202000200000098
12-30 10:33:16.465   398  2883 D adayocomadapter-ParseProtocolFunc: printRaWMsg Name[MCUToUPstream recv] len[7] data[92020002000000]
12-30 10:33:16.465   398  2883 D adayocomadapter-CommunicationManager: onUpstreamback   member[0] dataLength[4] timePoint[6932287]
12-30 10:33:16.465   398  2883 D adayocomadapter-ParseProtocolFunc: printRaWMsg Name[onUpstreamback] len[4] data[02000000]
12-30 10:33:16.465   398   464 D adayocomadapter-UpstreamHandler: processBeforePacket upSreamtProcessTimePoint[6932287] 
12-30 10:33:16.465   398   464 D adayocomadapter-UpstreamHandler: processPacket UPSTREAM_QUEUE_DATA_TIMEOUT
12-30 10:33:16.465   398   464 D adayocomadapter-ParseProtocolFunc: parseCommonIPCLBytes Processing tableNumber[2]
12-30 10:33:16.465   398   464 D adayocomadapter-ParseProtocolFunc: parseCommonIPCLBytes Processing tablename[Table-2] tableSize[4]
12-30 10:33:16.465   398   464 D adayocomadapter-ParseProtocolFunc: printRaWMsg Name[byteStream recv] len[4] data[02000000]
12-30 10:33:16.465   398   464 D adayocomadapter-ParseProtocolFunc: printRaWMsg Name[IPCLtoVHAL] len[6] data[214020490000]
12-30 10:33:16.465   398   464 D adayocomadapter-ParseProtocolFunc: printRaWMsg Name[IPCLtoVHAL] len[6] data[214021A20000]
12-30 10:33:16.465   398   464 D adayocomadapter-ParseProtocolFunc: printRaWMsg Name[IPCLtoVHAL] len[6] data[214020EA0000]
12-30 10:33:16.465   398   464 D adayocomadapter-CommunicationManager: onUpstreamReceive mPropertyId 0x21402049
12-30 10:33:16.465   398   464 D adayocomadapter-CommunicationManager: convertBytesToInt32Memcpy  0
12-30 10:33:16.465   398   464 I vw-vhal : notifyVehicleProperty, propId = 0x21402049, data = {status: 2, int32Values: [0]}
12-30 10:33:16.466   398   464 I vw-vhal : CanSignalsAdapter::notifyVehicleProperty: solvedValue = {.timestamp = 6932287819491, .areaId = 0, .prop = 557850697, .status = AVAILABLE, .value = {.int32Values = [1]{0}, .floatValues = [0]{}, .int64Values = [0]{}, .bytes = [0]{}, .stringValue = ""}}
12-30 10:33:16.466   398   464 I VehiclePropertyStore: begin to write value to Store: {.timestamp = 6932287819491, .areaId = 0, .prop = 557850697, .status = AVAILABLE, .value = {.int32Values = [1]{0}, .floatValues = [0]{}, .int64Values = [0]{}, .bytes = [0]{}, .stringValue = ""}}
12-30 10:33:16.466   398   464 I DefaultVehicleHal_v2_0: DefaultVehicleHal::onPropertyValue, value:{.timestamp = 6932287819491, .areaId = 0, .prop = 557850697, .status = AVAILABLE, .value = {.int32Values = [1]{0}, .floatValues = [0]{}, .int64Values = [0]{}, .bytes = [0]{}, .stringValue = ""}}
12-30 10:33:16.466   398   464 D DiagPropHandler: is not DiagnosticConfig: 0x21402049
12-30 10:33:16.466   398   464 I VehiclePropertyStore: begin to write value to Store: {.timestamp = 6932287819491, .areaId = 0, .prop = 557850697, .status = AVAILABLE, .value = {.int32Values = [1]{0}, .floatValues = [0]{}, .int64Values = [0]{}, .bytes = [0]{}, .stringValue = ""}}
12-30 10:33:16.466   398   464 D adayocomadapter-CommunicationManager: onUpstreamReceive mPropertyId 0x21402049
12-30 10:33:16.466   398   464 D adayocomadapter-CommunicationManager: onUpstreamReceive mPropertyId 0x214021a2
12-30 10:33:16.466   398   464 D adayocomadapter-CommunicationManager: convertBytesToInt32Memcpy  0
12-30 10:33:16.466   398   464 I vw-vhal : notifyVehicleProperty, propId = 0x214021a2, data = {status: 2, int32Values: [0]}
12-30 10:33:16.466   398   464 I vw-vhal : CanSignalsAdapter::notifyVehicleProperty: solvedValue = {.timestamp = 6932288224824, .areaId = 0, .prop = 557851042, .status = AVAILABLE, .value = {.int32Values = [1]{0}, .floatValues = [0]{}, .int64Values = [0]{}, .bytes = [0]{}, .stringValue = ""}}
12-30 10:33:16.466   398   464 I VehiclePropertyStore: begin to write value to Store: {.timestamp = 6932288224824, .areaId = 0, .prop = 557851042, .status = AVAILABLE, .value = {.int32Values = [1]{0}, .floatValues = [0]{}, .int64Values = [0]{}, .bytes = [0]{}, .stringValue = ""}}
12-30 10:33:16.466   398   464 I DefaultVehicleHal_v2_0: DefaultVehicleHal::onPropertyValue, value:{.timestamp = 6932288224824, .areaId = 0, .prop = 557851042, .status = AVAILABLE, .value = {.int32Values = [1]{0}, .floatValues = [0]{}, .int64Values = [0]{}, .bytes = [0]{}, .stringValue = ""}}
12-30 10:33:16.466   398   464 D DiagPropHandler: is not DiagnosticConfig: 0x214021a2
12-30 10:33:16.466   398   464 I VehiclePropertyStore: begin to write value to Store: {.timestamp = 6932288224824, .areaId = 0, .prop = 557851042, .status = AVAILABLE, .value = {.int32Values = [1]{0}, .floatValues = [0]{}, .int64Values = [0]{}, .bytes = [0]{}, .stringValue = ""}}
12-30 10:33:16.466   398   464 D adayocomadapter-CommunicationManager: onUpstreamReceive mPropertyId 0x214021a2
12-30 10:33:16.466   398   464 D adayocomadapter-CommunicationManager: onUpstreamReceive mPropertyId 0x214020ea
12-30 10:33:16.466   398   464 D adayocomadapter-CommunicationManager: convertBytesToInt32Memcpy  0
12-30 10:33:16.466   398   464 I vw-vhal : notifyVehicleProperty, propId = 0x214020ea, data = {status: 2, int32Values: [0]}
12-30 10:33:16.466   398   464 I vw-vhal : CanSignalsAdapter::notifyVehicleProperty: solvedValue = {.timestamp = 6932288567157, .areaId = 0, .prop = 557850858, .status = AVAILABLE, .value = {.int32Values = [1]{0}, .floatValues = [0]{}, .int64Values = [0]{}, .bytes = [0]{}, .stringValue = ""}}
12-30 10:33:16.466   398   464 I VehiclePropertyStore: begin to write value to Store: {.timestamp = 6932288567157, .areaId = 0, .prop = 557850858, .status = AVAILABLE, .value = {.int32Values = [1]{0}, .floatValues = [0]{}, .int64Values = [0]{}, .bytes = [0]{}, .stringValue = ""}}
12-30 10:33:16.466   398   464 I DefaultVehicleHal_v2_0: DefaultVehicleHal::onPropertyValue, value:{.timestamp = 6932288567157, .areaId = 0, .prop = 557850858, .status = AVAILABLE, .value = {.int32Values = [1]{0}, .floatValues = [0]{}, .int64Values = [0]{}, .bytes = [0]{}, .stringValue = ""}}
12-30 10:33:16.466   398   464 D DiagPropHandler: is not DiagnosticConfig: 0x214020ea
12-30 10:33:16.466   398   464 I VehiclePropertyStore: begin to write value to Store: {.timestamp = 6932288567157, .areaId = 0, .prop = 557850858, .status = AVAILABLE, .value = {.int32Values = [1]{0}, .floatValues = [0]{}, .int64Values = [0]{}, .bytes = [0]{}, .stringValue = ""}}
12-30 10:33:16.466   398   464 D adayocomadapter-CommunicationManager: onUpstreamReceive mPropertyId 0x214020ea
12-30 10:33:16.467  2358  2623 D RcfController: Rcf proxy is not connected!
12-30 10:33:16.477   596  3076 E WifiHAL : Invalid data received from driver
12-30 10:33:16.478   360   931 I EvsDriver: /dev/video-evs0 VideoCapture fps 29.9997
12-30 10:33:16.478   360   931 D EvsDriver: forwardFrame
12-30 10:33:16.478   360   931 D EvsDriver: forwardFrameDirect
12-30 10:33:16.478   360   931 D EvsDriver: Delivered 0xb400e2ca9e40c2d0 as id 0
12-30 10:33:16.478   359  2784 D evsmanagerd: /dev/video-evs0 forwarded the buffer #0 to 0xb400f125d2b26dd0 from 0xb400f125e2b20710
12-30 10:33:16.482   360   458 D EvsDriver: doneWithFrame
12-30 10:33:16.493   650   729 D fgemcucomm: sd Uart data : 6AA602D873000292021D
12-30 10:33:16.493   650   729 D fgemcucomm: rev uart=57318,len=109, data : 6AA681D873006592020010000000000000000000000000000000000000000000000000000000000000000000000000000000000000000000000000000000000000000000000000000000000000000000000000000000000000000000000000000000000000000000000000002B
12-30 10:33:16.493   398  2883 D adayocomadapter-ParseProtocolFunc: printRaWMsg Name[MCUToUPstream recv] len[101] data[9202001000000000000000000000000000000000000000000000000000000000000000000000000000000000000000000000000000000000000000000000000000000000000000000000000000000000000000000000000000000000000000000000000000]
12-30 10:33:16.493   398  2883 D adayocomadapter-CommunicationManager: onUpstreamback   member[0] dataLength[98] timePoint[6932315]
12-30 10:33:16.493   398  2883 D adayocomadapter-ParseProtocolFunc: printRaWMsg Name[onUpstreamback] len[98] data[1000000000000000000000000000000000000000000000000000000000000000000000000000000000000000000000000000000000000000000000000000000000000000000000000000000000000000000000000000000000000000000000000000]
12-30 10:33:16.493   398   464 D adayocomadapter-UpstreamHandler: processBeforePacket upSreamtProcessTimePoint[6932315] 
12-30 10:33:16.493   398   464 D adayocomadapter-UpstreamHandler: processPacket UPSTREAM_QUEUE_DATA_TIMEOUT
12-30 10:33:16.493   398   464 D adayocomadapter-ParseProtocolFunc: parseCommonIPCLBytes Processing tableNumber[16]
12-30 10:33:16.493   398   464 D adayocomadapter-ParseProtocolFunc: parseCommonIPCLBytes Processing tablename[Table-16] tableSize[98]
12-30 10:33:16.493   398   464 D adayocomadapter-ParseProtocolFunc: printRaWMsg Name[byteStream recv] len[98] data[1000000000000000000000000000000000000000000000000000000000000000000000000000000000000000000000000000000000000000000000000000000000000000000000000000000000000000000000000000000000000000000000000000]
12-30 10:33:16.493   398   464 D adayocomadapter-ParseProtocolFunc: printRaWMsg Name[IPCLtoVHAL] len[6] data[214021B10000]
12-30 10:33:16.494   398   464 D adayocomadapter-ParseProtocolFunc: printRaWMsg Name[IPCLtoVHAL] len[6] data[214022120000]
12-30 10:33:16.494   398   464 D adayocomadapter-ParseProtocolFunc: printRaWMsg Name[IPCLtoVHAL] len[6] data[214021B20000]
12-30 10:33:16.494   398   464 D adayocomadapter-ParseProtocolFunc: printRaWMsg Name[IPCLtoVHAL] len[6] data[214021BD0000]
12-30 10:33:16.494   398   464 D adayocomadapter-ParseProtocolFunc: printRaWMsg Name[IPCLtoVHAL] len[6] data[2140221E0000]
12-30 10:33:16.494   398   464 D adayocomadapter-ParseProtocolFunc: printRaWMsg Name[IPCLtoVHAL] len[6] data[214021B30000]
12-30 10:33:16.494   398   464 D adayocomadapter-ParseProtocolFunc: printRaWMsg Name[IPCLtoVHAL] len[6] data[214022140000]
12-30 10:33:16.494   398   464 D adayocomadapter-ParseProtocolFunc: printRaWMsg Name[IPCLtoVHAL] len[6] data[214021B40000]
12-30 10:33:16.494   398   464 D adayocomadapter-ParseProtocolFunc: printRaWMsg Name[IPCLtoVHAL] len[6] data[214021530000]
12-30 10:33:16.494   398   464 D adayocomadapter-ParseProtocolFunc: printRaWMsg Name[IPCLtoVHAL] len[6] data[214022150000]
12-30 10:33:16.494   398   464 D adayocomadapter-ParseProtocolFunc: printRaWMsg Name[IPCLtoVHAL] len[6] data[214021B50000]
12-30 10:33:16.494   398   464 D adayocomadapter-ParseProtocolFunc: printRaWMsg Name[IPCLtoVHAL] len[6] data[214021540000]
12-30 10:33:16.494   398   464 D adayocomadapter-ParseProtocolFunc: printRaWMsg Name[IPCLtoVHAL] len[6] data[214021B70000]
12-30 10:33:16.494   398   464 D adayocomadapter-ParseProtocolFunc: printRaWMsg Name[IPCLtoVHAL] len[6] data[214021560000]
12-30 10:33:16.494   398   464 D adayocomadapter-ParseProtocolFunc: printRaWMsg Name[IPCLtoVHAL] len[6] data[214021B80000]
12-30 10:33:16.494   398   464 D adayocomadapter-ParseProtocolFunc: printRaWMsg Name[IPCLtoVHAL] len[6] data[214021570000]
12-30 10:33:16.494   398   464 D adayocomadapter-ParseProtocolFunc: printRaWMsg Name[IPCLtoVHAL] len[6] data[214022190000]
12-30 10:33:16.494   398   464 D adayocomadapter-ParseProtocolFunc: printRaWMsg Name[IPCLtoVHAL] len[6] data[2140215B0000]
12-30 10:33:16.494   398   464 D adayocomadapter-ParseProtocolFunc: printRaWMsg Name[IPCLtoVHAL] len[6] data[214021BC0000]
12-30 10:33:16.494   398   464 D adayocomadapter-ParseProtocolFunc: printRaWMsg Name[IPCLtoVHAL] len[6] data[2140221D0000]
12-30 10:33:16.494   398   464 D adayocomadapter-ParseProtocolFunc: printRaWMsg Name[IPCLtoVHAL] len[6] data[214021B90000]
12-30 10:33:16.494   398   464 D adayocomadapter-ParseProtocolFunc: printRaWMsg Name[IPCLtoVHAL] len[6] data[2140221A0000]
12-30 10:33:16.494   398   464 D adayocomadapter-ParseProtocolFunc: printRaWMsg Name[IPCLtoVHAL] len[6] data[214021BB0000]
12-30 10:33:16.494   398   464 D adayocomadapter-ParseProtocolFunc: printRaWMsg Name[IPCLtoVHAL] len[6] data[2140215A0000]
12-30 10:33:16.494   398   464 D adayocomadapter-ParseProtocolFunc: printRaWMsg Name[IPCLtoVHAL] len[6] data[2140221C0000]
12-30 10:33:16.494   398   464 D adayocomadapter-ParseProtocolFunc: printRaWMsg Name[IPCLtoVHAL] len[6] data[214021BE0000]
12-30 10:33:16.494   398   464 D adayocomadapter-ParseProtocolFunc: printRaWMsg Name[IPCLtoVHAL] len[6] data[2140215D0000]
12-30 10:33:16.494   398   464 D adayocomadapter-ParseProtocolFunc: printRaWMsg Name[IPCLtoVHAL] len[6] data[2140221F0000]
12-30 10:33:16.494   398   464 D adayocomadapter-ParseProtocolFunc: printRaWMsg Name[IPCLtoVHAL] len[6] data[214021A50000]
12-30 10:33:16.494   398   464 D adayocomadapter-ParseProtocolFunc: printRaWMsg Name[IPCLtoVHAL] len[6] data[214021070000]
12-30 10:33:16.494   398   464 D adayocomadapter-ParseProtocolFunc: printRaWMsg Name[IPCLtoVHAL] len[6] data[2140222A0000]
12-30 10:33:16.494   398   464 D adayocomadapter-ParseProtocolFunc: printRaWMsg Name[IPCLtoVHAL] len[6] data[214021C30000]
12-30 10:33:16.494   398   464 D adayocomadapter-ParseProtocolFunc: printRaWMsg Name[IPCLtoVHAL] len[6] data[214021A80000]
12-30 10:33:16.494   398   464 D adayocomadapter-ParseProtocolFunc: printRaWMsg Name[IPCLtoVHAL] len[6] data[214021A60000]
12-30 10:33:16.494   398   464 D adayocomadapter-ParseProtocolFunc: printRaWMsg Name[IPCLtoVHAL] len[6] data[214021A70000]
12-30 10:33:16.495   398   464 D adayocomadapter-ParseProtocolFunc: printRaWMsg Name[IPCLtoVHAL] len[6] data[214022080000]
12-30 10:33:16.495   398   464 D adayocomadapter-ParseProtocolFunc: printRaWMsg Name[IPCLtoVHAL] len[6] data[214021A90000]
12-30 10:33:16.495   398   464 D adayocomadapter-ParseProtocolFunc: printRaWMsg Name[IPCLtoVHAL] len[6] data[214021AA0000]
12-30 10:33:16.495   398   464 D adayocomadapter-ParseProtocolFunc: printRaWMsg Name[IPCLtoVHAL] len[6] data[214021AB0000]
12-30 10:33:16.495   398   464 D adayocomadapter-ParseProtocolFunc: printRaWMsg Name[IPCLtoVHAL] len[6] data[214021AC0000]
12-30 10:33:16.495   398   464 D adayocomadapter-ParseProtocolFunc: printRaWMsg Name[IPCLtoVHAL] len[6] data[2140220D0000]
12-30 10:33:16.495   398   464 D adayocomadapter-ParseProtocolFunc: printRaWMsg Name[IPCLtoVHAL] len[6] data[214021AD0000]
12-30 10:33:16.495   398   464 D adayocomadapter-ParseProtocolFunc: printRaWMsg Name[IPCLtoVHAL] len[6] data[214021AE0000]
12-30 10:33:16.495   398   464 D adayocomadapter-ParseProtocolFunc: printRaWMsg Name[IPCLtoVHAL] len[6] data[214021AF0000]
12-30 10:33:16.495   398   464 D adayocomadapter-ParseProtocolFunc: printRaWMsg Name[IPCLtoVHAL] len[6] data[214022100000]
12-30 10:33:16.495   398   464 D adayocomadapter-ParseProtocolFunc: printRaWMsg Name[IPCLtoVHAL] len[6] data[214021B00000]
12-30 10:33:16.495   398   464 D adayocomadapter-ParseProtocolFunc: printRaWMsg Name[IPCLtoVHAL] len[6] data[214022110000]
12-30 10:33:16.495   398   464 D adayocomadapter-ParseProtocolFunc: printRaWMsg Name[IPCLtoVHAL] len[6] data[214021B60000]
12-30 10:33:16.495   398   464 D adayocomadapter-ParseProtocolFunc: printRaWMsg Name[IPCLtoVHAL] len[6] data[214021550000]
12-30 10:33:16.495   398   464 D adayocomadapter-ParseProtocolFunc: printRaWMsg Name[IPCLtoVHAL] len[6] data[214021BA0000]
12-30 10:33:16.495   398   464 D adayocomadapter-ParseProtocolFunc: printRaWMsg Name[IPCLtoVHAL] len[6] data[214021590000]
12-30 10:33:16.495   398   464 D adayocomadapter-ParseProtocolFunc: printRaWMsg Name[IPCLtoVHAL] len[6] data[214021BF0000]
12-30 10:33:16.495   398   464 D adayocomadapter-ParseProtocolFunc: printRaWMsg Name[IPCLtoVHAL] len[6] data[2140215E0000]
12-30 10:33:16.495   398   464 D adayocomadapter-ParseProtocolFunc: printRaWMsg Name[IPCLtoVHAL] len[6] data[214022200000]
12-30 10:33:16.495   398   464 D adayocomadapter-ParseProtocolFunc: printRaWMsg Name[IPCLtoVHAL] len[6] data[214021C00000]
12-30 10:33:16.495   398   464 D adayocomadapter-ParseProtocolFunc: printRaWMsg Name[IPCLtoVHAL] len[6] data[2140215F0000]
12-30 10:33:16.495   398   464 D adayocomadapter-ParseProtocolFunc: printRaWMsg Name[IPCLtoVHAL] len[6] data[214021C10000]
12-30 10:33:16.495   398   464 D adayocomadapter-ParseProtocolFunc: printRaWMsg Name[IPCLtoVHAL] len[6] data[214021600000]
12-30 10:33:16.495   398   464 D adayocomadapter-ParseProtocolFunc: printRaWMsg Name[IPCLtoVHAL] len[6] data[214022220000]
12-30 10:33:16.495   398   464 D adayocomadapter-ParseProtocolFunc: printRaWMsg Name[IPCLtoVHAL] len[6] data[214021C20000]
12-30 10:33:16.495   398   464 D adayocomadapter-ParseProtocolFunc: printRaWMsg Name[IPCLtoVHAL] len[6] data[214021C40000]
12-30 10:33:16.495   398   464 D adayocomadapter-ParseProtocolFunc: printRaWMsg Name[IPCLtoVHAL] len[6] data[214022250000]
12-30 10:33:16.495   398   464 D adayocomadapter-ParseProtocolFunc: printRaWMsg Name[IPCLtoVHAL] len[6] data[214021C50000]
12-30 10:33:16.495   398   464 D adayocomadapter-ParseProtocolFunc: printRaWMsg Name[IPCLtoVHAL] len[6] data[214022260000]
12-30 10:33:16.495   398   464 D adayocomadapter-ParseProtocolFunc: printRaWMsg Name[IPCLtoVHAL] len[6] data[214021C60000]
12-30 10:33:16.495   398   464 D adayocomadapter-ParseProtocolFunc: printRaWMsg Name[IPCLtoVHAL] len[6] data[214022270000]
12-30 10:33:16.495   398   464 D adayocomadapter-ParseProtocolFunc: printRaWMsg Name[IPCLtoVHAL] len[6] data[214021D30000]
12-30 10:33:16.495   398   464 D adayocomadapter-ParseProtocolFunc: printRaWMsg Name[IPCLtoVHAL] len[6] data[214022340000]
12-30 10:33:16.495   398   464 D adayocomadapter-ParseProtocolFunc: printRaWMsg Name[IPCLtoVHAL] len[6] data[214021D40000]
12-30 10:33:16.496   398   464 D adayocomadapter-ParseProtocolFunc: printRaWMsg Name[IPCLtoVHAL] len[6] data[214022350000]
12-30 10:33:16.496   398   464 D adayocomadapter-ParseProtocolFunc: printRaWMsg Name[IPCLtoVHAL] len[6] data[214022280000]
12-30 10:33:16.496   398   464 D adayocomadapter-ParseProtocolFunc: printRaWMsg Name[IPCLtoVHAL] len[6] data[214022290000]
12-30 10:33:16.496   398   464 D adayocomadapter-ParseProtocolFunc: printRaWMsg Name[IPCLtoVHAL] len[6] data[214022360000]
12-30 10:33:16.496   398   464 D adayocomadapter-ParseProtocolFunc: printRaWMsg Name[IPCLtoVHAL] len[6] data[214022370000]
12-30 10:33:16.496   398   464 D adayocomadapter-ParseProtocolFunc: printRaWMsg Name[IPCLtoVHAL] len[6] data[214022380000]
12-30 10:33:16.496   398   464 D adayocomadapter-ParseProtocolFunc: printRaWMsg Name[IPCLtoVHAL] len[6] data[214022390000]
12-30 10:33:16.496   398   464 D adayocomadapter-ParseProtocolFunc: printRaWMsg Name[IPCLtoVHAL] len[6] data[2140223A0000]
12-30 10:33:16.496   398   464 D adayocomadapter-ParseProtocolFunc: printRaWMsg Name[IPCLtoVHAL] len[6] data[2140223B0000]
12-30 10:33:16.496   398   464 D adayocomadapter-ParseProtocolFunc: printRaWMsg Name[IPCLtoVHAL] len[7] data[2140223C000000]
12-30 10:33:16.496   398   464 D adayocomadapter-ParseProtocolFunc: printRaWMsg Name[IPCLtoVHAL] len[6] data[214022410000]
12-30 10:33:16.496   398   464 D adayocomadapter-ParseProtocolFunc: printRaWMsg Name[IPCLtoVHAL] len[6] data[214022420000]
12-30 10:33:16.496   398   464 D adayocomadapter-ParseProtocolFunc: printRaWMsg Name[IPCLtoVHAL] len[6] data[214021E10000]
12-30 10:33:16.496   398   464 D adayocomadapter-ParseProtocolFunc: printRaWMsg Name[IPCLtoVHAL] len[6] data[214022430000]
12-30 10:33:16.496   398   464 D adayocomadapter-ParseProtocolFunc: printRaWMsg Name[IPCLtoVHAL] len[6] data[214022440000]
12-30 10:33:16.496   398   464 D adayocomadapter-ParseProtocolFunc: printRaWMsg Name[IPCLtoVHAL] len[6] data[214022450000]
12-30 10:33:16.496   398   464 D adayocomadapter-ParseProtocolFunc: printRaWMsg Name[IPCLtoVHAL] len[6] data[214022460000]
12-30 10:33:16.496   398   464 D adayocomadapter-ParseProtocolFunc: printRaWMsg Name[IPCLtoVHAL] len[6] data[214022470000]
12-30 10:33:16.496   398   464 D adayocomadapter-ParseProtocolFunc: printRaWMsg Name[IPCLtoVHAL] len[7] data[21402248000000]
12-30 10:33:16.496   398   464 D adayocomadapter-ParseProtocolFunc: printRaWMsg Name[IPCLtoVHAL] len[6] data[214022490000]
12-30 10:33:16.496   398   464 D adayocomadapter-ParseProtocolFunc: printRaWMsg Name[IPCLtoVHAL] len[6] data[2140224B0000]
12-30 10:33:16.496   398   464 D adayocomadapter-ParseProtocolFunc: printRaWMsg Name[IPCLtoVHAL] len[6] data[2140224D0000]
12-30 10:33:16.496   398   464 D adayocomadapter-ParseProtocolFunc: printRaWMsg Name[IPCLtoVHAL] len[6] data[2140224F0000]
12-30 10:33:16.496   398   464 D adayocomadapter-ParseProtocolFunc: printRaWMsg Name[IPCLtoVHAL] len[6] data[214022510000]
12-30 10:33:16.496   398   464 D adayocomadapter-ParseProtocolFunc: printRaWMsg Name[IPCLtoVHAL] len[6] data[214022530000]
12-30 10:33:16.496   398   464 D adayocomadapter-ParseProtocolFunc: printRaWMsg Name[IPCLtoVHAL] len[6] data[214022540000]
12-30 10:33:16.496   398   464 D adayocomadapter-CommunicationManager: onUpstreamReceive mPropertyId 0x214021b1
12-30 10:33:16.496   398   464 D adayocomadapter-CommunicationManager: convertBytesToInt32Memcpy  0
12-30 10:33:16.496   398   464 I vw-vhal : notifyVehicleProperty, propId = 0x214021b1, data = {status: 2, int32Values: [0]}
12-30 10:33:16.496   398   464 I vw-vhal : CanSignalsAdapter::notifyVehicleProperty: solvedValue = {.timestamp = 6932318768491, .areaId = 0, .prop = 557851057, .status = AVAILABLE, .value = {.int32Values = [1]{0}, .floatValues = [0]{}, .int64Values = [0]{}, .bytes = [0]{}, .stringValue = ""}}
12-30 10:33:16.497   398   464 I VehiclePropertyStore: begin to write value to Store: {.timestamp = 6932318768491, .areaId = 0, .prop = 557851057, .status = AVAILABLE, .value = {.int32Values = [1]{0}, .floatValues = [0]{}, .int64Values = [0]{}, .bytes = [0]{}, .stringValue = ""}}
12-30 10:33:16.497   398   464 I DefaultVehicleHal_v2_0: DefaultVehicleHal::onPropertyValue, value:{.timestamp = 6932318768491, .areaId = 0, .prop = 557851057, .status = AVAILABLE, .value = {.int32Values = [1]{0}, .floatValues = [0]{}, .int64Values = [0]{}, .bytes = [0]{}, .stringValue = ""}}
12-30 10:33:16.497   398   464 D DiagPropHandler: is not DiagnosticConfig: 0x214021b1
12-30 10:33:16.497   398   464 I VehiclePropertyStore: begin to write value to Store: {.timestamp = 6932318768491, .areaId = 0, .prop = 557851057, .status = AVAILABLE, .value = {.int32Values = [1]{0}, .floatValues = [0]{}, .int64Values = [0]{}, .bytes = [0]{}, .stringValue = ""}}
12-30 10:33:16.497   398   464 D adayocomadapter-CommunicationManager: onUpstreamReceive mPropertyId 0x214021b1
12-30 10:33:16.497   398   464 D adayocomadapter-CommunicationManager: onUpstreamReceive mPropertyId 0x21402212
12-30 10:33:16.497   398   464 D adayocomadapter-CommunicationManager: convertBytesToInt32Memcpy  0
12-30 10:33:16.497   398   464 I vw-vhal : notifyVehicleProperty, propId = 0x21402212, data = {status: 2, int32Values: [0]}
12-30 10:33:16.497   398   464 I vw-vhal : CanSignalsAdapter::notifyVehicleProperty: solvedValue = {.timestamp = 6932319157491, .areaId = 0, .prop = 557851154, .status = AVAILABLE, .value = {.int32Values = [1]{0}, .floatValues = [0]{}, .int64Values = [0]{}, .bytes = [0]{}, .stringValue = ""}}
12-30 10:33:16.497   398   464 I VehiclePropertyStore: begin to write value to Store: {.timestamp = 6932319157491, .areaId = 0, .prop = 557851154, .status = AVAILABLE, .value = {.int32Values = [1]{0}, .floatValues = [0]{}, .int64Values = [0]{}, .bytes = [0]{}, .stringValue = ""}}
12-30 10:33:16.497   398   464 I DefaultVehicleHal_v2_0: DefaultVehicleHal::onPropertyValue, value:{.timestamp = 6932319157491, .areaId = 0, .prop = 557851154, .status = AVAILABLE, .value = {.int32Values = [1]{0}, .floatValues = [0]{}, .int64Values = [0]{}, .bytes = [0]{}, .stringValue = ""}}
12-30 10:33:16.497   398   464 D DiagPropHandler: is not DiagnosticConfig: 0x21402212
12-30 10:33:16.497   398   464 I VehiclePropertyStore: begin to write value to Store: {.timestamp = 6932319157491, .areaId = 0, .prop = 557851154, .status = AVAILABLE, .value = {.int32Values = [1]{0}, .floatValues = [0]{}, .int64Values = [0]{}, .bytes = [0]{}, .stringValue = ""}}
12-30 10:33:16.497   398   464 D adayocomadapter-CommunicationManager: onUpstreamReceive mPropertyId 0x21402212
12-30 10:33:16.497   398   464 D adayocomadapter-CommunicationManager: onUpstreamReceive mPropertyId 0x214021b2
12-30 10:33:16.497   398   464 D adayocomadapter-CommunicationManager: convertBytesToInt32Memcpy  0
12-30 10:33:16.497   398   464 I vw-vhal : notifyVehicleProperty, propId = 0x214021b2, data = {status: 2, int32Values: [0]}
12-30 10:33:16.497   398   464 I vw-vhal : CanSignalsAdapter::notifyVehicleProperty: solvedValue = {.timestamp = 6932319513824, .areaId = 0, .prop = 557851058, .status = AVAILABLE, .value = {.int32Values = [1]{0}, .floatValues = [0]{}, .int64Values = [0]{}, .bytes = [0]{}, .stringValue = ""}}
12-30 10:33:16.497   398   464 I VehiclePropertyStore: begin to write value to Store: {.timestamp = 6932319513824, .areaId = 0, .prop = 557851058, .status = AVAILABLE, .value = {.int32Values = [1]{0}, .floatValues = [0]{}, .int64Values = [0]{}, .bytes = [0]{}, .stringValue = ""}}
12-30 10:33:16.497   398   464 I DefaultVehicleHal_v2_0: DefaultVehicleHal::onPropertyValue, value:{.timestamp = 6932319513824, .areaId = 0, .prop = 557851058, .status = AVAILABLE, .value = {.int32Values = [1]{0}, .floatValues = [0]{}, .int64Values = [0]{}, .bytes = [0]{}, .stringValue = ""}}
12-30 10:33:16.497   398   464 D DiagPropHandler: is not DiagnosticConfig: 0x214021b2
12-30 10:33:16.497   398   464 I VehiclePropertyStore: begin to write value to Store: {.timestamp = 6932319513824, .areaId = 0, .prop = 557851058, .status = AVAILABLE, .value = {.int32Values = [1]{0}, .floatValues = [0]{}, .int64Values = [0]{}, .bytes = [0]{}, .stringValue = ""}}
12-30 10:33:16.497   398   464 D adayocomadapter-CommunicationManager: onUpstreamReceive mPropertyId 0x214021b2
12-30 10:33:16.497   398   464 D adayocomadapter-CommunicationManager: onUpstreamReceive mPropertyId 0x214021bd
12-30 10:33:16.497   398   464 D adayocomadapter-CommunicationManager: convertBytesToInt32Memcpy  0
12-30 10:33:16.497   398   464 I vw-vhal : notifyVehicleProperty, propId = 0x214021bd, data = {status: 2, int32Values: [0]}
12-30 10:33:16.498   398   464 I vw-vhal : CanSignalsAdapter::notifyVehicleProperty: solvedValue = {.timestamp = 6932319861491, .areaId = 0, .prop = 557851069, .status = AVAILABLE, .value = {.int32Values = [1]{0}, .floatValues = [0]{}, .int64Values = [0]{}, .bytes = [0]{}, .stringValue = ""}}
12-30 10:33:16.498   398   464 I VehiclePropertyStore: begin to write value to Store: {.timestamp = 6932319861491, .areaId = 0, .prop = 557851069, .status = AVAILABLE, .value = {.int32Values = [1]{0}, .floatValues = [0]{}, .int64Values = [0]{}, .bytes = [0]{}, .stringValue = ""}}
12-30 10:33:16.498   398   464 I DefaultVehicleHal_v2_0: DefaultVehicleHal::onPropertyValue, value:{.timestamp = 6932319861491, .areaId = 0, .prop = 557851069, .status = AVAILABLE, .value = {.int32Values = [1]{0}, .floatValues = [0]{}, .int64Values = [0]{}, .bytes = [0]{}, .stringValue = ""}}
12-30 10:33:16.498   398   464 D DiagPropHandler: is not DiagnosticConfig: 0x214021bd
12-30 10:33:16.498   398   464 I VehiclePropertyStore: begin to write value to Store: {.timestamp = 6932319861491, .areaId = 0, .prop = 557851069, .status = AVAILABLE, .value = {.int32Values = [1]{0}, .floatValues = [0]{}, .int64Values = [0]{}, .bytes = [0]{}, .stringValue = ""}}
12-30 10:33:16.498   398   464 D adayocomadapter-CommunicationManager: onUpstreamReceive mPropertyId 0x214021bd
12-30 10:33:16.498   398   464 D adayocomadapter-CommunicationManager: onUpstreamReceive mPropertyId 0x2140221e
12-30 10:33:16.498   398   464 D adayocomadapter-CommunicationManager: convertBytesToInt32Memcpy  0
12-30 10:33:16.498   398   464 I vw-vhal : notifyVehicleProperty, propId = 0x2140221e, data = {status: 2, int32Values: [0]}
12-30 10:33:16.498   398   464 I vw-vhal : CanSignalsAdapter::notifyVehicleProperty: solvedValue = {.timestamp = 6932320228157, .areaId = 0, .prop = 557851166, .status = AVAILABLE, .value = {.int32Values = [1]{0}, .floatValues = [0]{}, .int64Values = [0]{}, .bytes = [0]{}, .stringValue = ""}}
12-30 10:33:16.498   398   464 I VehiclePropertyStore: begin to write value to Store: {.timestamp = 6932320228157, .areaId = 0, .prop = 557851166, .status = AVAILABLE, .value = {.int32Values = [1]{0}, .floatValues = [0]{}, .int64Values = [0]{}, .bytes = [0]{}, .stringValue = ""}}
