12-30 10:33:08.357   398   464 I vw-vhal : CanSignalsAdapter::notifyVehicleProperty: solvedValue = {.timestamp = 6924178934156, .areaId = 0, .prop = 557851086, .status = AVAILABLE, .value = {.int32Values = [1]{0}, .floatValues = [0]{}, .int64Values = [0]{}, .bytes = [0]{}, .stringValue = ""}}
12-30 10:33:08.357   398   464 I VehiclePropertyStore: begin to write value to Store: {.timestamp = 6924178934156, .areaId = 0, .prop = 557851086, .status = AVAILABLE, .value = {.int32Values = [1]{0}, .floatValues = [0]{}, .int64Values = [0]{}, .bytes = [0]{}, .stringValue = ""}}
12-30 10:33:08.357   398   464 I DefaultVehicleHal_v2_0: DefaultVehicleHal::onPropertyValue, value:{.timestamp = 6924178934156, .areaId = 0, .prop = 557851086, .status = AVAILABLE, .value = {.int32Values = [1]{0}, .floatValues = [0]{}, .int64Values = [0]{}, .bytes = [0]{}, .stringValue = ""}}
12-30 10:33:08.357   398   464 D DiagPropHandler: is not DiagnosticConfig: 0x214021ce
12-30 10:33:08.357   398   464 I VehiclePropertyStore: begin to write value to Store: {.timestamp = 6924178934156, .areaId = 0, .prop = 557851086, .status = AVAILABLE, .value = {.int32Values = [1]{0}, .floatValues = [0]{}, .int64Values = [0]{}, .bytes = [0]{}, .stringValue = ""}}
12-30 10:33:08.357   398   464 D adayocomadapter-CommunicationManager: onUpstreamReceive mPropertyId 0x214021ce
12-30 10:33:08.377  2358  2623 D RcfController: Rcf proxy is not connected!
12-30 10:33:08.378   360   931 D EvsDriver: forwardFrame
12-30 10:33:08.378   360   931 D EvsDriver: forwardFrameDirect
12-30 10:33:08.378   360   931 D EvsDriver: Delivered 0xb400e2ca9e40c7a0 as id 1
12-30 10:33:08.378   359  2784 D evsmanagerd: /dev/video-evs0 forwarded the buffer #1 to 0xb400f125d2b26dd0 from 0xb400f125e2b20710
12-30 10:33:08.386   360   458 D EvsDriver: doneWithFrame
12-30 10:33:08.391   596  3076 E WifiHAL : Invalid data received from driver
12-30 10:33:08.411   360   931 D EvsDriver: forwardFrame
12-30 10:33:08.411   360   931 D EvsDriver: forwardFrameDirect
12-30 10:33:08.412   360   931 D EvsDriver: Delivered 0xb400e2ca9e40e270 as id 0
12-30 10:33:08.412   359  2784 D evsmanagerd: /dev/video-evs0 forwarded the buffer #0 to 0xb400f125d2b26dd0 from 0xb400f125e2b20710
12-30 10:33:08.414   650   729 D fgemcucomm: sd Uart data : 6AA602D82E0002920262
12-30 10:33:08.415   650   729 D fgemcucomm: rev uart=57247,len=14, data : 6AA681D82E0006920200010000DE
12-30 10:33:08.415   398  2883 D adayocomadapter-ParseProtocolFunc: printRaWMsg Name[MCUToUPstream recv] len[6] data[920200010000]
12-30 10:33:08.415   398  2883 D adayocomadapter-CommunicationManager: onUpstreamback   member[0] dataLength[3] timePoint[6924237]
12-30 10:33:08.415   398  2883 D adayocomadapter-ParseProtocolFunc: printRaWMsg Name[onUpstreamback] len[3] data[010000]
12-30 10:33:08.415   398   464 D adayocomadapter-UpstreamHandler: processBeforePacket upSreamtProcessTimePoint[6924237] 
12-30 10:33:08.415   398   464 D adayocomadapter-UpstreamHandler: processPacket UPSTREAM_QUEUE_DATA_TIMEOUT
12-30 10:33:08.415   398   464 D adayocomadapter-ParseProtocolFunc: parseCommonIPCLBytes Processing tableNumber[1]
12-30 10:33:08.415   398   464 D adayocomadapter-ParseProtocolFunc: parseCommonIPCLBytes Processing tablename[Table-1] tableSize[3]
12-30 10:33:08.415   398   464 D adayocomadapter-ParseProtocolFunc: printRaWMsg Name[byteStream recv] len[3] data[010000]
12-30 10:33:08.415   398   464 D adayocomadapter-ParseProtocolFunc: printRaWMsg Name[IPCLtoVHAL] len[7] data[21402048000000]
12-30 10:33:08.415   398   464 D adayocomadapter-CommunicationManager: onUpstreamReceive mPropertyId 0x21402048
12-30 10:33:08.415   398   464 D adayocomadapter-CommunicationManager: convertBytesToInt32Memcpy  0
12-30 10:33:08.415   398   464 I vw-vhal : notifyVehicleProperty, propId = 0x21402048, data = {status: 2, int32Values: [0]}
12-30 10:33:08.415   398   464 I vw-vhal : CanSignalsAdapter::notifyVehicleProperty: solvedValue = {.timestamp = 6924237403156, .areaId = 0, .prop = 557850696, .status = AVAILABLE, .value = {.int32Values = [1]{0}, .floatValues = [0]{}, .int64Values = [0]{}, .bytes = [0]{}, .stringValue = ""}}
12-30 10:33:08.415   398   464 I VehiclePropertyStore: begin to write value to Store: {.timestamp = 6924237403156, .areaId = 0, .prop = 557850696, .status = AVAILABLE, .value = {.int32Values = [1]{0}, .floatValues = [0]{}, .int64Values = [0]{}, .bytes = [0]{}, .stringValue = ""}}
12-30 10:33:08.415   398   464 I DefaultVehicleHal_v2_0: DefaultVehicleHal::onPropertyValue, value:{.timestamp = 6924237403156, .areaId = 0, .prop = 557850696, .status = AVAILABLE, .value = {.int32Values = [1]{0}, .floatValues = [0]{}, .int64Values = [0]{}, .bytes = [0]{}, .stringValue = ""}}
12-30 10:33:08.415   398   464 D DiagPropHandler: is not DiagnosticConfig: 0x21402048
12-30 10:33:08.415   398   464 I VehiclePropertyStore: begin to write value to Store: {.timestamp = 6924237403156, .areaId = 0, .prop = 557850696, .status = AVAILABLE, .value = {.int32Values = [1]{0}, .floatValues = [0]{}, .int64Values = [0]{}, .bytes = [0]{}, .stringValue = ""}}
12-30 10:33:08.415   398   464 D adayocomadapter-CommunicationManager: onUpstreamReceive mPropertyId 0x21402048
12-30 10:33:08.416   360   458 D EvsDriver: doneWithFrame
12-30 10:33:08.427  2358  2623 D RcfController: Rcf proxy is not connected!
12-30 10:33:08.435   650   729 D fgemcucomm: sd Uart data : 6AA602D82F0002920261
12-30 10:33:08.435   650   729 D fgemcucomm: rev uart=57248,len=16, data : 6AA681D82F00089202000300000000D9
12-30 10:33:08.435   398  2883 D adayocomadapter-ParseProtocolFunc: printRaWMsg Name[MCUToUPstream recv] len[8] data[9202000300000000]
12-30 10:33:08.435   398  2883 D adayocomadapter-CommunicationManager: onUpstreamback   member[0] dataLength[5] timePoint[6924257]
12-30 10:33:08.435   398  2883 D adayocomadapter-ParseProtocolFunc: printRaWMsg Name[onUpstreamback] len[5] data[0300000000]
12-30 10:33:08.435   398   464 D adayocomadapter-UpstreamHandler: processBeforePacket upSreamtProcessTimePoint[6924257] 
12-30 10:33:08.435   398   464 D adayocomadapter-UpstreamHandler: processPacket UPSTREAM_QUEUE_DATA_TIMEOUT
12-30 10:33:08.435   398   464 D adayocomadapter-ParseProtocolFunc: parseCommonIPCLBytes Processing tableNumber[3]
12-30 10:33:08.435   398   464 D adayocomadapter-ParseProtocolFunc: parseCommonIPCLBytes Processing tablename[Table-3] tableSize[5]
12-30 10:33:08.435   398   464 D adayocomadapter-ParseProtocolFunc: printRaWMsg Name[byteStream recv] len[5] data[0300000000]
12-30 10:33:08.435   398   464 D adayocomadapter-ParseProtocolFunc: printRaWMsg Name[IPCLtoVHAL] len[8] data[2141213801000000]
12-30 10:33:08.435   398   464 D adayocomadapter-ParseProtocolFunc: printRaWMsg Name[IPCLtoVHAL] len[6] data[214021D60000]
12-30 10:33:08.435   398   464 D adayocomadapter-CommunicationManager: onUpstreamReceive mPropertyId 0x21412138
12-30 10:33:08.435   398   464 I vw-vhal : notifyVehicleProperty, propId = 0x21412138, data = {status: 2, int32Values: [0, 0, 0]}
12-30 10:33:08.435   398   464 I vw-vhal : CanSignalsAdapter::notifyVehicleProperty: solvedValue = {.timestamp = 6924257583156, .areaId = 0, .prop = 557916472, .status = AVAILABLE, .value = {.int32Values = [3]{0, 0, 0}, .floatValues = [0]{}, .int64Values = [0]{}, .bytes = [0]{}, .stringValue = ""}}
12-30 10:33:08.435   398   464 I VehiclePropertyStore: begin to write value to Store: {.timestamp = 6924257583156, .areaId = 0, .prop = 557916472, .status = AVAILABLE, .value = {.int32Values = [3]{0, 0, 0}, .floatValues = [0]{}, .int64Values = [0]{}, .bytes = [0]{}, .stringValue = ""}}
12-30 10:33:08.435   398   464 I DefaultVehicleHal_v2_0: DefaultVehicleHal::onPropertyValue, value:{.timestamp = 6924257583156, .areaId = 0, .prop = 557916472, .status = AVAILABLE, .value = {.int32Values = [3]{0, 0, 0}, .floatValues = [0]{}, .int64Values = [0]{}, .bytes = [0]{}, .stringValue = ""}}
12-30 10:33:08.435   398   464 D DiagPropHandler: is not DiagnosticConfig: 0x21412138
12-30 10:33:08.435   398   464 I VehiclePropertyStore: begin to write value to Store: {.timestamp = 6924257583156, .areaId = 0, .prop = 557916472, .status = AVAILABLE, .value = {.int32Values = [3]{0, 0, 0}, .floatValues = [0]{}, .int64Values = [0]{}, .bytes = [0]{}, .stringValue = ""}}
12-30 10:33:08.435   398   464 D adayocomadapter-CommunicationManager: onUpstreamReceive mPropertyId 0x21412138
12-30 10:33:08.435   398   464 D adayocomadapter-CommunicationManager: onUpstreamReceive mPropertyId 0x214021d6
12-30 10:33:08.435   398   464 D adayocomadapter-CommunicationManager: convertBytesToInt32Memcpy  0
12-30 10:33:08.435   398   464 I vw-vhal : notifyVehicleProperty, propId = 0x214021d6, data = {status: 2, int32Values: [0]}
12-30 10:33:08.435   398   464 I vw-vhal : CanSignalsAdapter::notifyVehicleProperty: solvedValue = {.timestamp = 6924257827490, .areaId = 0, .prop = 557851094, .status = AVAILABLE, .value = {.int32Values = [1]{0}, .floatValues = [0]{}, .int64Values = [0]{}, .bytes = [0]{}, .stringValue = ""}}
12-30 10:33:08.436   398   464 I VehiclePropertyStore: begin to write value to Store: {.timestamp = 6924257827490, .areaId = 0, .prop = 557851094, .status = AVAILABLE, .value = {.int32Values = [1]{0}, .floatValues = [0]{}, .int64Values = [0]{}, .bytes = [0]{}, .stringValue = ""}}
12-30 10:33:08.436   398   464 I DefaultVehicleHal_v2_0: DefaultVehicleHal::onPropertyValue, value:{.timestamp = 6924257827490, .areaId = 0, .prop = 557851094, .status = AVAILABLE, .value = {.int32Values = [1]{0}, .floatValues = [0]{}, .int64Values = [0]{}, .bytes = [0]{}, .stringValue = ""}}
12-30 10:33:08.436   398   464 D DiagPropHandler: is not DiagnosticConfig: 0x214021d6
12-30 10:33:08.436   398   464 I VehiclePropertyStore: begin to write value to Store: {.timestamp = 6924257827490, .areaId = 0, .prop = 557851094, .status = AVAILABLE, .value = {.int32Values = [1]{0}, .floatValues = [0]{}, .int64Values = [0]{}, .bytes = [0]{}, .stringValue = ""}}
12-30 10:33:08.436   398   464 D adayocomadapter-CommunicationManager: onUpstreamReceive mPropertyId 0x214021d6
12-30 10:33:08.445   360   931 D EvsDriver: forwardFrame
12-30 10:33:08.445   360   931 D EvsDriver: forwardFrameDirect
12-30 10:33:08.445   360   931 D EvsDriver: Delivered 0xb400e2ca9e40d4b0 as id 1
12-30 10:33:08.445   359  2784 D evsmanagerd: /dev/video-evs0 forwarded the buffer #1 to 0xb400f125d2b26dd0 from 0xb400f125e2b20710
12-30 10:33:08.446   360   458 D EvsDriver: doneWithFrame
12-30 10:33:08.449   650   730 D fgemcucomm: sd Uart data : 6AA60014F500020601EE
12-30 10:33:08.478  2358  2623 D RcfController: Rcf proxy is not connected!
12-30 10:33:08.478   360   931 D EvsDriver: forwardFrame
12-30 10:33:08.478   360   931 D EvsDriver: forwardFrameDirect
12-30 10:33:08.478   360   931 D EvsDriver: Delivered 0xb400e2ca9e40c2d0 as id 0
12-30 10:33:08.478   359  2784 D evsmanagerd: /dev/video-evs0 forwarded the buffer #0 to 0xb400f125d2b26dd0 from 0xb400f125e2b20710
12-30 10:33:08.487   360   458 D EvsDriver: doneWithFrame
12-30 10:33:08.490   596  3076 E WifiHAL : Invalid data received from driver
12-30 10:33:08.496   650   729 D fgemcucomm: sd Uart data : 6AA602D8300002920260
12-30 10:33:08.496   650   729 D fgemcucomm: rev uart=57249,len=29, data : 6AA681D8300015920200130000000000000000000000000000000000BB
12-30 10:33:08.496   398  2883 D adayocomadapter-ParseProtocolFunc: printRaWMsg Name[MCUToUPstream recv] len[21] data[920200130000000000000000000000000000000000]
12-30 10:33:08.496   398  2883 D adayocomadapter-CommunicationManager: onUpstreamback   member[0] dataLength[18] timePoint[6924318]
12-30 10:33:08.496   398  2883 D adayocomadapter-ParseProtocolFunc: printRaWMsg Name[onUpstreamback] len[18] data[130000000000000000000000000000000000]
12-30 10:33:08.496   398   464 D adayocomadapter-UpstreamHandler: processBeforePacket upSreamtProcessTimePoint[6924318] 
12-30 10:33:08.496   398   464 D adayocomadapter-UpstreamHandler: processPacket UPSTREAM_QUEUE_DATA_TIMEOUT
12-30 10:33:08.496   398   464 D adayocomadapter-ParseProtocolFunc: parseCommonIPCLBytes Processing tableNumber[19]
12-30 10:33:08.496   398   464 D adayocomadapter-ParseProtocolFunc: parseCommonIPCLBytes Processing tablename[Table-19] tableSize[18]
12-30 10:33:08.496   398   464 D adayocomadapter-ParseProtocolFunc: printRaWMsg Name[byteStream recv] len[18] data[130000000000000000000000000000000000]
12-30 10:33:08.496   398   464 D adayocomadapter-ParseProtocolFunc: printRaWMsg Name[IPCLtoVHAL] len[6] data[214010280000]
12-30 10:33:08.496   398   464 D adayocomadapter-ParseProtocolFunc: printRaWMsg Name[IPCLtoVHAL] len[6] data[214010290000]
12-30 10:33:08.496   398   464 D adayocomadapter-ParseProtocolFunc: printRaWMsg Name[IPCLtoVHAL] len[6] data[2140102E0000]
12-30 10:33:08.496   398   464 D adayocomadapter-ParseProtocolFunc: printRaWMsg Name[IPCLtoVHAL] len[6] data[2140102B0000]
12-30 10:33:08.496   398   464 D adayocomadapter-ParseProtocolFunc: printRaWMsg Name[IPCLtoVHAL] len[6] data[2140104C0000]
12-30 10:33:08.496   398   464 D adayocomadapter-ParseProtocolFunc: printRaWMsg Name[IPCLtoVHAL] len[6] data[2140102C0000]
12-30 10:33:08.496   398   464 D adayocomadapter-ParseProtocolFunc: printRaWMsg Name[IPCLtoVHAL] len[7] data[21402007000000]
12-30 10:33:08.496   398   464 D adayocomadapter-ParseProtocolFunc: printRaWMsg Name[IPCLtoVHAL] len[6] data[2140102F0000]
12-30 10:33:08.496   398   464 D adayocomadapter-ParseProtocolFunc: printRaWMsg Name[IPCLtoVHAL] len[6] data[214010310000]
12-30 10:33:08.496   398   464 D adayocomadapter-ParseProtocolFunc: printRaWMsg Name[IPCLtoVHAL] len[7] data[21402022000000]
12-30 10:33:08.496   398   464 D adayocomadapter-ParseProtocolFunc: printRaWMsg Name[IPCLtoVHAL] len[9] data[214020230000000000]
12-30 10:33:08.496   398   464 D adayocomadapter-ParseProtocolFunc: printRaWMsg Name[IPCLtoVHAL] len[6] data[2140104D0000]
12-30 10:33:08.496   398   464 D adayocomadapter-CommunicationManager: onUpstreamReceive mPropertyId 0x21401028
12-30 10:33:08.496   398   464 D adayocomadapter-CommunicationManager: convertBytesToInt32Memcpy  0
12-30 10:33:08.497   398   464 I vw-vhal : notifyVehicleProperty, propId = 0x21401028, data = {status: 2, int32Values: [0]}
12-30 10:33:08.497   398   464 I vw-vhal : CanSignalsAdapter::notifyVehicleProperty: solvedValue = {.timestamp = 6924318895823, .areaId = 0, .prop = 557846568, .status = AVAILABLE, .value = {.int32Values = [1]{0}, .floatValues = [0]{}, .int64Values = [0]{}, .bytes = [0]{}, .stringValue = ""}}
12-30 10:33:08.497   398   464 I VehiclePropertyStore: begin to write value to Store: {.timestamp = 6924318895823, .areaId = 0, .prop = 557846568, .status = AVAILABLE, .value = {.int32Values = [1]{0}, .floatValues = [0]{}, .int64Values = [0]{}, .bytes = [0]{}, .stringValue = ""}}
12-30 10:33:08.497   398   464 I DefaultVehicleHal_v2_0: DefaultVehicleHal::onPropertyValue, value:{.timestamp = 6924318895823, .areaId = 0, .prop = 557846568, .status = AVAILABLE, .value = {.int32Values = [1]{0}, .floatValues = [0]{}, .int64Values = [0]{}, .bytes = [0]{}, .stringValue = ""}}
12-30 10:33:08.497   398   464 D DiagPropHandler: is not DiagnosticConfig: 0x21401028
12-30 10:33:08.497   398   464 I VehiclePropertyStore: begin to write value to Store: {.timestamp = 6924318895823, .areaId = 0, .prop = 557846568, .status = AVAILABLE, .value = {.int32Values = [1]{0}, .floatValues = [0]{}, .int64Values = [0]{}, .bytes = [0]{}, .stringValue = ""}}
12-30 10:33:08.497   398   464 D adayocomadapter-CommunicationManager: onUpstreamReceive mPropertyId 0x21401028
12-30 10:33:08.497   398   464 D adayocomadapter-CommunicationManager: onUpstreamReceive mPropertyId 0x21401029
12-30 10:33:08.497   398   464 D adayocomadapter-CommunicationManager: convertBytesToInt32Memcpy  0
12-30 10:33:08.497   398   464 I vw-vhal : notifyVehicleProperty, propId = 0x21401029, data = {status: 2, int32Values: [0]}
12-30 10:33:08.497   398   464 I vw-vhal : CanSignalsAdapter::notifyVehicleProperty: solvedValue = {.timestamp = 6924319136823, .areaId = 0, .prop = 557846569, .status = AVAILABLE, .value = {.int32Values = [1]{0}, .floatValues = [0]{}, .int64Values = [0]{}, .bytes = [0]{}, .stringValue = ""}}
12-30 10:33:08.497   398   464 I VehiclePropertyStore: begin to write value to Store: {.timestamp = 6924319136823, .areaId = 0, .prop = 557846569, .status = AVAILABLE, .value = {.int32Values = [1]{0}, .floatValues = [0]{}, .int64Values = [0]{}, .bytes = [0]{}, .stringValue = ""}}
12-30 10:33:08.497   398   464 I DefaultVehicleHal_v2_0: DefaultVehicleHal::onPropertyValue, value:{.timestamp = 6924319136823, .areaId = 0, .prop = 557846569, .status = AVAILABLE, .value = {.int32Values = [1]{0}, .floatValues = [0]{}, .int64Values = [0]{}, .bytes = [0]{}, .stringValue = ""}}
12-30 10:33:08.497   398   464 D DiagPropHandler: is not DiagnosticConfig: 0x21401029
12-30 10:33:08.497   398   464 I VehiclePropertyStore: begin to write value to Store: {.timestamp = 6924319136823, .areaId = 0, .prop = 557846569, .status = AVAILABLE, .value = {.int32Values = [1]{0}, .floatValues = [0]{}, .int64Values = [0]{}, .bytes = [0]{}, .stringValue = ""}}
12-30 10:33:08.497   398   464 D adayocomadapter-CommunicationManager: onUpstreamReceive mPropertyId 0x21401029
12-30 10:33:08.497   398   464 D adayocomadapter-CommunicationManager: onUpstreamReceive mPropertyId 0x2140102e
12-30 10:33:08.497   398   464 D adayocomadapter-CommunicationManager: convertBytesToInt32Memcpy  0
12-30 10:33:08.497   398   464 I vw-vhal : notifyVehicleProperty, propId = 0x2140102e, data = {status: 2, int32Values: [0]}
12-30 10:33:08.497   398   464 I vw-vhal : CanSignalsAdapter::notifyVehicleProperty: solvedValue = {.timestamp = 6924319344823, .areaId = 0, .prop = 557846574, .status = AVAILABLE, .value = {.int32Values = [1]{0}, .floatValues = [0]{}, .int64Values = [0]{}, .bytes = [0]{}, .stringValue = ""}}
12-30 10:33:08.497   398   464 I VehiclePropertyStore: begin to write value to Store: {.timestamp = 6924319344823, .areaId = 0, .prop = 557846574, .status = AVAILABLE, .value = {.int32Values = [1]{0}, .floatValues = [0]{}, .int64Values = [0]{}, .bytes = [0]{}, .stringValue = ""}}
12-30 10:33:08.497   398   464 I DefaultVehicleHal_v2_0: DefaultVehicleHal::onPropertyValue, value:{.timestamp = 6924319344823, .areaId = 0, .prop = 557846574, .status = AVAILABLE, .value = {.int32Values = [1]{0}, .floatValues = [0]{}, .int64Values = [0]{}, .bytes = [0]{}, .stringValue = ""}}
12-30 10:33:08.497   398   464 D DiagPropHandler: is not DiagnosticConfig: 0x2140102e
12-30 10:33:08.497   398   464 I VehiclePropertyStore: begin to write value to Store: {.timestamp = 6924319344823, .areaId = 0, .prop = 557846574, .status = AVAILABLE, .value = {.int32Values = [1]{0}, .floatValues = [0]{}, .int64Values = [0]{}, .bytes = [0]{}, .stringValue = ""}}
12-30 10:33:08.497   398   464 D adayocomadapter-CommunicationManager: onUpstreamReceive mPropertyId 0x2140102e
12-30 10:33:08.497   398   464 D adayocomadapter-CommunicationManager: onUpstreamReceive mPropertyId 0x2140102b
12-30 10:33:08.497   398   464 D adayocomadapter-CommunicationManager: convertBytesToInt32Memcpy  0
12-30 10:33:08.497   398   464 I vw-vhal : notifyVehicleProperty, propId = 0x2140102b, data = {status: 2, int32Values: [0]}
12-30 10:33:08.497   398   464 I vw-vhal : CanSignalsAdapter::notifyVehicleProperty: solvedValue = {.timestamp = 6924319537490, .areaId = 0, .prop = 557846571, .status = AVAILABLE, .value = {.int32Values = [1]{0}, .floatValues = [0]{}, .int64Values = [0]{}, .bytes = [0]{}, .stringValue = ""}}
12-30 10:33:08.497   398   464 I VehiclePropertyStore: begin to write value to Store: {.timestamp = 6924319537490, .areaId = 0, .prop = 557846571, .status = AVAILABLE, .value = {.int32Values = [1]{0}, .floatValues = [0]{}, .int64Values = [0]{}, .bytes = [0]{}, .stringValue = ""}}
12-30 10:33:08.497   398   464 I DefaultVehicleHal_v2_0: DefaultVehicleHal::onPropertyValue, value:{.timestamp = 6924319537490, .areaId = 0, .prop = 557846571, .status = AVAILABLE, .value = {.int32Values = [1]{0}, .floatValues = [0]{}, .int64Values = [0]{}, .bytes = [0]{}, .stringValue = ""}}
12-30 10:33:08.497   398   464 D DiagPropHandler: is not DiagnosticConfig: 0x2140102b
12-30 10:33:08.497   398   464 I VehiclePropertyStore: begin to write value to Store: {.timestamp = 6924319537490, .areaId = 0, .prop = 557846571, .status = AVAILABLE, .value = {.int32Values = [1]{0}, .floatValues = [0]{}, .int64Values = [0]{}, .bytes = [0]{}, .stringValue = ""}}
12-30 10:33:08.497   398   464 D adayocomadapter-CommunicationManager: onUpstreamReceive mPropertyId 0x2140102b
12-30 10:33:08.497   398   464 D adayocomadapter-CommunicationManager: onUpstreamReceive mPropertyId 0x2140104c
12-30 10:33:08.497   398   464 D adayocomadapter-CommunicationManager: convertBytesToInt32Memcpy  0
12-30 10:33:08.497   398   464 I vw-vhal : notifyVehicleProperty, propId = 0x2140104c, data = {status: 2, int32Values: [0]}
12-30 10:33:08.497   398   464 I vw-vhal : CanSignalsAdapter::notifyVehicleProperty: solvedValue = {.timestamp = 6924319732823, .areaId = 0, .prop = 557846604, .status = AVAILABLE, .value = {.int32Values = [1]{0}, .floatValues = [0]{}, .int64Values = [0]{}, .bytes = [0]{}, .stringValue = ""}}
12-30 10:33:08.497   398   464 I VehiclePropertyStore: begin to write value to Store: {.timestamp = 6924319732823, .areaId = 0, .prop = 557846604, .status = AVAILABLE, .value = {.int32Values = [1]{0}, .floatValues = [0]{}, .int64Values = [0]{}, .bytes = [0]{}, .stringValue = ""}}
12-30 10:33:08.497   398   464 I DefaultVehicleHal_v2_0: DefaultVehicleHal::onPropertyValue, value:{.timestamp = 6924319732823, .areaId = 0, .prop = 557846604, .status = AVAILABLE, .value = {.int32Values = [1]{0}, .floatValues = [0]{}, .int64Values = [0]{}, .bytes = [0]{}, .stringValue = ""}}
12-30 10:33:08.497   398   464 D DiagPropHandler: is not DiagnosticConfig: 0x2140104c
12-30 10:33:08.497   398   464 I VehiclePropertyStore: begin to write value to Store: {.timestamp = 6924319732823, .areaId = 0, .prop = 557846604, .status = AVAILABLE, .value = {.int32Values = [1]{0}, .floatValues = [0]{}, .int64Values = [0]{}, .bytes = [0]{}, .stringValue = ""}}
12-30 10:33:08.498   398   464 D adayocomadapter-CommunicationManager: onUpstreamReceive mPropertyId 0x2140104c
12-30 10:33:08.498   398   464 D adayocomadapter-CommunicationManager: onUpstreamReceive mPropertyId 0x2140102c
12-30 10:33:08.498   398   464 D adayocomadapter-CommunicationManager: convertBytesToInt32Memcpy  0
12-30 10:33:08.498   398   464 I vw-vhal : notifyVehicleProperty, propId = 0x2140102c, data = {status: 2, int32Values: [0]}
12-30 10:33:08.498   398   464 I vw-vhal : CanSignalsAdapter::notifyVehicleProperty: solvedValue = {.timestamp = 6924319929156, .areaId = 0, .prop = 557846572, .status = AVAILABLE, .value = {.int32Values = [1]{0}, .floatValues = [0]{}, .int64Values = [0]{}, .bytes = [0]{}, .stringValue = ""}}
12-30 10:33:08.498   398   464 I VehiclePropertyStore: begin to write value to Store: {.timestamp = 6924319929156, .areaId = 0, .prop = 557846572, .status = AVAILABLE, .value = {.int32Values = [1]{0}, .floatValues = [0]{}, .int64Values = [0]{}, .bytes = [0]{}, .stringValue = ""}}
12-30 10:33:08.498   398   464 I DefaultVehicleHal_v2_0: DefaultVehicleHal::onPropertyValue, value:{.timestamp = 6924319929156, .areaId = 0, .prop = 557846572, .status = AVAILABLE, .value = {.int32Values = [1]{0}, .floatValues = [0]{}, .int64Values = [0]{}, .bytes = [0]{}, .stringValue = ""}}
12-30 10:33:08.498   398   464 D DiagPropHandler: is not DiagnosticConfig: 0x2140102c
12-30 10:33:08.498   398   464 I VehiclePropertyStore: begin to write value to Store: {.timestamp = 6924319929156, .areaId = 0, .prop = 557846572, .status = AVAILABLE, .value = {.int32Values = [1]{0}, .floatValues = [0]{}, .int64Values = [0]{}, .bytes = [0]{}, .stringValue = ""}}
12-30 10:33:08.498   398   464 D adayocomadapter-CommunicationManager: onUpstreamReceive mPropertyId 0x2140102c
12-30 10:33:08.498   398   464 D adayocomadapter-CommunicationManager: onUpstreamReceive mPropertyId 0x21402007
12-30 10:33:08.498   398   464 D adayocomadapter-CommunicationManager: convertBytesToInt32Memcpy  0
12-30 10:33:08.498   398   464 I vw-vhal : notifyVehicleProperty, propId = 0x21402007, data = {status: 2, int32Values: [0]}
12-30 10:33:08.498   398   464 I vw-vhal : CanSignalsAdapter::notifyVehicleProperty: solvedValue = {.timestamp = 6924320160156, .areaId = 0, .prop = 557850631, .status = AVAILABLE, .value = {.int32Values = [1]{0}, .floatValues = [0]{}, .int64Values = [0]{}, .bytes = [0]{}, .stringValue = ""}}
12-30 10:33:08.498   398   464 I VehiclePropertyStore: begin to write value to Store: {.timestamp = 6924320160156, .areaId = 0, .prop = 557850631, .status = AVAILABLE, .value = {.int32Values = [1]{0}, .floatValues = [0]{}, .int64Values = [0]{}, .bytes = [0]{}, .stringValue = ""}}
12-30 10:33:08.498   398   464 I DefaultVehicleHal_v2_0: DefaultVehicleHal::onPropertyValue, value:{.timestamp = 6924320160156, .areaId = 0, .prop = 557850631, .status = AVAILABLE, .value = {.int32Values = [1]{0}, .floatValues = [0]{}, .int64Values = [0]{}, .bytes = [0]{}, .stringValue = ""}}
12-30 10:33:08.498   398   464 D DiagPropHandler: is not DiagnosticConfig: 0x21402007
12-30 10:33:08.498   398   464 I VehiclePropertyStore: begin to write value to Store: {.timestamp = 6924320160156, .areaId = 0, .prop = 557850631, .status = AVAILABLE, .value = {.int32Values = [1]{0}, .floatValues = [0]{}, .int64Values = [0]{}, .bytes = [0]{}, .stringValue = ""}}
12-30 10:33:08.498   398   464 D adayocomadapter-CommunicationManager: onUpstreamReceive mPropertyId 0x21402007
12-30 10:33:08.498   398   464 D adayocomadapter-CommunicationManager: onUpstreamReceive mPropertyId 0x2140102f
12-30 10:33:08.498   398   464 D adayocomadapter-CommunicationManager: convertBytesToInt32Memcpy  0
12-30 10:33:08.498   398   464 I vw-vhal : notifyVehicleProperty, propId = 0x2140102f, data = {status: 2, int32Values: [0]}
12-30 10:33:08.498   398   464 I vw-vhal : CanSignalsAdapter::notifyVehicleProperty: solvedValue = {.timestamp = 6924320347490, .areaId = 0, .prop = 557846575, .status = AVAILABLE, .value = {.int32Values = [1]{0}, .floatValues = [0]{}, .int64Values = [0]{}, .bytes = [0]{}, .stringValue = ""}}
12-30 10:33:08.498   398   464 I VehiclePropertyStore: begin to write value to Store: {.timestamp = 6924320347490, .areaId = 0, .prop = 557846575, .status = AVAILABLE, .value = {.int32Values = [1]{0}, .floatValues = [0]{}, .int64Values = [0]{}, .bytes = [0]{}, .stringValue = ""}}
12-30 10:33:08.498   398   464 I DefaultVehicleHal_v2_0: DefaultVehicleHal::onPropertyValue, value:{.timestamp = 6924320347490, .areaId = 0, .prop = 557846575, .status = AVAILABLE, .value = {.int32Values = [1]{0}, .floatValues = [0]{}, .int64Values = [0]{}, .bytes = [0]{}, .stringValue = ""}}
12-30 10:33:08.498   398   464 D DiagPropHandler: is not DiagnosticConfig: 0x2140102f
12-30 10:33:08.498   398   464 I VehiclePropertyStore: begin to write value to Store: {.timestamp = 6924320347490, .areaId = 0, .prop = 557846575, .status = AVAILABLE, .value = {.int32Values = [1]{0}, .floatValues = [0]{}, .int64Values = [0]{}, .bytes = [0]{}, .stringValue = ""}}
12-30 10:33:08.498   398   464 D adayocomadapter-CommunicationManager: onUpstreamReceive mPropertyId 0x2140102f
12-30 10:33:08.498   398   464 D adayocomadapter-CommunicationManager: onUpstreamReceive mPropertyId 0x21401031
12-30 10:33:08.498   398   464 D adayocomadapter-CommunicationManager: convertBytesToInt32Memcpy  0
12-30 10:33:08.498   398   464 I vw-vhal : notifyVehicleProperty, propId = 0x21401031, data = {status: 2, int32Values: [0]}
12-30 10:33:08.498   398   464 I vw-vhal : CanSignalsAdapter::notifyVehicleProperty: solvedValue = {.timestamp = 6924320544490, .areaId = 0, .prop = 557846577, .status = AVAILABLE, .value = {.int32Values = [1]{0}, .floatValues = [0]{}, .int64Values = [0]{}, .bytes = [0]{}, .stringValue = ""}}
12-30 10:33:08.498   398   464 I VehiclePropertyStore: begin to write value to Store: {.timestamp = 6924320544490, .areaId = 0, .prop = 557846577, .status = AVAILABLE, .value = {.int32Values = [1]{0}, .floatValues = [0]{}, .int64Values = [0]{}, .bytes = [0]{}, .stringValue = ""}}
12-30 10:33:08.498   398   464 I DefaultVehicleHal_v2_0: DefaultVehicleHal::onPropertyValue, value:{.timestamp = 6924320544490, .areaId = 0, .prop = 557846577, .status = AVAILABLE, .value = {.int32Values = [1]{0}, .floatValues = [0]{}, .int64Values = [0]{}, .bytes = [0]{}, .stringValue = ""}}
12-30 10:33:08.498   398   464 D DiagPropHandler: is not DiagnosticConfig: 0x21401031
12-30 10:33:08.498   398   464 I VehiclePropertyStore: begin to write value to Store: {.timestamp = 6924320544490, .areaId = 0, .prop = 557846577, .status = AVAILABLE, .value = {.int32Values = [1]{0}, .floatValues = [0]{}, .int64Values = [0]{}, .bytes = [0]{}, .stringValue = ""}}
12-30 10:33:08.498   398   464 D adayocomadapter-CommunicationManager: onUpstreamReceive mPropertyId 0x21401031
12-30 10:33:08.498   398   464 D adayocomadapter-CommunicationManager: onUpstreamReceive mPropertyId 0x21402022
12-30 10:33:08.498   398   464 D adayocomadapter-CommunicationManager: convertBytesToInt32Memcpy  0
12-30 10:33:08.498   398   464 I vw-vhal : notifyVehicleProperty, propId = 0x21402022, data = {status: 2, int32Values: [0]}
12-30 10:33:08.498   398   464 I vw-vhal : CanSignalsAdapter::notifyVehicleProperty: solvedValue = {.timestamp = 6924320730823, .areaId = 0, .prop = 557850658, .status = AVAILABLE, .value = {.int32Values = [1]{0}, .floatValues = [0]{}, .int64Values = [0]{}, .bytes = [0]{}, .stringValue = ""}}
12-30 10:33:08.498   398   464 I VehiclePropertyStore: begin to write value to Store: {.timestamp = 6924320730823, .areaId = 0, .prop = 557850658, .status = AVAILABLE, .value = {.int32Values = [1]{0}, .floatValues = [0]{}, .int64Values = [0]{}, .bytes = [0]{}, .stringValue = ""}}
12-30 10:33:08.498   398   464 I DefaultVehicleHal_v2_0: DefaultVehicleHal::onPropertyValue, value:{.timestamp = 6924320730823, .areaId = 0, .prop = 557850658, .status = AVAILABLE, .value = {.int32Values = [1]{0}, .floatValues = [0]{}, .int64Values = [0]{}, .bytes = [0]{}, .stringValue = ""}}
12-30 10:33:08.498   398   464 D DiagPropHandler: is not DiagnosticConfig: 0x21402022
12-30 10:33:08.498   398   464 I VehiclePropertyStore: begin to write value to Store: {.timestamp = 6924320730823, .areaId = 0, .prop = 557850658, .status = AVAILABLE, .value = {.int32Values = [1]{0}, .floatValues = [0]{}, .int64Values = [0]{}, .bytes = [0]{}, .stringValue = ""}}
12-30 10:33:08.499   398   464 D adayocomadapter-CommunicationManager: onUpstreamReceive mPropertyId 0x21402022
12-30 10:33:08.499   398   464 D adayocomadapter-CommunicationManager: onUpstreamReceive mPropertyId 0x21402023
12-30 10:33:08.499   398   464 D adayocomadapter-CommunicationManager: convertBytesToInt32Memcpy  0
12-30 10:33:08.499   398   464 I vw-vhal : notifyVehicleProperty, propId = 0x21402023, data = {status: 2, int32Values: [0]}
12-30 10:33:08.499   398   464 I vw-vhal : CanSignalsAdapter::notifyVehicleProperty: solvedValue = {.timestamp = 6924320923823, .areaId = 0, .prop = 557850659, .status = AVAILABLE, .value = {.int32Values = [1]{0}, .floatValues = [0]{}, .int64Values = [0]{}, .bytes = [0]{}, .stringValue = ""}}
12-30 10:33:08.499   398   464 I VehiclePropertyStore: begin to write value to Store: {.timestamp = 6924320923823, .areaId = 0, .prop = 557850659, .status = AVAILABLE, .value = {.int32Values = [1]{0}, .floatValues = [0]{}, .int64Values = [0]{}, .bytes = [0]{}, .stringValue = ""}}
12-30 10:33:08.499   398   464 I DefaultVehicleHal_v2_0: DefaultVehicleHal::onPropertyValue, value:{.timestamp = 6924320923823, .areaId = 0, .prop = 557850659, .status = AVAILABLE, .value = {.int32Values = [1]{0}, .floatValues = [0]{}, .int64Values = [0]{}, .bytes = [0]{}, .stringValue = ""}}
12-30 10:33:08.499   398   464 D DiagPropHandler: is not DiagnosticConfig: 0x21402023
12-30 10:33:08.499   398   464 I VehiclePropertyStore: begin to write value to Store: {.timestamp = 6924320923823, .areaId = 0, .prop = 557850659, .status = AVAILABLE, .value = {.int32Values = [1]{0}, .floatValues = [0]{}, .int64Values = [0]{}, .bytes = [0]{}, .stringValue = ""}}
12-30 10:33:08.499   398   464 D adayocomadapter-CommunicationManager: onUpstreamReceive mPropertyId 0x21402023
12-30 10:33:08.499   398   464 D adayocomadapter-CommunicationManager: onUpstreamReceive mPropertyId 0x2140104d
12-30 10:33:08.499   398   464 D adayocomadapter-CommunicationManager: convertBytesToInt32Memcpy  0
12-30 10:33:08.499   398   464 I vw-vhal : notifyVehicleProperty, propId = 0x2140104d, data = {status: 2, int32Values: [0]}
12-30 10:33:08.499   398   464 I vw-vhal : CanSignalsAdapter::notifyVehicleProperty: solvedValue = {.timestamp = 6924321120823, .areaId = 0, .prop = 557846605, .status = AVAILABLE, .value = {.int32Values = [1]{0}, .floatValues = [0]{}, .int64Values = [0]{}, .bytes = [0]{}, .stringValue = ""}}
12-30 10:33:08.499   398   464 I VehiclePropertyStore: begin to write value to Store: {.timestamp = 6924321120823, .areaId = 0, .prop = 557846605, .status = AVAILABLE, .value = {.int32Values = [1]{0}, .floatValues = [0]{}, .int64Values = [0]{}, .bytes = [0]{}, .stringValue = ""}}
12-30 10:33:08.499   398   464 I DefaultVehicleHal_v2_0: DefaultVehicleHal::onPropertyValue, value:{.timestamp = 6924321120823, .areaId = 0, .prop = 557846605, .status = AVAILABLE, .value = {.int32Values = [1]{0}, .floatValues = [0]{}, .int64Values = [0]{}, .bytes = [0]{}, .stringValue = ""}}
12-30 10:33:08.499   398   464 D DiagPropHandler: is not DiagnosticConfig: 0x2140104d
12-30 10:33:08.499   398   464 I VehiclePropertyStore: begin to write value to Store: {.timestamp = 6924321120823, .areaId = 0, .prop = 557846605, .status = AVAILABLE, .value = {.int32Values = [1]{0}, .floatValues = [0]{}, .int64Values = [0]{}, .bytes = [0]{}, .stringValue = ""}}
12-30 10:33:08.499   398   464 D adayocomadapter-CommunicationManager: onUpstreamReceive mPropertyId 0x2140104d
12-30 10:33:08.511   360   931 D EvsDriver: forwardFrame
12-30 10:33:08.511   360   931 D EvsDriver: forwardFrameDirect
12-30 10:33:08.512   360   931 D EvsDriver: Delivered 0xb400e2ca9e40d090 as id 1
12-30 10:33:08.512   359  2784 D evsmanagerd: /dev/video-evs0 forwarded the buffer #1 to 0xb400f125d2b26dd0 from 0xb400f125e2b20710
12-30 10:33:08.517   360   458 D EvsDriver: doneWithFrame
12-30 10:33:08.528  2358  2623 D RcfController: Rcf proxy is not connected!
12-30 10:33:08.545   360   931 D EvsDriver: forwardFrame
12-30 10:33:08.545   360   931 D EvsDriver: forwardFrameDirect
12-30 10:33:08.545   360   931 D EvsDriver: Delivered 0xb400e2ca9e40e110 as id 0
12-30 10:33:08.545   359  2784 D evsmanagerd: /dev/video-evs0 forwarded the buffer #0 to 0xb400f125d2b26dd0 from 0xb400f125e2b20710
12-30 10:33:08.547   360   458 D EvsDriver: doneWithFrame
12-30 10:33:08.556   596  3076 E WifiHAL : Invalid data received from driver
12-30 10:33:08.578  2358  2623 D RcfController: Rcf proxy is not connected!
12-30 10:33:08.578   360   931 D EvsDriver: forwardFrame
12-30 10:33:08.578   360   931 D EvsDriver: forwardFrameDirect
12-30 10:33:08.578   360   931 D EvsDriver: Delivered 0xb400e2ca9e40c7a0 as id 1
12-30 10:33:08.578   359  2784 D evsmanagerd: /dev/video-evs0 forwarded the buffer #1 to 0xb400f125d2b26dd0 from 0xb400f125e2b20710
12-30 10:33:08.587  3066  3066 D hostapd : nl80211: BSS Event 59 (NL80211_CMD_FRAME) received for wlan1
12-30 10:33:08.587  3066  3066 D hostapd : nl80211: RX frame da=ff:ff:ff:ff:ff:ff sa=ee:74:72:d7:de:af bssid=ee:74:72:d7:de:af freq=5745 ssi_signal=-9200 fc=0xd0 seq_ctrl=0x3d00 stype=13 (WLAN_FC_STYPE_ACTION) len=42
12-30 10:33:08.587  3066  3066 D hostapd : wlan1: Event RX_MGMT (18) received
12-30 10:33:08.587  3066  3066 D hostapd : Receive wpa msg : Event RX_MGMT (18) received
12-30 10:33:08.588   360   458 D EvsDriver: doneWithFrame
12-30 10:33:08.588   596  3076 E WifiHAL : Invalid data received from driver
12-30 10:33:08.611   360   931 D EvsDriver: forwardFrame
12-30 10:33:08.611   360   931 D EvsDriver: forwardFrameDirect
12-30 10:33:08.612   360   931 D EvsDriver: Delivered 0xb400e2ca9e40e270 as id 0
12-30 10:33:08.612   359  2784 D evsmanagerd: /dev/video-evs0 forwarded the buffer #0 to 0xb400f125d2b26dd0 from 0xb400f125e2b20710
12-30 10:33:08.618   360   458 D EvsDriver: doneWithFrame
12-30 10:33:08.628  3066  3066 D hostapd : nl80211: BSS Event 59 (NL80211_CMD_FRAME) received for wlan1
12-30 10:33:08.628  3066  3066 D hostapd : nl80211: RX frame da=ff:ff:ff:ff:ff:ff sa=ee:74:72:d7:de:af bssid=ee:74:72:d7:de:af freq=5745 ssi_signal=-9100 fc=0xd0 seq_ctrl=0x3d40 stype=13 (WLAN_FC_STYPE_ACTION) len=42
12-30 10:33:08.628  2358  2623 D RcfController: Rcf proxy is not connected!
12-30 10:33:08.628  3066  3066 D hostapd : wlan1: Event RX_MGMT (18) received
12-30 10:33:08.628  3066  3066 D hostapd : Receive wpa msg : Event RX_MGMT (18) received
12-30 10:33:08.645   360   931 D EvsDriver: forwardFrame
12-30 10:33:08.645   360   931 D EvsDriver: forwardFrameDirect
12-30 10:33:08.645   360   931 D EvsDriver: Delivered 0xb400e2ca9e40d4b0 as id 1
12-30 10:33:08.645   359  2784 D evsmanagerd: /dev/video-evs0 forwarded the buffer #1 to 0xb400f125d2b26dd0 from 0xb400f125e2b20710
12-30 10:33:08.648   360   458 D EvsDriver: doneWithFrame
12-30 10:33:08.659  1667  2513 W ContextImpl: Calling a method in the system process without a qualified user: android.app.ContextImpl.bindService:1988 android.content.ContextWrapper.bindService:861 com.ford.sync.fnvservice.analytics.AnalyticsManager$RetryHandler.a:126 com.ford.sync.fnvservice.analytics.AnalyticsManager$RetryHandler.handleMessage:103 android.os.Handler.dispatchMessage:106 
12-30 10:33:08.660   916  3726 W ActivityManager: Unable to start service Intent { cmp=com.ford.sync.fnvservice/.analytics.AnalyticsService } U=0: not found
12-30 10:33:08.660  1667  2513 W AnalyticsManager:  bind ford Analytics failed -> sendRetryMessage 
12-30 10:33:08.665   596  3076 E WifiHAL : Invalid data received from driver
12-30 10:33:08.669  1667  2407 I media_message_log->MediaMessageProxy: (SourceFile:1)b connectToService action bind
12-30 10:33:08.670   916  3726 W ActivityManager: Unable to start service Intent { cmp=com.adayo.server.mediamessagetransfer/.MediaMessTransferService (has extras) } U=0: not found
12-30 10:33:08.670  1667  2407 E media_message_log->MediaMessageProxy: (SourceFile:7)a bindServiceAsUser isBound = false
12-30 10:33:08.678   360   931 D EvsDriver: forwardFrame
12-30 10:33:08.678   360   931 D EvsDriver: forwardFrameDirect
12-30 10:33:08.678   360   931 D EvsDriver: Delivered 0xb400e2ca9e40c2d0 as id 0
12-30 10:33:08.678   359  2784 D evsmanagerd: /dev/video-evs0 forwarded the buffer #0 to 0xb400f125d2b26dd0 from 0xb400f125e2b20710
12-30 10:33:08.678  2358  2623 D RcfController: Rcf proxy is not connected!
12-30 10:33:08.688   360   458 D EvsDriver: doneWithFrame
12-30 10:33:08.695   650   729 D fgemcucomm: sd Uart data : 6AA602D831000292025F
12-30 10:33:08.695   650   729 D fgemcucomm: rev uart=57250,len=17, data : 6AA681D83100099202000A0000000000CF
12-30 10:33:08.695   398  2883 D adayocomadapter-ParseProtocolFunc: printRaWMsg Name[MCUToUPstream recv] len[9] data[9202000A0000000000]
12-30 10:33:08.695   398  2883 D adayocomadapter-CommunicationManager: onUpstreamback   member[0] dataLength[6] timePoint[6924517]
12-30 10:33:08.695   398  2883 D adayocomadapter-ParseProtocolFunc: printRaWMsg Name[onUpstreamback] len[6] data[0A0000000000]
12-30 10:33:08.695   398   464 D adayocomadapter-UpstreamHandler: processBeforePacket upSreamtProcessTimePoint[6924517] 
12-30 10:33:08.695   398   464 D adayocomadapter-UpstreamHandler: processPacket UPSTREAM_QUEUE_DATA_TIMEOUT
12-30 10:33:08.695   398   464 D adayocomadapter-ParseProtocolFunc: parseCommonIPCLBytes Processing tableNumber[10]
12-30 10:33:08.695   398   464 D adayocomadapter-ParseProtocolFunc: parseCommonIPCLBytes Processing tablename[Table-10] tableSize[6]
12-30 10:33:08.695   398   464 D adayocomadapter-ParseProtocolFunc: printRaWMsg Name[byteStream recv] len[6] data[0A0000000000]
12-30 10:33:08.695   398   464 D adayocomadapter-ParseProtocolFunc: printRaWMsg Name[IPCLtoVHAL] len[9] data[2140201C0000000000]
12-30 10:33:08.695   398   464 D adayocomadapter-ParseProtocolFunc: printRaWMsg Name[IPCLtoVHAL] len[6] data[214022320000]
12-30 10:33:08.695   398   464 D adayocomadapter-CommunicationManager: onUpstreamReceive mPropertyId 0x2140201c
12-30 10:33:08.695   398   464 D adayocomadapter-CommunicationManager: convertBytesToInt32Memcpy  0
12-30 10:33:08.695   398   464 I vw-vhal : notifyVehicleProperty, propId = 0x2140201c, data = {status: 2, int32Values: [0]}
12-30 10:33:08.695   398   464 I vw-vhal : CanSignalsAdapter::notifyVehicleProperty: solvedValue = {.timestamp = 6924517749823, .areaId = 0, .prop = 557850652, .status = AVAILABLE, .value = {.int32Values = [1]{0}, .floatValues = [0]{}, .int64Values = [0]{}, .bytes = [0]{}, .stringValue = ""}}
12-30 10:33:08.695   398   464 I VehiclePropertyStore: begin to write value to Store: {.timestamp = 6924517749823, .areaId = 0, .prop = 557850652, .status = AVAILABLE, .value = {.int32Values = [1]{0}, .floatValues = [0]{}, .int64Values = [0]{}, .bytes = [0]{}, .stringValue = ""}}
12-30 10:33:08.695   398   464 I DefaultVehicleHal_v2_0: DefaultVehicleHal::onPropertyValue, value:{.timestamp = 6924517749823, .areaId = 0, .prop = 557850652, .status = AVAILABLE, .value = {.int32Values = [1]{0}, .floatValues = [0]{}, .int64Values = [0]{}, .bytes = [0]{}, .stringValue = ""}}
12-30 10:33:08.696   398   464 D DiagPropHandler: is not DiagnosticConfig: 0x2140201c
12-30 10:33:08.696   398   464 I VehiclePropertyStore: begin to write value to Store: {.timestamp = 6924517749823, .areaId = 0, .prop = 557850652, .status = AVAILABLE, .value = {.int32Values = [1]{0}, .floatValues = [0]{}, .int64Values = [0]{}, .bytes = [0]{}, .stringValue = ""}}
12-30 10:33:08.696   398   464 D adayocomadapter-CommunicationManager: onUpstreamReceive mPropertyId 0x2140201c
12-30 10:33:08.696   398   464 D adayocomadapter-CommunicationManager: onUpstreamReceive mPropertyId 0x21402232
12-30 10:33:08.696   398   464 D adayocomadapter-CommunicationManager: convertBytesToInt32Memcpy  0
12-30 10:33:08.696   398   464 I vw-vhal : notifyVehicleProperty, propId = 0x21402232, data = {status: 2, int32Values: [0]}
12-30 10:33:08.696   398   464 I vw-vhal : CanSignalsAdapter::notifyVehicleProperty: solvedValue = {.timestamp = 6924517976490, .areaId = 0, .prop = 557851186, .status = AVAILABLE, .value = {.int32Values = [1]{0}, .floatValues = [0]{}, .int64Values = [0]{}, .bytes = [0]{}, .stringValue = ""}}
12-30 10:33:08.696   398   464 I VehiclePropertyStore: begin to write value to Store: {.timestamp = 6924517976490, .areaId = 0, .prop = 557851186, .status = AVAILABLE, .value = {.int32Values = [1]{0}, .floatValues = [0]{}, .int64Values = [0]{}, .bytes = [0]{}, .stringValue = ""}}
12-30 10:33:08.696   398   464 I DefaultVehicleHal_v2_0: DefaultVehicleHal::onPropertyValue, value:{.timestamp = 6924517976490, .areaId = 0, .prop = 557851186, .status = AVAILABLE, .value = {.int32Values = [1]{0}, .floatValues = [0]{}, .int64Values = [0]{}, .bytes = [0]{}, .stringValue = ""}}
12-30 10:33:08.696   398   464 D DiagPropHandler: is not DiagnosticConfig: 0x21402232
12-30 10:33:08.696   398   464 I VehiclePropertyStore: begin to write value to Store: {.timestamp = 6924517976490, .areaId = 0, .prop = 557851186, .status = AVAILABLE, .value = {.int32Values = [1]{0}, .floatValues = [0]{}, .int64Values = [0]{}, .bytes = [0]{}, .stringValue = ""}}
12-30 10:33:08.696   398   464 D adayocomadapter-CommunicationManager: onUpstreamReceive mPropertyId 0x21402232
12-30 10:33:08.711   360   931 D EvsDriver: forwardFrame
12-30 10:33:08.711   360   931 D EvsDriver: forwardFrameDirect
12-30 10:33:08.712   360   931 D EvsDriver: Delivered 0xb400e2ca9e40d090 as id 1
12-30 10:33:08.712   359  2784 D evsmanagerd: /dev/video-evs0 forwarded the buffer #1 to 0xb400f125d2b26dd0 from 0xb400f125e2b20710
12-30 10:33:08.719   360   458 D EvsDriver: doneWithFrame
12-30 10:33:08.721   596  3076 E WifiHAL : Invalid data received from driver
12-30 10:33:08.721  3066  3066 D hostapd : nl80211: BSS Event 59 (NL80211_CMD_FRAME) received for wlan1
12-30 10:33:08.721  3066  3066 D hostapd : nl80211: RX frame da=ff:ff:ff:ff:ff:ff sa=ee:74:72:d7:de:af bssid=ee:74:72:d7:de:af freq=5745 ssi_signal=-9000 fc=0xd0 seq_ctrl=0x3db0 stype=13 (WLAN_FC_STYPE_ACTION) len=42
12-30 10:33:08.721  3066  3066 D hostapd : wlan1: Event RX_MGMT (18) received
12-30 10:33:08.721  3066  3066 D hostapd : Receive wpa msg : Event RX_MGMT (18) received
12-30 10:33:08.728  2358  2623 D RcfController: Rcf proxy is not connected!
12-30 10:33:08.745   360   931 D EvsDriver: forwardFrame
12-30 10:33:08.745   360   931 D EvsDriver: forwardFrameDirect
12-30 10:33:08.745   360   931 D EvsDriver: Delivered 0xb400e2ca9e40e110 as id 0
12-30 10:33:08.745   359  2784 D evsmanagerd: /dev/video-evs0 forwarded the buffer #0 to 0xb400f125d2b26dd0 from 0xb400f125e2b20710
12-30 10:33:08.748   798 25768 W adbd    : timed out while waiting for FUNCTIONFS_BIND, trying again
12-30 10:33:08.748   798 25768 I adbd    : UsbFfs: connection terminated: monitor thread finished
12-30 10:33:08.749   798   798 I adbd    : UsbFfs: already offline
12-30 10:33:08.749   798   798 I adbd    : destroying transport UsbFfs
12-30 10:33:08.749   798   798 I adbd    : UsbFfsConnection being destroyed
12-30 10:33:08.749   360   458 D EvsDriver: doneWithFrame
12-30 10:33:08.772   596  3076 E WifiHAL : Invalid data received from driver
12-30 10:33:08.772  3066  3066 D hostapd : nl80211: BSS Event 59 (NL80211_CMD_FRAME) received for wlan1
12-30 10:33:08.772  3066  3066 D hostapd : nl80211: RX frame da=ff:ff:ff:ff:ff:ff sa=ee:74:72:d7:de:af bssid=ee:74:72:d7:de:af freq=5745 ssi_signal=-9000 fc=0xd0 seq_ctrl=0x3dd0 stype=13 (WLAN_FC_STYPE_ACTION) len=42
12-30 10:33:08.772  3066  3066 D hostapd : wlan1: Event RX_MGMT (18) received
12-30 10:33:08.772  3066  3066 D hostapd : Receive wpa msg : Event RX_MGMT (18) received
12-30 10:33:08.778   360   931 D EvsDriver: forwardFrame
12-30 10:33:08.778   360   931 D EvsDriver: forwardFrameDirect
12-30 10:33:08.778   360   931 D EvsDriver: Delivered 0xb400e2ca9e40c7a0 as id 1
12-30 10:33:08.778   359  2784 D evsmanagerd: /dev/video-evs0 forwarded the buffer #1 to 0xb400f125d2b26dd0 from 0xb400f125e2b20710
12-30 10:33:08.779  2358  2623 D RcfController: Rcf proxy is not connected!
12-30 10:33:08.779   360   458 D EvsDriver: doneWithFrame
12-30 10:33:08.782   798   838 I adbd    : opening control endpoint /dev/usb-ffs/adb/ep0
12-30 10:33:08.783   798   838 I adbd    : UsbFfsConnection constructed
12-30 10:33:08.783   650   729 D fgemcucomm: sd Uart data : 6AA602D832000292025E
12-30 10:33:08.783   650   729 D fgemcucomm: rev uart=57251,len=109, data : 6AA681D832006592020010000000000000000000000000000000000000000000000000000000000000000000000000000000000000000000000000000000000000000000000000000000000000000000000000000000000000000000000000000000000000000000000000006C
12-30 10:33:08.783   398  2883 D adayocomadapter-ParseProtocolFunc: printRaWMsg Name[MCUToUPstream recv] len[101] data[9202001000000000000000000000000000000000000000000000000000000000000000000000000000000000000000000000000000000000000000000000000000000000000000000000000000000000000000000000000000000000000000000000000000]
12-30 10:33:08.783   798 25799 I adbd    : UsbFfs-monitor thread spawned
12-30 10:33:08.783   398  2883 D adayocomadapter-CommunicationManager: onUpstreamback   member[0] dataLength[98] timePoint[6924605]
12-30 10:33:08.783   398  2883 D adayocomadapter-ParseProtocolFunc: printRaWMsg Name[onUpstreamback] len[98] data[1000000000000000000000000000000000000000000000000000000000000000000000000000000000000000000000000000000000000000000000000000000000000000000000000000000000000000000000000000000000000000000000000000]
12-30 10:33:08.783   398   464 D adayocomadapter-UpstreamHandler: processBeforePacket upSreamtProcessTimePoint[6924605] 
12-30 10:33:08.783   398   464 D adayocomadapter-UpstreamHandler: processPacket UPSTREAM_QUEUE_DATA_TIMEOUT
12-30 10:33:08.783   398   464 D adayocomadapter-ParseProtocolFunc: parseCommonIPCLBytes Processing tableNumber[16]
12-30 10:33:08.783   398   464 D adayocomadapter-ParseProtocolFunc: parseCommonIPCLBytes Processing tablename[Table-16] tableSize[98]
12-30 10:33:08.783   398   464 D adayocomadapter-ParseProtocolFunc: printRaWMsg Name[byteStream recv] len[98] data[1000000000000000000000000000000000000000000000000000000000000000000000000000000000000000000000000000000000000000000000000000000000000000000000000000000000000000000000000000000000000000000000000000]
12-30 10:33:08.783   398   464 D adayocomadapter-ParseProtocolFunc: printRaWMsg Name[IPCLtoVHAL] len[6] data[214021B10000]
12-30 10:33:08.783   398   464 D adayocomadapter-ParseProtocolFunc: printRaWMsg Name[IPCLtoVHAL] len[6] data[214022120000]
12-30 10:33:08.783   398   464 D adayocomadapter-ParseProtocolFunc: printRaWMsg Name[IPCLtoVHAL] len[6] data[214021B20000]
12-30 10:33:08.783   398   464 D adayocomadapter-ParseProtocolFunc: printRaWMsg Name[IPCLtoVHAL] len[6] data[214021BD0000]
12-30 10:33:08.783   398   464 D adayocomadapter-ParseProtocolFunc: printRaWMsg Name[IPCLtoVHAL] len[6] data[2140221E0000]
12-30 10:33:08.783   398   464 D adayocomadapter-ParseProtocolFunc: printRaWMsg Name[IPCLtoVHAL] len[6] data[214021B30000]
12-30 10:33:08.783   398   464 D adayocomadapter-ParseProtocolFunc: printRaWMsg Name[IPCLtoVHAL] len[6] data[214022140000]
12-30 10:33:08.783   398   464 D adayocomadapter-ParseProtocolFunc: printRaWMsg Name[IPCLtoVHAL] len[6] data[214021B40000]
12-30 10:33:08.784   398   464 D adayocomadapter-ParseProtocolFunc: printRaWMsg Name[IPCLtoVHAL] len[6] data[214021530000]
