12-30 10:33:15.078   360   931 D EvsDriver: forwardFrame
12-30 10:33:15.078   360   931 D EvsDriver: forwardFrameDirect
12-30 10:33:15.078   360   931 D EvsDriver: Delivered 0xb400e2ca9e40c2d0 as id 0
12-30 10:33:15.078   359  2784 D evsmanagerd: /dev/video-evs0 forwarded the buffer #0 to 0xb400f125d2b26dd0 from 0xb400f125e2b20710
12-30 10:33:15.079   596  3076 E WifiHAL : Invalid data received from driver
12-30 10:33:15.079  3066  3066 D hostapd : nl80211: BSS Event 59 (NL80211_CMD_FRAME) received for wlan1
12-30 10:33:15.079  3066  3066 D hostapd : nl80211: RX frame da=ff:ff:ff:ff:ff:ff sa=ee:74:72:d7:de:af bssid=ee:74:72:d7:de:af freq=5745 ssi_signal=-9100 fc=0xd0 seq_ctrl=0x5360 stype=13 (WLAN_FC_STYPE_ACTION) len=42
12-30 10:33:15.079  3066  3066 D hostapd : wlan1: Event RX_MGMT (18) received
12-30 10:33:15.079  3066  3066 D hostapd : Receive wpa msg : Event RX_MGMT (18) received
12-30 10:33:15.086   798   838 I adbd    : opening control endpoint /dev/usb-ffs/adb/ep0
12-30 10:33:15.087   798   838 I adbd    : UsbFfsConnection constructed
12-30 10:33:15.087   798 25849 I adbd    : UsbFfs-monitor thread spawned
12-30 10:33:15.087   360   458 D EvsDriver: doneWithFrame
01-01 09:55:32.096   838   838 I         : read strings
01-01 09:55:32.098     1     1 I init    : Command 'symlink /config/usb_gadget/g1/functions/ffs.adb /config/usb_gadget/g1/configs/b.1/f1' action=sys.usb.config=adb && sys.usb.configfs=1 && sys.usb.ffs.ready=1 (/system/etc/init/hw/init.usb.configfs.rc:22) took 0ms and failed: symlink() failed: File exists
01-01 09:55:32.100     1     1 I init    : processing action (sys.usb.config=adb && sys.usb.configfs=1 && sys.usb.ffs.ready=1) from (/vendor/etc/init/init.x9hp_ms.usb.rc:72)
12-30 10:33:15.110  2358  2623 D RcfController: Rcf proxy is not connected!
12-30 10:33:15.111   360   931 D EvsDriver: forwardFrame
12-30 10:33:15.111   360   931 D EvsDriver: forwardFrameDirect
12-30 10:33:15.111   360   931 D EvsDriver: Delivered 0xb400e2ca9e40d090 as id 1
12-30 10:33:15.112   359  2784 D evsmanagerd: /dev/video-evs0 forwarded the buffer #1 to 0xb400f125d2b26dd0 from 0xb400f125e2b20710
12-30 10:33:15.114 25850 25850 I ADAYO_LOG_TRACE_RESOURCE: folder_size:0
12-30 10:33:15.118   360   458 D EvsDriver: doneWithFrame
12-30 10:33:15.133   665  1525 I gps_hdbd: [gps_upgrade_thread 3403]Enter
12-30 10:33:15.133   665  1525 I gps_hdbd: [gps_upgrade_thread 3432] sys.gps.update:0 ,file:not ,upgrate_ing:0
12-30 10:33:15.141   596  3076 E WifiHAL : Invalid data received from driver
12-30 10:33:15.145   360   931 D EvsDriver: forwardFrame
12-30 10:33:15.145   360   931 D EvsDriver: forwardFrameDirect
12-30 10:33:15.145   360   931 D EvsDriver: Delivered 0xb400e2ca9e40e110 as id 0
12-30 10:33:15.145   359  2784 D evsmanagerd: /dev/video-evs0 forwarded the buffer #0 to 0xb400f125d2b26dd0 from 0xb400f125e2b20710
12-30 10:33:15.148   360   458 D EvsDriver: doneWithFrame
12-30 10:33:15.151  3066  3066 D hostapd : nl80211: BSS Event 59 (NL80211_CMD_FRAME) received for wlan1
12-30 10:33:15.151  3066  3066 D hostapd : nl80211: RX frame da=ff:ff:ff:ff:ff:ff sa=ee:74:72:d7:de:af bssid=ee:74:72:d7:de:af freq=5745 ssi_signal=-9000 fc=0xd0 seq_ctrl=0x53a0 stype=13 (WLAN_FC_STYPE_ACTION) len=42
12-30 10:33:15.151  3066  3066 D hostapd : wlan1: Event RX_MGMT (18) received
12-30 10:33:15.151  3066  3066 D hostapd : Receive wpa msg : Event RX_MGMT (18) received
12-30 10:33:15.155  1667  2594 W ContextImpl: Calling a method in the system process without a qualified user: android.app.ContextImpl.bindService:1988 android.content.ContextWrapper.bindService:861 com.ford.sync.fnvservice.FordFnv.c:202 com.ford.sync.fnvservice.FordFnv.c:43 com.ford.sync.fnvservice.FordFnv$RetryHandler.handleMessage:245 
12-30 10:33:15.155   916  3726 W ActivityManager: Unable to start service Intent { cmp=com.ford.sync.fnvservice/.FordFnvService } U=0: not found
12-30 10:33:15.156  1667  2594 W FordFnv :  bind ford fnv failed -> sendRetryMessage 
12-30 10:33:15.161  2358  2623 D RcfController: Rcf proxy is not connected!
12-30 10:33:15.173  3066  3066 D hostapd : nl80211: BSS Event 59 (NL80211_CMD_FRAME) received for wlan1
12-30 10:33:15.173   596  3076 E WifiHAL : Invalid data received from driver
12-30 10:33:15.173  3066  3066 D hostapd : nl80211: RX frame da=ff:ff:ff:ff:ff:ff sa=ee:74:72:d7:de:af bssid=ee:74:72:d7:de:af freq=5745 ssi_signal=-9000 fc=0xd0 seq_ctrl=0x53b0 stype=13 (WLAN_FC_STYPE_ACTION) len=42
12-30 10:33:15.173  3066  3066 D hostapd : wlan1: Event RX_MGMT (18) received
12-30 10:33:15.173  3066  3066 D hostapd : Receive wpa msg : Event RX_MGMT (18) received
12-30 10:33:15.178   360   931 D EvsDriver: forwardFrame
12-30 10:33:15.178   360   931 D EvsDriver: forwardFrameDirect
12-30 10:33:15.178   360   931 D EvsDriver: Delivered 0xb400e2ca9e40c7a0 as id 1
12-30 10:33:15.178   359  2784 D evsmanagerd: /dev/video-evs0 forwarded the buffer #1 to 0xb400f125d2b26dd0 from 0xb400f125e2b20710
12-30 10:33:15.188   360   458 D EvsDriver: doneWithFrame
12-30 10:33:15.211  2358  2623 D RcfController: Rcf proxy is not connected!
12-30 10:33:15.211   360   931 D EvsDriver: forwardFrame
12-30 10:33:15.211   360   931 D EvsDriver: forwardFrameDirect
12-30 10:33:15.211   360   931 D EvsDriver: Delivered 0xb400e2ca9e40e270 as id 0
12-30 10:33:15.212   359  2784 D evsmanagerd: /dev/video-evs0 forwarded the buffer #0 to 0xb400f125d2b26dd0 from 0xb400f125e2b20710
12-30 10:33:15.219   360   458 D EvsDriver: doneWithFrame
12-30 10:33:15.223   596  3076 E WifiHAL : Invalid data received from driver
12-30 10:33:15.223  3066  3066 D hostapd : nl80211: BSS Event 59 (NL80211_CMD_FRAME) received for wlan1
12-30 10:33:15.223  3066  3066 D hostapd : nl80211: RX frame da=ff:ff:ff:ff:ff:ff sa=ee:74:72:d7:de:af bssid=ee:74:72:d7:de:af freq=5745 ssi_signal=-9100 fc=0xd0 seq_ctrl=0x53d0 stype=13 (WLAN_FC_STYPE_ACTION) len=42
12-30 10:33:15.223  3066  3066 D hostapd : wlan1: Event RX_MGMT (18) received
12-30 10:33:15.223  3066  3066 D hostapd : Receive wpa msg : Event RX_MGMT (18) received
12-30 10:33:15.243  3066  3066 D hostapd : nl80211: BSS Event 59 (NL80211_CMD_FRAME) received for wlan1
12-30 10:33:15.243  3066  3066 D hostapd : nl80211: RX frame da=ff:ff:ff:ff:ff:ff sa=ee:74:72:d7:de:af bssid=ee:74:72:d7:de:af freq=5745 ssi_signal=-9000 fc=0xd0 seq_ctrl=0x53e0 stype=13 (WLAN_FC_STYPE_ACTION) len=42
12-30 10:33:15.243  3066  3066 D hostapd : wlan1: Event RX_MGMT (18) received
12-30 10:33:15.243  3066  3066 D hostapd : Receive wpa msg : Event RX_MGMT (18) received
12-30 10:33:15.245   360   931 D EvsDriver: forwardFrame
12-30 10:33:15.245   360   931 D EvsDriver: forwardFrameDirect
12-30 10:33:15.245   360   931 D EvsDriver: Delivered 0xb400e2ca9e40d4b0 as id 1
12-30 10:33:15.245   359  2784 D evsmanagerd: /dev/video-evs0 forwarded the buffer #1 to 0xb400f125d2b26dd0 from 0xb400f125e2b20710
12-30 10:33:15.249   360   458 D EvsDriver: doneWithFrame
12-30 10:33:15.252   596  3076 E WifiHAL : Invalid data received from driver
12-30 10:33:15.261  2358  2623 D RcfController: Rcf proxy is not connected!
12-30 10:33:15.264  3066  3066 D hostapd : nl80211: BSS Event 59 (NL80211_CMD_FRAME) received for wlan1
12-30 10:33:15.264  3066  3066 D hostapd : nl80211: RX frame da=ff:ff:ff:ff:ff:ff sa=ee:74:72:d7:de:af bssid=ee:74:72:d7:de:af freq=5745 ssi_signal=-9100 fc=0xd0 seq_ctrl=0x53f0 stype=13 (WLAN_FC_STYPE_ACTION) len=42
12-30 10:33:15.264  3066  3066 D hostapd : wlan1: Event RX_MGMT (18) received
12-30 10:33:15.264  3066  3066 D hostapd : Receive wpa msg : Event RX_MGMT (18) received
12-30 10:33:15.278   360   931 D EvsDriver: forwardFrame
12-30 10:33:15.278   360   931 D EvsDriver: forwardFrameDirect
12-30 10:33:15.278   360   931 D EvsDriver: Delivered 0xb400e2ca9e40c2d0 as id 0
12-30 10:33:15.278   359  2784 D evsmanagerd: /dev/video-evs0 forwarded the buffer #0 to 0xb400f125d2b26dd0 from 0xb400f125e2b20710
12-30 10:33:15.279   360   458 D EvsDriver: doneWithFrame
12-30 10:33:15.306   596  3076 E WifiHAL : Invalid data received from driver
12-30 10:33:15.306   596  3076 E WifiHAL : Invalid data received from driver
12-30 10:33:15.306   596  3076 E WifiHAL : Invalid data received from driver
12-30 10:33:15.306   596  3076 E WifiHAL : Invalid data received from driver
12-30 10:33:15.306   596  3076 E WifiHAL : Invalid data received from driver
12-30 10:33:15.306   596  3076 E WifiHAL : Invalid data received from driver
12-30 10:33:15.306   596  3076 E WifiHAL : Invalid data received from driver
12-30 10:33:15.310  2475  2681 I TtsServiceAgent: check thread start checking, threadId = 29
12-30 10:33:15.310  2475  2681 D TtsServiceAgent: start bind service...
12-30 10:33:15.310  2475  2681 D TtsServiceAgent: ----->initService, usage = 16
12-30 10:33:15.310  2475  2681 W ContextImpl: Calling a method in the system process without a qualified user: android.app.ContextImpl.bindService:1988 android.content.ContextWrapper.bindService:861 com.iflytek.autofly.ttsaidl.ttsproxy.TtsServiceAgent.initService:189 com.iflytek.autofly.ttsaidl.ttsproxy.TtsServiceAgent.initService:133 com.iflytek.autofly.ttsaidl.ttsproxy.TtsServiceAgent$2.run:517 
12-30 10:33:15.311   916  3726 W ActivityManager: Unable to start service Intent { act=com.iflytek.autofly.tts.ttsservice.TtsAdapterService cmp=com.iflytek.cutefly.speechclient.hmi/com.iflytek.autofly.tts.ttsservice.TtsAdapterService } U=0: not found
12-30 10:33:15.311  2475  2681 D TtsServiceAgent: bindService: false
12-30 10:33:15.311  2475  2681 D TtsServiceAgent: start reInitService
12-30 10:33:15.311  2475  2681 D TtsServiceAgent: aidlCheckThreadRunning = true
12-30 10:33:15.311   360   931 D EvsDriver: forwardFrame
12-30 10:33:15.311  2475  2681 D TtsServiceAgent: ----->check connection status in 1000s...
12-30 10:33:15.311   360   931 D EvsDriver: forwardFrameDirect
12-30 10:33:15.311  2358  2623 D RcfController: Rcf proxy is not connected!
12-30 10:33:15.311   360   931 D EvsDriver: Delivered 0xb400e2ca9e40d090 as id 1
12-30 10:33:15.311   359  2784 D evsmanagerd: /dev/video-evs0 forwarded the buffer #1 to 0xb400f125d2b26dd0 from 0xb400f125e2b20710
12-30 10:33:15.313   596  3076 E WifiHAL : Invalid data received from driver
12-30 10:33:15.318  3066  3066 D hostapd : nl80211: BSS Event 59 (NL80211_CMD_FRAME) received for wlan1
12-30 10:33:15.318  3066  3066 D hostapd : nl80211: RX frame da=ff:ff:ff:ff:ff:ff sa=cc:53:69:80:0a:c9 bssid=ff:ff:ff:ff:ff:ff freq=5745 ssi_signal=-8800 fc=0x40 seq_ctrl=0x24d0 stype=4 (WLAN_FC_STYPE_PROBE_REQ) len=260
12-30 10:33:15.318  3066  3066 D hostapd : Receive wpa msg : Event RX_MGMT (18) received
12-30 10:33:15.318  3066  3066 D hostapd : Receive wpa msg : RX-PROBE-REQUEST sa=cc:53:69:80:0a:c9 signal=-8800
12-30 10:33:15.318  3066  3066 D hostapd : nl80211: send_mlme - da=cc:53:69:80:0a:c9 noack=1 freq=0 no_cck=0 offchanok=0 wait_time=0 no_encrypt=0 fc=0x50 (WLAN_FC_STYPE_PROBE_RESP) nlmode=3
12-30 10:33:15.318  3066  3066 D hostapd : nl80211: Use bss->freq=5745
12-30 10:33:15.318  3066  3066 D hostapd : nl80211: send_mlme -> send_frame_cmd
12-30 10:33:15.318   596  3076 E WifiHAL : Invalid data received from driver
12-30 10:33:15.318  3066  3066 D hostapd : nl80211: Drv Event 60 (NL80211_CMD_FRAME_TX_STATUS) received for wlan1
12-30 10:33:15.318  3066  3066 D hostapd : nl80211: Frame TX status event A1=cc:53:69:80:0a:c9 stype=5 cookie=0x0 ack=0
12-30 10:33:15.318  3066  3066 D hostapd : wlan1: Event TX_STATUS (16) received
12-30 10:33:15.318  3066  3066 D hostapd : Receive wpa msg : Event TX_STATUS (16) received
12-30 10:33:15.320   360   458 D EvsDriver: doneWithFrame
12-30 10:33:15.324 25858 25858 I ADAYO_LOG_TRACE_RESOURCE: execute interrupt
12-30 10:33:15.328   596  3076 E WifiHAL : Invalid data received from driver
12-30 10:33:15.335  3066  3066 D hostapd : nl80211: BSS Event 59 (NL80211_CMD_FRAME) received for wlan1
12-30 10:33:15.335  3066  3066 D hostapd : nl80211: RX frame da=ff:ff:ff:ff:ff:ff sa=ee:74:72:d7:de:af bssid=ee:74:72:d7:de:af freq=5745 ssi_signal=-9000 fc=0xd0 seq_ctrl=0x5420 stype=13 (WLAN_FC_STYPE_ACTION) len=42
12-30 10:33:15.335  3066  3066 D hostapd : wlan1: Event RX_MGMT (18) received
12-30 10:33:15.335  3066  3066 D hostapd : Receive wpa msg : Event RX_MGMT (18) received
12-30 10:33:15.345   360   931 D EvsDriver: forwardFrame
12-30 10:33:15.345   360   931 D EvsDriver: forwardFrameDirect
12-30 10:33:15.345   360   931 D EvsDriver: Delivered 0xb400e2ca9e40e110 as id 0
12-30 10:33:15.345   359  2784 D evsmanagerd: /dev/video-evs0 forwarded the buffer #0 to 0xb400f125d2b26dd0 from 0xb400f125e2b20710
12-30 10:33:15.347 25859 25859 I ADAYO_LOG_TRACE_RESOURCE: execute end
12-30 10:33:15.350   360   458 D EvsDriver: doneWithFrame
12-30 10:33:15.356  3066  3066 D hostapd : nl80211: BSS Event 59 (NL80211_CMD_FRAME) received for wlan1
12-30 10:33:15.356   596  3076 E WifiHAL : Invalid data received from driver
12-30 10:33:15.356  3066  3066 D hostapd : nl80211: RX frame da=ff:ff:ff:ff:ff:ff sa=ee:74:72:d7:de:af bssid=ee:74:72:d7:de:af freq=5745 ssi_signal=-9100 fc=0xd0 seq_ctrl=0x5440 stype=13 (WLAN_FC_STYPE_ACTION) len=42
12-30 10:33:15.356  3066  3066 D hostapd : wlan1: Event RX_MGMT (18) received
12-30 10:33:15.356  3066  3066 D hostapd : Receive wpa msg : Event RX_MGMT (18) received
12-30 10:33:15.358  3066  3066 D hostapd : nl80211: BSS Event 59 (NL80211_CMD_FRAME) received for wlan1
12-30 10:33:15.358  3066  3066 D hostapd : nl80211: RX frame da=ff:ff:ff:ff:ff:ff sa=cc:53:69:80:0a:c9 bssid=ff:ff:ff:ff:ff:ff freq=5745 ssi_signal=-8800 fc=0x40 seq_ctrl=0x2500 stype=4 (WLAN_FC_STYPE_PROBE_REQ) len=260
12-30 10:33:15.358  3066  3066 D hostapd : Receive wpa msg : Event RX_MGMT (18) received
12-30 10:33:15.358  3066  3066 D hostapd : Receive wpa msg : RX-PROBE-REQUEST sa=cc:53:69:80:0a:c9 signal=-8800
12-30 10:33:15.358  3066  3066 D hostapd : nl80211: send_mlme - da=cc:53:69:80:0a:c9 noack=1 freq=0 no_cck=0 offchanok=0 wait_time=0 no_encrypt=0 fc=0x50 (WLAN_FC_STYPE_PROBE_RESP) nlmode=3
12-30 10:33:15.358  3066  3066 D hostapd : nl80211: Use bss->freq=5745
12-30 10:33:15.358  3066  3066 D hostapd : nl80211: send_mlme -> send_frame_cmd
12-30 10:33:15.359   596  3076 E WifiHAL : Invalid data received from driver
12-30 10:33:15.359  3066  3066 D hostapd : nl80211: Drv Event 60 (NL80211_CMD_FRAME_TX_STATUS) received for wlan1
12-30 10:33:15.359  3066  3066 D hostapd : nl80211: Frame TX status event A1=cc:53:69:80:0a:c9 stype=5 cookie=0x0 ack=0
12-30 10:33:15.359  3066  3066 D hostapd : wlan1: Event TX_STATUS (16) received
12-30 10:33:15.359  3066  3066 D hostapd : Receive wpa msg : Event TX_STATUS (16) received
12-30 10:33:15.362  2358  2623 D RcfController: Rcf proxy is not connected!
12-30 10:33:15.378   360   931 D EvsDriver: forwardFrame
12-30 10:33:15.378   360   931 D EvsDriver: forwardFrameDirect
12-30 10:33:15.378   360   931 D EvsDriver: Delivered 0xb400e2ca9e40c7a0 as id 1
12-30 10:33:15.378   359  2784 D evsmanagerd: /dev/video-evs0 forwarded the buffer #1 to 0xb400f125d2b26dd0 from 0xb400f125e2b20710
12-30 10:33:15.380   360   458 D EvsDriver: doneWithFrame
12-30 10:33:15.386   596  3076 E WifiHAL : Invalid data received from driver
12-30 10:33:15.403 25860 25860 I flags_health_check: ServerConfigurableFlagsReset reset_mode value: 1
12-30 10:33:15.403 25860 25860 I flags_health_check: ServerConfigurableFlagsReset updatable crashing detected, resetting flags.
12-30 10:33:15.407  3066  3066 D hostapd : nl80211: BSS Event 59 (NL80211_CMD_FRAME) received for wlan1
12-30 10:33:15.407  3066  3066 D hostapd : nl80211: RX frame da=ff:ff:ff:ff:ff:ff sa=ee:74:72:d7:de:af bssid=ee:74:72:d7:de:af freq=5745 ssi_signal=-9100 fc=0xd0 seq_ctrl=0x5460 stype=13 (WLAN_FC_STYPE_ACTION) len=42
12-30 10:33:15.407  3066  3066 D hostapd : wlan1: Event RX_MGMT (18) received
12-30 10:33:15.407  3066  3066 D hostapd : Receive wpa msg : Event RX_MGMT (18) received
12-30 10:33:15.411   360   931 D EvsDriver: forwardFrame
12-30 10:33:15.411   360   931 D EvsDriver: forwardFrameDirect
12-30 10:33:15.411   360   931 D EvsDriver: Delivered 0xb400e2ca9e40e270 as id 0
12-30 10:33:15.412   359  2784 D evsmanagerd: /dev/video-evs0 forwarded the buffer #0 to 0xb400f125d2b26dd0 from 0xb400f125e2b20710
12-30 10:33:15.412  2358  2623 D RcfController: Rcf proxy is not connected!
12-30 10:33:15.421   360   458 D EvsDriver: doneWithFrame
12-30 10:33:15.430   596  3076 E WifiHAL : Invalid data received from driver
12-30 10:33:15.445   360   931 I EvsDriver: /dev/video-evs0 VideoCapture fps 30.0004
12-30 10:33:15.445   360   931 D EvsDriver: forwardFrame
12-30 10:33:15.445   360   931 D EvsDriver: forwardFrameDirect
12-30 10:33:15.445   360   931 D EvsDriver: Delivered 0xb400e2ca9e40d4b0 as id 1
12-30 10:33:15.445   359  2784 D evsmanagerd: /dev/video-evs0 forwarded the buffer #1 to 0xb400f125d2b26dd0 from 0xb400f125e2b20710
12-30 10:33:15.451   360   458 D EvsDriver: doneWithFrame
12-30 10:33:15.462  2358  2623 D RcfController: Rcf proxy is not connected!
12-30 10:33:15.464   650   729 D fgemcucomm: sd Uart data : 6AA602D8650002800A35
12-30 10:33:15.464   650   729 D fgemcucomm: rev uart=57303,len=13, data : 6AA681D8650005800A040000AF
12-30 10:33:15.465   398  2883 D adayocomadapter-ParseProtocolFunc: printRaWMsg Name[MCUToUPstream recv] len[4] data[800A0400]
12-30 10:33:15.465   398  2883 D adayocomadapter-CommunicationManager: onUpstreamback   member[7] dataLength[2] timePoint[6931286]
12-30 10:33:15.465   398  2883 D adayocomadapter-ParseProtocolFunc: printRaWMsg Name[onUpstreamback] len[2] data[0400]
12-30 10:33:15.465   398   464 D adayocomadapter-UpstreamHandler: processBeforePacket upSreamtProcessTimePoint[6931287] 
12-30 10:33:15.465   398   464 D adayocomadapter-ParseProtocolFunc: parseGeneralIPCLBytes Processing tablename[Table-0] tableSize[2]
12-30 10:33:15.465   398   464 D adayocomadapter-ParseProtocolFunc: printRaWMsg Name[byteStream recv] len[2] data[0400]
12-30 10:33:15.465   398   464 D adayocomadapter-ParseProtocolFunc: printRaWMsg Name[IPCLtoVHAL] len[6] data[314010020000]
12-30 10:33:15.465   398   464 D adayocomadapter-ParseProtocolFunc: printRaWMsg Name[IPCLtoVHAL] len[6] data[314010010004]
12-30 10:33:15.465   398   464 D adayocomadapter-CommunicationManager: onUpstreamReceive mPropertyId 0x31401002
12-30 10:33:15.465   398   464 D adayocomadapter-CommunicationManager: convertBytesToInt32Memcpy  0
12-30 10:33:15.465   398   464 I vw-vhal : notifyVehicleProperty, propId = 0x31401002, data = {status: 2, int32Values: [0]}
12-30 10:33:15.465   398   464 I vw-vhal : CanSignalsAdapter::notifyVehicleProperty: solvedValue = {.timestamp = 6931287322157, .areaId = 0, .prop = 826281986, .status = AVAILABLE, .value = {.int32Values = [1]{0}, .floatValues = [0]{}, .int64Values = [0]{}, .bytes = [0]{}, .stringValue = ""}}
12-30 10:33:15.465   398   464 I VehiclePropertyStore: begin to write value to Store: {.timestamp = 6931287322157, .areaId = 0, .prop = 826281986, .status = AVAILABLE, .value = {.int32Values = [1]{0}, .floatValues = [0]{}, .int64Values = [0]{}, .bytes = [0]{}, .stringValue = ""}}
12-30 10:33:15.465   398   464 I DefaultVehicleHal_v2_0: DefaultVehicleHal::onPropertyValue, value:{.timestamp = 6931287322157, .areaId = 0, .prop = 826281986, .status = AVAILABLE, .value = {.int32Values = [1]{0}, .floatValues = [0]{}, .int64Values = [0]{}, .bytes = [0]{}, .stringValue = ""}}
12-30 10:33:15.465   398   464 D DiagPropHandler: is not DiagnosticConfig: 0x31401002
12-30 10:33:15.465   398   464 I VehiclePropertyStore: begin to write value to Store: {.timestamp = 6931287322157, .areaId = 0, .prop = 826281986, .status = AVAILABLE, .value = {.int32Values = [1]{0}, .floatValues = [0]{}, .int64Values = [0]{}, .bytes = [0]{}, .stringValue = ""}}
12-30 10:33:15.465   398   464 D adayocomadapter-CommunicationManager: onUpstreamReceive mPropertyId 0x31401002
12-30 10:33:15.465   398   464 D adayocomadapter-CommunicationManager: onUpstreamReceive mPropertyId 0x31401001
12-30 10:33:15.465   398   464 D adayocomadapter-CommunicationManager: convertBytesToInt32Memcpy  4
12-30 10:33:15.465   398   464 I vw-vhal : notifyVehicleProperty, propId = 0x31401001, data = {status: 2, int32Values: [4]}
12-30 10:33:15.465   398   464 I vw-vhal : CanSignalsAdapter::notifyVehicleProperty: solvedValue = {.timestamp = 6931287561157, .areaId = 0, .prop = 826281985, .status = AVAILABLE, .value = {.int32Values = [1]{4}, .floatValues = [0]{}, .int64Values = [0]{}, .bytes = [0]{}, .stringValue = ""}}
12-30 10:33:15.465   398   464 I VehiclePropertyStore: begin to write value to Store: {.timestamp = 6931287561157, .areaId = 0, .prop = 826281985, .status = AVAILABLE, .value = {.int32Values = [1]{4}, .floatValues = [0]{}, .int64Values = [0]{}, .bytes = [0]{}, .stringValue = ""}}
12-30 10:33:15.465   398   464 I DefaultVehicleHal_v2_0: DefaultVehicleHal::onPropertyValue, value:{.timestamp = 6931287561157, .areaId = 0, .prop = 826281985, .status = AVAILABLE, .value = {.int32Values = [1]{4}, .floatValues = [0]{}, .int64Values = [0]{}, .bytes = [0]{}, .stringValue = ""}}
12-30 10:33:15.465   398   464 D DiagPropHandler: is not DiagnosticConfig: 0x31401001
12-30 10:33:15.465   398   464 I VehiclePropertyStore: begin to write value to Store: {.timestamp = 6931287561157, .areaId = 0, .prop = 826281985, .status = AVAILABLE, .value = {.int32Values = [1]{4}, .floatValues = [0]{}, .int64Values = [0]{}, .bytes = [0]{}, .stringValue = ""}}
12-30 10:33:15.465   398   464 D adayocomadapter-CommunicationManager: onUpstreamReceive mPropertyId 0x31401001
12-30 10:33:15.478   360   931 D EvsDriver: forwardFrame
12-30 10:33:15.478   360   931 D EvsDriver: forwardFrameDirect
12-30 10:33:15.478   360   931 D EvsDriver: Delivered 0xb400e2ca9e40c2d0 as id 0
12-30 10:33:15.478   359  2784 D evsmanagerd: /dev/video-evs0 forwarded the buffer #0 to 0xb400f125d2b26dd0 from 0xb400f125e2b20710
12-30 10:33:15.481   360   458 D EvsDriver: doneWithFrame
12-30 10:33:15.492   596  3076 E WifiHAL : Invalid data received from driver
12-30 10:33:15.511   360   931 D EvsDriver: forwardFrame
12-30 10:33:15.511   360   931 D EvsDriver: forwardFrameDirect
12-30 10:33:15.511   360   931 D EvsDriver: Delivered 0xb400e2ca9e40d090 as id 1
12-30 10:33:15.511   359  2784 D evsmanagerd: /dev/video-evs0 forwarded the buffer #1 to 0xb400f125d2b26dd0 from 0xb400f125e2b20710
12-30 10:33:15.512  2358  2623 D RcfController: Rcf proxy is not connected!
12-30 10:33:15.515   650   729 D fgemcucomm: sd Uart data : 6AA602D866000292022A
12-30 10:33:15.515   650   729 D fgemcucomm: rev uart=57304,len=15, data : 6AA681D8660007920200090000009D
12-30 10:33:15.515   398  2883 D adayocomadapter-ParseProtocolFunc: printRaWMsg Name[MCUToUPstream recv] len[7] data[92020009000000]
12-30 10:33:15.515   398  2883 D adayocomadapter-CommunicationManager: onUpstreamback   member[0] dataLength[4] timePoint[6931337]
12-30 10:33:15.515   398  2883 D adayocomadapter-ParseProtocolFunc: printRaWMsg Name[onUpstreamback] len[4] data[09000000]
12-30 10:33:15.515   398   464 D adayocomadapter-UpstreamHandler: processBeforePacket upSreamtProcessTimePoint[6931337] 
12-30 10:33:15.515   398   464 D adayocomadapter-UpstreamHandler: processPacket UPSTREAM_QUEUE_DATA_TIMEOUT
12-30 10:33:15.515   398   464 D adayocomadapter-ParseProtocolFunc: parseCommonIPCLBytes Processing tableNumber[9]
12-30 10:33:15.515   398   464 D adayocomadapter-ParseProtocolFunc: parseCommonIPCLBytes Processing tablename[Table-9] tableSize[4]
12-30 10:33:15.515   398   464 D adayocomadapter-ParseProtocolFunc: printRaWMsg Name[byteStream recv] len[4] data[09000000]
12-30 10:33:15.515   398   464 D adayocomadapter-ParseProtocolFunc: printRaWMsg Name[IPCLtoVHAL] len[6] data[214020600000]
12-30 10:33:15.515   398   464 D adayocomadapter-ParseProtocolFunc: printRaWMsg Name[IPCLtoVHAL] len[6] data[2140218D0000]
12-30 10:33:15.515   398   464 D adayocomadapter-ParseProtocolFunc: printRaWMsg Name[IPCLtoVHAL] len[6] data[214022550000]
12-30 10:33:15.515   398   464 D adayocomadapter-CommunicationManager: onUpstreamReceive mPropertyId 0x21402060
12-30 10:33:15.515   398   464 D adayocomadapter-CommunicationManager: convertBytesToInt32Memcpy  0
12-30 10:33:15.515   398   464 I vw-vhal : notifyVehicleProperty, propId = 0x21402060, data = {status: 2, int32Values: [0]}
12-30 10:33:15.515   398   464 I vw-vhal : CanSignalsAdapter::notifyVehicleProperty: solvedValue = {.timestamp = 6931337542824, .areaId = 0, .prop = 557850720, .status = AVAILABLE, .value = {.int32Values = [1]{0}, .floatValues = [0]{}, .int64Values = [0]{}, .bytes = [0]{}, .stringValue = ""}}
12-30 10:33:15.515   398   464 I VehiclePropertyStore: begin to write value to Store: {.timestamp = 6931337542824, .areaId = 0, .prop = 557850720, .status = AVAILABLE, .value = {.int32Values = [1]{0}, .floatValues = [0]{}, .int64Values = [0]{}, .bytes = [0]{}, .stringValue = ""}}
12-30 10:33:15.515   398   464 I DefaultVehicleHal_v2_0: DefaultVehicleHal::onPropertyValue, value:{.timestamp = 6931337542824, .areaId = 0, .prop = 557850720, .status = AVAILABLE, .value = {.int32Values = [1]{0}, .floatValues = [0]{}, .int64Values = [0]{}, .bytes = [0]{}, .stringValue = ""}}
12-30 10:33:15.515   398   464 D DiagPropHandler: is not DiagnosticConfig: 0x21402060
12-30 10:33:15.515   398   464 I VehiclePropertyStore: begin to write value to Store: {.timestamp = 6931337542824, .areaId = 0, .prop = 557850720, .status = AVAILABLE, .value = {.int32Values = [1]{0}, .floatValues = [0]{}, .int64Values = [0]{}, .bytes = [0]{}, .stringValue = ""}}
12-30 10:33:15.515   398   464 D adayocomadapter-CommunicationManager: onUpstreamReceive mPropertyId 0x21402060
12-30 10:33:15.515   398   464 D adayocomadapter-CommunicationManager: onUpstreamReceive mPropertyId 0x2140218d
12-30 10:33:15.515   398   464 D adayocomadapter-CommunicationManager: convertBytesToInt32Memcpy  0
12-30 10:33:15.515   398   464 I vw-vhal : notifyVehicleProperty, propId = 0x2140218d, data = {status: 2, int32Values: [0]}
12-30 10:33:15.515   398   464 I vw-vhal : CanSignalsAdapter::notifyVehicleProperty: solvedValue = {.timestamp = 6931337790490, .areaId = 0, .prop = 557851021, .status = AVAILABLE, .value = {.int32Values = [1]{0}, .floatValues = [0]{}, .int64Values = [0]{}, .bytes = [0]{}, .stringValue = ""}}
12-30 10:33:15.515   398   464 I VehiclePropertyStore: begin to write value to Store: {.timestamp = 6931337790490, .areaId = 0, .prop = 557851021, .status = AVAILABLE, .value = {.int32Values = [1]{0}, .floatValues = [0]{}, .int64Values = [0]{}, .bytes = [0]{}, .stringValue = ""}}
12-30 10:33:15.516   398   464 I DefaultVehicleHal_v2_0: DefaultVehicleHal::onPropertyValue, value:{.timestamp = 6931337790490, .areaId = 0, .prop = 557851021, .status = AVAILABLE, .value = {.int32Values = [1]{0}, .floatValues = [0]{}, .int64Values = [0]{}, .bytes = [0]{}, .stringValue = ""}}
12-30 10:33:15.516   398   464 D DiagPropHandler: is not DiagnosticConfig: 0x2140218d
12-30 10:33:15.516   398   464 I VehiclePropertyStore: begin to write value to Store: {.timestamp = 6931337790490, .areaId = 0, .prop = 557851021, .status = AVAILABLE, .value = {.int32Values = [1]{0}, .floatValues = [0]{}, .int64Values = [0]{}, .bytes = [0]{}, .stringValue = ""}}
12-30 10:33:15.516   398   464 D adayocomadapter-CommunicationManager: onUpstreamReceive mPropertyId 0x2140218d
12-30 10:33:15.516   398   464 D adayocomadapter-CommunicationManager: onUpstreamReceive mPropertyId 0x21402255
12-30 10:33:15.516   398   464 D adayocomadapter-CommunicationManager: convertBytesToInt32Memcpy  0
12-30 10:33:15.516   398   464 I vw-vhal : notifyVehicleProperty, propId = 0x21402255, data = {status: 2, int32Values: [0]}
12-30 10:33:15.516   398   464 I vw-vhal : CanSignalsAdapter::notifyVehicleProperty: solvedValue = {.timestamp = 6931337990157, .areaId = 0, .prop = 557851221, .status = AVAILABLE, .value = {.int32Values = [1]{0}, .floatValues = [0]{}, .int64Values = [0]{}, .bytes = [0]{}, .stringValue = ""}}
12-30 10:33:15.516   398   464 I VehiclePropertyStore: begin to write value to Store: {.timestamp = 6931337990157, .areaId = 0, .prop = 557851221, .status = AVAILABLE, .value = {.int32Values = [1]{0}, .floatValues = [0]{}, .int64Values = [0]{}, .bytes = [0]{}, .stringValue = ""}}
12-30 10:33:15.516   398   464 I DefaultVehicleHal_v2_0: DefaultVehicleHal::onPropertyValue, value:{.timestamp = 6931337990157, .areaId = 0, .prop = 557851221, .status = AVAILABLE, .value = {.int32Values = [1]{0}, .floatValues = [0]{}, .int64Values = [0]{}, .bytes = [0]{}, .stringValue = ""}}
12-30 10:33:15.516   398   464 D DiagPropHandler: is not DiagnosticConfig: 0x21402255
12-30 10:33:15.516   398   464 I VehiclePropertyStore: begin to write value to Store: {.timestamp = 6931337990157, .areaId = 0, .prop = 557851221, .status = AVAILABLE, .value = {.int32Values = [1]{0}, .floatValues = [0]{}, .int64Values = [0]{}, .bytes = [0]{}, .stringValue = ""}}
12-30 10:33:15.516   398   464 D adayocomadapter-CommunicationManager: onUpstreamReceive mPropertyId 0x21402255
12-30 10:33:15.522   360   458 D EvsDriver: doneWithFrame
12-30 10:33:15.538   650   729 D fgemcucomm: sd Uart data : 6AA602D8670002920229
12-30 10:33:15.539   650   729 D fgemcucomm: rev uart=57305,len=56, data : 6AA681D867003092020019000000000000000000000000000000000000000000000000000000000000000000000000000000000000000063
12-30 10:33:15.539   398  2883 D adayocomadapter-ParseProtocolFunc: printRaWMsg Name[MCUToUPstream recv] len[48] data[920200190000000000000000000000000000000000000000000000000000000000000000000000000000000000000000]
12-30 10:33:15.539   398  2883 D adayocomadapter-CommunicationManager: onUpstreamback   member[0] dataLength[45] timePoint[6931361]
12-30 10:33:15.539   398  2883 D adayocomadapter-ParseProtocolFunc: printRaWMsg Name[onUpstreamback] len[45] data[190000000000000000000000000000000000000000000000000000000000000000000000000000000000000000]
12-30 10:33:15.539   398   464 D adayocomadapter-UpstreamHandler: processBeforePacket upSreamtProcessTimePoint[6931361] 
12-30 10:33:15.539   398   464 D adayocomadapter-UpstreamHandler: processPacket UPSTREAM_QUEUE_DATA_TIMEOUT
12-30 10:33:15.539   398   464 D adayocomadapter-ParseProtocolFunc: parseCommonIPCLBytes Processing tableNumber[25]
12-30 10:33:15.539   398   464 D adayocomadapter-ParseProtocolFunc: parseCommonIPCLBytes Processing tablename[Table-25] tableSize[45]
12-30 10:33:15.540   398   464 D adayocomadapter-ParseProtocolFunc: printRaWMsg Name[byteStream recv] len[45] data[190000000000000000000000000000000000000000000000000000000000000000000000000000000000000000]
12-30 10:33:15.540   398   464 D adayocomadapter-ParseProtocolFunc: printRaWMsg Name[IPCLtoVHAL] len[6] data[214020C50000]
12-30 10:33:15.540   398   464 D adayocomadapter-ParseProtocolFunc: printRaWMsg Name[IPCLtoVHAL] len[6] data[214021060000]
12-30 10:33:15.540   398   464 D adayocomadapter-ParseProtocolFunc: printRaWMsg Name[IPCLtoVHAL] len[6] data[214021320000]
12-30 10:33:15.540   398   464 D adayocomadapter-ParseProtocolFunc: printRaWMsg Name[IPCLtoVHAL] len[6] data[214020BF0000]
12-30 10:33:15.540   398   464 D adayocomadapter-ParseProtocolFunc: printRaWMsg Name[IPCLtoVHAL] len[6] data[2140212F0000]
12-30 10:33:15.540   398   464 D adayocomadapter-ParseProtocolFunc: printRaWMsg Name[IPCLtoVHAL] len[6] data[214020260000]
12-30 10:33:15.540   398   464 D adayocomadapter-ParseProtocolFunc: printRaWMsg Name[IPCLtoVHAL] len[6] data[214020B30000]
12-30 10:33:15.540   398   464 D adayocomadapter-ParseProtocolFunc: printRaWMsg Name[IPCLtoVHAL] len[6] data[2140219E0000]
12-30 10:33:15.540   398   464 D adayocomadapter-ParseProtocolFunc: printRaWMsg Name[IPCLtoVHAL] len[6] data[214021300000]
12-30 10:33:15.540   398   464 D adayocomadapter-ParseProtocolFunc: printRaWMsg Name[IPCLtoVHAL] len[11] data[2141204A01000000000000]
12-30 10:33:15.540   398   464 D adayocomadapter-ParseProtocolFunc: printRaWMsg Name[IPCLtoVHAL] len[6] data[214020BD0000]
12-30 10:33:15.540   398   464 D adayocomadapter-ParseProtocolFunc: printRaWMsg Name[IPCLtoVHAL] len[6] data[2140213B0000]
12-30 10:33:15.540   398   464 D adayocomadapter-ParseProtocolFunc: printRaWMsg Name[IPCLtoVHAL] len[6] data[214020AE0000]
12-30 10:33:15.540   398   464 D adayocomadapter-ParseProtocolFunc: printRaWMsg Name[IPCLtoVHAL] len[6] data[2140210D0000]
12-30 10:33:15.540   398   464 D adayocomadapter-ParseProtocolFunc: printRaWMsg Name[IPCLtoVHAL] len[6] data[214010180000]
12-30 10:33:15.540   398   464 D adayocomadapter-ParseProtocolFunc: printRaWMsg Name[IPCLtoVHAL] len[6] data[214020A90000]
12-30 10:33:15.540   398   464 D adayocomadapter-ParseProtocolFunc: printRaWMsg Name[IPCLtoVHAL] len[6] data[214020AB0000]
12-30 10:33:15.541   398   464 D adayocomadapter-ParseProtocolFunc: printRaWMsg Name[IPCLtoVHAL] len[6] data[214020AD0000]
12-30 10:33:15.541   398   464 D adayocomadapter-ParseProtocolFunc: printRaWMsg Name[IPCLtoVHAL] len[6] data[2140213A0000]
12-30 10:33:15.541   398   464 D adayocomadapter-ParseProtocolFunc: printRaWMsg Name[IPCLtoVHAL] len[6] data[214021C70000]
12-30 10:33:15.541   398   464 D adayocomadapter-ParseProtocolFunc: printRaWMsg Name[IPCLtoVHAL] len[6] data[214020F20000]
12-30 10:33:15.541   398   464 D adayocomadapter-ParseProtocolFunc: printRaWMsg Name[IPCLtoVHAL] len[6] data[214020F10000]
12-30 10:33:15.541   398   464 D adayocomadapter-ParseProtocolFunc: printRaWMsg Name[IPCLtoVHAL] len[6] data[214021120000]
12-30 10:33:15.541   398   464 D adayocomadapter-ParseProtocolFunc: printRaWMsg Name[IPCLtoVHAL] len[7] data[2140219F000000]
12-30 10:33:15.541   398   464 D adayocomadapter-ParseProtocolFunc: printRaWMsg Name[IPCLtoVHAL] len[6] data[214021390000]
12-30 10:33:15.541   398   464 D adayocomadapter-ParseProtocolFunc: printRaWMsg Name[IPCLtoVHAL] len[7] data[21402025000000]
12-30 10:33:15.541   398   464 D adayocomadapter-ParseProtocolFunc: printRaWMsg Name[IPCLtoVHAL] len[9] data[214020330000000000]
12-30 10:33:15.541   398   464 D adayocomadapter-ParseProtocolFunc: printRaWMsg Name[IPCLtoVHAL] len[6] data[214020340000]
12-30 10:33:15.541   398   464 D adayocomadapter-ParseProtocolFunc: printRaWMsg Name[IPCLtoVHAL] len[6] data[2140218C0000]
12-30 10:33:15.541   398   464 D adayocomadapter-ParseProtocolFunc: printRaWMsg Name[IPCLtoVHAL] len[6] data[2140219B0000]
12-30 10:33:15.541   398   464 D adayocomadapter-ParseProtocolFunc: printRaWMsg Name[IPCLtoVHAL] len[6] data[214021A00000]
12-30 10:33:15.542   398   464 D adayocomadapter-ParseProtocolFunc: printRaWMsg Name[IPCLtoVHAL] len[6] data[214021A30000]
12-30 10:33:15.542   398   464 D adayocomadapter-ParseProtocolFunc: printRaWMsg Name[IPCLtoVHAL] len[6] data[214021A40000]
12-30 10:33:15.542   398   464 D adayocomadapter-ParseProtocolFunc: printRaWMsg Name[IPCLtoVHAL] len[6] data[214021CB0000]
12-30 10:33:15.542   398   464 D adayocomadapter-CommunicationManager: onUpstreamReceive mPropertyId 0x214020c5
12-30 10:33:15.542   398   464 D adayocomadapter-CommunicationManager: convertBytesToInt32Memcpy  0
12-30 10:33:15.542   398   464 I vw-vhal : notifyVehicleProperty, propId = 0x214020c5, data = {status: 2, int32Values: [0]}
12-30 10:33:15.542   398   464 I vw-vhal : CanSignalsAdapter::notifyVehicleProperty: solvedValue = {.timestamp = 6931364465824, .areaId = 0, .prop = 557850821, .status = AVAILABLE, .value = {.int32Values = [1]{0}, .floatValues = [0]{}, .int64Values = [0]{}, .bytes = [0]{}, .stringValue = ""}}
12-30 10:33:15.542   398   464 I VehiclePropertyStore: begin to write value to Store: {.timestamp = 6931364465824, .areaId = 0, .prop = 557850821, .status = AVAILABLE, .value = {.int32Values = [1]{0}, .floatValues = [0]{}, .int64Values = [0]{}, .bytes = [0]{}, .stringValue = ""}}
12-30 10:33:15.542   398   464 I DefaultVehicleHal_v2_0: DefaultVehicleHal::onPropertyValue, value:{.timestamp = 6931364465824, .areaId = 0, .prop = 557850821, .status = AVAILABLE, .value = {.int32Values = [1]{0}, .floatValues = [0]{}, .int64Values = [0]{}, .bytes = [0]{}, .stringValue = ""}}
12-30 10:33:15.542   398   464 D DiagPropHandler: is not DiagnosticConfig: 0x214020c5
12-30 10:33:15.543   398   464 I VehiclePropertyStore: begin to write value to Store: {.timestamp = 6931364465824, .areaId = 0, .prop = 557850821, .status = AVAILABLE, .value = {.int32Values = [1]{0}, .floatValues = [0]{}, .int64Values = [0]{}, .bytes = [0]{}, .stringValue = ""}}
12-30 10:33:15.543   398   464 D adayocomadapter-CommunicationManager: onUpstreamReceive mPropertyId 0x214020c5
12-30 10:33:15.543   398   464 D adayocomadapter-CommunicationManager: onUpstreamReceive mPropertyId 0x21402106
12-30 10:33:15.543   398   464 D adayocomadapter-CommunicationManager: convertBytesToInt32Memcpy  0
12-30 10:33:15.543   398   464 I vw-vhal : notifyVehicleProperty, propId = 0x21402106, data = {status: 2, int32Values: [0]}
12-30 10:33:15.543   398   464 I vw-vhal : CanSignalsAdapter::notifyVehicleProperty: solvedValue = {.timestamp = 6931365154491, .areaId = 0, .prop = 557850886, .status = AVAILABLE, .value = {.int32Values = [1]{0}, .floatValues = [0]{}, .int64Values = [0]{}, .bytes = [0]{}, .stringValue = ""}}
12-30 10:33:15.543   398   464 I VehiclePropertyStore: begin to write value to Store: {.timestamp = 6931365154491, .areaId = 0, .prop = 557850886, .status = AVAILABLE, .value = {.int32Values = [1]{0}, .floatValues = [0]{}, .int64Values = [0]{}, .bytes = [0]{}, .stringValue = ""}}
12-30 10:33:15.543   398   464 I DefaultVehicleHal_v2_0: DefaultVehicleHal::onPropertyValue, value:{.timestamp = 6931365154491, .areaId = 0, .prop = 557850886, .status = AVAILABLE, .value = {.int32Values = [1]{0}, .floatValues = [0]{}, .int64Values = [0]{}, .bytes = [0]{}, .stringValue = ""}}
12-30 10:33:15.543   398   464 D DiagPropHandler: is not DiagnosticConfig: 0x21402106
12-30 10:33:15.543   398   464 I VehiclePropertyStore: begin to write value to Store: {.timestamp = 6931365154491, .areaId = 0, .prop = 557850886, .status = AVAILABLE, .value = {.int32Values = [1]{0}, .floatValues = [0]{}, .int64Values = [0]{}, .bytes = [0]{}, .stringValue = ""}}
12-30 10:33:15.543   398   464 D adayocomadapter-CommunicationManager: onUpstreamReceive mPropertyId 0x21402106
12-30 10:33:15.543   398   464 D adayocomadapter-CommunicationManager: onUpstreamReceive mPropertyId 0x21402132
12-30 10:33:15.543   398   464 D adayocomadapter-CommunicationManager: convertBytesToInt32Memcpy  0
12-30 10:33:15.543   398   464 I vw-vhal : notifyVehicleProperty, propId = 0x21402132, data = {status: 2, int32Values: [0]}
12-30 10:33:15.543   398   464 I vw-vhal : CanSignalsAdapter::notifyVehicleProperty: solvedValue = {.timestamp = 6931365803824, .areaId = 0, .prop = 557850930, .status = AVAILABLE, .value = {.int32Values = [1]{0}, .floatValues = [0]{}, .int64Values = [0]{}, .bytes = [0]{}, .stringValue = ""}}
12-30 10:33:15.544   398   464 I VehiclePropertyStore: begin to write value to Store: {.timestamp = 6931365803824, .areaId = 0, .prop = 557850930, .status = AVAILABLE, .value = {.int32Values = [1]{0}, .floatValues = [0]{}, .int64Values = [0]{}, .bytes = [0]{}, .stringValue = ""}}
12-30 10:33:15.544   398   464 I DefaultVehicleHal_v2_0: DefaultVehicleHal::onPropertyValue, value:{.timestamp = 6931365803824, .areaId = 0, .prop = 557850930, .status = AVAILABLE, .value = {.int32Values = [1]{0}, .floatValues = [0]{}, .int64Values = [0]{}, .bytes = [0]{}, .stringValue = ""}}
12-30 10:33:15.544   398   464 D DiagPropHandler: is not DiagnosticConfig: 0x21402132
12-30 10:33:15.544   398   464 I VehiclePropertyStore: begin to write value to Store: {.timestamp = 6931365803824, .areaId = 0, .prop = 557850930, .status = AVAILABLE, .value = {.int32Values = [1]{0}, .floatValues = [0]{}, .int64Values = [0]{}, .bytes = [0]{}, .stringValue = ""}}
12-30 10:33:15.544   398   464 D adayocomadapter-CommunicationManager: onUpstreamReceive mPropertyId 0x21402132
12-30 10:33:15.544   398   464 D adayocomadapter-CommunicationManager: onUpstreamReceive mPropertyId 0x214020bf
12-30 10:33:15.544   398   464 D adayocomadapter-CommunicationManager: convertBytesToInt32Memcpy  0
12-30 10:33:15.544   398   464 I vw-vhal : notifyVehicleProperty, propId = 0x214020bf, data = {status: 2, int32Values: [0]}
12-30 10:33:15.544   398   464 I vw-vhal : CanSignalsAdapter::notifyVehicleProperty: solvedValue = {.timestamp = 6931366441157, .areaId = 0, .prop = 557850815, .status = AVAILABLE, .value = {.int32Values = [1]{0}, .floatValues = [0]{}, .int64Values = [0]{}, .bytes = [0]{}, .stringValue = ""}}
12-30 10:33:15.544   398   464 I VehiclePropertyStore: begin to write value to Store: {.timestamp = 6931366441157, .areaId = 0, .prop = 557850815, .status = AVAILABLE, .value = {.int32Values = [1]{0}, .floatValues = [0]{}, .int64Values = [0]{}, .bytes = [0]{}, .stringValue = ""}}
12-30 10:33:15.544   398   464 I DefaultVehicleHal_v2_0: DefaultVehicleHal::onPropertyValue, value:{.timestamp = 6931366441157, .areaId = 0, .prop = 557850815, .status = AVAILABLE, .value = {.int32Values = [1]{0}, .floatValues = [0]{}, .int64Values = [0]{}, .bytes = [0]{}, .stringValue = ""}}
12-30 10:33:15.544   398   464 D DiagPropHandler: is not DiagnosticConfig: 0x214020bf
12-30 10:33:15.544   398   464 I VehiclePropertyStore: begin to write value to Store: {.timestamp = 6931366441157, .areaId = 0, .prop = 557850815, .status = AVAILABLE, .value = {.int32Values = [1]{0}, .floatValues = [0]{}, .int64Values = [0]{}, .bytes = [0]{}, .stringValue = ""}}
12-30 10:33:15.545   398   464 D adayocomadapter-CommunicationManager: onUpstreamReceive mPropertyId 0x214020bf
12-30 10:33:15.545   398   464 D adayocomadapter-CommunicationManager: onUpstreamReceive mPropertyId 0x2140212f
12-30 10:33:15.545   398   464 D adayocomadapter-CommunicationManager: convertBytesToInt32Memcpy  0
12-30 10:33:15.545   360   931 D EvsDriver: forwardFrame
12-30 10:33:15.545   398   464 I vw-vhal : notifyVehicleProperty, propId = 0x2140212f, data = {status: 2, int32Values: [0]}
12-30 10:33:15.545   360   931 D EvsDriver: forwardFrameDirect
12-30 10:33:15.545   398   464 I vw-vhal : CanSignalsAdapter::notifyVehicleProperty: solvedValue = {.timestamp = 6931367068824, .areaId = 0, .prop = 557850927, .status = AVAILABLE, .value = {.int32Values = [1]{0}, .floatValues = [0]{}, .int64Values = [0]{}, .bytes = [0]{}, .stringValue = ""}}
12-30 10:33:15.545   398   464 I VehiclePropertyStore: begin to write value to Store: {.timestamp = 6931367068824, .areaId = 0, .prop = 557850927, .status = AVAILABLE, .value = {.int32Values = [1]{0}, .floatValues = [0]{}, .int64Values = [0]{}, .bytes = [0]{}, .stringValue = ""}}
12-30 10:33:15.545   398   464 I DefaultVehicleHal_v2_0: DefaultVehicleHal::onPropertyValue, value:{.timestamp = 6931367068824, .areaId = 0, .prop = 557850927, .status = AVAILABLE, .value = {.int32Values = [1]{0}, .floatValues = [0]{}, .int64Values = [0]{}, .bytes = [0]{}, .stringValue = ""}}
12-30 10:33:15.545   398   464 D DiagPropHandler: is not DiagnosticConfig: 0x2140212f
12-30 10:33:15.545   360   931 D EvsDriver: Delivered 0xb400e2ca9e40e110 as id 0
12-30 10:33:15.545   398   464 I VehiclePropertyStore: begin to write value to Store: {.timestamp = 6931367068824, .areaId = 0, .prop = 557850927, .status = AVAILABLE, .value = {.int32Values = [1]{0}, .floatValues = [0]{}, .int64Values = [0]{}, .bytes = [0]{}, .stringValue = ""}}
12-30 10:33:15.545   398   464 D adayocomadapter-CommunicationManager: onUpstreamReceive mPropertyId 0x2140212f
12-30 10:33:15.545   398   464 D adayocomadapter-CommunicationManager: onUpstreamReceive mPropertyId 0x21402026
12-30 10:33:15.545   359  2784 D evsmanagerd: /dev/video-evs0 forwarded the buffer #0 to 0xb400f125d2b26dd0 from 0xb400f125e2b20710
12-30 10:33:15.545   398   464 D adayocomadapter-CommunicationManager: convertBytesToInt32Memcpy  0
12-30 10:33:15.545   398   464 I vw-vhal : notifyVehicleProperty, propId = 0x21402026, data = {status: 2, int32Values: [0]}
12-30 10:33:15.545   398   464 I vw-vhal : CanSignalsAdapter::notifyVehicleProperty: solvedValue = {.timestamp = 6931367710491, .areaId = 0, .prop = 557850662, .status = AVAILABLE, .value = {.int32Values = [1]{0}, .floatValues = [0]{}, .int64Values = [0]{}, .bytes = [0]{}, .stringValue = ""}}
12-30 10:33:15.545   398   464 I VehiclePropertyStore: begin to write value to Store: {.timestamp = 6931367710491, .areaId = 0, .prop = 557850662, .status = AVAILABLE, .value = {.int32Values = [1]{0}, .floatValues = [0]{}, .int64Values = [0]{}, .bytes = [0]{}, .stringValue = ""}}
12-30 10:33:15.546   398   464 I DefaultVehicleHal_v2_0: DefaultVehicleHal::onPropertyValue, value:{.timestamp = 6931367710491, .areaId = 0, .prop = 557850662, .status = AVAILABLE, .value = {.int32Values = [1]{0}, .floatValues = [0]{}, .int64Values = [0]{}, .bytes = [0]{}, .stringValue = ""}}
12-30 10:33:15.546   398   464 D DiagPropHandler: is not DiagnosticConfig: 0x21402026
12-30 10:33:15.546   398   464 I VehiclePropertyStore: begin to write value to Store: {.timestamp = 6931367710491, .areaId = 0, .prop = 557850662, .status = AVAILABLE, .value = {.int32Values = [1]{0}, .floatValues = [0]{}, .int64Values = [0]{}, .bytes = [0]{}, .stringValue = ""}}
12-30 10:33:15.546   398   464 D adayocomadapter-CommunicationManager: onUpstreamReceive mPropertyId 0x21402026
12-30 10:33:15.546   398   464 D adayocomadapter-CommunicationManager: onUpstreamReceive mPropertyId 0x214020b3
12-30 10:33:15.546   398   464 D adayocomadapter-CommunicationManager: convertBytesToInt32Memcpy  0
12-30 10:33:15.546   398   464 I vw-vhal : notifyVehicleProperty, propId = 0x214020b3, data = {status: 2, int32Values: [0]}
12-30 10:33:15.546   398   464 I vw-vhal : CanSignalsAdapter::notifyVehicleProperty: solvedValue = {.timestamp = 6931368391491, .areaId = 0, .prop = 557850803, .status = AVAILABLE, .value = {.int32Values = [1]{0}, .floatValues = [0]{}, .int64Values = [0]{}, .bytes = [0]{}, .stringValue = ""}}
12-30 10:33:15.546   398   464 I VehiclePropertyStore: begin to write value to Store: {.timestamp = 6931368391491, .areaId = 0, .prop = 557850803, .status = AVAILABLE, .value = {.int32Values = [1]{0}, .floatValues = [0]{}, .int64Values = [0]{}, .bytes = [0]{}, .stringValue = ""}}
12-30 10:33:15.546   398   464 I DefaultVehicleHal_v2_0: DefaultVehicleHal::onPropertyValue, value:{.timestamp = 6931368391491, .areaId = 0, .prop = 557850803, .status = AVAILABLE, .value = {.int32Values = [1]{0}, .floatValues = [0]{}, .int64Values = [0]{}, .bytes = [0]{}, .stringValue = ""}}
12-30 10:33:15.546   398   464 D DiagPropHandler: is not DiagnosticConfig: 0x214020b3
12-30 10:33:15.546   398   464 I VehiclePropertyStore: begin to write value to Store: {.timestamp = 6931368391491, .areaId = 0, .prop = 557850803, .status = AVAILABLE, .value = {.int32Values = [1]{0}, .floatValues = [0]{}, .int64Values = [0]{}, .bytes = [0]{}, .stringValue = ""}}
12-30 10:33:15.546   398   464 D adayocomadapter-CommunicationManager: onUpstreamReceive mPropertyId 0x214020b3
12-30 10:33:15.547   398   464 D adayocomadapter-CommunicationManager: onUpstreamReceive mPropertyId 0x2140219e
12-30 10:33:15.547   398   464 D adayocomadapter-CommunicationManager: convertBytesToInt32Memcpy  0
12-30 10:33:15.547   398   464 I vw-vhal : notifyVehicleProperty, propId = 0x2140219e, data = {status: 2, int32Values: [0]}
12-30 10:33:15.547   398   464 I vw-vhal : CanSignalsAdapter::notifyVehicleProperty: solvedValue = {.timestamp = 6931369022491, .areaId = 0, .prop = 557851038, .status = AVAILABLE, .value = {.int32Values = [1]{0}, .floatValues = [0]{}, .int64Values = [0]{}, .bytes = [0]{}, .stringValue = ""}}
12-30 10:33:15.547   398   464 I VehiclePropertyStore: begin to write value to Store: {.timestamp = 6931369022491, .areaId = 0, .prop = 557851038, .status = AVAILABLE, .value = {.int32Values = [1]{0}, .floatValues = [0]{}, .int64Values = [0]{}, .bytes = [0]{}, .stringValue = ""}}
12-30 10:33:15.547   398   464 I DefaultVehicleHal_v2_0: DefaultVehicleHal::onPropertyValue, value:{.timestamp = 6931369022491, .areaId = 0, .prop = 557851038, .status = AVAILABLE, .value = {.int32Values = [1]{0}, .floatValues = [0]{}, .int64Values = [0]{}, .bytes = [0]{}, .stringValue = ""}}
12-30 10:33:15.547   398   464 D DiagPropHandler: is not DiagnosticConfig: 0x2140219e
12-30 10:33:15.547   398   464 I VehiclePropertyStore: begin to write value to Store: {.timestamp = 6931369022491, .areaId = 0, .prop = 557851038, .status = AVAILABLE, .value = {.int32Values = [1]{0}, .floatValues = [0]{}, .int64Values = [0]{}, .bytes = [0]{}, .stringValue = ""}}
12-30 10:33:15.547   398   464 D adayocomadapter-CommunicationManager: onUpstreamReceive mPropertyId 0x2140219e
12-30 10:33:15.547   398   464 D adayocomadapter-CommunicationManager: onUpstreamReceive mPropertyId 0x21402130
12-30 10:33:15.547   398   464 D adayocomadapter-CommunicationManager: convertBytesToInt32Memcpy  0
12-30 10:33:15.547   398   464 I vw-vhal : notifyVehicleProperty, propId = 0x21402130, data = {status: 2, int32Values: [0]}
12-30 10:33:15.547   398   464 I vw-vhal : CanSignalsAdapter::notifyVehicleProperty: solvedValue = {.timestamp = 6931369660491, .areaId = 0, .prop = 557850928, .status = AVAILABLE, .value = {.int32Values = [1]{0}, .floatValues = [0]{}, .int64Values = [0]{}, .bytes = [0]{}, .stringValue = ""}}
12-30 10:33:15.547   398   464 I VehiclePropertyStore: begin to write value to Store: {.timestamp = 6931369660491, .areaId = 0, .prop = 557850928, .status = AVAILABLE, .value = {.int32Values = [1]{0}, .floatValues = [0]{}, .int64Values = [0]{}, .bytes = [0]{}, .stringValue = ""}}
12-30 10:33:15.548   398   464 I DefaultVehicleHal_v2_0: DefaultVehicleHal::onPropertyValue, value:{.timestamp = 6931369660491, .areaId = 0, .prop = 557850928, .status = AVAILABLE, .value = {.int32Values = [1]{0}, .floatValues = [0]{}, .int64Values = [0]{}, .bytes = [0]{}, .stringValue = ""}}
12-30 10:33:15.548   398   464 D DiagPropHandler: is not DiagnosticConfig: 0x21402130
