12-30 10:33:09.836   398   464 I VehiclePropertyStore: begin to write value to Store: {.timestamp = 6925657734823, .areaId = 0, .prop = 557850958, .status = AVAILABLE, .value = {.int32Values = [1]{0}, .floatValues = [0]{}, .int64Values = [0]{}, .bytes = [0]{}, .stringValue = ""}}
12-30 10:33:09.836   398   464 D adayocomadapter-CommunicationManager: onUpstreamReceive mPropertyId 0x2140214e
12-30 10:33:09.836   398   464 D adayocomadapter-CommunicationManager: onUpstreamReceive mPropertyId 0x21402056
12-30 10:33:09.836   398   464 D adayocomadapter-CommunicationManager: convertBytesToInt32Memcpy  0
12-30 10:33:09.836   398   464 I vw-vhal : notifyVehicleProperty, propId = 0x21402056, data = {status: 2, int32Values: [0]}
12-30 10:33:09.836   398   464 I vw-vhal : CanSignalsAdapter::notifyVehicleProperty: solvedValue = {.timestamp = 6925658478490, .areaId = 0, .prop = 557850710, .status = AVAILABLE, .value = {.int32Values = [1]{0}, .floatValues = [0]{}, .int64Values = [0]{}, .bytes = [0]{}, .stringValue = ""}}
12-30 10:33:09.836   398   464 I VehiclePropertyStore: begin to write value to Store: {.timestamp = 6925658478490, .areaId = 0, .prop = 557850710, .status = AVAILABLE, .value = {.int32Values = [1]{0}, .floatValues = [0]{}, .int64Values = [0]{}, .bytes = [0]{}, .stringValue = ""}}
12-30 10:33:09.836   398   464 I DefaultVehicleHal_v2_0: DefaultVehicleHal::onPropertyValue, value:{.timestamp = 6925658478490, .areaId = 0, .prop = 557850710, .status = AVAILABLE, .value = {.int32Values = [1]{0}, .floatValues = [0]{}, .int64Values = [0]{}, .bytes = [0]{}, .stringValue = ""}}
12-30 10:33:09.836   398   464 D DiagPropHandler: is not DiagnosticConfig: 0x21402056
12-30 10:33:09.837   398   464 I VehiclePropertyStore: begin to write value to Store: {.timestamp = 6925658478490, .areaId = 0, .prop = 557850710, .status = AVAILABLE, .value = {.int32Values = [1]{0}, .floatValues = [0]{}, .int64Values = [0]{}, .bytes = [0]{}, .stringValue = ""}}
12-30 10:33:09.837   398   464 D adayocomadapter-CommunicationManager: onUpstreamReceive mPropertyId 0x21402056
12-30 10:33:09.837   398   464 D adayocomadapter-CommunicationManager: onUpstreamReceive mPropertyId 0x21402057
12-30 10:33:09.837   398   464 D adayocomadapter-CommunicationManager: convertBytesToInt32Memcpy  0
12-30 10:33:09.837   398   464 I vw-vhal : notifyVehicleProperty, propId = 0x21402057, data = {status: 2, int32Values: [0]}
12-30 10:33:09.837   398   464 I vw-vhal : CanSignalsAdapter::notifyVehicleProperty: solvedValue = {.timestamp = 6925659189823, .areaId = 0, .prop = 557850711, .status = AVAILABLE, .value = {.int32Values = [1]{0}, .floatValues = [0]{}, .int64Values = [0]{}, .bytes = [0]{}, .stringValue = ""}}
12-30 10:33:09.837   398   464 I VehiclePropertyStore: begin to write value to Store: {.timestamp = 6925659189823, .areaId = 0, .prop = 557850711, .status = AVAILABLE, .value = {.int32Values = [1]{0}, .floatValues = [0]{}, .int64Values = [0]{}, .bytes = [0]{}, .stringValue = ""}}
12-30 10:33:09.837   398   464 I DefaultVehicleHal_v2_0: DefaultVehicleHal::onPropertyValue, value:{.timestamp = 6925659189823, .areaId = 0, .prop = 557850711, .status = AVAILABLE, .value = {.int32Values = [1]{0}, .floatValues = [0]{}, .int64Values = [0]{}, .bytes = [0]{}, .stringValue = ""}}
12-30 10:33:09.837   398   464 D DiagPropHandler: is not DiagnosticConfig: 0x21402057
12-30 10:33:09.837   398   464 I VehiclePropertyStore: begin to write value to Store: {.timestamp = 6925659189823, .areaId = 0, .prop = 557850711, .status = AVAILABLE, .value = {.int32Values = [1]{0}, .floatValues = [0]{}, .int64Values = [0]{}, .bytes = [0]{}, .stringValue = ""}}
12-30 10:33:09.837   398   464 D adayocomadapter-CommunicationManager: onUpstreamReceive mPropertyId 0x21402057
12-30 10:33:09.837   398   464 D adayocomadapter-CommunicationManager: onUpstreamReceive mPropertyId 0x21402058
12-30 10:33:09.837   398   464 D adayocomadapter-CommunicationManager: convertBytesToInt32Memcpy  0
12-30 10:33:09.837   398   464 I vw-vhal : notifyVehicleProperty, propId = 0x21402058, data = {status: 2, int32Values: [0]}
12-30 10:33:09.838   398   464 I vw-vhal : CanSignalsAdapter::notifyVehicleProperty: solvedValue = {.timestamp = 6925659900490, .areaId = 0, .prop = 557850712, .status = AVAILABLE, .value = {.int32Values = [1]{0}, .floatValues = [0]{}, .int64Values = [0]{}, .bytes = [0]{}, .stringValue = ""}}
12-30 10:33:09.838   398   464 I VehiclePropertyStore: begin to write value to Store: {.timestamp = 6925659900490, .areaId = 0, .prop = 557850712, .status = AVAILABLE, .value = {.int32Values = [1]{0}, .floatValues = [0]{}, .int64Values = [0]{}, .bytes = [0]{}, .stringValue = ""}}
12-30 10:33:09.838   398   464 I DefaultVehicleHal_v2_0: DefaultVehicleHal::onPropertyValue, value:{.timestamp = 6925659900490, .areaId = 0, .prop = 557850712, .status = AVAILABLE, .value = {.int32Values = [1]{0}, .floatValues = [0]{}, .int64Values = [0]{}, .bytes = [0]{}, .stringValue = ""}}
12-30 10:33:09.838   398   464 D DiagPropHandler: is not DiagnosticConfig: 0x21402058
12-30 10:33:09.838   398   464 I VehiclePropertyStore: begin to write value to Store: {.timestamp = 6925659900490, .areaId = 0, .prop = 557850712, .status = AVAILABLE, .value = {.int32Values = [1]{0}, .floatValues = [0]{}, .int64Values = [0]{}, .bytes = [0]{}, .stringValue = ""}}
12-30 10:33:09.838   398   464 D adayocomadapter-CommunicationManager: onUpstreamReceive mPropertyId 0x21402058
12-30 10:33:09.838   398   464 D adayocomadapter-CommunicationManager: onUpstreamReceive mPropertyId 0x2140205a
12-30 10:33:09.838   398   464 D adayocomadapter-CommunicationManager: convertBytesToInt32Memcpy  0
12-30 10:33:09.838   398   464 I vw-vhal : notifyVehicleProperty, propId = 0x2140205a, data = {status: 2, int32Values: [0]}
12-30 10:33:09.838   398   464 I vw-vhal : CanSignalsAdapter::notifyVehicleProperty: solvedValue = {.timestamp = 6925660651490, .areaId = 0, .prop = 557850714, .status = AVAILABLE, .value = {.int32Values = [1]{0}, .floatValues = [0]{}, .int64Values = [0]{}, .bytes = [0]{}, .stringValue = ""}}
12-30 10:33:09.838   398   464 I VehiclePropertyStore: begin to write value to Store: {.timestamp = 6925660651490, .areaId = 0, .prop = 557850714, .status = AVAILABLE, .value = {.int32Values = [1]{0}, .floatValues = [0]{}, .int64Values = [0]{}, .bytes = [0]{}, .stringValue = ""}}
12-30 10:33:09.839   398   464 I DefaultVehicleHal_v2_0: DefaultVehicleHal::onPropertyValue, value:{.timestamp = 6925660651490, .areaId = 0, .prop = 557850714, .status = AVAILABLE, .value = {.int32Values = [1]{0}, .floatValues = [0]{}, .int64Values = [0]{}, .bytes = [0]{}, .stringValue = ""}}
12-30 10:33:09.839   398   464 D DiagPropHandler: is not DiagnosticConfig: 0x2140205a
12-30 10:33:09.839   398   464 I VehiclePropertyStore: begin to write value to Store: {.timestamp = 6925660651490, .areaId = 0, .prop = 557850714, .status = AVAILABLE, .value = {.int32Values = [1]{0}, .floatValues = [0]{}, .int64Values = [0]{}, .bytes = [0]{}, .stringValue = ""}}
12-30 10:33:09.839   398   464 D adayocomadapter-CommunicationManager: onUpstreamReceive mPropertyId 0x2140205a
12-30 10:33:09.839   398   464 D adayocomadapter-CommunicationManager: onUpstreamReceive mPropertyId 0x2140205b
12-30 10:33:09.839   398   464 D adayocomadapter-CommunicationManager: convertBytesToInt32Memcpy  0
12-30 10:33:09.839   398   464 I vw-vhal : notifyVehicleProperty, propId = 0x2140205b, data = {status: 2, int32Values: [0]}
12-30 10:33:09.839   398   464 I vw-vhal : CanSignalsAdapter::notifyVehicleProperty: solvedValue = {.timestamp = 6925661370823, .areaId = 0, .prop = 557850715, .status = AVAILABLE, .value = {.int32Values = [1]{0}, .floatValues = [0]{}, .int64Values = [0]{}, .bytes = [0]{}, .stringValue = ""}}
12-30 10:33:09.839   398   464 I VehiclePropertyStore: begin to write value to Store: {.timestamp = 6925661370823, .areaId = 0, .prop = 557850715, .status = AVAILABLE, .value = {.int32Values = [1]{0}, .floatValues = [0]{}, .int64Values = [0]{}, .bytes = [0]{}, .stringValue = ""}}
12-30 10:33:09.839   398   464 I DefaultVehicleHal_v2_0: DefaultVehicleHal::onPropertyValue, value:{.timestamp = 6925661370823, .areaId = 0, .prop = 557850715, .status = AVAILABLE, .value = {.int32Values = [1]{0}, .floatValues = [0]{}, .int64Values = [0]{}, .bytes = [0]{}, .stringValue = ""}}
12-30 10:33:09.839   398   464 D DiagPropHandler: is not DiagnosticConfig: 0x2140205b
12-30 10:33:09.839   398   464 I VehiclePropertyStore: begin to write value to Store: {.timestamp = 6925661370823, .areaId = 0, .prop = 557850715, .status = AVAILABLE, .value = {.int32Values = [1]{0}, .floatValues = [0]{}, .int64Values = [0]{}, .bytes = [0]{}, .stringValue = ""}}
12-30 10:33:09.840   398   464 D adayocomadapter-CommunicationManager: onUpstreamReceive mPropertyId 0x2140205b
12-30 10:33:09.840   398   464 D adayocomadapter-CommunicationManager: onUpstreamReceive mPropertyId 0x2140205c
12-30 10:33:09.840   398   464 D adayocomadapter-CommunicationManager: convertBytesToInt32Memcpy  0
12-30 10:33:09.840   398   464 I vw-vhal : notifyVehicleProperty, propId = 0x2140205c, data = {status: 2, int32Values: [0]}
12-30 10:33:09.840   398   464 I vw-vhal : CanSignalsAdapter::notifyVehicleProperty: solvedValue = {.timestamp = 6925662137490, .areaId = 0, .prop = 557850716, .status = AVAILABLE, .value = {.int32Values = [1]{0}, .floatValues = [0]{}, .int64Values = [0]{}, .bytes = [0]{}, .stringValue = ""}}
12-30 10:33:09.840   398   464 I VehiclePropertyStore: begin to write value to Store: {.timestamp = 6925662137490, .areaId = 0, .prop = 557850716, .status = AVAILABLE, .value = {.int32Values = [1]{0}, .floatValues = [0]{}, .int64Values = [0]{}, .bytes = [0]{}, .stringValue = ""}}
12-30 10:33:09.840   398   464 I DefaultVehicleHal_v2_0: DefaultVehicleHal::onPropertyValue, value:{.timestamp = 6925662137490, .areaId = 0, .prop = 557850716, .status = AVAILABLE, .value = {.int32Values = [1]{0}, .floatValues = [0]{}, .int64Values = [0]{}, .bytes = [0]{}, .stringValue = ""}}
12-30 10:33:09.840   398   464 D DiagPropHandler: is not DiagnosticConfig: 0x2140205c
12-30 10:33:09.840   398   464 I VehiclePropertyStore: begin to write value to Store: {.timestamp = 6925662137490, .areaId = 0, .prop = 557850716, .status = AVAILABLE, .value = {.int32Values = [1]{0}, .floatValues = [0]{}, .int64Values = [0]{}, .bytes = [0]{}, .stringValue = ""}}
12-30 10:33:09.840   398   464 D adayocomadapter-CommunicationManager: onUpstreamReceive mPropertyId 0x2140205c
12-30 10:33:09.840   398   464 D adayocomadapter-CommunicationManager: onUpstreamReceive mPropertyId 0x2140218e
12-30 10:33:09.841   398   464 D adayocomadapter-CommunicationManager: convertBytesToInt32Memcpy  0
12-30 10:33:09.841   398   464 I vw-vhal : notifyVehicleProperty, propId = 0x2140218e, data = {status: 2, int32Values: [0]}
12-30 10:33:09.841   398   464 I vw-vhal : CanSignalsAdapter::notifyVehicleProperty: solvedValue = {.timestamp = 6925663006490, .areaId = 0, .prop = 557851022, .status = AVAILABLE, .value = {.int32Values = [1]{0}, .floatValues = [0]{}, .int64Values = [0]{}, .bytes = [0]{}, .stringValue = ""}}
12-30 10:33:09.841   398   464 I VehiclePropertyStore: begin to write value to Store: {.timestamp = 6925663006490, .areaId = 0, .prop = 557851022, .status = AVAILABLE, .value = {.int32Values = [1]{0}, .floatValues = [0]{}, .int64Values = [0]{}, .bytes = [0]{}, .stringValue = ""}}
12-30 10:33:09.841   398   464 I DefaultVehicleHal_v2_0: DefaultVehicleHal::onPropertyValue, value:{.timestamp = 6925663006490, .areaId = 0, .prop = 557851022, .status = AVAILABLE, .value = {.int32Values = [1]{0}, .floatValues = [0]{}, .int64Values = [0]{}, .bytes = [0]{}, .stringValue = ""}}
12-30 10:33:09.841   398   464 D DiagPropHandler: is not DiagnosticConfig: 0x2140218e
12-30 10:33:09.841   398   464 I VehiclePropertyStore: begin to write value to Store: {.timestamp = 6925663006490, .areaId = 0, .prop = 557851022, .status = AVAILABLE, .value = {.int32Values = [1]{0}, .floatValues = [0]{}, .int64Values = [0]{}, .bytes = [0]{}, .stringValue = ""}}
12-30 10:33:09.841   398   464 D adayocomadapter-CommunicationManager: onUpstreamReceive mPropertyId 0x2140218e
12-30 10:33:09.841   398   464 D adayocomadapter-CommunicationManager: onUpstreamReceive mPropertyId 0x2140218f
12-30 10:33:09.841   398   464 D adayocomadapter-CommunicationManager: convertBytesToInt32Memcpy  0
12-30 10:33:09.841   398   464 I vw-vhal : notifyVehicleProperty, propId = 0x2140218f, data = {status: 2, int32Values: [0]}
12-30 10:33:09.841   398   464 I vw-vhal : CanSignalsAdapter::notifyVehicleProperty: solvedValue = {.timestamp = 6925663661823, .areaId = 0, .prop = 557851023, .status = AVAILABLE, .value = {.int32Values = [1]{0}, .floatValues = [0]{}, .int64Values = [0]{}, .bytes = [0]{}, .stringValue = ""}}
12-30 10:33:09.841   398   464 I VehiclePropertyStore: begin to write value to Store: {.timestamp = 6925663661823, .areaId = 0, .prop = 557851023, .status = AVAILABLE, .value = {.int32Values = [1]{0}, .floatValues = [0]{}, .int64Values = [0]{}, .bytes = [0]{}, .stringValue = ""}}
12-30 10:33:09.842   398   464 I DefaultVehicleHal_v2_0: DefaultVehicleHal::onPropertyValue, value:{.timestamp = 6925663661823, .areaId = 0, .prop = 557851023, .status = AVAILABLE, .value = {.int32Values = [1]{0}, .floatValues = [0]{}, .int64Values = [0]{}, .bytes = [0]{}, .stringValue = ""}}
12-30 10:33:09.842   398   464 D DiagPropHandler: is not DiagnosticConfig: 0x2140218f
12-30 10:33:09.842   398   464 I VehiclePropertyStore: begin to write value to Store: {.timestamp = 6925663661823, .areaId = 0, .prop = 557851023, .status = AVAILABLE, .value = {.int32Values = [1]{0}, .floatValues = [0]{}, .int64Values = [0]{}, .bytes = [0]{}, .stringValue = ""}}
12-30 10:33:09.842   398   464 D adayocomadapter-CommunicationManager: onUpstreamReceive mPropertyId 0x2140218f
12-30 10:33:09.842   398   464 D adayocomadapter-CommunicationManager: onUpstreamReceive mPropertyId 0x21402191
12-30 10:33:09.842   398   464 D adayocomadapter-CommunicationManager: convertBytesToInt32Memcpy  0
12-30 10:33:09.842   398   464 I vw-vhal : notifyVehicleProperty, propId = 0x21402191, data = {status: 2, int32Values: [0]}
12-30 10:33:09.842   398   464 I vw-vhal : CanSignalsAdapter::notifyVehicleProperty: solvedValue = {.timestamp = 6925664346823, .areaId = 0, .prop = 557851025, .status = AVAILABLE, .value = {.int32Values = [1]{0}, .floatValues = [0]{}, .int64Values = [0]{}, .bytes = [0]{}, .stringValue = ""}}
12-30 10:33:09.842   398   464 I VehiclePropertyStore: begin to write value to Store: {.timestamp = 6925664346823, .areaId = 0, .prop = 557851025, .status = AVAILABLE, .value = {.int32Values = [1]{0}, .floatValues = [0]{}, .int64Values = [0]{}, .bytes = [0]{}, .stringValue = ""}}
12-30 10:33:09.842  1611  1611 I ADAYO_LOG_: handleMessage(UsbFunc.java:3)copyQnx = 0
12-30 10:33:09.842   398   464 I DefaultVehicleHal_v2_0: DefaultVehicleHal::onPropertyValue, value:{.timestamp = 6925664346823, .areaId = 0, .prop = 557851025, .status = AVAILABLE, .value = {.int32Values = [1]{0}, .floatValues = [0]{}, .int64Values = [0]{}, .bytes = [0]{}, .stringValue = ""}}
12-30 10:33:09.842   398   464 D DiagPropHandler: is not DiagnosticConfig: 0x21402191
12-30 10:33:09.842   398   464 I VehiclePropertyStore: begin to write value to Store: {.timestamp = 6925664346823, .areaId = 0, .prop = 557851025, .status = AVAILABLE, .value = {.int32Values = [1]{0}, .floatValues = [0]{}, .int64Values = [0]{}, .bytes = [0]{}, .stringValue = ""}}
12-30 10:33:09.842   398   464 D adayocomadapter-CommunicationManager: onUpstreamReceive mPropertyId 0x21402191
12-30 10:33:09.843   398   464 D adayocomadapter-CommunicationManager: onUpstreamReceive mPropertyId 0x2140223d
12-30 10:33:09.843   398   464 D adayocomadapter-CommunicationManager: convertBytesToInt32Memcpy  0
12-30 10:33:09.843  1611  1611 I ADAYO_LOG_: handleMessage(UsbFunc.java:12)copyState = 2
12-30 10:33:09.843   398   464 I vw-vhal : notifyVehicleProperty, propId = 0x2140223d, data = {status: 2, int32Values: [0]}
12-30 10:33:09.843   398   464 I vw-vhal : CanSignalsAdapter::notifyVehicleProperty: solvedValue = {.timestamp = 6925665031823, .areaId = 0, .prop = 557851197, .status = AVAILABLE, .value = {.int32Values = [1]{0}, .floatValues = [0]{}, .int64Values = [0]{}, .bytes = [0]{}, .stringValue = ""}}
12-30 10:33:09.843   398   464 I VehiclePropertyStore: begin to write value to Store: {.timestamp = 6925665031823, .areaId = 0, .prop = 557851197, .status = AVAILABLE, .value = {.int32Values = [1]{0}, .floatValues = [0]{}, .int64Values = [0]{}, .bytes = [0]{}, .stringValue = ""}}
12-30 10:33:09.843   398   464 I DefaultVehicleHal_v2_0: DefaultVehicleHal::onPropertyValue, value:{.timestamp = 6925665031823, .areaId = 0, .prop = 557851197, .status = AVAILABLE, .value = {.int32Values = [1]{0}, .floatValues = [0]{}, .int64Values = [0]{}, .bytes = [0]{}, .stringValue = ""}}
12-30 10:33:09.843   398   464 D DiagPropHandler: is not DiagnosticConfig: 0x2140223d
12-30 10:33:09.843   398   464 I VehiclePropertyStore: begin to write value to Store: {.timestamp = 6925665031823, .areaId = 0, .prop = 557851197, .status = AVAILABLE, .value = {.int32Values = [1]{0}, .floatValues = [0]{}, .int64Values = [0]{}, .bytes = [0]{}, .stringValue = ""}}
12-30 10:33:09.843   398   464 D adayocomadapter-CommunicationManager: onUpstreamReceive mPropertyId 0x2140223d
12-30 10:33:09.845   360   931 D EvsDriver: forwardFrame
12-30 10:33:09.845   360   931 D EvsDriver: forwardFrameDirect
12-30 10:33:09.845   360   931 D EvsDriver: Delivered 0xb400e2ca9e40d4b0 as id 1
12-30 10:33:09.845   359  2784 D evsmanagerd: /dev/video-evs0 forwarded the buffer #1 to 0xb400f125d2b26dd0 from 0xb400f125e2b20710
12-30 10:33:09.849   360   458 D EvsDriver: doneWithFrame
12-30 10:33:09.854   596  3076 E WifiHAL : Invalid data received from driver
01-01 09:55:26.867 25800 25800 W audit   : audit_lost=759847 audit_rate_limit=5 audit_backlog_limit=64
12-30 10:33:09.878   360   931 D EvsDriver: forwardFrame
12-30 10:33:09.878   360   931 D EvsDriver: forwardFrameDirect
12-30 10:33:09.879   360   931 D EvsDriver: Delivered 0xb400e2ca9e40c2d0 as id 0
12-30 10:33:09.879   359  2784 D evsmanagerd: /dev/video-evs0 forwarded the buffer #0 to 0xb400f125d2b26dd0 from 0xb400f125e2b20710
12-30 10:33:09.880   360   458 D EvsDriver: doneWithFrame
12-30 10:33:09.883  2358  2623 D RcfController: Rcf proxy is not connected!
12-30 10:33:09.911   360   931 D EvsDriver: forwardFrame
12-30 10:33:09.911   360   931 D EvsDriver: forwardFrameDirect
12-30 10:33:09.912   360   931 D EvsDriver: Delivered 0xb400e2ca9e40d090 as id 1
12-30 10:33:09.912   359  2784 D evsmanagerd: /dev/video-evs0 forwarded the buffer #1 to 0xb400f125d2b26dd0 from 0xb400f125e2b20710
12-30 10:33:09.917 25802 25802 I ADAYO_LOG_TRACE_RESOURCE: execute start
12-30 10:33:09.918   596  3076 E WifiHAL : Invalid data received from driver
12-30 10:33:09.920   360   458 D EvsDriver: doneWithFrame
12-30 10:33:09.928   650   729 D fgemcucomm: sd Uart data : 6AA602D83D0002920253
12-30 10:33:09.928   650   729 D fgemcucomm: rev uart=57262,len=15, data : 6AA681D83D00079202062141450220
12-30 10:33:09.928   398  2883 D adayocomadapter-ParseProtocolFunc: printRaWMsg Name[MCUToUPstream recv] len[7] data[92020621414502]
12-30 10:33:09.928   398  2883 D adayocomadapter-CommunicationManager: onUpstreamback   member[6] dataLength[4] timePoint[6925750]
12-30 10:33:09.928   398  2883 D adayocomadapter-ParseProtocolFunc: printRaWMsg Name[onUpstreamback] len[4] data[21414502]
12-30 10:33:09.928   398   464 D adayocomadapter-UpstreamHandler: processBeforePacket upSreamtProcessTimePoint[6925750] 
12-30 10:33:09.928   398   464 D adayocomadapter-ParseProtocolFunc: parseGeneralIPCLBytes Processing tablename[Table-3] tableSize[0]
12-30 10:33:09.928   398   464 D adayocomadapter-ParseProtocolFunc: printRaWMsg Name[byteStream recv] len[4] data[21414502]
12-30 10:33:09.931   398   464 D adayocomadapter-ParseProtocolFunc: printRaWMsg Name[IPCLtoVHAL] len[8520] data[21414502012141450200000000000000000000000001600000000044E80000000000000000214021A700000000000000000000000001600000000076950000000000000000214022530000000000000000000000000160000000002012000000000000000021402253000000000000000000000000016000000000126F000000000000000021402227000000000000000000000000016000000000B66C0000000000000000214022510000000000000000000000000101010000004D1200000000000000000000000000000000A088712E6DFB00B4016000000000D2960000000000000000214021C100000000000000000000000001010100000029E80000000000000000A04072CE6DFB00B4A04173CE6DFB00B40160000000007F980000000000000000214021AC0000000000000000000000000160000000004DE50000000000000000214020570000000000000000000000000160000000001B62000000000000000021402243000000000000000000000000014000000000CFA100000000000000000000000000000000000000000000000001600000000039F600000000000000002140221D0000000000000000000000000160000000000B8B0000000000000000214022540000000000000000000000000160000000005D0C0000000000000000214021B00
12-30 10:33:09.931   398   464 D adayocomadapter-CommunicationManager: onUpstreamReceive mPropertyId 0x21414502
12-30 10:33:09.931   398   464 D adayocomadapter-CommunicationManager: writeValue id=[557925634]
12-30 10:33:09.931   398   464 D adayocomadapter-VehiclePropertyStore: writeValue id=[557925634]
12-30 10:33:09.933  2358  2623 D RcfController: Rcf proxy is not connected!
12-30 10:33:09.938   398   464 I vw-vhal : notifyVehicleProperty, propId = 0x21414502, data = {status: 2, int32Values: [33, 65, 69, 2, 0, 0, 0, 0, 0, 0, 0, 0, 0, 0, 0, 0, 1, 96, 0, 0, 0, 0, 68, 232, 0, 0, 0, 0, 0, 0, 0, 0, 33, 64, 33, 167, 0, 0, 0, 0, 0, 0, 0, 0, 0, 0, 0, 0, 1, 96, 0, 0, 0, 0, 118, 149, 0, 0, 0, 0, 0, 0, 0, 0, 33, 64, 34, 83, 0, 0, 0, 0, 0, 0, 0, 0, 0, 0, 0, 0, 1, 96, 0, 0, 0, 0, 32, 18, 0, 0, 0, 0, 0, 0, 0, 0, 33, 64, 34, 83, 0, 0, 0, 0, 0, 0, 0, 0, 0, 0, 0, 0, 1, 96, 0, 0, 0, 0, 18, 111, 0, 0, 0, 0, 0, 0, 0, 0, 33, 64, 34, 39, 0, 0, 0, 0, 0, 0, 0, 0, 0, 0, 0, 0, 1, 96, 0, 0, 0, 0, 182, 108, 0, 0, 0, 0, 0, 0, 0, 0, 33, 64, 34, 81, 0, 0, 0, 0, 0, 0, 0, 0, 0, 0, 0, 0, 1, 1, 1, 0, 0, 0, 77, 18, 0, 0, 0, 0, 0, 0, 0, 0, 0, 0, 0, 0, 0, 0, 0, 0, 160, 136, 113, 46, 109, 251, 0, 180, 1, 96, 0, 0, 0, 0, 210, 150, 0, 0, 0, 0, 0, 0, 0, 0, 33, 64, 33, 193, 0, 0, 0, 0, 0, 0, 0, 0, 0, 0, 0, 0, 1, 1, 1, 0, 0, 0, 41, 232, 0, 0, 0, 0, 0, 0, 0, 0, 160, 64, 114, 206, 109, 251, 0, 180, 160, 65, 115, 206, 109, 251, 0, 180, 1, 96, 0, 0, 0, 0, 127, 152, 0,
12-30 10:33:09.945   360   931 D EvsDriver: forwardFrame
12-30 10:33:09.945   360   931 D EvsDriver: forwardFrameDirect
12-30 10:33:09.945   398   464 I vw-vhal : CanSignalsAdapter::notifyDiagProperty: propId = 0x21414502, data = {status: 2, int32Values: [33, 65, 69, 2, 0, 0, 0, 0, 0, 0, 0, 0, 0, 0, 0, 0, 1, 96, 0, 0, 0, 0, 68, 232, 0, 0, 0, 0, 0, 0, 0, 0, 33, 64, 33, 167, 0, 0, 0, 0, 0, 0, 0, 0, 0, 0, 0, 0, 1, 96, 0, 0, 0, 0, 118, 149, 0, 0, 0, 0, 0, 0, 0, 0, 33, 64, 34, 83, 0, 0, 0, 0, 0, 0, 0, 0, 0, 0, 0, 0, 1, 96, 0, 0, 0, 0, 32, 18, 0, 0, 0, 0, 0, 0, 0, 0, 33, 64, 34, 83, 0, 0, 0, 0, 0, 0, 0, 0, 0, 0, 0, 0, 1, 96, 0, 0, 0, 0, 18, 111, 0, 0, 0, 0, 0, 0, 0, 0, 33, 64, 34, 39, 0, 0, 0, 0, 0, 0, 0, 0, 0, 0, 0, 0, 1, 96, 0, 0, 0, 0, 182, 108, 0, 0, 0, 0, 0, 0, 0, 0, 33, 64, 34, 81, 0, 0, 0, 0, 0, 0, 0, 0, 0, 0, 0, 0, 1, 1, 1, 0, 0, 0, 77, 18, 0, 0, 0, 0, 0, 0, 0, 0, 0, 0, 0, 0, 0, 0, 0, 0, 160, 136, 113, 46, 109, 251, 0, 180, 1, 96, 0, 0, 0, 0, 210, 150, 0, 0, 0, 0, 0, 0, 0, 0, 33, 64, 33, 193, 0, 0, 0, 0, 0, 0, 0, 0, 0, 0, 0, 0, 1, 1, 1, 0, 0, 0, 41, 232, 0, 0, 0, 0, 0, 0, 0, 0, 160, 64, 114, 206, 109, 251, 0, 180, 160, 65, 115, 206, 109, 251, 0, 180, 1, 96, 0, 0, 0,
12-30 10:33:09.945   360   931 D EvsDriver: Delivered 0xb400e2ca9e40e110 as id 0
12-30 10:33:09.945   359  2784 D evsmanagerd: /dev/video-evs0 forwarded the buffer #0 to 0xb400f125d2b26dd0 from 0xb400f125e2b20710
12-30 10:33:09.948   398   464 I vw-vhal : CanSignalsAdapter::notifyVehicleProperty: solvedValue = {.timestamp = 6925767242157, .areaId = 0, .prop = 557925634, .status = AVAILABLE, .value = {.int32Values = [8515]{33, 65, 69, 2, 0, 0, 0, 0, 0, 0, 0, 0, 0, 0, 0, 0, 1, 96, 0, 0, 0, 0, 68, 232, 0, 0, 0, 0, 0, 0, 0, 0, 33, 64, 33, 167, 0, 0, 0, 0, 0, 0, 0, 0, 0, 0, 0, 0, 1, 96, 0, 0, 0, 0, 118, 149, 0, 0, 0, 0, 0, 0, 0, 0, 33, 64, 34, 83, 0, 0, 0, 0, 0, 0, 0, 0, 0, 0, 0, 0, 1, 96, 0, 0, 0, 0, 32, 18, 0, 0, 0, 0, 0, 0, 0, 0, 33, 64, 34, 83, 0, 0, 0, 0, 0, 0, 0, 0, 0, 0, 0, 0, 1, 96, 0, 0, 0, 0, 18, 111, 0, 0, 0, 0, 0, 0, 0, 0, 33, 64, 34, 39, 0, 0, 0, 0, 0, 0, 0, 0, 0, 0, 0, 0, 1, 96, 0, 0, 0, 0, 182, 108, 0, 0, 0, 0, 0, 0, 0, 0, 33, 64, 34, 81, 0, 0, 0, 0, 0, 0, 0, 0, 0, 0, 0, 0, 1, 1, 1, 0, 0, 0, 77, 18, 0, 0, 0, 0, 0, 0, 0, 0, 0, 0, 0, 0, 0, 0, 0, 0, 160, 136, 113, 46, 109, 251, 0, 180, 1, 96, 0, 0, 0, 0, 210, 150, 0, 0, 0, 0, 0, 0, 0, 0, 33, 64, 33, 193, 0, 0, 0, 0, 0, 0, 0, 0, 0, 0, 0, 0, 1, 1, 1, 0, 0, 0, 41, 232, 0, 0, 0, 0, 0, 0, 0, 0, 160, 64, 114
12-30 10:33:09.950   360   458 D EvsDriver: doneWithFrame
12-30 10:33:09.952   398   464 I VehiclePropertyStore: begin to write value to Store: {.timestamp = 6925767242157, .areaId = 0, .prop = 557925634, .status = AVAILABLE, .value = {.int32Values = [8515]{33, 65, 69, 2, 0, 0, 0, 0, 0, 0, 0, 0, 0, 0, 0, 0, 1, 96, 0, 0, 0, 0, 68, 232, 0, 0, 0, 0, 0, 0, 0, 0, 33, 64, 33, 167, 0, 0, 0, 0, 0, 0, 0, 0, 0, 0, 0, 0, 1, 96, 0, 0, 0, 0, 118, 149, 0, 0, 0, 0, 0, 0, 0, 0, 33, 64, 34, 83, 0, 0, 0, 0, 0, 0, 0, 0, 0, 0, 0, 0, 1, 96, 0, 0, 0, 0, 32, 18, 0, 0, 0, 0, 0, 0, 0, 0, 33, 64, 34, 83, 0, 0, 0, 0, 0, 0, 0, 0, 0, 0, 0, 0, 1, 96, 0, 0, 0, 0, 18, 111, 0, 0, 0, 0, 0, 0, 0, 0, 33, 64, 34, 39, 0, 0, 0, 0, 0, 0, 0, 0, 0, 0, 0, 0, 1, 96, 0, 0, 0, 0, 182, 108, 0, 0, 0, 0, 0, 0, 0, 0, 33, 64, 34, 81, 0, 0, 0, 0, 0, 0, 0, 0, 0, 0, 0, 0, 1, 1, 1, 0, 0, 0, 77, 18, 0, 0, 0, 0, 0, 0, 0, 0, 0, 0, 0, 0, 0, 0, 0, 0, 160, 136, 113, 46, 109, 251, 0, 180, 1, 96, 0, 0, 0, 0, 210, 150, 0, 0, 0, 0, 0, 0, 0, 0, 33, 64, 33, 193, 0, 0, 0, 0, 0, 0, 0, 0, 0, 0, 0, 0, 1, 1, 1, 0, 0, 0, 41, 232, 0, 0, 0, 0, 0, 0, 0, 0, 160, 64, 114, 206, 109, 251, 0, 180, 
12-30 10:33:09.956   398   464 I VehiclePropertyStore: Prop wirte value to Store success: {.timestamp = 6925767242157, .areaId = 0, .prop = 557925634, .status = AVAILABLE, .value = {.int32Values = [8515]{33, 65, 69, 2, 0, 0, 0, 0, 0, 0, 0, 0, 0, 0, 0, 0, 1, 96, 0, 0, 0, 0, 68, 232, 0, 0, 0, 0, 0, 0, 0, 0, 33, 64, 33, 167, 0, 0, 0, 0, 0, 0, 0, 0, 0, 0, 0, 0, 1, 96, 0, 0, 0, 0, 118, 149, 0, 0, 0, 0, 0, 0, 0, 0, 33, 64, 34, 83, 0, 0, 0, 0, 0, 0, 0, 0, 0, 0, 0, 0, 1, 96, 0, 0, 0, 0, 32, 18, 0, 0, 0, 0, 0, 0, 0, 0, 33, 64, 34, 83, 0, 0, 0, 0, 0, 0, 0, 0, 0, 0, 0, 0, 1, 96, 0, 0, 0, 0, 18, 111, 0, 0, 0, 0, 0, 0, 0, 0, 33, 64, 34, 39, 0, 0, 0, 0, 0, 0, 0, 0, 0, 0, 0, 0, 1, 96, 0, 0, 0, 0, 182, 108, 0, 0, 0, 0, 0, 0, 0, 0, 33, 64, 34, 81, 0, 0, 0, 0, 0, 0, 0, 0, 0, 0, 0, 0, 1, 1, 1, 0, 0, 0, 77, 18, 0, 0, 0, 0, 0, 0, 0, 0, 0, 0, 0, 0, 0, 0, 0, 0, 160, 136, 113, 46, 109, 251, 0, 180, 1, 96, 0, 0, 0, 0, 210, 150, 0, 0, 0, 0, 0, 0, 0, 0, 33, 64, 33, 193, 0, 0, 0, 0, 0, 0, 0, 0, 0, 0, 0, 0, 1, 1, 1, 0, 0, 0, 41, 232, 0, 0, 0, 0, 0, 0, 0, 0, 160, 64, 114, 206, 109, 251, 0, 1
12-30 10:33:09.957 25804 25804 I ADAYO_LOG_TRACE_RESOURCE: executing
12-30 10:33:09.959   398   464 I DefaultVehicleHal_v2_0: DefaultVehicleHal::onPropertyValue, value:{.timestamp = 6925767242157, .areaId = 0, .prop = 557925634, .status = AVAILABLE, .value = {.int32Values = [8515]{33, 65, 69, 2, 0, 0, 0, 0, 0, 0, 0, 0, 0, 0, 0, 0, 1, 96, 0, 0, 0, 0, 68, 232, 0, 0, 0, 0, 0, 0, 0, 0, 33, 64, 33, 167, 0, 0, 0, 0, 0, 0, 0, 0, 0, 0, 0, 0, 1, 96, 0, 0, 0, 0, 118, 149, 0, 0, 0, 0, 0, 0, 0, 0, 33, 64, 34, 83, 0, 0, 0, 0, 0, 0, 0, 0, 0, 0, 0, 0, 1, 96, 0, 0, 0, 0, 32, 18, 0, 0, 0, 0, 0, 0, 0, 0, 33, 64, 34, 83, 0, 0, 0, 0, 0, 0, 0, 0, 0, 0, 0, 0, 1, 96, 0, 0, 0, 0, 18, 111, 0, 0, 0, 0, 0, 0, 0, 0, 33, 64, 34, 39, 0, 0, 0, 0, 0, 0, 0, 0, 0, 0, 0, 0, 1, 96, 0, 0, 0, 0, 182, 108, 0, 0, 0, 0, 0, 0, 0, 0, 33, 64, 34, 81, 0, 0, 0, 0, 0, 0, 0, 0, 0, 0, 0, 0, 1, 1, 1, 0, 0, 0, 77, 18, 0, 0, 0, 0, 0, 0, 0, 0, 0, 0, 0, 0, 0, 0, 0, 0, 160, 136, 113, 46, 109, 251, 0, 180, 1, 96, 0, 0, 0, 0, 210, 150, 0, 0, 0, 0, 0, 0, 0, 0, 33, 64, 33, 193, 0, 0, 0, 0, 0, 0, 0, 0, 0, 0, 0, 0, 1, 1, 1, 0, 0, 0, 41, 232, 0, 0, 0, 0, 0, 0, 0, 0, 160, 64, 114, 206, 109, 25
12-30 10:33:09.959   398   464 D DiagPropHandler: is not DiagnosticConfig: 0x21414502
12-30 10:33:09.963   398   464 I VehiclePropertyStore: begin to write value to Store: {.timestamp = 6925767242157, .areaId = 0, .prop = 557925634, .status = AVAILABLE, .value = {.int32Values = [8515]{33, 65, 69, 2, 0, 0, 0, 0, 0, 0, 0, 0, 0, 0, 0, 0, 1, 96, 0, 0, 0, 0, 68, 232, 0, 0, 0, 0, 0, 0, 0, 0, 33, 64, 33, 167, 0, 0, 0, 0, 0, 0, 0, 0, 0, 0, 0, 0, 1, 96, 0, 0, 0, 0, 118, 149, 0, 0, 0, 0, 0, 0, 0, 0, 33, 64, 34, 83, 0, 0, 0, 0, 0, 0, 0, 0, 0, 0, 0, 0, 1, 96, 0, 0, 0, 0, 32, 18, 0, 0, 0, 0, 0, 0, 0, 0, 33, 64, 34, 83, 0, 0, 0, 0, 0, 0, 0, 0, 0, 0, 0, 0, 1, 96, 0, 0, 0, 0, 18, 111, 0, 0, 0, 0, 0, 0, 0, 0, 33, 64, 34, 39, 0, 0, 0, 0, 0, 0, 0, 0, 0, 0, 0, 0, 1, 96, 0, 0, 0, 0, 182, 108, 0, 0, 0, 0, 0, 0, 0, 0, 33, 64, 34, 81, 0, 0, 0, 0, 0, 0, 0, 0, 0, 0, 0, 0, 1, 1, 1, 0, 0, 0, 77, 18, 0, 0, 0, 0, 0, 0, 0, 0, 0, 0, 0, 0, 0, 0, 0, 0, 160, 136, 113, 46, 109, 251, 0, 180, 1, 96, 0, 0, 0, 0, 210, 150, 0, 0, 0, 0, 0, 0, 0, 0, 33, 64, 33, 193, 0, 0, 0, 0, 0, 0, 0, 0, 0, 0, 0, 0, 1, 1, 1, 0, 0, 0, 41, 232, 0, 0, 0, 0, 0, 0, 0, 0, 160, 64, 114, 206, 109, 251, 0, 180, 
12-30 10:33:09.967   398   464 I VehiclePropertyStore: Prop wirte value to Store success: {.timestamp = 6925767242157, .areaId = 0, .prop = 557925634, .status = AVAILABLE, .value = {.int32Values = [8515]{33, 65, 69, 2, 0, 0, 0, 0, 0, 0, 0, 0, 0, 0, 0, 0, 1, 96, 0, 0, 0, 0, 68, 232, 0, 0, 0, 0, 0, 0, 0, 0, 33, 64, 33, 167, 0, 0, 0, 0, 0, 0, 0, 0, 0, 0, 0, 0, 1, 96, 0, 0, 0, 0, 118, 149, 0, 0, 0, 0, 0, 0, 0, 0, 33, 64, 34, 83, 0, 0, 0, 0, 0, 0, 0, 0, 0, 0, 0, 0, 1, 96, 0, 0, 0, 0, 32, 18, 0, 0, 0, 0, 0, 0, 0, 0, 33, 64, 34, 83, 0, 0, 0, 0, 0, 0, 0, 0, 0, 0, 0, 0, 1, 96, 0, 0, 0, 0, 18, 111, 0, 0, 0, 0, 0, 0, 0, 0, 33, 64, 34, 39, 0, 0, 0, 0, 0, 0, 0, 0, 0, 0, 0, 0, 1, 96, 0, 0, 0, 0, 182, 108, 0, 0, 0, 0, 0, 0, 0, 0, 33, 64, 34, 81, 0, 0, 0, 0, 0, 0, 0, 0, 0, 0, 0, 0, 1, 1, 1, 0, 0, 0, 77, 18, 0, 0, 0, 0, 0, 0, 0, 0, 0, 0, 0, 0, 0, 0, 0, 0, 160, 136, 113, 46, 109, 251, 0, 180, 1, 96, 0, 0, 0, 0, 210, 150, 0, 0, 0, 0, 0, 0, 0, 0, 33, 64, 33, 193, 0, 0, 0, 0, 0, 0, 0, 0, 0, 0, 0, 0, 1, 1, 1, 0, 0, 0, 41, 232, 0, 0, 0, 0, 0, 0, 0, 0, 160, 64, 114, 206, 109, 251, 0, 1
12-30 10:33:09.967   398   464 D adayocomadapter-CommunicationManager: onUpstreamReceive mPropertyId 0x21414502
12-30 10:33:09.970  1547  2118 D ANWAPI  : (1547|0x6EF3FCB0)[BTAPI] testing: step3: (2)
12-30 10:33:09.970  1547  2118 D ANWAPI  : (1547|0x6EF3FCB0)[BTAPI] testing: step1: send HCI local read infor
12-30 10:33:09.970  1547  2118 D ANWStack: [   6925792][ANWBT] HCI: Sending HCI_ReadLocalVersionInformation command
12-30 10:33:09.970  1547  2118 D ANWStack: [   6925792][ANWBT] HCI Rx: CommandComplete event for ReadLocalVersionInformation, numCommandPackets=0x1, status=0x00 (Success)
12-30 10:33:09.970  1547  2118 D ANWStack: 
12-30 10:33:09.970  1547  2118 D ANWStack: [   6925792][ANWBT] HCI Rx:     CommandComplete Parameters: HCIversion=0xD, HCIrevision=0x0, LMP version=0xD, ManufacturerId=0x1D, LMP subversion=0x80E9
12-30 10:33:09.970  1547  2118 D ANWStack: 
12-30 10:33:09.970  1547  2118 D ANWAPI  : (1547|0x6EF3FCB0)[BTAPI] AnwhciEventCallback 14 1
12-30 10:33:09.970  1547  2118 D ANWAPI  : (1547|0x6EF3FCB0)[BTAPI] btsdk_command_complete_event_handler cmdOpcode = 4097
12-30 10:33:09.970  1547  2118 D ANWAPI  : (1547|0x6EF3FCB0)[BTAPI] testing: step2: receive complete(1)
12-30 10:33:09.970  1547  2118 D ANWStack: [   6925792][ANWBT] HCI: Host Controller manufacturer ID 0x001D
12-30 10:33:09.970  1547  2118 D ANWStack: 
12-30 10:33:09.977  1667  2410 I media_message_log->MediaMessageUserProxy: (SourceFile:1)b connectToService action bind
12-30 10:33:09.978   360   931 D EvsDriver: forwardFrame
12-30 10:33:09.978   360   931 D EvsDriver: forwardFrameDirect
12-30 10:33:09.978   916  3726 W ActivityManager: Unable to start service Intent { cmp=com.adayo.server.mediamessagetransfer/.MediaMessTransferService (has extras) } U=0: not found
12-30 10:33:09.978   360   931 D EvsDriver: Delivered 0xb400e2ca9e40c7a0 as id 1
12-30 10:33:09.978   359  2784 D evsmanagerd: /dev/video-evs0 forwarded the buffer #1 to 0xb400f125d2b26dd0 from 0xb400f125e2b20710
12-30 10:33:09.979  1667  2410 E media_message_log->MediaMessageUserProxy: (SourceFile:7)a bindServiceAsUser isBound = false
12-30 10:33:09.981   360   458 D EvsDriver: doneWithFrame
12-30 10:33:09.984  2358  2623 D RcfController: Rcf proxy is not connected!
12-30 10:33:09.995   596  3076 E WifiHAL : Invalid data received from driver
12-30 10:33:09.997 25806 25806 I ADAYO_LOG_TRACE_RESOURCE: collect_dest_path:/mnt/sdcard/logcat_GNSS/
12-30 10:33:10.011   360   931 D EvsDriver: forwardFrame
12-30 10:33:10.011   360   931 D EvsDriver: forwardFrameDirect
12-30 10:33:10.012   360   931 D EvsDriver: Delivered 0xb400e2ca9e40e270 as id 0
12-30 10:33:10.012   359  2784 D evsmanagerd: /dev/video-evs0 forwarded the buffer #0 to 0xb400f125d2b26dd0 from 0xb400f125e2b20710
12-30 10:33:10.014  2933  3061 I RunningLogCollector: RunningLogCollector: TimeOut TimeOut.
12-30 10:33:10.014  2933  3061 D HiView-EventLoop: HiView-EventLoop: ResetTimerIfNeedLocked EventLoop ResetTimerIfNeedLocked
12-30 10:33:10.014  2933  3061 D HiView-EventLoop: HiView-EventLoop: WakeUp EventLoop WakeUp
12-30 10:33:10.021   360   458 D EvsDriver: doneWithFrame
12-30 10:33:10.034  2358  2623 D RcfController: Rcf proxy is not connected!
12-30 10:33:10.045   360   931 D EvsDriver: forwardFrame
12-30 10:33:10.045   360   931 D EvsDriver: forwardFrameDirect
12-30 10:33:10.045   360   931 D EvsDriver: Delivered 0xb400e2ca9e40d4b0 as id 1
12-30 10:33:10.045   359  2784 D evsmanagerd: /dev/video-evs0 forwarded the buffer #1 to 0xb400f125d2b26dd0 from 0xb400f125e2b20710
12-30 10:33:10.051   360   458 D EvsDriver: doneWithFrame
12-30 10:33:10.065   596  3076 E WifiHAL : Invalid data received from driver
12-30 10:33:10.066 25809 25809 I ADAYO_LOG_TRACE_RESOURCE: file_path:/mnt/sdcard/logcat_GNSS//gnss_log.log
12-30 10:33:10.078   360   931 D EvsDriver: forwardFrame
12-30 10:33:10.078   360   931 D EvsDriver: forwardFrameDirect
12-30 10:33:10.078   360   931 D EvsDriver: Delivered 0xb400e2ca9e40c2d0 as id 0
12-30 10:33:10.078   359  2784 D evsmanagerd: /dev/video-evs0 forwarded the buffer #0 to 0xb400f125d2b26dd0 from 0xb400f125e2b20710
12-30 10:33:10.082   360   458 D EvsDriver: doneWithFrame
12-30 10:33:10.084  2358  2623 D RcfController: Rcf proxy is not connected!
12-30 10:33:10.111   360   931 D EvsDriver: forwardFrame
12-30 10:33:10.111   360   931 D EvsDriver: forwardFrameDirect
12-30 10:33:10.112   360   931 D EvsDriver: Delivered 0xb400e2ca9e40d090 as id 1
12-30 10:33:10.112   359  2784 D evsmanagerd: /dev/video-evs0 forwarded the buffer #1 to 0xb400f125d2b26dd0 from 0xb400f125e2b20710
12-30 10:33:10.114 25812 25812 I ADAYO_LOG_TRACE_RESOURCE: folder_size:0
12-30 10:33:10.122   360   458 D EvsDriver: doneWithFrame
12-30 10:33:10.134  2358  2623 D RcfController: Rcf proxy is not connected!
12-30 10:33:10.145   360   931 D EvsDriver: forwardFrame
12-30 10:33:10.145   360   931 D EvsDriver: forwardFrameDirect
12-30 10:33:10.145   360   931 D EvsDriver: Delivered 0xb400e2ca9e40e110 as id 0
12-30 10:33:10.145  1667  2594 W ContextImpl: Calling a method in the system process without a qualified user: android.app.ContextImpl.bindService:1988 android.content.ContextWrapper.bindService:861 com.ford.sync.fnvservice.FordFnv.c:202 com.ford.sync.fnvservice.FordFnv.c:43 com.ford.sync.fnvservice.FordFnv$RetryHandler.handleMessage:245 
12-30 10:33:10.145   359  2784 D evsmanagerd: /dev/video-evs0 forwarded the buffer #0 to 0xb400f125d2b26dd0 from 0xb400f125e2b20710
12-30 10:33:10.145   916  3726 W ActivityManager: Unable to start service Intent { cmp=com.ford.sync.fnvservice/.FordFnvService } U=0: not found
12-30 10:33:10.146  1667  2594 W FordFnv :  bind ford fnv failed -> sendRetryMessage 
12-30 10:33:10.152   360   458 D EvsDriver: doneWithFrame
12-30 10:33:10.174   596  3076 E WifiHAL : Invalid data received from driver
12-30 10:33:10.174  3066  3066 D hostapd : nl80211: BSS Event 59 (NL80211_CMD_FRAME) received for wlan1
12-30 10:33:10.174  3066  3066 D hostapd : nl80211: RX frame da=ff:ff:ff:ff:ff:ff sa=ee:74:72:d7:de:af bssid=ee:74:72:d7:de:af freq=5745 ssi_signal=-9100 fc=0xd0 seq_ctrl=0x42d0 stype=13 (WLAN_FC_STYPE_ACTION) len=42
12-30 10:33:10.174  3066  3066 D hostapd : wlan1: Event RX_MGMT (18) received
12-30 10:33:10.174  3066  3066 D hostapd : Receive wpa msg : Event RX_MGMT (18) received
12-30 10:33:10.178   360   931 D EvsDriver: forwardFrame
12-30 10:33:10.178   360   931 D EvsDriver: forwardFrameDirect
12-30 10:33:10.178   360   931 D EvsDriver: Delivered 0xb400e2ca9e40c7a0 as id 1
12-30 10:33:10.178   359  2784 D evsmanagerd: /dev/video-evs0 forwarded the buffer #1 to 0xb400f125d2b26dd0 from 0xb400f125e2b20710
12-30 10:33:10.183   360   458 D EvsDriver: doneWithFrame
12-30 10:33:10.185  2358  2623 D RcfController: Rcf proxy is not connected!
12-30 10:33:10.195  3066  3066 D hostapd : nl80211: BSS Event 59 (NL80211_CMD_FRAME) received for wlan1
12-30 10:33:10.195  3066  3066 D hostapd : nl80211: RX frame da=ff:ff:ff:ff:ff:ff sa=ee:74:72:d7:de:af bssid=ee:74:72:d7:de:af freq=5745 ssi_signal=-9000 fc=0xd0 seq_ctrl=0x42e0 stype=13 (WLAN_FC_STYPE_ACTION) len=42
12-30 10:33:10.195  3066  3066 D hostapd : wlan1: Event RX_MGMT (18) received
12-30 10:33:10.195  3066  3066 D hostapd : Receive wpa msg : Event RX_MGMT (18) received
12-30 10:33:10.208   596  3076 E WifiHAL : Invalid data received from driver
12-30 10:33:10.211   360   931 D EvsDriver: forwardFrame
12-30 10:33:10.211   360   931 D EvsDriver: forwardFrameDirect
12-30 10:33:10.212   360   931 D EvsDriver: Delivered 0xb400e2ca9e40e270 as id 0
12-30 10:33:10.212   359  2784 D evsmanagerd: /dev/video-evs0 forwarded the buffer #0 to 0xb400f125d2b26dd0 from 0xb400f125e2b20710
12-30 10:33:10.213   360   458 D EvsDriver: doneWithFrame
12-30 10:33:10.229   650   729 D fgemcucomm: sd Uart data : 6AA602D83E0002920252
12-30 10:33:10.229   650   729 D fgemcucomm: rev uart=57263,len=35, data : 6AA681D83E001B920202030000000000000000000000000000000000000000000000B5
12-30 10:33:10.229   398  2883 D adayocomadapter-ParseProtocolFunc: printRaWMsg Name[MCUToUPstream recv] len[27] data[920202030000000000000000000000000000000000000000000000]
12-30 10:33:10.230   398  2883 D adayocomadapter-CommunicationManager: onUpstreamback   member[2] dataLength[24] timePoint[6926051]
12-30 10:33:10.230   398  2883 D adayocomadapter-ParseProtocolFunc: printRaWMsg Name[onUpstreamback] len[24] data[030000000000000000000000000000000000000000000000]
12-30 10:33:10.230   398   464 D adayocomadapter-UpstreamHandler: processBeforePacket upSreamtProcessTimePoint[6926051] 
12-30 10:33:10.230   398   464 D adayocomadapter-ParseProtocolFunc: parseGeneralIPCLBytes Processing tablename[Table-3] tableSize[23]
12-30 10:33:10.230   398   464 D adayocomadapter-ParseProtocolFunc: printRaWMsg Name[byteStream recv] len[24] data[030000000000000000000000000000000000000000000000]
12-30 10:33:10.230   398   464 D adayocomadapter-ParseProtocolFunc: printRaWMsg Name[IPCLtoVHAL] len[28] data[2110208E010000000000000000000000000000000000000000000000]
12-30 10:33:10.230   398   464 D adayocomadapter-CommunicationManager: onUpstreamReceive mPropertyId 0x2110208e
12-30 10:33:10.230   398   464 D adayocomadapter-CommunicationManager: byteArrayToHexString  
12-30 10:33:10.230   398   464 I vw-vhal : notifyVehicleProperty, propId = 0x2110208e, data = {status: 2, stringValue: "
12-30 10:33:10.230   398   464 I vw-vhal : CanSignalsAdapter::notifyVehicleProperty: solvedValue = {.timestamp = 6926052274490, .areaId = 0, .prop = 554705038, .status = AVAILABLE, .value = {.int32Values = [0]{}, .floatValues = [0]{}, .int64Values = [0]{}, .bytes = [0]{}, .stringValue = ""}}
12-30 10:33:10.230   398   464 I VehiclePropertyStore: begin to write value to Store: {.timestamp = 6926052274490, .areaId = 0, .prop = 554705038, .status = AVAILABLE, .value = {.int32Values = [0]{}, .floatValues = [0]{}, .int64Values = [0]{}, .bytes = [0]{}, .stringValue = ""}}
12-30 10:33:10.230   398   464 I DefaultVehicleHal_v2_0: DefaultVehicleHal::onPropertyValue, value:{.timestamp = 6926052274490, .areaId = 0, .prop = 554705038, .status = AVAILABLE, .value = {.int32Values = [0]{}, .floatValues = [0]{}, .int64Values = [0]{}, .bytes = [0]{}, .stringValue = ""}}
12-30 10:33:10.230   398   464 D DiagPropHandler: is not DiagnosticConfig: 0x2110208e
12-30 10:33:10.230   398   464 I VehiclePropertyStore: begin to write value to Store: {.timestamp = 6926052274490, .areaId = 0, .prop = 554705038, .status = AVAILABLE, .value = {.int32Values = [0]{}, .floatValues = [0]{}, .int64Values = [0]{}, .bytes = [0]{}, .stringValue = ""}}
12-30 10:33:10.230   398   464 D adayocomadapter-CommunicationManager: onUpstreamReceive mPropertyId 0x2110208e
12-30 10:33:10.230   596  3076 E WifiHAL : Invalid data received from driver
12-30 10:33:10.234   596  3076 E WifiHAL : Invalid data received from driver
12-30 10:33:10.234   596  3076 E WifiHAL : Invalid data received from driver
12-30 10:33:10.235  2358  2623 D RcfController: Rcf proxy is not connected!
12-30 10:33:10.245   360   931 D EvsDriver: forwardFrame
12-30 10:33:10.245   360   931 D EvsDriver: forwardFrameDirect
12-30 10:33:10.245   360   931 D EvsDriver: Delivered 0xb400e2ca9e40d4b0 as id 1
12-30 10:33:10.245   359  2784 D evsmanagerd: /dev/video-evs0 forwarded the buffer #1 to 0xb400f125d2b26dd0 from 0xb400f125e2b20710
12-30 10:33:10.253   360   458 D EvsDriver: doneWithFrame
12-30 10:33:10.255   596  3076 E WifiHAL : Invalid data received from driver
12-30 10:33:10.266  3066  3066 D hostapd : nl80211: BSS Event 59 (NL80211_CMD_FRAME) received for wlan1
12-30 10:33:10.266  3066  3066 D hostapd : nl80211: RX frame da=ff:ff:ff:ff:ff:ff sa=ee:74:72:d7:de:af bssid=ee:74:72:d7:de:af freq=5745 ssi_signal=-8900 fc=0xd0 seq_ctrl=0x4350 stype=13 (WLAN_FC_STYPE_ACTION) len=42
12-30 10:33:10.266  3066  3066 D hostapd : wlan1: Event RX_MGMT (18) received
12-30 10:33:10.266  3066  3066 D hostapd : Receive wpa msg : Event RX_MGMT (18) received
12-30 10:33:10.278   360   931 D EvsDriver: forwardFrame
12-30 10:33:10.278   650   729 D fgemcucomm: sd Uart data : 6AA602D83F0002920251
12-30 10:33:10.278   360   931 D EvsDriver: forwardFrameDirect
12-30 10:33:10.278   650   729 D fgemcucomm: rev uart=57264,len=20, data : 6AA681D83F000C920200080000000000000000C0
12-30 10:33:10.278   360   931 D EvsDriver: Delivered 0xb400e2ca9e40c2d0 as id 0
12-30 10:33:10.278   359  2784 D evsmanagerd: /dev/video-evs0 forwarded the buffer #0 to 0xb400f125d2b26dd0 from 0xb400f125e2b20710
12-30 10:33:10.278   398  2883 D adayocomadapter-ParseProtocolFunc: printRaWMsg Name[MCUToUPstream recv] len[12] data[920200080000000000000000]
12-30 10:33:10.279   398  2883 D adayocomadapter-CommunicationManager: onUpstreamback   member[0] dataLength[9] timePoint[6926100]
12-30 10:33:10.279   398  2883 D adayocomadapter-ParseProtocolFunc: printRaWMsg Name[onUpstreamback] len[9] data[080000000000000000]
12-30 10:33:10.279   398   464 D adayocomadapter-UpstreamHandler: processBeforePacket upSreamtProcessTimePoint[6926100] 
12-30 10:33:10.279   398   464 D adayocomadapter-UpstreamHandler: processPacket UPSTREAM_QUEUE_DATA_TIMEOUT
12-30 10:33:10.279   398   464 D adayocomadapter-ParseProtocolFunc: parseCommonIPCLBytes Processing tableNumber[8]
12-30 10:33:10.279   398   464 D adayocomadapter-ParseProtocolFunc: parseCommonIPCLBytes Processing tablename[Table-8] tableSize[9]
12-30 10:33:10.279   398   464 D adayocomadapter-ParseProtocolFunc: printRaWMsg Name[byteStream recv] len[9] data[080000000000000000]
12-30 10:33:10.279   398   464 D adayocomadapter-ParseProtocolFunc: printRaWMsg Name[IPCLtoVHAL] len[7] data[2141208F010000]
12-30 10:33:10.279   398   464 D adayocomadapter-ParseProtocolFunc: printRaWMsg Name[IPCLtoVHAL] len[7] data[21412090010000]
12-30 10:33:10.279   398   464 D adayocomadapter-ParseProtocolFunc: printRaWMsg Name[IPCLtoVHAL] len[7] data[21412091010000]
12-30 10:33:10.279   398   464 D adayocomadapter-ParseProtocolFunc: printRaWMsg Name[IPCLtoVHAL] len[7] data[21412092010000]
12-30 10:33:10.279   398   464 D adayocomadapter-CommunicationManager: onUpstreamReceive mPropertyId 0x2141208f
12-30 10:33:10.279   398   464 I vw-vhal : notifyVehicleProperty, propId = 0x2141208f, data = {status: 2, int32Values: [0, 0]}
12-30 10:33:10.279   398   464 I vw-vhal : CanSignalsAdapter::notifyVehicleProperty: solvedValue = {.timestamp = 6926101234157, .areaId = 0, .prop = 557916303, .status = AVAILABLE, .value = {.int32Values = [2]{0, 0}, .floatValues = [0]{}, .int64Values = [0]{}, .bytes = [0]{}, .stringValue = ""}}
12-30 10:33:10.279   398   464 I VehiclePropertyStore: begin to write value to Store: {.timestamp = 6926101234157, .areaId = 0, .prop = 557916303, .status = AVAILABLE, .value = {.int32Values = [2]{0, 0}, .floatValues = [0]{}, .int64Values = [0]{}, .bytes = [0]{}, .stringValue = ""}}
12-30 10:33:10.279   398   464 I DefaultVehicleHal_v2_0: DefaultVehicleHal::onPropertyValue, value:{.timestamp = 6926101234157, .areaId = 0, .prop = 557916303, .status = AVAILABLE, .value = {.int32Values = [2]{0, 0}, .floatValues = [0]{}, .int64Values = [0]{}, .bytes = [0]{}, .stringValue = ""}}
12-30 10:33:10.279   398   464 D DiagPropHandler: is not DiagnosticConfig: 0x2141208f
12-30 10:33:10.279   398   464 I VehiclePropertyStore: begin to write value to Store: {.timestamp = 6926101234157, .areaId = 0, .prop = 557916303, .status = AVAILABLE, .value = {.int32Values = [2]{0, 0}, .floatValues = [0]{}, .int64Values = [0]{}, .bytes = [0]{}, .stringValue = ""}}
12-30 10:33:10.279   398   464 D adayocomadapter-CommunicationManager: onUpstreamReceive mPropertyId 0x2141208f
12-30 10:33:10.279   398   464 D adayocomadapter-CommunicationManager: onUpstreamReceive mPropertyId 0x21412090
12-30 10:33:10.279   398   464 I vw-vhal : notifyVehicleProperty, propId = 0x21412090, data = {status: 2, int32Values: [0, 0]}
12-30 10:33:10.279   398   464 I vw-vhal : CanSignalsAdapter::notifyVehicleProperty: solvedValue = {.timestamp = 6926101497490, .areaId = 0, .prop = 557916304, .status = AVAILABLE, .value = {.int32Values = [2]{0, 0}, .floatValues = [0]{}, .int64Values = [0]{}, .bytes = [0]{}, .stringValue = ""}}
12-30 10:33:10.279   398   464 I VehiclePropertyStore: begin to write value to Store: {.timestamp = 6926101497490, .areaId = 0, .prop = 557916304, .status = AVAILABLE, .value = {.int32Values = [2]{0, 0}, .floatValues = [0]{}, .int64Values = [0]{}, .bytes = [0]{}, .stringValue = ""}}
12-30 10:33:10.279   398   464 I DefaultVehicleHal_v2_0: DefaultVehicleHal::onPropertyValue, value:{.timestamp = 6926101497490, .areaId = 0, .prop = 557916304, .status = AVAILABLE, .value = {.int32Values = [2]{0, 0}, .floatValues = [0]{}, .int64Values = [0]{}, .bytes = [0]{}, .stringValue = ""}}
12-30 10:33:10.279   398   464 D DiagPropHandler: is not DiagnosticConfig: 0x21412090
12-30 10:33:10.279   398   464 I VehiclePropertyStore: begin to write value to Store: {.timestamp = 6926101497490, .areaId = 0, .prop = 557916304, .status = AVAILABLE, .value = {.int32Values = [2]{0, 0}, .floatValues = [0]{}, .int64Values = [0]{}, .bytes = [0]{}, .stringValue = ""}}
12-30 10:33:10.279   398   464 D adayocomadapter-CommunicationManager: onUpstreamReceive mPropertyId 0x21412090
12-30 10:33:10.279   398   464 D adayocomadapter-CommunicationManager: onUpstreamReceive mPropertyId 0x21412091
12-30 10:33:10.279   398   464 I vw-vhal : notifyVehicleProperty, propId = 0x21412091, data = {status: 2, int32Values: [0, 0]}
12-30 10:33:10.279   398   464 I vw-vhal : CanSignalsAdapter::notifyVehicleProperty: solvedValue = {.timestamp = 6926101710157, .areaId = 0, .prop = 557916305, .status = AVAILABLE, .value = {.int32Values = [2]{0, 0}, .floatValues = [0]{}, .int64Values = [0]{}, .bytes = [0]{}, .stringValue = ""}}
12-30 10:33:10.279   398   464 I VehiclePropertyStore: begin to write value to Store: {.timestamp = 6926101710157, .areaId = 0, .prop = 557916305, .status = AVAILABLE, .value = {.int32Values = [2]{0, 0}, .floatValues = [0]{}, .int64Values = [0]{}, .bytes = [0]{}, .stringValue = ""}}
12-30 10:33:10.279   398   464 I DefaultVehicleHal_v2_0: DefaultVehicleHal::onPropertyValue, value:{.timestamp = 6926101710157, .areaId = 0, .prop = 557916305, .status = AVAILABLE, .value = {.int32Values = [2]{0, 0}, .floatValues = [0]{}, .int64Values = [0]{}, .bytes = [0]{}, .stringValue = ""}}
12-30 10:33:10.279   398   464 D DiagPropHandler: is not DiagnosticConfig: 0x21412091
12-30 10:33:10.279   398   464 I VehiclePropertyStore: begin to write value to Store: {.timestamp = 6926101710157, .areaId = 0, .prop = 557916305, .status = AVAILABLE, .value = {.int32Values = [2]{0, 0}, .floatValues = [0]{}, .int64Values = [0]{}, .bytes = [0]{}, .stringValue = ""}}
12-30 10:33:10.279   398   464 D adayocomadapter-CommunicationManager: onUpstreamReceive mPropertyId 0x21412091
12-30 10:33:10.280   398   464 D adayocomadapter-CommunicationManager: onUpstreamReceive mPropertyId 0x21412092
12-30 10:33:10.280   398   464 I vw-vhal : notifyVehicleProperty, propId = 0x21412092, data = {status: 2, int32Values: [0, 0]}
12-30 10:33:10.280   398   464 I vw-vhal : CanSignalsAdapter::notifyVehicleProperty: solvedValue = {.timestamp = 6926101895157, .areaId = 0, .prop = 557916306, .status = AVAILABLE, .value = {.int32Values = [2]{0, 0}, .floatValues = [0]{}, .int64Values = [0]{}, .bytes = [0]{}, .stringValue = ""}}
