12-30 10:29:06.763   398   464 D adayocomadapter-CommunicationManager: onUpstreamReceive mPropertyId 0x21402174
12-30 10:29:06.763   398   464 D adayocomadapter-CommunicationManager: convertBytesToInt32Memcpy  0
12-30 10:29:06.763   398   464 I vw-vhal : notifyVehicleProperty, propId = 0x21402174, data = {status: 2, int32Values: [0]}
12-30 10:29:06.763   398   464 I vw-vhal : CanSignalsAdapter::notifyVehicleProperty: solvedValue = {.timestamp = 6682585312794, .areaId = 0, .prop = 557850996, .status = AVAILABLE, .value = {.int32Values = [1]{0}, .floatValues = [0]{}, .int64Values = [0]{}, .bytes = [0]{}, .stringValue = ""}}
12-30 10:29:06.763   398   464 I VehiclePropertyStore: begin to write value to Store: {.timestamp = 6682585312794, .areaId = 0, .prop = 557850996, .status = AVAILABLE, .value = {.int32Values = [1]{0}, .floatValues = [0]{}, .int64Values = [0]{}, .bytes = [0]{}, .stringValue = ""}}
12-30 10:29:06.763   398   464 I DefaultVehicleHal_v2_0: DefaultVehicleHal::onPropertyValue, value:{.timestamp = 6682585312794, .areaId = 0, .prop = 557850996, .status = AVAILABLE, .value = {.int32Values = [1]{0}, .floatValues = [0]{}, .int64Values = [0]{}, .bytes = [0]{}, .stringValue = ""}}
12-30 10:29:06.763   398   464 D DiagPropHandler: is not DiagnosticConfig: 0x21402174
12-30 10:29:06.763   398   464 I VehiclePropertyStore: begin to write value to Store: {.timestamp = 6682585312794, .areaId = 0, .prop = 557850996, .status = AVAILABLE, .value = {.int32Values = [1]{0}, .floatValues = [0]{}, .int64Values = [0]{}, .bytes = [0]{}, .stringValue = ""}}
12-30 10:29:06.763   398   464 D adayocomadapter-CommunicationManager: onUpstreamReceive mPropertyId 0x21402174
12-30 10:29:06.763   398   464 D adayocomadapter-CommunicationManager: onUpstreamReceive mPropertyId 0x21402176
12-30 10:29:06.763   398   464 D adayocomadapter-CommunicationManager: convertBytesToInt32Memcpy  0
12-30 10:29:06.763   398   464 I vw-vhal : notifyVehicleProperty, propId = 0x21402176, data = {status: 2, int32Values: [0]}
12-30 10:29:06.763   398   464 I vw-vhal : CanSignalsAdapter::notifyVehicleProperty: solvedValue = {.timestamp = 6682585506461, .areaId = 0, .prop = 557850998, .status = AVAILABLE, .value = {.int32Values = [1]{0}, .floatValues = [0]{}, .int64Values = [0]{}, .bytes = [0]{}, .stringValue = ""}}
12-30 10:29:06.763   398   464 I VehiclePropertyStore: begin to write value to Store: {.timestamp = 6682585506461, .areaId = 0, .prop = 557850998, .status = AVAILABLE, .value = {.int32Values = [1]{0}, .floatValues = [0]{}, .int64Values = [0]{}, .bytes = [0]{}, .stringValue = ""}}
12-30 10:29:06.763   398   464 I DefaultVehicleHal_v2_0: DefaultVehicleHal::onPropertyValue, value:{.timestamp = 6682585506461, .areaId = 0, .prop = 557850998, .status = AVAILABLE, .value = {.int32Values = [1]{0}, .floatValues = [0]{}, .int64Values = [0]{}, .bytes = [0]{}, .stringValue = ""}}
12-30 10:29:06.763   398   464 D DiagPropHandler: is not DiagnosticConfig: 0x21402176
12-30 10:29:06.763   398   464 I VehiclePropertyStore: begin to write value to Store: {.timestamp = 6682585506461, .areaId = 0, .prop = 557850998, .status = AVAILABLE, .value = {.int32Values = [1]{0}, .floatValues = [0]{}, .int64Values = [0]{}, .bytes = [0]{}, .stringValue = ""}}
12-30 10:29:06.763   398   464 D adayocomadapter-CommunicationManager: onUpstreamReceive mPropertyId 0x21402176
12-30 10:29:06.763   398   464 D adayocomadapter-CommunicationManager: onUpstreamReceive mPropertyId 0x21402178
12-30 10:29:06.763   398   464 D adayocomadapter-CommunicationManager: convertBytesToInt32Memcpy  0
12-30 10:29:06.763   398   464 I vw-vhal : notifyVehicleProperty, propId = 0x21402178, data = {status: 2, int32Values: [0]}
12-30 10:29:06.763   398   464 I vw-vhal : CanSignalsAdapter::notifyVehicleProperty: solvedValue = {.timestamp = 6682585689461, .areaId = 0, .prop = 557851000, .status = AVAILABLE, .value = {.int32Values = [1]{0}, .floatValues = [0]{}, .int64Values = [0]{}, .bytes = [0]{}, .stringValue = ""}}
12-30 10:29:06.763   398   464 I VehiclePropertyStore: begin to write value to Store: {.timestamp = 6682585689461, .areaId = 0, .prop = 557851000, .status = AVAILABLE, .value = {.int32Values = [1]{0}, .floatValues = [0]{}, .int64Values = [0]{}, .bytes = [0]{}, .stringValue = ""}}
12-30 10:29:06.763   398   464 I DefaultVehicleHal_v2_0: DefaultVehicleHal::onPropertyValue, value:{.timestamp = 6682585689461, .areaId = 0, .prop = 557851000, .status = AVAILABLE, .value = {.int32Values = [1]{0}, .floatValues = [0]{}, .int64Values = [0]{}, .bytes = [0]{}, .stringValue = ""}}
12-30 10:29:06.763   398   464 D DiagPropHandler: is not DiagnosticConfig: 0x21402178
12-30 10:29:06.763   398   464 I VehiclePropertyStore: begin to write value to Store: {.timestamp = 6682585689461, .areaId = 0, .prop = 557851000, .status = AVAILABLE, .value = {.int32Values = [1]{0}, .floatValues = [0]{}, .int64Values = [0]{}, .bytes = [0]{}, .stringValue = ""}}
12-30 10:29:06.763   398   464 D adayocomadapter-CommunicationManager: onUpstreamReceive mPropertyId 0x21402178
12-30 10:29:06.763   398   464 D adayocomadapter-CommunicationManager: onUpstreamReceive mPropertyId 0x2140205e
12-30 10:29:06.763   398   464 D adayocomadapter-CommunicationManager: convertBytesToInt32Memcpy  0
12-30 10:29:06.764   398   464 I vw-vhal : notifyVehicleProperty, propId = 0x2140205e, data = {status: 2, int32Values: [0]}
12-30 10:29:06.764   398   464 I vw-vhal : CanSignalsAdapter::notifyVehicleProperty: solvedValue = {.timestamp = 6682585885461, .areaId = 0, .prop = 557850718, .status = AVAILABLE, .value = {.int32Values = [1]{0}, .floatValues = [0]{}, .int64Values = [0]{}, .bytes = [0]{}, .stringValue = ""}}
12-30 10:29:06.764   398   464 I VehiclePropertyStore: begin to write value to Store: {.timestamp = 6682585885461, .areaId = 0, .prop = 557850718, .status = AVAILABLE, .value = {.int32Values = [1]{0}, .floatValues = [0]{}, .int64Values = [0]{}, .bytes = [0]{}, .stringValue = ""}}
12-30 10:29:06.764   398   464 I DefaultVehicleHal_v2_0: DefaultVehicleHal::onPropertyValue, value:{.timestamp = 6682585885461, .areaId = 0, .prop = 557850718, .status = AVAILABLE, .value = {.int32Values = [1]{0}, .floatValues = [0]{}, .int64Values = [0]{}, .bytes = [0]{}, .stringValue = ""}}
12-30 10:29:06.764   398   464 D DiagPropHandler: is not DiagnosticConfig: 0x2140205e
12-30 10:29:06.764   398   464 I VehiclePropertyStore: begin to write value to Store: {.timestamp = 6682585885461, .areaId = 0, .prop = 557850718, .status = AVAILABLE, .value = {.int32Values = [1]{0}, .floatValues = [0]{}, .int64Values = [0]{}, .bytes = [0]{}, .stringValue = ""}}
12-30 10:29:06.764   398   464 D adayocomadapter-CommunicationManager: onUpstreamReceive mPropertyId 0x2140205e
12-30 10:29:06.764   398   464 D adayocomadapter-CommunicationManager: onUpstreamReceive mPropertyId 0x2140217a
12-30 10:29:06.764   398   464 D adayocomadapter-CommunicationManager: convertBytesToInt32Memcpy  0
12-30 10:29:06.764   398   464 I vw-vhal : notifyVehicleProperty, propId = 0x2140217a, data = {status: 2, int32Values: [0]}
12-30 10:29:06.764   398   464 I vw-vhal : CanSignalsAdapter::notifyVehicleProperty: solvedValue = {.timestamp = 6682586074461, .areaId = 0, .prop = 557851002, .status = AVAILABLE, .value = {.int32Values = [1]{0}, .floatValues = [0]{}, .int64Values = [0]{}, .bytes = [0]{}, .stringValue = ""}}
12-30 10:29:06.764   398   464 I VehiclePropertyStore: begin to write value to Store: {.timestamp = 6682586074461, .areaId = 0, .prop = 557851002, .status = AVAILABLE, .value = {.int32Values = [1]{0}, .floatValues = [0]{}, .int64Values = [0]{}, .bytes = [0]{}, .stringValue = ""}}
12-30 10:29:06.764   398   464 I DefaultVehicleHal_v2_0: DefaultVehicleHal::onPropertyValue, value:{.timestamp = 6682586074461, .areaId = 0, .prop = 557851002, .status = AVAILABLE, .value = {.int32Values = [1]{0}, .floatValues = [0]{}, .int64Values = [0]{}, .bytes = [0]{}, .stringValue = ""}}
12-30 10:29:06.764   398   464 D DiagPropHandler: is not DiagnosticConfig: 0x2140217a
12-30 10:29:06.764   398   464 I VehiclePropertyStore: begin to write value to Store: {.timestamp = 6682586074461, .areaId = 0, .prop = 557851002, .status = AVAILABLE, .value = {.int32Values = [1]{0}, .floatValues = [0]{}, .int64Values = [0]{}, .bytes = [0]{}, .stringValue = ""}}
12-30 10:29:06.764   398   464 D adayocomadapter-CommunicationManager: onUpstreamReceive mPropertyId 0x2140217a
12-30 10:29:06.764   398   464 D adayocomadapter-CommunicationManager: onUpstreamReceive mPropertyId 0x21402207
12-30 10:29:06.764   398   464 D adayocomadapter-CommunicationManager: convertBytesToInt32Memcpy  0
12-30 10:29:06.764   398   464 I vw-vhal : notifyVehicleProperty, propId = 0x21402207, data = {status: 2, int32Values: [0]}
12-30 10:29:06.764   398   464 I vw-vhal : CanSignalsAdapter::notifyVehicleProperty: solvedValue = {.timestamp = 6682586259128, .areaId = 0, .prop = 557851143, .status = AVAILABLE, .value = {.int32Values = [1]{0}, .floatValues = [0]{}, .int64Values = [0]{}, .bytes = [0]{}, .stringValue = ""}}
12-30 10:29:06.764   398   464 I VehiclePropertyStore: begin to write value to Store: {.timestamp = 6682586259128, .areaId = 0, .prop = 557851143, .status = AVAILABLE, .value = {.int32Values = [1]{0}, .floatValues = [0]{}, .int64Values = [0]{}, .bytes = [0]{}, .stringValue = ""}}
12-30 10:29:06.764   398   464 I DefaultVehicleHal_v2_0: DefaultVehicleHal::onPropertyValue, value:{.timestamp = 6682586259128, .areaId = 0, .prop = 557851143, .status = AVAILABLE, .value = {.int32Values = [1]{0}, .floatValues = [0]{}, .int64Values = [0]{}, .bytes = [0]{}, .stringValue = ""}}
12-30 10:29:06.764   398   464 D DiagPropHandler: is not DiagnosticConfig: 0x21402207
12-30 10:29:06.764   398   464 I VehiclePropertyStore: begin to write value to Store: {.timestamp = 6682586259128, .areaId = 0, .prop = 557851143, .status = AVAILABLE, .value = {.int32Values = [1]{0}, .floatValues = [0]{}, .int64Values = [0]{}, .bytes = [0]{}, .stringValue = ""}}
12-30 10:29:06.764   398   464 D adayocomadapter-CommunicationManager: onUpstreamReceive mPropertyId 0x21402207
12-30 10:29:06.764   398   464 D adayocomadapter-CommunicationManager: onUpstreamReceive mPropertyId 0x2140217c
12-30 10:29:06.764   398   464 D adayocomadapter-CommunicationManager: convertBytesToInt32Memcpy  0
12-30 10:29:06.764   398   464 I vw-vhal : notifyVehicleProperty, propId = 0x2140217c, data = {status: 2, int32Values: [0]}
12-30 10:29:06.764   398   464 I vw-vhal : CanSignalsAdapter::notifyVehicleProperty: solvedValue = {.timestamp = 6682586445128, .areaId = 0, .prop = 557851004, .status = AVAILABLE, .value = {.int32Values = [1]{0}, .floatValues = [0]{}, .int64Values = [0]{}, .bytes = [0]{}, .stringValue = ""}}
12-30 10:29:06.764   398   464 I VehiclePropertyStore: begin to write value to Store: {.timestamp = 6682586445128, .areaId = 0, .prop = 557851004, .status = AVAILABLE, .value = {.int32Values = [1]{0}, .floatValues = [0]{}, .int64Values = [0]{}, .bytes = [0]{}, .stringValue = ""}}
12-30 10:29:06.764   398   464 I DefaultVehicleHal_v2_0: DefaultVehicleHal::onPropertyValue, value:{.timestamp = 6682586445128, .areaId = 0, .prop = 557851004, .status = AVAILABLE, .value = {.int32Values = [1]{0}, .floatValues = [0]{}, .int64Values = [0]{}, .bytes = [0]{}, .stringValue = ""}}
12-30 10:29:06.764   398   464 D DiagPropHandler: is not DiagnosticConfig: 0x2140217c
12-30 10:29:06.764   398   464 I VehiclePropertyStore: begin to write value to Store: {.timestamp = 6682586445128, .areaId = 0, .prop = 557851004, .status = AVAILABLE, .value = {.int32Values = [1]{0}, .floatValues = [0]{}, .int64Values = [0]{}, .bytes = [0]{}, .stringValue = ""}}
12-30 10:29:06.764   398   464 D adayocomadapter-CommunicationManager: onUpstreamReceive mPropertyId 0x2140217c
12-30 10:29:06.764   398   464 D adayocomadapter-CommunicationManager: onUpstreamReceive mPropertyId 0x2140219c
12-30 10:29:06.764   398   464 D adayocomadapter-CommunicationManager: convertBytesToInt32Memcpy  0
12-30 10:29:06.764   398   464 D adayocomadapter-CommunicationManager: writeValue id=[557851036]
12-30 10:29:06.764   398   464 D adayocomadapter-VehiclePropertyStore: writeValue id=[557851036]
12-30 10:29:06.764   398   464 I vw-vhal : notifyVehicleProperty, propId = 0x2140219c, data = {status: 2, int32Values: [0]}
12-30 10:29:06.764   398   464 I vw-vhal : CanSignalsAdapter::notifyVehicleProperty: solvedValue = {.timestamp = 6682586670461, .areaId = 0, .prop = 557851036, .status = AVAILABLE, .value = {.int32Values = [1]{0}, .floatValues = [0]{}, .int64Values = [0]{}, .bytes = [0]{}, .stringValue = ""}}
12-30 10:29:06.764   398   464 I VehiclePropertyStore: begin to write value to Store: {.timestamp = 6682586670461, .areaId = 0, .prop = 557851036, .status = AVAILABLE, .value = {.int32Values = [1]{0}, .floatValues = [0]{}, .int64Values = [0]{}, .bytes = [0]{}, .stringValue = ""}}
12-30 10:29:06.764   398   464 I DefaultVehicleHal_v2_0: DefaultVehicleHal::onPropertyValue, value:{.timestamp = 6682586670461, .areaId = 0, .prop = 557851036, .status = AVAILABLE, .value = {.int32Values = [1]{0}, .floatValues = [0]{}, .int64Values = [0]{}, .bytes = [0]{}, .stringValue = ""}}
12-30 10:29:06.764   398   464 D DiagPropHandler: is not DiagnosticConfig: 0x2140219c
12-30 10:29:06.764   398   464 I VehiclePropertyStore: begin to write value to Store: {.timestamp = 6682586670461, .areaId = 0, .prop = 557851036, .status = AVAILABLE, .value = {.int32Values = [1]{0}, .floatValues = [0]{}, .int64Values = [0]{}, .bytes = [0]{}, .stringValue = ""}}
12-30 10:29:06.764   398   464 D adayocomadapter-CommunicationManager: onUpstreamReceive mPropertyId 0x2140219c
12-30 10:29:06.764   398   464 D adayocomadapter-CommunicationManager: onUpstreamReceive mPropertyId 0x214021df
12-30 10:29:06.764   398   464 D adayocomadapter-CommunicationManager: convertBytesToInt32Memcpy  0
12-30 10:29:06.765   398   464 I vw-vhal : notifyVehicleProperty, propId = 0x214021df, data = {status: 2, int32Values: [0]}
12-30 10:29:06.765   398   464 I vw-vhal : CanSignalsAdapter::notifyVehicleProperty: solvedValue = {.timestamp = 6682586866128, .areaId = 0, .prop = 557851103, .status = AVAILABLE, .value = {.int32Values = [1]{0}, .floatValues = [0]{}, .int64Values = [0]{}, .bytes = [0]{}, .stringValue = ""}}
12-30 10:29:06.765   398   464 I VehiclePropertyStore: begin to write value to Store: {.timestamp = 6682586866128, .areaId = 0, .prop = 557851103, .status = AVAILABLE, .value = {.int32Values = [1]{0}, .floatValues = [0]{}, .int64Values = [0]{}, .bytes = [0]{}, .stringValue = ""}}
12-30 10:29:06.765   398   464 I DefaultVehicleHal_v2_0: DefaultVehicleHal::onPropertyValue, value:{.timestamp = 6682586866128, .areaId = 0, .prop = 557851103, .status = AVAILABLE, .value = {.int32Values = [1]{0}, .floatValues = [0]{}, .int64Values = [0]{}, .bytes = [0]{}, .stringValue = ""}}
12-30 10:29:06.765   398   464 D DiagPropHandler: is not DiagnosticConfig: 0x214021df
12-30 10:29:06.765   398   464 I VehiclePropertyStore: begin to write value to Store: {.timestamp = 6682586866128, .areaId = 0, .prop = 557851103, .status = AVAILABLE, .value = {.int32Values = [1]{0}, .floatValues = [0]{}, .int64Values = [0]{}, .bytes = [0]{}, .stringValue = ""}}
12-30 10:29:06.765   398   464 D adayocomadapter-CommunicationManager: onUpstreamReceive mPropertyId 0x214021df
12-30 10:29:06.782   360   931 D EvsDriver: forwardFrame
12-30 10:29:06.782   360   931 D EvsDriver: forwardFrameDirect
12-30 10:29:06.782   360   931 D EvsDriver: Delivered 0xb400e2ca9e40c7a0 as id 1
12-30 10:29:06.783   359  2784 D evsmanagerd: /dev/video-evs0 forwarded the buffer #1 to 0xb400f125d2b26dd0 from 0xb400f125e2b20710
12-30 10:29:06.791   360   458 D EvsDriver: doneWithFrame
12-30 10:29:06.808  2358  2623 D RcfController: Rcf proxy is not connected!
12-30 10:29:06.816   360   931 D EvsDriver: forwardFrame
12-30 10:29:06.816   360   931 D EvsDriver: forwardFrameDirect
12-30 10:29:06.816   596  3076 E WifiHAL : Invalid data received from driver
12-30 10:29:06.816   360   931 D EvsDriver: Delivered 0xb400e2ca9e40e270 as id 0
12-30 10:29:06.816   359  2784 D evsmanagerd: /dev/video-evs0 forwarded the buffer #0 to 0xb400f125d2b26dd0 from 0xb400f125e2b20710
12-30 10:29:06.821   360   458 D EvsDriver: doneWithFrame
12-30 10:29:06.834  2475  2681 I TtsServiceAgent: check thread start checking, threadId = 29
12-30 10:29:06.835  2475  2681 D TtsServiceAgent: start bind service...
12-30 10:29:06.835  2475  2681 D TtsServiceAgent: ----->initService, usage = 16
12-30 10:29:06.835  2475  2681 W ContextImpl: Calling a method in the system process without a qualified user: android.app.ContextImpl.bindService:1988 android.content.ContextWrapper.bindService:861 com.iflytek.autofly.ttsaidl.ttsproxy.TtsServiceAgent.initService:189 com.iflytek.autofly.ttsaidl.ttsproxy.TtsServiceAgent.initService:133 com.iflytek.autofly.ttsaidl.ttsproxy.TtsServiceAgent$2.run:517 
12-30 10:29:06.835   916  3726 W ActivityManager: Unable to start service Intent { act=com.iflytek.autofly.tts.ttsservice.TtsAdapterService cmp=com.iflytek.cutefly.speechclient.hmi/com.iflytek.autofly.tts.ttsservice.TtsAdapterService } U=0: not found
12-30 10:29:06.836  2475  2681 D TtsServiceAgent: bindService: false
12-30 10:29:06.836  2475  2681 D TtsServiceAgent: start reInitService
12-30 10:29:06.836  2475  2681 D TtsServiceAgent: aidlCheckThreadRunning = true
12-30 10:29:06.836  2475  2681 D TtsServiceAgent: ----->check connection status in 1000s...
12-30 10:29:06.840   650   729 D fgemcucomm: sd Uart data : 6AA602D0AD00029202EB
12-30 10:29:06.841   650   729 D fgemcucomm: rev uart=55262,len=13, data : 6AA681D0AD00059202000C005D
12-30 10:29:06.841   398  2883 D adayocomadapter-ParseProtocolFunc: printRaWMsg Name[MCUToUPstream recv] len[5] data[9202000C00]
12-30 10:29:06.841   398  2883 D adayocomadapter-CommunicationManager: onUpstreamback   member[0] dataLength[2] timePoint[6682663]
12-30 10:29:06.841   398  2883 D adayocomadapter-ParseProtocolFunc: printRaWMsg Name[onUpstreamback] len[2] data[0C00]
12-30 10:29:06.841   398   464 D adayocomadapter-UpstreamHandler: processBeforePacket upSreamtProcessTimePoint[6682663] 
12-30 10:29:06.841   398   464 D adayocomadapter-UpstreamHandler: processPacket UPSTREAM_QUEUE_DATA_TIMEOUT
12-30 10:29:06.841   398   464 D adayocomadapter-ParseProtocolFunc: parseCommonIPCLBytes Processing tableNumber[12]
12-30 10:29:06.841   398   464 D adayocomadapter-ParseProtocolFunc: parseCommonIPCLBytes Processing tablename[Table-12] tableSize[2]
12-30 10:29:06.841   398   464 D adayocomadapter-ParseProtocolFunc: printRaWMsg Name[byteStream recv] len[2] data[0C00]
12-30 10:29:06.841   398   464 D adayocomadapter-ParseProtocolFunc: printRaWMsg Name[IPCLtoVHAL] len[6] data[214021660000]
12-30 10:29:06.841   398   464 D adayocomadapter-CommunicationManager: onUpstreamReceive mPropertyId 0x21402166
12-30 10:29:06.841   398   464 D adayocomadapter-CommunicationManager: convertBytesToInt32Memcpy  0
12-30 10:29:06.841   398   464 I vw-vhal : notifyVehicleProperty, propId = 0x21402166, data = {status: 2, int32Values: [0]}
12-30 10:29:06.841   398   464 I vw-vhal : CanSignalsAdapter::notifyVehicleProperty: solvedValue = {.timestamp = 6682663408128, .areaId = 0, .prop = 557850982, .status = AVAILABLE, .value = {.int32Values = [1]{0}, .floatValues = [0]{}, .int64Values = [0]{}, .bytes = [0]{}, .stringValue = ""}}
12-30 10:29:06.841   398   464 I VehiclePropertyStore: begin to write value to Store: {.timestamp = 6682663408128, .areaId = 0, .prop = 557850982, .status = AVAILABLE, .value = {.int32Values = [1]{0}, .floatValues = [0]{}, .int64Values = [0]{}, .bytes = [0]{}, .stringValue = ""}}
12-30 10:29:06.841   398   464 I DefaultVehicleHal_v2_0: DefaultVehicleHal::onPropertyValue, value:{.timestamp = 6682663408128, .areaId = 0, .prop = 557850982, .status = AVAILABLE, .value = {.int32Values = [1]{0}, .floatValues = [0]{}, .int64Values = [0]{}, .bytes = [0]{}, .stringValue = ""}}
12-30 10:29:06.841   398   464 D DiagPropHandler: is not DiagnosticConfig: 0x21402166
12-30 10:29:06.841   398   464 I VehiclePropertyStore: begin to write value to Store: {.timestamp = 6682663408128, .areaId = 0, .prop = 557850982, .status = AVAILABLE, .value = {.int32Values = [1]{0}, .floatValues = [0]{}, .int64Values = [0]{}, .bytes = [0]{}, .stringValue = ""}}
12-30 10:29:06.841   398   464 D adayocomadapter-CommunicationManager: onUpstreamReceive mPropertyId 0x21402166
12-30 10:29:06.849   360   931 D EvsDriver: forwardFrame
12-30 10:29:06.849   360   931 D EvsDriver: forwardFrameDirect
12-30 10:29:06.849   360   931 D EvsDriver: Delivered 0xb400e2ca9e40d4b0 as id 1
12-30 10:29:06.849   359  2784 D evsmanagerd: /dev/video-evs0 forwarded the buffer #1 to 0xb400f125d2b26dd0 from 0xb400f125e2b20710
12-30 10:29:06.851   360   458 D EvsDriver: doneWithFrame
12-30 10:29:06.858  2358  2623 D RcfController: Rcf proxy is not connected!
12-30 10:29:06.859   596  3076 E WifiHAL : Invalid data received from driver
--------- beginning of kernel
01-01 09:51:23.869   722   722 I [schedu][0x18e51a031][02:29:06.859543] qcn7605: [722:I:PE] lim_process_action_frame_no_session: Unhandled action frame without session: 7f
12-30 10:29:06.871   596  3076 E WifiHAL : Invalid data received from driver
12-30 10:29:06.875   650   729 D fgemcucomm: sd Uart data : 6AA602D0AE00029202EA
12-30 10:29:06.876   650   729 D fgemcucomm: rev uart=55263,len=16, data : 6AA681D0AE00089202000E0000000057
12-30 10:29:06.876   650   729 D fgemcucomm: sd Uart data : 6AA602D0AF00029202E9
12-30 10:29:06.876   398  2883 D adayocomadapter-ParseProtocolFunc: printRaWMsg Name[MCUToUPstream recv] len[8] data[9202000E00000000]
12-30 10:29:06.876   650   729 D fgemcucomm: rev uart=55264,len=56, data : 6AA681D0AF003092020019000000000000000000000000000000000000000000000000000000000000000000000000000000000000000023
12-30 10:29:06.876   398  2883 D adayocomadapter-CommunicationManager: onUpstreamback   member[0] dataLength[5] timePoint[6682698]
12-30 10:29:06.876   398  2883 D adayocomadapter-ParseProtocolFunc: printRaWMsg Name[onUpstreamback] len[5] data[0E00000000]
12-30 10:29:06.876   398   464 D adayocomadapter-UpstreamHandler: processBeforePacket upSreamtProcessTimePoint[6682698] 
12-30 10:29:06.876   398   464 D adayocomadapter-UpstreamHandler: processPacket UPSTREAM_QUEUE_DATA_TIMEOUT
12-30 10:29:06.876   398  2883 D adayocomadapter-ParseProtocolFunc: printRaWMsg Name[MCUToUPstream recv] len[48] data[920200190000000000000000000000000000000000000000000000000000000000000000000000000000000000000000]
12-30 10:29:06.876   398  2883 D adayocomadapter-CommunicationManager: onUpstreamback   member[0] dataLength[45] timePoint[6682698]
12-30 10:29:06.876   398   464 D adayocomadapter-ParseProtocolFunc: parseCommonIPCLBytes Processing tableNumber[14]
12-30 10:29:06.876   398   464 D adayocomadapter-ParseProtocolFunc: parseCommonIPCLBytes Processing tablename[Table-14] tableSize[5]
12-30 10:29:06.876   398  2883 D adayocomadapter-ParseProtocolFunc: printRaWMsg Name[onUpstreamback] len[45] data[190000000000000000000000000000000000000000000000000000000000000000000000000000000000000000]
12-30 10:29:06.876   398   464 D adayocomadapter-ParseProtocolFunc: printRaWMsg Name[byteStream recv] len[5] data[0E00000000]
12-30 10:29:06.876   398   464 D adayocomadapter-ParseProtocolFunc: printRaWMsg Name[IPCLtoVHAL] len[6] data[214020DE0000]
12-30 10:29:06.876   398   464 D adayocomadapter-ParseProtocolFunc: printRaWMsg Name[IPCLtoVHAL] len[6] data[214020E00000]
12-30 10:29:06.876   398   464 D adayocomadapter-ParseProtocolFunc: printRaWMsg Name[IPCLtoVHAL] len[6] data[214020E50000]
12-30 10:29:06.876   398   464 D adayocomadapter-ParseProtocolFunc: printRaWMsg Name[IPCLtoVHAL] len[6] data[214020E60000]
12-30 10:29:06.876   398   464 D adayocomadapter-CommunicationManager: onUpstreamReceive mPropertyId 0x214020de
12-30 10:29:06.876   398   464 D adayocomadapter-CommunicationManager: convertBytesToInt32Memcpy  0
12-30 10:29:06.876   398   464 I vw-vhal : notifyVehicleProperty, propId = 0x214020de, data = {status: 2, int32Values: [0]}
12-30 10:29:06.876   398   464 I vw-vhal : CanSignalsAdapter::notifyVehicleProperty: solvedValue = {.timestamp = 6682698597461, .areaId = 0, .prop = 557850846, .status = AVAILABLE, .value = {.int32Values = [1]{0}, .floatValues = [0]{}, .int64Values = [0]{}, .bytes = [0]{}, .stringValue = ""}}
12-30 10:29:06.876   398   464 I VehiclePropertyStore: begin to write value to Store: {.timestamp = 6682698597461, .areaId = 0, .prop = 557850846, .status = AVAILABLE, .value = {.int32Values = [1]{0}, .floatValues = [0]{}, .int64Values = [0]{}, .bytes = [0]{}, .stringValue = ""}}
12-30 10:29:06.876   398   464 I DefaultVehicleHal_v2_0: DefaultVehicleHal::onPropertyValue, value:{.timestamp = 6682698597461, .areaId = 0, .prop = 557850846, .status = AVAILABLE, .value = {.int32Values = [1]{0}, .floatValues = [0]{}, .int64Values = [0]{}, .bytes = [0]{}, .stringValue = ""}}
12-30 10:29:06.876   398   464 D DiagPropHandler: is not DiagnosticConfig: 0x214020de
12-30 10:29:06.876   398   464 I VehiclePropertyStore: begin to write value to Store: {.timestamp = 6682698597461, .areaId = 0, .prop = 557850846, .status = AVAILABLE, .value = {.int32Values = [1]{0}, .floatValues = [0]{}, .int64Values = [0]{}, .bytes = [0]{}, .stringValue = ""}}
12-30 10:29:06.876   398   464 D adayocomadapter-CommunicationManager: onUpstreamReceive mPropertyId 0x214020de
12-30 10:29:06.876   398   464 D adayocomadapter-CommunicationManager: onUpstreamReceive mPropertyId 0x214020e0
12-30 10:29:06.876   398   464 D adayocomadapter-CommunicationManager: convertBytesToInt32Memcpy  0
12-30 10:29:06.876   398   464 I vw-vhal : notifyVehicleProperty, propId = 0x214020e0, data = {status: 2, int32Values: [0]}
12-30 10:29:06.876   398   464 I vw-vhal : CanSignalsAdapter::notifyVehicleProperty: solvedValue = {.timestamp = 6682698825128, .areaId = 0, .prop = 557850848, .status = AVAILABLE, .value = {.int32Values = [1]{0}, .floatValues = [0]{}, .int64Values = [0]{}, .bytes = [0]{}, .stringValue = ""}}
12-30 10:29:06.877   398   464 I VehiclePropertyStore: begin to write value to Store: {.timestamp = 6682698825128, .areaId = 0, .prop = 557850848, .status = AVAILABLE, .value = {.int32Values = [1]{0}, .floatValues = [0]{}, .int64Values = [0]{}, .bytes = [0]{}, .stringValue = ""}}
12-30 10:29:06.877   398   464 I DefaultVehicleHal_v2_0: DefaultVehicleHal::onPropertyValue, value:{.timestamp = 6682698825128, .areaId = 0, .prop = 557850848, .status = AVAILABLE, .value = {.int32Values = [1]{0}, .floatValues = [0]{}, .int64Values = [0]{}, .bytes = [0]{}, .stringValue = ""}}
12-30 10:29:06.877   398   464 D DiagPropHandler: is not DiagnosticConfig: 0x214020e0
12-30 10:29:06.877   398   464 I VehiclePropertyStore: begin to write value to Store: {.timestamp = 6682698825128, .areaId = 0, .prop = 557850848, .status = AVAILABLE, .value = {.int32Values = [1]{0}, .floatValues = [0]{}, .int64Values = [0]{}, .bytes = [0]{}, .stringValue = ""}}
12-30 10:29:06.877   398   464 D adayocomadapter-CommunicationManager: onUpstreamReceive mPropertyId 0x214020e0
12-30 10:29:06.877   398   464 D adayocomadapter-CommunicationManager: onUpstreamReceive mPropertyId 0x214020e5
12-30 10:29:06.877   398   464 D adayocomadapter-CommunicationManager: convertBytesToInt32Memcpy  0
12-30 10:29:06.877   398   464 I vw-vhal : notifyVehicleProperty, propId = 0x214020e5, data = {status: 2, int32Values: [0]}
12-30 10:29:06.877   398   464 I vw-vhal : CanSignalsAdapter::notifyVehicleProperty: solvedValue = {.timestamp = 6682699023794, .areaId = 0, .prop = 557850853, .status = AVAILABLE, .value = {.int32Values = [1]{0}, .floatValues = [0]{}, .int64Values = [0]{}, .bytes = [0]{}, .stringValue = ""}}
12-30 10:29:06.877   398   464 I VehiclePropertyStore: begin to write value to Store: {.timestamp = 6682699023794, .areaId = 0, .prop = 557850853, .status = AVAILABLE, .value = {.int32Values = [1]{0}, .floatValues = [0]{}, .int64Values = [0]{}, .bytes = [0]{}, .stringValue = ""}}
12-30 10:29:06.877   398   464 I DefaultVehicleHal_v2_0: DefaultVehicleHal::onPropertyValue, value:{.timestamp = 6682699023794, .areaId = 0, .prop = 557850853, .status = AVAILABLE, .value = {.int32Values = [1]{0}, .floatValues = [0]{}, .int64Values = [0]{}, .bytes = [0]{}, .stringValue = ""}}
12-30 10:29:06.877   398   464 D DiagPropHandler: is not DiagnosticConfig: 0x214020e5
12-30 10:29:06.877   398   464 I VehiclePropertyStore: begin to write value to Store: {.timestamp = 6682699023794, .areaId = 0, .prop = 557850853, .status = AVAILABLE, .value = {.int32Values = [1]{0}, .floatValues = [0]{}, .int64Values = [0]{}, .bytes = [0]{}, .stringValue = ""}}
12-30 10:29:06.877   398   464 D adayocomadapter-CommunicationManager: onUpstreamReceive mPropertyId 0x214020e5
12-30 10:29:06.877   398   464 D adayocomadapter-CommunicationManager: onUpstreamReceive mPropertyId 0x214020e6
12-30 10:29:06.877   398   464 D adayocomadapter-CommunicationManager: convertBytesToInt32Memcpy  0
12-30 10:29:06.877   398   464 I vw-vhal : notifyVehicleProperty, propId = 0x214020e6, data = {status: 2, int32Values: [0]}
12-30 10:29:06.877   398   464 I vw-vhal : CanSignalsAdapter::notifyVehicleProperty: solvedValue = {.timestamp = 6682699217794, .areaId = 0, .prop = 557850854, .status = AVAILABLE, .value = {.int32Values = [1]{0}, .floatValues = [0]{}, .int64Values = [0]{}, .bytes = [0]{}, .stringValue = ""}}
12-30 10:29:06.877   398   464 I VehiclePropertyStore: begin to write value to Store: {.timestamp = 6682699217794, .areaId = 0, .prop = 557850854, .status = AVAILABLE, .value = {.int32Values = [1]{0}, .floatValues = [0]{}, .int64Values = [0]{}, .bytes = [0]{}, .stringValue = ""}}
12-30 10:29:06.877   398   464 I DefaultVehicleHal_v2_0: DefaultVehicleHal::onPropertyValue, value:{.timestamp = 6682699217794, .areaId = 0, .prop = 557850854, .status = AVAILABLE, .value = {.int32Values = [1]{0}, .floatValues = [0]{}, .int64Values = [0]{}, .bytes = [0]{}, .stringValue = ""}}
12-30 10:29:06.877   398   464 D DiagPropHandler: is not DiagnosticConfig: 0x214020e6
12-30 10:29:06.877   398   464 I VehiclePropertyStore: begin to write value to Store: {.timestamp = 6682699217794, .areaId = 0, .prop = 557850854, .status = AVAILABLE, .value = {.int32Values = [1]{0}, .floatValues = [0]{}, .int64Values = [0]{}, .bytes = [0]{}, .stringValue = ""}}
12-30 10:29:06.877   398   464 D adayocomadapter-CommunicationManager: onUpstreamReceive mPropertyId 0x214020e6
12-30 10:29:06.877   398   464 D adayocomadapter-UpstreamHandler: processBeforePacket upSreamtProcessTimePoint[6682699] 
12-30 10:29:06.877   398   464 D adayocomadapter-UpstreamHandler: processPacket UPSTREAM_QUEUE_DATA_TIMEOUT
12-30 10:29:06.877   398   464 D adayocomadapter-ParseProtocolFunc: parseCommonIPCLBytes Processing tableNumber[25]
12-30 10:29:06.877   398   464 D adayocomadapter-ParseProtocolFunc: parseCommonIPCLBytes Processing tablename[Table-25] tableSize[45]
12-30 10:29:06.877   398   464 D adayocomadapter-ParseProtocolFunc: printRaWMsg Name[byteStream recv] len[45] data[190000000000000000000000000000000000000000000000000000000000000000000000000000000000000000]
12-30 10:29:06.877   398   464 D adayocomadapter-ParseProtocolFunc: printRaWMsg Name[IPCLtoVHAL] len[6] data[214020C50000]
12-30 10:29:06.877   398   464 D adayocomadapter-ParseProtocolFunc: printRaWMsg Name[IPCLtoVHAL] len[6] data[214021060000]
12-30 10:29:06.877   398   464 D adayocomadapter-ParseProtocolFunc: printRaWMsg Name[IPCLtoVHAL] len[6] data[214021320000]
12-30 10:29:06.877   398   464 D adayocomadapter-ParseProtocolFunc: printRaWMsg Name[IPCLtoVHAL] len[6] data[214020BF0000]
12-30 10:29:06.877   398   464 D adayocomadapter-ParseProtocolFunc: printRaWMsg Name[IPCLtoVHAL] len[6] data[2140212F0000]
12-30 10:29:06.877   398   464 D adayocomadapter-ParseProtocolFunc: printRaWMsg Name[IPCLtoVHAL] len[6] data[214020260000]
12-30 10:29:06.877   398   464 D adayocomadapter-ParseProtocolFunc: printRaWMsg Name[IPCLtoVHAL] len[6] data[214020B30000]
12-30 10:29:06.877   398   464 D adayocomadapter-ParseProtocolFunc: printRaWMsg Name[IPCLtoVHAL] len[6] data[2140219E0000]
12-30 10:29:06.877   398   464 D adayocomadapter-ParseProtocolFunc: printRaWMsg Name[IPCLtoVHAL] len[6] data[214021300000]
12-30 10:29:06.877   398   464 D adayocomadapter-ParseProtocolFunc: printRaWMsg Name[IPCLtoVHAL] len[11] data[2141204A01000000000000]
12-30 10:29:06.877   398   464 D adayocomadapter-ParseProtocolFunc: printRaWMsg Name[IPCLtoVHAL] len[6] data[214020BD0000]
12-30 10:29:06.877   398   464 D adayocomadapter-ParseProtocolFunc: printRaWMsg Name[IPCLtoVHAL] len[6] data[2140213B0000]
12-30 10:29:06.877   398   464 D adayocomadapter-ParseProtocolFunc: printRaWMsg Name[IPCLtoVHAL] len[6] data[214020AE0000]
12-30 10:29:06.877   398   464 D adayocomadapter-ParseProtocolFunc: printRaWMsg Name[IPCLtoVHAL] len[6] data[2140210D0000]
12-30 10:29:06.877   398   464 D adayocomadapter-ParseProtocolFunc: printRaWMsg Name[IPCLtoVHAL] len[6] data[214010180000]
12-30 10:29:06.877   398   464 D adayocomadapter-ParseProtocolFunc: printRaWMsg Name[IPCLtoVHAL] len[6] data[214020A90000]
12-30 10:29:06.877   398   464 D adayocomadapter-ParseProtocolFunc: printRaWMsg Name[IPCLtoVHAL] len[6] data[214020AB0000]
12-30 10:29:06.877   398   464 D adayocomadapter-ParseProtocolFunc: printRaWMsg Name[IPCLtoVHAL] len[6] data[214020AD0000]
12-30 10:29:06.877   398   464 D adayocomadapter-ParseProtocolFunc: printRaWMsg Name[IPCLtoVHAL] len[6] data[2140213A0000]
12-30 10:29:06.877   398   464 D adayocomadapter-ParseProtocolFunc: printRaWMsg Name[IPCLtoVHAL] len[6] data[214021C70000]
12-30 10:29:06.877   398   464 D adayocomadapter-ParseProtocolFunc: printRaWMsg Name[IPCLtoVHAL] len[6] data[214020F20000]
12-30 10:29:06.877   398   464 D adayocomadapter-ParseProtocolFunc: printRaWMsg Name[IPCLtoVHAL] len[6] data[214020F10000]
12-30 10:29:06.877   398   464 D adayocomadapter-ParseProtocolFunc: printRaWMsg Name[IPCLtoVHAL] len[6] data[214021120000]
12-30 10:29:06.878   398   464 D adayocomadapter-ParseProtocolFunc: printRaWMsg Name[IPCLtoVHAL] len[7] data[2140219F000000]
12-30 10:29:06.878   398   464 D adayocomadapter-ParseProtocolFunc: printRaWMsg Name[IPCLtoVHAL] len[6] data[214021390000]
12-30 10:29:06.878   398   464 D adayocomadapter-ParseProtocolFunc: printRaWMsg Name[IPCLtoVHAL] len[7] data[21402025000000]
12-30 10:29:06.878   398   464 D adayocomadapter-ParseProtocolFunc: printRaWMsg Name[IPCLtoVHAL] len[9] data[214020330000000000]
12-30 10:29:06.878   398   464 D adayocomadapter-ParseProtocolFunc: printRaWMsg Name[IPCLtoVHAL] len[6] data[214020340000]
12-30 10:29:06.878   398   464 D adayocomadapter-ParseProtocolFunc: printRaWMsg Name[IPCLtoVHAL] len[6] data[2140218C0000]
12-30 10:29:06.878   398   464 D adayocomadapter-ParseProtocolFunc: printRaWMsg Name[IPCLtoVHAL] len[6] data[2140219B0000]
12-30 10:29:06.878   398   464 D adayocomadapter-ParseProtocolFunc: printRaWMsg Name[IPCLtoVHAL] len[6] data[214021A00000]
12-30 10:29:06.878   398   464 D adayocomadapter-ParseProtocolFunc: printRaWMsg Name[IPCLtoVHAL] len[6] data[214021A30000]
12-30 10:29:06.878   398   464 D adayocomadapter-ParseProtocolFunc: printRaWMsg Name[IPCLtoVHAL] len[6] data[214021A40000]
12-30 10:29:06.878   398   464 D adayocomadapter-ParseProtocolFunc: printRaWMsg Name[IPCLtoVHAL] len[6] data[214021CB0000]
12-30 10:29:06.878   398   464 D adayocomadapter-CommunicationManager: onUpstreamReceive mPropertyId 0x214020c5
12-30 10:29:06.878   398   464 D adayocomadapter-CommunicationManager: convertBytesToInt32Memcpy  0
12-30 10:29:06.878   398   464 I vw-vhal : notifyVehicleProperty, propId = 0x214020c5, data = {status: 2, int32Values: [0]}
12-30 10:29:06.878   398   464 I vw-vhal : CanSignalsAdapter::notifyVehicleProperty: solvedValue = {.timestamp = 6682700109794, .areaId = 0, .prop = 557850821, .status = AVAILABLE, .value = {.int32Values = [1]{0}, .floatValues = [0]{}, .int64Values = [0]{}, .bytes = [0]{}, .stringValue = ""}}
12-30 10:29:06.878   398   464 I VehiclePropertyStore: begin to write value to Store: {.timestamp = 6682700109794, .areaId = 0, .prop = 557850821, .status = AVAILABLE, .value = {.int32Values = [1]{0}, .floatValues = [0]{}, .int64Values = [0]{}, .bytes = [0]{}, .stringValue = ""}}
12-30 10:29:06.878   398   464 I DefaultVehicleHal_v2_0: DefaultVehicleHal::onPropertyValue, value:{.timestamp = 6682700109794, .areaId = 0, .prop = 557850821, .status = AVAILABLE, .value = {.int32Values = [1]{0}, .floatValues = [0]{}, .int64Values = [0]{}, .bytes = [0]{}, .stringValue = ""}}
12-30 10:29:06.878   398   464 D DiagPropHandler: is not DiagnosticConfig: 0x214020c5
12-30 10:29:06.878   398   464 I VehiclePropertyStore: begin to write value to Store: {.timestamp = 6682700109794, .areaId = 0, .prop = 557850821, .status = AVAILABLE, .value = {.int32Values = [1]{0}, .floatValues = [0]{}, .int64Values = [0]{}, .bytes = [0]{}, .stringValue = ""}}
12-30 10:29:06.878   398   464 D adayocomadapter-CommunicationManager: onUpstreamReceive mPropertyId 0x214020c5
12-30 10:29:06.878   398   464 D adayocomadapter-CommunicationManager: onUpstreamReceive mPropertyId 0x21402106
12-30 10:29:06.878   398   464 D adayocomadapter-CommunicationManager: convertBytesToInt32Memcpy  0
12-30 10:29:06.878   398   464 I vw-vhal : notifyVehicleProperty, propId = 0x21402106, data = {status: 2, int32Values: [0]}
12-30 10:29:06.878   398   464 I vw-vhal : CanSignalsAdapter::notifyVehicleProperty: solvedValue = {.timestamp = 6682700311461, .areaId = 0, .prop = 557850886, .status = AVAILABLE, .value = {.int32Values = [1]{0}, .floatValues = [0]{}, .int64Values = [0]{}, .bytes = [0]{}, .stringValue = ""}}
12-30 10:29:06.878   398   464 I VehiclePropertyStore: begin to write value to Store: {.timestamp = 6682700311461, .areaId = 0, .prop = 557850886, .status = AVAILABLE, .value = {.int32Values = [1]{0}, .floatValues = [0]{}, .int64Values = [0]{}, .bytes = [0]{}, .stringValue = ""}}
12-30 10:29:06.878   398   464 I DefaultVehicleHal_v2_0: DefaultVehicleHal::onPropertyValue, value:{.timestamp = 6682700311461, .areaId = 0, .prop = 557850886, .status = AVAILABLE, .value = {.int32Values = [1]{0}, .floatValues = [0]{}, .int64Values = [0]{}, .bytes = [0]{}, .stringValue = ""}}
12-30 10:29:06.878   398   464 D DiagPropHandler: is not DiagnosticConfig: 0x21402106
12-30 10:29:06.878   398   464 I VehiclePropertyStore: begin to write value to Store: {.timestamp = 6682700311461, .areaId = 0, .prop = 557850886, .status = AVAILABLE, .value = {.int32Values = [1]{0}, .floatValues = [0]{}, .int64Values = [0]{}, .bytes = [0]{}, .stringValue = ""}}
12-30 10:29:06.878   398   464 D adayocomadapter-CommunicationManager: onUpstreamReceive mPropertyId 0x21402106
12-30 10:29:06.878   398   464 D adayocomadapter-CommunicationManager: onUpstreamReceive mPropertyId 0x21402132
12-30 10:29:06.878   398   464 D adayocomadapter-CommunicationManager: convertBytesToInt32Memcpy  0
12-30 10:29:06.878   398   464 I vw-vhal : notifyVehicleProperty, propId = 0x21402132, data = {status: 2, int32Values: [0]}
12-30 10:29:06.878   398   464 I vw-vhal : CanSignalsAdapter::notifyVehicleProperty: solvedValue = {.timestamp = 6682700503794, .areaId = 0, .prop = 557850930, .status = AVAILABLE, .value = {.int32Values = [1]{0}, .floatValues = [0]{}, .int64Values = [0]{}, .bytes = [0]{}, .stringValue = ""}}
12-30 10:29:06.878   398   464 I VehiclePropertyStore: begin to write value to Store: {.timestamp = 6682700503794, .areaId = 0, .prop = 557850930, .status = AVAILABLE, .value = {.int32Values = [1]{0}, .floatValues = [0]{}, .int64Values = [0]{}, .bytes = [0]{}, .stringValue = ""}}
12-30 10:29:06.878   398   464 I DefaultVehicleHal_v2_0: DefaultVehicleHal::onPropertyValue, value:{.timestamp = 6682700503794, .areaId = 0, .prop = 557850930, .status = AVAILABLE, .value = {.int32Values = [1]{0}, .floatValues = [0]{}, .int64Values = [0]{}, .bytes = [0]{}, .stringValue = ""}}
12-30 10:29:06.878   398   464 D DiagPropHandler: is not DiagnosticConfig: 0x21402132
12-30 10:29:06.878   398   464 I VehiclePropertyStore: begin to write value to Store: {.timestamp = 6682700503794, .areaId = 0, .prop = 557850930, .status = AVAILABLE, .value = {.int32Values = [1]{0}, .floatValues = [0]{}, .int64Values = [0]{}, .bytes = [0]{}, .stringValue = ""}}
12-30 10:29:06.878   398   464 D adayocomadapter-CommunicationManager: onUpstreamReceive mPropertyId 0x21402132
12-30 10:29:06.878   398   464 D adayocomadapter-CommunicationManager: onUpstreamReceive mPropertyId 0x214020bf
12-30 10:29:06.878   398   464 D adayocomadapter-CommunicationManager: convertBytesToInt32Memcpy  0
12-30 10:29:06.878   398   464 I vw-vhal : notifyVehicleProperty, propId = 0x214020bf, data = {status: 2, int32Values: [0]}
12-30 10:29:06.878   398   464 I vw-vhal : CanSignalsAdapter::notifyVehicleProperty: solvedValue = {.timestamp = 6682700695461, .areaId = 0, .prop = 557850815, .status = AVAILABLE, .value = {.int32Values = [1]{0}, .floatValues = [0]{}, .int64Values = [0]{}, .bytes = [0]{}, .stringValue = ""}}
12-30 10:29:06.878   398   464 I VehiclePropertyStore: begin to write value to Store: {.timestamp = 6682700695461, .areaId = 0, .prop = 557850815, .status = AVAILABLE, .value = {.int32Values = [1]{0}, .floatValues = [0]{}, .int64Values = [0]{}, .bytes = [0]{}, .stringValue = ""}}
12-30 10:29:06.878   398   464 I DefaultVehicleHal_v2_0: DefaultVehicleHal::onPropertyValue, value:{.timestamp = 6682700695461, .areaId = 0, .prop = 557850815, .status = AVAILABLE, .value = {.int32Values = [1]{0}, .floatValues = [0]{}, .int64Values = [0]{}, .bytes = [0]{}, .stringValue = ""}}
12-30 10:29:06.878   398   464 D DiagPropHandler: is not DiagnosticConfig: 0x214020bf
12-30 10:29:06.878   398   464 I VehiclePropertyStore: begin to write value to Store: {.timestamp = 6682700695461, .areaId = 0, .prop = 557850815, .status = AVAILABLE, .value = {.int32Values = [1]{0}, .floatValues = [0]{}, .int64Values = [0]{}, .bytes = [0]{}, .stringValue = ""}}
12-30 10:29:06.878   398   464 D adayocomadapter-CommunicationManager: onUpstreamReceive mPropertyId 0x214020bf
12-30 10:29:06.878   398   464 D adayocomadapter-CommunicationManager: onUpstreamReceive mPropertyId 0x2140212f
12-30 10:29:06.878   398   464 D adayocomadapter-CommunicationManager: convertBytesToInt32Memcpy  0
12-30 10:29:06.879   398   464 I vw-vhal : notifyVehicleProperty, propId = 0x2140212f, data = {status: 2, int32Values: [0]}
12-30 10:29:06.879   398   464 I vw-vhal : CanSignalsAdapter::notifyVehicleProperty: solvedValue = {.timestamp = 6682700878461, .areaId = 0, .prop = 557850927, .status = AVAILABLE, .value = {.int32Values = [1]{0}, .floatValues = [0]{}, .int64Values = [0]{}, .bytes = [0]{}, .stringValue = ""}}
12-30 10:29:06.879   398   464 I VehiclePropertyStore: begin to write value to Store: {.timestamp = 6682700878461, .areaId = 0, .prop = 557850927, .status = AVAILABLE, .value = {.int32Values = [1]{0}, .floatValues = [0]{}, .int64Values = [0]{}, .bytes = [0]{}, .stringValue = ""}}
12-30 10:29:06.879   398   464 I DefaultVehicleHal_v2_0: DefaultVehicleHal::onPropertyValue, value:{.timestamp = 6682700878461, .areaId = 0, .prop = 557850927, .status = AVAILABLE, .value = {.int32Values = [1]{0}, .floatValues = [0]{}, .int64Values = [0]{}, .bytes = [0]{}, .stringValue = ""}}
12-30 10:29:06.879   398   464 D DiagPropHandler: is not DiagnosticConfig: 0x2140212f
12-30 10:29:06.879   398   464 I VehiclePropertyStore: begin to write value to Store: {.timestamp = 6682700878461, .areaId = 0, .prop = 557850927, .status = AVAILABLE, .value = {.int32Values = [1]{0}, .floatValues = [0]{}, .int64Values = [0]{}, .bytes = [0]{}, .stringValue = ""}}
12-30 10:29:06.879   398   464 D adayocomadapter-CommunicationManager: onUpstreamReceive mPropertyId 0x2140212f
12-30 10:29:06.879   398   464 D adayocomadapter-CommunicationManager: onUpstreamReceive mPropertyId 0x21402026
12-30 10:29:06.879   398   464 D adayocomadapter-CommunicationManager: convertBytesToInt32Memcpy  0
12-30 10:29:06.879   398   464 I vw-vhal : notifyVehicleProperty, propId = 0x21402026, data = {status: 2, int32Values: [0]}
12-30 10:29:06.879   398   464 I vw-vhal : CanSignalsAdapter::notifyVehicleProperty: solvedValue = {.timestamp = 6682701073128, .areaId = 0, .prop = 557850662, .status = AVAILABLE, .value = {.int32Values = [1]{0}, .floatValues = [0]{}, .int64Values = [0]{}, .bytes = [0]{}, .stringValue = ""}}
12-30 10:29:06.879   398   464 I VehiclePropertyStore: begin to write value to Store: {.timestamp = 6682701073128, .areaId = 0, .prop = 557850662, .status = AVAILABLE, .value = {.int32Values = [1]{0}, .floatValues = [0]{}, .int64Values = [0]{}, .bytes = [0]{}, .stringValue = ""}}
12-30 10:29:06.879   398   464 I DefaultVehicleHal_v2_0: DefaultVehicleHal::onPropertyValue, value:{.timestamp = 6682701073128, .areaId = 0, .prop = 557850662, .status = AVAILABLE, .value = {.int32Values = [1]{0}, .floatValues = [0]{}, .int64Values = [0]{}, .bytes = [0]{}, .stringValue = ""}}
12-30 10:29:06.879   398   464 D DiagPropHandler: is not DiagnosticConfig: 0x21402026
12-30 10:29:06.879   398   464 I VehiclePropertyStore: begin to write value to Store: {.timestamp = 6682701073128, .areaId = 0, .prop = 557850662, .status = AVAILABLE, .value = {.int32Values = [1]{0}, .floatValues = [0]{}, .int64Values = [0]{}, .bytes = [0]{}, .stringValue = ""}}
12-30 10:29:06.879   398   464 D adayocomadapter-CommunicationManager: onUpstreamReceive mPropertyId 0x21402026
12-30 10:29:06.879   398   464 D adayocomadapter-CommunicationManager: onUpstreamReceive mPropertyId 0x214020b3
12-30 10:29:06.879   398   464 D adayocomadapter-CommunicationManager: convertBytesToInt32Memcpy  0
12-30 10:29:06.879   398   464 I vw-vhal : notifyVehicleProperty, propId = 0x214020b3, data = {status: 2, int32Values: [0]}
12-30 10:29:06.879   398   464 I vw-vhal : CanSignalsAdapter::notifyVehicleProperty: solvedValue = {.timestamp = 6682701263128, .areaId = 0, .prop = 557850803, .status = AVAILABLE, .value = {.int32Values = [1]{0}, .floatValues = [0]{}, .int64Values = [0]{}, .bytes = [0]{}, .stringValue = ""}}
12-30 10:29:06.879   398   464 I VehiclePropertyStore: begin to write value to Store: {.timestamp = 6682701263128, .areaId = 0, .prop = 557850803, .status = AVAILABLE, .value = {.int32Values = [1]{0}, .floatValues = [0]{}, .int64Values = [0]{}, .bytes = [0]{}, .stringValue = ""}}
12-30 10:29:06.879   398   464 I DefaultVehicleHal_v2_0: DefaultVehicleHal::onPropertyValue, value:{.timestamp = 6682701263128, .areaId = 0, .prop = 557850803, .status = AVAILABLE, .value = {.int32Values = [1]{0}, .floatValues = [0]{}, .int64Values = [0]{}, .bytes = [0]{}, .stringValue = ""}}
12-30 10:29:06.879   398   464 D DiagPropHandler: is not DiagnosticConfig: 0x214020b3
12-30 10:29:06.879   398   464 I VehiclePropertyStore: begin to write value to Store: {.timestamp = 6682701263128, .areaId = 0, .prop = 557850803, .status = AVAILABLE, .value = {.int32Values = [1]{0}, .floatValues = [0]{}, .int64Values = [0]{}, .bytes = [0]{}, .stringValue = ""}}
12-30 10:29:06.879   398   464 D adayocomadapter-CommunicationManager: onUpstreamReceive mPropertyId 0x214020b3
12-30 10:29:06.879   398   464 D adayocomadapter-CommunicationManager: onUpstreamReceive mPropertyId 0x2140219e
12-30 10:29:06.879   398   464 D adayocomadapter-CommunicationManager: convertBytesToInt32Memcpy  0
12-30 10:29:06.879   398   464 I vw-vhal : notifyVehicleProperty, propId = 0x2140219e, data = {status: 2, int32Values: [0]}
12-30 10:29:06.879   398   464 I vw-vhal : CanSignalsAdapter::notifyVehicleProperty: solvedValue = {.timestamp = 6682701449794, .areaId = 0, .prop = 557851038, .status = AVAILABLE, .value = {.int32Values = [1]{0}, .floatValues = [0]{}, .int64Values = [0]{}, .bytes = [0]{}, .stringValue = ""}}
12-30 10:29:06.879   398   464 I VehiclePropertyStore: begin to write value to Store: {.timestamp = 6682701449794, .areaId = 0, .prop = 557851038, .status = AVAILABLE, .value = {.int32Values = [1]{0}, .floatValues = [0]{}, .int64Values = [0]{}, .bytes = [0]{}, .stringValue = ""}}
12-30 10:29:06.879   398   464 I DefaultVehicleHal_v2_0: DefaultVehicleHal::onPropertyValue, value:{.timestamp = 6682701449794, .areaId = 0, .prop = 557851038, .status = AVAILABLE, .value = {.int32Values = [1]{0}, .floatValues = [0]{}, .int64Values = [0]{}, .bytes = [0]{}, .stringValue = ""}}
12-30 10:29:06.879   398   464 D DiagPropHandler: is not DiagnosticConfig: 0x2140219e
12-30 10:29:06.879   398   464 I VehiclePropertyStore: begin to write value to Store: {.timestamp = 6682701449794, .areaId = 0, .prop = 557851038, .status = AVAILABLE, .value = {.int32Values = [1]{0}, .floatValues = [0]{}, .int64Values = [0]{}, .bytes = [0]{}, .stringValue = ""}}
12-30 10:29:06.879   398   464 D adayocomadapter-CommunicationManager: onUpstreamReceive mPropertyId 0x2140219e
12-30 10:29:06.879   398   464 D adayocomadapter-CommunicationManager: onUpstreamReceive mPropertyId 0x21402130
12-30 10:29:06.879   398   464 D adayocomadapter-CommunicationManager: convertBytesToInt32Memcpy  0
12-30 10:29:06.879   398   464 I vw-vhal : notifyVehicleProperty, propId = 0x21402130, data = {status: 2, int32Values: [0]}
12-30 10:29:06.879   398   464 I vw-vhal : CanSignalsAdapter::notifyVehicleProperty: solvedValue = {.timestamp = 6682701639794, .areaId = 0, .prop = 557850928, .status = AVAILABLE, .value = {.int32Values = [1]{0}, .floatValues = [0]{}, .int64Values = [0]{}, .bytes = [0]{}, .stringValue = ""}}
12-30 10:29:06.879   398   464 I VehiclePropertyStore: begin to write value to Store: {.timestamp = 6682701639794, .areaId = 0, .prop = 557850928, .status = AVAILABLE, .value = {.int32Values = [1]{0}, .floatValues = [0]{}, .int64Values = [0]{}, .bytes = [0]{}, .stringValue = ""}}
