12-30 10:29:12.501   398   464 I vw-vhal : notifyVehicleProperty, propId = 0x214020c7, data = {status: 2, int32Values: [0]}
12-30 10:29:12.501   398   464 I vw-vhal : CanSignalsAdapter::notifyVehicleProperty: solvedValue = {.timestamp = 6688323620795, .areaId = 0, .prop = 557850823, .status = AVAILABLE, .value = {.int32Values = [1]{0}, .floatValues = [0]{}, .int64Values = [0]{}, .bytes = [0]{}, .stringValue = ""}}
12-30 10:29:12.501   398   464 I VehiclePropertyStore: begin to write value to Store: {.timestamp = 6688323620795, .areaId = 0, .prop = 557850823, .status = AVAILABLE, .value = {.int32Values = [1]{0}, .floatValues = [0]{}, .int64Values = [0]{}, .bytes = [0]{}, .stringValue = ""}}
12-30 10:29:12.501   398   464 I DefaultVehicleHal_v2_0: DefaultVehicleHal::onPropertyValue, value:{.timestamp = 6688323620795, .areaId = 0, .prop = 557850823, .status = AVAILABLE, .value = {.int32Values = [1]{0}, .floatValues = [0]{}, .int64Values = [0]{}, .bytes = [0]{}, .stringValue = ""}}
12-30 10:29:12.502   398   464 D DiagPropHandler: is not DiagnosticConfig: 0x214020c7
12-30 10:29:12.502   398   464 I VehiclePropertyStore: begin to write value to Store: {.timestamp = 6688323620795, .areaId = 0, .prop = 557850823, .status = AVAILABLE, .value = {.int32Values = [1]{0}, .floatValues = [0]{}, .int64Values = [0]{}, .bytes = [0]{}, .stringValue = ""}}
12-30 10:29:12.502   398   464 D adayocomadapter-CommunicationManager: onUpstreamReceive mPropertyId 0x214020c7
12-30 10:29:12.502   398   464 D adayocomadapter-CommunicationManager: onUpstreamReceive mPropertyId 0x214020dd
12-30 10:29:12.502   398   464 D adayocomadapter-CommunicationManager: convertBytesToInt32Memcpy  0
12-30 10:29:12.502   398   464 I vw-vhal : notifyVehicleProperty, propId = 0x214020dd, data = {status: 2, int32Values: [0]}
12-30 10:29:12.502   398   464 I vw-vhal : CanSignalsAdapter::notifyVehicleProperty: solvedValue = {.timestamp = 6688324362795, .areaId = 0, .prop = 557850845, .status = AVAILABLE, .value = {.int32Values = [1]{0}, .floatValues = [0]{}, .int64Values = [0]{}, .bytes = [0]{}, .stringValue = ""}}
12-30 10:29:12.502   398   464 I VehiclePropertyStore: begin to write value to Store: {.timestamp = 6688324362795, .areaId = 0, .prop = 557850845, .status = AVAILABLE, .value = {.int32Values = [1]{0}, .floatValues = [0]{}, .int64Values = [0]{}, .bytes = [0]{}, .stringValue = ""}}
12-30 10:29:12.502   398   464 I DefaultVehicleHal_v2_0: DefaultVehicleHal::onPropertyValue, value:{.timestamp = 6688324362795, .areaId = 0, .prop = 557850845, .status = AVAILABLE, .value = {.int32Values = [1]{0}, .floatValues = [0]{}, .int64Values = [0]{}, .bytes = [0]{}, .stringValue = ""}}
12-30 10:29:12.502   398   464 D DiagPropHandler: is not DiagnosticConfig: 0x214020dd
12-30 10:29:12.502   398   464 I VehiclePropertyStore: begin to write value to Store: {.timestamp = 6688324362795, .areaId = 0, .prop = 557850845, .status = AVAILABLE, .value = {.int32Values = [1]{0}, .floatValues = [0]{}, .int64Values = [0]{}, .bytes = [0]{}, .stringValue = ""}}
12-30 10:29:12.502   398   464 D adayocomadapter-CommunicationManager: onUpstreamReceive mPropertyId 0x214020dd
12-30 10:29:12.503   398   464 D adayocomadapter-CommunicationManager: onUpstreamReceive mPropertyId 0x214020df
12-30 10:29:12.503   398   464 D adayocomadapter-CommunicationManager: convertBytesToInt32Memcpy  0
12-30 10:29:12.503   398   464 I vw-vhal : notifyVehicleProperty, propId = 0x214020df, data = {status: 2, int32Values: [0]}
12-30 10:29:12.503   398   464 I vw-vhal : CanSignalsAdapter::notifyVehicleProperty: solvedValue = {.timestamp = 6688325037462, .areaId = 0, .prop = 557850847, .status = AVAILABLE, .value = {.int32Values = [1]{0}, .floatValues = [0]{}, .int64Values = [0]{}, .bytes = [0]{}, .stringValue = ""}}
12-30 10:29:12.503   398   464 I VehiclePropertyStore: begin to write value to Store: {.timestamp = 6688325037462, .areaId = 0, .prop = 557850847, .status = AVAILABLE, .value = {.int32Values = [1]{0}, .floatValues = [0]{}, .int64Values = [0]{}, .bytes = [0]{}, .stringValue = ""}}
12-30 10:29:12.503   398   464 I DefaultVehicleHal_v2_0: DefaultVehicleHal::onPropertyValue, value:{.timestamp = 6688325037462, .areaId = 0, .prop = 557850847, .status = AVAILABLE, .value = {.int32Values = [1]{0}, .floatValues = [0]{}, .int64Values = [0]{}, .bytes = [0]{}, .stringValue = ""}}
12-30 10:29:12.503   398   464 D DiagPropHandler: is not DiagnosticConfig: 0x214020df
12-30 10:29:12.503   398   464 I VehiclePropertyStore: begin to write value to Store: {.timestamp = 6688325037462, .areaId = 0, .prop = 557850847, .status = AVAILABLE, .value = {.int32Values = [1]{0}, .floatValues = [0]{}, .int64Values = [0]{}, .bytes = [0]{}, .stringValue = ""}}
12-30 10:29:12.503   398   464 D adayocomadapter-CommunicationManager: onUpstreamReceive mPropertyId 0x214020df
12-30 10:29:12.503   398   464 D adayocomadapter-CommunicationManager: onUpstreamReceive mPropertyId 0x214020e4
12-30 10:29:12.503   398   464 D adayocomadapter-CommunicationManager: convertBytesToInt32Memcpy  0
12-30 10:29:12.503   398   464 I vw-vhal : notifyVehicleProperty, propId = 0x214020e4, data = {status: 2, int32Values: [0]}
12-30 10:29:12.503   398   464 I vw-vhal : CanSignalsAdapter::notifyVehicleProperty: solvedValue = {.timestamp = 6688325721128, .areaId = 0, .prop = 557850852, .status = AVAILABLE, .value = {.int32Values = [1]{0}, .floatValues = [0]{}, .int64Values = [0]{}, .bytes = [0]{}, .stringValue = ""}}
12-30 10:29:12.504   398   464 I VehiclePropertyStore: begin to write value to Store: {.timestamp = 6688325721128, .areaId = 0, .prop = 557850852, .status = AVAILABLE, .value = {.int32Values = [1]{0}, .floatValues = [0]{}, .int64Values = [0]{}, .bytes = [0]{}, .stringValue = ""}}
12-30 10:29:12.504   398   464 I DefaultVehicleHal_v2_0: DefaultVehicleHal::onPropertyValue, value:{.timestamp = 6688325721128, .areaId = 0, .prop = 557850852, .status = AVAILABLE, .value = {.int32Values = [1]{0}, .floatValues = [0]{}, .int64Values = [0]{}, .bytes = [0]{}, .stringValue = ""}}
12-30 10:29:12.504   398   464 D DiagPropHandler: is not DiagnosticConfig: 0x214020e4
12-30 10:29:12.504   398   464 I VehiclePropertyStore: begin to write value to Store: {.timestamp = 6688325721128, .areaId = 0, .prop = 557850852, .status = AVAILABLE, .value = {.int32Values = [1]{0}, .floatValues = [0]{}, .int64Values = [0]{}, .bytes = [0]{}, .stringValue = ""}}
12-30 10:29:12.504   398   464 D adayocomadapter-CommunicationManager: onUpstreamReceive mPropertyId 0x214020e4
12-30 10:29:12.516   360   931 D EvsDriver: forwardFrame
12-30 10:29:12.516   360   931 D EvsDriver: forwardFrameDirect
12-30 10:29:12.516   360   931 D EvsDriver: Delivered 0xb400e2ca9e40d090 as id 1
12-30 10:29:12.516   359  2784 D evsmanagerd: /dev/video-evs0 forwarded the buffer #1 to 0xb400f125d2b26dd0 from 0xb400f125e2b20710
12-30 10:29:12.525   360   458 D EvsDriver: doneWithFrame
12-30 10:29:12.532   596  3076 E WifiHAL : Invalid data received from driver
12-30 10:29:12.538  2358  2623 D RcfController: Rcf proxy is not connected!
12-30 10:29:12.540   650   729 D fgemcucomm: sd Uart data : 6AA602D0D900029202BF
12-30 10:29:12.540   650   729 D fgemcucomm: rev uart=55307,len=40, data : 6AA681D0D9002092020016000000000000000000000000000000000000000000000000000000000C
12-30 10:29:12.541   398  2883 D adayocomadapter-ParseProtocolFunc: printRaWMsg Name[MCUToUPstream recv] len[32] data[9202001600000000000000000000000000000000000000000000000000000000]
12-30 10:29:12.541   398  2883 D adayocomadapter-CommunicationManager: onUpstreamback   member[0] dataLength[29] timePoint[6688362]
12-30 10:29:12.541   398  2883 D adayocomadapter-ParseProtocolFunc: printRaWMsg Name[onUpstreamback] len[29] data[1600000000000000000000000000000000000000000000000000000000]
12-30 10:29:12.541   398   464 D adayocomadapter-UpstreamHandler: processBeforePacket upSreamtProcessTimePoint[6688363] 
12-30 10:29:12.541   398   464 D adayocomadapter-UpstreamHandler: processPacket UPSTREAM_QUEUE_DATA_TIMEOUT
12-30 10:29:12.541   398   464 D adayocomadapter-ParseProtocolFunc: parseCommonIPCLBytes Processing tableNumber[22]
12-30 10:29:12.541   398   464 D adayocomadapter-ParseProtocolFunc: parseCommonIPCLBytes Processing tablename[Table-22] tableSize[29]
12-30 10:29:12.541   398   464 D adayocomadapter-ParseProtocolFunc: printRaWMsg Name[byteStream recv] len[29] data[1600000000000000000000000000000000000000000000000000000000]
12-30 10:29:12.541   398   464 D adayocomadapter-ParseProtocolFunc: printRaWMsg Name[IPCLtoVHAL] len[6] data[2140213F0000]
12-30 10:29:12.541   398   464 D adayocomadapter-ParseProtocolFunc: printRaWMsg Name[IPCLtoVHAL] len[6] data[214021400000]
12-30 10:29:12.541   398   464 D adayocomadapter-ParseProtocolFunc: printRaWMsg Name[IPCLtoVHAL] len[9] data[214021CA0000000000]
12-30 10:29:12.541   398   464 D adayocomadapter-ParseProtocolFunc: printRaWMsg Name[IPCLtoVHAL] len[6] data[2140214B0000]
12-30 10:29:12.541   398   464 D adayocomadapter-ParseProtocolFunc: printRaWMsg Name[IPCLtoVHAL] len[6] data[214021410000]
12-30 10:29:12.541   398   464 D adayocomadapter-ParseProtocolFunc: printRaWMsg Name[IPCLtoVHAL] len[6] data[214021420000]
12-30 10:29:12.542   398   464 D adayocomadapter-ParseProtocolFunc: printRaWMsg Name[IPCLtoVHAL] len[6] data[2140214D0000]
12-30 10:29:12.542   398   464 D adayocomadapter-ParseProtocolFunc: printRaWMsg Name[IPCLtoVHAL] len[6] data[214021D70000]
12-30 10:29:12.542   398   464 D adayocomadapter-ParseProtocolFunc: printRaWMsg Name[IPCLtoVHAL] len[6] data[214021430000]
12-30 10:29:12.542   398   464 D adayocomadapter-ParseProtocolFunc: printRaWMsg Name[IPCLtoVHAL] len[6] data[214021460000]
12-30 10:29:12.542   398   464 D adayocomadapter-ParseProtocolFunc: printRaWMsg Name[IPCLtoVHAL] len[6] data[214021470000]
12-30 10:29:12.542   398   464 D adayocomadapter-ParseProtocolFunc: printRaWMsg Name[IPCLtoVHAL] len[6] data[214021480000]
12-30 10:29:12.542   398   464 D adayocomadapter-ParseProtocolFunc: printRaWMsg Name[IPCLtoVHAL] len[6] data[214021490000]
12-30 10:29:12.542   398   464 D adayocomadapter-ParseProtocolFunc: printRaWMsg Name[IPCLtoVHAL] len[6] data[2140214F0000]
12-30 10:29:12.542   398   464 D adayocomadapter-ParseProtocolFunc: printRaWMsg Name[IPCLtoVHAL] len[6] data[214021500000]
12-30 10:29:12.542   398   464 D adayocomadapter-ParseProtocolFunc: printRaWMsg Name[IPCLtoVHAL] len[7] data[21402144010000]
12-30 10:29:12.542   398   464 D adayocomadapter-ParseProtocolFunc: printRaWMsg Name[IPCLtoVHAL] len[6] data[214021510000]
12-30 10:29:12.542   398   464 D adayocomadapter-ParseProtocolFunc: printRaWMsg Name[IPCLtoVHAL] len[7] data[21402145010000]
12-30 10:29:12.542   398   464 D adayocomadapter-ParseProtocolFunc: printRaWMsg Name[IPCLtoVHAL] len[6] data[2140213D0000]
12-30 10:29:12.542   398   464 D adayocomadapter-ParseProtocolFunc: printRaWMsg Name[IPCLtoVHAL] len[6] data[2140213E0000]
12-30 10:29:12.542   398   464 D adayocomadapter-ParseProtocolFunc: printRaWMsg Name[IPCLtoVHAL] len[6] data[2140214A0000]
12-30 10:29:12.542   398   464 D adayocomadapter-CommunicationManager: onUpstreamReceive mPropertyId 0x2140213f
12-30 10:29:12.542   398   464 D adayocomadapter-CommunicationManager: convertBytesToInt32Memcpy  0
12-30 10:29:12.543   398   464 I vw-vhal : notifyVehicleProperty, propId = 0x2140213f, data = {status: 2, int32Values: [0]}
12-30 10:29:12.543   398   464 I vw-vhal : CanSignalsAdapter::notifyVehicleProperty: solvedValue = {.timestamp = 6688364922462, .areaId = 0, .prop = 557850943, .status = AVAILABLE, .value = {.int32Values = [1]{0}, .floatValues = [0]{}, .int64Values = [0]{}, .bytes = [0]{}, .stringValue = ""}}
12-30 10:29:12.543   398   464 I VehiclePropertyStore: begin to write value to Store: {.timestamp = 6688364922462, .areaId = 0, .prop = 557850943, .status = AVAILABLE, .value = {.int32Values = [1]{0}, .floatValues = [0]{}, .int64Values = [0]{}, .bytes = [0]{}, .stringValue = ""}}
12-30 10:29:12.543   398   464 I DefaultVehicleHal_v2_0: DefaultVehicleHal::onPropertyValue, value:{.timestamp = 6688364922462, .areaId = 0, .prop = 557850943, .status = AVAILABLE, .value = {.int32Values = [1]{0}, .floatValues = [0]{}, .int64Values = [0]{}, .bytes = [0]{}, .stringValue = ""}}
12-30 10:29:12.543   398   464 D DiagPropHandler: is not DiagnosticConfig: 0x2140213f
12-30 10:29:12.543   398   464 I VehiclePropertyStore: begin to write value to Store: {.timestamp = 6688364922462, .areaId = 0, .prop = 557850943, .status = AVAILABLE, .value = {.int32Values = [1]{0}, .floatValues = [0]{}, .int64Values = [0]{}, .bytes = [0]{}, .stringValue = ""}}
12-30 10:29:12.543   398   464 D adayocomadapter-CommunicationManager: onUpstreamReceive mPropertyId 0x2140213f
12-30 10:29:12.543   398   464 D adayocomadapter-CommunicationManager: onUpstreamReceive mPropertyId 0x21402140
12-30 10:29:12.543   398   464 D adayocomadapter-CommunicationManager: convertBytesToInt32Memcpy  0
12-30 10:29:12.543   398   464 I vw-vhal : notifyVehicleProperty, propId = 0x21402140, data = {status: 2, int32Values: [0]}
12-30 10:29:12.543   398   464 I vw-vhal : CanSignalsAdapter::notifyVehicleProperty: solvedValue = {.timestamp = 6688365625795, .areaId = 0, .prop = 557850944, .status = AVAILABLE, .value = {.int32Values = [1]{0}, .floatValues = [0]{}, .int64Values = [0]{}, .bytes = [0]{}, .stringValue = ""}}
12-30 10:29:12.543   398   464 I VehiclePropertyStore: begin to write value to Store: {.timestamp = 6688365625795, .areaId = 0, .prop = 557850944, .status = AVAILABLE, .value = {.int32Values = [1]{0}, .floatValues = [0]{}, .int64Values = [0]{}, .bytes = [0]{}, .stringValue = ""}}
12-30 10:29:12.544   398   464 I DefaultVehicleHal_v2_0: DefaultVehicleHal::onPropertyValue, value:{.timestamp = 6688365625795, .areaId = 0, .prop = 557850944, .status = AVAILABLE, .value = {.int32Values = [1]{0}, .floatValues = [0]{}, .int64Values = [0]{}, .bytes = [0]{}, .stringValue = ""}}
12-30 10:29:12.544   398   464 D DiagPropHandler: is not DiagnosticConfig: 0x21402140
12-30 10:29:12.544   398   464 I VehiclePropertyStore: begin to write value to Store: {.timestamp = 6688365625795, .areaId = 0, .prop = 557850944, .status = AVAILABLE, .value = {.int32Values = [1]{0}, .floatValues = [0]{}, .int64Values = [0]{}, .bytes = [0]{}, .stringValue = ""}}
12-30 10:29:12.544   398   464 D adayocomadapter-CommunicationManager: onUpstreamReceive mPropertyId 0x21402140
12-30 10:29:12.544   398   464 D adayocomadapter-CommunicationManager: onUpstreamReceive mPropertyId 0x214021ca
12-30 10:29:12.544   398   464 D adayocomadapter-CommunicationManager: convertBytesToInt32Memcpy  0
12-30 10:29:12.544   398   464 I vw-vhal : notifyVehicleProperty, propId = 0x214021ca, data = {status: 2, int32Values: [0]}
12-30 10:29:12.544   398   464 I vw-vhal : CanSignalsAdapter::notifyVehicleProperty: solvedValue = {.timestamp = 6688366330795, .areaId = 0, .prop = 557851082, .status = AVAILABLE, .value = {.int32Values = [1]{0}, .floatValues = [0]{}, .int64Values = [0]{}, .bytes = [0]{}, .stringValue = ""}}
12-30 10:29:12.544   398   464 I VehiclePropertyStore: begin to write value to Store: {.timestamp = 6688366330795, .areaId = 0, .prop = 557851082, .status = AVAILABLE, .value = {.int32Values = [1]{0}, .floatValues = [0]{}, .int64Values = [0]{}, .bytes = [0]{}, .stringValue = ""}}
12-30 10:29:12.544   398   464 I DefaultVehicleHal_v2_0: DefaultVehicleHal::onPropertyValue, value:{.timestamp = 6688366330795, .areaId = 0, .prop = 557851082, .status = AVAILABLE, .value = {.int32Values = [1]{0}, .floatValues = [0]{}, .int64Values = [0]{}, .bytes = [0]{}, .stringValue = ""}}
12-30 10:29:12.544   398   464 D DiagPropHandler: is not DiagnosticConfig: 0x214021ca
12-30 10:29:12.544   398   464 I VehiclePropertyStore: begin to write value to Store: {.timestamp = 6688366330795, .areaId = 0, .prop = 557851082, .status = AVAILABLE, .value = {.int32Values = [1]{0}, .floatValues = [0]{}, .int64Values = [0]{}, .bytes = [0]{}, .stringValue = ""}}
12-30 10:29:12.544   398   464 D adayocomadapter-CommunicationManager: onUpstreamReceive mPropertyId 0x214021ca
12-30 10:29:12.545   398   464 D adayocomadapter-CommunicationManager: onUpstreamReceive mPropertyId 0x2140214b
12-30 10:29:12.545   398   464 D adayocomadapter-CommunicationManager: convertBytesToInt32Memcpy  0
12-30 10:29:12.545   398   464 I vw-vhal : notifyVehicleProperty, propId = 0x2140214b, data = {status: 2, int32Values: [0]}
12-30 10:29:12.545   398   464 I vw-vhal : CanSignalsAdapter::notifyVehicleProperty: solvedValue = {.timestamp = 6688367067128, .areaId = 0, .prop = 557850955, .status = AVAILABLE, .value = {.int32Values = [1]{0}, .floatValues = [0]{}, .int64Values = [0]{}, .bytes = [0]{}, .stringValue = ""}}
12-30 10:29:12.545   398   464 I VehiclePropertyStore: begin to write value to Store: {.timestamp = 6688367067128, .areaId = 0, .prop = 557850955, .status = AVAILABLE, .value = {.int32Values = [1]{0}, .floatValues = [0]{}, .int64Values = [0]{}, .bytes = [0]{}, .stringValue = ""}}
12-30 10:29:12.545   398   464 I DefaultVehicleHal_v2_0: DefaultVehicleHal::onPropertyValue, value:{.timestamp = 6688367067128, .areaId = 0, .prop = 557850955, .status = AVAILABLE, .value = {.int32Values = [1]{0}, .floatValues = [0]{}, .int64Values = [0]{}, .bytes = [0]{}, .stringValue = ""}}
12-30 10:29:12.545   398   464 D DiagPropHandler: is not DiagnosticConfig: 0x2140214b
12-30 10:29:12.545   398   464 I VehiclePropertyStore: begin to write value to Store: {.timestamp = 6688367067128, .areaId = 0, .prop = 557850955, .status = AVAILABLE, .value = {.int32Values = [1]{0}, .floatValues = [0]{}, .int64Values = [0]{}, .bytes = [0]{}, .stringValue = ""}}
12-30 10:29:12.545   398   464 D adayocomadapter-CommunicationManager: onUpstreamReceive mPropertyId 0x2140214b
12-30 10:29:12.545   398   464 D adayocomadapter-CommunicationManager: onUpstreamReceive mPropertyId 0x21402141
12-30 10:29:12.545   398   464 D adayocomadapter-CommunicationManager: convertBytesToInt32Memcpy  0
12-30 10:29:12.545   398   464 I vw-vhal : notifyVehicleProperty, propId = 0x21402141, data = {status: 2, int32Values: [0]}
12-30 10:29:12.545   398   464 I vw-vhal : CanSignalsAdapter::notifyVehicleProperty: solvedValue = {.timestamp = 6688367735128, .areaId = 0, .prop = 557850945, .status = AVAILABLE, .value = {.int32Values = [1]{0}, .floatValues = [0]{}, .int64Values = [0]{}, .bytes = [0]{}, .stringValue = ""}}
12-30 10:29:12.546   398   464 I VehiclePropertyStore: begin to write value to Store: {.timestamp = 6688367735128, .areaId = 0, .prop = 557850945, .status = AVAILABLE, .value = {.int32Values = [1]{0}, .floatValues = [0]{}, .int64Values = [0]{}, .bytes = [0]{}, .stringValue = ""}}
12-30 10:29:12.546   398   464 I DefaultVehicleHal_v2_0: DefaultVehicleHal::onPropertyValue, value:{.timestamp = 6688367735128, .areaId = 0, .prop = 557850945, .status = AVAILABLE, .value = {.int32Values = [1]{0}, .floatValues = [0]{}, .int64Values = [0]{}, .bytes = [0]{}, .stringValue = ""}}
12-30 10:29:12.546   398   464 D DiagPropHandler: is not DiagnosticConfig: 0x21402141
12-30 10:29:12.546   398   464 I VehiclePropertyStore: begin to write value to Store: {.timestamp = 6688367735128, .areaId = 0, .prop = 557850945, .status = AVAILABLE, .value = {.int32Values = [1]{0}, .floatValues = [0]{}, .int64Values = [0]{}, .bytes = [0]{}, .stringValue = ""}}
12-30 10:29:12.546   398   464 D adayocomadapter-CommunicationManager: onUpstreamReceive mPropertyId 0x21402141
12-30 10:29:12.546   398   464 D adayocomadapter-CommunicationManager: onUpstreamReceive mPropertyId 0x21402142
12-30 10:29:12.546   398   464 D adayocomadapter-CommunicationManager: convertBytesToInt32Memcpy  0
12-30 10:29:12.546   398   464 I vw-vhal : notifyVehicleProperty, propId = 0x21402142, data = {status: 2, int32Values: [0]}
12-30 10:29:12.546   398   464 I vw-vhal : CanSignalsAdapter::notifyVehicleProperty: solvedValue = {.timestamp = 6688368419128, .areaId = 0, .prop = 557850946, .status = AVAILABLE, .value = {.int32Values = [1]{0}, .floatValues = [0]{}, .int64Values = [0]{}, .bytes = [0]{}, .stringValue = ""}}
12-30 10:29:12.546   398   464 I VehiclePropertyStore: begin to write value to Store: {.timestamp = 6688368419128, .areaId = 0, .prop = 557850946, .status = AVAILABLE, .value = {.int32Values = [1]{0}, .floatValues = [0]{}, .int64Values = [0]{}, .bytes = [0]{}, .stringValue = ""}}
12-30 10:29:12.546   398   464 I DefaultVehicleHal_v2_0: DefaultVehicleHal::onPropertyValue, value:{.timestamp = 6688368419128, .areaId = 0, .prop = 557850946, .status = AVAILABLE, .value = {.int32Values = [1]{0}, .floatValues = [0]{}, .int64Values = [0]{}, .bytes = [0]{}, .stringValue = ""}}
12-30 10:29:12.546   398   464 D DiagPropHandler: is not DiagnosticConfig: 0x21402142
12-30 10:29:12.546   398   464 I VehiclePropertyStore: begin to write value to Store: {.timestamp = 6688368419128, .areaId = 0, .prop = 557850946, .status = AVAILABLE, .value = {.int32Values = [1]{0}, .floatValues = [0]{}, .int64Values = [0]{}, .bytes = [0]{}, .stringValue = ""}}
12-30 10:29:12.547   398   464 D adayocomadapter-CommunicationManager: onUpstreamReceive mPropertyId 0x21402142
12-30 10:29:12.547   398   464 D adayocomadapter-CommunicationManager: onUpstreamReceive mPropertyId 0x2140214d
12-30 10:29:12.547   398   464 D adayocomadapter-CommunicationManager: convertBytesToInt32Memcpy  0
12-30 10:29:12.547   398   464 I vw-vhal : notifyVehicleProperty, propId = 0x2140214d, data = {status: 2, int32Values: [0]}
12-30 10:29:12.547   398   464 I vw-vhal : CanSignalsAdapter::notifyVehicleProperty: solvedValue = {.timestamp = 6688369074462, .areaId = 0, .prop = 557850957, .status = AVAILABLE, .value = {.int32Values = [1]{0}, .floatValues = [0]{}, .int64Values = [0]{}, .bytes = [0]{}, .stringValue = ""}}
12-30 10:29:12.547   398   464 I VehiclePropertyStore: begin to write value to Store: {.timestamp = 6688369074462, .areaId = 0, .prop = 557850957, .status = AVAILABLE, .value = {.int32Values = [1]{0}, .floatValues = [0]{}, .int64Values = [0]{}, .bytes = [0]{}, .stringValue = ""}}
12-30 10:29:12.547   398   464 I DefaultVehicleHal_v2_0: DefaultVehicleHal::onPropertyValue, value:{.timestamp = 6688369074462, .areaId = 0, .prop = 557850957, .status = AVAILABLE, .value = {.int32Values = [1]{0}, .floatValues = [0]{}, .int64Values = [0]{}, .bytes = [0]{}, .stringValue = ""}}
12-30 10:29:12.547   398   464 D DiagPropHandler: is not DiagnosticConfig: 0x2140214d
12-30 10:29:12.547   398   464 I VehiclePropertyStore: begin to write value to Store: {.timestamp = 6688369074462, .areaId = 0, .prop = 557850957, .status = AVAILABLE, .value = {.int32Values = [1]{0}, .floatValues = [0]{}, .int64Values = [0]{}, .bytes = [0]{}, .stringValue = ""}}
12-30 10:29:12.547   398   464 D adayocomadapter-CommunicationManager: onUpstreamReceive mPropertyId 0x2140214d
12-30 10:29:12.547   398   464 D adayocomadapter-CommunicationManager: onUpstreamReceive mPropertyId 0x214021d7
12-30 10:29:12.547   398   464 D adayocomadapter-CommunicationManager: convertBytesToInt32Memcpy  0
12-30 10:29:12.547   398   464 I vw-vhal : notifyVehicleProperty, propId = 0x214021d7, data = {status: 2, int32Values: [0]}
12-30 10:29:12.547   398   464 I vw-vhal : CanSignalsAdapter::notifyVehicleProperty: solvedValue = {.timestamp = 6688369752462, .areaId = 0, .prop = 557851095, .status = AVAILABLE, .value = {.int32Values = [1]{0}, .floatValues = [0]{}, .int64Values = [0]{}, .bytes = [0]{}, .stringValue = ""}}
12-30 10:29:12.548   398   464 I VehiclePropertyStore: begin to write value to Store: {.timestamp = 6688369752462, .areaId = 0, .prop = 557851095, .status = AVAILABLE, .value = {.int32Values = [1]{0}, .floatValues = [0]{}, .int64Values = [0]{}, .bytes = [0]{}, .stringValue = ""}}
12-30 10:29:12.548   398   464 I DefaultVehicleHal_v2_0: DefaultVehicleHal::onPropertyValue, value:{.timestamp = 6688369752462, .areaId = 0, .prop = 557851095, .status = AVAILABLE, .value = {.int32Values = [1]{0}, .floatValues = [0]{}, .int64Values = [0]{}, .bytes = [0]{}, .stringValue = ""}}
12-30 10:29:12.548   398   464 D DiagPropHandler: is not DiagnosticConfig: 0x214021d7
12-30 10:29:12.548   398   464 I VehiclePropertyStore: begin to write value to Store: {.timestamp = 6688369752462, .areaId = 0, .prop = 557851095, .status = AVAILABLE, .value = {.int32Values = [1]{0}, .floatValues = [0]{}, .int64Values = [0]{}, .bytes = [0]{}, .stringValue = ""}}
12-30 10:29:12.548   398   464 D adayocomadapter-CommunicationManager: onUpstreamReceive mPropertyId 0x214021d7
12-30 10:29:12.548   398   464 D adayocomadapter-CommunicationManager: onUpstreamReceive mPropertyId 0x21402143
12-30 10:29:12.548   398   464 D adayocomadapter-CommunicationManager: convertBytesToInt32Memcpy  0
12-30 10:29:12.548   398   464 I vw-vhal : notifyVehicleProperty, propId = 0x21402143, data = {status: 2, int32Values: [0]}
12-30 10:29:12.548   398   464 I vw-vhal : CanSignalsAdapter::notifyVehicleProperty: solvedValue = {.timestamp = 6688370395795, .areaId = 0, .prop = 557850947, .status = AVAILABLE, .value = {.int32Values = [1]{0}, .floatValues = [0]{}, .int64Values = [0]{}, .bytes = [0]{}, .stringValue = ""}}
12-30 10:29:12.548   398   464 I VehiclePropertyStore: begin to write value to Store: {.timestamp = 6688370395795, .areaId = 0, .prop = 557850947, .status = AVAILABLE, .value = {.int32Values = [1]{0}, .floatValues = [0]{}, .int64Values = [0]{}, .bytes = [0]{}, .stringValue = ""}}
12-30 10:29:12.548   398   464 I DefaultVehicleHal_v2_0: DefaultVehicleHal::onPropertyValue, value:{.timestamp = 6688370395795, .areaId = 0, .prop = 557850947, .status = AVAILABLE, .value = {.int32Values = [1]{0}, .floatValues = [0]{}, .int64Values = [0]{}, .bytes = [0]{}, .stringValue = ""}}
12-30 10:29:12.548   398   464 D DiagPropHandler: is not DiagnosticConfig: 0x21402143
12-30 10:29:12.548   398   464 I VehiclePropertyStore: begin to write value to Store: {.timestamp = 6688370395795, .areaId = 0, .prop = 557850947, .status = AVAILABLE, .value = {.int32Values = [1]{0}, .floatValues = [0]{}, .int64Values = [0]{}, .bytes = [0]{}, .stringValue = ""}}
12-30 10:29:12.549   398   464 D adayocomadapter-CommunicationManager: onUpstreamReceive mPropertyId 0x21402143
12-30 10:29:12.549   398   464 D adayocomadapter-CommunicationManager: onUpstreamReceive mPropertyId 0x21402146
12-30 10:29:12.549   398   464 D adayocomadapter-CommunicationManager: convertBytesToInt32Memcpy  0
12-30 10:29:12.549   398   464 I vw-vhal : notifyVehicleProperty, propId = 0x21402146, data = {status: 2, int32Values: [0]}
12-30 10:29:12.549   398   464 I vw-vhal : CanSignalsAdapter::notifyVehicleProperty: solvedValue = {.timestamp = 6688371212128, .areaId = 0, .prop = 557850950, .status = AVAILABLE, .value = {.int32Values = [1]{0}, .floatValues = [0]{}, .int64Values = [0]{}, .bytes = [0]{}, .stringValue = ""}}
12-30 10:29:12.549   360   931 D EvsDriver: forwardFrame
12-30 10:29:12.549   398   464 I VehiclePropertyStore: begin to write value to Store: {.timestamp = 6688371212128, .areaId = 0, .prop = 557850950, .status = AVAILABLE, .value = {.int32Values = [1]{0}, .floatValues = [0]{}, .int64Values = [0]{}, .bytes = [0]{}, .stringValue = ""}}
12-30 10:29:12.549   360   931 D EvsDriver: forwardFrameDirect
12-30 10:29:12.549   398   464 I DefaultVehicleHal_v2_0: DefaultVehicleHal::onPropertyValue, value:{.timestamp = 6688371212128, .areaId = 0, .prop = 557850950, .status = AVAILABLE, .value = {.int32Values = [1]{0}, .floatValues = [0]{}, .int64Values = [0]{}, .bytes = [0]{}, .stringValue = ""}}
12-30 10:29:12.549   398   464 D DiagPropHandler: is not DiagnosticConfig: 0x21402146
12-30 10:29:12.549   398   464 I VehiclePropertyStore: begin to write value to Store: {.timestamp = 6688371212128, .areaId = 0, .prop = 557850950, .status = AVAILABLE, .value = {.int32Values = [1]{0}, .floatValues = [0]{}, .int64Values = [0]{}, .bytes = [0]{}, .stringValue = ""}}
12-30 10:29:12.549   398   464 D adayocomadapter-CommunicationManager: onUpstreamReceive mPropertyId 0x21402146
12-30 10:29:12.549   360   931 D EvsDriver: Delivered 0xb400e2ca9e40e110 as id 0
12-30 10:29:12.549   398   464 D adayocomadapter-CommunicationManager: onUpstreamReceive mPropertyId 0x21402147
12-30 10:29:12.549   398   464 D adayocomadapter-CommunicationManager: convertBytesToInt32Memcpy  0
12-30 10:29:12.550   359  2784 D evsmanagerd: /dev/video-evs0 forwarded the buffer #0 to 0xb400f125d2b26dd0 from 0xb400f125e2b20710
12-30 10:29:12.550   398   464 I vw-vhal : notifyVehicleProperty, propId = 0x21402147, data = {status: 2, int32Values: [0]}
12-30 10:29:12.550   398   464 I vw-vhal : CanSignalsAdapter::notifyVehicleProperty: solvedValue = {.timestamp = 6688372059462, .areaId = 0, .prop = 557850951, .status = AVAILABLE, .value = {.int32Values = [1]{0}, .floatValues = [0]{}, .int64Values = [0]{}, .bytes = [0]{}, .stringValue = ""}}
12-30 10:29:12.550   398   464 I VehiclePropertyStore: begin to write value to Store: {.timestamp = 6688372059462, .areaId = 0, .prop = 557850951, .status = AVAILABLE, .value = {.int32Values = [1]{0}, .floatValues = [0]{}, .int64Values = [0]{}, .bytes = [0]{}, .stringValue = ""}}
12-30 10:29:12.550   398   464 I DefaultVehicleHal_v2_0: DefaultVehicleHal::onPropertyValue, value:{.timestamp = 6688372059462, .areaId = 0, .prop = 557850951, .status = AVAILABLE, .value = {.int32Values = [1]{0}, .floatValues = [0]{}, .int64Values = [0]{}, .bytes = [0]{}, .stringValue = ""}}
12-30 10:29:12.550   398   464 D DiagPropHandler: is not DiagnosticConfig: 0x21402147
12-30 10:29:12.550   398   464 I VehiclePropertyStore: begin to write value to Store: {.timestamp = 6688372059462, .areaId = 0, .prop = 557850951, .status = AVAILABLE, .value = {.int32Values = [1]{0}, .floatValues = [0]{}, .int64Values = [0]{}, .bytes = [0]{}, .stringValue = ""}}
12-30 10:29:12.550   398   464 D adayocomadapter-CommunicationManager: onUpstreamReceive mPropertyId 0x21402147
12-30 10:29:12.550   398   464 D adayocomadapter-CommunicationManager: onUpstreamReceive mPropertyId 0x21402148
12-30 10:29:12.550   398   464 D adayocomadapter-CommunicationManager: convertBytesToInt32Memcpy  0
12-30 10:29:12.550   398   464 I vw-vhal : notifyVehicleProperty, propId = 0x21402148, data = {status: 2, int32Values: [0]}
12-30 10:29:12.550   398   464 I vw-vhal : CanSignalsAdapter::notifyVehicleProperty: solvedValue = {.timestamp = 6688372744462, .areaId = 0, .prop = 557850952, .status = AVAILABLE, .value = {.int32Values = [1]{0}, .floatValues = [0]{}, .int64Values = [0]{}, .bytes = [0]{}, .stringValue = ""}}
12-30 10:29:12.551   398   464 I VehiclePropertyStore: begin to write value to Store: {.timestamp = 6688372744462, .areaId = 0, .prop = 557850952, .status = AVAILABLE, .value = {.int32Values = [1]{0}, .floatValues = [0]{}, .int64Values = [0]{}, .bytes = [0]{}, .stringValue = ""}}
12-30 10:29:12.551   398   464 I DefaultVehicleHal_v2_0: DefaultVehicleHal::onPropertyValue, value:{.timestamp = 6688372744462, .areaId = 0, .prop = 557850952, .status = AVAILABLE, .value = {.int32Values = [1]{0}, .floatValues = [0]{}, .int64Values = [0]{}, .bytes = [0]{}, .stringValue = ""}}
12-30 10:29:12.551   398   464 D DiagPropHandler: is not DiagnosticConfig: 0x21402148
12-30 10:29:12.551   398   464 I VehiclePropertyStore: begin to write value to Store: {.timestamp = 6688372744462, .areaId = 0, .prop = 557850952, .status = AVAILABLE, .value = {.int32Values = [1]{0}, .floatValues = [0]{}, .int64Values = [0]{}, .bytes = [0]{}, .stringValue = ""}}
12-30 10:29:12.551   398   464 D adayocomadapter-CommunicationManager: onUpstreamReceive mPropertyId 0x21402148
12-30 10:29:12.551   398   464 D adayocomadapter-CommunicationManager: onUpstreamReceive mPropertyId 0x21402149
12-30 10:29:12.551   398   464 D adayocomadapter-CommunicationManager: convertBytesToInt32Memcpy  0
12-30 10:29:12.551   398   464 I vw-vhal : notifyVehicleProperty, propId = 0x21402149, data = {status: 2, int32Values: [0]}
12-30 10:29:12.551   398   464 I vw-vhal : CanSignalsAdapter::notifyVehicleProperty: solvedValue = {.timestamp = 6688373553462, .areaId = 0, .prop = 557850953, .status = AVAILABLE, .value = {.int32Values = [1]{0}, .floatValues = [0]{}, .int64Values = [0]{}, .bytes = [0]{}, .stringValue = ""}}
12-30 10:29:12.551   398   464 I VehiclePropertyStore: begin to write value to Store: {.timestamp = 6688373553462, .areaId = 0, .prop = 557850953, .status = AVAILABLE, .value = {.int32Values = [1]{0}, .floatValues = [0]{}, .int64Values = [0]{}, .bytes = [0]{}, .stringValue = ""}}
12-30 10:29:12.551   398   464 I DefaultVehicleHal_v2_0: DefaultVehicleHal::onPropertyValue, value:{.timestamp = 6688373553462, .areaId = 0, .prop = 557850953, .status = AVAILABLE, .value = {.int32Values = [1]{0}, .floatValues = [0]{}, .int64Values = [0]{}, .bytes = [0]{}, .stringValue = ""}}
12-30 10:29:12.551   398   464 D DiagPropHandler: is not DiagnosticConfig: 0x21402149
12-30 10:29:12.552   398   464 I VehiclePropertyStore: begin to write value to Store: {.timestamp = 6688373553462, .areaId = 0, .prop = 557850953, .status = AVAILABLE, .value = {.int32Values = [1]{0}, .floatValues = [0]{}, .int64Values = [0]{}, .bytes = [0]{}, .stringValue = ""}}
12-30 10:29:12.552   398   464 D adayocomadapter-CommunicationManager: onUpstreamReceive mPropertyId 0x21402149
12-30 10:29:12.552   398   464 D adayocomadapter-CommunicationManager: onUpstreamReceive mPropertyId 0x2140214f
12-30 10:29:12.552   398   464 D adayocomadapter-CommunicationManager: convertBytesToInt32Memcpy  0
12-30 10:29:12.552   398   464 I vw-vhal : notifyVehicleProperty, propId = 0x2140214f, data = {status: 2, int32Values: [0]}
12-30 10:29:12.552   398   464 I vw-vhal : CanSignalsAdapter::notifyVehicleProperty: solvedValue = {.timestamp = 6688374204462, .areaId = 0, .prop = 557850959, .status = AVAILABLE, .value = {.int32Values = [1]{0}, .floatValues = [0]{}, .int64Values = [0]{}, .bytes = [0]{}, .stringValue = ""}}
12-30 10:29:12.552   398   464 I VehiclePropertyStore: begin to write value to Store: {.timestamp = 6688374204462, .areaId = 0, .prop = 557850959, .status = AVAILABLE, .value = {.int32Values = [1]{0}, .floatValues = [0]{}, .int64Values = [0]{}, .bytes = [0]{}, .stringValue = ""}}
12-30 10:29:12.552   398   464 I DefaultVehicleHal_v2_0: DefaultVehicleHal::onPropertyValue, value:{.timestamp = 6688374204462, .areaId = 0, .prop = 557850959, .status = AVAILABLE, .value = {.int32Values = [1]{0}, .floatValues = [0]{}, .int64Values = [0]{}, .bytes = [0]{}, .stringValue = ""}}
12-30 10:29:12.552   398   464 D DiagPropHandler: is not DiagnosticConfig: 0x2140214f
12-30 10:29:12.552   398   464 I VehiclePropertyStore: begin to write value to Store: {.timestamp = 6688374204462, .areaId = 0, .prop = 557850959, .status = AVAILABLE, .value = {.int32Values = [1]{0}, .floatValues = [0]{}, .int64Values = [0]{}, .bytes = [0]{}, .stringValue = ""}}
12-30 10:29:12.553   398   464 D adayocomadapter-CommunicationManager: onUpstreamReceive mPropertyId 0x2140214f
12-30 10:29:12.553   398   464 D adayocomadapter-CommunicationManager: onUpstreamReceive mPropertyId 0x21402150
12-30 10:29:12.553   398   464 D adayocomadapter-CommunicationManager: convertBytesToInt32Memcpy  0
12-30 10:29:12.553   398   464 I vw-vhal : notifyVehicleProperty, propId = 0x21402150, data = {status: 2, int32Values: [0]}
12-30 10:29:12.553   398   464 I vw-vhal : CanSignalsAdapter::notifyVehicleProperty: solvedValue = {.timestamp = 6688375075462, .areaId = 0, .prop = 557850960, .status = AVAILABLE, .value = {.int32Values = [1]{0}, .floatValues = [0]{}, .int64Values = [0]{}, .bytes = [0]{}, .stringValue = ""}}
12-30 10:29:12.553   398   464 I VehiclePropertyStore: begin to write value to Store: {.timestamp = 6688375075462, .areaId = 0, .prop = 557850960, .status = AVAILABLE, .value = {.int32Values = [1]{0}, .floatValues = [0]{}, .int64Values = [0]{}, .bytes = [0]{}, .stringValue = ""}}
12-30 10:29:12.553   398   464 I DefaultVehicleHal_v2_0: DefaultVehicleHal::onPropertyValue, value:{.timestamp = 6688375075462, .areaId = 0, .prop = 557850960, .status = AVAILABLE, .value = {.int32Values = [1]{0}, .floatValues = [0]{}, .int64Values = [0]{}, .bytes = [0]{}, .stringValue = ""}}
12-30 10:29:12.553   398   464 D DiagPropHandler: is not DiagnosticConfig: 0x21402150
12-30 10:29:12.553   398   464 I VehiclePropertyStore: begin to write value to Store: {.timestamp = 6688375075462, .areaId = 0, .prop = 557850960, .status = AVAILABLE, .value = {.int32Values = [1]{0}, .floatValues = [0]{}, .int64Values = [0]{}, .bytes = [0]{}, .stringValue = ""}}
12-30 10:29:12.553   398   464 D adayocomadapter-CommunicationManager: onUpstreamReceive mPropertyId 0x21402150
12-30 10:29:12.553   398   464 D adayocomadapter-CommunicationManager: onUpstreamReceive mPropertyId 0x21402144
12-30 10:29:12.553   398   464 I vw-vhal : notifyVehicleProperty, propId = 0x21402144, data = {status: 2, int32Values: [0, 0]}
12-30 10:29:12.553   398   464 D adayocomadapter-CommunicationManager: onUpstreamReceive mPropertyId 0x21402144
12-30 10:29:12.553   398   464 D adayocomadapter-CommunicationManager: onUpstreamReceive mPropertyId 0x21402151
12-30 10:29:12.553   398   464 D adayocomadapter-CommunicationManager: convertBytesToInt32Memcpy  0
12-30 10:29:12.553   398   464 I vw-vhal : notifyVehicleProperty, propId = 0x21402151, data = {status: 2, int32Values: [0]}
12-30 10:29:12.554   398   464 I vw-vhal : CanSignalsAdapter::notifyVehicleProperty: solvedValue = {.timestamp = 6688375889128, .areaId = 0, .prop = 557850961, .status = AVAILABLE, .value = {.int32Values = [1]{0}, .floatValues = [0]{}, .int64Values = [0]{}, .bytes = [0]{}, .stringValue = ""}}
12-30 10:29:12.554   398   464 I VehiclePropertyStore: begin to write value to Store: {.timestamp = 6688375889128, .areaId = 0, .prop = 557850961, .status = AVAILABLE, .value = {.int32Values = [1]{0}, .floatValues = [0]{}, .int64Values = [0]{}, .bytes = [0]{}, .stringValue = ""}}
12-30 10:29:12.554   398   464 I DefaultVehicleHal_v2_0: DefaultVehicleHal::onPropertyValue, value:{.timestamp = 6688375889128, .areaId = 0, .prop = 557850961, .status = AVAILABLE, .value = {.int32Values = [1]{0}, .floatValues = [0]{}, .int64Values = [0]{}, .bytes = [0]{}, .stringValue = ""}}
12-30 10:29:12.554   398   464 D DiagPropHandler: is not DiagnosticConfig: 0x21402151
12-30 10:29:12.554   398   464 I VehiclePropertyStore: begin to write value to Store: {.timestamp = 6688375889128, .areaId = 0, .prop = 557850961, .status = AVAILABLE, .value = {.int32Values = [1]{0}, .floatValues = [0]{}, .int64Values = [0]{}, .bytes = [0]{}, .stringValue = ""}}
12-30 10:29:12.554   398   464 D adayocomadapter-CommunicationManager: onUpstreamReceive mPropertyId 0x21402151
12-30 10:29:12.554   398   464 D adayocomadapter-CommunicationManager: onUpstreamReceive mPropertyId 0x21402145
12-30 10:29:12.554   398   464 I vw-vhal : notifyVehicleProperty, propId = 0x21402145, data = {status: 2, int32Values: [0, 0]}
12-30 10:29:12.554   398   464 D adayocomadapter-CommunicationManager: onUpstreamReceive mPropertyId 0x21402145
12-30 10:29:12.554   398   464 D adayocomadapter-CommunicationManager: onUpstreamReceive mPropertyId 0x2140213d
12-30 10:29:12.554   398   464 D adayocomadapter-CommunicationManager: convertBytesToInt32Memcpy  0
12-30 10:29:12.554   398   464 I vw-vhal : notifyVehicleProperty, propId = 0x2140213d, data = {status: 2, int32Values: [0]}
12-30 10:29:12.554   398   464 I vw-vhal : CanSignalsAdapter::notifyVehicleProperty: solvedValue = {.timestamp = 6688376762462, .areaId = 0, .prop = 557850941, .status = AVAILABLE, .value = {.int32Values = [1]{0}, .floatValues = [0]{}, .int64Values = [0]{}, .bytes = [0]{}, .stringValue = ""}}
12-30 10:29:12.555   398   464 I VehiclePropertyStore: begin to write value to Store: {.timestamp = 6688376762462, .areaId = 0, .prop = 557850941, .status = AVAILABLE, .value = {.int32Values = [1]{0}, .floatValues = [0]{}, .int64Values = [0]{}, .bytes = [0]{}, .stringValue = ""}}
12-30 10:29:12.555   398   464 I DefaultVehicleHal_v2_0: DefaultVehicleHal::onPropertyValue, value:{.timestamp = 6688376762462, .areaId = 0, .prop = 557850941, .status = AVAILABLE, .value = {.int32Values = [1]{0}, .floatValues = [0]{}, .int64Values = [0]{}, .bytes = [0]{}, .stringValue = ""}}
12-30 10:29:12.555   398   464 D DiagPropHandler: is not DiagnosticConfig: 0x2140213d
12-30 10:29:12.555   398   464 I VehiclePropertyStore: begin to write value to Store: {.timestamp = 6688376762462, .areaId = 0, .prop = 557850941, .status = AVAILABLE, .value = {.int32Values = [1]{0}, .floatValues = [0]{}, .int64Values = [0]{}, .bytes = [0]{}, .stringValue = ""}}
12-30 10:29:12.555   398   464 D adayocomadapter-CommunicationManager: onUpstreamReceive mPropertyId 0x2140213d
12-30 10:29:12.555   398   464 D adayocomadapter-CommunicationManager: onUpstreamReceive mPropertyId 0x2140213e
12-30 10:29:12.555   398   464 D adayocomadapter-CommunicationManager: convertBytesToInt32Memcpy  0
12-30 10:29:12.555   398   464 I vw-vhal : notifyVehicleProperty, propId = 0x2140213e, data = {status: 2, int32Values: [0]}
12-30 10:29:12.555   398   464 I vw-vhal : CanSignalsAdapter::notifyVehicleProperty: solvedValue = {.timestamp = 6688377408462, .areaId = 0, .prop = 557850942, .status = AVAILABLE, .value = {.int32Values = [1]{0}, .floatValues = [0]{}, .int64Values = [0]{}, .bytes = [0]{}, .stringValue = ""}}
12-30 10:29:12.555   398   464 I VehiclePropertyStore: begin to write value to Store: {.timestamp = 6688377408462, .areaId = 0, .prop = 557850942, .status = AVAILABLE, .value = {.int32Values = [1]{0}, .floatValues = [0]{}, .int64Values = [0]{}, .bytes = [0]{}, .stringValue = ""}}
12-30 10:29:12.555   398   464 I DefaultVehicleHal_v2_0: DefaultVehicleHal::onPropertyValue, value:{.timestamp = 6688377408462, .areaId = 0, .prop = 557850942, .status = AVAILABLE, .value = {.int32Values = [1]{0}, .floatValues = [0]{}, .int64Values = [0]{}, .bytes = [0]{}, .stringValue = ""}}
12-30 10:29:12.555   398   464 D DiagPropHandler: is not DiagnosticConfig: 0x2140213e
12-30 10:29:12.555   398   464 I VehiclePropertyStore: begin to write value to Store: {.timestamp = 6688377408462, .areaId = 0, .prop = 557850942, .status = AVAILABLE, .value = {.int32Values = [1]{0}, .floatValues = [0]{}, .int64Values = [0]{}, .bytes = [0]{}, .stringValue = ""}}
12-30 10:29:12.555   398   464 D adayocomadapter-CommunicationManager: onUpstreamReceive mPropertyId 0x2140213e
12-30 10:29:12.556   398   464 D adayocomadapter-CommunicationManager: onUpstreamReceive mPropertyId 0x2140214a
12-30 10:29:12.556   398   464 D adayocomadapter-CommunicationManager: convertBytesToInt32Memcpy  0
12-30 10:29:12.556   360   458 D EvsDriver: doneWithFrame
12-30 10:29:12.556   398   464 I vw-vhal : notifyVehicleProperty, propId = 0x2140214a, data = {status: 2, int32Values: [0]}
12-30 10:29:12.556   398   464 I vw-vhal : CanSignalsAdapter::notifyVehicleProperty: solvedValue = {.timestamp = 6688378049128, .areaId = 0, .prop = 557850954, .status = AVAILABLE, .value = {.int32Values = [1]{0}, .floatValues = [0]{}, .int64Values = [0]{}, .bytes = [0]{}, .stringValue = ""}}
12-30 10:29:12.556   398   464 I VehiclePropertyStore: begin to write value to Store: {.timestamp = 6688378049128, .areaId = 0, .prop = 557850954, .status = AVAILABLE, .value = {.int32Values = [1]{0}, .floatValues = [0]{}, .int64Values = [0]{}, .bytes = [0]{}, .stringValue = ""}}
12-30 10:29:12.556   398   464 I DefaultVehicleHal_v2_0: DefaultVehicleHal::onPropertyValue, value:{.timestamp = 6688378049128, .areaId = 0, .prop = 557850954, .status = AVAILABLE, .value = {.int32Values = [1]{0}, .floatValues = [0]{}, .int64Values = [0]{}, .bytes = [0]{}, .stringValue = ""}}
12-30 10:29:12.556   398   464 D DiagPropHandler: is not DiagnosticConfig: 0x2140214a
12-30 10:29:12.556   398   464 I VehiclePropertyStore: begin to write value to Store: {.timestamp = 6688378049128, .areaId = 0, .prop = 557850954, .status = AVAILABLE, .value = {.int32Values = [1]{0}, .floatValues = [0]{}, .int64Values = [0]{}, .bytes = [0]{}, .stringValue = ""}}
12-30 10:29:12.556   398   464 D adayocomadapter-CommunicationManager: onUpstreamReceive mPropertyId 0x2140214a
12-30 10:29:12.582   360   931 D EvsDriver: forwardFrame
12-30 10:29:12.582   360   931 D EvsDriver: forwardFrameDirect
12-30 10:29:12.583   360   931 D EvsDriver: Delivered 0xb400e2ca9e40c7a0 as id 1
12-30 10:29:12.583   359  2784 D evsmanagerd: /dev/video-evs0 forwarded the buffer #1 to 0xb400f125d2b26dd0 from 0xb400f125e2b20710
12-30 10:29:12.586   360   458 D EvsDriver: doneWithFrame
12-30 10:29:12.586  1667  2594 W ContextImpl: Calling a method in the system process without a qualified user: android.app.ContextImpl.bindService:1988 android.content.ContextWrapper.bindService:861 com.ford.sync.fnvservice.FordFnv.c:202 com.ford.sync.fnvservice.FordFnv.c:43 com.ford.sync.fnvservice.FordFnv$RetryHandler.handleMessage:245 
12-30 10:29:12.587   916  3726 W ActivityManager: Unable to start service Intent { cmp=com.ford.sync.fnvservice/.FordFnvService } U=0: not found
12-30 10:29:12.587  1667  2594 W FordFnv :  bind ford fnv failed -> sendRetryMessage 
12-30 10:29:12.588  2358  2623 D RcfController: Rcf proxy is not connected!
12-30 10:29:12.600   596  3076 E WifiHAL : Invalid data received from driver
12-30 10:29:12.616   360   931 D EvsDriver: forwardFrame
12-30 10:29:12.616   360   931 D EvsDriver: forwardFrameDirect
12-30 10:29:12.616   360   931 D EvsDriver: Delivered 0xb400e2ca9e40e270 as id 0
12-30 10:29:12.616   359  2784 D evsmanagerd: /dev/video-evs0 forwarded the buffer #0 to 0xb400f125d2b26dd0 from 0xb400f125e2b20710
12-30 10:29:12.626   360   458 D EvsDriver: doneWithFrame
12-30 10:29:12.638  2358  2623 D RcfController: Rcf proxy is not connected!
12-30 10:29:12.649   360   931 D EvsDriver: forwardFrame
12-30 10:29:12.649   360   931 D EvsDriver: forwardFrameDirect
12-30 10:29:12.649   360   931 D EvsDriver: Delivered 0xb400e2ca9e40d4b0 as id 1
12-30 10:29:12.649   359  2784 D evsmanagerd: /dev/video-evs0 forwarded the buffer #1 to 0xb400f125d2b26dd0 from 0xb400f125e2b20710
12-30 10:29:12.657   360   458 D EvsDriver: doneWithFrame
12-30 10:29:12.668   596  3076 E WifiHAL : Invalid data received from driver
12-30 10:29:12.682   360   931 D EvsDriver: forwardFrame
12-30 10:29:12.682   360   931 D EvsDriver: forwardFrameDirect
12-30 10:29:12.683   360   931 D EvsDriver: Delivered 0xb400e2ca9e40c2d0 as id 0
12-30 10:29:12.683   359  2784 D evsmanagerd: /dev/video-evs0 forwarded the buffer #0 to 0xb400f125d2b26dd0 from 0xb400f125e2b20710
12-30 10:29:12.687   360   458 D EvsDriver: doneWithFrame
12-30 10:29:12.688  2358  2623 D RcfController: Rcf proxy is not connected!
12-30 10:29:12.716   360   931 D EvsDriver: forwardFrame
12-30 10:29:12.716   360   931 D EvsDriver: forwardFrameDirect
12-30 10:29:12.716   360   931 D EvsDriver: Delivered 0xb400e2ca9e40d090 as id 1
12-30 10:29:12.716   359  2784 D evsmanagerd: /dev/video-evs0 forwarded the buffer #1 to 0xb400f125d2b26dd0 from 0xb400f125e2b20710
12-30 10:29:12.717   360   458 D EvsDriver: doneWithFrame
12-30 10:29:12.739  2358  2623 D RcfController: Rcf proxy is not connected!
12-30 10:29:12.747   596  3076 E WifiHAL : Invalid data received from driver
12-30 10:29:12.749   360   931 D EvsDriver: forwardFrame
12-30 10:29:12.749   360   931 D EvsDriver: forwardFrameDirect
12-30 10:29:12.749   360   931 D EvsDriver: Delivered 0xb400e2ca9e40e110 as id 0
12-30 10:29:12.749   359  2784 D evsmanagerd: /dev/video-evs0 forwarded the buffer #0 to 0xb400f125d2b26dd0 from 0xb400f125e2b20710
12-30 10:29:12.758   360   458 D EvsDriver: doneWithFrame
12-30 10:29:12.782   360   931 D EvsDriver: forwardFrame
12-30 10:29:12.782   360   931 D EvsDriver: forwardFrameDirect
12-30 10:29:12.783   360   931 D EvsDriver: Delivered 0xb400e2ca9e40c7a0 as id 1
12-30 10:29:12.783   359  2784 D evsmanagerd: /dev/video-evs0 forwarded the buffer #1 to 0xb400f125d2b26dd0 from 0xb400f125e2b20710
12-30 10:29:12.788   360   458 D EvsDriver: doneWithFrame
12-30 10:29:12.789  2358  2623 D RcfController: Rcf proxy is not connected!
12-30 10:29:12.804   596  3076 E WifiHAL : Invalid data received from driver
01-01 09:51:29.814   722   722 I [schedu][0x18eac5729][02:29:12.804624] qcn7605: [722:I:PE] lim_process_action_frame_no_session: Unhandled action frame without session: 7f
12-30 10:29:12.816   360   931 D EvsDriver: forwardFrame
12-30 10:29:12.816   360   931 D EvsDriver: forwardFrameDirect
12-30 10:29:12.816   360   931 D EvsDriver: Delivered 0xb400e2ca9e40e270 as id 0
12-30 10:29:12.816   359  2784 D evsmanagerd: /dev/video-evs0 forwarded the buffer #0 to 0xb400f125d2b26dd0 from 0xb400f125e2b20710
12-30 10:29:12.819   360   458 D EvsDriver: doneWithFrame
12-30 10:29:12.839  2358  2623 D RcfController: Rcf proxy is not connected!
12-30 10:29:12.845  2475  2681 I TtsServiceAgent: check thread start checking, threadId = 29
12-30 10:29:12.845  2475  2681 D TtsServiceAgent: start bind service...
12-30 10:29:12.845  2475  2681 D TtsServiceAgent: ----->initService, usage = 16
12-30 10:29:12.846  2475  2681 W ContextImpl: Calling a method in the system process without a qualified user: android.app.ContextImpl.bindService:1988 android.content.ContextWrapper.bindService:861 com.iflytek.autofly.ttsaidl.ttsproxy.TtsServiceAgent.initService:189 com.iflytek.autofly.ttsaidl.ttsproxy.TtsServiceAgent.initService:133 com.iflytek.autofly.ttsaidl.ttsproxy.TtsServiceAgent$2.run:517 
12-30 10:29:12.847   916  3726 W ActivityManager: Unable to start service Intent { act=com.iflytek.autofly.tts.ttsservice.TtsAdapterService cmp=com.iflytek.cutefly.speechclient.hmi/com.iflytek.autofly.tts.ttsservice.TtsAdapterService } U=0: not found
12-30 10:29:12.847   596  3076 E WifiHAL : Invalid data received from driver
12-30 10:29:12.847  2475  2681 D TtsServiceAgent: bindService: false
12-30 10:29:12.847  2475  2681 D TtsServiceAgent: start reInitService
12-30 10:29:12.847  2475  2681 D TtsServiceAgent: aidlCheckThreadRunning = true
