12-30 10:29:10.585   398   464 I vw-vhal : notifyVehicleProperty, propId = 0x21402164, data = {status: 2, int32Values: [0]}
12-30 10:29:10.585   398   464 I vw-vhal : CanSignalsAdapter::notifyVehicleProperty: solvedValue = {.timestamp = 6686407597128, .areaId = 0, .prop = 557850980, .status = AVAILABLE, .value = {.int32Values = [1]{0}, .floatValues = [0]{}, .int64Values = [0]{}, .bytes = [0]{}, .stringValue = ""}}
12-30 10:29:10.585   398   464 I VehiclePropertyStore: begin to write value to Store: {.timestamp = 6686407597128, .areaId = 0, .prop = 557850980, .status = AVAILABLE, .value = {.int32Values = [1]{0}, .floatValues = [0]{}, .int64Values = [0]{}, .bytes = [0]{}, .stringValue = ""}}
12-30 10:29:10.585   398   464 I DefaultVehicleHal_v2_0: DefaultVehicleHal::onPropertyValue, value:{.timestamp = 6686407597128, .areaId = 0, .prop = 557850980, .status = AVAILABLE, .value = {.int32Values = [1]{0}, .floatValues = [0]{}, .int64Values = [0]{}, .bytes = [0]{}, .stringValue = ""}}
12-30 10:29:10.585   398   464 D DiagPropHandler: is not DiagnosticConfig: 0x21402164
12-30 10:29:10.585   398   464 I VehiclePropertyStore: begin to write value to Store: {.timestamp = 6686407597128, .areaId = 0, .prop = 557850980, .status = AVAILABLE, .value = {.int32Values = [1]{0}, .floatValues = [0]{}, .int64Values = [0]{}, .bytes = [0]{}, .stringValue = ""}}
12-30 10:29:10.585   398   464 D adayocomadapter-CommunicationManager: onUpstreamReceive mPropertyId 0x21402164
12-30 10:29:10.585   398   464 D adayocomadapter-CommunicationManager: onUpstreamReceive mPropertyId 0x21401039
12-30 10:29:10.585   398   464 D adayocomadapter-CommunicationManager: convertBytesToInt32Memcpy  0
12-30 10:29:10.585   398   464 I vw-vhal : notifyVehicleProperty, propId = 0x21401039, data = {status: 2, int32Values: [0]}
12-30 10:29:10.585   398   464 I vw-vhal : CanSignalsAdapter::notifyVehicleProperty: solvedValue = {.timestamp = 6686407787128, .areaId = 0, .prop = 557846585, .status = AVAILABLE, .value = {.int32Values = [1]{0}, .floatValues = [0]{}, .int64Values = [0]{}, .bytes = [0]{}, .stringValue = ""}}
12-30 10:29:10.585   398   464 I VehiclePropertyStore: begin to write value to Store: {.timestamp = 6686407787128, .areaId = 0, .prop = 557846585, .status = AVAILABLE, .value = {.int32Values = [1]{0}, .floatValues = [0]{}, .int64Values = [0]{}, .bytes = [0]{}, .stringValue = ""}}
12-30 10:29:10.586   398   464 I DefaultVehicleHal_v2_0: DefaultVehicleHal::onPropertyValue, value:{.timestamp = 6686407787128, .areaId = 0, .prop = 557846585, .status = AVAILABLE, .value = {.int32Values = [1]{0}, .floatValues = [0]{}, .int64Values = [0]{}, .bytes = [0]{}, .stringValue = ""}}
12-30 10:29:10.586   398   464 D DiagPropHandler: is not DiagnosticConfig: 0x21401039
12-30 10:29:10.586   398   464 I VehiclePropertyStore: begin to write value to Store: {.timestamp = 6686407787128, .areaId = 0, .prop = 557846585, .status = AVAILABLE, .value = {.int32Values = [1]{0}, .floatValues = [0]{}, .int64Values = [0]{}, .bytes = [0]{}, .stringValue = ""}}
12-30 10:29:10.586   398   464 D adayocomadapter-CommunicationManager: onUpstreamReceive mPropertyId 0x21401039
12-30 10:29:10.586   398   464 D adayocomadapter-CommunicationManager: onUpstreamReceive mPropertyId 0x214021d9
12-30 10:29:10.586   398   464 D adayocomadapter-CommunicationManager: convertBytesToInt32Memcpy  0
12-30 10:29:10.586   398   464 I vw-vhal : notifyVehicleProperty, propId = 0x214021d9, data = {status: 2, int32Values: [0]}
12-30 10:29:10.586   398   464 I vw-vhal : CanSignalsAdapter::notifyVehicleProperty: solvedValue = {.timestamp = 6686407985795, .areaId = 0, .prop = 557851097, .status = AVAILABLE, .value = {.int32Values = [1]{0}, .floatValues = [0]{}, .int64Values = [0]{}, .bytes = [0]{}, .stringValue = ""}}
12-30 10:29:10.586   398   464 I VehiclePropertyStore: begin to write value to Store: {.timestamp = 6686407985795, .areaId = 0, .prop = 557851097, .status = AVAILABLE, .value = {.int32Values = [1]{0}, .floatValues = [0]{}, .int64Values = [0]{}, .bytes = [0]{}, .stringValue = ""}}
12-30 10:29:10.586   398   464 I DefaultVehicleHal_v2_0: DefaultVehicleHal::onPropertyValue, value:{.timestamp = 6686407985795, .areaId = 0, .prop = 557851097, .status = AVAILABLE, .value = {.int32Values = [1]{0}, .floatValues = [0]{}, .int64Values = [0]{}, .bytes = [0]{}, .stringValue = ""}}
12-30 10:29:10.586   398   464 D DiagPropHandler: is not DiagnosticConfig: 0x214021d9
12-30 10:29:10.586   398   464 I VehiclePropertyStore: begin to write value to Store: {.timestamp = 6686407985795, .areaId = 0, .prop = 557851097, .status = AVAILABLE, .value = {.int32Values = [1]{0}, .floatValues = [0]{}, .int64Values = [0]{}, .bytes = [0]{}, .stringValue = ""}}
12-30 10:29:10.586   398   464 D adayocomadapter-CommunicationManager: onUpstreamReceive mPropertyId 0x214021d9
12-30 10:29:10.586   398   464 D adayocomadapter-CommunicationManager: onUpstreamReceive mPropertyId 0x21401024
12-30 10:29:10.586   398   464 D adayocomadapter-CommunicationManager: convertBytesToInt32Memcpy  0
12-30 10:29:10.586   398   464 I vw-vhal : notifyVehicleProperty, propId = 0x21401024, data = {status: 2, int32Values: [0]}
12-30 10:29:10.586   398   464 I vw-vhal : CanSignalsAdapter::notifyVehicleProperty: solvedValue = {.timestamp = 6686408205128, .areaId = 0, .prop = 557846564, .status = AVAILABLE, .value = {.int32Values = [1]{0}, .floatValues = [0]{}, .int64Values = [0]{}, .bytes = [0]{}, .stringValue = ""}}
12-30 10:29:10.586   398   464 I VehiclePropertyStore: begin to write value to Store: {.timestamp = 6686408205128, .areaId = 0, .prop = 557846564, .status = AVAILABLE, .value = {.int32Values = [1]{0}, .floatValues = [0]{}, .int64Values = [0]{}, .bytes = [0]{}, .stringValue = ""}}
12-30 10:29:10.586   398   464 I DefaultVehicleHal_v2_0: DefaultVehicleHal::onPropertyValue, value:{.timestamp = 6686408205128, .areaId = 0, .prop = 557846564, .status = AVAILABLE, .value = {.int32Values = [1]{0}, .floatValues = [0]{}, .int64Values = [0]{}, .bytes = [0]{}, .stringValue = ""}}
12-30 10:29:10.586   398   464 D DiagPropHandler: is not DiagnosticConfig: 0x21401024
12-30 10:29:10.586   398   464 I VehiclePropertyStore: begin to write value to Store: {.timestamp = 6686408205128, .areaId = 0, .prop = 557846564, .status = AVAILABLE, .value = {.int32Values = [1]{0}, .floatValues = [0]{}, .int64Values = [0]{}, .bytes = [0]{}, .stringValue = ""}}
12-30 10:29:10.586   398   464 D adayocomadapter-CommunicationManager: onUpstreamReceive mPropertyId 0x21401024
12-30 10:29:10.586   398   464 D adayocomadapter-CommunicationManager: onUpstreamReceive mPropertyId 0x2140103b
12-30 10:29:10.586   398   464 D adayocomadapter-CommunicationManager: convertBytesToInt32Memcpy  0
12-30 10:29:10.586   398   464 I vw-vhal : notifyVehicleProperty, propId = 0x2140103b, data = {status: 2, int32Values: [0]}
12-30 10:29:10.586   398   464 I vw-vhal : CanSignalsAdapter::notifyVehicleProperty: solvedValue = {.timestamp = 6686408435461, .areaId = 0, .prop = 557846587, .status = AVAILABLE, .value = {.int32Values = [1]{0}, .floatValues = [0]{}, .int64Values = [0]{}, .bytes = [0]{}, .stringValue = ""}}
12-30 10:29:10.586   398   464 I VehiclePropertyStore: begin to write value to Store: {.timestamp = 6686408435461, .areaId = 0, .prop = 557846587, .status = AVAILABLE, .value = {.int32Values = [1]{0}, .floatValues = [0]{}, .int64Values = [0]{}, .bytes = [0]{}, .stringValue = ""}}
12-30 10:29:10.586   398   464 I DefaultVehicleHal_v2_0: DefaultVehicleHal::onPropertyValue, value:{.timestamp = 6686408435461, .areaId = 0, .prop = 557846587, .status = AVAILABLE, .value = {.int32Values = [1]{0}, .floatValues = [0]{}, .int64Values = [0]{}, .bytes = [0]{}, .stringValue = ""}}
12-30 10:29:10.586   398   464 D DiagPropHandler: is not DiagnosticConfig: 0x2140103b
12-30 10:29:10.586   398   464 I VehiclePropertyStore: begin to write value to Store: {.timestamp = 6686408435461, .areaId = 0, .prop = 557846587, .status = AVAILABLE, .value = {.int32Values = [1]{0}, .floatValues = [0]{}, .int64Values = [0]{}, .bytes = [0]{}, .stringValue = ""}}
12-30 10:29:10.586   398   464 D adayocomadapter-CommunicationManager: onUpstreamReceive mPropertyId 0x2140103b
12-30 10:29:10.586   398   464 D adayocomadapter-CommunicationManager: onUpstreamReceive mPropertyId 0x2140100c
12-30 10:29:10.586   398   464 D adayocomadapter-CommunicationManager: convertBytesToInt32Memcpy  0
12-30 10:29:10.586   398   464 I vw-vhal : notifyVehicleProperty, propId = 0x2140100c, data = {status: 2, int32Values: [0]}
12-30 10:29:10.586   398   464 I vw-vhal : CanSignalsAdapter::notifyVehicleProperty: solvedValue = {.timestamp = 6686408631795, .areaId = 0, .prop = 557846540, .status = AVAILABLE, .value = {.int32Values = [1]{0}, .floatValues = [0]{}, .int64Values = [0]{}, .bytes = [0]{}, .stringValue = ""}}
12-30 10:29:10.586   398   464 I VehiclePropertyStore: begin to write value to Store: {.timestamp = 6686408631795, .areaId = 0, .prop = 557846540, .status = AVAILABLE, .value = {.int32Values = [1]{0}, .floatValues = [0]{}, .int64Values = [0]{}, .bytes = [0]{}, .stringValue = ""}}
12-30 10:29:10.586   398   464 I DefaultVehicleHal_v2_0: DefaultVehicleHal::onPropertyValue, value:{.timestamp = 6686408631795, .areaId = 0, .prop = 557846540, .status = AVAILABLE, .value = {.int32Values = [1]{0}, .floatValues = [0]{}, .int64Values = [0]{}, .bytes = [0]{}, .stringValue = ""}}
12-30 10:29:10.586   398   464 D DiagPropHandler: is not DiagnosticConfig: 0x2140100c
12-30 10:29:10.586   398   464 I VehiclePropertyStore: begin to write value to Store: {.timestamp = 6686408631795, .areaId = 0, .prop = 557846540, .status = AVAILABLE, .value = {.int32Values = [1]{0}, .floatValues = [0]{}, .int64Values = [0]{}, .bytes = [0]{}, .stringValue = ""}}
12-30 10:29:10.587   398   464 D adayocomadapter-CommunicationManager: onUpstreamReceive mPropertyId 0x2140100c
12-30 10:29:10.587   398   464 D adayocomadapter-CommunicationManager: onUpstreamReceive mPropertyId 0x214021db
12-30 10:29:10.587   398   464 D adayocomadapter-CommunicationManager: convertBytesToInt32Memcpy  0
12-30 10:29:10.587   398   464 I vw-vhal : notifyVehicleProperty, propId = 0x214021db, data = {status: 2, int32Values: [0]}
12-30 10:29:10.587   398   464 I vw-vhal : CanSignalsAdapter::notifyVehicleProperty: solvedValue = {.timestamp = 6686408951128, .areaId = 0, .prop = 557851099, .status = AVAILABLE, .value = {.int32Values = [1]{0}, .floatValues = [0]{}, .int64Values = [0]{}, .bytes = [0]{}, .stringValue = ""}}
12-30 10:29:10.587   398   464 I VehiclePropertyStore: begin to write value to Store: {.timestamp = 6686408951128, .areaId = 0, .prop = 557851099, .status = AVAILABLE, .value = {.int32Values = [1]{0}, .floatValues = [0]{}, .int64Values = [0]{}, .bytes = [0]{}, .stringValue = ""}}
12-30 10:29:10.587   398   464 I DefaultVehicleHal_v2_0: DefaultVehicleHal::onPropertyValue, value:{.timestamp = 6686408951128, .areaId = 0, .prop = 557851099, .status = AVAILABLE, .value = {.int32Values = [1]{0}, .floatValues = [0]{}, .int64Values = [0]{}, .bytes = [0]{}, .stringValue = ""}}
12-30 10:29:10.587   398   464 D DiagPropHandler: is not DiagnosticConfig: 0x214021db
12-30 10:29:10.587   398   464 I VehiclePropertyStore: begin to write value to Store: {.timestamp = 6686408951128, .areaId = 0, .prop = 557851099, .status = AVAILABLE, .value = {.int32Values = [1]{0}, .floatValues = [0]{}, .int64Values = [0]{}, .bytes = [0]{}, .stringValue = ""}}
12-30 10:29:10.587   398   464 D adayocomadapter-CommunicationManager: onUpstreamReceive mPropertyId 0x214021db
12-30 10:29:10.587   398   464 D adayocomadapter-CommunicationManager: onUpstreamReceive mPropertyId 0x21401026
12-30 10:29:10.587   398   464 D adayocomadapter-CommunicationManager: convertBytesToInt32Memcpy  0
12-30 10:29:10.587   398   464 I vw-vhal : notifyVehicleProperty, propId = 0x21401026, data = {status: 2, int32Values: [0]}
12-30 10:29:10.587   398   464 I vw-vhal : CanSignalsAdapter::notifyVehicleProperty: solvedValue = {.timestamp = 6686409147795, .areaId = 0, .prop = 557846566, .status = AVAILABLE, .value = {.int32Values = [1]{0}, .floatValues = [0]{}, .int64Values = [0]{}, .bytes = [0]{}, .stringValue = ""}}
12-30 10:29:10.587   398   464 I VehiclePropertyStore: begin to write value to Store: {.timestamp = 6686409147795, .areaId = 0, .prop = 557846566, .status = AVAILABLE, .value = {.int32Values = [1]{0}, .floatValues = [0]{}, .int64Values = [0]{}, .bytes = [0]{}, .stringValue = ""}}
12-30 10:29:10.587   398   464 I DefaultVehicleHal_v2_0: DefaultVehicleHal::onPropertyValue, value:{.timestamp = 6686409147795, .areaId = 0, .prop = 557846566, .status = AVAILABLE, .value = {.int32Values = [1]{0}, .floatValues = [0]{}, .int64Values = [0]{}, .bytes = [0]{}, .stringValue = ""}}
12-30 10:29:10.587   398   464 D DiagPropHandler: is not DiagnosticConfig: 0x21401026
12-30 10:29:10.587   398   464 I VehiclePropertyStore: begin to write value to Store: {.timestamp = 6686409147795, .areaId = 0, .prop = 557846566, .status = AVAILABLE, .value = {.int32Values = [1]{0}, .floatValues = [0]{}, .int64Values = [0]{}, .bytes = [0]{}, .stringValue = ""}}
12-30 10:29:10.587   398   464 D adayocomadapter-CommunicationManager: onUpstreamReceive mPropertyId 0x21401026
12-30 10:29:10.587   398   464 D adayocomadapter-CommunicationManager: onUpstreamReceive mPropertyId 0x21402168
12-30 10:29:10.587   398   464 D adayocomadapter-CommunicationManager: convertBytesToInt32Memcpy  0
12-30 10:29:10.587   398   464 I vw-vhal : notifyVehicleProperty, propId = 0x21402168, data = {status: 2, int32Values: [0]}
12-30 10:29:10.587   398   464 I vw-vhal : CanSignalsAdapter::notifyVehicleProperty: solvedValue = {.timestamp = 6686409340795, .areaId = 0, .prop = 557850984, .status = AVAILABLE, .value = {.int32Values = [1]{0}, .floatValues = [0]{}, .int64Values = [0]{}, .bytes = [0]{}, .stringValue = ""}}
12-30 10:29:10.587   398   464 I VehiclePropertyStore: begin to write value to Store: {.timestamp = 6686409340795, .areaId = 0, .prop = 557850984, .status = AVAILABLE, .value = {.int32Values = [1]{0}, .floatValues = [0]{}, .int64Values = [0]{}, .bytes = [0]{}, .stringValue = ""}}
12-30 10:29:10.587   398   464 I DefaultVehicleHal_v2_0: DefaultVehicleHal::onPropertyValue, value:{.timestamp = 6686409340795, .areaId = 0, .prop = 557850984, .status = AVAILABLE, .value = {.int32Values = [1]{0}, .floatValues = [0]{}, .int64Values = [0]{}, .bytes = [0]{}, .stringValue = ""}}
12-30 10:29:10.587   398   464 D DiagPropHandler: is not DiagnosticConfig: 0x21402168
12-30 10:29:10.587   398   464 I VehiclePropertyStore: begin to write value to Store: {.timestamp = 6686409340795, .areaId = 0, .prop = 557850984, .status = AVAILABLE, .value = {.int32Values = [1]{0}, .floatValues = [0]{}, .int64Values = [0]{}, .bytes = [0]{}, .stringValue = ""}}
12-30 10:29:10.587   398   464 D adayocomadapter-CommunicationManager: onUpstreamReceive mPropertyId 0x21402168
12-30 10:29:10.587   398   464 D adayocomadapter-CommunicationManager: onUpstreamReceive mPropertyId 0x2140103e
12-30 10:29:10.587   398   464 D adayocomadapter-CommunicationManager: convertBytesToInt32Memcpy  0
12-30 10:29:10.587   398   464 I vw-vhal : notifyVehicleProperty, propId = 0x2140103e, data = {status: 2, int32Values: [0]}
12-30 10:29:10.587   398   464 I vw-vhal : CanSignalsAdapter::notifyVehicleProperty: solvedValue = {.timestamp = 6686409540795, .areaId = 0, .prop = 557846590, .status = AVAILABLE, .value = {.int32Values = [1]{0}, .floatValues = [0]{}, .int64Values = [0]{}, .bytes = [0]{}, .stringValue = ""}}
12-30 10:29:10.587   398   464 I VehiclePropertyStore: begin to write value to Store: {.timestamp = 6686409540795, .areaId = 0, .prop = 557846590, .status = AVAILABLE, .value = {.int32Values = [1]{0}, .floatValues = [0]{}, .int64Values = [0]{}, .bytes = [0]{}, .stringValue = ""}}
12-30 10:29:10.587   398   464 I DefaultVehicleHal_v2_0: DefaultVehicleHal::onPropertyValue, value:{.timestamp = 6686409540795, .areaId = 0, .prop = 557846590, .status = AVAILABLE, .value = {.int32Values = [1]{0}, .floatValues = [0]{}, .int64Values = [0]{}, .bytes = [0]{}, .stringValue = ""}}
12-30 10:29:10.587   398   464 D DiagPropHandler: is not DiagnosticConfig: 0x2140103e
12-30 10:29:10.587   398   464 I VehiclePropertyStore: begin to write value to Store: {.timestamp = 6686409540795, .areaId = 0, .prop = 557846590, .status = AVAILABLE, .value = {.int32Values = [1]{0}, .floatValues = [0]{}, .int64Values = [0]{}, .bytes = [0]{}, .stringValue = ""}}
12-30 10:29:10.587   398   464 D adayocomadapter-CommunicationManager: onUpstreamReceive mPropertyId 0x2140103e
12-30 10:29:10.587   398   464 D adayocomadapter-CommunicationManager: onUpstreamReceive mPropertyId 0x2140216a
12-30 10:29:10.587   398   464 D adayocomadapter-CommunicationManager: convertBytesToInt32Memcpy  0
12-30 10:29:10.587   398   464 I vw-vhal : notifyVehicleProperty, propId = 0x2140216a, data = {status: 2, int32Values: [0]}
12-30 10:29:10.587   398   464 I vw-vhal : CanSignalsAdapter::notifyVehicleProperty: solvedValue = {.timestamp = 6686409736461, .areaId = 0, .prop = 557850986, .status = AVAILABLE, .value = {.int32Values = [1]{0}, .floatValues = [0]{}, .int64Values = [0]{}, .bytes = [0]{}, .stringValue = ""}}
12-30 10:29:10.587   398   464 I VehiclePropertyStore: begin to write value to Store: {.timestamp = 6686409736461, .areaId = 0, .prop = 557850986, .status = AVAILABLE, .value = {.int32Values = [1]{0}, .floatValues = [0]{}, .int64Values = [0]{}, .bytes = [0]{}, .stringValue = ""}}
12-30 10:29:10.587   398   464 I DefaultVehicleHal_v2_0: DefaultVehicleHal::onPropertyValue, value:{.timestamp = 6686409736461, .areaId = 0, .prop = 557850986, .status = AVAILABLE, .value = {.int32Values = [1]{0}, .floatValues = [0]{}, .int64Values = [0]{}, .bytes = [0]{}, .stringValue = ""}}
12-30 10:29:10.587   398   464 D DiagPropHandler: is not DiagnosticConfig: 0x2140216a
12-30 10:29:10.587   398   464 I VehiclePropertyStore: begin to write value to Store: {.timestamp = 6686409736461, .areaId = 0, .prop = 557850986, .status = AVAILABLE, .value = {.int32Values = [1]{0}, .floatValues = [0]{}, .int64Values = [0]{}, .bytes = [0]{}, .stringValue = ""}}
12-30 10:29:10.588   398   464 D adayocomadapter-CommunicationManager: onUpstreamReceive mPropertyId 0x2140216a
12-30 10:29:10.588   398   464 D adayocomadapter-CommunicationManager: onUpstreamReceive mPropertyId 0x2140216e
12-30 10:29:10.588   398   464 D adayocomadapter-CommunicationManager: convertBytesToInt32Memcpy  0
12-30 10:29:10.588   398   464 I vw-vhal : notifyVehicleProperty, propId = 0x2140216e, data = {status: 2, int32Values: [0]}
12-30 10:29:10.588   398   464 I vw-vhal : CanSignalsAdapter::notifyVehicleProperty: solvedValue = {.timestamp = 6686409923461, .areaId = 0, .prop = 557850990, .status = AVAILABLE, .value = {.int32Values = [1]{0}, .floatValues = [0]{}, .int64Values = [0]{}, .bytes = [0]{}, .stringValue = ""}}
12-30 10:29:10.588   398   464 I VehiclePropertyStore: begin to write value to Store: {.timestamp = 6686409923461, .areaId = 0, .prop = 557850990, .status = AVAILABLE, .value = {.int32Values = [1]{0}, .floatValues = [0]{}, .int64Values = [0]{}, .bytes = [0]{}, .stringValue = ""}}
12-30 10:29:10.588   398   464 I DefaultVehicleHal_v2_0: DefaultVehicleHal::onPropertyValue, value:{.timestamp = 6686409923461, .areaId = 0, .prop = 557850990, .status = AVAILABLE, .value = {.int32Values = [1]{0}, .floatValues = [0]{}, .int64Values = [0]{}, .bytes = [0]{}, .stringValue = ""}}
12-30 10:29:10.588   398   464 D DiagPropHandler: is not DiagnosticConfig: 0x2140216e
12-30 10:29:10.588   398   464 I VehiclePropertyStore: begin to write value to Store: {.timestamp = 6686409923461, .areaId = 0, .prop = 557850990, .status = AVAILABLE, .value = {.int32Values = [1]{0}, .floatValues = [0]{}, .int64Values = [0]{}, .bytes = [0]{}, .stringValue = ""}}
12-30 10:29:10.588   398   464 D adayocomadapter-CommunicationManager: onUpstreamReceive mPropertyId 0x2140216e
12-30 10:29:10.588   398   464 D adayocomadapter-CommunicationManager: onUpstreamReceive mPropertyId 0x21402170
12-30 10:29:10.588   398   464 D adayocomadapter-CommunicationManager: convertBytesToInt32Memcpy  0
12-30 10:29:10.588   398   464 I vw-vhal : notifyVehicleProperty, propId = 0x21402170, data = {status: 2, int32Values: [0]}
12-30 10:29:10.588   398   464 I vw-vhal : CanSignalsAdapter::notifyVehicleProperty: solvedValue = {.timestamp = 6686410110128, .areaId = 0, .prop = 557850992, .status = AVAILABLE, .value = {.int32Values = [1]{0}, .floatValues = [0]{}, .int64Values = [0]{}, .bytes = [0]{}, .stringValue = ""}}
12-30 10:29:10.588   398   464 I VehiclePropertyStore: begin to write value to Store: {.timestamp = 6686410110128, .areaId = 0, .prop = 557850992, .status = AVAILABLE, .value = {.int32Values = [1]{0}, .floatValues = [0]{}, .int64Values = [0]{}, .bytes = [0]{}, .stringValue = ""}}
12-30 10:29:10.588   398   464 I DefaultVehicleHal_v2_0: DefaultVehicleHal::onPropertyValue, value:{.timestamp = 6686410110128, .areaId = 0, .prop = 557850992, .status = AVAILABLE, .value = {.int32Values = [1]{0}, .floatValues = [0]{}, .int64Values = [0]{}, .bytes = [0]{}, .stringValue = ""}}
12-30 10:29:10.588   398   464 D DiagPropHandler: is not DiagnosticConfig: 0x21402170
12-30 10:29:10.588   398   464 I VehiclePropertyStore: begin to write value to Store: {.timestamp = 6686410110128, .areaId = 0, .prop = 557850992, .status = AVAILABLE, .value = {.int32Values = [1]{0}, .floatValues = [0]{}, .int64Values = [0]{}, .bytes = [0]{}, .stringValue = ""}}
12-30 10:29:10.588   398   464 D adayocomadapter-CommunicationManager: onUpstreamReceive mPropertyId 0x21402170
12-30 10:29:10.588   398   464 D adayocomadapter-CommunicationManager: onUpstreamReceive mPropertyId 0x21402172
12-30 10:29:10.588   398   464 D adayocomadapter-CommunicationManager: convertBytesToInt32Memcpy  0
12-30 10:29:10.588   398   464 I vw-vhal : notifyVehicleProperty, propId = 0x21402172, data = {status: 2, int32Values: [0]}
12-30 10:29:10.588   398   464 I vw-vhal : CanSignalsAdapter::notifyVehicleProperty: solvedValue = {.timestamp = 6686410703461, .areaId = 0, .prop = 557850994, .status = AVAILABLE, .value = {.int32Values = [1]{0}, .floatValues = [0]{}, .int64Values = [0]{}, .bytes = [0]{}, .stringValue = ""}}
12-30 10:29:10.588   398   464 I VehiclePropertyStore: begin to write value to Store: {.timestamp = 6686410703461, .areaId = 0, .prop = 557850994, .status = AVAILABLE, .value = {.int32Values = [1]{0}, .floatValues = [0]{}, .int64Values = [0]{}, .bytes = [0]{}, .stringValue = ""}}
12-30 10:29:10.588   398   464 I DefaultVehicleHal_v2_0: DefaultVehicleHal::onPropertyValue, value:{.timestamp = 6686410703461, .areaId = 0, .prop = 557850994, .status = AVAILABLE, .value = {.int32Values = [1]{0}, .floatValues = [0]{}, .int64Values = [0]{}, .bytes = [0]{}, .stringValue = ""}}
12-30 10:29:10.588   398   464 D DiagPropHandler: is not DiagnosticConfig: 0x21402172
12-30 10:29:10.588   398   464 I VehiclePropertyStore: begin to write value to Store: {.timestamp = 6686410703461, .areaId = 0, .prop = 557850994, .status = AVAILABLE, .value = {.int32Values = [1]{0}, .floatValues = [0]{}, .int64Values = [0]{}, .bytes = [0]{}, .stringValue = ""}}
12-30 10:29:10.588   398   464 D adayocomadapter-CommunicationManager: onUpstreamReceive mPropertyId 0x21402172
12-30 10:29:10.589   398   464 D adayocomadapter-CommunicationManager: onUpstreamReceive mPropertyId 0x21402174
12-30 10:29:10.589   398   464 D adayocomadapter-CommunicationManager: convertBytesToInt32Memcpy  0
12-30 10:29:10.589   398   464 I vw-vhal : notifyVehicleProperty, propId = 0x21402174, data = {status: 2, int32Values: [0]}
12-30 10:29:10.589   398   464 I vw-vhal : CanSignalsAdapter::notifyVehicleProperty: solvedValue = {.timestamp = 6686410915461, .areaId = 0, .prop = 557850996, .status = AVAILABLE, .value = {.int32Values = [1]{0}, .floatValues = [0]{}, .int64Values = [0]{}, .bytes = [0]{}, .stringValue = ""}}
12-30 10:29:10.589   398   464 I VehiclePropertyStore: begin to write value to Store: {.timestamp = 6686410915461, .areaId = 0, .prop = 557850996, .status = AVAILABLE, .value = {.int32Values = [1]{0}, .floatValues = [0]{}, .int64Values = [0]{}, .bytes = [0]{}, .stringValue = ""}}
12-30 10:29:10.589   398   464 I DefaultVehicleHal_v2_0: DefaultVehicleHal::onPropertyValue, value:{.timestamp = 6686410915461, .areaId = 0, .prop = 557850996, .status = AVAILABLE, .value = {.int32Values = [1]{0}, .floatValues = [0]{}, .int64Values = [0]{}, .bytes = [0]{}, .stringValue = ""}}
12-30 10:29:10.589   398   464 D DiagPropHandler: is not DiagnosticConfig: 0x21402174
12-30 10:29:10.589   398   464 I VehiclePropertyStore: begin to write value to Store: {.timestamp = 6686410915461, .areaId = 0, .prop = 557850996, .status = AVAILABLE, .value = {.int32Values = [1]{0}, .floatValues = [0]{}, .int64Values = [0]{}, .bytes = [0]{}, .stringValue = ""}}
12-30 10:29:10.589   398   464 D adayocomadapter-CommunicationManager: onUpstreamReceive mPropertyId 0x21402174
12-30 10:29:10.589   398   464 D adayocomadapter-CommunicationManager: onUpstreamReceive mPropertyId 0x21402176
12-30 10:29:10.589   398   464 D adayocomadapter-CommunicationManager: convertBytesToInt32Memcpy  0
12-30 10:29:10.589   398   464 I vw-vhal : notifyVehicleProperty, propId = 0x21402176, data = {status: 2, int32Values: [0]}
12-30 10:29:10.589   398   464 I vw-vhal : CanSignalsAdapter::notifyVehicleProperty: solvedValue = {.timestamp = 6686411108461, .areaId = 0, .prop = 557850998, .status = AVAILABLE, .value = {.int32Values = [1]{0}, .floatValues = [0]{}, .int64Values = [0]{}, .bytes = [0]{}, .stringValue = ""}}
12-30 10:29:10.589   398   464 I VehiclePropertyStore: begin to write value to Store: {.timestamp = 6686411108461, .areaId = 0, .prop = 557850998, .status = AVAILABLE, .value = {.int32Values = [1]{0}, .floatValues = [0]{}, .int64Values = [0]{}, .bytes = [0]{}, .stringValue = ""}}
12-30 10:29:10.589   398   464 I DefaultVehicleHal_v2_0: DefaultVehicleHal::onPropertyValue, value:{.timestamp = 6686411108461, .areaId = 0, .prop = 557850998, .status = AVAILABLE, .value = {.int32Values = [1]{0}, .floatValues = [0]{}, .int64Values = [0]{}, .bytes = [0]{}, .stringValue = ""}}
12-30 10:29:10.589   398   464 D DiagPropHandler: is not DiagnosticConfig: 0x21402176
12-30 10:29:10.589   398   464 I VehiclePropertyStore: begin to write value to Store: {.timestamp = 6686411108461, .areaId = 0, .prop = 557850998, .status = AVAILABLE, .value = {.int32Values = [1]{0}, .floatValues = [0]{}, .int64Values = [0]{}, .bytes = [0]{}, .stringValue = ""}}
12-30 10:29:10.589   398   464 D adayocomadapter-CommunicationManager: onUpstreamReceive mPropertyId 0x21402176
12-30 10:29:10.589   398   464 D adayocomadapter-CommunicationManager: onUpstreamReceive mPropertyId 0x21402178
12-30 10:29:10.589   398   464 D adayocomadapter-CommunicationManager: convertBytesToInt32Memcpy  0
12-30 10:29:10.589   398   464 I vw-vhal : notifyVehicleProperty, propId = 0x21402178, data = {status: 2, int32Values: [0]}
12-30 10:29:10.589   398   464 I vw-vhal : CanSignalsAdapter::notifyVehicleProperty: solvedValue = {.timestamp = 6686411299128, .areaId = 0, .prop = 557851000, .status = AVAILABLE, .value = {.int32Values = [1]{0}, .floatValues = [0]{}, .int64Values = [0]{}, .bytes = [0]{}, .stringValue = ""}}
12-30 10:29:10.589   398   464 I VehiclePropertyStore: begin to write value to Store: {.timestamp = 6686411299128, .areaId = 0, .prop = 557851000, .status = AVAILABLE, .value = {.int32Values = [1]{0}, .floatValues = [0]{}, .int64Values = [0]{}, .bytes = [0]{}, .stringValue = ""}}
12-30 10:29:10.589   398   464 I DefaultVehicleHal_v2_0: DefaultVehicleHal::onPropertyValue, value:{.timestamp = 6686411299128, .areaId = 0, .prop = 557851000, .status = AVAILABLE, .value = {.int32Values = [1]{0}, .floatValues = [0]{}, .int64Values = [0]{}, .bytes = [0]{}, .stringValue = ""}}
12-30 10:29:10.589   398   464 D DiagPropHandler: is not DiagnosticConfig: 0x21402178
12-30 10:29:10.589   398   464 I VehiclePropertyStore: begin to write value to Store: {.timestamp = 6686411299128, .areaId = 0, .prop = 557851000, .status = AVAILABLE, .value = {.int32Values = [1]{0}, .floatValues = [0]{}, .int64Values = [0]{}, .bytes = [0]{}, .stringValue = ""}}
12-30 10:29:10.589   398   464 D adayocomadapter-CommunicationManager: onUpstreamReceive mPropertyId 0x21402178
12-30 10:29:10.589   398   464 D adayocomadapter-CommunicationManager: onUpstreamReceive mPropertyId 0x2140205e
12-30 10:29:10.589   398   464 D adayocomadapter-CommunicationManager: convertBytesToInt32Memcpy  0
12-30 10:29:10.589   398   464 I vw-vhal : notifyVehicleProperty, propId = 0x2140205e, data = {status: 2, int32Values: [0]}
12-30 10:29:10.589   398   464 I vw-vhal : CanSignalsAdapter::notifyVehicleProperty: solvedValue = {.timestamp = 6686411491128, .areaId = 0, .prop = 557850718, .status = AVAILABLE, .value = {.int32Values = [1]{0}, .floatValues = [0]{}, .int64Values = [0]{}, .bytes = [0]{}, .stringValue = ""}}
12-30 10:29:10.589   398   464 I VehiclePropertyStore: begin to write value to Store: {.timestamp = 6686411491128, .areaId = 0, .prop = 557850718, .status = AVAILABLE, .value = {.int32Values = [1]{0}, .floatValues = [0]{}, .int64Values = [0]{}, .bytes = [0]{}, .stringValue = ""}}
12-30 10:29:10.589   398   464 I DefaultVehicleHal_v2_0: DefaultVehicleHal::onPropertyValue, value:{.timestamp = 6686411491128, .areaId = 0, .prop = 557850718, .status = AVAILABLE, .value = {.int32Values = [1]{0}, .floatValues = [0]{}, .int64Values = [0]{}, .bytes = [0]{}, .stringValue = ""}}
12-30 10:29:10.589   398   464 D DiagPropHandler: is not DiagnosticConfig: 0x2140205e
12-30 10:29:10.589   398   464 I VehiclePropertyStore: begin to write value to Store: {.timestamp = 6686411491128, .areaId = 0, .prop = 557850718, .status = AVAILABLE, .value = {.int32Values = [1]{0}, .floatValues = [0]{}, .int64Values = [0]{}, .bytes = [0]{}, .stringValue = ""}}
12-30 10:29:10.589   398   464 D adayocomadapter-CommunicationManager: onUpstreamReceive mPropertyId 0x2140205e
12-30 10:29:10.589   398   464 D adayocomadapter-CommunicationManager: onUpstreamReceive mPropertyId 0x2140217a
12-30 10:29:10.589   398   464 D adayocomadapter-CommunicationManager: convertBytesToInt32Memcpy  0
12-30 10:29:10.589   398   464 I vw-vhal : notifyVehicleProperty, propId = 0x2140217a, data = {status: 2, int32Values: [0]}
12-30 10:29:10.589   398   464 I vw-vhal : CanSignalsAdapter::notifyVehicleProperty: solvedValue = {.timestamp = 6686411687461, .areaId = 0, .prop = 557851002, .status = AVAILABLE, .value = {.int32Values = [1]{0}, .floatValues = [0]{}, .int64Values = [0]{}, .bytes = [0]{}, .stringValue = ""}}
12-30 10:29:10.589   398   464 I VehiclePropertyStore: begin to write value to Store: {.timestamp = 6686411687461, .areaId = 0, .prop = 557851002, .status = AVAILABLE, .value = {.int32Values = [1]{0}, .floatValues = [0]{}, .int64Values = [0]{}, .bytes = [0]{}, .stringValue = ""}}
12-30 10:29:10.589   398   464 I DefaultVehicleHal_v2_0: DefaultVehicleHal::onPropertyValue, value:{.timestamp = 6686411687461, .areaId = 0, .prop = 557851002, .status = AVAILABLE, .value = {.int32Values = [1]{0}, .floatValues = [0]{}, .int64Values = [0]{}, .bytes = [0]{}, .stringValue = ""}}
12-30 10:29:10.589   398   464 D DiagPropHandler: is not DiagnosticConfig: 0x2140217a
12-30 10:29:10.589   398   464 I VehiclePropertyStore: begin to write value to Store: {.timestamp = 6686411687461, .areaId = 0, .prop = 557851002, .status = AVAILABLE, .value = {.int32Values = [1]{0}, .floatValues = [0]{}, .int64Values = [0]{}, .bytes = [0]{}, .stringValue = ""}}
12-30 10:29:10.589   398   464 D adayocomadapter-CommunicationManager: onUpstreamReceive mPropertyId 0x2140217a
12-30 10:29:10.589   398   464 D adayocomadapter-CommunicationManager: onUpstreamReceive mPropertyId 0x21402207
12-30 10:29:10.589   398   464 D adayocomadapter-CommunicationManager: convertBytesToInt32Memcpy  0
12-30 10:29:10.590   398   464 I vw-vhal : notifyVehicleProperty, propId = 0x21402207, data = {status: 2, int32Values: [0]}
12-30 10:29:10.590   398   464 I vw-vhal : CanSignalsAdapter::notifyVehicleProperty: solvedValue = {.timestamp = 6686411880795, .areaId = 0, .prop = 557851143, .status = AVAILABLE, .value = {.int32Values = [1]{0}, .floatValues = [0]{}, .int64Values = [0]{}, .bytes = [0]{}, .stringValue = ""}}
12-30 10:29:10.590   398   464 I VehiclePropertyStore: begin to write value to Store: {.timestamp = 6686411880795, .areaId = 0, .prop = 557851143, .status = AVAILABLE, .value = {.int32Values = [1]{0}, .floatValues = [0]{}, .int64Values = [0]{}, .bytes = [0]{}, .stringValue = ""}}
12-30 10:29:10.590   398   464 I DefaultVehicleHal_v2_0: DefaultVehicleHal::onPropertyValue, value:{.timestamp = 6686411880795, .areaId = 0, .prop = 557851143, .status = AVAILABLE, .value = {.int32Values = [1]{0}, .floatValues = [0]{}, .int64Values = [0]{}, .bytes = [0]{}, .stringValue = ""}}
12-30 10:29:10.590   398   464 D DiagPropHandler: is not DiagnosticConfig: 0x21402207
12-30 10:29:10.590   398   464 I VehiclePropertyStore: begin to write value to Store: {.timestamp = 6686411880795, .areaId = 0, .prop = 557851143, .status = AVAILABLE, .value = {.int32Values = [1]{0}, .floatValues = [0]{}, .int64Values = [0]{}, .bytes = [0]{}, .stringValue = ""}}
12-30 10:29:10.590   398   464 D adayocomadapter-CommunicationManager: onUpstreamReceive mPropertyId 0x21402207
12-30 10:29:10.590   398   464 D adayocomadapter-CommunicationManager: onUpstreamReceive mPropertyId 0x2140217c
12-30 10:29:10.590   398   464 D adayocomadapter-CommunicationManager: convertBytesToInt32Memcpy  0
12-30 10:29:10.590   398   464 I vw-vhal : notifyVehicleProperty, propId = 0x2140217c, data = {status: 2, int32Values: [0]}
12-30 10:29:10.590   398   464 I vw-vhal : CanSignalsAdapter::notifyVehicleProperty: solvedValue = {.timestamp = 6686412261461, .areaId = 0, .prop = 557851004, .status = AVAILABLE, .value = {.int32Values = [1]{0}, .floatValues = [0]{}, .int64Values = [0]{}, .bytes = [0]{}, .stringValue = ""}}
12-30 10:29:10.590   398   464 I VehiclePropertyStore: begin to write value to Store: {.timestamp = 6686412261461, .areaId = 0, .prop = 557851004, .status = AVAILABLE, .value = {.int32Values = [1]{0}, .floatValues = [0]{}, .int64Values = [0]{}, .bytes = [0]{}, .stringValue = ""}}
12-30 10:29:10.590   398   464 I DefaultVehicleHal_v2_0: DefaultVehicleHal::onPropertyValue, value:{.timestamp = 6686412261461, .areaId = 0, .prop = 557851004, .status = AVAILABLE, .value = {.int32Values = [1]{0}, .floatValues = [0]{}, .int64Values = [0]{}, .bytes = [0]{}, .stringValue = ""}}
12-30 10:29:10.590   398   464 D DiagPropHandler: is not DiagnosticConfig: 0x2140217c
12-30 10:29:10.590   398   464 I VehiclePropertyStore: begin to write value to Store: {.timestamp = 6686412261461, .areaId = 0, .prop = 557851004, .status = AVAILABLE, .value = {.int32Values = [1]{0}, .floatValues = [0]{}, .int64Values = [0]{}, .bytes = [0]{}, .stringValue = ""}}
12-30 10:29:10.590   398   464 D adayocomadapter-CommunicationManager: onUpstreamReceive mPropertyId 0x2140217c
12-30 10:29:10.590   398   464 D adayocomadapter-CommunicationManager: onUpstreamReceive mPropertyId 0x2140219c
12-30 10:29:10.590   398   464 D adayocomadapter-CommunicationManager: convertBytesToInt32Memcpy  0
12-30 10:29:10.590   398   464 D adayocomadapter-CommunicationManager: writeValue id=[557851036]
12-30 10:29:10.590   398   464 D adayocomadapter-VehiclePropertyStore: writeValue id=[557851036]
12-30 10:29:10.590   398   464 I vw-vhal : notifyVehicleProperty, propId = 0x2140219c, data = {status: 2, int32Values: [0]}
12-30 10:29:10.590   398   464 I vw-vhal : CanSignalsAdapter::notifyVehicleProperty: solvedValue = {.timestamp = 6686412509128, .areaId = 0, .prop = 557851036, .status = AVAILABLE, .value = {.int32Values = [1]{0}, .floatValues = [0]{}, .int64Values = [0]{}, .bytes = [0]{}, .stringValue = ""}}
12-30 10:29:10.590   398   464 I VehiclePropertyStore: begin to write value to Store: {.timestamp = 6686412509128, .areaId = 0, .prop = 557851036, .status = AVAILABLE, .value = {.int32Values = [1]{0}, .floatValues = [0]{}, .int64Values = [0]{}, .bytes = [0]{}, .stringValue = ""}}
12-30 10:29:10.590   398   464 I DefaultVehicleHal_v2_0: DefaultVehicleHal::onPropertyValue, value:{.timestamp = 6686412509128, .areaId = 0, .prop = 557851036, .status = AVAILABLE, .value = {.int32Values = [1]{0}, .floatValues = [0]{}, .int64Values = [0]{}, .bytes = [0]{}, .stringValue = ""}}
12-30 10:29:10.590   398   464 D DiagPropHandler: is not DiagnosticConfig: 0x2140219c
12-30 10:29:10.590   398   464 I VehiclePropertyStore: begin to write value to Store: {.timestamp = 6686412509128, .areaId = 0, .prop = 557851036, .status = AVAILABLE, .value = {.int32Values = [1]{0}, .floatValues = [0]{}, .int64Values = [0]{}, .bytes = [0]{}, .stringValue = ""}}
12-30 10:29:10.590   398   464 D adayocomadapter-CommunicationManager: onUpstreamReceive mPropertyId 0x2140219c
12-30 10:29:10.590   398   464 D adayocomadapter-CommunicationManager: onUpstreamReceive mPropertyId 0x214021df
12-30 10:29:10.590   398   464 D adayocomadapter-CommunicationManager: convertBytesToInt32Memcpy  0
12-30 10:29:10.590   398   464 I vw-vhal : notifyVehicleProperty, propId = 0x214021df, data = {status: 2, int32Values: [0]}
12-30 10:29:10.590   398   464 I vw-vhal : CanSignalsAdapter::notifyVehicleProperty: solvedValue = {.timestamp = 6686412705461, .areaId = 0, .prop = 557851103, .status = AVAILABLE, .value = {.int32Values = [1]{0}, .floatValues = [0]{}, .int64Values = [0]{}, .bytes = [0]{}, .stringValue = ""}}
12-30 10:29:10.590   398   464 I VehiclePropertyStore: begin to write value to Store: {.timestamp = 6686412705461, .areaId = 0, .prop = 557851103, .status = AVAILABLE, .value = {.int32Values = [1]{0}, .floatValues = [0]{}, .int64Values = [0]{}, .bytes = [0]{}, .stringValue = ""}}
12-30 10:29:10.590   398   464 I DefaultVehicleHal_v2_0: DefaultVehicleHal::onPropertyValue, value:{.timestamp = 6686412705461, .areaId = 0, .prop = 557851103, .status = AVAILABLE, .value = {.int32Values = [1]{0}, .floatValues = [0]{}, .int64Values = [0]{}, .bytes = [0]{}, .stringValue = ""}}
12-30 10:29:10.590   398   464 D DiagPropHandler: is not DiagnosticConfig: 0x214021df
12-30 10:29:10.590   398   464 I VehiclePropertyStore: begin to write value to Store: {.timestamp = 6686412705461, .areaId = 0, .prop = 557851103, .status = AVAILABLE, .value = {.int32Values = [1]{0}, .floatValues = [0]{}, .int64Values = [0]{}, .bytes = [0]{}, .stringValue = ""}}
12-30 10:29:10.590   398   464 D adayocomadapter-CommunicationManager: onUpstreamReceive mPropertyId 0x214021df
12-30 10:29:10.593   360   458 D EvsDriver: doneWithFrame
12-30 10:29:10.616   360   931 D EvsDriver: forwardFrame
12-30 10:29:10.616   360   931 D EvsDriver: forwardFrameDirect
12-30 10:29:10.616   360   931 D EvsDriver: Delivered 0xb400e2ca9e40e270 as id 0
12-30 10:29:10.616   359  2784 D evsmanagerd: /dev/video-evs0 forwarded the buffer #0 to 0xb400f125d2b26dd0 from 0xb400f125e2b20710
12-30 10:29:10.617   596  3076 E WifiHAL : Invalid data received from driver
12-30 10:29:10.623   360   458 D EvsDriver: doneWithFrame
12-30 10:29:10.627  2358  2623 D RcfController: Rcf proxy is not connected!
12-30 10:29:10.648   650   729 D fgemcucomm: sd Uart data : 6AA602D0C900029202CF
12-30 10:29:10.648   650   729 D fgemcucomm: rev uart=55290,len=15, data : 6AA681D0C90007920206214145029C
12-30 10:29:10.648   398  2883 D adayocomadapter-ParseProtocolFunc: printRaWMsg Name[MCUToUPstream recv] len[7] data[92020621414502]
12-30 10:29:10.648   398  2883 D adayocomadapter-CommunicationManager: onUpstreamback   member[6] dataLength[4] timePoint[6686470]
12-30 10:29:10.648   398  2883 D adayocomadapter-ParseProtocolFunc: printRaWMsg Name[onUpstreamback] len[4] data[21414502]
12-30 10:29:10.648   398   464 D adayocomadapter-UpstreamHandler: processBeforePacket upSreamtProcessTimePoint[6686470] 
12-30 10:29:10.648   398   464 D adayocomadapter-ParseProtocolFunc: parseGeneralIPCLBytes Processing tablename[Table-3] tableSize[0]
12-30 10:29:10.648   398   464 D adayocomadapter-ParseProtocolFunc: printRaWMsg Name[byteStream recv] len[4] data[21414502]
12-30 10:29:10.649   360   931 D EvsDriver: forwardFrame
12-30 10:29:10.649   360   931 D EvsDriver: forwardFrameDirect
12-30 10:29:10.649   360   931 D EvsDriver: Delivered 0xb400e2ca9e40d4b0 as id 1
12-30 10:29:10.649   359  2784 D evsmanagerd: /dev/video-evs0 forwarded the buffer #1 to 0xb400f125d2b26dd0 from 0xb400f125e2b20710
12-30 10:29:10.651   398   464 D adayocomadapter-ParseProtocolFunc: printRaWMsg Name[IPCLtoVHAL] len[8520] data[21414502012141450200000000000000000000000001010100000069DA000000000000000030D071CE6DFB00B4C06173CE6DFB00B4016000000000B030000000000000000021402242000000000000000000000000016000000000824D000000000000000021402253000000000000000000000000016000000000D4CA000000000000000000000000000000000000000000000000016000000000E6B70000000000000000214022540000000000000000000000000140000000009F7A00000000000000000000000000000000000000000000000001810000000031C50000000000000000F09173CE6DFB00B400000000000000000160000000001D3E00000000000000002140215B0000000000000000000000000160000000002F43000000000000000021402162000000000000000000000000016000000000209F00000000000000002140224F000000000000000000000000014000000000F45C000000000000000000000000000000000000000000000000014000000000A2DB000000000000000000000000000000000000000000000000016000000000761800000000000000002140224B000000000000000000000000016000000000E96B00000000000000002140205E00000000000000000000000001010100000012150000000000000000802072CE6
12-30 10:29:10.651   398   464 D adayocomadapter-CommunicationManager: onUpstreamReceive mPropertyId 0x21414502
12-30 10:29:10.651   398   464 D adayocomadapter-CommunicationManager: writeValue id=[557925634]
12-30 10:29:10.651   398   464 D adayocomadapter-VehiclePropertyStore: writeValue id=[557925634]
12-30 10:29:10.653   360   458 D EvsDriver: doneWithFrame
12-30 10:29:10.658   398   464 I vw-vhal : notifyVehicleProperty, propId = 0x21414502, data = {status: 2, int32Values: [33, 65, 69, 2, 0, 0, 0, 0, 0, 0, 0, 0, 0, 0, 0, 0, 1, 1, 1, 0, 0, 0, 105, 218, 0, 0, 0, 0, 0, 0, 0, 0, 48, 208, 113, 206, 109, 251, 0, 180, 192, 97, 115, 206, 109, 251, 0, 180, 1, 96, 0, 0, 0, 0, 176, 48, 0, 0, 0, 0, 0, 0, 0, 0, 33, 64, 34, 66, 0, 0, 0, 0, 0, 0, 0, 0, 0, 0, 0, 0, 1, 96, 0, 0, 0, 0, 130, 77, 0, 0, 0, 0, 0, 0, 0, 0, 33, 64, 34, 83, 0, 0, 0, 0, 0, 0, 0, 0, 0, 0, 0, 0, 1, 96, 0, 0, 0, 0, 212, 202, 0, 0, 0, 0, 0, 0, 0, 0, 0, 0, 0, 0, 0, 0, 0, 0, 0, 0, 0, 0, 0, 0, 0, 0, 1, 96, 0, 0, 0, 0, 230, 183, 0, 0, 0, 0, 0, 0, 0, 0, 33, 64, 34, 84, 0, 0, 0, 0, 0, 0, 0, 0, 0, 0, 0, 0, 1, 64, 0, 0, 0, 0, 159, 122, 0, 0, 0, 0, 0, 0, 0, 0, 0, 0, 0, 0, 0, 0, 0, 0, 0, 0, 0, 0, 0, 0, 0, 0, 1, 129, 0, 0, 0, 0, 49, 197, 0, 0, 0, 0, 0, 0, 0, 0, 240, 145, 115, 206, 109, 251, 0, 180, 0, 0, 0, 0, 0, 0, 0, 0, 1, 96, 0, 0, 0, 0, 29, 62, 0, 0, 0, 0, 0, 0, 0, 0, 33, 64, 33, 91, 0, 0, 0, 0, 0, 0, 0, 0, 0, 0, 0, 0, 1, 96, 0, 0, 0, 0, 47, 67, 0, 0, 0, 
12-30 10:29:10.663  1628  2702 I CCarServiceManager: CarServiceManager->t()35:link:[48]     ---30:pool-2-thread-3
12-30 10:29:10.663  1628  2702 I CCarServiceManager: CarServiceManager->t()64:link 转换后:48     ---30:pool-2-thread-3
12-30 10:29:10.663  1628  2702 I CCarServiceManager: CarServiceManager->t()84:link 转换后:48     ---30:pool-2-thread-3
12-30 10:29:10.663  1628  2702 D CarPropertyManager: setProperty, propertyId: 0x2141400f, areaId: 0x0, class: class [Ljava.lang.Integer;, val: [Ljava.lang.Integer;@272a241
12-30 10:29:10.664  1365  2014 D CarPropertyService: mSyncGetSetPropertyOpCount: 1
12-30 10:29:10.665   398  2883 I DefaultVehicleHal_v2_0: DefaultVehicleHal::set, current value:{.timestamp = 0, .areaId = 0, .prop = 557924367, .status = AVAILABLE, .value = {.int32Values = [1]{0}, .floatValues = [0]{}, .int64Values = [0]{}, .bytes = [0]{}, .stringValue = ""}}
12-30 10:29:10.665   398  2883 I DefaultVehicleHalServer: onSetProperty(0x2141400f)
12-30 10:29:10.665   398  2883 D vw-vhal : CanSignalsAdapter::setVehicleProperty: propValue = {.timestamp = 0, .areaId = 0, .prop = 557924367, .status = AVAILABLE, .value = {.int32Values = [1]{1}, .floatValues = [0]{}, .int64Values = [0]{}, .bytes = [0]{}, .stringValue = ""}}
12-30 10:29:10.665   398   464 I vw-vhal : CanSignalsAdapter::notifyDiagProperty: propId = 0x21414502, data = {status: 2, int32Values: [33, 65, 69, 2, 0, 0, 0, 0, 0, 0, 0, 0, 0, 0, 0, 0, 1, 1, 1, 0, 0, 0, 105, 218, 0, 0, 0, 0, 0, 0, 0, 0, 48, 208, 113, 206, 109, 251, 0, 180, 192, 97, 115, 206, 109, 251, 0, 180, 1, 96, 0, 0, 0, 0, 176, 48, 0, 0, 0, 0, 0, 0, 0, 0, 33, 64, 34, 66, 0, 0, 0, 0, 0, 0, 0, 0, 0, 0, 0, 0, 1, 96, 0, 0, 0, 0, 130, 77, 0, 0, 0, 0, 0, 0, 0, 0, 33, 64, 34, 83, 0, 0, 0, 0, 0, 0, 0, 0, 0, 0, 0, 0, 1, 96, 0, 0, 0, 0, 212, 202, 0, 0, 0, 0, 0, 0, 0, 0, 0, 0, 0, 0, 0, 0, 0, 0, 0, 0, 0, 0, 0, 0, 0, 0, 1, 96, 0, 0, 0, 0, 230, 183, 0, 0, 0, 0, 0, 0, 0, 0, 33, 64, 34, 84, 0, 0, 0, 0, 0, 0, 0, 0, 0, 0, 0, 0, 1, 64, 0, 0, 0, 0, 159, 122, 0, 0, 0, 0, 0, 0, 0, 0, 0, 0, 0, 0, 0, 0, 0, 0, 0, 0, 0, 0, 0, 0, 0, 0, 1, 129, 0, 0, 0, 0, 49, 197, 0, 0, 0, 0, 0, 0, 0, 0, 240, 145, 115, 206, 109, 251, 0, 180, 0, 0, 0, 0, 0, 0, 0, 0, 1, 96, 0, 0, 0, 0, 29, 62, 0, 0, 0, 0, 0, 0, 0, 0, 33, 64, 33, 91, 0, 0, 0, 0, 0, 0, 0, 0, 0, 0, 0, 0, 1, 96, 0, 0, 0, 0, 4
12-30 10:29:10.665   398  2883 D vw-vhal : CanSignalsAdapter::setVehicleProperty: propId = 0x2141400f, data = {status: 0, int32Values: [1]}
12-30 10:29:10.665   398  2883 D adayocomadapter-CommunicationManager: setProperty id=[557924367]
12-30 10:29:10.665   398  2883 D adayocomadapter-CommunicationManager: writeValue id=[557924367]
12-30 10:29:10.665   398  2883 D adayocomadapter-VehiclePropertyStore: writeValue id=[557924367]
12-30 10:29:10.665   398  2883 D adayocomadapter-CommunicationManager: sendToDownstream mPropertyId 0x2141400f
12-30 10:29:10.665   398  2883 D adayocomadapter-ParseProtocolFunc: printRaWMsg Name[sendToDownstream] len[4] data[00000000]
12-30 10:29:10.665   398  2883 D adayocomadapter-ParseProtocolFunc: printRaWMsg Name[sendToDownstream] len[4] data[2141400F]
12-30 10:29:10.665   398  2883 D adayocomadapter-ParseProtocolFunc: printRaWMsg Name[sendToDownstream] len[5] data[2141400F01]
12-30 10:29:10.665   398  2883 D adayocomadapter-CommunicationManager: sendToDownstream ret[0]   member[130] dataLength[1] timePoint[6686487] 
12-30 10:29:10.665   398  2883 D adayocomadapter-ParseProtocolFunc: printRaWMsg Name[sendToDownstream] len[5] data[2141400F01]
12-30 10:29:10.665   398  2883 D adayocomadapter-CommunicationManager: sendToDownstream  000 mPropertyId[0x557924367]  
12-30 10:29:10.665   398   698 D adayocomadapter-DownstreamHandler: processBeforePacket downSreamtProcessTimePoint[6686487] 
12-30 10:29:10.665   398   698 D adayocomadapter-DownstreamHandler: DownstreamHandler processPacket 
12-30 10:29:10.665   398   698 D adayocomadapter-DownstreamHandler: DownstreamHandler processPacket valueIndex 0x2141400f
12-30 10:29:10.665   398   698 D adayocomadapter-DownstreamHandler: DownstreamHandler processPacket 0002
12-30 10:29:10.665   398   698 D adayocomadapter-DownstreamHandler: DownstreamHandler processPacket sendMCUData2 
12-30 10:29:10.665   398   698 D adayocomadapter-CommunicationManager: sendMCUData 
12-30 10:29:10.665   398   698 D adayocomadapter-MCUInterfaceHandler: sendToMCU start
12-30 10:29:10.665  1365  2014 D CarPropertyService: mSyncGetSetPropertyOpCount: 0
12-30 10:29:10.665   650   730 D fgemcucomm: sd Uart data : 6AA601143F00081202022141400F01DC
12-30 10:29:10.665   398   698 D adayocomadapter-ParseProtocolFunc: printRaWMsg Name[sendToMCU] len[8] data[1202022141400F01]
12-30 10:29:10.666  1628  2702 I CCarServiceManager: CarServiceManager->t()118:link:0     ---30:pool-2-thread-3
12-30 10:29:10.667   650   729 D fgemcucomm: sd Uart data : 6AA602D0CA0002800AD8
12-30 10:29:10.668   650   729 D fgemcucomm: rev uart=55291,len=13, data : 6AA681D0CA0005800A04000052
12-30 10:29:10.668   398  2883 D adayocomadapter-ParseProtocolFunc: printRaWMsg Name[MCUToUPstream recv] len[4] data[800A0400]
12-30 10:29:10.668   398  2883 D adayocomadapter-CommunicationManager: onUpstreamback   member[7] dataLength[2] timePoint[6686490]
12-30 10:29:10.668   398  2883 D adayocomadapter-ParseProtocolFunc: printRaWMsg Name[onUpstreamback] len[2] data[0400]
12-30 10:29:10.668   650   730 D fgemcucomm: file = hardware/interfaces/fgemcucomm/1.0/default/mcucomm/src/mcuCommFunctionTimer.cpp, function = startTimer  start timer OK = 5183 
12-30 10:29:10.669   398   464 I vw-vhal : CanSignalsAdapter::notifyVehicleProperty: solvedValue = {.timestamp = 6686487277795, .areaId = 0, .prop = 557925634, .status = AVAILABLE, .value = {.int32Values = [8515]{33, 65, 69, 2, 0, 0, 0, 0, 0, 0, 0, 0, 0, 0, 0, 0, 1, 1, 1, 0, 0, 0, 105, 218, 0, 0, 0, 0, 0, 0, 0, 0, 48, 208, 113, 206, 109, 251, 0, 180, 192, 97, 115, 206, 109, 251, 0, 180, 1, 96, 0, 0, 0, 0, 176, 48, 0, 0, 0, 0, 0, 0, 0, 0, 33, 64, 34, 66, 0, 0, 0, 0, 0, 0, 0, 0, 0, 0, 0, 0, 1, 96, 0, 0, 0, 0, 130, 77, 0, 0, 0, 0, 0, 0, 0, 0, 33, 64, 34, 83, 0, 0, 0, 0, 0, 0, 0, 0, 0, 0, 0, 0, 1, 96, 0, 0, 0, 0, 212, 202, 0, 0, 0, 0, 0, 0, 0, 0, 0, 0, 0, 0, 0, 0, 0, 0, 0, 0, 0, 0, 0, 0, 0, 0, 1, 96, 0, 0, 0, 0, 230, 183, 0, 0, 0, 0, 0, 0, 0, 0, 33, 64, 34, 84, 0, 0, 0, 0, 0, 0, 0, 0, 0, 0, 0, 0, 1, 64, 0, 0, 0, 0, 159, 122, 0, 0, 0, 0, 0, 0, 0, 0, 0, 0, 0, 0, 0, 0, 0, 0, 0, 0, 0, 0, 0, 0, 0, 0, 1, 129, 0, 0, 0, 0, 49, 197, 0, 0, 0, 0, 0, 0, 0, 0, 240, 145, 115, 206, 109, 251, 0, 180, 0, 0, 0, 0, 0, 0, 0, 0, 1, 96, 0, 0, 0, 0, 29, 62, 0, 0, 0, 0, 0, 0, 0
