12-30 10:29:13.023   398   464 I DefaultVehicleHal_v2_0: DefaultVehicleHal::onPropertyValue, value:{.timestamp = 6688845203462, .areaId = 0, .prop = 557851198, .status = AVAILABLE, .value = {.int32Values = [1]{0}, .floatValues = [0]{}, .int64Values = [0]{}, .bytes = [0]{}, .stringValue = ""}}
12-30 10:29:13.023   398   464 D DiagPropHandler: is not DiagnosticConfig: 0x2140223e
12-30 10:29:13.023   398   464 I VehiclePropertyStore: begin to write value to Store: {.timestamp = 6688845203462, .areaId = 0, .prop = 557851198, .status = AVAILABLE, .value = {.int32Values = [1]{0}, .floatValues = [0]{}, .int64Values = [0]{}, .bytes = [0]{}, .stringValue = ""}}
12-30 10:29:13.023   398   464 D adayocomadapter-CommunicationManager: onUpstreamReceive mPropertyId 0x2140223e
12-30 10:29:13.023   398   464 D adayocomadapter-CommunicationManager: onUpstreamReceive mPropertyId 0x21402119
12-30 10:29:13.023   398   464 D adayocomadapter-CommunicationManager: convertBytesToInt32Memcpy  0
12-30 10:29:13.023   398   464 I vw-vhal : notifyVehicleProperty, propId = 0x21402119, data = {status: 2, int32Values: [0]}
12-30 10:29:13.024   398   464 I vw-vhal : CanSignalsAdapter::notifyVehicleProperty: solvedValue = {.timestamp = 6688845894795, .areaId = 0, .prop = 557850905, .status = AVAILABLE, .value = {.int32Values = [1]{0}, .floatValues = [0]{}, .int64Values = [0]{}, .bytes = [0]{}, .stringValue = ""}}
12-30 10:29:13.024   398   464 I VehiclePropertyStore: begin to write value to Store: {.timestamp = 6688845894795, .areaId = 0, .prop = 557850905, .status = AVAILABLE, .value = {.int32Values = [1]{0}, .floatValues = [0]{}, .int64Values = [0]{}, .bytes = [0]{}, .stringValue = ""}}
12-30 10:29:13.024   398   464 I DefaultVehicleHal_v2_0: DefaultVehicleHal::onPropertyValue, value:{.timestamp = 6688845894795, .areaId = 0, .prop = 557850905, .status = AVAILABLE, .value = {.int32Values = [1]{0}, .floatValues = [0]{}, .int64Values = [0]{}, .bytes = [0]{}, .stringValue = ""}}
12-30 10:29:13.024   398   464 D DiagPropHandler: is not DiagnosticConfig: 0x21402119
12-30 10:29:13.024   398   464 I VehiclePropertyStore: begin to write value to Store: {.timestamp = 6688845894795, .areaId = 0, .prop = 557850905, .status = AVAILABLE, .value = {.int32Values = [1]{0}, .floatValues = [0]{}, .int64Values = [0]{}, .bytes = [0]{}, .stringValue = ""}}
12-30 10:29:13.024   398   464 D adayocomadapter-CommunicationManager: onUpstreamReceive mPropertyId 0x21402119
12-30 10:29:13.024   398   464 D adayocomadapter-CommunicationManager: onUpstreamReceive mPropertyId 0x21402005
12-30 10:29:13.024   398   464 D adayocomadapter-CommunicationManager: convertBytesToInt32Memcpy  0
12-30 10:29:13.024   398   464 I vw-vhal : notifyVehicleProperty, propId = 0x21402005, data = {status: 2, int32Values: [0]}
12-30 10:29:13.024   398   464 I vw-vhal : CanSignalsAdapter::notifyVehicleProperty: solvedValue = {.timestamp = 6688846558795, .areaId = 0, .prop = 557850629, .status = AVAILABLE, .value = {.int32Values = [1]{0}, .floatValues = [0]{}, .int64Values = [0]{}, .bytes = [0]{}, .stringValue = ""}}
12-30 10:29:13.024   398   464 I VehiclePropertyStore: begin to write value to Store: {.timestamp = 6688846558795, .areaId = 0, .prop = 557850629, .status = AVAILABLE, .value = {.int32Values = [1]{0}, .floatValues = [0]{}, .int64Values = [0]{}, .bytes = [0]{}, .stringValue = ""}}
12-30 10:29:13.024   398   464 I DefaultVehicleHal_v2_0: DefaultVehicleHal::onPropertyValue, value:{.timestamp = 6688846558795, .areaId = 0, .prop = 557850629, .status = AVAILABLE, .value = {.int32Values = [1]{0}, .floatValues = [0]{}, .int64Values = [0]{}, .bytes = [0]{}, .stringValue = ""}}
12-30 10:29:13.024   398   464 D DiagPropHandler: is not DiagnosticConfig: 0x21402005
12-30 10:29:13.025   398   464 I VehiclePropertyStore: begin to write value to Store: {.timestamp = 6688846558795, .areaId = 0, .prop = 557850629, .status = AVAILABLE, .value = {.int32Values = [1]{0}, .floatValues = [0]{}, .int64Values = [0]{}, .bytes = [0]{}, .stringValue = ""}}
12-30 10:29:13.025   398   464 D adayocomadapter-CommunicationManager: onUpstreamReceive mPropertyId 0x21402005
12-30 10:29:13.025   398   464 D adayocomadapter-CommunicationManager: onUpstreamReceive mPropertyId 0x2140214e
12-30 10:29:13.025   398   464 D adayocomadapter-CommunicationManager: convertBytesToInt32Memcpy  0
12-30 10:29:13.025   398   464 I vw-vhal : notifyVehicleProperty, propId = 0x2140214e, data = {status: 2, int32Values: [0]}
12-30 10:29:13.025   398   464 I vw-vhal : CanSignalsAdapter::notifyVehicleProperty: solvedValue = {.timestamp = 6688847215128, .areaId = 0, .prop = 557850958, .status = AVAILABLE, .value = {.int32Values = [1]{0}, .floatValues = [0]{}, .int64Values = [0]{}, .bytes = [0]{}, .stringValue = ""}}
12-30 10:29:13.025   398   464 I VehiclePropertyStore: begin to write value to Store: {.timestamp = 6688847215128, .areaId = 0, .prop = 557850958, .status = AVAILABLE, .value = {.int32Values = [1]{0}, .floatValues = [0]{}, .int64Values = [0]{}, .bytes = [0]{}, .stringValue = ""}}
12-30 10:29:13.025   398   464 I DefaultVehicleHal_v2_0: DefaultVehicleHal::onPropertyValue, value:{.timestamp = 6688847215128, .areaId = 0, .prop = 557850958, .status = AVAILABLE, .value = {.int32Values = [1]{0}, .floatValues = [0]{}, .int64Values = [0]{}, .bytes = [0]{}, .stringValue = ""}}
12-30 10:29:13.025   398   464 D DiagPropHandler: is not DiagnosticConfig: 0x2140214e
12-30 10:29:13.025   398   464 I VehiclePropertyStore: begin to write value to Store: {.timestamp = 6688847215128, .areaId = 0, .prop = 557850958, .status = AVAILABLE, .value = {.int32Values = [1]{0}, .floatValues = [0]{}, .int64Values = [0]{}, .bytes = [0]{}, .stringValue = ""}}
12-30 10:29:13.025   398   464 D adayocomadapter-CommunicationManager: onUpstreamReceive mPropertyId 0x2140214e
12-30 10:29:13.025   398   464 D adayocomadapter-CommunicationManager: onUpstreamReceive mPropertyId 0x21402056
12-30 10:29:13.025   398   464 D adayocomadapter-CommunicationManager: convertBytesToInt32Memcpy  0
12-30 10:29:13.025   398   464 I vw-vhal : notifyVehicleProperty, propId = 0x21402056, data = {status: 2, int32Values: [0]}
12-30 10:29:13.026   398   464 I vw-vhal : CanSignalsAdapter::notifyVehicleProperty: solvedValue = {.timestamp = 6688847873128, .areaId = 0, .prop = 557850710, .status = AVAILABLE, .value = {.int32Values = [1]{0}, .floatValues = [0]{}, .int64Values = [0]{}, .bytes = [0]{}, .stringValue = ""}}
12-30 10:29:13.026   398   464 I VehiclePropertyStore: begin to write value to Store: {.timestamp = 6688847873128, .areaId = 0, .prop = 557850710, .status = AVAILABLE, .value = {.int32Values = [1]{0}, .floatValues = [0]{}, .int64Values = [0]{}, .bytes = [0]{}, .stringValue = ""}}
12-30 10:29:13.026   398   464 I DefaultVehicleHal_v2_0: DefaultVehicleHal::onPropertyValue, value:{.timestamp = 6688847873128, .areaId = 0, .prop = 557850710, .status = AVAILABLE, .value = {.int32Values = [1]{0}, .floatValues = [0]{}, .int64Values = [0]{}, .bytes = [0]{}, .stringValue = ""}}
12-30 10:29:13.026   398   464 D DiagPropHandler: is not DiagnosticConfig: 0x21402056
12-30 10:29:13.026   398   464 I VehiclePropertyStore: begin to write value to Store: {.timestamp = 6688847873128, .areaId = 0, .prop = 557850710, .status = AVAILABLE, .value = {.int32Values = [1]{0}, .floatValues = [0]{}, .int64Values = [0]{}, .bytes = [0]{}, .stringValue = ""}}
12-30 10:29:13.026   398   464 D adayocomadapter-CommunicationManager: onUpstreamReceive mPropertyId 0x21402056
12-30 10:29:13.026   398   464 D adayocomadapter-CommunicationManager: onUpstreamReceive mPropertyId 0x21402057
12-30 10:29:13.026   398   464 D adayocomadapter-CommunicationManager: convertBytesToInt32Memcpy  0
12-30 10:29:13.026   398   464 I vw-vhal : notifyVehicleProperty, propId = 0x21402057, data = {status: 2, int32Values: [0]}
12-30 10:29:13.026   398   464 I vw-vhal : CanSignalsAdapter::notifyVehicleProperty: solvedValue = {.timestamp = 6688848573128, .areaId = 0, .prop = 557850711, .status = AVAILABLE, .value = {.int32Values = [1]{0}, .floatValues = [0]{}, .int64Values = [0]{}, .bytes = [0]{}, .stringValue = ""}}
12-30 10:29:13.026   398   464 I VehiclePropertyStore: begin to write value to Store: {.timestamp = 6688848573128, .areaId = 0, .prop = 557850711, .status = AVAILABLE, .value = {.int32Values = [1]{0}, .floatValues = [0]{}, .int64Values = [0]{}, .bytes = [0]{}, .stringValue = ""}}
12-30 10:29:13.026   398   464 I DefaultVehicleHal_v2_0: DefaultVehicleHal::onPropertyValue, value:{.timestamp = 6688848573128, .areaId = 0, .prop = 557850711, .status = AVAILABLE, .value = {.int32Values = [1]{0}, .floatValues = [0]{}, .int64Values = [0]{}, .bytes = [0]{}, .stringValue = ""}}
12-30 10:29:13.027   398   464 D DiagPropHandler: is not DiagnosticConfig: 0x21402057
12-30 10:29:13.027   398   464 I VehiclePropertyStore: begin to write value to Store: {.timestamp = 6688848573128, .areaId = 0, .prop = 557850711, .status = AVAILABLE, .value = {.int32Values = [1]{0}, .floatValues = [0]{}, .int64Values = [0]{}, .bytes = [0]{}, .stringValue = ""}}
12-30 10:29:13.027   398   464 D adayocomadapter-CommunicationManager: onUpstreamReceive mPropertyId 0x21402057
12-30 10:29:13.027   398   464 D adayocomadapter-CommunicationManager: onUpstreamReceive mPropertyId 0x21402058
12-30 10:29:13.027   398   464 D adayocomadapter-CommunicationManager: convertBytesToInt32Memcpy  0
12-30 10:29:13.027   398   464 I vw-vhal : notifyVehicleProperty, propId = 0x21402058, data = {status: 2, int32Values: [0]}
12-30 10:29:13.027   398   464 I vw-vhal : CanSignalsAdapter::notifyVehicleProperty: solvedValue = {.timestamp = 6688849226128, .areaId = 0, .prop = 557850712, .status = AVAILABLE, .value = {.int32Values = [1]{0}, .floatValues = [0]{}, .int64Values = [0]{}, .bytes = [0]{}, .stringValue = ""}}
12-30 10:29:13.027   398   464 I VehiclePropertyStore: begin to write value to Store: {.timestamp = 6688849226128, .areaId = 0, .prop = 557850712, .status = AVAILABLE, .value = {.int32Values = [1]{0}, .floatValues = [0]{}, .int64Values = [0]{}, .bytes = [0]{}, .stringValue = ""}}
12-30 10:29:13.027   398   464 I DefaultVehicleHal_v2_0: DefaultVehicleHal::onPropertyValue, value:{.timestamp = 6688849226128, .areaId = 0, .prop = 557850712, .status = AVAILABLE, .value = {.int32Values = [1]{0}, .floatValues = [0]{}, .int64Values = [0]{}, .bytes = [0]{}, .stringValue = ""}}
12-30 10:29:13.027   398   464 D DiagPropHandler: is not DiagnosticConfig: 0x21402058
12-30 10:29:13.027   398   464 I VehiclePropertyStore: begin to write value to Store: {.timestamp = 6688849226128, .areaId = 0, .prop = 557850712, .status = AVAILABLE, .value = {.int32Values = [1]{0}, .floatValues = [0]{}, .int64Values = [0]{}, .bytes = [0]{}, .stringValue = ""}}
12-30 10:29:13.027   398   464 D adayocomadapter-CommunicationManager: onUpstreamReceive mPropertyId 0x21402058
12-30 10:29:13.027   398   464 D adayocomadapter-CommunicationManager: onUpstreamReceive mPropertyId 0x2140205a
12-30 10:29:13.027   398   464 D adayocomadapter-CommunicationManager: convertBytesToInt32Memcpy  0
12-30 10:29:13.027   398   464 I vw-vhal : notifyVehicleProperty, propId = 0x2140205a, data = {status: 2, int32Values: [0]}
12-30 10:29:13.028   398   464 I vw-vhal : CanSignalsAdapter::notifyVehicleProperty: solvedValue = {.timestamp = 6688849868462, .areaId = 0, .prop = 557850714, .status = AVAILABLE, .value = {.int32Values = [1]{0}, .floatValues = [0]{}, .int64Values = [0]{}, .bytes = [0]{}, .stringValue = ""}}
12-30 10:29:13.028   398   464 I VehiclePropertyStore: begin to write value to Store: {.timestamp = 6688849868462, .areaId = 0, .prop = 557850714, .status = AVAILABLE, .value = {.int32Values = [1]{0}, .floatValues = [0]{}, .int64Values = [0]{}, .bytes = [0]{}, .stringValue = ""}}
12-30 10:29:13.028   398   464 I DefaultVehicleHal_v2_0: DefaultVehicleHal::onPropertyValue, value:{.timestamp = 6688849868462, .areaId = 0, .prop = 557850714, .status = AVAILABLE, .value = {.int32Values = [1]{0}, .floatValues = [0]{}, .int64Values = [0]{}, .bytes = [0]{}, .stringValue = ""}}
12-30 10:29:13.028   398   464 D DiagPropHandler: is not DiagnosticConfig: 0x2140205a
12-30 10:29:13.028   398   464 I VehiclePropertyStore: begin to write value to Store: {.timestamp = 6688849868462, .areaId = 0, .prop = 557850714, .status = AVAILABLE, .value = {.int32Values = [1]{0}, .floatValues = [0]{}, .int64Values = [0]{}, .bytes = [0]{}, .stringValue = ""}}
12-30 10:29:13.028   398   464 D adayocomadapter-CommunicationManager: onUpstreamReceive mPropertyId 0x2140205a
12-30 10:29:13.028   398   464 D adayocomadapter-CommunicationManager: onUpstreamReceive mPropertyId 0x2140205b
12-30 10:29:13.028   398   464 D adayocomadapter-CommunicationManager: convertBytesToInt32Memcpy  0
12-30 10:29:13.028   398   464 I vw-vhal : notifyVehicleProperty, propId = 0x2140205b, data = {status: 2, int32Values: [0]}
12-30 10:29:13.028   398   464 I vw-vhal : CanSignalsAdapter::notifyVehicleProperty: solvedValue = {.timestamp = 6688850575128, .areaId = 0, .prop = 557850715, .status = AVAILABLE, .value = {.int32Values = [1]{0}, .floatValues = [0]{}, .int64Values = [0]{}, .bytes = [0]{}, .stringValue = ""}}
12-30 10:29:13.028   398   464 I VehiclePropertyStore: begin to write value to Store: {.timestamp = 6688850575128, .areaId = 0, .prop = 557850715, .status = AVAILABLE, .value = {.int32Values = [1]{0}, .floatValues = [0]{}, .int64Values = [0]{}, .bytes = [0]{}, .stringValue = ""}}
12-30 10:29:13.028   398   464 I DefaultVehicleHal_v2_0: DefaultVehicleHal::onPropertyValue, value:{.timestamp = 6688850575128, .areaId = 0, .prop = 557850715, .status = AVAILABLE, .value = {.int32Values = [1]{0}, .floatValues = [0]{}, .int64Values = [0]{}, .bytes = [0]{}, .stringValue = ""}}
12-30 10:29:13.029   398   464 D DiagPropHandler: is not DiagnosticConfig: 0x2140205b
12-30 10:29:13.029   398   464 I VehiclePropertyStore: begin to write value to Store: {.timestamp = 6688850575128, .areaId = 0, .prop = 557850715, .status = AVAILABLE, .value = {.int32Values = [1]{0}, .floatValues = [0]{}, .int64Values = [0]{}, .bytes = [0]{}, .stringValue = ""}}
12-30 10:29:13.029   398   464 D adayocomadapter-CommunicationManager: onUpstreamReceive mPropertyId 0x2140205b
12-30 10:29:13.029   398   464 D adayocomadapter-CommunicationManager: onUpstreamReceive mPropertyId 0x2140205c
12-30 10:29:13.029   398   464 D adayocomadapter-CommunicationManager: convertBytesToInt32Memcpy  0
12-30 10:29:13.029   398   464 I vw-vhal : notifyVehicleProperty, propId = 0x2140205c, data = {status: 2, int32Values: [0]}
12-30 10:29:13.029   650   729 D fgemcucomm: sd Uart data : 6AA602D0DD00029202BB
12-30 10:29:13.029   398   464 I vw-vhal : CanSignalsAdapter::notifyVehicleProperty: solvedValue = {.timestamp = 6688851741462, .areaId = 0, .prop = 557850716, .status = AVAILABLE, .value = {.int32Values = [1]{0}, .floatValues = [0]{}, .int64Values = [0]{}, .bytes = [0]{}, .stringValue = ""}}
12-30 10:29:13.030   398   464 I VehiclePropertyStore: begin to write value to Store: {.timestamp = 6688851741462, .areaId = 0, .prop = 557850716, .status = AVAILABLE, .value = {.int32Values = [1]{0}, .floatValues = [0]{}, .int64Values = [0]{}, .bytes = [0]{}, .stringValue = ""}}
12-30 10:29:13.030   650   729 D fgemcucomm: rev uart=55311,len=23, data : 6AA681D0DD000F9202000400000000000000000000002B
12-30 10:29:13.030   398   464 I DefaultVehicleHal_v2_0: DefaultVehicleHal::onPropertyValue, value:{.timestamp = 6688851741462, .areaId = 0, .prop = 557850716, .status = AVAILABLE, .value = {.int32Values = [1]{0}, .floatValues = [0]{}, .int64Values = [0]{}, .bytes = [0]{}, .stringValue = ""}}
12-30 10:29:13.030   398   464 D DiagPropHandler: is not DiagnosticConfig: 0x2140205c
12-30 10:29:13.030   398   464 I VehiclePropertyStore: begin to write value to Store: {.timestamp = 6688851741462, .areaId = 0, .prop = 557850716, .status = AVAILABLE, .value = {.int32Values = [1]{0}, .floatValues = [0]{}, .int64Values = [0]{}, .bytes = [0]{}, .stringValue = ""}}
12-30 10:29:13.030   398  2883 D adayocomadapter-ParseProtocolFunc: printRaWMsg Name[MCUToUPstream recv] len[15] data[920200040000000000000000000000]
12-30 10:29:13.030   398   464 D adayocomadapter-CommunicationManager: onUpstreamReceive mPropertyId 0x2140205c
12-30 10:29:13.030   398  2883 D adayocomadapter-CommunicationManager: onUpstreamback   member[0] dataLength[12] timePoint[6688852]
12-30 10:29:13.030   398   464 D adayocomadapter-CommunicationManager: onUpstreamReceive mPropertyId 0x2140218e
12-30 10:29:13.030   398  2883 D adayocomadapter-ParseProtocolFunc: printRaWMsg Name[onUpstreamback] len[12] data[040000000000000000000000]
12-30 10:29:13.030   398   464 D adayocomadapter-CommunicationManager: convertBytesToInt32Memcpy  0
12-30 10:29:13.030   398   464 I vw-vhal : notifyVehicleProperty, propId = 0x2140218e, data = {status: 2, int32Values: [0]}
12-30 10:29:13.030   398   464 I vw-vhal : CanSignalsAdapter::notifyVehicleProperty: solvedValue = {.timestamp = 6688852541462, .areaId = 0, .prop = 557851022, .status = AVAILABLE, .value = {.int32Values = [1]{0}, .floatValues = [0]{}, .int64Values = [0]{}, .bytes = [0]{}, .stringValue = ""}}
12-30 10:29:13.030   398   464 I VehiclePropertyStore: begin to write value to Store: {.timestamp = 6688852541462, .areaId = 0, .prop = 557851022, .status = AVAILABLE, .value = {.int32Values = [1]{0}, .floatValues = [0]{}, .int64Values = [0]{}, .bytes = [0]{}, .stringValue = ""}}
12-30 10:29:13.030   398   464 I DefaultVehicleHal_v2_0: DefaultVehicleHal::onPropertyValue, value:{.timestamp = 6688852541462, .areaId = 0, .prop = 557851022, .status = AVAILABLE, .value = {.int32Values = [1]{0}, .floatValues = [0]{}, .int64Values = [0]{}, .bytes = [0]{}, .stringValue = ""}}
12-30 10:29:13.030   398   464 D DiagPropHandler: is not DiagnosticConfig: 0x2140218e
12-30 10:29:13.031   398   464 I VehiclePropertyStore: begin to write value to Store: {.timestamp = 6688852541462, .areaId = 0, .prop = 557851022, .status = AVAILABLE, .value = {.int32Values = [1]{0}, .floatValues = [0]{}, .int64Values = [0]{}, .bytes = [0]{}, .stringValue = ""}}
12-30 10:29:13.031   398   464 D adayocomadapter-CommunicationManager: onUpstreamReceive mPropertyId 0x2140218e
12-30 10:29:13.031   398   464 D adayocomadapter-CommunicationManager: onUpstreamReceive mPropertyId 0x2140218f
12-30 10:29:13.031   398   464 D adayocomadapter-CommunicationManager: convertBytesToInt32Memcpy  0
12-30 10:29:13.031   398   464 I vw-vhal : notifyVehicleProperty, propId = 0x2140218f, data = {status: 2, int32Values: [0]}
12-30 10:29:13.031   398   464 I vw-vhal : CanSignalsAdapter::notifyVehicleProperty: solvedValue = {.timestamp = 6688853405795, .areaId = 0, .prop = 557851023, .status = AVAILABLE, .value = {.int32Values = [1]{0}, .floatValues = [0]{}, .int64Values = [0]{}, .bytes = [0]{}, .stringValue = ""}}
12-30 10:29:13.031   398   464 I VehiclePropertyStore: begin to write value to Store: {.timestamp = 6688853405795, .areaId = 0, .prop = 557851023, .status = AVAILABLE, .value = {.int32Values = [1]{0}, .floatValues = [0]{}, .int64Values = [0]{}, .bytes = [0]{}, .stringValue = ""}}
12-30 10:29:13.031   398   464 I DefaultVehicleHal_v2_0: DefaultVehicleHal::onPropertyValue, value:{.timestamp = 6688853405795, .areaId = 0, .prop = 557851023, .status = AVAILABLE, .value = {.int32Values = [1]{0}, .floatValues = [0]{}, .int64Values = [0]{}, .bytes = [0]{}, .stringValue = ""}}
12-30 10:29:13.031   398   464 D DiagPropHandler: is not DiagnosticConfig: 0x2140218f
12-30 10:29:13.031   398   464 I VehiclePropertyStore: begin to write value to Store: {.timestamp = 6688853405795, .areaId = 0, .prop = 557851023, .status = AVAILABLE, .value = {.int32Values = [1]{0}, .floatValues = [0]{}, .int64Values = [0]{}, .bytes = [0]{}, .stringValue = ""}}
12-30 10:29:13.031   398   464 D adayocomadapter-CommunicationManager: onUpstreamReceive mPropertyId 0x2140218f
12-30 10:29:13.032   398   464 D adayocomadapter-CommunicationManager: onUpstreamReceive mPropertyId 0x21402191
12-30 10:29:13.032   398   464 D adayocomadapter-CommunicationManager: convertBytesToInt32Memcpy  0
12-30 10:29:13.032   398   464 I vw-vhal : notifyVehicleProperty, propId = 0x21402191, data = {status: 2, int32Values: [0]}
12-30 10:29:13.032   398   464 I vw-vhal : CanSignalsAdapter::notifyVehicleProperty: solvedValue = {.timestamp = 6688854047128, .areaId = 0, .prop = 557851025, .status = AVAILABLE, .value = {.int32Values = [1]{0}, .floatValues = [0]{}, .int64Values = [0]{}, .bytes = [0]{}, .stringValue = ""}}
12-30 10:29:13.032   398   464 I VehiclePropertyStore: begin to write value to Store: {.timestamp = 6688854047128, .areaId = 0, .prop = 557851025, .status = AVAILABLE, .value = {.int32Values = [1]{0}, .floatValues = [0]{}, .int64Values = [0]{}, .bytes = [0]{}, .stringValue = ""}}
12-30 10:29:13.032   398   464 I DefaultVehicleHal_v2_0: DefaultVehicleHal::onPropertyValue, value:{.timestamp = 6688854047128, .areaId = 0, .prop = 557851025, .status = AVAILABLE, .value = {.int32Values = [1]{0}, .floatValues = [0]{}, .int64Values = [0]{}, .bytes = [0]{}, .stringValue = ""}}
12-30 10:29:13.032   398   464 D DiagPropHandler: is not DiagnosticConfig: 0x21402191
12-30 10:29:13.032   398   464 I VehiclePropertyStore: begin to write value to Store: {.timestamp = 6688854047128, .areaId = 0, .prop = 557851025, .status = AVAILABLE, .value = {.int32Values = [1]{0}, .floatValues = [0]{}, .int64Values = [0]{}, .bytes = [0]{}, .stringValue = ""}}
12-30 10:29:13.032   398   464 D adayocomadapter-CommunicationManager: onUpstreamReceive mPropertyId 0x21402191
12-30 10:29:13.032   398   464 D adayocomadapter-CommunicationManager: onUpstreamReceive mPropertyId 0x2140223d
12-30 10:29:13.032   398   464 D adayocomadapter-CommunicationManager: convertBytesToInt32Memcpy  0
12-30 10:29:13.032   398   464 I vw-vhal : notifyVehicleProperty, propId = 0x2140223d, data = {status: 2, int32Values: [0]}
12-30 10:29:13.032   398   464 I vw-vhal : CanSignalsAdapter::notifyVehicleProperty: solvedValue = {.timestamp = 6688854684462, .areaId = 0, .prop = 557851197, .status = AVAILABLE, .value = {.int32Values = [1]{0}, .floatValues = [0]{}, .int64Values = [0]{}, .bytes = [0]{}, .stringValue = ""}}
12-30 10:29:13.032   398   464 I VehiclePropertyStore: begin to write value to Store: {.timestamp = 6688854684462, .areaId = 0, .prop = 557851197, .status = AVAILABLE, .value = {.int32Values = [1]{0}, .floatValues = [0]{}, .int64Values = [0]{}, .bytes = [0]{}, .stringValue = ""}}
12-30 10:29:13.033   398   464 I DefaultVehicleHal_v2_0: DefaultVehicleHal::onPropertyValue, value:{.timestamp = 6688854684462, .areaId = 0, .prop = 557851197, .status = AVAILABLE, .value = {.int32Values = [1]{0}, .floatValues = [0]{}, .int64Values = [0]{}, .bytes = [0]{}, .stringValue = ""}}
12-30 10:29:13.033   398   464 D DiagPropHandler: is not DiagnosticConfig: 0x2140223d
12-30 10:29:13.033   398   464 I VehiclePropertyStore: begin to write value to Store: {.timestamp = 6688854684462, .areaId = 0, .prop = 557851197, .status = AVAILABLE, .value = {.int32Values = [1]{0}, .floatValues = [0]{}, .int64Values = [0]{}, .bytes = [0]{}, .stringValue = ""}}
12-30 10:29:13.033   398   464 D adayocomadapter-CommunicationManager: onUpstreamReceive mPropertyId 0x2140223d
12-30 10:29:13.033   398   464 D adayocomadapter-UpstreamHandler: processBeforePacket upSreamtProcessTimePoint[6688855] 
12-30 10:29:13.033   398   464 D adayocomadapter-UpstreamHandler: processPacket UPSTREAM_QUEUE_DATA_TIMEOUT
12-30 10:29:13.033   398   464 D adayocomadapter-ParseProtocolFunc: parseCommonIPCLBytes Processing tableNumber[4]
12-30 10:29:13.033   398   464 D adayocomadapter-ParseProtocolFunc: parseCommonIPCLBytes Processing tablename[Table-4] tableSize[12]
12-30 10:29:13.033   398   464 D adayocomadapter-ParseProtocolFunc: printRaWMsg Name[byteStream recv] len[12] data[040000000000000000000000]
12-30 10:29:13.033   398   464 D adayocomadapter-ParseProtocolFunc: printRaWMsg Name[IPCLtoVHAL] len[7] data[2140200C000000]
12-30 10:29:13.033   398   464 D adayocomadapter-ParseProtocolFunc: printRaWMsg Name[IPCLtoVHAL] len[7] data[2140200D000000]
12-30 10:29:13.033   398   464 D adayocomadapter-ParseProtocolFunc: printRaWMsg Name[IPCLtoVHAL] len[6] data[214022330000]
12-30 10:29:13.033   398   464 D adayocomadapter-ParseProtocolFunc: printRaWMsg Name[IPCLtoVHAL] len[9] data[2140201D0000000000]
12-30 10:29:13.033   398   464 D adayocomadapter-ParseProtocolFunc: printRaWMsg Name[IPCLtoVHAL] len[7] data[2140201E000000]
12-30 10:29:13.033   398   464 D adayocomadapter-CommunicationManager: onUpstreamReceive mPropertyId 0x2140200c
12-30 10:29:13.033   398   464 D adayocomadapter-CommunicationManager: convertBytesToInt32Memcpy  0
12-30 10:29:13.034   398   464 I vw-vhal : notifyVehicleProperty, propId = 0x2140200c, data = {status: 2, int32Values: [0]}
12-30 10:29:13.034   398   464 I vw-vhal : CanSignalsAdapter::notifyVehicleProperty: solvedValue = {.timestamp = 6688855943795, .areaId = 0, .prop = 557850636, .status = AVAILABLE, .value = {.int32Values = [1]{0}, .floatValues = [0]{}, .int64Values = [0]{}, .bytes = [0]{}, .stringValue = ""}}
12-30 10:29:13.034   398   464 I VehiclePropertyStore: begin to write value to Store: {.timestamp = 6688855943795, .areaId = 0, .prop = 557850636, .status = AVAILABLE, .value = {.int32Values = [1]{0}, .floatValues = [0]{}, .int64Values = [0]{}, .bytes = [0]{}, .stringValue = ""}}
12-30 10:29:13.034   398   464 I DefaultVehicleHal_v2_0: DefaultVehicleHal::onPropertyValue, value:{.timestamp = 6688855943795, .areaId = 0, .prop = 557850636, .status = AVAILABLE, .value = {.int32Values = [1]{0}, .floatValues = [0]{}, .int64Values = [0]{}, .bytes = [0]{}, .stringValue = ""}}
12-30 10:29:13.034   398   464 D DiagPropHandler: is not DiagnosticConfig: 0x2140200c
12-30 10:29:13.034   398   464 I VehiclePropertyStore: begin to write value to Store: {.timestamp = 6688855943795, .areaId = 0, .prop = 557850636, .status = AVAILABLE, .value = {.int32Values = [1]{0}, .floatValues = [0]{}, .int64Values = [0]{}, .bytes = [0]{}, .stringValue = ""}}
12-30 10:29:13.034   398   464 D adayocomadapter-CommunicationManager: onUpstreamReceive mPropertyId 0x2140200c
12-30 10:29:13.034   398   464 D adayocomadapter-CommunicationManager: onUpstreamReceive mPropertyId 0x2140200d
12-30 10:29:13.034   398   464 D adayocomadapter-CommunicationManager: convertBytesToInt32Memcpy  0
12-30 10:29:13.034   398   464 I vw-vhal : notifyVehicleProperty, propId = 0x2140200d, data = {status: 2, int32Values: [0]}
12-30 10:29:13.034   398   464 I vw-vhal : CanSignalsAdapter::notifyVehicleProperty: solvedValue = {.timestamp = 6688856641795, .areaId = 0, .prop = 557850637, .status = AVAILABLE, .value = {.int32Values = [1]{0}, .floatValues = [0]{}, .int64Values = [0]{}, .bytes = [0]{}, .stringValue = ""}}
12-30 10:29:13.034   398   464 I VehiclePropertyStore: begin to write value to Store: {.timestamp = 6688856641795, .areaId = 0, .prop = 557850637, .status = AVAILABLE, .value = {.int32Values = [1]{0}, .floatValues = [0]{}, .int64Values = [0]{}, .bytes = [0]{}, .stringValue = ""}}
12-30 10:29:13.035   398   464 I DefaultVehicleHal_v2_0: DefaultVehicleHal::onPropertyValue, value:{.timestamp = 6688856641795, .areaId = 0, .prop = 557850637, .status = AVAILABLE, .value = {.int32Values = [1]{0}, .floatValues = [0]{}, .int64Values = [0]{}, .bytes = [0]{}, .stringValue = ""}}
12-30 10:29:13.035   398   464 D DiagPropHandler: is not DiagnosticConfig: 0x2140200d
12-30 10:29:13.035   398   464 I VehiclePropertyStore: begin to write value to Store: {.timestamp = 6688856641795, .areaId = 0, .prop = 557850637, .status = AVAILABLE, .value = {.int32Values = [1]{0}, .floatValues = [0]{}, .int64Values = [0]{}, .bytes = [0]{}, .stringValue = ""}}
12-30 10:29:13.035   398   464 D adayocomadapter-CommunicationManager: onUpstreamReceive mPropertyId 0x2140200d
12-30 10:29:13.035   398   464 D adayocomadapter-CommunicationManager: onUpstreamReceive mPropertyId 0x21402233
12-30 10:29:13.035   398   464 D adayocomadapter-CommunicationManager: convertBytesToInt32Memcpy  0
12-30 10:29:13.035   398   464 I vw-vhal : notifyVehicleProperty, propId = 0x21402233, data = {status: 2, int32Values: [0]}
12-30 10:29:13.035   398   464 I vw-vhal : CanSignalsAdapter::notifyVehicleProperty: solvedValue = {.timestamp = 6688857275462, .areaId = 0, .prop = 557851187, .status = AVAILABLE, .value = {.int32Values = [1]{0}, .floatValues = [0]{}, .int64Values = [0]{}, .bytes = [0]{}, .stringValue = ""}}
12-30 10:29:13.035   398   464 I VehiclePropertyStore: begin to write value to Store: {.timestamp = 6688857275462, .areaId = 0, .prop = 557851187, .status = AVAILABLE, .value = {.int32Values = [1]{0}, .floatValues = [0]{}, .int64Values = [0]{}, .bytes = [0]{}, .stringValue = ""}}
12-30 10:29:13.035   398   464 I DefaultVehicleHal_v2_0: DefaultVehicleHal::onPropertyValue, value:{.timestamp = 6688857275462, .areaId = 0, .prop = 557851187, .status = AVAILABLE, .value = {.int32Values = [1]{0}, .floatValues = [0]{}, .int64Values = [0]{}, .bytes = [0]{}, .stringValue = ""}}
12-30 10:29:13.035   398   464 D DiagPropHandler: is not DiagnosticConfig: 0x21402233
12-30 10:29:13.035   398   464 I VehiclePropertyStore: begin to write value to Store: {.timestamp = 6688857275462, .areaId = 0, .prop = 557851187, .status = AVAILABLE, .value = {.int32Values = [1]{0}, .floatValues = [0]{}, .int64Values = [0]{}, .bytes = [0]{}, .stringValue = ""}}
12-30 10:29:13.035   398   464 D adayocomadapter-CommunicationManager: onUpstreamReceive mPropertyId 0x21402233
12-30 10:29:13.035   398   464 D adayocomadapter-CommunicationManager: onUpstreamReceive mPropertyId 0x2140201d
12-30 10:29:13.035   398   464 D adayocomadapter-CommunicationManager: convertBytesToInt32Memcpy  0
12-30 10:29:13.036   398   464 I vw-vhal : notifyVehicleProperty, propId = 0x2140201d, data = {status: 2, int32Values: [0]}
12-30 10:29:13.036   398   464 I vw-vhal : CanSignalsAdapter::notifyVehicleProperty: solvedValue = {.timestamp = 6688857914795, .areaId = 0, .prop = 557850653, .status = AVAILABLE, .value = {.int32Values = [1]{0}, .floatValues = [0]{}, .int64Values = [0]{}, .bytes = [0]{}, .stringValue = ""}}
12-30 10:29:13.036   398   464 I VehiclePropertyStore: begin to write value to Store: {.timestamp = 6688857914795, .areaId = 0, .prop = 557850653, .status = AVAILABLE, .value = {.int32Values = [1]{0}, .floatValues = [0]{}, .int64Values = [0]{}, .bytes = [0]{}, .stringValue = ""}}
12-30 10:29:13.036   398   464 I DefaultVehicleHal_v2_0: DefaultVehicleHal::onPropertyValue, value:{.timestamp = 6688857914795, .areaId = 0, .prop = 557850653, .status = AVAILABLE, .value = {.int32Values = [1]{0}, .floatValues = [0]{}, .int64Values = [0]{}, .bytes = [0]{}, .stringValue = ""}}
12-30 10:29:13.036   398   464 D DiagPropHandler: is not DiagnosticConfig: 0x2140201d
12-30 10:29:13.036   398   464 I VehiclePropertyStore: begin to write value to Store: {.timestamp = 6688857914795, .areaId = 0, .prop = 557850653, .status = AVAILABLE, .value = {.int32Values = [1]{0}, .floatValues = [0]{}, .int64Values = [0]{}, .bytes = [0]{}, .stringValue = ""}}
12-30 10:29:13.036   398   464 D adayocomadapter-CommunicationManager: onUpstreamReceive mPropertyId 0x2140201d
12-30 10:29:13.036   398   464 D adayocomadapter-CommunicationManager: onUpstreamReceive mPropertyId 0x2140201e
12-30 10:29:13.036   398   464 D adayocomadapter-CommunicationManager: convertBytesToInt32Memcpy  0
12-30 10:29:13.036   398   464 I vw-vhal : notifyVehicleProperty, propId = 0x2140201e, data = {status: 2, int32Values: [0]}
12-30 10:29:13.036   398   464 I vw-vhal : CanSignalsAdapter::notifyVehicleProperty: solvedValue = {.timestamp = 6688858578795, .areaId = 0, .prop = 557850654, .status = AVAILABLE, .value = {.int32Values = [1]{0}, .floatValues = [0]{}, .int64Values = [0]{}, .bytes = [0]{}, .stringValue = ""}}
12-30 10:29:13.036   398   464 I VehiclePropertyStore: begin to write value to Store: {.timestamp = 6688858578795, .areaId = 0, .prop = 557850654, .status = AVAILABLE, .value = {.int32Values = [1]{0}, .floatValues = [0]{}, .int64Values = [0]{}, .bytes = [0]{}, .stringValue = ""}}
12-30 10:29:13.036   398   464 I DefaultVehicleHal_v2_0: DefaultVehicleHal::onPropertyValue, value:{.timestamp = 6688858578795, .areaId = 0, .prop = 557850654, .status = AVAILABLE, .value = {.int32Values = [1]{0}, .floatValues = [0]{}, .int64Values = [0]{}, .bytes = [0]{}, .stringValue = ""}}
12-30 10:29:13.037   398   464 D DiagPropHandler: is not DiagnosticConfig: 0x2140201e
12-30 10:29:13.037   398   464 I VehiclePropertyStore: begin to write value to Store: {.timestamp = 6688858578795, .areaId = 0, .prop = 557850654, .status = AVAILABLE, .value = {.int32Values = [1]{0}, .floatValues = [0]{}, .int64Values = [0]{}, .bytes = [0]{}, .stringValue = ""}}
12-30 10:29:13.037   398   464 D adayocomadapter-CommunicationManager: onUpstreamReceive mPropertyId 0x2140201e
12-30 10:29:13.038   596  3076 E WifiHAL : Invalid data received from driver
12-30 10:29:13.038   596  3076 E WifiHAL : Invalid data received from driver
12-30 10:29:13.038   596  3076 E WifiHAL : Invalid data received from driver
12-30 10:29:13.038   596  3076 E WifiHAL : Invalid data received from driver
12-30 10:29:13.038   596  3076 E WifiHAL : Invalid data received from driver
12-30 10:29:13.039   596  3076 E WifiHAL : Invalid data received from driver
12-30 10:29:13.039   596  3076 E WifiHAL : Invalid data received from driver
12-30 10:29:13.039   596  3076 E WifiHAL : Invalid data received from driver
12-30 10:29:13.040  2358  2623 D RcfController: Rcf proxy is not connected!
12-30 10:29:13.049   360   931 D EvsDriver: forwardFrame
12-30 10:29:13.049   360   931 D EvsDriver: forwardFrameDirect
12-30 10:29:13.049   360   931 D EvsDriver: Delivered 0xb400e2ca9e40d4b0 as id 1
12-30 10:29:13.049   359  2784 D evsmanagerd: /dev/video-evs0 forwarded the buffer #1 to 0xb400f125d2b26dd0 from 0xb400f125e2b20710
12-30 10:29:13.052   360   458 D EvsDriver: doneWithFrame
12-30 10:29:13.064  1667  2407 I media_message_log->MediaMessageProxy: (SourceFile:1)b connectToService action bind
12-30 10:29:13.065   916  3726 W ActivityManager: Unable to start service Intent { cmp=com.adayo.server.mediamessagetransfer/.MediaMessTransferService (has extras) } U=0: not found
12-30 10:29:13.065  1667  2407 E media_message_log->MediaMessageProxy: (SourceFile:7)a bindServiceAsUser isBound = false
12-30 10:29:13.079   596  3076 E WifiHAL : Invalid data received from driver
12-30 10:29:13.082   360   931 D EvsDriver: forwardFrame
12-30 10:29:13.082   360   931 D EvsDriver: forwardFrameDirect
12-30 10:29:13.083   360   931 D EvsDriver: Delivered 0xb400e2ca9e40c2d0 as id 0
12-30 10:29:13.083   359  2784 D evsmanagerd: /dev/video-evs0 forwarded the buffer #0 to 0xb400f125d2b26dd0 from 0xb400f125e2b20710
12-30 10:29:13.091  2358  2623 D RcfController: Rcf proxy is not connected!
12-30 10:29:13.092   360   458 D EvsDriver: doneWithFrame
12-30 10:29:13.102  1667  2513 W ContextImpl: Calling a method in the system process without a qualified user: android.app.ContextImpl.bindService:1988 android.content.ContextWrapper.bindService:861 com.ford.sync.fnvservice.analytics.AnalyticsManager$RetryHandler.a:126 com.ford.sync.fnvservice.analytics.AnalyticsManager$RetryHandler.handleMessage:103 android.os.Handler.dispatchMessage:106 
12-30 10:29:13.103   916  3726 W ActivityManager: Unable to start service Intent { cmp=com.ford.sync.fnvservice/.analytics.AnalyticsService } U=0: not found
12-30 10:29:13.103  1667  2513 W AnalyticsManager:  bind ford Analytics failed -> sendRetryMessage 
12-30 10:29:13.116   360   931 D EvsDriver: forwardFrame
12-30 10:29:13.116   360   931 D EvsDriver: forwardFrameDirect
12-30 10:29:13.116   360   931 D EvsDriver: Delivered 0xb400e2ca9e40d090 as id 1
12-30 10:29:13.116   359  2784 D evsmanagerd: /dev/video-evs0 forwarded the buffer #1 to 0xb400f125d2b26dd0 from 0xb400f125e2b20710
12-30 10:29:13.123   360   458 D EvsDriver: doneWithFrame
12-30 10:29:13.141  2358  2623 D RcfController: Rcf proxy is not connected!
12-30 10:29:13.141   596  3076 E WifiHAL : Invalid data received from driver
12-30 10:29:13.149   360   931 D EvsDriver: forwardFrame
12-30 10:29:13.149   360   931 D EvsDriver: forwardFrameDirect
12-30 10:29:13.149   360   931 D EvsDriver: Delivered 0xb400e2ca9e40e110 as id 0
12-30 10:29:13.149   359  2784 D evsmanagerd: /dev/video-evs0 forwarded the buffer #0 to 0xb400f125d2b26dd0 from 0xb400f125e2b20710
12-30 10:29:13.152   594 23914 D resolv  : retrying_poll: 12 retrying_poll timeout
12-30 10:29:13.152   594 23914 D resolv  : send_dg: timeout
12-30 10:29:13.153   594 23914 I resolv  : res_nsend: used send_dg 0 terrno: 110
12-30 10:29:13.153   594 23914 D resolv  : res_nsend: Querying server (# 2) address = 8.8.8.8:53
12-30 10:29:13.153   360   458 D EvsDriver: doneWithFrame
12-30 10:29:13.153   594 23914 D resolv  : get_timeout: using timeout of 5000 msec
12-30 10:29:13.153   594 23914 D resolv  : retrying_poll: 13 retrying_poll
12-30 10:29:13.169  1528  1878 D IpReachabilityMonitor: neighbour IPv4(v6): /192.168.7.4 neighbour state: NUD_REACHABLE
12-30 10:29:13.170   594   643 I netd    : setProcSysNet(4, 2, vlan_07, retrans_time_ms, 750) <0.33ms>
12-30 10:29:13.170   594   643 I netd    : setProcSysNet(4, 2, vlan_07, ucast_solicit, 10) <0.15ms>
12-30 10:29:13.171   594   643 I netd    : setProcSysNet(6, 2, vlan_07, retrans_time_ms, 750) <0.16ms>
12-30 10:29:13.172   594   643 I netd    : setProcSysNet(6, 2, vlan_07, ucast_solicit, 10) <0.10ms>
12-30 10:29:13.174   596  3076 E WifiHAL : Invalid data received from driver
12-30 10:29:13.182   360   931 D EvsDriver: forwardFrame
12-30 10:29:13.182   360   931 D EvsDriver: forwardFrameDirect
12-30 10:29:13.183   360   931 D EvsDriver: Delivered 0xb400e2ca9e40c7a0 as id 1
12-30 10:29:13.183   359  2784 D evsmanagerd: /dev/video-evs0 forwarded the buffer #1 to 0xb400f125d2b26dd0 from 0xb400f125e2b20710
12-30 10:29:13.191  2358  2623 D RcfController: Rcf proxy is not connected!
12-30 10:29:13.193   360   458 D EvsDriver: doneWithFrame
12-30 10:29:13.216   360   931 D EvsDriver: forwardFrame
12-30 10:29:13.216   360   931 D EvsDriver: forwardFrameDirect
12-30 10:29:13.216   360   931 D EvsDriver: Delivered 0xb400e2ca9e40e270 as id 0
12-30 10:29:13.216   359  2784 D evsmanagerd: /dev/video-evs0 forwarded the buffer #0 to 0xb400f125d2b26dd0 from 0xb400f125e2b20710
12-30 10:29:13.224   360   458 D EvsDriver: doneWithFrame
12-30 10:29:13.241   798 24046 W adbd    : timed out while waiting for FUNCTIONFS_BIND, trying again
12-30 10:29:13.241   798 24046 I adbd    : UsbFfs: connection terminated: monitor thread finished
12-30 10:29:13.242  2358  2623 D RcfController: Rcf proxy is not connected!
12-30 10:29:13.242   798   798 I adbd    : UsbFfs: already offline
12-30 10:29:13.242   798   798 I adbd    : destroying transport UsbFfs
12-30 10:29:13.242   798   798 I adbd    : UsbFfsConnection being destroyed
12-30 10:29:13.249   360   931 D EvsDriver: forwardFrame
12-30 10:29:13.249   360   931 D EvsDriver: forwardFrameDirect
12-30 10:29:13.249   360   931 D EvsDriver: Delivered 0xb400e2ca9e40d4b0 as id 1
12-30 10:29:13.249   359  2784 D evsmanagerd: /dev/video-evs0 forwarded the buffer #1 to 0xb400f125d2b26dd0 from 0xb400f125e2b20710
12-30 10:29:13.253   596  3076 E WifiHAL : Invalid data received from driver
12-30 10:29:13.254   360   458 D EvsDriver: doneWithFrame
12-30 10:29:13.282   360   931 D EvsDriver: forwardFrame
12-30 10:29:13.282   360   931 D EvsDriver: forwardFrameDirect
12-30 10:29:13.283   360   931 D EvsDriver: Delivered 0xb400e2ca9e40c2d0 as id 0
12-30 10:29:13.283   359  2784 D evsmanagerd: /dev/video-evs0 forwarded the buffer #0 to 0xb400f125d2b26dd0 from 0xb400f125e2b20710
12-30 10:29:13.283   596  3076 E WifiHAL : Invalid data received from driver
12-30 10:29:13.284   360   458 D EvsDriver: doneWithFrame
12-30 10:29:13.286   798   838 I adbd    : opening control endpoint /dev/usb-ffs/adb/ep0
12-30 10:29:13.287   798   838 I adbd    : UsbFfsConnection constructed
12-30 10:29:13.288   798 24047 I adbd    : UsbFfs-monitor thread spawned
01-01 09:51:30.296   838   838 I         : read descriptors
12-30 10:29:13.292  2358  2623 D RcfController: Rcf proxy is not connected!
12-30 10:29:13.316   360   931 D EvsDriver: forwardFrame
12-30 10:29:13.316   360   931 D EvsDriver: forwardFrameDirect
12-30 10:29:13.316   360   931 D EvsDriver: Delivered 0xb400e2ca9e40d090 as id 1
12-30 10:29:13.316   359  2784 D evsmanagerd: /dev/video-evs0 forwarded the buffer #1 to 0xb400f125d2b26dd0 from 0xb400f125e2b20710
12-30 10:29:13.325   360   458 D EvsDriver: doneWithFrame
12-30 10:29:13.339  1667  2410 I media_message_log->MediaMessageUserProxy: (SourceFile:1)b connectToService action bind
12-30 10:29:13.340   916  3726 W ActivityManager: Unable to start service Intent { cmp=com.adayo.server.mediamessagetransfer/.MediaMessTransferService (has extras) } U=0: not found
12-30 10:29:13.340  1667  2410 E media_message_log->MediaMessageUserProxy: (SourceFile:7)a bindServiceAsUser isBound = false
12-30 10:29:13.342  2358  2623 D RcfController: Rcf proxy is not connected!
12-30 10:29:13.349   360   931 D EvsDriver: forwardFrame
12-30 10:29:13.349   360   931 D EvsDriver: forwardFrameDirect
12-30 10:29:13.349   360   931 D EvsDriver: Delivered 0xb400e2ca9e40e110 as id 0
12-30 10:29:13.349   359  2784 D evsmanagerd: /dev/video-evs0 forwarded the buffer #0 to 0xb400f125d2b26dd0 from 0xb400f125e2b20710
12-30 10:29:13.355   360   458 D EvsDriver: doneWithFrame
12-30 10:29:13.380   596  3076 E WifiHAL : Invalid data received from driver
12-30 10:29:13.382   360   931 D EvsDriver: forwardFrame
12-30 10:29:13.382   360   931 D EvsDriver: forwardFrameDirect
12-30 10:29:13.382   360   931 D EvsDriver: Delivered 0xb400e2ca9e40c7a0 as id 1
12-30 10:29:13.383   359  2784 D evsmanagerd: /dev/video-evs0 forwarded the buffer #1 to 0xb400f125d2b26dd0 from 0xb400f125e2b20710
12-30 10:29:13.385   360   458 D EvsDriver: doneWithFrame
12-30 10:29:13.392  2358  2623 D RcfController: Rcf proxy is not connected!
12-30 10:29:13.415   360   931 D EvsDriver: forwardFrame
12-30 10:29:13.416   360   931 D EvsDriver: forwardFrameDirect
12-30 10:29:13.416   360   931 D EvsDriver: Delivered 0xb400e2ca9e40e270 as id 0
12-30 10:29:13.416   359  2784 D evsmanagerd: /dev/video-evs0 forwarded the buffer #0 to 0xb400f125d2b26dd0 from 0xb400f125e2b20710
12-30 10:29:13.426   360   458 D EvsDriver: doneWithFrame
12-30 10:29:13.443  2358  2623 D RcfController: Rcf proxy is not connected!
12-30 10:29:13.449   360   931 D EvsDriver: forwardFrame
12-30 10:29:13.449   360   931 D EvsDriver: forwardFrameDirect
12-30 10:29:13.449   360   931 D EvsDriver: Delivered 0xb400e2ca9e40d4b0 as id 1
12-30 10:29:13.449   359  2784 D evsmanagerd: /dev/video-evs0 forwarded the buffer #1 to 0xb400f125d2b26dd0 from 0xb400f125e2b20710
12-30 10:29:13.454   596  3076 E WifiHAL : Invalid data received from driver
12-30 10:29:13.456   360   458 D EvsDriver: doneWithFrame
12-30 10:29:13.482   360   931 I EvsDriver: /dev/video-evs0 VideoCapture fps 30.0017
12-30 10:29:13.482   360   931 D EvsDriver: forwardFrame
12-30 10:29:13.482   360   931 D EvsDriver: forwardFrameDirect
12-30 10:29:13.482   360   931 D EvsDriver: Delivered 0xb400e2ca9e40c2d0 as id 0
12-30 10:29:13.483   359  2784 D evsmanagerd: /dev/video-evs0 forwarded the buffer #0 to 0xb400f125d2b26dd0 from 0xb400f125e2b20710
12-30 10:29:13.486   360   458 D EvsDriver: doneWithFrame
12-30 10:29:13.491   596  3076 E WifiHAL : Invalid data received from driver
12-30 10:29:13.493  2358  2623 D RcfController: Rcf proxy is not connected!
12-30 10:29:13.499  1582  3078 I c       : checkService in back thread add: adayo.upgrade.v2.0
12-30 10:29:13.499  1582  3078 E upgradeApp_251223_V1  l: d(null:11)pre->c(null:23)-> serviceBinder is null
12-30 10:29:13.499  1582  3078 W c       : doBindService in back thread fail: adayo.upgrade.v2.0
12-30 10:29:13.515   360   931 D EvsDriver: forwardFrame
12-30 10:29:13.516   360   931 D EvsDriver: forwardFrameDirect
12-30 10:29:13.516   360   931 D EvsDriver: Delivered 0xb400e2ca9e40d090 as id 1
12-30 10:29:13.516   359  2784 D evsmanagerd: /dev/video-evs0 forwarded the buffer #1 to 0xb400f125d2b26dd0 from 0xb400f125e2b20710
12-30 10:29:13.517   360   458 D EvsDriver: doneWithFrame
12-30 10:29:13.537   650   729 D fgemcucomm: sd Uart data : 6AA602D0DE00028B3093
12-30 10:29:13.537   650   729 D fgemcucomm: rev uart=55312,len=120, data : 6AA681D0DE00708B30B01E0A1D0C000100000000025C0100010201010000000000A55A820001000000010000000C00000000000100000000000000A55A830504500000000000000000000000000101010101000000000000A55A8410100900000007000100000000000069A55A85000105580000010000D0
12-30 10:29:13.543  2358  2623 D RcfController: Rcf proxy is not connected!
12-30 10:29:13.549   360   931 D EvsDriver: forwardFrame
12-30 10:29:13.549   360   931 D EvsDriver: forwardFrameDirect
12-30 10:29:13.549   360   931 D EvsDriver: Delivered 0xb400e2ca9e40e110 as id 0
12-30 10:29:13.549   359  2784 D evsmanagerd: /dev/video-evs0 forwarded the buffer #0 to 0xb400f125d2b26dd0 from 0xb400f125e2b20710
12-30 10:29:13.557   360   458 D EvsDriver: doneWithFrame
12-30 10:29:13.558   650   729 D fgemcucomm: sd Uart data : 6AA602D0DF00029202B9
12-30 10:29:13.558   650   729 D fgemcucomm: rev uart=55313,len=17, data : 6AA681D0DF00099202000A000000000029
12-30 10:29:13.559   398  2883 D adayocomadapter-ParseProtocolFunc: printRaWMsg Name[MCUToUPstream recv] len[9] data[9202000A0000000000]
12-30 10:29:13.559   398  2883 D adayocomadapter-CommunicationManager: onUpstreamback   member[0] dataLength[6] timePoint[6689381]
12-30 10:29:13.559   398  2883 D adayocomadapter-ParseProtocolFunc: printRaWMsg Name[onUpstreamback] len[6] data[0A0000000000]
12-30 10:29:13.559   398   464 D adayocomadapter-UpstreamHandler: processBeforePacket upSreamtProcessTimePoint[6689381] 
12-30 10:29:13.559   398   464 D adayocomadapter-UpstreamHandler: processPacket UPSTREAM_QUEUE_DATA_TIMEOUT
12-30 10:29:13.559   398   464 D adayocomadapter-ParseProtocolFunc: parseCommonIPCLBytes Processing tableNumber[10]
12-30 10:29:13.559   398   464 D adayocomadapter-ParseProtocolFunc: parseCommonIPCLBytes Processing tablename[Table-10] tableSize[6]
12-30 10:29:13.559   398   464 D adayocomadapter-ParseProtocolFunc: printRaWMsg Name[byteStream recv] len[6] data[0A0000000000]
12-30 10:29:13.560   398   464 D adayocomadapter-ParseProtocolFunc: printRaWMsg Name[IPCLtoVHAL] len[9] data[2140201C0000000000]
12-30 10:29:13.560   398   464 D adayocomadapter-ParseProtocolFunc: printRaWMsg Name[IPCLtoVHAL] len[6] data[214022320000]
12-30 10:29:13.560   398   464 D adayocomadapter-CommunicationManager: onUpstreamReceive mPropertyId 0x2140201c
12-30 10:29:13.560   398   464 D adayocomadapter-CommunicationManager: convertBytesToInt32Memcpy  0
12-30 10:29:13.560   398   464 I vw-vhal : notifyVehicleProperty, propId = 0x2140201c, data = {status: 2, int32Values: [0]}
12-30 10:29:13.560   398   464 I vw-vhal : CanSignalsAdapter::notifyVehicleProperty: solvedValue = {.timestamp = 6689382237128, .areaId = 0, .prop = 557850652, .status = AVAILABLE, .value = {.int32Values = [1]{0}, .floatValues = [0]{}, .int64Values = [0]{}, .bytes = [0]{}, .stringValue = ""}}
12-30 10:29:13.560   398   464 I VehiclePropertyStore: begin to write value to Store: {.timestamp = 6689382237128, .areaId = 0, .prop = 557850652, .status = AVAILABLE, .value = {.int32Values = [1]{0}, .floatValues = [0]{}, .int64Values = [0]{}, .bytes = [0]{}, .stringValue = ""}}
12-30 10:29:13.560   398   464 I DefaultVehicleHal_v2_0: DefaultVehicleHal::onPropertyValue, value:{.timestamp = 6689382237128, .areaId = 0, .prop = 557850652, .status = AVAILABLE, .value = {.int32Values = [1]{0}, .floatValues = [0]{}, .int64Values = [0]{}, .bytes = [0]{}, .stringValue = ""}}
12-30 10:29:13.560   398   464 D DiagPropHandler: is not DiagnosticConfig: 0x2140201c
12-30 10:29:13.560   398   464 I VehiclePropertyStore: begin to write value to Store: {.timestamp = 6689382237128, .areaId = 0, .prop = 557850652, .status = AVAILABLE, .value = {.int32Values = [1]{0}, .floatValues = [0]{}, .int64Values = [0]{}, .bytes = [0]{}, .stringValue = ""}}
12-30 10:29:13.560   398   464 D adayocomadapter-CommunicationManager: onUpstreamReceive mPropertyId 0x2140201c
12-30 10:29:13.560   398   464 D adayocomadapter-CommunicationManager: onUpstreamReceive mPropertyId 0x21402232
12-30 10:29:13.561   398   464 D adayocomadapter-CommunicationManager: convertBytesToInt32Memcpy  0
12-30 10:29:13.561   398   464 I vw-vhal : notifyVehicleProperty, propId = 0x21402232, data = {status: 2, int32Values: [0]}
12-30 10:29:13.561   398   464 I vw-vhal : CanSignalsAdapter::notifyVehicleProperty: solvedValue = {.timestamp = 6689383014462, .areaId = 0, .prop = 557851186, .status = AVAILABLE, .value = {.int32Values = [1]{0}, .floatValues = [0]{}, .int64Values = [0]{}, .bytes = [0]{}, .stringValue = ""}}
12-30 10:29:13.561   398   464 I VehiclePropertyStore: begin to write value to Store: {.timestamp = 6689383014462, .areaId = 0, .prop = 557851186, .status = AVAILABLE, .value = {.int32Values = [1]{0}, .floatValues = [0]{}, .int64Values = [0]{}, .bytes = [0]{}, .stringValue = ""}}
12-30 10:29:13.561   398   464 I DefaultVehicleHal_v2_0: DefaultVehicleHal::onPropertyValue, value:{.timestamp = 6689383014462, .areaId = 0, .prop = 557851186, .status = AVAILABLE, .value = {.int32Values = [1]{0}, .floatValues = [0]{}, .int64Values = [0]{}, .bytes = [0]{}, .stringValue = ""}}
12-30 10:29:13.561   398   464 D DiagPropHandler: is not DiagnosticConfig: 0x21402232
12-30 10:29:13.561   398   464 I VehiclePropertyStore: begin to write value to Store: {.timestamp = 6689383014462, .areaId = 0, .prop = 557851186, .status = AVAILABLE, .value = {.int32Values = [1]{0}, .floatValues = [0]{}, .int64Values = [0]{}, .bytes = [0]{}, .stringValue = ""}}
