12-30 10:29:08.593   398   464 I VehiclePropertyStore: begin to write value to Store: {.timestamp = 6684415711461, .areaId = 0, .prop = 557850872, .status = AVAILABLE, .value = {.int32Values = [1]{0}, .floatValues = [0]{}, .int64Values = [0]{}, .bytes = [0]{}, .stringValue = ""}}
12-30 10:29:08.594   398   464 I DefaultVehicleHal_v2_0: DefaultVehicleHal::onPropertyValue, value:{.timestamp = 6684415711461, .areaId = 0, .prop = 557850872, .status = AVAILABLE, .value = {.int32Values = [1]{0}, .floatValues = [0]{}, .int64Values = [0]{}, .bytes = [0]{}, .stringValue = ""}}
12-30 10:29:08.594   398   464 D DiagPropHandler: is not DiagnosticConfig: 0x214020f8
12-30 10:29:08.594   398   464 I VehiclePropertyStore: begin to write value to Store: {.timestamp = 6684415711461, .areaId = 0, .prop = 557850872, .status = AVAILABLE, .value = {.int32Values = [1]{0}, .floatValues = [0]{}, .int64Values = [0]{}, .bytes = [0]{}, .stringValue = ""}}
12-30 10:29:08.594   398   464 D adayocomadapter-CommunicationManager: onUpstreamReceive mPropertyId 0x214020f8
12-30 10:29:08.594   398   464 D adayocomadapter-CommunicationManager: onUpstreamReceive mPropertyId 0x214020f9
12-30 10:29:08.594   398   464 D adayocomadapter-CommunicationManager: convertBytesToInt32Memcpy  0
12-30 10:29:08.594   398   464 I vw-vhal : notifyVehicleProperty, propId = 0x214020f9, data = {status: 2, int32Values: [0]}
12-30 10:29:08.594   398   464 I vw-vhal : CanSignalsAdapter::notifyVehicleProperty: solvedValue = {.timestamp = 6684416453794, .areaId = 0, .prop = 557850873, .status = AVAILABLE, .value = {.int32Values = [1]{0}, .floatValues = [0]{}, .int64Values = [0]{}, .bytes = [0]{}, .stringValue = ""}}
12-30 10:29:08.594   398   464 I VehiclePropertyStore: begin to write value to Store: {.timestamp = 6684416453794, .areaId = 0, .prop = 557850873, .status = AVAILABLE, .value = {.int32Values = [1]{0}, .floatValues = [0]{}, .int64Values = [0]{}, .bytes = [0]{}, .stringValue = ""}}
12-30 10:29:08.594   398   464 I DefaultVehicleHal_v2_0: DefaultVehicleHal::onPropertyValue, value:{.timestamp = 6684416453794, .areaId = 0, .prop = 557850873, .status = AVAILABLE, .value = {.int32Values = [1]{0}, .floatValues = [0]{}, .int64Values = [0]{}, .bytes = [0]{}, .stringValue = ""}}
12-30 10:29:08.594   398   464 D DiagPropHandler: is not DiagnosticConfig: 0x214020f9
12-30 10:29:08.594   398   464 I VehiclePropertyStore: begin to write value to Store: {.timestamp = 6684416453794, .areaId = 0, .prop = 557850873, .status = AVAILABLE, .value = {.int32Values = [1]{0}, .floatValues = [0]{}, .int64Values = [0]{}, .bytes = [0]{}, .stringValue = ""}}
12-30 10:29:08.595   398   464 D adayocomadapter-CommunicationManager: onUpstreamReceive mPropertyId 0x214020f9
12-30 10:29:08.616   360   931 D EvsDriver: forwardFrame
12-30 10:29:08.616   360   931 D EvsDriver: forwardFrameDirect
12-30 10:29:08.616   360   931 D EvsDriver: Delivered 0xb400e2ca9e40e270 as id 0
12-30 10:29:08.616   359  2784 D evsmanagerd: /dev/video-evs0 forwarded the buffer #0 to 0xb400f125d2b26dd0 from 0xb400f125e2b20710
12-30 10:29:08.617  2358  2623 D RcfController: Rcf proxy is not connected!
12-30 10:29:08.621   360   458 D EvsDriver: doneWithFrame
12-30 10:29:08.649   360   931 D EvsDriver: forwardFrame
12-30 10:29:08.649   360   931 D EvsDriver: forwardFrameDirect
12-30 10:29:08.649   360   931 D EvsDriver: Delivered 0xb400e2ca9e40d4b0 as id 1
12-30 10:29:08.649   359  2784 D evsmanagerd: /dev/video-evs0 forwarded the buffer #1 to 0xb400f125d2b26dd0 from 0xb400f125e2b20710
12-30 10:29:08.651   360   458 D EvsDriver: doneWithFrame
12-30 10:29:08.667  2358  2623 D RcfController: Rcf proxy is not connected!
12-30 10:29:08.669   596  3076 E WifiHAL : Invalid data received from driver
12-30 10:29:08.682   360   931 D EvsDriver: forwardFrame
12-30 10:29:08.682   360   931 D EvsDriver: forwardFrameDirect
12-30 10:29:08.683   360   931 D EvsDriver: Delivered 0xb400e2ca9e40c2d0 as id 0
12-30 10:29:08.683   359  2784 D evsmanagerd: /dev/video-evs0 forwarded the buffer #0 to 0xb400f125d2b26dd0 from 0xb400f125e2b20710
12-30 10:29:08.692   360   458 D EvsDriver: doneWithFrame
12-30 10:29:08.716   360   931 D EvsDriver: forwardFrame
12-30 10:29:08.716   360   931 D EvsDriver: forwardFrameDirect
12-30 10:29:08.716   360   931 D EvsDriver: Delivered 0xb400e2ca9e40d090 as id 1
12-30 10:29:08.716   359  2784 D evsmanagerd: /dev/video-evs0 forwarded the buffer #1 to 0xb400f125d2b26dd0 from 0xb400f125e2b20710
12-30 10:29:08.717  2358  2623 D RcfController: Rcf proxy is not connected!
12-30 10:29:08.722   360   458 D EvsDriver: doneWithFrame
12-30 10:29:08.728  1547  2118 D ANWAPI  : (1547|0x6EF3FCB0)[BTAPI] testing: step3: (2)
12-30 10:29:08.729  1547  2118 D ANWAPI  : (1547|0x6EF3FCB0)[BTAPI] testing: step1: send HCI local read infor
12-30 10:29:08.729  1547  2118 D ANWStack: [   6684551][ANWBT] HCI: Sending HCI_ReadLocalVersionInformation command
12-30 10:29:08.729  1547  2118 D ANWStack: [   6684551][ANWBT] HCI Rx: CommandComplete event for ReadLocalVersionInformation, numCommandPackets=0x1, status=0x00 (Success)
12-30 10:29:08.729  1547  2118 D ANWStack: 
12-30 10:29:08.729  1547  2118 D ANWStack: [   6684551][ANWBT] HCI Rx:     CommandComplete Parameters: HCIversion=0xD, HCIrevision=0x0, LMP version=0xD, ManufacturerId=0x1D, LMP subversion=0x80E9
12-30 10:29:08.729  1547  2118 D ANWStack: 
12-30 10:29:08.730  1547  2118 D ANWAPI  : (1547|0x6EF3FCB0)[BTAPI] AnwhciEventCallback 14 1
12-30 10:29:08.730  1547  2118 D ANWAPI  : (1547|0x6EF3FCB0)[BTAPI] btsdk_command_complete_event_handler cmdOpcode = 4097
12-30 10:29:08.730  1547  2118 D ANWAPI  : (1547|0x6EF3FCB0)[BTAPI] testing: step2: receive complete(1)
12-30 10:29:08.730  1547  2118 D ANWStack: [   6684552][ANWBT] HCI: Host Controller manufacturer ID 0x001D
12-30 10:29:08.730  1547  2118 D ANWStack: 
12-30 10:29:08.744   596  3076 E WifiHAL : Invalid data received from driver
12-30 10:29:08.749   360   931 D EvsDriver: forwardFrame
12-30 10:29:08.749   360   931 D EvsDriver: forwardFrameDirect
12-30 10:29:08.749   360   931 D EvsDriver: Delivered 0xb400e2ca9e40e110 as id 0
12-30 10:29:08.750   359  2784 D evsmanagerd: /dev/video-evs0 forwarded the buffer #0 to 0xb400f125d2b26dd0 from 0xb400f125e2b20710
12-30 10:29:08.752   360   458 D EvsDriver: doneWithFrame
12-30 10:29:08.768  2358  2623 D RcfController: Rcf proxy is not connected!
12-30 10:29:08.782   360   931 D EvsDriver: forwardFrame
12-30 10:29:08.782   360   931 D EvsDriver: forwardFrameDirect
12-30 10:29:08.783   360   931 D EvsDriver: Delivered 0xb400e2ca9e40c7a0 as id 1
12-30 10:29:08.783   359  2784 D evsmanagerd: /dev/video-evs0 forwarded the buffer #1 to 0xb400f125d2b26dd0 from 0xb400f125e2b20710
12-30 10:29:08.792   596  3076 E WifiHAL : Invalid data received from driver
12-30 10:29:08.793   360   458 D EvsDriver: doneWithFrame
12-30 10:29:08.816   360   931 D EvsDriver: forwardFrame
12-30 10:29:08.816   360   931 D EvsDriver: forwardFrameDirect
12-30 10:29:08.816   360   931 D EvsDriver: Delivered 0xb400e2ca9e40e270 as id 0
12-30 10:29:08.816   359  2784 D evsmanagerd: /dev/video-evs0 forwarded the buffer #0 to 0xb400f125d2b26dd0 from 0xb400f125e2b20710
12-30 10:29:08.818  2358  2623 D RcfController: Rcf proxy is not connected!
12-30 10:29:08.823   360   458 D EvsDriver: doneWithFrame
12-30 10:29:08.832   650   729 D fgemcucomm: sd Uart data : 6AA602D0BB00029202DD
12-30 10:29:08.833   650   729 D fgemcucomm: rev uart=55276,len=65, data : 6AA681D0BB003992020017000000000000000000000000000000000000000000000000000000000000000000000000000000000000000000000000000000000010
12-30 10:29:08.833   398  2883 D adayocomadapter-ParseProtocolFunc: printRaWMsg Name[MCUToUPstream recv] len[57] data[920200170000000000000000000000000000000000000000000000000000000000000000000000000000000000000000000000000000000000]
12-30 10:29:08.833   398  2883 D adayocomadapter-CommunicationManager: onUpstreamback   member[0] dataLength[54] timePoint[6684655]
12-30 10:29:08.833   398  2883 D adayocomadapter-ParseProtocolFunc: printRaWMsg Name[onUpstreamback] len[54] data[170000000000000000000000000000000000000000000000000000000000000000000000000000000000000000000000000000000000]
12-30 10:29:08.833   398   464 D adayocomadapter-UpstreamHandler: processBeforePacket upSreamtProcessTimePoint[6684655] 
12-30 10:29:08.833   398   464 D adayocomadapter-UpstreamHandler: processPacket UPSTREAM_QUEUE_DATA_TIMEOUT
12-30 10:29:08.833   398   464 D adayocomadapter-ParseProtocolFunc: parseCommonIPCLBytes Processing tableNumber[23]
12-30 10:29:08.833   398   464 D adayocomadapter-ParseProtocolFunc: parseCommonIPCLBytes Processing tablename[Table-23] tableSize[54]
12-30 10:29:08.833   398   464 D adayocomadapter-ParseProtocolFunc: printRaWMsg Name[byteStream recv] len[54] data[170000000000000000000000000000000000000000000000000000000000000000000000000000000000000000000000000000000000]
12-30 10:29:08.833   398   464 D adayocomadapter-ParseProtocolFunc: printRaWMsg Name[IPCLtoVHAL] len[6] data[214021020000]
12-30 10:29:08.834   398   464 D adayocomadapter-ParseProtocolFunc: printRaWMsg Name[IPCLtoVHAL] len[6] data[214021100000]
12-30 10:29:08.834   398   464 D adayocomadapter-ParseProtocolFunc: printRaWMsg Name[IPCLtoVHAL] len[6] data[214020E20000]
12-30 10:29:08.834   398   464 D adayocomadapter-ParseProtocolFunc: printRaWMsg Name[IPCLtoVHAL] len[7] data[21402043000000]
12-30 10:29:08.834   398   464 D adayocomadapter-ParseProtocolFunc: printRaWMsg Name[IPCLtoVHAL] len[9] data[214020370000000000]
12-30 10:29:08.834   398   464 D adayocomadapter-ParseProtocolFunc: printRaWMsg Name[IPCLtoVHAL] len[6] data[214020EE0000]
12-30 10:29:08.834   398   464 D adayocomadapter-ParseProtocolFunc: printRaWMsg Name[IPCLtoVHAL] len[6] data[214021330000]
12-30 10:29:08.834   398   464 D adayocomadapter-ParseProtocolFunc: printRaWMsg Name[IPCLtoVHAL] len[6] data[2140210F0000]
12-30 10:29:08.834   398   464 D adayocomadapter-ParseProtocolFunc: printRaWMsg Name[IPCLtoVHAL] len[6] data[214020F00000]
12-30 10:29:08.834   398   464 D adayocomadapter-ParseProtocolFunc: printRaWMsg Name[IPCLtoVHAL] len[6] data[214020C10000]
12-30 10:29:08.834   398   464 D adayocomadapter-ParseProtocolFunc: printRaWMsg Name[IPCLtoVHAL] len[6] data[2140211F0000]
12-30 10:29:08.834   398   464 D adayocomadapter-ParseProtocolFunc: printRaWMsg Name[IPCLtoVHAL] len[6] data[214020940000]
12-30 10:29:08.834   398   464 D adayocomadapter-ParseProtocolFunc: printRaWMsg Name[IPCLtoVHAL] len[9] data[214020360000000000]
12-30 10:29:08.834   398   464 D adayocomadapter-ParseProtocolFunc: printRaWMsg Name[IPCLtoVHAL] len[6] data[214020C30000]
12-30 10:29:08.834   398   464 D adayocomadapter-ParseProtocolFunc: printRaWMsg Name[IPCLtoVHAL] len[6] data[214021140000]
12-30 10:29:08.834   398   464 D adayocomadapter-ParseProtocolFunc: printRaWMsg Name[IPCLtoVHAL] len[6] data[214020B60000]
12-30 10:29:08.834   398   464 D adayocomadapter-ParseProtocolFunc: printRaWMsg Name[IPCLtoVHAL] len[6] data[214021150000]
12-30 10:29:08.835   398   464 D adayocomadapter-ParseProtocolFunc: printRaWMsg Name[IPCLtoVHAL] len[6] data[2140211A0000]
12-30 10:29:08.835   398   464 D adayocomadapter-ParseProtocolFunc: printRaWMsg Name[IPCLtoVHAL] len[9] data[2140204B0000000000]
12-30 10:29:08.835   398   464 D adayocomadapter-ParseProtocolFunc: printRaWMsg Name[IPCLtoVHAL] len[6] data[2140211B0000]
12-30 10:29:08.835   398   464 D adayocomadapter-ParseProtocolFunc: printRaWMsg Name[IPCLtoVHAL] len[9] data[2140203B0000000000]
12-30 10:29:08.835   398   464 D adayocomadapter-ParseProtocolFunc: printRaWMsg Name[IPCLtoVHAL] len[7] data[2140203F000000]
12-30 10:29:08.835   398   464 D adayocomadapter-ParseProtocolFunc: printRaWMsg Name[IPCLtoVHAL] len[7] data[2140203A000000]
12-30 10:29:08.835   398   464 D adayocomadapter-ParseProtocolFunc: printRaWMsg Name[IPCLtoVHAL] len[7] data[2140203E000000]
12-30 10:29:08.835   398   464 D adayocomadapter-ParseProtocolFunc: printRaWMsg Name[IPCLtoVHAL] len[7] data[21402042000000]
12-30 10:29:08.835   398   464 D adayocomadapter-ParseProtocolFunc: printRaWMsg Name[IPCLtoVHAL] len[7] data[21402039000000]
12-30 10:29:08.835   398   464 D adayocomadapter-ParseProtocolFunc: printRaWMsg Name[IPCLtoVHAL] len[7] data[2140203D000000]
12-30 10:29:08.835   398   464 D adayocomadapter-ParseProtocolFunc: printRaWMsg Name[IPCLtoVHAL] len[7] data[21402041000000]
12-30 10:29:08.835   398   464 D adayocomadapter-ParseProtocolFunc: printRaWMsg Name[IPCLtoVHAL] len[7] data[21402045000000]
12-30 10:29:08.835   398   464 D adayocomadapter-ParseProtocolFunc: printRaWMsg Name[IPCLtoVHAL] len[7] data[2140204D000000]
12-30 10:29:08.835   398   464 D adayocomadapter-ParseProtocolFunc: printRaWMsg Name[IPCLtoVHAL] len[6] data[2140220B0000]
12-30 10:29:08.835   398   464 D adayocomadapter-CommunicationManager: onUpstreamReceive mPropertyId 0x21402102
12-30 10:29:08.835   398   464 D adayocomadapter-CommunicationManager: convertBytesToInt32Memcpy  0
12-30 10:29:08.835   398   464 I vw-vhal : notifyVehicleProperty, propId = 0x21402102, data = {status: 2, int32Values: [0]}
12-30 10:29:08.836   398   464 I vw-vhal : CanSignalsAdapter::notifyVehicleProperty: solvedValue = {.timestamp = 6684657858794, .areaId = 0, .prop = 557850882, .status = AVAILABLE, .value = {.int32Values = [1]{0}, .floatValues = [0]{}, .int64Values = [0]{}, .bytes = [0]{}, .stringValue = ""}}
12-30 10:29:08.836   398   464 I VehiclePropertyStore: begin to write value to Store: {.timestamp = 6684657858794, .areaId = 0, .prop = 557850882, .status = AVAILABLE, .value = {.int32Values = [1]{0}, .floatValues = [0]{}, .int64Values = [0]{}, .bytes = [0]{}, .stringValue = ""}}
12-30 10:29:08.836   398   464 I DefaultVehicleHal_v2_0: DefaultVehicleHal::onPropertyValue, value:{.timestamp = 6684657858794, .areaId = 0, .prop = 557850882, .status = AVAILABLE, .value = {.int32Values = [1]{0}, .floatValues = [0]{}, .int64Values = [0]{}, .bytes = [0]{}, .stringValue = ""}}
12-30 10:29:08.836   398   464 D DiagPropHandler: is not DiagnosticConfig: 0x21402102
12-30 10:29:08.836   398   464 I VehiclePropertyStore: begin to write value to Store: {.timestamp = 6684657858794, .areaId = 0, .prop = 557850882, .status = AVAILABLE, .value = {.int32Values = [1]{0}, .floatValues = [0]{}, .int64Values = [0]{}, .bytes = [0]{}, .stringValue = ""}}
12-30 10:29:08.836   398   464 D adayocomadapter-CommunicationManager: onUpstreamReceive mPropertyId 0x21402102
12-30 10:29:08.836   398   464 D adayocomadapter-CommunicationManager: onUpstreamReceive mPropertyId 0x21402110
12-30 10:29:08.836   398   464 D adayocomadapter-CommunicationManager: convertBytesToInt32Memcpy  0
12-30 10:29:08.836   398   464 I vw-vhal : notifyVehicleProperty, propId = 0x21402110, data = {status: 2, int32Values: [0]}
12-30 10:29:08.836   398   464 I vw-vhal : CanSignalsAdapter::notifyVehicleProperty: solvedValue = {.timestamp = 6684658533128, .areaId = 0, .prop = 557850896, .status = AVAILABLE, .value = {.int32Values = [1]{0}, .floatValues = [0]{}, .int64Values = [0]{}, .bytes = [0]{}, .stringValue = ""}}
12-30 10:29:08.836   398   464 I VehiclePropertyStore: begin to write value to Store: {.timestamp = 6684658533128, .areaId = 0, .prop = 557850896, .status = AVAILABLE, .value = {.int32Values = [1]{0}, .floatValues = [0]{}, .int64Values = [0]{}, .bytes = [0]{}, .stringValue = ""}}
12-30 10:29:08.836   398   464 I DefaultVehicleHal_v2_0: DefaultVehicleHal::onPropertyValue, value:{.timestamp = 6684658533128, .areaId = 0, .prop = 557850896, .status = AVAILABLE, .value = {.int32Values = [1]{0}, .floatValues = [0]{}, .int64Values = [0]{}, .bytes = [0]{}, .stringValue = ""}}
12-30 10:29:08.836   398   464 D DiagPropHandler: is not DiagnosticConfig: 0x21402110
12-30 10:29:08.837   398   464 I VehiclePropertyStore: begin to write value to Store: {.timestamp = 6684658533128, .areaId = 0, .prop = 557850896, .status = AVAILABLE, .value = {.int32Values = [1]{0}, .floatValues = [0]{}, .int64Values = [0]{}, .bytes = [0]{}, .stringValue = ""}}
12-30 10:29:08.837   398   464 D adayocomadapter-CommunicationManager: onUpstreamReceive mPropertyId 0x21402110
12-30 10:29:08.837   398   464 D adayocomadapter-CommunicationManager: onUpstreamReceive mPropertyId 0x214020e2
12-30 10:29:08.837   398   464 D adayocomadapter-CommunicationManager: convertBytesToInt32Memcpy  0
12-30 10:29:08.837   398   464 I vw-vhal : notifyVehicleProperty, propId = 0x214020e2, data = {status: 2, int32Values: [0]}
12-30 10:29:08.837   398   464 I vw-vhal : CanSignalsAdapter::notifyVehicleProperty: solvedValue = {.timestamp = 6684659206794, .areaId = 0, .prop = 557850850, .status = AVAILABLE, .value = {.int32Values = [1]{0}, .floatValues = [0]{}, .int64Values = [0]{}, .bytes = [0]{}, .stringValue = ""}}
12-30 10:29:08.837   398   464 I VehiclePropertyStore: begin to write value to Store: {.timestamp = 6684659206794, .areaId = 0, .prop = 557850850, .status = AVAILABLE, .value = {.int32Values = [1]{0}, .floatValues = [0]{}, .int64Values = [0]{}, .bytes = [0]{}, .stringValue = ""}}
12-30 10:29:08.837   398   464 I DefaultVehicleHal_v2_0: DefaultVehicleHal::onPropertyValue, value:{.timestamp = 6684659206794, .areaId = 0, .prop = 557850850, .status = AVAILABLE, .value = {.int32Values = [1]{0}, .floatValues = [0]{}, .int64Values = [0]{}, .bytes = [0]{}, .stringValue = ""}}
12-30 10:29:08.837   398   464 D DiagPropHandler: is not DiagnosticConfig: 0x214020e2
12-30 10:29:08.837   398   464 I VehiclePropertyStore: begin to write value to Store: {.timestamp = 6684659206794, .areaId = 0, .prop = 557850850, .status = AVAILABLE, .value = {.int32Values = [1]{0}, .floatValues = [0]{}, .int64Values = [0]{}, .bytes = [0]{}, .stringValue = ""}}
12-30 10:29:08.837   398   464 D adayocomadapter-CommunicationManager: onUpstreamReceive mPropertyId 0x214020e2
12-30 10:29:08.837   398   464 D adayocomadapter-CommunicationManager: onUpstreamReceive mPropertyId 0x21402043
12-30 10:29:08.837   398   464 D adayocomadapter-CommunicationManager: convertBytesToInt32Memcpy  0
12-30 10:29:08.837   398   464 I vw-vhal : notifyVehicleProperty, propId = 0x21402043, data = {status: 2, int32Values: [0]}
12-30 10:29:08.838   398   464 I vw-vhal : CanSignalsAdapter::notifyVehicleProperty: solvedValue = {.timestamp = 6684659867794, .areaId = 0, .prop = 557850691, .status = AVAILABLE, .value = {.int32Values = [1]{0}, .floatValues = [0]{}, .int64Values = [0]{}, .bytes = [0]{}, .stringValue = ""}}
12-30 10:29:08.838   398   464 I VehiclePropertyStore: begin to write value to Store: {.timestamp = 6684659867794, .areaId = 0, .prop = 557850691, .status = AVAILABLE, .value = {.int32Values = [1]{0}, .floatValues = [0]{}, .int64Values = [0]{}, .bytes = [0]{}, .stringValue = ""}}
12-30 10:29:08.838   398   464 I DefaultVehicleHal_v2_0: DefaultVehicleHal::onPropertyValue, value:{.timestamp = 6684659867794, .areaId = 0, .prop = 557850691, .status = AVAILABLE, .value = {.int32Values = [1]{0}, .floatValues = [0]{}, .int64Values = [0]{}, .bytes = [0]{}, .stringValue = ""}}
12-30 10:29:08.838   398   464 D DiagPropHandler: is not DiagnosticConfig: 0x21402043
12-30 10:29:08.838   398   464 I VehiclePropertyStore: begin to write value to Store: {.timestamp = 6684659867794, .areaId = 0, .prop = 557850691, .status = AVAILABLE, .value = {.int32Values = [1]{0}, .floatValues = [0]{}, .int64Values = [0]{}, .bytes = [0]{}, .stringValue = ""}}
12-30 10:29:08.838   398   464 D adayocomadapter-CommunicationManager: onUpstreamReceive mPropertyId 0x21402043
12-30 10:29:08.838   398   464 D adayocomadapter-CommunicationManager: onUpstreamReceive mPropertyId 0x21402037
12-30 10:29:08.838   398   464 D adayocomadapter-CommunicationManager: convertBytesToInt32Memcpy  0
12-30 10:29:08.838  2475  2681 I TtsServiceAgent: check thread start checking, threadId = 29
12-30 10:29:08.838   398   464 I vw-vhal : notifyVehicleProperty, propId = 0x21402037, data = {status: 2, int32Values: [0]}
12-30 10:29:08.838  2475  2681 D TtsServiceAgent: start bind service...
12-30 10:29:08.838  2475  2681 D TtsServiceAgent: ----->initService, usage = 16
12-30 10:29:08.838   398   464 I vw-vhal : CanSignalsAdapter::notifyVehicleProperty: solvedValue = {.timestamp = 6684660577461, .areaId = 0, .prop = 557850679, .status = AVAILABLE, .value = {.int32Values = [1]{0}, .floatValues = [0]{}, .int64Values = [0]{}, .bytes = [0]{}, .stringValue = ""}}
12-30 10:29:08.838   398   464 I VehiclePropertyStore: begin to write value to Store: {.timestamp = 6684660577461, .areaId = 0, .prop = 557850679, .status = AVAILABLE, .value = {.int32Values = [1]{0}, .floatValues = [0]{}, .int64Values = [0]{}, .bytes = [0]{}, .stringValue = ""}}
12-30 10:29:08.838   398   464 I DefaultVehicleHal_v2_0: DefaultVehicleHal::onPropertyValue, value:{.timestamp = 6684660577461, .areaId = 0, .prop = 557850679, .status = AVAILABLE, .value = {.int32Values = [1]{0}, .floatValues = [0]{}, .int64Values = [0]{}, .bytes = [0]{}, .stringValue = ""}}
12-30 10:29:08.839   398   464 D DiagPropHandler: is not DiagnosticConfig: 0x21402037
12-30 10:29:08.839   398   464 I VehiclePropertyStore: begin to write value to Store: {.timestamp = 6684660577461, .areaId = 0, .prop = 557850679, .status = AVAILABLE, .value = {.int32Values = [1]{0}, .floatValues = [0]{}, .int64Values = [0]{}, .bytes = [0]{}, .stringValue = ""}}
12-30 10:29:08.839  2475  2681 W ContextImpl: Calling a method in the system process without a qualified user: android.app.ContextImpl.bindService:1988 android.content.ContextWrapper.bindService:861 com.iflytek.autofly.ttsaidl.ttsproxy.TtsServiceAgent.initService:189 com.iflytek.autofly.ttsaidl.ttsproxy.TtsServiceAgent.initService:133 com.iflytek.autofly.ttsaidl.ttsproxy.TtsServiceAgent$2.run:517 
12-30 10:29:08.839   398   464 D adayocomadapter-CommunicationManager: onUpstreamReceive mPropertyId 0x21402037
12-30 10:29:08.839   398   464 D adayocomadapter-CommunicationManager: onUpstreamReceive mPropertyId 0x214020ee
12-30 10:29:08.839   398   464 D adayocomadapter-CommunicationManager: convertBytesToInt32Memcpy  0
12-30 10:29:08.839   398   464 I vw-vhal : notifyVehicleProperty, propId = 0x214020ee, data = {status: 2, int32Values: [0]}
12-30 10:29:08.839   398   464 I vw-vhal : CanSignalsAdapter::notifyVehicleProperty: solvedValue = {.timestamp = 6684661228461, .areaId = 0, .prop = 557850862, .status = AVAILABLE, .value = {.int32Values = [1]{0}, .floatValues = [0]{}, .int64Values = [0]{}, .bytes = [0]{}, .stringValue = ""}}
12-30 10:29:08.839   398   464 I VehiclePropertyStore: begin to write value to Store: {.timestamp = 6684661228461, .areaId = 0, .prop = 557850862, .status = AVAILABLE, .value = {.int32Values = [1]{0}, .floatValues = [0]{}, .int64Values = [0]{}, .bytes = [0]{}, .stringValue = ""}}
12-30 10:29:08.839   398   464 I DefaultVehicleHal_v2_0: DefaultVehicleHal::onPropertyValue, value:{.timestamp = 6684661228461, .areaId = 0, .prop = 557850862, .status = AVAILABLE, .value = {.int32Values = [1]{0}, .floatValues = [0]{}, .int64Values = [0]{}, .bytes = [0]{}, .stringValue = ""}}
12-30 10:29:08.839   398   464 D DiagPropHandler: is not DiagnosticConfig: 0x214020ee
12-30 10:29:08.839   398   464 I VehiclePropertyStore: begin to write value to Store: {.timestamp = 6684661228461, .areaId = 0, .prop = 557850862, .status = AVAILABLE, .value = {.int32Values = [1]{0}, .floatValues = [0]{}, .int64Values = [0]{}, .bytes = [0]{}, .stringValue = ""}}
12-30 10:29:08.839   398   464 D adayocomadapter-CommunicationManager: onUpstreamReceive mPropertyId 0x214020ee
12-30 10:29:08.839   398   464 D adayocomadapter-CommunicationManager: onUpstreamReceive mPropertyId 0x21402133
12-30 10:29:08.839   398   464 D adayocomadapter-CommunicationManager: convertBytesToInt32Memcpy  0
12-30 10:29:08.839   398   464 I vw-vhal : notifyVehicleProperty, propId = 0x21402133, data = {status: 2, int32Values: [0]}
12-30 10:29:08.840   398   464 I vw-vhal : CanSignalsAdapter::notifyVehicleProperty: solvedValue = {.timestamp = 6684661862128, .areaId = 0, .prop = 557850931, .status = AVAILABLE, .value = {.int32Values = [1]{0}, .floatValues = [0]{}, .int64Values = [0]{}, .bytes = [0]{}, .stringValue = ""}}
12-30 10:29:08.840   916  3726 W ActivityManager: Unable to start service Intent { act=com.iflytek.autofly.tts.ttsservice.TtsAdapterService cmp=com.iflytek.cutefly.speechclient.hmi/com.iflytek.autofly.tts.ttsservice.TtsAdapterService } U=0: not found
12-30 10:29:08.840   398   464 I VehiclePropertyStore: begin to write value to Store: {.timestamp = 6684661862128, .areaId = 0, .prop = 557850931, .status = AVAILABLE, .value = {.int32Values = [1]{0}, .floatValues = [0]{}, .int64Values = [0]{}, .bytes = [0]{}, .stringValue = ""}}
12-30 10:29:08.840   398   464 I DefaultVehicleHal_v2_0: DefaultVehicleHal::onPropertyValue, value:{.timestamp = 6684661862128, .areaId = 0, .prop = 557850931, .status = AVAILABLE, .value = {.int32Values = [1]{0}, .floatValues = [0]{}, .int64Values = [0]{}, .bytes = [0]{}, .stringValue = ""}}
12-30 10:29:08.840   398   464 D DiagPropHandler: is not DiagnosticConfig: 0x21402133
12-30 10:29:08.840   398   464 I VehiclePropertyStore: begin to write value to Store: {.timestamp = 6684661862128, .areaId = 0, .prop = 557850931, .status = AVAILABLE, .value = {.int32Values = [1]{0}, .floatValues = [0]{}, .int64Values = [0]{}, .bytes = [0]{}, .stringValue = ""}}
12-30 10:29:08.840   398   464 D adayocomadapter-CommunicationManager: onUpstreamReceive mPropertyId 0x21402133
12-30 10:29:08.840   398   464 D adayocomadapter-CommunicationManager: onUpstreamReceive mPropertyId 0x2140210f
12-30 10:29:08.840  2475  2681 D TtsServiceAgent: bindService: false
12-30 10:29:08.840   398   464 D adayocomadapter-CommunicationManager: convertBytesToInt32Memcpy  0
12-30 10:29:08.840  2475  2681 D TtsServiceAgent: start reInitService
12-30 10:29:08.840   398   464 I vw-vhal : notifyVehicleProperty, propId = 0x2140210f, data = {status: 2, int32Values: [0]}
12-30 10:29:08.840  2475  2681 D TtsServiceAgent: aidlCheckThreadRunning = true
12-30 10:29:08.840  2475  2681 D TtsServiceAgent: ----->check connection status in 1000s...
12-30 10:29:08.840   398   464 I vw-vhal : CanSignalsAdapter::notifyVehicleProperty: solvedValue = {.timestamp = 6684662518128, .areaId = 0, .prop = 557850895, .status = AVAILABLE, .value = {.int32Values = [1]{0}, .floatValues = [0]{}, .int64Values = [0]{}, .bytes = [0]{}, .stringValue = ""}}
12-30 10:29:08.840   398   464 I VehiclePropertyStore: begin to write value to Store: {.timestamp = 6684662518128, .areaId = 0, .prop = 557850895, .status = AVAILABLE, .value = {.int32Values = [1]{0}, .floatValues = [0]{}, .int64Values = [0]{}, .bytes = [0]{}, .stringValue = ""}}
12-30 10:29:08.840   398   464 I DefaultVehicleHal_v2_0: DefaultVehicleHal::onPropertyValue, value:{.timestamp = 6684662518128, .areaId = 0, .prop = 557850895, .status = AVAILABLE, .value = {.int32Values = [1]{0}, .floatValues = [0]{}, .int64Values = [0]{}, .bytes = [0]{}, .stringValue = ""}}
12-30 10:29:08.840   398   464 D DiagPropHandler: is not DiagnosticConfig: 0x2140210f
12-30 10:29:08.841   398   464 I VehiclePropertyStore: begin to write value to Store: {.timestamp = 6684662518128, .areaId = 0, .prop = 557850895, .status = AVAILABLE, .value = {.int32Values = [1]{0}, .floatValues = [0]{}, .int64Values = [0]{}, .bytes = [0]{}, .stringValue = ""}}
12-30 10:29:08.841   398   464 D adayocomadapter-CommunicationManager: onUpstreamReceive mPropertyId 0x2140210f
12-30 10:29:08.841   398   464 D adayocomadapter-CommunicationManager: onUpstreamReceive mPropertyId 0x214020f0
12-30 10:29:08.841   398   464 D adayocomadapter-CommunicationManager: convertBytesToInt32Memcpy  0
12-30 10:29:08.841   398   464 I vw-vhal : notifyVehicleProperty, propId = 0x214020f0, data = {status: 2, int32Values: [0]}
12-30 10:29:08.841   398   464 I vw-vhal : CanSignalsAdapter::notifyVehicleProperty: solvedValue = {.timestamp = 6684663145794, .areaId = 0, .prop = 557850864, .status = AVAILABLE, .value = {.int32Values = [1]{0}, .floatValues = [0]{}, .int64Values = [0]{}, .bytes = [0]{}, .stringValue = ""}}
12-30 10:29:08.841   398   464 I VehiclePropertyStore: begin to write value to Store: {.timestamp = 6684663145794, .areaId = 0, .prop = 557850864, .status = AVAILABLE, .value = {.int32Values = [1]{0}, .floatValues = [0]{}, .int64Values = [0]{}, .bytes = [0]{}, .stringValue = ""}}
12-30 10:29:08.841   398   464 I DefaultVehicleHal_v2_0: DefaultVehicleHal::onPropertyValue, value:{.timestamp = 6684663145794, .areaId = 0, .prop = 557850864, .status = AVAILABLE, .value = {.int32Values = [1]{0}, .floatValues = [0]{}, .int64Values = [0]{}, .bytes = [0]{}, .stringValue = ""}}
12-30 10:29:08.841   398   464 D DiagPropHandler: is not DiagnosticConfig: 0x214020f0
12-30 10:29:08.841   398   464 I VehiclePropertyStore: begin to write value to Store: {.timestamp = 6684663145794, .areaId = 0, .prop = 557850864, .status = AVAILABLE, .value = {.int32Values = [1]{0}, .floatValues = [0]{}, .int64Values = [0]{}, .bytes = [0]{}, .stringValue = ""}}
12-30 10:29:08.841   398   464 D adayocomadapter-CommunicationManager: onUpstreamReceive mPropertyId 0x214020f0
12-30 10:29:08.841   398   464 D adayocomadapter-CommunicationManager: onUpstreamReceive mPropertyId 0x214020c1
12-30 10:29:08.841   398   464 D adayocomadapter-CommunicationManager: convertBytesToInt32Memcpy  0
12-30 10:29:08.841   398   464 I vw-vhal : notifyVehicleProperty, propId = 0x214020c1, data = {status: 2, int32Values: [0]}
12-30 10:29:08.841   398   464 I vw-vhal : CanSignalsAdapter::notifyVehicleProperty: solvedValue = {.timestamp = 6684663788461, .areaId = 0, .prop = 557850817, .status = AVAILABLE, .value = {.int32Values = [1]{0}, .floatValues = [0]{}, .int64Values = [0]{}, .bytes = [0]{}, .stringValue = ""}}
12-30 10:29:08.842   398   464 I VehiclePropertyStore: begin to write value to Store: {.timestamp = 6684663788461, .areaId = 0, .prop = 557850817, .status = AVAILABLE, .value = {.int32Values = [1]{0}, .floatValues = [0]{}, .int64Values = [0]{}, .bytes = [0]{}, .stringValue = ""}}
12-30 10:29:08.842   398   464 I DefaultVehicleHal_v2_0: DefaultVehicleHal::onPropertyValue, value:{.timestamp = 6684663788461, .areaId = 0, .prop = 557850817, .status = AVAILABLE, .value = {.int32Values = [1]{0}, .floatValues = [0]{}, .int64Values = [0]{}, .bytes = [0]{}, .stringValue = ""}}
12-30 10:29:08.842   398   464 D DiagPropHandler: is not DiagnosticConfig: 0x214020c1
12-30 10:29:08.842   398   464 I VehiclePropertyStore: begin to write value to Store: {.timestamp = 6684663788461, .areaId = 0, .prop = 557850817, .status = AVAILABLE, .value = {.int32Values = [1]{0}, .floatValues = [0]{}, .int64Values = [0]{}, .bytes = [0]{}, .stringValue = ""}}
12-30 10:29:08.842   398   464 D adayocomadapter-CommunicationManager: onUpstreamReceive mPropertyId 0x214020c1
12-30 10:29:08.842   398   464 D adayocomadapter-CommunicationManager: onUpstreamReceive mPropertyId 0x2140211f
12-30 10:29:08.842   398   464 D adayocomadapter-CommunicationManager: convertBytesToInt32Memcpy  0
12-30 10:29:08.842   398   464 I vw-vhal : notifyVehicleProperty, propId = 0x2140211f, data = {status: 2, int32Values: [0]}
12-30 10:29:08.842   398   464 I vw-vhal : CanSignalsAdapter::notifyVehicleProperty: solvedValue = {.timestamp = 6684664468794, .areaId = 0, .prop = 557850911, .status = AVAILABLE, .value = {.int32Values = [1]{0}, .floatValues = [0]{}, .int64Values = [0]{}, .bytes = [0]{}, .stringValue = ""}}
12-30 10:29:08.842   398   464 I VehiclePropertyStore: begin to write value to Store: {.timestamp = 6684664468794, .areaId = 0, .prop = 557850911, .status = AVAILABLE, .value = {.int32Values = [1]{0}, .floatValues = [0]{}, .int64Values = [0]{}, .bytes = [0]{}, .stringValue = ""}}
12-30 10:29:08.842   398   464 I DefaultVehicleHal_v2_0: DefaultVehicleHal::onPropertyValue, value:{.timestamp = 6684664468794, .areaId = 0, .prop = 557850911, .status = AVAILABLE, .value = {.int32Values = [1]{0}, .floatValues = [0]{}, .int64Values = [0]{}, .bytes = [0]{}, .stringValue = ""}}
12-30 10:29:08.842   398   464 D DiagPropHandler: is not DiagnosticConfig: 0x2140211f
12-30 10:29:08.842   398   464 I VehiclePropertyStore: begin to write value to Store: {.timestamp = 6684664468794, .areaId = 0, .prop = 557850911, .status = AVAILABLE, .value = {.int32Values = [1]{0}, .floatValues = [0]{}, .int64Values = [0]{}, .bytes = [0]{}, .stringValue = ""}}
12-30 10:29:08.843   398   464 D adayocomadapter-CommunicationManager: onUpstreamReceive mPropertyId 0x2140211f
12-30 10:29:08.843   398   464 D adayocomadapter-CommunicationManager: onUpstreamReceive mPropertyId 0x21402094
12-30 10:29:08.843   398   464 D adayocomadapter-CommunicationManager: convertBytesToInt32Memcpy  0
12-30 10:29:08.843   398   464 I vw-vhal : notifyVehicleProperty, propId = 0x21402094, data = {status: 2, int32Values: [0]}
12-30 10:29:08.843   398   464 I vw-vhal : CanSignalsAdapter::notifyVehicleProperty: solvedValue = {.timestamp = 6684665101128, .areaId = 0, .prop = 557850772, .status = AVAILABLE, .value = {.int32Values = [1]{0}, .floatValues = [0]{}, .int64Values = [0]{}, .bytes = [0]{}, .stringValue = ""}}
12-30 10:29:08.843   398   464 I VehiclePropertyStore: begin to write value to Store: {.timestamp = 6684665101128, .areaId = 0, .prop = 557850772, .status = AVAILABLE, .value = {.int32Values = [1]{0}, .floatValues = [0]{}, .int64Values = [0]{}, .bytes = [0]{}, .stringValue = ""}}
12-30 10:29:08.843   398   464 I DefaultVehicleHal_v2_0: DefaultVehicleHal::onPropertyValue, value:{.timestamp = 6684665101128, .areaId = 0, .prop = 557850772, .status = AVAILABLE, .value = {.int32Values = [1]{0}, .floatValues = [0]{}, .int64Values = [0]{}, .bytes = [0]{}, .stringValue = ""}}
12-30 10:29:08.843   398   464 D DiagPropHandler: is not DiagnosticConfig: 0x21402094
12-30 10:29:08.843   398   464 I VehiclePropertyStore: begin to write value to Store: {.timestamp = 6684665101128, .areaId = 0, .prop = 557850772, .status = AVAILABLE, .value = {.int32Values = [1]{0}, .floatValues = [0]{}, .int64Values = [0]{}, .bytes = [0]{}, .stringValue = ""}}
12-30 10:29:08.843   398   464 D adayocomadapter-CommunicationManager: onUpstreamReceive mPropertyId 0x21402094
12-30 10:29:08.843   398   464 D adayocomadapter-CommunicationManager: onUpstreamReceive mPropertyId 0x21402036
12-30 10:29:08.843   398   464 D adayocomadapter-CommunicationManager: convertBytesToInt32Memcpy  0
12-30 10:29:08.843   398   464 I vw-vhal : notifyVehicleProperty, propId = 0x21402036, data = {status: 2, int32Values: [0]}
12-30 10:29:08.843   398   464 I vw-vhal : CanSignalsAdapter::notifyVehicleProperty: solvedValue = {.timestamp = 6684665759461, .areaId = 0, .prop = 557850678, .status = AVAILABLE, .value = {.int32Values = [1]{0}, .floatValues = [0]{}, .int64Values = [0]{}, .bytes = [0]{}, .stringValue = ""}}
12-30 10:29:08.844   398   464 I VehiclePropertyStore: begin to write value to Store: {.timestamp = 6684665759461, .areaId = 0, .prop = 557850678, .status = AVAILABLE, .value = {.int32Values = [1]{0}, .floatValues = [0]{}, .int64Values = [0]{}, .bytes = [0]{}, .stringValue = ""}}
12-30 10:29:08.844   398   464 I DefaultVehicleHal_v2_0: DefaultVehicleHal::onPropertyValue, value:{.timestamp = 6684665759461, .areaId = 0, .prop = 557850678, .status = AVAILABLE, .value = {.int32Values = [1]{0}, .floatValues = [0]{}, .int64Values = [0]{}, .bytes = [0]{}, .stringValue = ""}}
12-30 10:29:08.844   398   464 D DiagPropHandler: is not DiagnosticConfig: 0x21402036
12-30 10:29:08.844   398   464 I VehiclePropertyStore: begin to write value to Store: {.timestamp = 6684665759461, .areaId = 0, .prop = 557850678, .status = AVAILABLE, .value = {.int32Values = [1]{0}, .floatValues = [0]{}, .int64Values = [0]{}, .bytes = [0]{}, .stringValue = ""}}
12-30 10:29:08.844   398   464 D adayocomadapter-CommunicationManager: onUpstreamReceive mPropertyId 0x21402036
12-30 10:29:08.844   398   464 D adayocomadapter-CommunicationManager: onUpstreamReceive mPropertyId 0x214020c3
12-30 10:29:08.844   398   464 D adayocomadapter-CommunicationManager: convertBytesToInt32Memcpy  0
12-30 10:29:08.844   398   464 I vw-vhal : notifyVehicleProperty, propId = 0x214020c3, data = {status: 2, int32Values: [0]}
12-30 10:29:08.844   398   464 I vw-vhal : CanSignalsAdapter::notifyVehicleProperty: solvedValue = {.timestamp = 6684666586461, .areaId = 0, .prop = 557850819, .status = AVAILABLE, .value = {.int32Values = [1]{0}, .floatValues = [0]{}, .int64Values = [0]{}, .bytes = [0]{}, .stringValue = ""}}
12-30 10:29:08.844   398   464 I VehiclePropertyStore: begin to write value to Store: {.timestamp = 6684666586461, .areaId = 0, .prop = 557850819, .status = AVAILABLE, .value = {.int32Values = [1]{0}, .floatValues = [0]{}, .int64Values = [0]{}, .bytes = [0]{}, .stringValue = ""}}
12-30 10:29:08.844   398   464 I DefaultVehicleHal_v2_0: DefaultVehicleHal::onPropertyValue, value:{.timestamp = 6684666586461, .areaId = 0, .prop = 557850819, .status = AVAILABLE, .value = {.int32Values = [1]{0}, .floatValues = [0]{}, .int64Values = [0]{}, .bytes = [0]{}, .stringValue = ""}}
12-30 10:29:08.845   398   464 D DiagPropHandler: is not DiagnosticConfig: 0x214020c3
12-30 10:29:08.845   398   464 I VehiclePropertyStore: begin to write value to Store: {.timestamp = 6684666586461, .areaId = 0, .prop = 557850819, .status = AVAILABLE, .value = {.int32Values = [1]{0}, .floatValues = [0]{}, .int64Values = [0]{}, .bytes = [0]{}, .stringValue = ""}}
12-30 10:29:08.845   398   464 D adayocomadapter-CommunicationManager: onUpstreamReceive mPropertyId 0x214020c3
12-30 10:29:08.845   398   464 D adayocomadapter-CommunicationManager: onUpstreamReceive mPropertyId 0x21402114
12-30 10:29:08.845   398   464 D adayocomadapter-CommunicationManager: convertBytesToInt32Memcpy  0
12-30 10:29:08.845   398   464 I vw-vhal : notifyVehicleProperty, propId = 0x21402114, data = {status: 2, int32Values: [0]}
12-30 10:29:08.845   398   464 I vw-vhal : CanSignalsAdapter::notifyVehicleProperty: solvedValue = {.timestamp = 6684667379461, .areaId = 0, .prop = 557850900, .status = AVAILABLE, .value = {.int32Values = [1]{0}, .floatValues = [0]{}, .int64Values = [0]{}, .bytes = [0]{}, .stringValue = ""}}
12-30 10:29:08.845   398   464 I VehiclePropertyStore: begin to write value to Store: {.timestamp = 6684667379461, .areaId = 0, .prop = 557850900, .status = AVAILABLE, .value = {.int32Values = [1]{0}, .floatValues = [0]{}, .int64Values = [0]{}, .bytes = [0]{}, .stringValue = ""}}
12-30 10:29:08.845   398   464 I DefaultVehicleHal_v2_0: DefaultVehicleHal::onPropertyValue, value:{.timestamp = 6684667379461, .areaId = 0, .prop = 557850900, .status = AVAILABLE, .value = {.int32Values = [1]{0}, .floatValues = [0]{}, .int64Values = [0]{}, .bytes = [0]{}, .stringValue = ""}}
12-30 10:29:08.845   398   464 D DiagPropHandler: is not DiagnosticConfig: 0x21402114
12-30 10:29:08.846   398   464 I VehiclePropertyStore: begin to write value to Store: {.timestamp = 6684667379461, .areaId = 0, .prop = 557850900, .status = AVAILABLE, .value = {.int32Values = [1]{0}, .floatValues = [0]{}, .int64Values = [0]{}, .bytes = [0]{}, .stringValue = ""}}
12-30 10:29:08.846   398   464 D adayocomadapter-CommunicationManager: onUpstreamReceive mPropertyId 0x21402114
12-30 10:29:08.846   398   464 D adayocomadapter-CommunicationManager: onUpstreamReceive mPropertyId 0x214020b6
12-30 10:29:08.846   398   464 D adayocomadapter-CommunicationManager: convertBytesToInt32Memcpy  0
12-30 10:29:08.846   398   464 I vw-vhal : notifyVehicleProperty, propId = 0x214020b6, data = {status: 2, int32Values: [0]}
12-30 10:29:08.846   398   464 I vw-vhal : CanSignalsAdapter::notifyVehicleProperty: solvedValue = {.timestamp = 6684668450461, .areaId = 0, .prop = 557850806, .status = AVAILABLE, .value = {.int32Values = [1]{0}, .floatValues = [0]{}, .int64Values = [0]{}, .bytes = [0]{}, .stringValue = ""}}
12-30 10:29:08.846   398   464 I VehiclePropertyStore: begin to write value to Store: {.timestamp = 6684668450461, .areaId = 0, .prop = 557850806, .status = AVAILABLE, .value = {.int32Values = [1]{0}, .floatValues = [0]{}, .int64Values = [0]{}, .bytes = [0]{}, .stringValue = ""}}
12-30 10:29:08.846   398   464 I DefaultVehicleHal_v2_0: DefaultVehicleHal::onPropertyValue, value:{.timestamp = 6684668450461, .areaId = 0, .prop = 557850806, .status = AVAILABLE, .value = {.int32Values = [1]{0}, .floatValues = [0]{}, .int64Values = [0]{}, .bytes = [0]{}, .stringValue = ""}}
12-30 10:29:08.847   398   464 D DiagPropHandler: is not DiagnosticConfig: 0x214020b6
12-30 10:29:08.847   398   464 I VehiclePropertyStore: begin to write value to Store: {.timestamp = 6684668450461, .areaId = 0, .prop = 557850806, .status = AVAILABLE, .value = {.int32Values = [1]{0}, .floatValues = [0]{}, .int64Values = [0]{}, .bytes = [0]{}, .stringValue = ""}}
12-30 10:29:08.847   398   464 D adayocomadapter-CommunicationManager: onUpstreamReceive mPropertyId 0x214020b6
12-30 10:29:08.847   398   464 D adayocomadapter-CommunicationManager: onUpstreamReceive mPropertyId 0x21402115
12-30 10:29:08.847   398   464 D adayocomadapter-CommunicationManager: convertBytesToInt32Memcpy  0
12-30 10:29:08.847   398   464 I vw-vhal : notifyVehicleProperty, propId = 0x21402115, data = {status: 2, int32Values: [0]}
12-30 10:29:08.847   398   464 I vw-vhal : CanSignalsAdapter::notifyVehicleProperty: solvedValue = {.timestamp = 6684669360794, .areaId = 0, .prop = 557850901, .status = AVAILABLE, .value = {.int32Values = [1]{0}, .floatValues = [0]{}, .int64Values = [0]{}, .bytes = [0]{}, .stringValue = ""}}
12-30 10:29:08.847   398   464 I VehiclePropertyStore: begin to write value to Store: {.timestamp = 6684669360794, .areaId = 0, .prop = 557850901, .status = AVAILABLE, .value = {.int32Values = [1]{0}, .floatValues = [0]{}, .int64Values = [0]{}, .bytes = [0]{}, .stringValue = ""}}
12-30 10:29:08.847   398   464 I DefaultVehicleHal_v2_0: DefaultVehicleHal::onPropertyValue, value:{.timestamp = 6684669360794, .areaId = 0, .prop = 557850901, .status = AVAILABLE, .value = {.int32Values = [1]{0}, .floatValues = [0]{}, .int64Values = [0]{}, .bytes = [0]{}, .stringValue = ""}}
12-30 10:29:08.847   398   464 D DiagPropHandler: is not DiagnosticConfig: 0x21402115
12-30 10:29:08.847   398   464 I VehiclePropertyStore: begin to write value to Store: {.timestamp = 6684669360794, .areaId = 0, .prop = 557850901, .status = AVAILABLE, .value = {.int32Values = [1]{0}, .floatValues = [0]{}, .int64Values = [0]{}, .bytes = [0]{}, .stringValue = ""}}
12-30 10:29:08.847   398   464 D adayocomadapter-CommunicationManager: onUpstreamReceive mPropertyId 0x21402115
12-30 10:29:08.847   398   464 D adayocomadapter-CommunicationManager: onUpstreamReceive mPropertyId 0x2140211a
12-30 10:29:08.848   398   464 D adayocomadapter-CommunicationManager: convertBytesToInt32Memcpy  0
12-30 10:29:08.848   398   464 I vw-vhal : notifyVehicleProperty, propId = 0x2140211a, data = {status: 2, int32Values: [0]}
12-30 10:29:08.848   398   464 I vw-vhal : CanSignalsAdapter::notifyVehicleProperty: solvedValue = {.timestamp = 6684669995128, .areaId = 0, .prop = 557850906, .status = AVAILABLE, .value = {.int32Values = [1]{0}, .floatValues = [0]{}, .int64Values = [0]{}, .bytes = [0]{}, .stringValue = ""}}
12-30 10:29:08.848   398   464 I VehiclePropertyStore: begin to write value to Store: {.timestamp = 6684669995128, .areaId = 0, .prop = 557850906, .status = AVAILABLE, .value = {.int32Values = [1]{0}, .floatValues = [0]{}, .int64Values = [0]{}, .bytes = [0]{}, .stringValue = ""}}
12-30 10:29:08.848   398   464 I DefaultVehicleHal_v2_0: DefaultVehicleHal::onPropertyValue, value:{.timestamp = 6684669995128, .areaId = 0, .prop = 557850906, .status = AVAILABLE, .value = {.int32Values = [1]{0}, .floatValues = [0]{}, .int64Values = [0]{}, .bytes = [0]{}, .stringValue = ""}}
12-30 10:29:08.848   398   464 D DiagPropHandler: is not DiagnosticConfig: 0x2140211a
12-30 10:29:08.848   398   464 I VehiclePropertyStore: begin to write value to Store: {.timestamp = 6684669995128, .areaId = 0, .prop = 557850906, .status = AVAILABLE, .value = {.int32Values = [1]{0}, .floatValues = [0]{}, .int64Values = [0]{}, .bytes = [0]{}, .stringValue = ""}}
12-30 10:29:08.848   398   464 D adayocomadapter-CommunicationManager: onUpstreamReceive mPropertyId 0x2140211a
12-30 10:29:08.848   398   464 D adayocomadapter-CommunicationManager: onUpstreamReceive mPropertyId 0x2140204b
12-30 10:29:08.848   398   464 D adayocomadapter-CommunicationManager: convertBytesToInt32Memcpy  0
12-30 10:29:08.848   398   464 I vw-vhal : notifyVehicleProperty, propId = 0x2140204b, data = {status: 2, int32Values: [0]}
12-30 10:29:08.848   398   464 I vw-vhal : CanSignalsAdapter::notifyVehicleProperty: solvedValue = {.timestamp = 6684670625128, .areaId = 0, .prop = 557850699, .status = AVAILABLE, .value = {.int32Values = [1]{0}, .floatValues = [0]{}, .int64Values = [0]{}, .bytes = [0]{}, .stringValue = ""}}
12-30 10:29:08.848   398   464 I VehiclePropertyStore: begin to write value to Store: {.timestamp = 6684670625128, .areaId = 0, .prop = 557850699, .status = AVAILABLE, .value = {.int32Values = [1]{0}, .floatValues = [0]{}, .int64Values = [0]{}, .bytes = [0]{}, .stringValue = ""}}
12-30 10:29:08.848   398   464 I DefaultVehicleHal_v2_0: DefaultVehicleHal::onPropertyValue, value:{.timestamp = 6684670625128, .areaId = 0, .prop = 557850699, .status = AVAILABLE, .value = {.int32Values = [1]{0}, .floatValues = [0]{}, .int64Values = [0]{}, .bytes = [0]{}, .stringValue = ""}}
12-30 10:29:08.849   398   464 D DiagPropHandler: is not DiagnosticConfig: 0x2140204b
12-30 10:29:08.849   398   464 I VehiclePropertyStore: begin to write value to Store: {.timestamp = 6684670625128, .areaId = 0, .prop = 557850699, .status = AVAILABLE, .value = {.int32Values = [1]{0}, .floatValues = [0]{}, .int64Values = [0]{}, .bytes = [0]{}, .stringValue = ""}}
12-30 10:29:08.849   398   464 D adayocomadapter-CommunicationManager: onUpstreamReceive mPropertyId 0x2140204b
12-30 10:29:08.849   398   464 D adayocomadapter-CommunicationManager: onUpstreamReceive mPropertyId 0x2140211b
12-30 10:29:08.849   398   464 D adayocomadapter-CommunicationManager: convertBytesToInt32Memcpy  0
12-30 10:29:08.849   398   464 I vw-vhal : notifyVehicleProperty, propId = 0x2140211b, data = {status: 2, int32Values: [0]}
12-30 10:29:08.849   398   464 I vw-vhal : CanSignalsAdapter::notifyVehicleProperty: solvedValue = {.timestamp = 6684671260794, .areaId = 0, .prop = 557850907, .status = AVAILABLE, .value = {.int32Values = [1]{0}, .floatValues = [0]{}, .int64Values = [0]{}, .bytes = [0]{}, .stringValue = ""}}
12-30 10:29:08.849   360   931 D EvsDriver: forwardFrame
12-30 10:29:08.849   398   464 I VehiclePropertyStore: begin to write value to Store: {.timestamp = 6684671260794, .areaId = 0, .prop = 557850907, .status = AVAILABLE, .value = {.int32Values = [1]{0}, .floatValues = [0]{}, .int64Values = [0]{}, .bytes = [0]{}, .stringValue = ""}}
12-30 10:29:08.849   360   931 D EvsDriver: forwardFrameDirect
12-30 10:29:08.849   398   464 I DefaultVehicleHal_v2_0: DefaultVehicleHal::onPropertyValue, value:{.timestamp = 6684671260794, .areaId = 0, .prop = 557850907, .status = AVAILABLE, .value = {.int32Values = [1]{0}, .floatValues = [0]{}, .int64Values = [0]{}, .bytes = [0]{}, .stringValue = ""}}
12-30 10:29:08.849   398   464 D DiagPropHandler: is not DiagnosticConfig: 0x2140211b
12-30 10:29:08.849   398   464 I VehiclePropertyStore: begin to write value to Store: {.timestamp = 6684671260794, .areaId = 0, .prop = 557850907, .status = AVAILABLE, .value = {.int32Values = [1]{0}, .floatValues = [0]{}, .int64Values = [0]{}, .bytes = [0]{}, .stringValue = ""}}
12-30 10:29:08.849   398   464 D adayocomadapter-CommunicationManager: onUpstreamReceive mPropertyId 0x2140211b
12-30 10:29:08.849   398   464 D adayocomadapter-CommunicationManager: onUpstreamReceive mPropertyId 0x2140203b
12-30 10:29:08.849   360   931 D EvsDriver: Delivered 0xb400e2ca9e40d4b0 as id 1
12-30 10:29:08.849   398   464 D adayocomadapter-CommunicationManager: convertBytesToInt32Memcpy  0
12-30 10:29:08.850   398   464 I vw-vhal : notifyVehicleProperty, propId = 0x2140203b, data = {status: 2, int32Values: [0]}
12-30 10:29:08.850   359  2784 D evsmanagerd: /dev/video-evs0 forwarded the buffer #1 to 0xb400f125d2b26dd0 from 0xb400f125e2b20710
12-30 10:29:08.850   398   464 I vw-vhal : CanSignalsAdapter::notifyVehicleProperty: solvedValue = {.timestamp = 6684671909794, .areaId = 0, .prop = 557850683, .status = AVAILABLE, .value = {.int32Values = [1]{0}, .floatValues = [0]{}, .int64Values = [0]{}, .bytes = [0]{}, .stringValue = ""}}
12-30 10:29:08.850   398   464 I VehiclePropertyStore: begin to write value to Store: {.timestamp = 6684671909794, .areaId = 0, .prop = 557850683, .status = AVAILABLE, .value = {.int32Values = [1]{0}, .floatValues = [0]{}, .int64Values = [0]{}, .bytes = [0]{}, .stringValue = ""}}
12-30 10:29:08.850   398   464 I DefaultVehicleHal_v2_0: DefaultVehicleHal::onPropertyValue, value:{.timestamp = 6684671909794, .areaId = 0, .prop = 557850683, .status = AVAILABLE, .value = {.int32Values = [1]{0}, .floatValues = [0]{}, .int64Values = [0]{}, .bytes = [0]{}, .stringValue = ""}}
12-30 10:29:08.850   398   464 D DiagPropHandler: is not DiagnosticConfig: 0x2140203b
12-30 10:29:08.850   398   464 I VehiclePropertyStore: begin to write value to Store: {.timestamp = 6684671909794, .areaId = 0, .prop = 557850683, .status = AVAILABLE, .value = {.int32Values = [1]{0}, .floatValues = [0]{}, .int64Values = [0]{}, .bytes = [0]{}, .stringValue = ""}}
12-30 10:29:08.850   398   464 D adayocomadapter-CommunicationManager: onUpstreamReceive mPropertyId 0x2140203b
12-30 10:29:08.850   398   464 D adayocomadapter-CommunicationManager: onUpstreamReceive mPropertyId 0x2140203f
12-30 10:29:08.850   398   464 D adayocomadapter-CommunicationManager: convertBytesToInt32Memcpy  0
