12-30 10:29:11.545   398   464 I VehiclePropertyStore: begin to write value to Store: {.timestamp = 6687366962795, .areaId = 0, .prop = 557851026, .status = AVAILABLE, .value = {.int32Values = [1]{0}, .floatValues = [0]{}, .int64Values = [0]{}, .bytes = [0]{}, .stringValue = ""}}
12-30 10:29:11.545   398   464 D adayocomadapter-CommunicationManager: onUpstreamReceive mPropertyId 0x21402192
12-30 10:29:11.545   398   464 D adayocomadapter-CommunicationManager: onUpstreamReceive mPropertyId 0x2140208a
12-30 10:29:11.545   398   464 D adayocomadapter-CommunicationManager: convertBytesToInt32Memcpy  0
12-30 10:29:11.545   398   464 I vw-vhal : notifyVehicleProperty, propId = 0x2140208a, data = {status: 2, int32Values: [0]}
12-30 10:29:11.545   398   464 I vw-vhal : CanSignalsAdapter::notifyVehicleProperty: solvedValue = {.timestamp = 6687367652128, .areaId = 0, .prop = 557850762, .status = AVAILABLE, .value = {.int32Values = [1]{0}, .floatValues = [0]{}, .int64Values = [0]{}, .bytes = [0]{}, .stringValue = ""}}
12-30 10:29:11.545   398   464 I VehiclePropertyStore: begin to write value to Store: {.timestamp = 6687367652128, .areaId = 0, .prop = 557850762, .status = AVAILABLE, .value = {.int32Values = [1]{0}, .floatValues = [0]{}, .int64Values = [0]{}, .bytes = [0]{}, .stringValue = ""}}
12-30 10:29:11.546   398   464 I DefaultVehicleHal_v2_0: DefaultVehicleHal::onPropertyValue, value:{.timestamp = 6687367652128, .areaId = 0, .prop = 557850762, .status = AVAILABLE, .value = {.int32Values = [1]{0}, .floatValues = [0]{}, .int64Values = [0]{}, .bytes = [0]{}, .stringValue = ""}}
12-30 10:29:11.546   398   464 D DiagPropHandler: is not DiagnosticConfig: 0x2140208a
12-30 10:29:11.546   398   464 I VehiclePropertyStore: begin to write value to Store: {.timestamp = 6687367652128, .areaId = 0, .prop = 557850762, .status = AVAILABLE, .value = {.int32Values = [1]{0}, .floatValues = [0]{}, .int64Values = [0]{}, .bytes = [0]{}, .stringValue = ""}}
12-30 10:29:11.546   398   464 D adayocomadapter-CommunicationManager: onUpstreamReceive mPropertyId 0x2140208a
12-30 10:29:11.546   398   464 D adayocomadapter-CommunicationManager: onUpstreamReceive mPropertyId 0x21402196
12-30 10:29:11.546   398   464 D adayocomadapter-CommunicationManager: convertBytesToInt32Memcpy  0
12-30 10:29:11.546   398   464 I vw-vhal : notifyVehicleProperty, propId = 0x21402196, data = {status: 2, int32Values: [0]}
12-30 10:29:11.546   398   464 I vw-vhal : CanSignalsAdapter::notifyVehicleProperty: solvedValue = {.timestamp = 6687368377461, .areaId = 0, .prop = 557851030, .status = AVAILABLE, .value = {.int32Values = [1]{0}, .floatValues = [0]{}, .int64Values = [0]{}, .bytes = [0]{}, .stringValue = ""}}
12-30 10:29:11.546   398   464 I VehiclePropertyStore: begin to write value to Store: {.timestamp = 6687368377461, .areaId = 0, .prop = 557851030, .status = AVAILABLE, .value = {.int32Values = [1]{0}, .floatValues = [0]{}, .int64Values = [0]{}, .bytes = [0]{}, .stringValue = ""}}
12-30 10:29:11.546   398   464 I DefaultVehicleHal_v2_0: DefaultVehicleHal::onPropertyValue, value:{.timestamp = 6687368377461, .areaId = 0, .prop = 557851030, .status = AVAILABLE, .value = {.int32Values = [1]{0}, .floatValues = [0]{}, .int64Values = [0]{}, .bytes = [0]{}, .stringValue = ""}}
12-30 10:29:11.546   398   464 D DiagPropHandler: is not DiagnosticConfig: 0x21402196
12-30 10:29:11.546   398   464 I VehiclePropertyStore: begin to write value to Store: {.timestamp = 6687368377461, .areaId = 0, .prop = 557851030, .status = AVAILABLE, .value = {.int32Values = [1]{0}, .floatValues = [0]{}, .int64Values = [0]{}, .bytes = [0]{}, .stringValue = ""}}
12-30 10:29:11.546   398   464 D adayocomadapter-CommunicationManager: onUpstreamReceive mPropertyId 0x21402196
12-30 10:29:11.547   398   464 D adayocomadapter-CommunicationManager: onUpstreamReceive mPropertyId 0x21402197
12-30 10:29:11.547   398   464 D adayocomadapter-CommunicationManager: convertBytesToInt32Memcpy  0
12-30 10:29:11.547   398   464 I vw-vhal : notifyVehicleProperty, propId = 0x21402197, data = {status: 2, int32Values: [0]}
12-30 10:29:11.547   398   464 I vw-vhal : CanSignalsAdapter::notifyVehicleProperty: solvedValue = {.timestamp = 6687369045461, .areaId = 0, .prop = 557851031, .status = AVAILABLE, .value = {.int32Values = [1]{0}, .floatValues = [0]{}, .int64Values = [0]{}, .bytes = [0]{}, .stringValue = ""}}
12-30 10:29:11.547   398   464 I VehiclePropertyStore: begin to write value to Store: {.timestamp = 6687369045461, .areaId = 0, .prop = 557851031, .status = AVAILABLE, .value = {.int32Values = [1]{0}, .floatValues = [0]{}, .int64Values = [0]{}, .bytes = [0]{}, .stringValue = ""}}
12-30 10:29:11.547   398   464 I DefaultVehicleHal_v2_0: DefaultVehicleHal::onPropertyValue, value:{.timestamp = 6687369045461, .areaId = 0, .prop = 557851031, .status = AVAILABLE, .value = {.int32Values = [1]{0}, .floatValues = [0]{}, .int64Values = [0]{}, .bytes = [0]{}, .stringValue = ""}}
12-30 10:29:11.547   398   464 D DiagPropHandler: is not DiagnosticConfig: 0x21402197
12-30 10:29:11.547   398   464 I VehiclePropertyStore: begin to write value to Store: {.timestamp = 6687369045461, .areaId = 0, .prop = 557851031, .status = AVAILABLE, .value = {.int32Values = [1]{0}, .floatValues = [0]{}, .int64Values = [0]{}, .bytes = [0]{}, .stringValue = ""}}
12-30 10:29:11.547   398   464 D adayocomadapter-CommunicationManager: onUpstreamReceive mPropertyId 0x21402197
12-30 10:29:11.547   398   464 D adayocomadapter-CommunicationManager: onUpstreamReceive mPropertyId 0x21402199
12-30 10:29:11.547   398   464 D adayocomadapter-CommunicationManager: convertBytesToInt32Memcpy  0
12-30 10:29:11.547   398   464 I vw-vhal : notifyVehicleProperty, propId = 0x21402199, data = {status: 2, int32Values: [0]}
12-30 10:29:11.547   398   464 I vw-vhal : CanSignalsAdapter::notifyVehicleProperty: solvedValue = {.timestamp = 6687369688128, .areaId = 0, .prop = 557851033, .status = AVAILABLE, .value = {.int32Values = [1]{0}, .floatValues = [0]{}, .int64Values = [0]{}, .bytes = [0]{}, .stringValue = ""}}
12-30 10:29:11.547   398   464 I VehiclePropertyStore: begin to write value to Store: {.timestamp = 6687369688128, .areaId = 0, .prop = 557851033, .status = AVAILABLE, .value = {.int32Values = [1]{0}, .floatValues = [0]{}, .int64Values = [0]{}, .bytes = [0]{}, .stringValue = ""}}
12-30 10:29:11.548   398   464 I DefaultVehicleHal_v2_0: DefaultVehicleHal::onPropertyValue, value:{.timestamp = 6687369688128, .areaId = 0, .prop = 557851033, .status = AVAILABLE, .value = {.int32Values = [1]{0}, .floatValues = [0]{}, .int64Values = [0]{}, .bytes = [0]{}, .stringValue = ""}}
12-30 10:29:11.548   398   464 D DiagPropHandler: is not DiagnosticConfig: 0x21402199
12-30 10:29:11.548   398   464 I VehiclePropertyStore: begin to write value to Store: {.timestamp = 6687369688128, .areaId = 0, .prop = 557851033, .status = AVAILABLE, .value = {.int32Values = [1]{0}, .floatValues = [0]{}, .int64Values = [0]{}, .bytes = [0]{}, .stringValue = ""}}
12-30 10:29:11.548   398   464 D adayocomadapter-CommunicationManager: onUpstreamReceive mPropertyId 0x21402199
12-30 10:29:11.549   360   931 D EvsDriver: forwardFrame
12-30 10:29:11.549   360   931 D EvsDriver: forwardFrameDirect
12-30 10:29:11.549   360   931 D EvsDriver: Delivered 0xb400e2ca9e40e110 as id 0
12-30 10:29:11.550   359  2784 D evsmanagerd: /dev/video-evs0 forwarded the buffer #0 to 0xb400f125d2b26dd0 from 0xb400f125e2b20710
12-30 10:29:11.554   360   458 D EvsDriver: doneWithFrame
12-30 10:29:11.582  2358  2623 D RcfController: Rcf proxy is not connected!
12-30 10:29:11.582   360   931 D EvsDriver: forwardFrame
12-30 10:29:11.582   360   931 D EvsDriver: forwardFrameDirect
12-30 10:29:11.583   360   931 D EvsDriver: Delivered 0xb400e2ca9e40c7a0 as id 1
12-30 10:29:11.583   359  2784 D evsmanagerd: /dev/video-evs0 forwarded the buffer #1 to 0xb400f125d2b26dd0 from 0xb400f125e2b20710
12-30 10:29:11.584   360   458 D EvsDriver: doneWithFrame
12-30 10:29:11.584  1667  2594 W ContextImpl: Calling a method in the system process without a qualified user: android.app.ContextImpl.bindService:1988 android.content.ContextWrapper.bindService:861 com.ford.sync.fnvservice.FordFnv.c:202 com.ford.sync.fnvservice.FordFnv.c:43 com.ford.sync.fnvservice.FordFnv$RetryHandler.handleMessage:245 
12-30 10:29:11.585   916  3726 W ActivityManager: Unable to start service Intent { cmp=com.ford.sync.fnvservice/.FordFnvService } U=0: not found
12-30 10:29:11.585  1667  2594 W FordFnv :  bind ford fnv failed -> sendRetryMessage 
12-30 10:29:11.592  1611  1611 I ADAYO_LOG_: handleMessage(UsbFunc.java:3)copyQnx = 0
12-30 10:29:11.592  1611  1611 I ADAYO_LOG_: handleMessage(UsbFunc.java:12)copyState = 2
12-30 10:29:11.593   596  3076 E WifiHAL : Invalid data received from driver
12-30 10:29:11.593   596  3076 E WifiHAL : Invalid data received from driver
12-30 10:29:11.593   596  3076 E WifiHAL : Invalid data received from driver
12-30 10:29:11.594   596  3076 E WifiHAL : Invalid data received from driver
12-30 10:29:11.594   596  3076 E WifiHAL : Invalid data received from driver
12-30 10:29:11.594   596  3076 E WifiHAL : Invalid data received from driver
12-30 10:29:11.594   596  3076 E WifiHAL : Invalid data received from driver
12-30 10:29:11.604   596  3076 E WifiHAL : Invalid data received from driver
12-30 10:29:11.616   360   931 D EvsDriver: forwardFrame
12-30 10:29:11.616   360   931 D EvsDriver: forwardFrameDirect
12-30 10:29:11.616   360   931 D EvsDriver: Delivered 0xb400e2ca9e40e270 as id 0
12-30 10:29:11.616   359  2784 D evsmanagerd: /dev/video-evs0 forwarded the buffer #0 to 0xb400f125d2b26dd0 from 0xb400f125e2b20710
12-30 10:29:11.624   360   458 D EvsDriver: doneWithFrame
12-30 10:29:11.632  2358  2623 D RcfController: Rcf proxy is not connected!
12-30 10:29:11.649   360   931 D EvsDriver: forwardFrame
12-30 10:29:11.649   360   931 D EvsDriver: forwardFrameDirect
12-30 10:29:11.649   360   931 D EvsDriver: Delivered 0xb400e2ca9e40d4b0 as id 1
12-30 10:29:11.649   359  2784 D evsmanagerd: /dev/video-evs0 forwarded the buffer #1 to 0xb400f125d2b26dd0 from 0xb400f125e2b20710
12-30 10:29:11.655   360   458 D EvsDriver: doneWithFrame
12-30 10:29:11.655   596  3076 E WifiHAL : Invalid data received from driver
12-30 10:29:11.682   360   931 D EvsDriver: forwardFrame
12-30 10:29:11.682   360   931 D EvsDriver: forwardFrameDirect
12-30 10:29:11.683   360   931 D EvsDriver: Delivered 0xb400e2ca9e40c2d0 as id 0
12-30 10:29:11.683  2358  2623 D RcfController: Rcf proxy is not connected!
12-30 10:29:11.683   359  2784 D evsmanagerd: /dev/video-evs0 forwarded the buffer #0 to 0xb400f125d2b26dd0 from 0xb400f125e2b20710
12-30 10:29:11.685   360   458 D EvsDriver: doneWithFrame
12-30 10:29:11.716   360   931 D EvsDriver: forwardFrame
12-30 10:29:11.716   360   931 D EvsDriver: forwardFrameDirect
12-30 10:29:11.716   360   931 D EvsDriver: Delivered 0xb400e2ca9e40d090 as id 1
12-30 10:29:11.716   359  2784 D evsmanagerd: /dev/video-evs0 forwarded the buffer #1 to 0xb400f125d2b26dd0 from 0xb400f125e2b20710
12-30 10:29:11.725   360   458 D EvsDriver: doneWithFrame
12-30 10:29:11.732   596  3076 E WifiHAL : Invalid data received from driver
12-30 10:29:11.733  2358  2623 D RcfController: Rcf proxy is not connected!
12-30 10:29:11.749   360   931 D EvsDriver: forwardFrame
12-30 10:29:11.749   360   931 D EvsDriver: forwardFrameDirect
12-30 10:29:11.749   360   931 D EvsDriver: Delivered 0xb400e2ca9e40e110 as id 0
12-30 10:29:11.749   359  2784 D evsmanagerd: /dev/video-evs0 forwarded the buffer #0 to 0xb400f125d2b26dd0 from 0xb400f125e2b20710
12-30 10:29:11.756   360   458 D EvsDriver: doneWithFrame
12-30 10:29:11.782   360   931 D EvsDriver: forwardFrame
12-30 10:29:11.782   360   931 D EvsDriver: forwardFrameDirect
12-30 10:29:11.783   360   931 D EvsDriver: Delivered 0xb400e2ca9e40c7a0 as id 1
12-30 10:29:11.783   359  2784 D evsmanagerd: /dev/video-evs0 forwarded the buffer #1 to 0xb400f125d2b26dd0 from 0xb400f125e2b20710
12-30 10:29:11.783  2358  2623 D RcfController: Rcf proxy is not connected!
12-30 10:29:11.786   360   458 D EvsDriver: doneWithFrame
12-30 10:29:11.810   596  3076 E WifiHAL : Invalid data received from driver
12-30 10:29:11.816   360   931 D EvsDriver: forwardFrame
12-30 10:29:11.816   360   931 D EvsDriver: forwardFrameDirect
12-30 10:29:11.816   360   931 D EvsDriver: Delivered 0xb400e2ca9e40e270 as id 0
12-30 10:29:11.816   359  2784 D evsmanagerd: /dev/video-evs0 forwarded the buffer #0 to 0xb400f125d2b26dd0 from 0xb400f125e2b20710
12-30 10:29:11.827   360   458 D EvsDriver: doneWithFrame
12-30 10:29:11.834  2358  2623 D RcfController: Rcf proxy is not connected!
12-30 10:29:11.843  2475  2681 I TtsServiceAgent: check thread start checking, threadId = 29
12-30 10:29:11.843  2475  2681 D TtsServiceAgent: start bind service...
12-30 10:29:11.843  2475  2681 D TtsServiceAgent: ----->initService, usage = 16
12-30 10:29:11.844  2475  2681 W ContextImpl: Calling a method in the system process without a qualified user: android.app.ContextImpl.bindService:1988 android.content.ContextWrapper.bindService:861 com.iflytek.autofly.ttsaidl.ttsproxy.TtsServiceAgent.initService:189 com.iflytek.autofly.ttsaidl.ttsproxy.TtsServiceAgent.initService:133 com.iflytek.autofly.ttsaidl.ttsproxy.TtsServiceAgent$2.run:517 
12-30 10:29:11.844   916  3726 W ActivityManager: Unable to start service Intent { act=com.iflytek.autofly.tts.ttsservice.TtsAdapterService cmp=com.iflytek.cutefly.speechclient.hmi/com.iflytek.autofly.tts.ttsservice.TtsAdapterService } U=0: not found
12-30 10:29:11.845  2475  2681 D TtsServiceAgent: bindService: false
12-30 10:29:11.845  2475  2681 D TtsServiceAgent: start reInitService
12-30 10:29:11.845  2475  2681 D TtsServiceAgent: aidlCheckThreadRunning = true
12-30 10:29:11.845  2475  2681 D TtsServiceAgent: ----->check connection status in 1000s...
12-30 10:29:11.849   360   931 D EvsDriver: forwardFrame
12-30 10:29:11.849   360   931 D EvsDriver: forwardFrameDirect
12-30 10:29:11.849   596  3076 E WifiHAL : Invalid data received from driver
12-30 10:29:11.849   360   931 D EvsDriver: Delivered 0xb400e2ca9e40d4b0 as id 1
12-30 10:29:11.849   359  2784 D evsmanagerd: /dev/video-evs0 forwarded the buffer #1 to 0xb400f125d2b26dd0 from 0xb400f125e2b20710
12-30 10:29:11.857   360   458 D EvsDriver: doneWithFrame
12-30 10:29:11.882   360   931 D EvsDriver: forwardFrame
12-30 10:29:11.882   360   931 D EvsDriver: forwardFrameDirect
12-30 10:29:11.883   360   931 D EvsDriver: Delivered 0xb400e2ca9e40c2d0 as id 0
12-30 10:29:11.883   359  2784 D evsmanagerd: /dev/video-evs0 forwarded the buffer #0 to 0xb400f125d2b26dd0 from 0xb400f125e2b20710
12-30 10:29:11.884  2358  2623 D RcfController: Rcf proxy is not connected!
12-30 10:29:11.887   360   458 D EvsDriver: doneWithFrame
12-30 10:29:11.916   360   931 D EvsDriver: forwardFrame
12-30 10:29:11.916   360   931 D EvsDriver: forwardFrameDirect
12-30 10:29:11.916   360   931 D EvsDriver: Delivered 0xb400e2ca9e40d090 as id 1
12-30 10:29:11.916   359  2784 D evsmanagerd: /dev/video-evs0 forwarded the buffer #1 to 0xb400f125d2b26dd0 from 0xb400f125e2b20710
12-30 10:29:11.918   360   458 D EvsDriver: doneWithFrame
12-30 10:29:11.923   596  3076 E WifiHAL : Invalid data received from driver
12-30 10:29:11.934  2358  2623 D RcfController: Rcf proxy is not connected!
12-30 10:29:11.949   360   931 D EvsDriver: forwardFrame
12-30 10:29:11.949   360   931 D EvsDriver: forwardFrameDirect
12-30 10:29:11.949   360   931 D EvsDriver: Delivered 0xb400e2ca9e40e110 as id 0
12-30 10:29:11.949   359  2784 D evsmanagerd: /dev/video-evs0 forwarded the buffer #0 to 0xb400f125d2b26dd0 from 0xb400f125e2b20710
12-30 10:29:11.958   360   458 D EvsDriver: doneWithFrame
12-30 10:29:11.962   596  3076 E WifiHAL : Invalid data received from driver
12-30 10:29:11.982   360   931 D EvsDriver: forwardFrame
12-30 10:29:11.982   360   931 D EvsDriver: forwardFrameDirect
12-30 10:29:11.983   360   931 D EvsDriver: Delivered 0xb400e2ca9e40c7a0 as id 1
12-30 10:29:11.983   359  2784 D evsmanagerd: /dev/video-evs0 forwarded the buffer #1 to 0xb400f125d2b26dd0 from 0xb400f125e2b20710
12-30 10:29:11.984  2358  2623 D RcfController: Rcf proxy is not connected!
12-30 10:29:11.989   360   458 D EvsDriver: doneWithFrame
12-30 10:29:12.016   360   931 D EvsDriver: forwardFrame
12-30 10:29:12.016   360   931 D EvsDriver: forwardFrameDirect
12-30 10:29:12.016   360   931 D EvsDriver: Delivered 0xb400e2ca9e40e270 as id 0
12-30 10:29:12.016   359  2784 D evsmanagerd: /dev/video-evs0 forwarded the buffer #0 to 0xb400f125d2b26dd0 from 0xb400f125e2b20710
12-30 10:29:12.019   360   458 D EvsDriver: doneWithFrame
12-30 10:29:12.025   596  3076 E WifiHAL : Invalid data received from driver
12-30 10:29:12.025   650   729 D fgemcucomm: sd Uart data : 6AA602D0D500028B309C
12-30 10:29:12.025   650   729 D fgemcucomm: rev uart=55303,len=96, data : 6AA681D0D500588B30B01E0A1D0AA55A8B000101010000000000002A000000000000000000002A000000000201000000012A000401040100000002FF2A010000000002000001002A00000101000A0000002A0000010900000000000000000016
12-30 10:29:12.035  2358  2623 D RcfController: Rcf proxy is not connected!
12-30 10:29:12.049   360   931 D EvsDriver: forwardFrame
12-30 10:29:12.049   360   931 D EvsDriver: forwardFrameDirect
12-30 10:29:12.049   360   931 D EvsDriver: Delivered 0xb400e2ca9e40d4b0 as id 1
12-30 10:29:12.049   359  2784 D evsmanagerd: /dev/video-evs0 forwarded the buffer #1 to 0xb400f125d2b26dd0 from 0xb400f125e2b20710
12-30 10:29:12.060   360   458 D EvsDriver: doneWithFrame
12-30 10:29:12.061  1667  2407 I media_message_log->MediaMessageProxy: (SourceFile:1)b connectToService action bind
12-30 10:29:12.062   916  3726 W ActivityManager: Unable to start service Intent { cmp=com.adayo.server.mediamessagetransfer/.MediaMessTransferService (has extras) } U=0: not found
12-30 10:29:12.062  1667  2407 E media_message_log->MediaMessageProxy: (SourceFile:7)a bindServiceAsUser isBound = false
12-30 10:29:12.070   596  3076 E WifiHAL : Invalid data received from driver
12-30 10:29:12.082   360   931 D EvsDriver: forwardFrame
12-30 10:29:12.082   360   931 D EvsDriver: forwardFrameDirect
12-30 10:29:12.083   360   931 D EvsDriver: Delivered 0xb400e2ca9e40c2d0 as id 0
12-30 10:29:12.083   359  2784 D evsmanagerd: /dev/video-evs0 forwarded the buffer #0 to 0xb400f125d2b26dd0 from 0xb400f125e2b20710
12-30 10:29:12.085  2358  2623 D RcfController: Rcf proxy is not connected!
12-30 10:29:12.090   360   458 D EvsDriver: doneWithFrame
12-30 10:29:12.099  1667  2513 W ContextImpl: Calling a method in the system process without a qualified user: android.app.ContextImpl.bindService:1988 android.content.ContextWrapper.bindService:861 com.ford.sync.fnvservice.analytics.AnalyticsManager$RetryHandler.a:126 com.ford.sync.fnvservice.analytics.AnalyticsManager$RetryHandler.handleMessage:103 android.os.Handler.dispatchMessage:106 
12-30 10:29:12.100   916  3726 W ActivityManager: Unable to start service Intent { cmp=com.ford.sync.fnvservice/.analytics.AnalyticsService } U=0: not found
12-30 10:29:12.100  1667  2513 W AnalyticsManager:  bind ford Analytics failed -> sendRetryMessage 
12-30 10:29:12.105   665  1525 I gps_hdbd: [gps_upgrade_thread 3403]Enter
12-30 10:29:12.106   665  1525 I gps_hdbd: [gps_upgrade_thread 3432] sys.gps.update:0 ,file:not ,upgrate_ing:0
12-30 10:29:12.116   360   931 D EvsDriver: forwardFrame
12-30 10:29:12.116   360   931 D EvsDriver: forwardFrameDirect
12-30 10:29:12.116   360   931 D EvsDriver: Delivered 0xb400e2ca9e40d090 as id 1
12-30 10:29:12.116   359  2784 D evsmanagerd: /dev/video-evs0 forwarded the buffer #1 to 0xb400f125d2b26dd0 from 0xb400f125e2b20710
12-30 10:29:12.120   360   458 D EvsDriver: doneWithFrame
12-30 10:29:12.135  2358  2623 D RcfController: Rcf proxy is not connected!
12-30 10:29:12.142   596  3076 E WifiHAL : Invalid data received from driver
12-30 10:29:12.143   596  3076 E WifiHAL : Invalid data received from driver
12-30 10:29:12.149   360   931 D EvsDriver: forwardFrame
12-30 10:29:12.149   360   931 D EvsDriver: forwardFrameDirect
12-30 10:29:12.149   360   931 D EvsDriver: Delivered 0xb400e2ca9e40e110 as id 0
12-30 10:29:12.149   359  2784 D evsmanagerd: /dev/video-evs0 forwarded the buffer #0 to 0xb400f125d2b26dd0 from 0xb400f125e2b20710
12-30 10:29:12.151   360   458 D EvsDriver: doneWithFrame
12-30 10:29:12.151   596  3076 E WifiHAL : Invalid data received from driver
12-30 10:29:12.167   596  3076 E WifiHAL : Invalid data received from driver
12-30 10:29:12.171   596  3076 E WifiHAL : Invalid data received from driver
12-30 10:29:12.171   596  3076 E WifiHAL : Invalid data received from driver
12-30 10:29:12.171   596  3076 E WifiHAL : Invalid data received from driver
12-30 10:29:12.172   596  3076 E WifiHAL : Invalid data received from driver
12-30 10:29:12.172   596  3076 E WifiHAL : Invalid data received from driver
12-30 10:29:12.172   596  3076 E WifiHAL : Invalid data received from driver
12-30 10:29:12.172   596  3076 E WifiHAL : Invalid data received from driver
12-30 10:29:12.182   360   931 D EvsDriver: forwardFrame
12-30 10:29:12.182   360   931 D EvsDriver: forwardFrameDirect
12-30 10:29:12.183   360   931 D EvsDriver: Delivered 0xb400e2ca9e40c7a0 as id 1
12-30 10:29:12.183   359  2784 D evsmanagerd: /dev/video-evs0 forwarded the buffer #1 to 0xb400f125d2b26dd0 from 0xb400f125e2b20710
12-30 10:29:12.186  2358  2623 D RcfController: Rcf proxy is not connected!
12-30 10:29:12.191   360   458 D EvsDriver: doneWithFrame
12-30 10:29:12.194   798 24045 W adbd    : timed out while waiting for FUNCTIONFS_BIND, trying again
12-30 10:29:12.194   798 24045 I adbd    : UsbFfs: connection terminated: monitor thread finished
12-30 10:29:12.194   798   798 I adbd    : UsbFfs: already offline
12-30 10:29:12.194   798   798 I adbd    : destroying transport UsbFfs
12-30 10:29:12.194   798   798 I adbd    : UsbFfsConnection being destroyed
12-30 10:29:12.216   360   931 D EvsDriver: forwardFrame
12-30 10:29:12.216   360   931 D EvsDriver: forwardFrameDirect
12-30 10:29:12.216   360   931 D EvsDriver: Delivered 0xb400e2ca9e40e270 as id 0
12-30 10:29:12.216   359  2784 D evsmanagerd: /dev/video-evs0 forwarded the buffer #0 to 0xb400f125d2b26dd0 from 0xb400f125e2b20710
12-30 10:29:12.221   360   458 D EvsDriver: doneWithFrame
12-30 10:29:12.229   596  3076 E WifiHAL : Invalid data received from driver
12-30 10:29:12.236  2358  2623 D RcfController: Rcf proxy is not connected!
12-30 10:29:12.238   798   838 I adbd    : opening control endpoint /dev/usb-ffs/adb/ep0
12-30 10:29:12.239   798   838 I adbd    : UsbFfsConnection constructed
12-30 10:29:12.240   798 24046 I adbd    : UsbFfs-monitor thread spawned
01-01 09:51:29.248   838   838 I         : read descriptors
12-30 10:29:12.249   360   931 D EvsDriver: forwardFrame
12-30 10:29:12.249   360   931 D EvsDriver: forwardFrameDirect
12-30 10:29:12.249   360   931 D EvsDriver: Delivered 0xb400e2ca9e40d4b0 as id 1
12-30 10:29:12.249   359  2784 D evsmanagerd: /dev/video-evs0 forwarded the buffer #1 to 0xb400f125d2b26dd0 from 0xb400f125e2b20710
12-30 10:29:12.252   360   458 D EvsDriver: doneWithFrame
12-30 10:29:12.274   596  3076 E WifiHAL : Invalid data received from driver
12-30 10:29:12.282   360   931 D EvsDriver: forwardFrame
12-30 10:29:12.282   360   931 D EvsDriver: forwardFrameDirect
12-30 10:29:12.283   360   931 D EvsDriver: Delivered 0xb400e2ca9e40c2d0 as id 0
12-30 10:29:12.283   359  2784 D evsmanagerd: /dev/video-evs0 forwarded the buffer #0 to 0xb400f125d2b26dd0 from 0xb400f125e2b20710
12-30 10:29:12.286  2358  2623 D RcfController: Rcf proxy is not connected!
12-30 10:29:12.292   360   458 D EvsDriver: doneWithFrame
12-30 10:29:12.316   360   931 D EvsDriver: forwardFrame
12-30 10:29:12.316   360   931 D EvsDriver: forwardFrameDirect
12-30 10:29:12.316   360   931 D EvsDriver: Delivered 0xb400e2ca9e40d090 as id 1
12-30 10:29:12.316   359  2784 D evsmanagerd: /dev/video-evs0 forwarded the buffer #1 to 0xb400f125d2b26dd0 from 0xb400f125e2b20710
12-30 10:29:12.323   360   458 D EvsDriver: doneWithFrame
12-30 10:29:12.336  1667  2410 I media_message_log->MediaMessageUserProxy: (SourceFile:1)b connectToService action bind
12-30 10:29:12.336  2358  2623 D RcfController: Rcf proxy is not connected!
12-30 10:29:12.337   916  3726 W ActivityManager: Unable to start service Intent { cmp=com.adayo.server.mediamessagetransfer/.MediaMessTransferService (has extras) } U=0: not found
12-30 10:29:12.338  1667  2410 E media_message_log->MediaMessageUserProxy: (SourceFile:7)a bindServiceAsUser isBound = false
12-30 10:29:12.346   596  3076 E WifiHAL : Invalid data received from driver
12-30 10:29:12.349   360   931 D EvsDriver: forwardFrame
12-30 10:29:12.349   360   931 D EvsDriver: forwardFrameDirect
12-30 10:29:12.349   360   931 D EvsDriver: Delivered 0xb400e2ca9e40e110 as id 0
12-30 10:29:12.349   359  2784 D evsmanagerd: /dev/video-evs0 forwarded the buffer #0 to 0xb400f125d2b26dd0 from 0xb400f125e2b20710
12-30 10:29:12.353   360   458 D EvsDriver: doneWithFrame
12-30 10:29:12.382   360   931 D EvsDriver: forwardFrame
12-30 10:29:12.382   360   931 D EvsDriver: forwardFrameDirect
12-30 10:29:12.383   360   931 D EvsDriver: Delivered 0xb400e2ca9e40c7a0 as id 1
12-30 10:29:12.383   359  2784 D evsmanagerd: /dev/video-evs0 forwarded the buffer #1 to 0xb400f125d2b26dd0 from 0xb400f125e2b20710
12-30 10:29:12.387  2358  2623 D RcfController: Rcf proxy is not connected!
12-30 10:29:12.394   360   458 D EvsDriver: doneWithFrame
12-30 10:29:12.395   596  3076 E WifiHAL : Invalid data received from driver
12-30 10:29:12.416   360   931 D EvsDriver: forwardFrame
12-30 10:29:12.416   360   931 D EvsDriver: forwardFrameDirect
12-30 10:29:12.416   360   931 D EvsDriver: Delivered 0xb400e2ca9e40e270 as id 0
12-30 10:29:12.416   359  2784 D evsmanagerd: /dev/video-evs0 forwarded the buffer #0 to 0xb400f125d2b26dd0 from 0xb400f125e2b20710
12-30 10:29:12.424   360   458 D EvsDriver: doneWithFrame
12-30 10:29:12.428   650   729 D fgemcucomm: sd Uart data : 6AA602D0D600029202C2
12-30 10:29:12.428   650   729 D fgemcucomm: rev uart=55304,len=14, data : 6AA681D0D600069202000B000034
12-30 10:29:12.429   398  2883 D adayocomadapter-ParseProtocolFunc: printRaWMsg Name[MCUToUPstream recv] len[6] data[9202000B0000]
12-30 10:29:12.429   398  2883 D adayocomadapter-CommunicationManager: onUpstreamback   member[0] dataLength[3] timePoint[6688250]
12-30 10:29:12.429   398  2883 D adayocomadapter-ParseProtocolFunc: printRaWMsg Name[onUpstreamback] len[3] data[0B0000]
12-30 10:29:12.429   398   464 D adayocomadapter-UpstreamHandler: processBeforePacket upSreamtProcessTimePoint[6688251] 
12-30 10:29:12.429   398   464 D adayocomadapter-UpstreamHandler: processPacket UPSTREAM_QUEUE_DATA_TIMEOUT
12-30 10:29:12.429   398   464 D adayocomadapter-ParseProtocolFunc: parseCommonIPCLBytes Processing tableNumber[11]
12-30 10:29:12.429   398   464 D adayocomadapter-ParseProtocolFunc: parseCommonIPCLBytes Processing tablename[Table-11] tableSize[3]
12-30 10:29:12.429   398   464 D adayocomadapter-ParseProtocolFunc: printRaWMsg Name[byteStream recv] len[3] data[0B0000]
12-30 10:29:12.429   398   464 D adayocomadapter-ParseProtocolFunc: printRaWMsg Name[IPCLtoVHAL] len[7] data[2140200B000000]
12-30 10:29:12.429   398   464 D adayocomadapter-CommunicationManager: onUpstreamReceive mPropertyId 0x2140200b
12-30 10:29:12.429   398   464 D adayocomadapter-CommunicationManager: convertBytesToInt32Memcpy  0
12-30 10:29:12.429   398   464 I vw-vhal : notifyVehicleProperty, propId = 0x2140200b, data = {status: 2, int32Values: [0]}
12-30 10:29:12.429   398   464 I vw-vhal : CanSignalsAdapter::notifyVehicleProperty: solvedValue = {.timestamp = 6688251694462, .areaId = 0, .prop = 557850635, .status = AVAILABLE, .value = {.int32Values = [1]{0}, .floatValues = [0]{}, .int64Values = [0]{}, .bytes = [0]{}, .stringValue = ""}}
12-30 10:29:12.430   398   464 I VehiclePropertyStore: begin to write value to Store: {.timestamp = 6688251694462, .areaId = 0, .prop = 557850635, .status = AVAILABLE, .value = {.int32Values = [1]{0}, .floatValues = [0]{}, .int64Values = [0]{}, .bytes = [0]{}, .stringValue = ""}}
12-30 10:29:12.430   398   464 I DefaultVehicleHal_v2_0: DefaultVehicleHal::onPropertyValue, value:{.timestamp = 6688251694462, .areaId = 0, .prop = 557850635, .status = AVAILABLE, .value = {.int32Values = [1]{0}, .floatValues = [0]{}, .int64Values = [0]{}, .bytes = [0]{}, .stringValue = ""}}
12-30 10:29:12.430   398   464 D DiagPropHandler: is not DiagnosticConfig: 0x2140200b
12-30 10:29:12.430   398   464 I VehiclePropertyStore: begin to write value to Store: {.timestamp = 6688251694462, .areaId = 0, .prop = 557850635, .status = AVAILABLE, .value = {.int32Values = [1]{0}, .floatValues = [0]{}, .int64Values = [0]{}, .bytes = [0]{}, .stringValue = ""}}
12-30 10:29:12.430   398   464 D adayocomadapter-CommunicationManager: onUpstreamReceive mPropertyId 0x2140200b
12-30 10:29:12.437  2358  2623 D RcfController: Rcf proxy is not connected!
12-30 10:29:12.449   360   931 I EvsDriver: /dev/video-evs0 VideoCapture fps 30.0002
12-30 10:29:12.449   360   931 D EvsDriver: forwardFrame
12-30 10:29:12.449   360   931 D EvsDriver: forwardFrameDirect
12-30 10:29:12.449   360   931 D EvsDriver: Delivered 0xb400e2ca9e40d4b0 as id 1
12-30 10:29:12.450   650   730 D fgemcucomm: sd Uart data : 6AA600144000020601A3
12-30 10:29:12.450   359  2784 D evsmanagerd: /dev/video-evs0 forwarded the buffer #1 to 0xb400f125d2b26dd0 from 0xb400f125e2b20710
12-30 10:29:12.454   360   458 D EvsDriver: doneWithFrame
12-30 10:29:12.457   596  3076 E WifiHAL : Invalid data received from driver
12-30 10:29:12.478   650   729 D fgemcucomm: sd Uart data : 6AA602D0D700029202C1
12-30 10:29:12.479   650   729 D fgemcucomm: rev uart=55305,len=19, data : 6AA681D0D7000B9202000F000000000000002A
12-30 10:29:12.479   398  2883 D adayocomadapter-ParseProtocolFunc: printRaWMsg Name[MCUToUPstream recv] len[11] data[9202000F00000000000000]
12-30 10:29:12.479   398  2883 D adayocomadapter-CommunicationManager: onUpstreamback   member[0] dataLength[8] timePoint[6688301]
12-30 10:29:12.479   398  2883 D adayocomadapter-ParseProtocolFunc: printRaWMsg Name[onUpstreamback] len[8] data[0F00000000000000]
12-30 10:29:12.479   398   464 D adayocomadapter-UpstreamHandler: processBeforePacket upSreamtProcessTimePoint[6688301] 
12-30 10:29:12.479   398   464 D adayocomadapter-UpstreamHandler: processPacket UPSTREAM_QUEUE_DATA_TIMEOUT
12-30 10:29:12.479   398   464 D adayocomadapter-ParseProtocolFunc: parseCommonIPCLBytes Processing tableNumber[15]
12-30 10:29:12.479   398   464 D adayocomadapter-ParseProtocolFunc: parseCommonIPCLBytes Processing tablename[Table-15] tableSize[8]
12-30 10:29:12.479   398   464 D adayocomadapter-ParseProtocolFunc: printRaWMsg Name[byteStream recv] len[8] data[0F00000000000000]
12-30 10:29:12.479   398   464 D adayocomadapter-ParseProtocolFunc: printRaWMsg Name[IPCLtoVHAL] len[6] data[214020F30000]
12-30 10:29:12.479   398   464 D adayocomadapter-ParseProtocolFunc: printRaWMsg Name[IPCLtoVHAL] len[6] data[214020F40000]
12-30 10:29:12.479   398   464 D adayocomadapter-ParseProtocolFunc: printRaWMsg Name[IPCLtoVHAL] len[6] data[214020F50000]
12-30 10:29:12.480   398   464 D adayocomadapter-ParseProtocolFunc: printRaWMsg Name[IPCLtoVHAL] len[6] data[214020F60000]
12-30 10:29:12.480   398   464 D adayocomadapter-ParseProtocolFunc: printRaWMsg Name[IPCLtoVHAL] len[6] data[214020F70000]
12-30 10:29:12.480   398   464 D adayocomadapter-ParseProtocolFunc: printRaWMsg Name[IPCLtoVHAL] len[6] data[214020F80000]
12-30 10:29:12.480   398   464 D adayocomadapter-ParseProtocolFunc: printRaWMsg Name[IPCLtoVHAL] len[6] data[214020F90000]
12-30 10:29:12.480   398   464 D adayocomadapter-CommunicationManager: onUpstreamReceive mPropertyId 0x214020f3
12-30 10:29:12.480   398   464 D adayocomadapter-CommunicationManager: convertBytesToInt32Memcpy  0
12-30 10:29:12.480   398   464 I vw-vhal : notifyVehicleProperty, propId = 0x214020f3, data = {status: 2, int32Values: [0]}
12-30 10:29:12.480   398   464 I vw-vhal : CanSignalsAdapter::notifyVehicleProperty: solvedValue = {.timestamp = 6688302365128, .areaId = 0, .prop = 557850867, .status = AVAILABLE, .value = {.int32Values = [1]{0}, .floatValues = [0]{}, .int64Values = [0]{}, .bytes = [0]{}, .stringValue = ""}}
12-30 10:29:12.480   398   464 I VehiclePropertyStore: begin to write value to Store: {.timestamp = 6688302365128, .areaId = 0, .prop = 557850867, .status = AVAILABLE, .value = {.int32Values = [1]{0}, .floatValues = [0]{}, .int64Values = [0]{}, .bytes = [0]{}, .stringValue = ""}}
12-30 10:29:12.480   398   464 I DefaultVehicleHal_v2_0: DefaultVehicleHal::onPropertyValue, value:{.timestamp = 6688302365128, .areaId = 0, .prop = 557850867, .status = AVAILABLE, .value = {.int32Values = [1]{0}, .floatValues = [0]{}, .int64Values = [0]{}, .bytes = [0]{}, .stringValue = ""}}
12-30 10:29:12.480   398   464 D DiagPropHandler: is not DiagnosticConfig: 0x214020f3
12-30 10:29:12.480   398   464 I VehiclePropertyStore: begin to write value to Store: {.timestamp = 6688302365128, .areaId = 0, .prop = 557850867, .status = AVAILABLE, .value = {.int32Values = [1]{0}, .floatValues = [0]{}, .int64Values = [0]{}, .bytes = [0]{}, .stringValue = ""}}
12-30 10:29:12.480   398   464 D adayocomadapter-CommunicationManager: onUpstreamReceive mPropertyId 0x214020f3
12-30 10:29:12.481   398   464 D adayocomadapter-CommunicationManager: onUpstreamReceive mPropertyId 0x214020f4
12-30 10:29:12.481   398   464 D adayocomadapter-CommunicationManager: convertBytesToInt32Memcpy  0
12-30 10:29:12.481   398   464 I vw-vhal : notifyVehicleProperty, propId = 0x214020f4, data = {status: 2, int32Values: [0]}
12-30 10:29:12.481   398   464 I vw-vhal : CanSignalsAdapter::notifyVehicleProperty: solvedValue = {.timestamp = 6688303056795, .areaId = 0, .prop = 557850868, .status = AVAILABLE, .value = {.int32Values = [1]{0}, .floatValues = [0]{}, .int64Values = [0]{}, .bytes = [0]{}, .stringValue = ""}}
12-30 10:29:12.481   398   464 I VehiclePropertyStore: begin to write value to Store: {.timestamp = 6688303056795, .areaId = 0, .prop = 557850868, .status = AVAILABLE, .value = {.int32Values = [1]{0}, .floatValues = [0]{}, .int64Values = [0]{}, .bytes = [0]{}, .stringValue = ""}}
12-30 10:29:12.481   398   464 I DefaultVehicleHal_v2_0: DefaultVehicleHal::onPropertyValue, value:{.timestamp = 6688303056795, .areaId = 0, .prop = 557850868, .status = AVAILABLE, .value = {.int32Values = [1]{0}, .floatValues = [0]{}, .int64Values = [0]{}, .bytes = [0]{}, .stringValue = ""}}
12-30 10:29:12.481   398   464 D DiagPropHandler: is not DiagnosticConfig: 0x214020f4
12-30 10:29:12.481   398   464 I VehiclePropertyStore: begin to write value to Store: {.timestamp = 6688303056795, .areaId = 0, .prop = 557850868, .status = AVAILABLE, .value = {.int32Values = [1]{0}, .floatValues = [0]{}, .int64Values = [0]{}, .bytes = [0]{}, .stringValue = ""}}
12-30 10:29:12.481   398   464 D adayocomadapter-CommunicationManager: onUpstreamReceive mPropertyId 0x214020f4
12-30 10:29:12.481   398   464 D adayocomadapter-CommunicationManager: onUpstreamReceive mPropertyId 0x214020f5
12-30 10:29:12.481   398   464 D adayocomadapter-CommunicationManager: convertBytesToInt32Memcpy  0
12-30 10:29:12.481   398   464 I vw-vhal : notifyVehicleProperty, propId = 0x214020f5, data = {status: 2, int32Values: [0]}
12-30 10:29:12.481   398   464 I vw-vhal : CanSignalsAdapter::notifyVehicleProperty: solvedValue = {.timestamp = 6688303707795, .areaId = 0, .prop = 557850869, .status = AVAILABLE, .value = {.int32Values = [1]{0}, .floatValues = [0]{}, .int64Values = [0]{}, .bytes = [0]{}, .stringValue = ""}}
12-30 10:29:12.481   398   464 I VehiclePropertyStore: begin to write value to Store: {.timestamp = 6688303707795, .areaId = 0, .prop = 557850869, .status = AVAILABLE, .value = {.int32Values = [1]{0}, .floatValues = [0]{}, .int64Values = [0]{}, .bytes = [0]{}, .stringValue = ""}}
12-30 10:29:12.482   398   464 I DefaultVehicleHal_v2_0: DefaultVehicleHal::onPropertyValue, value:{.timestamp = 6688303707795, .areaId = 0, .prop = 557850869, .status = AVAILABLE, .value = {.int32Values = [1]{0}, .floatValues = [0]{}, .int64Values = [0]{}, .bytes = [0]{}, .stringValue = ""}}
12-30 10:29:12.482   398   464 D DiagPropHandler: is not DiagnosticConfig: 0x214020f5
12-30 10:29:12.482   398   464 I VehiclePropertyStore: begin to write value to Store: {.timestamp = 6688303707795, .areaId = 0, .prop = 557850869, .status = AVAILABLE, .value = {.int32Values = [1]{0}, .floatValues = [0]{}, .int64Values = [0]{}, .bytes = [0]{}, .stringValue = ""}}
12-30 10:29:12.482   398   464 D adayocomadapter-CommunicationManager: onUpstreamReceive mPropertyId 0x214020f5
12-30 10:29:12.482   398   464 D adayocomadapter-CommunicationManager: onUpstreamReceive mPropertyId 0x214020f6
12-30 10:29:12.482   398   464 D adayocomadapter-CommunicationManager: convertBytesToInt32Memcpy  0
12-30 10:29:12.482   398   464 I vw-vhal : notifyVehicleProperty, propId = 0x214020f6, data = {status: 2, int32Values: [0]}
12-30 10:29:12.482   398   464 I vw-vhal : CanSignalsAdapter::notifyVehicleProperty: solvedValue = {.timestamp = 6688304410128, .areaId = 0, .prop = 557850870, .status = AVAILABLE, .value = {.int32Values = [1]{0}, .floatValues = [0]{}, .int64Values = [0]{}, .bytes = [0]{}, .stringValue = ""}}
12-30 10:29:12.482   398   464 I VehiclePropertyStore: begin to write value to Store: {.timestamp = 6688304410128, .areaId = 0, .prop = 557850870, .status = AVAILABLE, .value = {.int32Values = [1]{0}, .floatValues = [0]{}, .int64Values = [0]{}, .bytes = [0]{}, .stringValue = ""}}
12-30 10:29:12.482   360   931 D EvsDriver: forwardFrame
12-30 10:29:12.482   398   464 I DefaultVehicleHal_v2_0: DefaultVehicleHal::onPropertyValue, value:{.timestamp = 6688304410128, .areaId = 0, .prop = 557850870, .status = AVAILABLE, .value = {.int32Values = [1]{0}, .floatValues = [0]{}, .int64Values = [0]{}, .bytes = [0]{}, .stringValue = ""}}
12-30 10:29:12.482   360   931 D EvsDriver: forwardFrameDirect
12-30 10:29:12.482   398   464 D DiagPropHandler: is not DiagnosticConfig: 0x214020f6
12-30 10:29:12.482   398   464 I VehiclePropertyStore: begin to write value to Store: {.timestamp = 6688304410128, .areaId = 0, .prop = 557850870, .status = AVAILABLE, .value = {.int32Values = [1]{0}, .floatValues = [0]{}, .int64Values = [0]{}, .bytes = [0]{}, .stringValue = ""}}
12-30 10:29:12.483   398   464 D adayocomadapter-CommunicationManager: onUpstreamReceive mPropertyId 0x214020f6
12-30 10:29:12.483   360   931 D EvsDriver: Delivered 0xb400e2ca9e40c2d0 as id 0
12-30 10:29:12.483   359  2784 D evsmanagerd: /dev/video-evs0 forwarded the buffer #0 to 0xb400f125d2b26dd0 from 0xb400f125e2b20710
12-30 10:29:12.483   398   464 D adayocomadapter-CommunicationManager: onUpstreamReceive mPropertyId 0x214020f7
12-30 10:29:12.483   398   464 D adayocomadapter-CommunicationManager: convertBytesToInt32Memcpy  0
12-30 10:29:12.483   398   464 I vw-vhal : notifyVehicleProperty, propId = 0x214020f7, data = {status: 2, int32Values: [0]}
12-30 10:29:12.483   398   464 I vw-vhal : CanSignalsAdapter::notifyVehicleProperty: solvedValue = {.timestamp = 6688305500462, .areaId = 0, .prop = 557850871, .status = AVAILABLE, .value = {.int32Values = [1]{0}, .floatValues = [0]{}, .int64Values = [0]{}, .bytes = [0]{}, .stringValue = ""}}
12-30 10:29:12.483   398   464 I VehiclePropertyStore: begin to write value to Store: {.timestamp = 6688305500462, .areaId = 0, .prop = 557850871, .status = AVAILABLE, .value = {.int32Values = [1]{0}, .floatValues = [0]{}, .int64Values = [0]{}, .bytes = [0]{}, .stringValue = ""}}
12-30 10:29:12.483   398   464 I DefaultVehicleHal_v2_0: DefaultVehicleHal::onPropertyValue, value:{.timestamp = 6688305500462, .areaId = 0, .prop = 557850871, .status = AVAILABLE, .value = {.int32Values = [1]{0}, .floatValues = [0]{}, .int64Values = [0]{}, .bytes = [0]{}, .stringValue = ""}}
12-30 10:29:12.483   398   464 D DiagPropHandler: is not DiagnosticConfig: 0x214020f7
12-30 10:29:12.484   398   464 I VehiclePropertyStore: begin to write value to Store: {.timestamp = 6688305500462, .areaId = 0, .prop = 557850871, .status = AVAILABLE, .value = {.int32Values = [1]{0}, .floatValues = [0]{}, .int64Values = [0]{}, .bytes = [0]{}, .stringValue = ""}}
12-30 10:29:12.484   398   464 D adayocomadapter-CommunicationManager: onUpstreamReceive mPropertyId 0x214020f7
12-30 10:29:12.484   398   464 D adayocomadapter-CommunicationManager: onUpstreamReceive mPropertyId 0x214020f8
12-30 10:29:12.484   398   464 D adayocomadapter-CommunicationManager: convertBytesToInt32Memcpy  0
12-30 10:29:12.484   398   464 I vw-vhal : notifyVehicleProperty, propId = 0x214020f8, data = {status: 2, int32Values: [0]}
12-30 10:29:12.484   398   464 I vw-vhal : CanSignalsAdapter::notifyVehicleProperty: solvedValue = {.timestamp = 6688306162795, .areaId = 0, .prop = 557850872, .status = AVAILABLE, .value = {.int32Values = [1]{0}, .floatValues = [0]{}, .int64Values = [0]{}, .bytes = [0]{}, .stringValue = ""}}
12-30 10:29:12.484   398   464 I VehiclePropertyStore: begin to write value to Store: {.timestamp = 6688306162795, .areaId = 0, .prop = 557850872, .status = AVAILABLE, .value = {.int32Values = [1]{0}, .floatValues = [0]{}, .int64Values = [0]{}, .bytes = [0]{}, .stringValue = ""}}
12-30 10:29:12.484   398   464 I DefaultVehicleHal_v2_0: DefaultVehicleHal::onPropertyValue, value:{.timestamp = 6688306162795, .areaId = 0, .prop = 557850872, .status = AVAILABLE, .value = {.int32Values = [1]{0}, .floatValues = [0]{}, .int64Values = [0]{}, .bytes = [0]{}, .stringValue = ""}}
12-30 10:29:12.484   398   464 D DiagPropHandler: is not DiagnosticConfig: 0x214020f8
12-30 10:29:12.484   398   464 I VehiclePropertyStore: begin to write value to Store: {.timestamp = 6688306162795, .areaId = 0, .prop = 557850872, .status = AVAILABLE, .value = {.int32Values = [1]{0}, .floatValues = [0]{}, .int64Values = [0]{}, .bytes = [0]{}, .stringValue = ""}}
12-30 10:29:12.484   398   464 D adayocomadapter-CommunicationManager: onUpstreamReceive mPropertyId 0x214020f8
12-30 10:29:12.484   398   464 D adayocomadapter-CommunicationManager: onUpstreamReceive mPropertyId 0x214020f9
12-30 10:29:12.484   398   464 D adayocomadapter-CommunicationManager: convertBytesToInt32Memcpy  0
12-30 10:29:12.484   398   464 I vw-vhal : notifyVehicleProperty, propId = 0x214020f9, data = {status: 2, int32Values: [0]}
12-30 10:29:12.485   398   464 I vw-vhal : CanSignalsAdapter::notifyVehicleProperty: solvedValue = {.timestamp = 6688306845462, .areaId = 0, .prop = 557850873, .status = AVAILABLE, .value = {.int32Values = [1]{0}, .floatValues = [0]{}, .int64Values = [0]{}, .bytes = [0]{}, .stringValue = ""}}
12-30 10:29:12.485   360   458 D EvsDriver: doneWithFrame
12-30 10:29:12.485   398   464 I VehiclePropertyStore: begin to write value to Store: {.timestamp = 6688306845462, .areaId = 0, .prop = 557850873, .status = AVAILABLE, .value = {.int32Values = [1]{0}, .floatValues = [0]{}, .int64Values = [0]{}, .bytes = [0]{}, .stringValue = ""}}
12-30 10:29:12.485   398   464 I DefaultVehicleHal_v2_0: DefaultVehicleHal::onPropertyValue, value:{.timestamp = 6688306845462, .areaId = 0, .prop = 557850873, .status = AVAILABLE, .value = {.int32Values = [1]{0}, .floatValues = [0]{}, .int64Values = [0]{}, .bytes = [0]{}, .stringValue = ""}}
12-30 10:29:12.485   398   464 D DiagPropHandler: is not DiagnosticConfig: 0x214020f9
12-30 10:29:12.485   398   464 I VehiclePropertyStore: begin to write value to Store: {.timestamp = 6688306845462, .areaId = 0, .prop = 557850873, .status = AVAILABLE, .value = {.int32Values = [1]{0}, .floatValues = [0]{}, .int64Values = [0]{}, .bytes = [0]{}, .stringValue = ""}}
12-30 10:29:12.485   398   464 D adayocomadapter-CommunicationManager: onUpstreamReceive mPropertyId 0x214020f9
12-30 10:29:12.487  2358  2623 D RcfController: Rcf proxy is not connected!
12-30 10:29:12.497  1582  3078 I c       : checkService in back thread add: adayo.upgrade.v2.0
12-30 10:29:12.498   650   729 D fgemcucomm: sd Uart data : 6AA602D0D800029202C0
12-30 10:29:12.498  1582  3078 E upgradeApp_251223_V1  l: d(null:11)pre->c(null:23)-> serviceBinder is null
12-30 10:29:12.498  1582  3078 W c       : doBindService in back thread fail: adayo.upgrade.v2.0
12-30 10:29:12.499   650   729 D fgemcucomm: rev uart=55306,len=18, data : 6AA681D0D8000A9202000D0000000000002C
12-30 10:29:12.499   398  2883 D adayocomadapter-ParseProtocolFunc: printRaWMsg Name[MCUToUPstream recv] len[10] data[9202000D000000000000]
12-30 10:29:12.499   398  2883 D adayocomadapter-CommunicationManager: onUpstreamback   member[0] dataLength[7] timePoint[6688321]
12-30 10:29:12.499   398  2883 D adayocomadapter-ParseProtocolFunc: printRaWMsg Name[onUpstreamback] len[7] data[0D000000000000]
12-30 10:29:12.499   398   464 D adayocomadapter-UpstreamHandler: processBeforePacket upSreamtProcessTimePoint[6688321] 
12-30 10:29:12.499   398   464 D adayocomadapter-UpstreamHandler: processPacket UPSTREAM_QUEUE_DATA_TIMEOUT
12-30 10:29:12.499   398   464 D adayocomadapter-ParseProtocolFunc: parseCommonIPCLBytes Processing tableNumber[13]
12-30 10:29:12.499   398   464 D adayocomadapter-ParseProtocolFunc: parseCommonIPCLBytes Processing tablename[Table-13] tableSize[7]
12-30 10:29:12.499   398   464 D adayocomadapter-ParseProtocolFunc: printRaWMsg Name[byteStream recv] len[7] data[0D000000000000]
12-30 10:29:12.499   398   464 D adayocomadapter-ParseProtocolFunc: printRaWMsg Name[IPCLtoVHAL] len[6] data[214020BB0000]
12-30 10:29:12.499   398   464 D adayocomadapter-ParseProtocolFunc: printRaWMsg Name[IPCLtoVHAL] len[6] data[214020E30000]
12-30 10:29:12.499   398   464 D adayocomadapter-ParseProtocolFunc: printRaWMsg Name[IPCLtoVHAL] len[6] data[214020C70000]
12-30 10:29:12.499   398   464 D adayocomadapter-ParseProtocolFunc: printRaWMsg Name[IPCLtoVHAL] len[6] data[214020DD0000]
12-30 10:29:12.500   398   464 D adayocomadapter-ParseProtocolFunc: printRaWMsg Name[IPCLtoVHAL] len[6] data[214020DF0000]
12-30 10:29:12.500   398   464 D adayocomadapter-ParseProtocolFunc: printRaWMsg Name[IPCLtoVHAL] len[6] data[214020E40000]
12-30 10:29:12.500   398   464 D adayocomadapter-CommunicationManager: onUpstreamReceive mPropertyId 0x214020bb
12-30 10:29:12.500   398   464 D adayocomadapter-CommunicationManager: convertBytesToInt32Memcpy  0
12-30 10:29:12.500   398   464 I vw-vhal : notifyVehicleProperty, propId = 0x214020bb, data = {status: 2, int32Values: [0]}
12-30 10:29:12.500   398   464 I vw-vhal : CanSignalsAdapter::notifyVehicleProperty: solvedValue = {.timestamp = 6688322234462, .areaId = 0, .prop = 557850811, .status = AVAILABLE, .value = {.int32Values = [1]{0}, .floatValues = [0]{}, .int64Values = [0]{}, .bytes = [0]{}, .stringValue = ""}}
12-30 10:29:12.500   398   464 I VehiclePropertyStore: begin to write value to Store: {.timestamp = 6688322234462, .areaId = 0, .prop = 557850811, .status = AVAILABLE, .value = {.int32Values = [1]{0}, .floatValues = [0]{}, .int64Values = [0]{}, .bytes = [0]{}, .stringValue = ""}}
12-30 10:29:12.500   398   464 I DefaultVehicleHal_v2_0: DefaultVehicleHal::onPropertyValue, value:{.timestamp = 6688322234462, .areaId = 0, .prop = 557850811, .status = AVAILABLE, .value = {.int32Values = [1]{0}, .floatValues = [0]{}, .int64Values = [0]{}, .bytes = [0]{}, .stringValue = ""}}
12-30 10:29:12.500   398   464 D DiagPropHandler: is not DiagnosticConfig: 0x214020bb
12-30 10:29:12.500   398   464 I VehiclePropertyStore: begin to write value to Store: {.timestamp = 6688322234462, .areaId = 0, .prop = 557850811, .status = AVAILABLE, .value = {.int32Values = [1]{0}, .floatValues = [0]{}, .int64Values = [0]{}, .bytes = [0]{}, .stringValue = ""}}
12-30 10:29:12.500   398   464 D adayocomadapter-CommunicationManager: onUpstreamReceive mPropertyId 0x214020bb
12-30 10:29:12.500   398   464 D adayocomadapter-CommunicationManager: onUpstreamReceive mPropertyId 0x214020e3
12-30 10:29:12.500   398   464 D adayocomadapter-CommunicationManager: convertBytesToInt32Memcpy  0
12-30 10:29:12.501   398   464 I vw-vhal : notifyVehicleProperty, propId = 0x214020e3, data = {status: 2, int32Values: [0]}
12-30 10:29:12.501   398   464 I vw-vhal : CanSignalsAdapter::notifyVehicleProperty: solvedValue = {.timestamp = 6688322966795, .areaId = 0, .prop = 557850851, .status = AVAILABLE, .value = {.int32Values = [1]{0}, .floatValues = [0]{}, .int64Values = [0]{}, .bytes = [0]{}, .stringValue = ""}}
12-30 10:29:12.501   398   464 I VehiclePropertyStore: begin to write value to Store: {.timestamp = 6688322966795, .areaId = 0, .prop = 557850851, .status = AVAILABLE, .value = {.int32Values = [1]{0}, .floatValues = [0]{}, .int64Values = [0]{}, .bytes = [0]{}, .stringValue = ""}}
12-30 10:29:12.501   398   464 I DefaultVehicleHal_v2_0: DefaultVehicleHal::onPropertyValue, value:{.timestamp = 6688322966795, .areaId = 0, .prop = 557850851, .status = AVAILABLE, .value = {.int32Values = [1]{0}, .floatValues = [0]{}, .int64Values = [0]{}, .bytes = [0]{}, .stringValue = ""}}
12-30 10:29:12.501   398   464 D DiagPropHandler: is not DiagnosticConfig: 0x214020e3
12-30 10:29:12.501   398   464 I VehiclePropertyStore: begin to write value to Store: {.timestamp = 6688322966795, .areaId = 0, .prop = 557850851, .status = AVAILABLE, .value = {.int32Values = [1]{0}, .floatValues = [0]{}, .int64Values = [0]{}, .bytes = [0]{}, .stringValue = ""}}
12-30 10:29:12.501   398   464 D adayocomadapter-CommunicationManager: onUpstreamReceive mPropertyId 0x214020e3
12-30 10:29:12.501   398   464 D adayocomadapter-CommunicationManager: onUpstreamReceive mPropertyId 0x214020c7
12-30 10:29:12.501   398   464 D adayocomadapter-CommunicationManager: convertBytesToInt32Memcpy  0
