12-30 10:29:13.696   398   464 I vw-vhal : notifyVehicleProperty, propId = 0x21402241, data = {status: 2, int32Values: [0]}
12-30 10:29:13.697   398   464 I vw-vhal : CanSignalsAdapter::notifyVehicleProperty: solvedValue = {.timestamp = 6689518891462, .areaId = 0, .prop = 557851201, .status = AVAILABLE, .value = {.int32Values = [1]{0}, .floatValues = [0]{}, .int64Values = [0]{}, .bytes = [0]{}, .stringValue = ""}}
12-30 10:29:13.697   398   464 I VehiclePropertyStore: begin to write value to Store: {.timestamp = 6689518891462, .areaId = 0, .prop = 557851201, .status = AVAILABLE, .value = {.int32Values = [1]{0}, .floatValues = [0]{}, .int64Values = [0]{}, .bytes = [0]{}, .stringValue = ""}}
12-30 10:29:13.697   398   464 I DefaultVehicleHal_v2_0: DefaultVehicleHal::onPropertyValue, value:{.timestamp = 6689518891462, .areaId = 0, .prop = 557851201, .status = AVAILABLE, .value = {.int32Values = [1]{0}, .floatValues = [0]{}, .int64Values = [0]{}, .bytes = [0]{}, .stringValue = ""}}
12-30 10:29:13.697   398   464 D DiagPropHandler: is not DiagnosticConfig: 0x21402241
12-30 10:29:13.697   398   464 I VehiclePropertyStore: begin to write value to Store: {.timestamp = 6689518891462, .areaId = 0, .prop = 557851201, .status = AVAILABLE, .value = {.int32Values = [1]{0}, .floatValues = [0]{}, .int64Values = [0]{}, .bytes = [0]{}, .stringValue = ""}}
12-30 10:29:13.697   398   464 D adayocomadapter-CommunicationManager: onUpstreamReceive mPropertyId 0x21402241
12-30 10:29:13.697   398   464 D adayocomadapter-CommunicationManager: onUpstreamReceive mPropertyId 0x21402242
12-30 10:29:13.697   398   464 D adayocomadapter-CommunicationManager: convertBytesToInt32Memcpy  0
12-30 10:29:13.697   398   464 I vw-vhal : notifyVehicleProperty, propId = 0x21402242, data = {status: 2, int32Values: [0]}
12-30 10:29:13.697   398   464 I vw-vhal : CanSignalsAdapter::notifyVehicleProperty: solvedValue = {.timestamp = 6689519587795, .areaId = 0, .prop = 557851202, .status = AVAILABLE, .value = {.int32Values = [1]{0}, .floatValues = [0]{}, .int64Values = [0]{}, .bytes = [0]{}, .stringValue = ""}}
12-30 10:29:13.697   398   464 I VehiclePropertyStore: begin to write value to Store: {.timestamp = 6689519587795, .areaId = 0, .prop = 557851202, .status = AVAILABLE, .value = {.int32Values = [1]{0}, .floatValues = [0]{}, .int64Values = [0]{}, .bytes = [0]{}, .stringValue = ""}}
12-30 10:29:13.697   398   464 I DefaultVehicleHal_v2_0: DefaultVehicleHal::onPropertyValue, value:{.timestamp = 6689519587795, .areaId = 0, .prop = 557851202, .status = AVAILABLE, .value = {.int32Values = [1]{0}, .floatValues = [0]{}, .int64Values = [0]{}, .bytes = [0]{}, .stringValue = ""}}
12-30 10:29:13.698   398   464 D DiagPropHandler: is not DiagnosticConfig: 0x21402242
12-30 10:29:13.698   398   464 I VehiclePropertyStore: begin to write value to Store: {.timestamp = 6689519587795, .areaId = 0, .prop = 557851202, .status = AVAILABLE, .value = {.int32Values = [1]{0}, .floatValues = [0]{}, .int64Values = [0]{}, .bytes = [0]{}, .stringValue = ""}}
12-30 10:29:13.698   398   464 D adayocomadapter-CommunicationManager: onUpstreamReceive mPropertyId 0x21402242
12-30 10:29:13.698   398   464 D adayocomadapter-CommunicationManager: onUpstreamReceive mPropertyId 0x214021e1
12-30 10:29:13.698   398   464 D adayocomadapter-CommunicationManager: convertBytesToInt32Memcpy  0
12-30 10:29:13.698   398   464 I vw-vhal : notifyVehicleProperty, propId = 0x214021e1, data = {status: 2, int32Values: [0]}
12-30 10:29:13.698   398   464 I vw-vhal : CanSignalsAdapter::notifyVehicleProperty: solvedValue = {.timestamp = 6689520341462, .areaId = 0, .prop = 557851105, .status = AVAILABLE, .value = {.int32Values = [1]{0}, .floatValues = [0]{}, .int64Values = [0]{}, .bytes = [0]{}, .stringValue = ""}}
12-30 10:29:13.698   398   464 I VehiclePropertyStore: begin to write value to Store: {.timestamp = 6689520341462, .areaId = 0, .prop = 557851105, .status = AVAILABLE, .value = {.int32Values = [1]{0}, .floatValues = [0]{}, .int64Values = [0]{}, .bytes = [0]{}, .stringValue = ""}}
12-30 10:29:13.698   398   464 I DefaultVehicleHal_v2_0: DefaultVehicleHal::onPropertyValue, value:{.timestamp = 6689520341462, .areaId = 0, .prop = 557851105, .status = AVAILABLE, .value = {.int32Values = [1]{0}, .floatValues = [0]{}, .int64Values = [0]{}, .bytes = [0]{}, .stringValue = ""}}
12-30 10:29:13.698   398   464 D DiagPropHandler: is not DiagnosticConfig: 0x214021e1
12-30 10:29:13.698   398   464 I VehiclePropertyStore: begin to write value to Store: {.timestamp = 6689520341462, .areaId = 0, .prop = 557851105, .status = AVAILABLE, .value = {.int32Values = [1]{0}, .floatValues = [0]{}, .int64Values = [0]{}, .bytes = [0]{}, .stringValue = ""}}
12-30 10:29:13.698   398   464 D adayocomadapter-CommunicationManager: onUpstreamReceive mPropertyId 0x214021e1
12-30 10:29:13.699   398   464 D adayocomadapter-CommunicationManager: onUpstreamReceive mPropertyId 0x21402243
12-30 10:29:13.699   398   464 D adayocomadapter-CommunicationManager: convertBytesToInt32Memcpy  0
12-30 10:29:13.699   398   464 I vw-vhal : notifyVehicleProperty, propId = 0x21402243, data = {status: 2, int32Values: [0]}
12-30 10:29:13.699   398   464 I vw-vhal : CanSignalsAdapter::notifyVehicleProperty: solvedValue = {.timestamp = 6689521057795, .areaId = 0, .prop = 557851203, .status = AVAILABLE, .value = {.int32Values = [1]{0}, .floatValues = [0]{}, .int64Values = [0]{}, .bytes = [0]{}, .stringValue = ""}}
12-30 10:29:13.699   398   464 I VehiclePropertyStore: begin to write value to Store: {.timestamp = 6689521057795, .areaId = 0, .prop = 557851203, .status = AVAILABLE, .value = {.int32Values = [1]{0}, .floatValues = [0]{}, .int64Values = [0]{}, .bytes = [0]{}, .stringValue = ""}}
12-30 10:29:13.699   398   464 I DefaultVehicleHal_v2_0: DefaultVehicleHal::onPropertyValue, value:{.timestamp = 6689521057795, .areaId = 0, .prop = 557851203, .status = AVAILABLE, .value = {.int32Values = [1]{0}, .floatValues = [0]{}, .int64Values = [0]{}, .bytes = [0]{}, .stringValue = ""}}
12-30 10:29:13.699   398   464 D DiagPropHandler: is not DiagnosticConfig: 0x21402243
12-30 10:29:13.699   398   464 I VehiclePropertyStore: begin to write value to Store: {.timestamp = 6689521057795, .areaId = 0, .prop = 557851203, .status = AVAILABLE, .value = {.int32Values = [1]{0}, .floatValues = [0]{}, .int64Values = [0]{}, .bytes = [0]{}, .stringValue = ""}}
12-30 10:29:13.699   398   464 D adayocomadapter-CommunicationManager: onUpstreamReceive mPropertyId 0x21402243
12-30 10:29:13.699   398   464 D adayocomadapter-CommunicationManager: onUpstreamReceive mPropertyId 0x21402244
12-30 10:29:13.699   398   464 D adayocomadapter-CommunicationManager: convertBytesToInt32Memcpy  0
12-30 10:29:13.699   398   464 I vw-vhal : notifyVehicleProperty, propId = 0x21402244, data = {status: 2, int32Values: [0]}
12-30 10:29:13.699   398   464 I vw-vhal : CanSignalsAdapter::notifyVehicleProperty: solvedValue = {.timestamp = 6689521713128, .areaId = 0, .prop = 557851204, .status = AVAILABLE, .value = {.int32Values = [1]{0}, .floatValues = [0]{}, .int64Values = [0]{}, .bytes = [0]{}, .stringValue = ""}}
12-30 10:29:13.699   398   464 I VehiclePropertyStore: begin to write value to Store: {.timestamp = 6689521713128, .areaId = 0, .prop = 557851204, .status = AVAILABLE, .value = {.int32Values = [1]{0}, .floatValues = [0]{}, .int64Values = [0]{}, .bytes = [0]{}, .stringValue = ""}}
12-30 10:29:13.700   398   464 I DefaultVehicleHal_v2_0: DefaultVehicleHal::onPropertyValue, value:{.timestamp = 6689521713128, .areaId = 0, .prop = 557851204, .status = AVAILABLE, .value = {.int32Values = [1]{0}, .floatValues = [0]{}, .int64Values = [0]{}, .bytes = [0]{}, .stringValue = ""}}
12-30 10:29:13.700   398   464 D DiagPropHandler: is not DiagnosticConfig: 0x21402244
12-30 10:29:13.700   398   464 I VehiclePropertyStore: begin to write value to Store: {.timestamp = 6689521713128, .areaId = 0, .prop = 557851204, .status = AVAILABLE, .value = {.int32Values = [1]{0}, .floatValues = [0]{}, .int64Values = [0]{}, .bytes = [0]{}, .stringValue = ""}}
12-30 10:29:13.700   398   464 D adayocomadapter-CommunicationManager: onUpstreamReceive mPropertyId 0x21402244
12-30 10:29:13.700   398   464 D adayocomadapter-CommunicationManager: onUpstreamReceive mPropertyId 0x21402245
12-30 10:29:13.700   398   464 D adayocomadapter-CommunicationManager: convertBytesToInt32Memcpy  0
12-30 10:29:13.700   398   464 I vw-vhal : notifyVehicleProperty, propId = 0x21402245, data = {status: 2, int32Values: [0]}
12-30 10:29:13.700   398   464 I vw-vhal : CanSignalsAdapter::notifyVehicleProperty: solvedValue = {.timestamp = 6689522362128, .areaId = 0, .prop = 557851205, .status = AVAILABLE, .value = {.int32Values = [1]{0}, .floatValues = [0]{}, .int64Values = [0]{}, .bytes = [0]{}, .stringValue = ""}}
12-30 10:29:13.700   398   464 I VehiclePropertyStore: begin to write value to Store: {.timestamp = 6689522362128, .areaId = 0, .prop = 557851205, .status = AVAILABLE, .value = {.int32Values = [1]{0}, .floatValues = [0]{}, .int64Values = [0]{}, .bytes = [0]{}, .stringValue = ""}}
12-30 10:29:13.700   398   464 I DefaultVehicleHal_v2_0: DefaultVehicleHal::onPropertyValue, value:{.timestamp = 6689522362128, .areaId = 0, .prop = 557851205, .status = AVAILABLE, .value = {.int32Values = [1]{0}, .floatValues = [0]{}, .int64Values = [0]{}, .bytes = [0]{}, .stringValue = ""}}
12-30 10:29:13.700   398   464 D DiagPropHandler: is not DiagnosticConfig: 0x21402245
12-30 10:29:13.700   398   464 I VehiclePropertyStore: begin to write value to Store: {.timestamp = 6689522362128, .areaId = 0, .prop = 557851205, .status = AVAILABLE, .value = {.int32Values = [1]{0}, .floatValues = [0]{}, .int64Values = [0]{}, .bytes = [0]{}, .stringValue = ""}}
12-30 10:29:13.700   398   464 D adayocomadapter-CommunicationManager: onUpstreamReceive mPropertyId 0x21402245
12-30 10:29:13.700   398   464 D adayocomadapter-CommunicationManager: onUpstreamReceive mPropertyId 0x21402246
12-30 10:29:13.701   398   464 D adayocomadapter-CommunicationManager: convertBytesToInt32Memcpy  0
12-30 10:29:13.701   398   464 I vw-vhal : notifyVehicleProperty, propId = 0x21402246, data = {status: 2, int32Values: [0]}
12-30 10:29:13.701   398   464 I vw-vhal : CanSignalsAdapter::notifyVehicleProperty: solvedValue = {.timestamp = 6689523044128, .areaId = 0, .prop = 557851206, .status = AVAILABLE, .value = {.int32Values = [1]{0}, .floatValues = [0]{}, .int64Values = [0]{}, .bytes = [0]{}, .stringValue = ""}}
12-30 10:29:13.701   398   464 I VehiclePropertyStore: begin to write value to Store: {.timestamp = 6689523044128, .areaId = 0, .prop = 557851206, .status = AVAILABLE, .value = {.int32Values = [1]{0}, .floatValues = [0]{}, .int64Values = [0]{}, .bytes = [0]{}, .stringValue = ""}}
12-30 10:29:13.701   398   464 I DefaultVehicleHal_v2_0: DefaultVehicleHal::onPropertyValue, value:{.timestamp = 6689523044128, .areaId = 0, .prop = 557851206, .status = AVAILABLE, .value = {.int32Values = [1]{0}, .floatValues = [0]{}, .int64Values = [0]{}, .bytes = [0]{}, .stringValue = ""}}
12-30 10:29:13.701   398   464 D DiagPropHandler: is not DiagnosticConfig: 0x21402246
12-30 10:29:13.701   398   464 I VehiclePropertyStore: begin to write value to Store: {.timestamp = 6689523044128, .areaId = 0, .prop = 557851206, .status = AVAILABLE, .value = {.int32Values = [1]{0}, .floatValues = [0]{}, .int64Values = [0]{}, .bytes = [0]{}, .stringValue = ""}}
12-30 10:29:13.701   398   464 D adayocomadapter-CommunicationManager: onUpstreamReceive mPropertyId 0x21402246
12-30 10:29:13.701   398   464 D adayocomadapter-CommunicationManager: onUpstreamReceive mPropertyId 0x21402247
12-30 10:29:13.701   398   464 D adayocomadapter-CommunicationManager: convertBytesToInt32Memcpy  0
12-30 10:29:13.701   398   464 I vw-vhal : notifyVehicleProperty, propId = 0x21402247, data = {status: 2, int32Values: [0]}
12-30 10:29:13.701   398   464 I vw-vhal : CanSignalsAdapter::notifyVehicleProperty: solvedValue = {.timestamp = 6689523736795, .areaId = 0, .prop = 557851207, .status = AVAILABLE, .value = {.int32Values = [1]{0}, .floatValues = [0]{}, .int64Values = [0]{}, .bytes = [0]{}, .stringValue = ""}}
12-30 10:29:13.702   398   464 I VehiclePropertyStore: begin to write value to Store: {.timestamp = 6689523736795, .areaId = 0, .prop = 557851207, .status = AVAILABLE, .value = {.int32Values = [1]{0}, .floatValues = [0]{}, .int64Values = [0]{}, .bytes = [0]{}, .stringValue = ""}}
12-30 10:29:13.702   398   464 I DefaultVehicleHal_v2_0: DefaultVehicleHal::onPropertyValue, value:{.timestamp = 6689523736795, .areaId = 0, .prop = 557851207, .status = AVAILABLE, .value = {.int32Values = [1]{0}, .floatValues = [0]{}, .int64Values = [0]{}, .bytes = [0]{}, .stringValue = ""}}
12-30 10:29:13.702   398   464 D DiagPropHandler: is not DiagnosticConfig: 0x21402247
12-30 10:29:13.702   398   464 I VehiclePropertyStore: begin to write value to Store: {.timestamp = 6689523736795, .areaId = 0, .prop = 557851207, .status = AVAILABLE, .value = {.int32Values = [1]{0}, .floatValues = [0]{}, .int64Values = [0]{}, .bytes = [0]{}, .stringValue = ""}}
12-30 10:29:13.702   398   464 D adayocomadapter-CommunicationManager: onUpstreamReceive mPropertyId 0x21402247
12-30 10:29:13.702   398   464 D adayocomadapter-CommunicationManager: onUpstreamReceive mPropertyId 0x21402248
12-30 10:29:13.702   398   464 D adayocomadapter-CommunicationManager: convertBytesToInt32Memcpy  0
12-30 10:29:13.702   398   464 I vw-vhal : notifyVehicleProperty, propId = 0x21402248, data = {status: 2, int32Values: [0]}
12-30 10:29:13.702   398   464 I vw-vhal : CanSignalsAdapter::notifyVehicleProperty: solvedValue = {.timestamp = 6689524550462, .areaId = 0, .prop = 557851208, .status = AVAILABLE, .value = {.int32Values = [1]{0}, .floatValues = [0]{}, .int64Values = [0]{}, .bytes = [0]{}, .stringValue = ""}}
12-30 10:29:13.702   398   464 I VehiclePropertyStore: begin to write value to Store: {.timestamp = 6689524550462, .areaId = 0, .prop = 557851208, .status = AVAILABLE, .value = {.int32Values = [1]{0}, .floatValues = [0]{}, .int64Values = [0]{}, .bytes = [0]{}, .stringValue = ""}}
12-30 10:29:13.702   398   464 I DefaultVehicleHal_v2_0: DefaultVehicleHal::onPropertyValue, value:{.timestamp = 6689524550462, .areaId = 0, .prop = 557851208, .status = AVAILABLE, .value = {.int32Values = [1]{0}, .floatValues = [0]{}, .int64Values = [0]{}, .bytes = [0]{}, .stringValue = ""}}
12-30 10:29:13.702   398   464 D DiagPropHandler: is not DiagnosticConfig: 0x21402248
12-30 10:29:13.703   398   464 I VehiclePropertyStore: begin to write value to Store: {.timestamp = 6689524550462, .areaId = 0, .prop = 557851208, .status = AVAILABLE, .value = {.int32Values = [1]{0}, .floatValues = [0]{}, .int64Values = [0]{}, .bytes = [0]{}, .stringValue = ""}}
12-30 10:29:13.703   398   464 D adayocomadapter-CommunicationManager: onUpstreamReceive mPropertyId 0x21402248
12-30 10:29:13.703   398   464 D adayocomadapter-CommunicationManager: onUpstreamReceive mPropertyId 0x21402249
12-30 10:29:13.703   398   464 D adayocomadapter-CommunicationManager: convertBytesToInt32Memcpy  0
12-30 10:29:13.703   398   464 I vw-vhal : notifyVehicleProperty, propId = 0x21402249, data = {status: 2, int32Values: [0]}
12-30 10:29:13.703   398   464 I vw-vhal : CanSignalsAdapter::notifyVehicleProperty: solvedValue = {.timestamp = 6689525205128, .areaId = 0, .prop = 557851209, .status = AVAILABLE, .value = {.int32Values = [1]{0}, .floatValues = [0]{}, .int64Values = [0]{}, .bytes = [0]{}, .stringValue = ""}}
12-30 10:29:13.703   398   464 I VehiclePropertyStore: begin to write value to Store: {.timestamp = 6689525205128, .areaId = 0, .prop = 557851209, .status = AVAILABLE, .value = {.int32Values = [1]{0}, .floatValues = [0]{}, .int64Values = [0]{}, .bytes = [0]{}, .stringValue = ""}}
12-30 10:29:13.703   398   464 I DefaultVehicleHal_v2_0: DefaultVehicleHal::onPropertyValue, value:{.timestamp = 6689525205128, .areaId = 0, .prop = 557851209, .status = AVAILABLE, .value = {.int32Values = [1]{0}, .floatValues = [0]{}, .int64Values = [0]{}, .bytes = [0]{}, .stringValue = ""}}
12-30 10:29:13.703   398   464 D DiagPropHandler: is not DiagnosticConfig: 0x21402249
12-30 10:29:13.703   398   464 I VehiclePropertyStore: begin to write value to Store: {.timestamp = 6689525205128, .areaId = 0, .prop = 557851209, .status = AVAILABLE, .value = {.int32Values = [1]{0}, .floatValues = [0]{}, .int64Values = [0]{}, .bytes = [0]{}, .stringValue = ""}}
12-30 10:29:13.703   398   464 D adayocomadapter-CommunicationManager: onUpstreamReceive mPropertyId 0x21402249
12-30 10:29:13.703   398   464 D adayocomadapter-CommunicationManager: onUpstreamReceive mPropertyId 0x2140224b
12-30 10:29:13.703   398   464 D adayocomadapter-CommunicationManager: convertBytesToInt32Memcpy  0
12-30 10:29:13.703   398   464 I vw-vhal : notifyVehicleProperty, propId = 0x2140224b, data = {status: 2, int32Values: [0]}
12-30 10:29:13.704   398   464 I vw-vhal : CanSignalsAdapter::notifyVehicleProperty: solvedValue = {.timestamp = 6689525858795, .areaId = 0, .prop = 557851211, .status = AVAILABLE, .value = {.int32Values = [1]{0}, .floatValues = [0]{}, .int64Values = [0]{}, .bytes = [0]{}, .stringValue = ""}}
12-30 10:29:13.704   398   464 I VehiclePropertyStore: begin to write value to Store: {.timestamp = 6689525858795, .areaId = 0, .prop = 557851211, .status = AVAILABLE, .value = {.int32Values = [1]{0}, .floatValues = [0]{}, .int64Values = [0]{}, .bytes = [0]{}, .stringValue = ""}}
12-30 10:29:13.704   398   464 I DefaultVehicleHal_v2_0: DefaultVehicleHal::onPropertyValue, value:{.timestamp = 6689525858795, .areaId = 0, .prop = 557851211, .status = AVAILABLE, .value = {.int32Values = [1]{0}, .floatValues = [0]{}, .int64Values = [0]{}, .bytes = [0]{}, .stringValue = ""}}
12-30 10:29:13.704   398   464 D DiagPropHandler: is not DiagnosticConfig: 0x2140224b
12-30 10:29:13.704   398   464 I VehiclePropertyStore: begin to write value to Store: {.timestamp = 6689525858795, .areaId = 0, .prop = 557851211, .status = AVAILABLE, .value = {.int32Values = [1]{0}, .floatValues = [0]{}, .int64Values = [0]{}, .bytes = [0]{}, .stringValue = ""}}
12-30 10:29:13.704   398   464 D adayocomadapter-CommunicationManager: onUpstreamReceive mPropertyId 0x2140224b
12-30 10:29:13.704   398   464 D adayocomadapter-CommunicationManager: onUpstreamReceive mPropertyId 0x2140224d
12-30 10:29:13.704   398   464 D adayocomadapter-CommunicationManager: convertBytesToInt32Memcpy  0
12-30 10:29:13.704   398   464 I vw-vhal : notifyVehicleProperty, propId = 0x2140224d, data = {status: 2, int32Values: [0]}
12-30 10:29:13.704   398   464 I vw-vhal : CanSignalsAdapter::notifyVehicleProperty: solvedValue = {.timestamp = 6689526503795, .areaId = 0, .prop = 557851213, .status = AVAILABLE, .value = {.int32Values = [1]{0}, .floatValues = [0]{}, .int64Values = [0]{}, .bytes = [0]{}, .stringValue = ""}}
12-30 10:29:13.704   398   464 I VehiclePropertyStore: begin to write value to Store: {.timestamp = 6689526503795, .areaId = 0, .prop = 557851213, .status = AVAILABLE, .value = {.int32Values = [1]{0}, .floatValues = [0]{}, .int64Values = [0]{}, .bytes = [0]{}, .stringValue = ""}}
12-30 10:29:13.704   398   464 I DefaultVehicleHal_v2_0: DefaultVehicleHal::onPropertyValue, value:{.timestamp = 6689526503795, .areaId = 0, .prop = 557851213, .status = AVAILABLE, .value = {.int32Values = [1]{0}, .floatValues = [0]{}, .int64Values = [0]{}, .bytes = [0]{}, .stringValue = ""}}
12-30 10:29:13.704   398   464 D DiagPropHandler: is not DiagnosticConfig: 0x2140224d
12-30 10:29:13.705   398   464 I VehiclePropertyStore: begin to write value to Store: {.timestamp = 6689526503795, .areaId = 0, .prop = 557851213, .status = AVAILABLE, .value = {.int32Values = [1]{0}, .floatValues = [0]{}, .int64Values = [0]{}, .bytes = [0]{}, .stringValue = ""}}
12-30 10:29:13.705   398   464 D adayocomadapter-CommunicationManager: onUpstreamReceive mPropertyId 0x2140224d
12-30 10:29:13.705   398   464 D adayocomadapter-CommunicationManager: onUpstreamReceive mPropertyId 0x2140224f
12-30 10:29:13.705   398   464 D adayocomadapter-CommunicationManager: convertBytesToInt32Memcpy  0
12-30 10:29:13.705   398   464 I vw-vhal : notifyVehicleProperty, propId = 0x2140224f, data = {status: 2, int32Values: [0]}
12-30 10:29:13.705   398   464 I vw-vhal : CanSignalsAdapter::notifyVehicleProperty: solvedValue = {.timestamp = 6689527507795, .areaId = 0, .prop = 557851215, .status = AVAILABLE, .value = {.int32Values = [1]{0}, .floatValues = [0]{}, .int64Values = [0]{}, .bytes = [0]{}, .stringValue = ""}}
12-30 10:29:13.705   398   464 I VehiclePropertyStore: begin to write value to Store: {.timestamp = 6689527507795, .areaId = 0, .prop = 557851215, .status = AVAILABLE, .value = {.int32Values = [1]{0}, .floatValues = [0]{}, .int64Values = [0]{}, .bytes = [0]{}, .stringValue = ""}}
12-30 10:29:13.705   398   464 I DefaultVehicleHal_v2_0: DefaultVehicleHal::onPropertyValue, value:{.timestamp = 6689527507795, .areaId = 0, .prop = 557851215, .status = AVAILABLE, .value = {.int32Values = [1]{0}, .floatValues = [0]{}, .int64Values = [0]{}, .bytes = [0]{}, .stringValue = ""}}
12-30 10:29:13.705   398   464 D DiagPropHandler: is not DiagnosticConfig: 0x2140224f
12-30 10:29:13.706   398   464 I VehiclePropertyStore: begin to write value to Store: {.timestamp = 6689527507795, .areaId = 0, .prop = 557851215, .status = AVAILABLE, .value = {.int32Values = [1]{0}, .floatValues = [0]{}, .int64Values = [0]{}, .bytes = [0]{}, .stringValue = ""}}
12-30 10:29:13.706   398   464 D adayocomadapter-CommunicationManager: onUpstreamReceive mPropertyId 0x2140224f
12-30 10:29:13.706   398   464 D adayocomadapter-CommunicationManager: onUpstreamReceive mPropertyId 0x21402251
12-30 10:29:13.706   398   464 D adayocomadapter-CommunicationManager: convertBytesToInt32Memcpy  0
12-30 10:29:13.706   398   464 I vw-vhal : notifyVehicleProperty, propId = 0x21402251, data = {status: 2, int32Values: [0]}
12-30 10:29:13.706   398   464 I vw-vhal : CanSignalsAdapter::notifyVehicleProperty: solvedValue = {.timestamp = 6689528235795, .areaId = 0, .prop = 557851217, .status = AVAILABLE, .value = {.int32Values = [1]{0}, .floatValues = [0]{}, .int64Values = [0]{}, .bytes = [0]{}, .stringValue = ""}}
12-30 10:29:13.706   398   464 I VehiclePropertyStore: begin to write value to Store: {.timestamp = 6689528235795, .areaId = 0, .prop = 557851217, .status = AVAILABLE, .value = {.int32Values = [1]{0}, .floatValues = [0]{}, .int64Values = [0]{}, .bytes = [0]{}, .stringValue = ""}}
12-30 10:29:13.706   398   464 I DefaultVehicleHal_v2_0: DefaultVehicleHal::onPropertyValue, value:{.timestamp = 6689528235795, .areaId = 0, .prop = 557851217, .status = AVAILABLE, .value = {.int32Values = [1]{0}, .floatValues = [0]{}, .int64Values = [0]{}, .bytes = [0]{}, .stringValue = ""}}
12-30 10:29:13.706   398   464 D DiagPropHandler: is not DiagnosticConfig: 0x21402251
12-30 10:29:13.706   398   464 I VehiclePropertyStore: begin to write value to Store: {.timestamp = 6689528235795, .areaId = 0, .prop = 557851217, .status = AVAILABLE, .value = {.int32Values = [1]{0}, .floatValues = [0]{}, .int64Values = [0]{}, .bytes = [0]{}, .stringValue = ""}}
12-30 10:29:13.706   398   464 D adayocomadapter-CommunicationManager: onUpstreamReceive mPropertyId 0x21402251
12-30 10:29:13.706   398   464 D adayocomadapter-CommunicationManager: onUpstreamReceive mPropertyId 0x21402253
12-30 10:29:13.706   398   464 D adayocomadapter-CommunicationManager: convertBytesToInt32Memcpy  0
12-30 10:29:13.706   398   464 I vw-vhal : notifyVehicleProperty, propId = 0x21402253, data = {status: 2, int32Values: [0]}
12-30 10:29:13.707   398   464 I vw-vhal : CanSignalsAdapter::notifyVehicleProperty: solvedValue = {.timestamp = 6689528869795, .areaId = 0, .prop = 557851219, .status = AVAILABLE, .value = {.int32Values = [1]{0}, .floatValues = [0]{}, .int64Values = [0]{}, .bytes = [0]{}, .stringValue = ""}}
12-30 10:29:13.707   398   464 I VehiclePropertyStore: begin to write value to Store: {.timestamp = 6689528869795, .areaId = 0, .prop = 557851219, .status = AVAILABLE, .value = {.int32Values = [1]{0}, .floatValues = [0]{}, .int64Values = [0]{}, .bytes = [0]{}, .stringValue = ""}}
12-30 10:29:13.707   398   464 I DefaultVehicleHal_v2_0: DefaultVehicleHal::onPropertyValue, value:{.timestamp = 6689528869795, .areaId = 0, .prop = 557851219, .status = AVAILABLE, .value = {.int32Values = [1]{0}, .floatValues = [0]{}, .int64Values = [0]{}, .bytes = [0]{}, .stringValue = ""}}
12-30 10:29:13.707   398   464 D DiagPropHandler: is not DiagnosticConfig: 0x21402253
12-30 10:29:13.707   398   464 I VehiclePropertyStore: begin to write value to Store: {.timestamp = 6689528869795, .areaId = 0, .prop = 557851219, .status = AVAILABLE, .value = {.int32Values = [1]{0}, .floatValues = [0]{}, .int64Values = [0]{}, .bytes = [0]{}, .stringValue = ""}}
12-30 10:29:13.707   398   464 D adayocomadapter-CommunicationManager: onUpstreamReceive mPropertyId 0x21402253
12-30 10:29:13.707   398   464 D adayocomadapter-CommunicationManager: onUpstreamReceive mPropertyId 0x21402254
12-30 10:29:13.707   398   464 D adayocomadapter-CommunicationManager: convertBytesToInt32Memcpy  0
12-30 10:29:13.707   398   464 I vw-vhal : notifyVehicleProperty, propId = 0x21402254, data = {status: 2, int32Values: [0]}
12-30 10:29:13.707   398   464 I vw-vhal : CanSignalsAdapter::notifyVehicleProperty: solvedValue = {.timestamp = 6689529571795, .areaId = 0, .prop = 557851220, .status = AVAILABLE, .value = {.int32Values = [1]{0}, .floatValues = [0]{}, .int64Values = [0]{}, .bytes = [0]{}, .stringValue = ""}}
12-30 10:29:13.707   398   464 I VehiclePropertyStore: begin to write value to Store: {.timestamp = 6689529571795, .areaId = 0, .prop = 557851220, .status = AVAILABLE, .value = {.int32Values = [1]{0}, .floatValues = [0]{}, .int64Values = [0]{}, .bytes = [0]{}, .stringValue = ""}}
12-30 10:29:13.707   398   464 I DefaultVehicleHal_v2_0: DefaultVehicleHal::onPropertyValue, value:{.timestamp = 6689529571795, .areaId = 0, .prop = 557851220, .status = AVAILABLE, .value = {.int32Values = [1]{0}, .floatValues = [0]{}, .int64Values = [0]{}, .bytes = [0]{}, .stringValue = ""}}
12-30 10:29:13.707   398   464 D DiagPropHandler: is not DiagnosticConfig: 0x21402254
12-30 10:29:13.708   398   464 I VehiclePropertyStore: begin to write value to Store: {.timestamp = 6689529571795, .areaId = 0, .prop = 557851220, .status = AVAILABLE, .value = {.int32Values = [1]{0}, .floatValues = [0]{}, .int64Values = [0]{}, .bytes = [0]{}, .stringValue = ""}}
12-30 10:29:13.708   398   464 D adayocomadapter-CommunicationManager: onUpstreamReceive mPropertyId 0x21402254
12-30 10:29:13.708   596  3076 E WifiHAL : Invalid data received from driver
12-30 10:29:13.716   360   931 D EvsDriver: forwardFrame
12-30 10:29:13.716   360   931 D EvsDriver: forwardFrameDirect
12-30 10:29:13.716   360   931 D EvsDriver: Delivered 0xb400e2ca9e40d090 as id 1
12-30 10:29:13.716   359  2784 D evsmanagerd: /dev/video-evs0 forwarded the buffer #1 to 0xb400f125d2b26dd0 from 0xb400f125e2b20710
12-30 10:29:13.719   360   458 D EvsDriver: doneWithFrame
12-30 10:29:13.744  2358  2623 D RcfController: Rcf proxy is not connected!
12-30 10:29:13.749   360   931 D EvsDriver: forwardFrame
12-30 10:29:13.749   360   931 D EvsDriver: forwardFrameDirect
12-30 10:29:13.749   360   931 D EvsDriver: Delivered 0xb400e2ca9e40e110 as id 0
12-30 10:29:13.749   359  2784 D evsmanagerd: /dev/video-evs0 forwarded the buffer #0 to 0xb400f125d2b26dd0 from 0xb400f125e2b20710
12-30 10:29:13.760   360   458 D EvsDriver: doneWithFrame
12-30 10:29:13.767   650   729 D fgemcucomm: sd Uart data : 6AA602D0E100029202B7
12-30 10:29:13.768   650   729 D fgemcucomm: rev uart=55315,len=14, data : 6AA681D0E100069202001A00001A
12-30 10:29:13.768   398  2883 D adayocomadapter-ParseProtocolFunc: printRaWMsg Name[MCUToUPstream recv] len[6] data[9202001A0000]
12-30 10:29:13.768   398  2883 D adayocomadapter-CommunicationManager: onUpstreamback   member[0] dataLength[3] timePoint[6689590]
12-30 10:29:13.768   398  2883 D adayocomadapter-ParseProtocolFunc: printRaWMsg Name[onUpstreamback] len[3] data[1A0000]
12-30 10:29:13.768   398   464 D adayocomadapter-UpstreamHandler: processBeforePacket upSreamtProcessTimePoint[6689590] 
12-30 10:29:13.768   398   464 D adayocomadapter-UpstreamHandler: processPacket UPSTREAM_QUEUE_DATA_TIMEOUT
12-30 10:29:13.768   398   464 D adayocomadapter-ParseProtocolFunc: parseCommonIPCLBytes Processing tableNumber[26]
12-30 10:29:13.768   398   464 D adayocomadapter-ParseProtocolFunc: parseCommonIPCLBytes Processing tablename[Table-26] tableSize[3]
12-30 10:29:13.768   398   464 D adayocomadapter-ParseProtocolFunc: printRaWMsg Name[byteStream recv] len[3] data[1A0000]
12-30 10:29:13.768   398   464 D adayocomadapter-ParseProtocolFunc: printRaWMsg Name[IPCLtoVHAL] len[6] data[214021C90000]
12-30 10:29:13.768   398   464 D adayocomadapter-ParseProtocolFunc: printRaWMsg Name[IPCLtoVHAL] len[6] data[214022060000]
12-30 10:29:13.768   398   464 D adayocomadapter-CommunicationManager: onUpstreamReceive mPropertyId 0x214021c9
12-30 10:29:13.768   398   464 D adayocomadapter-CommunicationManager: convertBytesToInt32Memcpy  0
12-30 10:29:13.768   398   464 I vw-vhal : notifyVehicleProperty, propId = 0x214021c9, data = {status: 2, int32Values: [0]}
12-30 10:29:13.768   398   464 I vw-vhal : CanSignalsAdapter::notifyVehicleProperty: solvedValue = {.timestamp = 6689590524795, .areaId = 0, .prop = 557851081, .status = AVAILABLE, .value = {.int32Values = [1]{0}, .floatValues = [0]{}, .int64Values = [0]{}, .bytes = [0]{}, .stringValue = ""}}
12-30 10:29:13.768   398   464 I VehiclePropertyStore: begin to write value to Store: {.timestamp = 6689590524795, .areaId = 0, .prop = 557851081, .status = AVAILABLE, .value = {.int32Values = [1]{0}, .floatValues = [0]{}, .int64Values = [0]{}, .bytes = [0]{}, .stringValue = ""}}
12-30 10:29:13.768   398   464 I DefaultVehicleHal_v2_0: DefaultVehicleHal::onPropertyValue, value:{.timestamp = 6689590524795, .areaId = 0, .prop = 557851081, .status = AVAILABLE, .value = {.int32Values = [1]{0}, .floatValues = [0]{}, .int64Values = [0]{}, .bytes = [0]{}, .stringValue = ""}}
12-30 10:29:13.768   398   464 D DiagPropHandler: is not DiagnosticConfig: 0x214021c9
12-30 10:29:13.768   398   464 I VehiclePropertyStore: begin to write value to Store: {.timestamp = 6689590524795, .areaId = 0, .prop = 557851081, .status = AVAILABLE, .value = {.int32Values = [1]{0}, .floatValues = [0]{}, .int64Values = [0]{}, .bytes = [0]{}, .stringValue = ""}}
12-30 10:29:13.768   398   464 D adayocomadapter-CommunicationManager: onUpstreamReceive mPropertyId 0x214021c9
12-30 10:29:13.768   398   464 D adayocomadapter-CommunicationManager: onUpstreamReceive mPropertyId 0x21402206
12-30 10:29:13.768   398   464 D adayocomadapter-CommunicationManager: convertBytesToInt32Memcpy  0
12-30 10:29:13.768   398   464 I vw-vhal : notifyVehicleProperty, propId = 0x21402206, data = {status: 2, int32Values: [0]}
12-30 10:29:13.768   398   464 I vw-vhal : CanSignalsAdapter::notifyVehicleProperty: solvedValue = {.timestamp = 6689590761462, .areaId = 0, .prop = 557851142, .status = AVAILABLE, .value = {.int32Values = [1]{0}, .floatValues = [0]{}, .int64Values = [0]{}, .bytes = [0]{}, .stringValue = ""}}
12-30 10:29:13.768   398   464 I VehiclePropertyStore: begin to write value to Store: {.timestamp = 6689590761462, .areaId = 0, .prop = 557851142, .status = AVAILABLE, .value = {.int32Values = [1]{0}, .floatValues = [0]{}, .int64Values = [0]{}, .bytes = [0]{}, .stringValue = ""}}
12-30 10:29:13.768   398   464 I DefaultVehicleHal_v2_0: DefaultVehicleHal::onPropertyValue, value:{.timestamp = 6689590761462, .areaId = 0, .prop = 557851142, .status = AVAILABLE, .value = {.int32Values = [1]{0}, .floatValues = [0]{}, .int64Values = [0]{}, .bytes = [0]{}, .stringValue = ""}}
12-30 10:29:13.768   398   464 D DiagPropHandler: is not DiagnosticConfig: 0x21402206
12-30 10:29:13.769   398   464 I VehiclePropertyStore: begin to write value to Store: {.timestamp = 6689590761462, .areaId = 0, .prop = 557851142, .status = AVAILABLE, .value = {.int32Values = [1]{0}, .floatValues = [0]{}, .int64Values = [0]{}, .bytes = [0]{}, .stringValue = ""}}
12-30 10:29:13.769   398   464 D adayocomadapter-CommunicationManager: onUpstreamReceive mPropertyId 0x21402206
12-30 10:29:13.779   596  3076 E WifiHAL : Invalid data received from driver
12-30 10:29:13.782   360   931 D EvsDriver: forwardFrame
12-30 10:29:13.782   360   931 D EvsDriver: forwardFrameDirect
12-30 10:29:13.782   360   931 D EvsDriver: Delivered 0xb400e2ca9e40c7a0 as id 1
12-30 10:29:13.782   359  2784 D evsmanagerd: /dev/video-evs0 forwarded the buffer #1 to 0xb400f125d2b26dd0 from 0xb400f125e2b20710
12-30 10:29:13.786  2475  2705 D navi-libSdk-J01-Sdk: isServiceConnected: true
12-30 10:29:13.786  2475  2705 D NaviAdapter: remote service connected
12-30 10:29:13.790   360   458 D EvsDriver: doneWithFrame
12-30 10:29:13.794  2358  2623 D RcfController: Rcf proxy is not connected!
12-30 10:29:13.808   650   729 D fgemcucomm: sd Uart data : 6AA602D0E200029202B6
12-30 10:29:13.808   650   729 D fgemcucomm: rev uart=55316,len=18, data : 6AA681D0E2000A9202000700000000000028
12-30 10:29:13.808   398  2883 D adayocomadapter-ParseProtocolFunc: printRaWMsg Name[MCUToUPstream recv] len[10] data[92020007000000000000]
12-30 10:29:13.808   398  2883 D adayocomadapter-CommunicationManager: onUpstreamback   member[0] dataLength[7] timePoint[6689630]
12-30 10:29:13.808   398  2883 D adayocomadapter-ParseProtocolFunc: printRaWMsg Name[onUpstreamback] len[7] data[07000000000000]
12-30 10:29:13.808   398   464 D adayocomadapter-UpstreamHandler: processBeforePacket upSreamtProcessTimePoint[6689630] 
12-30 10:29:13.808   398   464 D adayocomadapter-UpstreamHandler: processPacket UPSTREAM_QUEUE_DATA_TIMEOUT
12-30 10:29:13.808   398   464 D adayocomadapter-ParseProtocolFunc: parseCommonIPCLBytes Processing tableNumber[7]
12-30 10:29:13.808   398   464 D adayocomadapter-ParseProtocolFunc: parseCommonIPCLBytes Processing tablename[Table-7] tableSize[7]
12-30 10:29:13.808   398   464 D adayocomadapter-ParseProtocolFunc: printRaWMsg Name[byteStream recv] len[7] data[07000000000000]
12-30 10:29:13.808   398   464 D adayocomadapter-ParseProtocolFunc: printRaWMsg Name[IPCLtoVHAL] len[6] data[214020530000]
12-30 10:29:13.808   398   464 D adayocomadapter-ParseProtocolFunc: printRaWMsg Name[IPCLtoVHAL] len[6] data[214020A00000]
12-30 10:29:13.808   398   464 D adayocomadapter-ParseProtocolFunc: printRaWMsg Name[IPCLtoVHAL] len[6] data[214021310000]
12-30 10:29:13.808   398   464 D adayocomadapter-ParseProtocolFunc: printRaWMsg Name[IPCLtoVHAL] len[6] data[214020A20000]
12-30 10:29:13.808   398   464 D adayocomadapter-ParseProtocolFunc: printRaWMsg Name[IPCLtoVHAL] len[6] data[214020A40000]
12-30 10:29:13.808   398   464 D adayocomadapter-ParseProtocolFunc: printRaWMsg Name[IPCLtoVHAL] len[6] data[214021CE0000]
12-30 10:29:13.809   398   464 D adayocomadapter-CommunicationManager: onUpstreamReceive mPropertyId 0x21402053
12-30 10:29:13.809   398   464 D adayocomadapter-CommunicationManager: convertBytesToInt32Memcpy  0
12-30 10:29:13.809   398   464 I vw-vhal : notifyVehicleProperty, propId = 0x21402053, data = {status: 2, int32Values: [0]}
12-30 10:29:13.809   398   464 I vw-vhal : CanSignalsAdapter::notifyVehicleProperty: solvedValue = {.timestamp = 6689630964462, .areaId = 0, .prop = 557850707, .status = AVAILABLE, .value = {.int32Values = [1]{0}, .floatValues = [0]{}, .int64Values = [0]{}, .bytes = [0]{}, .stringValue = ""}}
12-30 10:29:13.809   398   464 I VehiclePropertyStore: begin to write value to Store: {.timestamp = 6689630964462, .areaId = 0, .prop = 557850707, .status = AVAILABLE, .value = {.int32Values = [1]{0}, .floatValues = [0]{}, .int64Values = [0]{}, .bytes = [0]{}, .stringValue = ""}}
12-30 10:29:13.809   398   464 I DefaultVehicleHal_v2_0: DefaultVehicleHal::onPropertyValue, value:{.timestamp = 6689630964462, .areaId = 0, .prop = 557850707, .status = AVAILABLE, .value = {.int32Values = [1]{0}, .floatValues = [0]{}, .int64Values = [0]{}, .bytes = [0]{}, .stringValue = ""}}
12-30 10:29:13.809   398   464 D DiagPropHandler: is not DiagnosticConfig: 0x21402053
12-30 10:29:13.809   398   464 I VehiclePropertyStore: begin to write value to Store: {.timestamp = 6689630964462, .areaId = 0, .prop = 557850707, .status = AVAILABLE, .value = {.int32Values = [1]{0}, .floatValues = [0]{}, .int64Values = [0]{}, .bytes = [0]{}, .stringValue = ""}}
12-30 10:29:13.809   398   464 D adayocomadapter-CommunicationManager: onUpstreamReceive mPropertyId 0x21402053
12-30 10:29:13.809   398   464 D adayocomadapter-CommunicationManager: onUpstreamReceive mPropertyId 0x214020a0
12-30 10:29:13.809   398   464 D adayocomadapter-CommunicationManager: convertBytesToInt32Memcpy  0
12-30 10:29:13.809   398   464 I vw-vhal : notifyVehicleProperty, propId = 0x214020a0, data = {status: 2, int32Values: [0]}
12-30 10:29:13.809   398   464 I vw-vhal : CanSignalsAdapter::notifyVehicleProperty: solvedValue = {.timestamp = 6689631194462, .areaId = 0, .prop = 557850784, .status = AVAILABLE, .value = {.int32Values = [1]{0}, .floatValues = [0]{}, .int64Values = [0]{}, .bytes = [0]{}, .stringValue = ""}}
12-30 10:29:13.809   398   464 I VehiclePropertyStore: begin to write value to Store: {.timestamp = 6689631194462, .areaId = 0, .prop = 557850784, .status = AVAILABLE, .value = {.int32Values = [1]{0}, .floatValues = [0]{}, .int64Values = [0]{}, .bytes = [0]{}, .stringValue = ""}}
12-30 10:29:13.809   398   464 I DefaultVehicleHal_v2_0: DefaultVehicleHal::onPropertyValue, value:{.timestamp = 6689631194462, .areaId = 0, .prop = 557850784, .status = AVAILABLE, .value = {.int32Values = [1]{0}, .floatValues = [0]{}, .int64Values = [0]{}, .bytes = [0]{}, .stringValue = ""}}
12-30 10:29:13.809   398   464 D DiagPropHandler: is not DiagnosticConfig: 0x214020a0
12-30 10:29:13.809   398   464 I VehiclePropertyStore: begin to write value to Store: {.timestamp = 6689631194462, .areaId = 0, .prop = 557850784, .status = AVAILABLE, .value = {.int32Values = [1]{0}, .floatValues = [0]{}, .int64Values = [0]{}, .bytes = [0]{}, .stringValue = ""}}
12-30 10:29:13.809   398   464 D adayocomadapter-CommunicationManager: onUpstreamReceive mPropertyId 0x214020a0
12-30 10:29:13.809   398   464 D adayocomadapter-CommunicationManager: onUpstreamReceive mPropertyId 0x21402131
12-30 10:29:13.809   398   464 D adayocomadapter-CommunicationManager: convertBytesToInt32Memcpy  0
12-30 10:29:13.809   398   464 I vw-vhal : notifyVehicleProperty, propId = 0x21402131, data = {status: 2, int32Values: [0]}
12-30 10:29:13.809   398   464 I vw-vhal : CanSignalsAdapter::notifyVehicleProperty: solvedValue = {.timestamp = 6689631395462, .areaId = 0, .prop = 557850929, .status = AVAILABLE, .value = {.int32Values = [1]{0}, .floatValues = [0]{}, .int64Values = [0]{}, .bytes = [0]{}, .stringValue = ""}}
12-30 10:29:13.809   398   464 I VehiclePropertyStore: begin to write value to Store: {.timestamp = 6689631395462, .areaId = 0, .prop = 557850929, .status = AVAILABLE, .value = {.int32Values = [1]{0}, .floatValues = [0]{}, .int64Values = [0]{}, .bytes = [0]{}, .stringValue = ""}}
12-30 10:29:13.809   398   464 I DefaultVehicleHal_v2_0: DefaultVehicleHal::onPropertyValue, value:{.timestamp = 6689631395462, .areaId = 0, .prop = 557850929, .status = AVAILABLE, .value = {.int32Values = [1]{0}, .floatValues = [0]{}, .int64Values = [0]{}, .bytes = [0]{}, .stringValue = ""}}
12-30 10:29:13.809   398   464 D DiagPropHandler: is not DiagnosticConfig: 0x21402131
12-30 10:29:13.809   398   464 I VehiclePropertyStore: begin to write value to Store: {.timestamp = 6689631395462, .areaId = 0, .prop = 557850929, .status = AVAILABLE, .value = {.int32Values = [1]{0}, .floatValues = [0]{}, .int64Values = [0]{}, .bytes = [0]{}, .stringValue = ""}}
12-30 10:29:13.809   398   464 D adayocomadapter-CommunicationManager: onUpstreamReceive mPropertyId 0x21402131
12-30 10:29:13.809   398   464 D adayocomadapter-CommunicationManager: onUpstreamReceive mPropertyId 0x214020a2
12-30 10:29:13.809   398   464 D adayocomadapter-CommunicationManager: convertBytesToInt32Memcpy  0
12-30 10:29:13.809   398   464 I vw-vhal : notifyVehicleProperty, propId = 0x214020a2, data = {status: 2, int32Values: [0]}
12-30 10:29:13.809   398   464 I vw-vhal : CanSignalsAdapter::notifyVehicleProperty: solvedValue = {.timestamp = 6689631587795, .areaId = 0, .prop = 557850786, .status = AVAILABLE, .value = {.int32Values = [1]{0}, .floatValues = [0]{}, .int64Values = [0]{}, .bytes = [0]{}, .stringValue = ""}}
12-30 10:29:13.809   398   464 I VehiclePropertyStore: begin to write value to Store: {.timestamp = 6689631587795, .areaId = 0, .prop = 557850786, .status = AVAILABLE, .value = {.int32Values = [1]{0}, .floatValues = [0]{}, .int64Values = [0]{}, .bytes = [0]{}, .stringValue = ""}}
12-30 10:29:13.809   398   464 I DefaultVehicleHal_v2_0: DefaultVehicleHal::onPropertyValue, value:{.timestamp = 6689631587795, .areaId = 0, .prop = 557850786, .status = AVAILABLE, .value = {.int32Values = [1]{0}, .floatValues = [0]{}, .int64Values = [0]{}, .bytes = [0]{}, .stringValue = ""}}
12-30 10:29:13.809   398   464 D DiagPropHandler: is not DiagnosticConfig: 0x214020a2
12-30 10:29:13.809   398   464 I VehiclePropertyStore: begin to write value to Store: {.timestamp = 6689631587795, .areaId = 0, .prop = 557850786, .status = AVAILABLE, .value = {.int32Values = [1]{0}, .floatValues = [0]{}, .int64Values = [0]{}, .bytes = [0]{}, .stringValue = ""}}
12-30 10:29:13.809   398   464 D adayocomadapter-CommunicationManager: onUpstreamReceive mPropertyId 0x214020a2
12-30 10:29:13.809   398   464 D adayocomadapter-CommunicationManager: onUpstreamReceive mPropertyId 0x214020a4
12-30 10:29:13.809   398   464 D adayocomadapter-CommunicationManager: convertBytesToInt32Memcpy  0
12-30 10:29:13.809   398   464 I vw-vhal : notifyVehicleProperty, propId = 0x214020a4, data = {status: 2, int32Values: [0]}
12-30 10:29:13.809   398   464 I vw-vhal : CanSignalsAdapter::notifyVehicleProperty: solvedValue = {.timestamp = 6689631789128, .areaId = 0, .prop = 557850788, .status = AVAILABLE, .value = {.int32Values = [1]{0}, .floatValues = [0]{}, .int64Values = [0]{}, .bytes = [0]{}, .stringValue = ""}}
12-30 10:29:13.809   398   464 I VehiclePropertyStore: begin to write value to Store: {.timestamp = 6689631789128, .areaId = 0, .prop = 557850788, .status = AVAILABLE, .value = {.int32Values = [1]{0}, .floatValues = [0]{}, .int64Values = [0]{}, .bytes = [0]{}, .stringValue = ""}}
12-30 10:29:13.809   398   464 I DefaultVehicleHal_v2_0: DefaultVehicleHal::onPropertyValue, value:{.timestamp = 6689631789128, .areaId = 0, .prop = 557850788, .status = AVAILABLE, .value = {.int32Values = [1]{0}, .floatValues = [0]{}, .int64Values = [0]{}, .bytes = [0]{}, .stringValue = ""}}
12-30 10:29:13.810   398   464 D DiagPropHandler: is not DiagnosticConfig: 0x214020a4
12-30 10:29:13.810   398   464 I VehiclePropertyStore: begin to write value to Store: {.timestamp = 6689631789128, .areaId = 0, .prop = 557850788, .status = AVAILABLE, .value = {.int32Values = [1]{0}, .floatValues = [0]{}, .int64Values = [0]{}, .bytes = [0]{}, .stringValue = ""}}
12-30 10:29:13.810   398   464 D adayocomadapter-CommunicationManager: onUpstreamReceive mPropertyId 0x214020a4
12-30 10:29:13.810   398   464 D adayocomadapter-CommunicationManager: onUpstreamReceive mPropertyId 0x214021ce
12-30 10:29:13.810   398   464 D adayocomadapter-CommunicationManager: convertBytesToInt32Memcpy  0
12-30 10:29:13.810   398   464 I vw-vhal : notifyVehicleProperty, propId = 0x214021ce, data = {status: 2, int32Values: [0]}
12-30 10:29:13.810   398   464 I vw-vhal : CanSignalsAdapter::notifyVehicleProperty: solvedValue = {.timestamp = 6689631978795, .areaId = 0, .prop = 557851086, .status = AVAILABLE, .value = {.int32Values = [1]{0}, .floatValues = [0]{}, .int64Values = [0]{}, .bytes = [0]{}, .stringValue = ""}}
12-30 10:29:13.810   398   464 I VehiclePropertyStore: begin to write value to Store: {.timestamp = 6689631978795, .areaId = 0, .prop = 557851086, .status = AVAILABLE, .value = {.int32Values = [1]{0}, .floatValues = [0]{}, .int64Values = [0]{}, .bytes = [0]{}, .stringValue = ""}}
12-30 10:29:13.810   398   464 I DefaultVehicleHal_v2_0: DefaultVehicleHal::onPropertyValue, value:{.timestamp = 6689631978795, .areaId = 0, .prop = 557851086, .status = AVAILABLE, .value = {.int32Values = [1]{0}, .floatValues = [0]{}, .int64Values = [0]{}, .bytes = [0]{}, .stringValue = ""}}
12-30 10:29:13.810   398   464 D DiagPropHandler: is not DiagnosticConfig: 0x214021ce
12-30 10:29:13.810   398   464 I VehiclePropertyStore: begin to write value to Store: {.timestamp = 6689631978795, .areaId = 0, .prop = 557851086, .status = AVAILABLE, .value = {.int32Values = [1]{0}, .floatValues = [0]{}, .int64Values = [0]{}, .bytes = [0]{}, .stringValue = ""}}
12-30 10:29:13.810   398   464 D adayocomadapter-CommunicationManager: onUpstreamReceive mPropertyId 0x214021ce
12-30 10:29:13.815   360   931 D EvsDriver: forwardFrame
12-30 10:29:13.816   360   931 D EvsDriver: forwardFrameDirect
12-30 10:29:13.816   360   931 D EvsDriver: Delivered 0xb400e2ca9e40e270 as id 0
12-30 10:29:13.816   359  2784 D evsmanagerd: /dev/video-evs0 forwarded the buffer #0 to 0xb400f125d2b26dd0 from 0xb400f125e2b20710
12-30 10:29:13.820   360   458 D EvsDriver: doneWithFrame
12-30 10:29:13.832   596  3076 E WifiHAL : Invalid data received from driver
12-30 10:29:13.845  2358  2623 D RcfController: Rcf proxy is not connected!
12-30 10:29:13.848  2475  2681 I TtsServiceAgent: check thread start checking, threadId = 29
12-30 10:29:13.848  2475  2681 D TtsServiceAgent: start bind service...
12-30 10:29:13.848  2475  2681 D TtsServiceAgent: ----->initService, usage = 16
12-30 10:29:13.848  2475  2681 W ContextImpl: Calling a method in the system process without a qualified user: android.app.ContextImpl.bindService:1988 android.content.ContextWrapper.bindService:861 com.iflytek.autofly.ttsaidl.ttsproxy.TtsServiceAgent.initService:189 com.iflytek.autofly.ttsaidl.ttsproxy.TtsServiceAgent.initService:133 com.iflytek.autofly.ttsaidl.ttsproxy.TtsServiceAgent$2.run:517 
12-30 10:29:13.848   916  3726 W ActivityManager: Unable to start service Intent { act=com.iflytek.autofly.tts.ttsservice.TtsAdapterService cmp=com.iflytek.cutefly.speechclient.hmi/com.iflytek.autofly.tts.ttsservice.TtsAdapterService } U=0: not found
12-30 10:29:13.849  2475  2681 D TtsServiceAgent: bindService: false
12-30 10:29:13.849  2475  2681 D TtsServiceAgent: start reInitService
12-30 10:29:13.849  2475  2681 D TtsServiceAgent: aidlCheckThreadRunning = true
12-30 10:29:13.849  2475  2681 D TtsServiceAgent: ----->check connection status in 1000s...
12-30 10:29:13.849   360   931 D EvsDriver: forwardFrame
12-30 10:29:13.849   360   931 D EvsDriver: forwardFrameDirect
12-30 10:29:13.849   360   931 D EvsDriver: Delivered 0xb400e2ca9e40d4b0 as id 1
12-30 10:29:13.849   359  2784 D evsmanagerd: /dev/video-evs0 forwarded the buffer #1 to 0xb400f125d2b26dd0 from 0xb400f125e2b20710
12-30 10:29:13.850   360   458 D EvsDriver: doneWithFrame
12-30 10:29:13.874   650   729 D fgemcucomm: sd Uart data : 6AA602D0E300029202B5
12-30 10:29:13.875   650   729 D fgemcucomm: rev uart=55317,len=60, data : 6AA681D0E3003492020018000000000000000000000000000000000000000000000000000000000000000000000000000000000000000000000000EC
12-30 10:29:13.875   398  2883 D adayocomadapter-ParseProtocolFunc: printRaWMsg Name[MCUToUPstream recv] len[52] data[92020018000000000000000000000000000000000000000000000000000000000000000000000000000000000000000000000000]
12-30 10:29:13.875   398  2883 D adayocomadapter-CommunicationManager: onUpstreamback   member[0] dataLength[49] timePoint[6689697]
12-30 10:29:13.875   398  2883 D adayocomadapter-ParseProtocolFunc: printRaWMsg Name[onUpstreamback] len[49] data[18000000000000000000000000000000000000000000000000000000000000000000000000000000000000000000000000]
12-30 10:29:13.875   398   464 D adayocomadapter-UpstreamHandler: processBeforePacket upSreamtProcessTimePoint[6689697] 
12-30 10:29:13.875   398   464 D adayocomadapter-UpstreamHandler: processPacket UPSTREAM_QUEUE_DATA_TIMEOUT
12-30 10:29:13.875   398   464 D adayocomadapter-ParseProtocolFunc: parseCommonIPCLBytes Processing tableNumber[24]
12-30 10:29:13.875   398   464 D adayocomadapter-ParseProtocolFunc: parseCommonIPCLBytes Processing tablename[Table-24] tableSize[49]
12-30 10:29:13.875   398   464 D adayocomadapter-ParseProtocolFunc: printRaWMsg Name[byteStream recv] len[49] data[18000000000000000000000000000000000000000000000000000000000000000000000000000000000000000000000000]
12-30 10:29:13.875   398   464 D adayocomadapter-ParseProtocolFunc: printRaWMsg Name[IPCLtoVHAL] len[8] data[2141211D01000000]
12-30 10:29:13.875   398   464 D adayocomadapter-ParseProtocolFunc: printRaWMsg Name[IPCLtoVHAL] len[7] data[2140207A000000]
12-30 10:29:13.875   398   464 D adayocomadapter-ParseProtocolFunc: printRaWMsg Name[IPCLtoVHAL] len[6] data[214020D30000]
12-30 10:29:13.875   398   464 D adayocomadapter-ParseProtocolFunc: printRaWMsg Name[IPCLtoVHAL] len[6] data[214020CB0000]
12-30 10:29:13.875   398   464 D adayocomadapter-ParseProtocolFunc: printRaWMsg Name[IPCLtoVHAL] len[7] data[2140203C000000]
12-30 10:29:13.875   398   464 D adayocomadapter-ParseProtocolFunc: printRaWMsg Name[IPCLtoVHAL] len[6] data[214020C90000]
12-30 10:29:13.875   398   464 D adayocomadapter-ParseProtocolFunc: printRaWMsg Name[IPCLtoVHAL] len[6] data[214020CF0000]
12-30 10:29:13.875   398   464 D adayocomadapter-ParseProtocolFunc: printRaWMsg Name[IPCLtoVHAL] len[7] data[21402040000000]
12-30 10:29:13.875   398   464 D adayocomadapter-ParseProtocolFunc: printRaWMsg Name[IPCLtoVHAL] len[6] data[214020D10000]
