12-30 10:29:10.947   398   464 I vw-vhal : CanSignalsAdapter::notifyVehicleProperty: solvedValue = {.timestamp = 6686769771795, .areaId = 0, .prop = 557924698, .status = AVAILABLE, .value = {.int32Values = [11]{0, 0, 0, 0, 0, 0, 0, 0, 0, 0, 0}, .floatValues = [0]{}, .int64Values = [0]{}, .bytes = [0]{}, .stringValue = ""}}
12-30 10:29:10.948   398   464 I VehiclePropertyStore: begin to write value to Store: {.timestamp = 6686769771795, .areaId = 0, .prop = 557924698, .status = AVAILABLE, .value = {.int32Values = [11]{0, 0, 0, 0, 0, 0, 0, 0, 0, 0, 0}, .floatValues = [0]{}, .int64Values = [0]{}, .bytes = [0]{}, .stringValue = ""}}
12-30 10:29:10.948   398   464 I DefaultVehicleHal_v2_0: DefaultVehicleHal::onPropertyValue, value:{.timestamp = 6686769771795, .areaId = 0, .prop = 557924698, .status = AVAILABLE, .value = {.int32Values = [11]{0, 0, 0, 0, 0, 0, 0, 0, 0, 0, 0}, .floatValues = [0]{}, .int64Values = [0]{}, .bytes = [0]{}, .stringValue = ""}}
12-30 10:29:10.948   398   464 D DiagPropHandler: is not DiagnosticConfig: 0x2141415a
12-30 10:29:10.948   398   464 I VehiclePropertyStore: begin to write value to Store: {.timestamp = 6686769771795, .areaId = 0, .prop = 557924698, .status = AVAILABLE, .value = {.int32Values = [11]{0, 0, 0, 0, 0, 0, 0, 0, 0, 0, 0}, .floatValues = [0]{}, .int64Values = [0]{}, .bytes = [0]{}, .stringValue = ""}}
12-30 10:29:10.948   398   464 D adayocomadapter-CommunicationManager: onUpstreamReceive mPropertyId 0x2141415a
12-30 10:29:10.949   360   931 D EvsDriver: forwardFrame
12-30 10:29:10.949   360   931 D EvsDriver: forwardFrameDirect
12-30 10:29:10.949   360   931 D EvsDriver: Delivered 0xb400e2ca9e40e110 as id 0
12-30 10:29:10.949   359  2784 D evsmanagerd: /dev/video-evs0 forwarded the buffer #0 to 0xb400f125d2b26dd0 from 0xb400f125e2b20710
12-30 10:29:10.956   360   458 D EvsDriver: doneWithFrame
12-30 10:29:10.979  2358  2623 D RcfController: Rcf proxy is not connected!
12-30 10:29:10.982   360   931 D EvsDriver: forwardFrame
12-30 10:29:10.982   360   931 D EvsDriver: forwardFrameDirect
12-30 10:29:10.983   360   931 D EvsDriver: Delivered 0xb400e2ca9e40c7a0 as id 1
12-30 10:29:10.983   359  2784 D evsmanagerd: /dev/video-evs0 forwarded the buffer #1 to 0xb400f125d2b26dd0 from 0xb400f125e2b20710
12-30 10:29:10.987   360   458 D EvsDriver: doneWithFrame
12-30 10:29:10.989   596  3076 E WifiHAL : Invalid data received from driver
12-30 10:29:11.016   360   931 D EvsDriver: forwardFrame
12-30 10:29:11.016   360   931 D EvsDriver: forwardFrameDirect
12-30 10:29:11.016   360   931 D EvsDriver: Delivered 0xb400e2ca9e40e270 as id 0
12-30 10:29:11.016   359  2784 D evsmanagerd: /dev/video-evs0 forwarded the buffer #0 to 0xb400f125d2b26dd0 from 0xb400f125e2b20710
12-30 10:29:11.017   360   458 D EvsDriver: doneWithFrame
12-30 10:29:11.024   596  3076 E WifiHAL : Invalid data received from driver
12-30 10:29:11.026   650   729 D fgemcucomm: sd Uart data : 6AA602D0CF00029202C9
12-30 10:29:11.026   650   729 D fgemcucomm: rev uart=55297,len=15, data : 6AA681D0CF00079202000200000043
12-30 10:29:11.026   650   729 D fgemcucomm: sd Uart data : 6AA602D0D000028B30A1
12-30 10:29:11.026   398  2883 D adayocomadapter-ParseProtocolFunc: printRaWMsg Name[MCUToUPstream recv] len[7] data[92020002000000]
12-30 10:29:11.026   398  2883 D adayocomadapter-CommunicationManager: onUpstreamback   member[0] dataLength[4] timePoint[6686848]
12-30 10:29:11.026   398  2883 D adayocomadapter-ParseProtocolFunc: printRaWMsg Name[onUpstreamback] len[4] data[02000000]
12-30 10:29:11.027   650   729 D fgemcucomm: rev uart=55298,len=92, data : 6AA681D0D000548B30B01E0A1D0AA55A880000010001010E000000000000000000000000000000000000000023C204C30428808080808080808031040AFF0A0D0D09000900BBBBBBBBBBBBBBBBBB000000000000000000004F020504
12-30 10:29:11.027   398   464 D adayocomadapter-UpstreamHandler: processBeforePacket upSreamtProcessTimePoint[6686848] 
12-30 10:29:11.027   398   464 D adayocomadapter-UpstreamHandler: processPacket UPSTREAM_QUEUE_DATA_TIMEOUT
12-30 10:29:11.027   398   464 D adayocomadapter-ParseProtocolFunc: parseCommonIPCLBytes Processing tableNumber[2]
12-30 10:29:11.027   398   464 D adayocomadapter-ParseProtocolFunc: parseCommonIPCLBytes Processing tablename[Table-2] tableSize[4]
12-30 10:29:11.027   398   464 D adayocomadapter-ParseProtocolFunc: printRaWMsg Name[byteStream recv] len[4] data[02000000]
12-30 10:29:11.027   398   464 D adayocomadapter-ParseProtocolFunc: printRaWMsg Name[IPCLtoVHAL] len[6] data[214020490000]
12-30 10:29:11.027   398   464 D adayocomadapter-ParseProtocolFunc: printRaWMsg Name[IPCLtoVHAL] len[6] data[214021A20000]
12-30 10:29:11.027   398   464 D adayocomadapter-ParseProtocolFunc: printRaWMsg Name[IPCLtoVHAL] len[6] data[214020EA0000]
12-30 10:29:11.027   398   464 D adayocomadapter-CommunicationManager: onUpstreamReceive mPropertyId 0x21402049
12-30 10:29:11.027   398   464 D adayocomadapter-CommunicationManager: convertBytesToInt32Memcpy  0
12-30 10:29:11.027   398   464 I vw-vhal : notifyVehicleProperty, propId = 0x21402049, data = {status: 2, int32Values: [0]}
12-30 10:29:11.027   398   464 I vw-vhal : CanSignalsAdapter::notifyVehicleProperty: solvedValue = {.timestamp = 6686849638128, .areaId = 0, .prop = 557850697, .status = AVAILABLE, .value = {.int32Values = [1]{0}, .floatValues = [0]{}, .int64Values = [0]{}, .bytes = [0]{}, .stringValue = ""}}
12-30 10:29:11.027   398   464 I VehiclePropertyStore: begin to write value to Store: {.timestamp = 6686849638128, .areaId = 0, .prop = 557850697, .status = AVAILABLE, .value = {.int32Values = [1]{0}, .floatValues = [0]{}, .int64Values = [0]{}, .bytes = [0]{}, .stringValue = ""}}
12-30 10:29:11.028   398   464 I DefaultVehicleHal_v2_0: DefaultVehicleHal::onPropertyValue, value:{.timestamp = 6686849638128, .areaId = 0, .prop = 557850697, .status = AVAILABLE, .value = {.int32Values = [1]{0}, .floatValues = [0]{}, .int64Values = [0]{}, .bytes = [0]{}, .stringValue = ""}}
12-30 10:29:11.028   398   464 D DiagPropHandler: is not DiagnosticConfig: 0x21402049
12-30 10:29:11.028   398   464 I VehiclePropertyStore: begin to write value to Store: {.timestamp = 6686849638128, .areaId = 0, .prop = 557850697, .status = AVAILABLE, .value = {.int32Values = [1]{0}, .floatValues = [0]{}, .int64Values = [0]{}, .bytes = [0]{}, .stringValue = ""}}
12-30 10:29:11.028   398   464 D adayocomadapter-CommunicationManager: onUpstreamReceive mPropertyId 0x21402049
12-30 10:29:11.028   398   464 D adayocomadapter-CommunicationManager: onUpstreamReceive mPropertyId 0x214021a2
12-30 10:29:11.028   398   464 D adayocomadapter-CommunicationManager: convertBytesToInt32Memcpy  0
12-30 10:29:11.028   398   464 I vw-vhal : notifyVehicleProperty, propId = 0x214021a2, data = {status: 2, int32Values: [0]}
12-30 10:29:11.028   398   464 I vw-vhal : CanSignalsAdapter::notifyVehicleProperty: solvedValue = {.timestamp = 6686850368461, .areaId = 0, .prop = 557851042, .status = AVAILABLE, .value = {.int32Values = [1]{0}, .floatValues = [0]{}, .int64Values = [0]{}, .bytes = [0]{}, .stringValue = ""}}
12-30 10:29:11.028   398   464 I VehiclePropertyStore: begin to write value to Store: {.timestamp = 6686850368461, .areaId = 0, .prop = 557851042, .status = AVAILABLE, .value = {.int32Values = [1]{0}, .floatValues = [0]{}, .int64Values = [0]{}, .bytes = [0]{}, .stringValue = ""}}
12-30 10:29:11.028   398   464 I DefaultVehicleHal_v2_0: DefaultVehicleHal::onPropertyValue, value:{.timestamp = 6686850368461, .areaId = 0, .prop = 557851042, .status = AVAILABLE, .value = {.int32Values = [1]{0}, .floatValues = [0]{}, .int64Values = [0]{}, .bytes = [0]{}, .stringValue = ""}}
12-30 10:29:11.028   398   464 D DiagPropHandler: is not DiagnosticConfig: 0x214021a2
12-30 10:29:11.028   398   464 I VehiclePropertyStore: begin to write value to Store: {.timestamp = 6686850368461, .areaId = 0, .prop = 557851042, .status = AVAILABLE, .value = {.int32Values = [1]{0}, .floatValues = [0]{}, .int64Values = [0]{}, .bytes = [0]{}, .stringValue = ""}}
12-30 10:29:11.028   398   464 D adayocomadapter-CommunicationManager: onUpstreamReceive mPropertyId 0x214021a2
12-30 10:29:11.029   398   464 D adayocomadapter-CommunicationManager: onUpstreamReceive mPropertyId 0x214020ea
12-30 10:29:11.029   398   464 D adayocomadapter-CommunicationManager: convertBytesToInt32Memcpy  0
12-30 10:29:11.029   398   464 I vw-vhal : notifyVehicleProperty, propId = 0x214020ea, data = {status: 2, int32Values: [0]}
12-30 10:29:11.029   398   464 I vw-vhal : CanSignalsAdapter::notifyVehicleProperty: solvedValue = {.timestamp = 6686851032461, .areaId = 0, .prop = 557850858, .status = AVAILABLE, .value = {.int32Values = [1]{0}, .floatValues = [0]{}, .int64Values = [0]{}, .bytes = [0]{}, .stringValue = ""}}
12-30 10:29:11.029   398   464 I VehiclePropertyStore: begin to write value to Store: {.timestamp = 6686851032461, .areaId = 0, .prop = 557850858, .status = AVAILABLE, .value = {.int32Values = [1]{0}, .floatValues = [0]{}, .int64Values = [0]{}, .bytes = [0]{}, .stringValue = ""}}
12-30 10:29:11.029   398   464 I DefaultVehicleHal_v2_0: DefaultVehicleHal::onPropertyValue, value:{.timestamp = 6686851032461, .areaId = 0, .prop = 557850858, .status = AVAILABLE, .value = {.int32Values = [1]{0}, .floatValues = [0]{}, .int64Values = [0]{}, .bytes = [0]{}, .stringValue = ""}}
12-30 10:29:11.029  2358  2623 D RcfController: Rcf proxy is not connected!
12-30 10:29:11.029   398   464 D DiagPropHandler: is not DiagnosticConfig: 0x214020ea
12-30 10:29:11.029   398   464 I VehiclePropertyStore: begin to write value to Store: {.timestamp = 6686851032461, .areaId = 0, .prop = 557850858, .status = AVAILABLE, .value = {.int32Values = [1]{0}, .floatValues = [0]{}, .int64Values = [0]{}, .bytes = [0]{}, .stringValue = ""}}
12-30 10:29:11.029   398   464 D adayocomadapter-CommunicationManager: onUpstreamReceive mPropertyId 0x214020ea
12-30 10:29:11.049   360   931 D EvsDriver: forwardFrame
12-30 10:29:11.049   360   931 D EvsDriver: forwardFrameDirect
12-30 10:29:11.049   360   931 D EvsDriver: Delivered 0xb400e2ca9e40d4b0 as id 1
12-30 10:29:11.050   359  2784 D evsmanagerd: /dev/video-evs0 forwarded the buffer #1 to 0xb400f125d2b26dd0 from 0xb400f125e2b20710
12-30 10:29:11.057   360   458 D EvsDriver: doneWithFrame
12-30 10:29:11.058  1667  2407 I media_message_log->MediaMessageProxy: (SourceFile:1)b connectToService action bind
12-30 10:29:11.059   916  3726 W ActivityManager: Unable to start service Intent { cmp=com.adayo.server.mediamessagetransfer/.MediaMessTransferService (has extras) } U=0: not found
12-30 10:29:11.059  1667  2407 E media_message_log->MediaMessageProxy: (SourceFile:7)a bindServiceAsUser isBound = false
12-30 10:29:11.068   596  3076 E WifiHAL : Invalid data received from driver
12-30 10:29:11.078   650   729 D fgemcucomm: sd Uart data : 6AA602D0D100029202C7
12-30 10:29:11.078   650   729 D fgemcucomm: rev uart=55299,len=14, data : 6AA681D0D1000692020001000043
12-30 10:29:11.078   398  2883 D adayocomadapter-ParseProtocolFunc: printRaWMsg Name[MCUToUPstream recv] len[6] data[920200010000]
12-30 10:29:11.078   398  2883 D adayocomadapter-CommunicationManager: onUpstreamback   member[0] dataLength[3] timePoint[6686900]
12-30 10:29:11.078   398  2883 D adayocomadapter-ParseProtocolFunc: printRaWMsg Name[onUpstreamback] len[3] data[010000]
12-30 10:29:11.079   398   464 D adayocomadapter-UpstreamHandler: processBeforePacket upSreamtProcessTimePoint[6686900] 
12-30 10:29:11.079   398   464 D adayocomadapter-UpstreamHandler: processPacket UPSTREAM_QUEUE_DATA_TIMEOUT
12-30 10:29:11.079   398   464 D adayocomadapter-ParseProtocolFunc: parseCommonIPCLBytes Processing tableNumber[1]
12-30 10:29:11.079   398   464 D adayocomadapter-ParseProtocolFunc: parseCommonIPCLBytes Processing tablename[Table-1] tableSize[3]
12-30 10:29:11.079   398   464 D adayocomadapter-ParseProtocolFunc: printRaWMsg Name[byteStream recv] len[3] data[010000]
12-30 10:29:11.079   398   464 D adayocomadapter-ParseProtocolFunc: printRaWMsg Name[IPCLtoVHAL] len[7] data[21402048000000]
12-30 10:29:11.079   398   464 D adayocomadapter-CommunicationManager: onUpstreamReceive mPropertyId 0x21402048
12-30 10:29:11.079   398   464 D adayocomadapter-CommunicationManager: convertBytesToInt32Memcpy  0
12-30 10:29:11.079   398   464 I vw-vhal : notifyVehicleProperty, propId = 0x21402048, data = {status: 2, int32Values: [0]}
12-30 10:29:11.079   398   464 I vw-vhal : CanSignalsAdapter::notifyVehicleProperty: solvedValue = {.timestamp = 6686901518128, .areaId = 0, .prop = 557850696, .status = AVAILABLE, .value = {.int32Values = [1]{0}, .floatValues = [0]{}, .int64Values = [0]{}, .bytes = [0]{}, .stringValue = ""}}
12-30 10:29:11.079  2358  2623 D RcfController: Rcf proxy is not connected!
12-30 10:29:11.079   398   464 I VehiclePropertyStore: begin to write value to Store: {.timestamp = 6686901518128, .areaId = 0, .prop = 557850696, .status = AVAILABLE, .value = {.int32Values = [1]{0}, .floatValues = [0]{}, .int64Values = [0]{}, .bytes = [0]{}, .stringValue = ""}}
12-30 10:29:11.079   398   464 I DefaultVehicleHal_v2_0: DefaultVehicleHal::onPropertyValue, value:{.timestamp = 6686901518128, .areaId = 0, .prop = 557850696, .status = AVAILABLE, .value = {.int32Values = [1]{0}, .floatValues = [0]{}, .int64Values = [0]{}, .bytes = [0]{}, .stringValue = ""}}
12-30 10:29:11.079   398   464 D DiagPropHandler: is not DiagnosticConfig: 0x21402048
12-30 10:29:11.080   398   464 I VehiclePropertyStore: begin to write value to Store: {.timestamp = 6686901518128, .areaId = 0, .prop = 557850696, .status = AVAILABLE, .value = {.int32Values = [1]{0}, .floatValues = [0]{}, .int64Values = [0]{}, .bytes = [0]{}, .stringValue = ""}}
12-30 10:29:11.080   398   464 D adayocomadapter-CommunicationManager: onUpstreamReceive mPropertyId 0x21402048
12-30 10:29:11.082   360   931 D EvsDriver: forwardFrame
12-30 10:29:11.082   360   931 D EvsDriver: forwardFrameDirect
12-30 10:29:11.083   360   931 D EvsDriver: Delivered 0xb400e2ca9e40c2d0 as id 0
12-30 10:29:11.083   359  2784 D evsmanagerd: /dev/video-evs0 forwarded the buffer #0 to 0xb400f125d2b26dd0 from 0xb400f125e2b20710
12-30 10:29:11.088   360   458 D EvsDriver: doneWithFrame
12-30 10:29:11.096  1667  2513 W ContextImpl: Calling a method in the system process without a qualified user: android.app.ContextImpl.bindService:1988 android.content.ContextWrapper.bindService:861 com.ford.sync.fnvservice.analytics.AnalyticsManager$RetryHandler.a:126 com.ford.sync.fnvservice.analytics.AnalyticsManager$RetryHandler.handleMessage:103 android.os.Handler.dispatchMessage:106 
12-30 10:29:11.097   916  3726 W ActivityManager: Unable to start service Intent { cmp=com.ford.sync.fnvservice/.analytics.AnalyticsService } U=0: not found
12-30 10:29:11.097  1667  2513 W AnalyticsManager:  bind ford Analytics failed -> sendRetryMessage 
12-30 10:29:11.108   650   729 D fgemcucomm: sd Uart data : 6AA602D0D200029202C6
12-30 10:29:11.108   650   729 D fgemcucomm: rev uart=55300,len=16, data : 6AA681D0D2000892020003000000003E
12-30 10:29:11.109   398  2883 D adayocomadapter-ParseProtocolFunc: printRaWMsg Name[MCUToUPstream recv] len[8] data[9202000300000000]
12-30 10:29:11.109   398  2883 D adayocomadapter-CommunicationManager: onUpstreamback   member[0] dataLength[5] timePoint[6686930]
12-30 10:29:11.109   398  2883 D adayocomadapter-ParseProtocolFunc: printRaWMsg Name[onUpstreamback] len[5] data[0300000000]
12-30 10:29:11.109   398   464 D adayocomadapter-UpstreamHandler: processBeforePacket upSreamtProcessTimePoint[6686931] 
12-30 10:29:11.109   398   464 D adayocomadapter-UpstreamHandler: processPacket UPSTREAM_QUEUE_DATA_TIMEOUT
12-30 10:29:11.109   398   464 D adayocomadapter-ParseProtocolFunc: parseCommonIPCLBytes Processing tableNumber[3]
12-30 10:29:11.109   398   464 D adayocomadapter-ParseProtocolFunc: parseCommonIPCLBytes Processing tablename[Table-3] tableSize[5]
12-30 10:29:11.109   398   464 D adayocomadapter-ParseProtocolFunc: printRaWMsg Name[byteStream recv] len[5] data[0300000000]
12-30 10:29:11.109   398   464 D adayocomadapter-ParseProtocolFunc: printRaWMsg Name[IPCLtoVHAL] len[8] data[2141213801000000]
12-30 10:29:11.109   398   464 D adayocomadapter-ParseProtocolFunc: printRaWMsg Name[IPCLtoVHAL] len[6] data[214021D60000]
12-30 10:29:11.109   398   464 D adayocomadapter-CommunicationManager: onUpstreamReceive mPropertyId 0x21412138
12-30 10:29:11.109   398   464 I vw-vhal : notifyVehicleProperty, propId = 0x21412138, data = {status: 2, int32Values: [0, 0, 0]}
12-30 10:29:11.109   398   464 I vw-vhal : CanSignalsAdapter::notifyVehicleProperty: solvedValue = {.timestamp = 6686931745461, .areaId = 0, .prop = 557916472, .status = AVAILABLE, .value = {.int32Values = [3]{0, 0, 0}, .floatValues = [0]{}, .int64Values = [0]{}, .bytes = [0]{}, .stringValue = ""}}
12-30 10:29:11.110   398   464 I VehiclePropertyStore: begin to write value to Store: {.timestamp = 6686931745461, .areaId = 0, .prop = 557916472, .status = AVAILABLE, .value = {.int32Values = [3]{0, 0, 0}, .floatValues = [0]{}, .int64Values = [0]{}, .bytes = [0]{}, .stringValue = ""}}
12-30 10:29:11.110   398   464 I DefaultVehicleHal_v2_0: DefaultVehicleHal::onPropertyValue, value:{.timestamp = 6686931745461, .areaId = 0, .prop = 557916472, .status = AVAILABLE, .value = {.int32Values = [3]{0, 0, 0}, .floatValues = [0]{}, .int64Values = [0]{}, .bytes = [0]{}, .stringValue = ""}}
12-30 10:29:11.110   398   464 D DiagPropHandler: is not DiagnosticConfig: 0x21412138
12-30 10:29:11.110   398   464 I VehiclePropertyStore: begin to write value to Store: {.timestamp = 6686931745461, .areaId = 0, .prop = 557916472, .status = AVAILABLE, .value = {.int32Values = [3]{0, 0, 0}, .floatValues = [0]{}, .int64Values = [0]{}, .bytes = [0]{}, .stringValue = ""}}
12-30 10:29:11.110   398   464 D adayocomadapter-CommunicationManager: onUpstreamReceive mPropertyId 0x21412138
12-30 10:29:11.110   398   464 D adayocomadapter-CommunicationManager: onUpstreamReceive mPropertyId 0x214021d6
12-30 10:29:11.110   398   464 D adayocomadapter-CommunicationManager: convertBytesToInt32Memcpy  0
12-30 10:29:11.110   398   464 I vw-vhal : notifyVehicleProperty, propId = 0x214021d6, data = {status: 2, int32Values: [0]}
12-30 10:29:11.110   398   464 I vw-vhal : CanSignalsAdapter::notifyVehicleProperty: solvedValue = {.timestamp = 6686932509795, .areaId = 0, .prop = 557851094, .status = AVAILABLE, .value = {.int32Values = [1]{0}, .floatValues = [0]{}, .int64Values = [0]{}, .bytes = [0]{}, .stringValue = ""}}
12-30 10:29:11.110   398   464 I VehiclePropertyStore: begin to write value to Store: {.timestamp = 6686932509795, .areaId = 0, .prop = 557851094, .status = AVAILABLE, .value = {.int32Values = [1]{0}, .floatValues = [0]{}, .int64Values = [0]{}, .bytes = [0]{}, .stringValue = ""}}
12-30 10:29:11.110   398   464 I DefaultVehicleHal_v2_0: DefaultVehicleHal::onPropertyValue, value:{.timestamp = 6686932509795, .areaId = 0, .prop = 557851094, .status = AVAILABLE, .value = {.int32Values = [1]{0}, .floatValues = [0]{}, .int64Values = [0]{}, .bytes = [0]{}, .stringValue = ""}}
12-30 10:29:11.110   398   464 D DiagPropHandler: is not DiagnosticConfig: 0x214021d6
12-30 10:29:11.111   398   464 I VehiclePropertyStore: begin to write value to Store: {.timestamp = 6686932509795, .areaId = 0, .prop = 557851094, .status = AVAILABLE, .value = {.int32Values = [1]{0}, .floatValues = [0]{}, .int64Values = [0]{}, .bytes = [0]{}, .stringValue = ""}}
12-30 10:29:11.111   398   464 D adayocomadapter-CommunicationManager: onUpstreamReceive mPropertyId 0x214021d6
12-30 10:29:11.116   360   931 D EvsDriver: forwardFrame
12-30 10:29:11.116   360   931 D EvsDriver: forwardFrameDirect
12-30 10:29:11.116   360   931 D EvsDriver: Delivered 0xb400e2ca9e40d090 as id 1
12-30 10:29:11.116   359  2784 D evsmanagerd: /dev/video-evs0 forwarded the buffer #1 to 0xb400f125d2b26dd0 from 0xb400f125e2b20710
12-30 10:29:11.118   360   458 D EvsDriver: doneWithFrame
12-30 10:29:11.130  2358  2623 D RcfController: Rcf proxy is not connected!
12-30 10:29:11.136   596  3076 E WifiHAL : Invalid data received from driver
12-30 10:29:11.149   360   931 D EvsDriver: forwardFrame
12-30 10:29:11.149   360   931 D EvsDriver: forwardFrameDirect
12-30 10:29:11.149   360   931 D EvsDriver: Delivered 0xb400e2ca9e40e110 as id 0
12-30 10:29:11.149   359  2784 D evsmanagerd: /dev/video-evs0 forwarded the buffer #0 to 0xb400f125d2b26dd0 from 0xb400f125e2b20710
12-30 10:29:11.158   798 24038 W adbd    : timed out while waiting for FUNCTIONFS_BIND, trying again
12-30 10:29:11.158   798 24038 I adbd    : UsbFfs: connection terminated: monitor thread finished
12-30 10:29:11.158   798   798 I adbd    : UsbFfs: already offline
12-30 10:29:11.158   798   798 I adbd    : destroying transport UsbFfs
12-30 10:29:11.158   798   798 I adbd    : UsbFfsConnection being destroyed
12-30 10:29:11.159   360   458 D EvsDriver: doneWithFrame
12-30 10:29:11.176   682   821 W vendor.fawvw.hardware.persistenceservice: [RecoveryTBoxSomeIPClient::connectSomeIPServer] Waiting proxy available1...
12-30 10:29:11.180  2358  2623 D RcfController: Rcf proxy is not connected!
12-30 10:29:11.182   360   931 D EvsDriver: forwardFrame
12-30 10:29:11.182   360   931 D EvsDriver: forwardFrameDirect
12-30 10:29:11.183   360   931 D EvsDriver: Delivered 0xb400e2ca9e40c7a0 as id 1
12-30 10:29:11.183   359  2784 D evsmanagerd: /dev/video-evs0 forwarded the buffer #1 to 0xb400f125d2b26dd0 from 0xb400f125e2b20710
12-30 10:29:11.189   360   458 D EvsDriver: doneWithFrame
12-30 10:29:11.190   798   838 I adbd    : opening control endpoint /dev/usb-ffs/adb/ep0
12-30 10:29:11.191   798   838 I adbd    : UsbFfsConnection constructed
12-30 10:29:11.192   798 24045 I adbd    : UsbFfs-monitor thread spawned
01-01 09:51:28.200   838   838 I         : read descriptors
01-01 09:51:28.200   838   838 I         : read strings
12-30 10:29:11.212   596  3076 E WifiHAL : Invalid data received from driver
12-30 10:29:11.216   360   931 D EvsDriver: forwardFrame
12-30 10:29:11.216   360   931 D EvsDriver: forwardFrameDirect
12-30 10:29:11.216   360   931 D EvsDriver: Delivered 0xb400e2ca9e40e270 as id 0
12-30 10:29:11.216   359  2784 D evsmanagerd: /dev/video-evs0 forwarded the buffer #0 to 0xb400f125d2b26dd0 from 0xb400f125e2b20710
12-30 10:29:11.220   360   458 D EvsDriver: doneWithFrame
12-30 10:29:11.230  2358  2623 D RcfController: Rcf proxy is not connected!
12-30 10:29:11.249   360   931 D EvsDriver: forwardFrame
12-30 10:29:11.249   360   931 D EvsDriver: forwardFrameDirect
12-30 10:29:11.249   360   931 D EvsDriver: Delivered 0xb400e2ca9e40d4b0 as id 1
12-30 10:29:11.249   359  2784 D evsmanagerd: /dev/video-evs0 forwarded the buffer #1 to 0xb400f125d2b26dd0 from 0xb400f125e2b20710
12-30 10:29:11.260   360   458 D EvsDriver: doneWithFrame
12-30 10:29:11.280  2358  2623 D RcfController: Rcf proxy is not connected!
12-30 10:29:11.282   360   931 D EvsDriver: forwardFrame
12-30 10:29:11.282   360   931 D EvsDriver: forwardFrameDirect
12-30 10:29:11.283   360   931 D EvsDriver: Delivered 0xb400e2ca9e40c2d0 as id 0
12-30 10:29:11.283   359  2784 D evsmanagerd: /dev/video-evs0 forwarded the buffer #0 to 0xb400f125d2b26dd0 from 0xb400f125e2b20710
12-30 10:29:11.290   360   458 D EvsDriver: doneWithFrame
12-30 10:29:11.297   596  3076 E WifiHAL : Invalid data received from driver
12-30 10:29:11.316   360   931 D EvsDriver: forwardFrame
12-30 10:29:11.316   360   931 D EvsDriver: forwardFrameDirect
12-30 10:29:11.316   360   931 D EvsDriver: Delivered 0xb400e2ca9e40d090 as id 1
12-30 10:29:11.316   359  2784 D evsmanagerd: /dev/video-evs0 forwarded the buffer #1 to 0xb400f125d2b26dd0 from 0xb400f125e2b20710
12-30 10:29:11.321   360   458 D EvsDriver: doneWithFrame
12-30 10:29:11.331  2358  2623 D RcfController: Rcf proxy is not connected!
12-30 10:29:11.333  1667  2410 I media_message_log->MediaMessageUserProxy: (SourceFile:1)b connectToService action bind
12-30 10:29:11.334   916  3726 W ActivityManager: Unable to start service Intent { cmp=com.adayo.server.mediamessagetransfer/.MediaMessTransferService (has extras) } U=0: not found
12-30 10:29:11.335  1667  2410 E media_message_log->MediaMessageUserProxy: (SourceFile:7)a bindServiceAsUser isBound = false
12-30 10:29:11.348   650   729 D fgemcucomm: sd Uart data : 6AA602D0D300029202C5
12-30 10:29:11.349   650   729 D fgemcucomm: rev uart=55301,len=20, data : 6AA681D0D3000C92020005000000000000000037
12-30 10:29:11.349   398  2883 D adayocomadapter-ParseProtocolFunc: printRaWMsg Name[MCUToUPstream recv] len[12] data[920200050000000000000000]
12-30 10:29:11.349   360   931 D EvsDriver: forwardFrame
12-30 10:29:11.349   398  2883 D adayocomadapter-CommunicationManager: onUpstreamback   member[0] dataLength[9] timePoint[6687171]
12-30 10:29:11.349   360   931 D EvsDriver: forwardFrameDirect
12-30 10:29:11.349   398  2883 D adayocomadapter-ParseProtocolFunc: printRaWMsg Name[onUpstreamback] len[9] data[050000000000000000]
12-30 10:29:11.349   398   464 D adayocomadapter-UpstreamHandler: processBeforePacket upSreamtProcessTimePoint[6687171] 
12-30 10:29:11.349   360   931 D EvsDriver: Delivered 0xb400e2ca9e40e110 as id 0
12-30 10:29:11.350   359  2784 D evsmanagerd: /dev/video-evs0 forwarded the buffer #0 to 0xb400f125d2b26dd0 from 0xb400f125e2b20710
12-30 10:29:11.350   398   464 D adayocomadapter-UpstreamHandler: processPacket UPSTREAM_QUEUE_DATA_TIMEOUT
12-30 10:29:11.350   398   464 D adayocomadapter-ParseProtocolFunc: parseCommonIPCLBytes Processing tableNumber[5]
12-30 10:29:11.350   398   464 D adayocomadapter-ParseProtocolFunc: parseCommonIPCLBytes Processing tablename[Table-5] tableSize[9]
12-30 10:29:11.350   398   464 D adayocomadapter-ParseProtocolFunc: printRaWMsg Name[byteStream recv] len[9] data[050000000000000000]
12-30 10:29:11.350   398   464 D adayocomadapter-ParseProtocolFunc: printRaWMsg Name[IPCLtoVHAL] len[7] data[21402134000000]
12-30 10:29:11.350   398   464 D adayocomadapter-ParseProtocolFunc: printRaWMsg Name[IPCLtoVHAL] len[7] data[21402135000000]
12-30 10:29:11.350   398   464 D adayocomadapter-ParseProtocolFunc: printRaWMsg Name[IPCLtoVHAL] len[7] data[21402136000000]
12-30 10:29:11.350   398   464 D adayocomadapter-ParseProtocolFunc: printRaWMsg Name[IPCLtoVHAL] len[7] data[21402137000000]
12-30 10:29:11.350   398   464 D adayocomadapter-CommunicationManager: onUpstreamReceive mPropertyId 0x21402134
12-30 10:29:11.350   398   464 D adayocomadapter-CommunicationManager: convertBytesToInt32Memcpy  0
12-30 10:29:11.351   398   464 I vw-vhal : notifyVehicleProperty, propId = 0x21402134, data = {status: 2, int32Values: [0]}
12-30 10:29:11.351   398   464 I vw-vhal : CanSignalsAdapter::notifyVehicleProperty: solvedValue = {.timestamp = 6687172967461, .areaId = 0, .prop = 557850932, .status = AVAILABLE, .value = {.int32Values = [1]{0}, .floatValues = [0]{}, .int64Values = [0]{}, .bytes = [0]{}, .stringValue = ""}}
12-30 10:29:11.351   398   464 I VehiclePropertyStore: begin to write value to Store: {.timestamp = 6687172967461, .areaId = 0, .prop = 557850932, .status = AVAILABLE, .value = {.int32Values = [1]{0}, .floatValues = [0]{}, .int64Values = [0]{}, .bytes = [0]{}, .stringValue = ""}}
12-30 10:29:11.351   398   464 I DefaultVehicleHal_v2_0: DefaultVehicleHal::onPropertyValue, value:{.timestamp = 6687172967461, .areaId = 0, .prop = 557850932, .status = AVAILABLE, .value = {.int32Values = [1]{0}, .floatValues = [0]{}, .int64Values = [0]{}, .bytes = [0]{}, .stringValue = ""}}
12-30 10:29:11.351   398   464 D DiagPropHandler: is not DiagnosticConfig: 0x21402134
12-30 10:29:11.351   398   464 I VehiclePropertyStore: begin to write value to Store: {.timestamp = 6687172967461, .areaId = 0, .prop = 557850932, .status = AVAILABLE, .value = {.int32Values = [1]{0}, .floatValues = [0]{}, .int64Values = [0]{}, .bytes = [0]{}, .stringValue = ""}}
12-30 10:29:11.351   398   464 D adayocomadapter-CommunicationManager: onUpstreamReceive mPropertyId 0x21402134
12-30 10:29:11.351   398   464 D adayocomadapter-CommunicationManager: onUpstreamReceive mPropertyId 0x21402135
12-30 10:29:11.351   360   458 D EvsDriver: doneWithFrame
12-30 10:29:11.351   398   464 D adayocomadapter-CommunicationManager: convertBytesToInt32Memcpy  0
12-30 10:29:11.351   398   464 I vw-vhal : notifyVehicleProperty, propId = 0x21402135, data = {status: 2, int32Values: [0]}
12-30 10:29:11.351   398   464 I vw-vhal : CanSignalsAdapter::notifyVehicleProperty: solvedValue = {.timestamp = 6687173655128, .areaId = 0, .prop = 557850933, .status = AVAILABLE, .value = {.int32Values = [1]{0}, .floatValues = [0]{}, .int64Values = [0]{}, .bytes = [0]{}, .stringValue = ""}}
12-30 10:29:11.351   398   464 I VehiclePropertyStore: begin to write value to Store: {.timestamp = 6687173655128, .areaId = 0, .prop = 557850933, .status = AVAILABLE, .value = {.int32Values = [1]{0}, .floatValues = [0]{}, .int64Values = [0]{}, .bytes = [0]{}, .stringValue = ""}}
12-30 10:29:11.352   398   464 I DefaultVehicleHal_v2_0: DefaultVehicleHal::onPropertyValue, value:{.timestamp = 6687173655128, .areaId = 0, .prop = 557850933, .status = AVAILABLE, .value = {.int32Values = [1]{0}, .floatValues = [0]{}, .int64Values = [0]{}, .bytes = [0]{}, .stringValue = ""}}
12-30 10:29:11.352   398   464 D DiagPropHandler: is not DiagnosticConfig: 0x21402135
12-30 10:29:11.352   398   464 I VehiclePropertyStore: begin to write value to Store: {.timestamp = 6687173655128, .areaId = 0, .prop = 557850933, .status = AVAILABLE, .value = {.int32Values = [1]{0}, .floatValues = [0]{}, .int64Values = [0]{}, .bytes = [0]{}, .stringValue = ""}}
12-30 10:29:11.352   398   464 D adayocomadapter-CommunicationManager: onUpstreamReceive mPropertyId 0x21402135
12-30 10:29:11.352   398   464 D adayocomadapter-CommunicationManager: onUpstreamReceive mPropertyId 0x21402136
12-30 10:29:11.352   398   464 D adayocomadapter-CommunicationManager: convertBytesToInt32Memcpy  0
12-30 10:29:11.352   398   464 I vw-vhal : notifyVehicleProperty, propId = 0x21402136, data = {status: 2, int32Values: [0]}
12-30 10:29:11.352   398   464 I vw-vhal : CanSignalsAdapter::notifyVehicleProperty: solvedValue = {.timestamp = 6687174306461, .areaId = 0, .prop = 557850934, .status = AVAILABLE, .value = {.int32Values = [1]{0}, .floatValues = [0]{}, .int64Values = [0]{}, .bytes = [0]{}, .stringValue = ""}}
12-30 10:29:11.352   398   464 I VehiclePropertyStore: begin to write value to Store: {.timestamp = 6687174306461, .areaId = 0, .prop = 557850934, .status = AVAILABLE, .value = {.int32Values = [1]{0}, .floatValues = [0]{}, .int64Values = [0]{}, .bytes = [0]{}, .stringValue = ""}}
12-30 10:29:11.352   398   464 I DefaultVehicleHal_v2_0: DefaultVehicleHal::onPropertyValue, value:{.timestamp = 6687174306461, .areaId = 0, .prop = 557850934, .status = AVAILABLE, .value = {.int32Values = [1]{0}, .floatValues = [0]{}, .int64Values = [0]{}, .bytes = [0]{}, .stringValue = ""}}
12-30 10:29:11.352   398   464 D DiagPropHandler: is not DiagnosticConfig: 0x21402136
12-30 10:29:11.352   398   464 I VehiclePropertyStore: begin to write value to Store: {.timestamp = 6687174306461, .areaId = 0, .prop = 557850934, .status = AVAILABLE, .value = {.int32Values = [1]{0}, .floatValues = [0]{}, .int64Values = [0]{}, .bytes = [0]{}, .stringValue = ""}}
12-30 10:29:11.352   398   464 D adayocomadapter-CommunicationManager: onUpstreamReceive mPropertyId 0x21402136
12-30 10:29:11.352   398   464 D adayocomadapter-CommunicationManager: onUpstreamReceive mPropertyId 0x21402137
12-30 10:29:11.352   398   464 D adayocomadapter-CommunicationManager: convertBytesToInt32Memcpy  0
12-30 10:29:11.353   398   464 I vw-vhal : notifyVehicleProperty, propId = 0x21402137, data = {status: 2, int32Values: [0]}
12-30 10:29:11.353   398   464 I vw-vhal : CanSignalsAdapter::notifyVehicleProperty: solvedValue = {.timestamp = 6687174942128, .areaId = 0, .prop = 557850935, .status = AVAILABLE, .value = {.int32Values = [1]{0}, .floatValues = [0]{}, .int64Values = [0]{}, .bytes = [0]{}, .stringValue = ""}}
12-30 10:29:11.353   398   464 I VehiclePropertyStore: begin to write value to Store: {.timestamp = 6687174942128, .areaId = 0, .prop = 557850935, .status = AVAILABLE, .value = {.int32Values = [1]{0}, .floatValues = [0]{}, .int64Values = [0]{}, .bytes = [0]{}, .stringValue = ""}}
12-30 10:29:11.353   398   464 I DefaultVehicleHal_v2_0: DefaultVehicleHal::onPropertyValue, value:{.timestamp = 6687174942128, .areaId = 0, .prop = 557850935, .status = AVAILABLE, .value = {.int32Values = [1]{0}, .floatValues = [0]{}, .int64Values = [0]{}, .bytes = [0]{}, .stringValue = ""}}
12-30 10:29:11.353   398   464 D DiagPropHandler: is not DiagnosticConfig: 0x21402137
12-30 10:29:11.353   398   464 I VehiclePropertyStore: begin to write value to Store: {.timestamp = 6687174942128, .areaId = 0, .prop = 557850935, .status = AVAILABLE, .value = {.int32Values = [1]{0}, .floatValues = [0]{}, .int64Values = [0]{}, .bytes = [0]{}, .stringValue = ""}}
12-30 10:29:11.353   398   464 D adayocomadapter-CommunicationManager: onUpstreamReceive mPropertyId 0x21402137
12-30 10:29:11.372   596  3076 E WifiHAL : Invalid data received from driver
12-30 10:29:11.381  2358  2623 D RcfController: Rcf proxy is not connected!
12-30 10:29:11.382   360   931 D EvsDriver: forwardFrame
12-30 10:29:11.382   360   931 D EvsDriver: forwardFrameDirect
12-30 10:29:11.383   360   931 D EvsDriver: Delivered 0xb400e2ca9e40c7a0 as id 1
12-30 10:29:11.383   359  2784 D evsmanagerd: /dev/video-evs0 forwarded the buffer #1 to 0xb400f125d2b26dd0 from 0xb400f125e2b20710
12-30 10:29:11.392   360   458 D EvsDriver: doneWithFrame
12-30 10:29:11.416   360   931 I EvsDriver: /dev/video-evs0 VideoCapture fps 30.0006
12-30 10:29:11.416   360   931 D EvsDriver: forwardFrame
12-30 10:29:11.416   360   931 D EvsDriver: forwardFrameDirect
12-30 10:29:11.416   360   931 D EvsDriver: Delivered 0xb400e2ca9e40e270 as id 0
12-30 10:29:11.416   359  2784 D evsmanagerd: /dev/video-evs0 forwarded the buffer #0 to 0xb400f125d2b26dd0 from 0xb400f125e2b20710
12-30 10:29:11.422   360   458 D EvsDriver: doneWithFrame
12-30 10:29:11.431  2358  2623 D RcfController: Rcf proxy is not connected!
12-30 10:29:11.449   360   931 D EvsDriver: forwardFrame
12-30 10:29:11.449   360   931 D EvsDriver: forwardFrameDirect
12-30 10:29:11.449   360   931 D EvsDriver: Delivered 0xb400e2ca9e40d4b0 as id 1
12-30 10:29:11.449   359  2784 D evsmanagerd: /dev/video-evs0 forwarded the buffer #1 to 0xb400f125d2b26dd0 from 0xb400f125e2b20710
12-30 10:29:11.452   360   458 D EvsDriver: doneWithFrame
12-30 10:29:11.454   596  3076 E WifiHAL : Invalid data received from driver
12-30 10:29:11.482  2358  2623 D RcfController: Rcf proxy is not connected!
12-30 10:29:11.482   360   931 D EvsDriver: forwardFrame
12-30 10:29:11.482   360   931 D EvsDriver: forwardFrameDirect
12-30 10:29:11.483   360   931 D EvsDriver: Delivered 0xb400e2ca9e40c2d0 as id 0
12-30 10:29:11.483   359  2784 D evsmanagerd: /dev/video-evs0 forwarded the buffer #0 to 0xb400f125d2b26dd0 from 0xb400f125e2b20710
12-30 10:29:11.493   360   458 D EvsDriver: doneWithFrame
12-30 10:29:11.496  1582  3078 I c       : checkService in back thread add: adayo.upgrade.v2.0
12-30 10:29:11.497  1582  3078 E upgradeApp_251223_V1  l: d(null:11)pre->c(null:23)-> serviceBinder is null
12-30 10:29:11.497  1582  3078 W c       : doBindService in back thread fail: adayo.upgrade.v2.0
12-30 10:29:11.516   360   931 D EvsDriver: forwardFrame
12-30 10:29:11.516   360   931 D EvsDriver: forwardFrameDirect
12-30 10:29:11.516   360   931 D EvsDriver: Delivered 0xb400e2ca9e40d090 as id 1
12-30 10:29:11.516   359  2784 D evsmanagerd: /dev/video-evs0 forwarded the buffer #1 to 0xb400f125d2b26dd0 from 0xb400f125e2b20710
12-30 10:29:11.523   360   458 D EvsDriver: doneWithFrame
12-30 10:29:11.532  2358  2623 D RcfController: Rcf proxy is not connected!
12-30 10:29:11.536   596  3076 E WifiHAL : Invalid data received from driver
12-30 10:29:11.538   650   729 D fgemcucomm: sd Uart data : 6AA602D0D400029202C4
12-30 10:29:11.539   650   729 D fgemcucomm: rev uart=55302,len=23, data : 6AA681D0D4000F92020015000000000000000000000023
12-30 10:29:11.539   398  2883 D adayocomadapter-ParseProtocolFunc: printRaWMsg Name[MCUToUPstream recv] len[15] data[920200150000000000000000000000]
12-30 10:29:11.539   398  2883 D adayocomadapter-CommunicationManager: onUpstreamback   member[0] dataLength[12] timePoint[6687361]
12-30 10:29:11.539   398  2883 D adayocomadapter-ParseProtocolFunc: printRaWMsg Name[onUpstreamback] len[12] data[150000000000000000000000]
12-30 10:29:11.539   398   464 D adayocomadapter-UpstreamHandler: processBeforePacket upSreamtProcessTimePoint[6687361] 
12-30 10:29:11.539   398   464 D adayocomadapter-UpstreamHandler: processPacket UPSTREAM_QUEUE_DATA_TIMEOUT
12-30 10:29:11.540   398   464 D adayocomadapter-ParseProtocolFunc: parseCommonIPCLBytes Processing tableNumber[21]
12-30 10:29:11.540   398   464 D adayocomadapter-ParseProtocolFunc: parseCommonIPCLBytes Processing tablename[Table-21] tableSize[12]
12-30 10:29:11.540   398   464 D adayocomadapter-ParseProtocolFunc: printRaWMsg Name[byteStream recv] len[12] data[150000000000000000000000]
12-30 10:29:11.540   398   464 D adayocomadapter-ParseProtocolFunc: printRaWMsg Name[IPCLtoVHAL] len[6] data[2140208B0000]
12-30 10:29:11.540   398   464 D adayocomadapter-ParseProtocolFunc: printRaWMsg Name[IPCLtoVHAL] len[6] data[214021930000]
12-30 10:29:11.540   398   464 D adayocomadapter-ParseProtocolFunc: printRaWMsg Name[IPCLtoVHAL] len[6] data[2140208C0000]
12-30 10:29:11.540   398   464 D adayocomadapter-ParseProtocolFunc: printRaWMsg Name[IPCLtoVHAL] len[6] data[214021940000]
12-30 10:29:11.540   398   464 D adayocomadapter-ParseProtocolFunc: printRaWMsg Name[IPCLtoVHAL] len[6] data[2140208D0000]
12-30 10:29:11.540   398   464 D adayocomadapter-ParseProtocolFunc: printRaWMsg Name[IPCLtoVHAL] len[6] data[214021950000]
12-30 10:29:11.540   398   464 D adayocomadapter-ParseProtocolFunc: printRaWMsg Name[IPCLtoVHAL] len[6] data[214021920000]
12-30 10:29:11.540   398   464 D adayocomadapter-ParseProtocolFunc: printRaWMsg Name[IPCLtoVHAL] len[6] data[2140208A0000]
12-30 10:29:11.540   398   464 D adayocomadapter-ParseProtocolFunc: printRaWMsg Name[IPCLtoVHAL] len[6] data[214021960000]
12-30 10:29:11.540   398   464 D adayocomadapter-ParseProtocolFunc: printRaWMsg Name[IPCLtoVHAL] len[6] data[214021970000]
12-30 10:29:11.540   398   464 D adayocomadapter-ParseProtocolFunc: printRaWMsg Name[IPCLtoVHAL] len[6] data[214021990000]
12-30 10:29:11.540   398   464 D adayocomadapter-CommunicationManager: onUpstreamReceive mPropertyId 0x2140208b
12-30 10:29:11.540   398   464 D adayocomadapter-CommunicationManager: convertBytesToInt32Memcpy  0
12-30 10:29:11.541   398   464 I vw-vhal : notifyVehicleProperty, propId = 0x2140208b, data = {status: 2, int32Values: [0]}
12-30 10:29:11.541   398   464 I vw-vhal : CanSignalsAdapter::notifyVehicleProperty: solvedValue = {.timestamp = 6687362967795, .areaId = 0, .prop = 557850763, .status = AVAILABLE, .value = {.int32Values = [1]{0}, .floatValues = [0]{}, .int64Values = [0]{}, .bytes = [0]{}, .stringValue = ""}}
12-30 10:29:11.541   398   464 I VehiclePropertyStore: begin to write value to Store: {.timestamp = 6687362967795, .areaId = 0, .prop = 557850763, .status = AVAILABLE, .value = {.int32Values = [1]{0}, .floatValues = [0]{}, .int64Values = [0]{}, .bytes = [0]{}, .stringValue = ""}}
12-30 10:29:11.541   398   464 I DefaultVehicleHal_v2_0: DefaultVehicleHal::onPropertyValue, value:{.timestamp = 6687362967795, .areaId = 0, .prop = 557850763, .status = AVAILABLE, .value = {.int32Values = [1]{0}, .floatValues = [0]{}, .int64Values = [0]{}, .bytes = [0]{}, .stringValue = ""}}
12-30 10:29:11.541   398   464 D DiagPropHandler: is not DiagnosticConfig: 0x2140208b
12-30 10:29:11.541   398   464 I VehiclePropertyStore: begin to write value to Store: {.timestamp = 6687362967795, .areaId = 0, .prop = 557850763, .status = AVAILABLE, .value = {.int32Values = [1]{0}, .floatValues = [0]{}, .int64Values = [0]{}, .bytes = [0]{}, .stringValue = ""}}
12-30 10:29:11.541   398   464 D adayocomadapter-CommunicationManager: onUpstreamReceive mPropertyId 0x2140208b
12-30 10:29:11.541   398   464 D adayocomadapter-CommunicationManager: onUpstreamReceive mPropertyId 0x21402193
12-30 10:29:11.541   398   464 D adayocomadapter-CommunicationManager: convertBytesToInt32Memcpy  0
12-30 10:29:11.541   398   464 I vw-vhal : notifyVehicleProperty, propId = 0x21402193, data = {status: 2, int32Values: [0]}
12-30 10:29:11.541   398   464 I vw-vhal : CanSignalsAdapter::notifyVehicleProperty: solvedValue = {.timestamp = 6687363659795, .areaId = 0, .prop = 557851027, .status = AVAILABLE, .value = {.int32Values = [1]{0}, .floatValues = [0]{}, .int64Values = [0]{}, .bytes = [0]{}, .stringValue = ""}}
12-30 10:29:11.541   398   464 I VehiclePropertyStore: begin to write value to Store: {.timestamp = 6687363659795, .areaId = 0, .prop = 557851027, .status = AVAILABLE, .value = {.int32Values = [1]{0}, .floatValues = [0]{}, .int64Values = [0]{}, .bytes = [0]{}, .stringValue = ""}}
12-30 10:29:11.542   398   464 I DefaultVehicleHal_v2_0: DefaultVehicleHal::onPropertyValue, value:{.timestamp = 6687363659795, .areaId = 0, .prop = 557851027, .status = AVAILABLE, .value = {.int32Values = [1]{0}, .floatValues = [0]{}, .int64Values = [0]{}, .bytes = [0]{}, .stringValue = ""}}
12-30 10:29:11.542   398   464 D DiagPropHandler: is not DiagnosticConfig: 0x21402193
12-30 10:29:11.542   398   464 I VehiclePropertyStore: begin to write value to Store: {.timestamp = 6687363659795, .areaId = 0, .prop = 557851027, .status = AVAILABLE, .value = {.int32Values = [1]{0}, .floatValues = [0]{}, .int64Values = [0]{}, .bytes = [0]{}, .stringValue = ""}}
12-30 10:29:11.542   398   464 D adayocomadapter-CommunicationManager: onUpstreamReceive mPropertyId 0x21402193
12-30 10:29:11.542   398   464 D adayocomadapter-CommunicationManager: onUpstreamReceive mPropertyId 0x2140208c
12-30 10:29:11.542   398   464 D adayocomadapter-CommunicationManager: convertBytesToInt32Memcpy  0
12-30 10:29:11.542   398   464 I vw-vhal : notifyVehicleProperty, propId = 0x2140208c, data = {status: 2, int32Values: [0]}
12-30 10:29:11.542   398   464 I vw-vhal : CanSignalsAdapter::notifyVehicleProperty: solvedValue = {.timestamp = 6687364371128, .areaId = 0, .prop = 557850764, .status = AVAILABLE, .value = {.int32Values = [1]{0}, .floatValues = [0]{}, .int64Values = [0]{}, .bytes = [0]{}, .stringValue = ""}}
12-30 10:29:11.542   398   464 I VehiclePropertyStore: begin to write value to Store: {.timestamp = 6687364371128, .areaId = 0, .prop = 557850764, .status = AVAILABLE, .value = {.int32Values = [1]{0}, .floatValues = [0]{}, .int64Values = [0]{}, .bytes = [0]{}, .stringValue = ""}}
12-30 10:29:11.542   398   464 I DefaultVehicleHal_v2_0: DefaultVehicleHal::onPropertyValue, value:{.timestamp = 6687364371128, .areaId = 0, .prop = 557850764, .status = AVAILABLE, .value = {.int32Values = [1]{0}, .floatValues = [0]{}, .int64Values = [0]{}, .bytes = [0]{}, .stringValue = ""}}
12-30 10:29:11.542   398   464 D DiagPropHandler: is not DiagnosticConfig: 0x2140208c
12-30 10:29:11.542   398   464 I VehiclePropertyStore: begin to write value to Store: {.timestamp = 6687364371128, .areaId = 0, .prop = 557850764, .status = AVAILABLE, .value = {.int32Values = [1]{0}, .floatValues = [0]{}, .int64Values = [0]{}, .bytes = [0]{}, .stringValue = ""}}
12-30 10:29:11.542   398   464 D adayocomadapter-CommunicationManager: onUpstreamReceive mPropertyId 0x2140208c
12-30 10:29:11.542   398   464 D adayocomadapter-CommunicationManager: onUpstreamReceive mPropertyId 0x21402194
12-30 10:29:11.543   398   464 D adayocomadapter-CommunicationManager: convertBytesToInt32Memcpy  0
12-30 10:29:11.543   398   464 I vw-vhal : notifyVehicleProperty, propId = 0x21402194, data = {status: 2, int32Values: [0]}
12-30 10:29:11.543   398   464 I vw-vhal : CanSignalsAdapter::notifyVehicleProperty: solvedValue = {.timestamp = 6687365011795, .areaId = 0, .prop = 557851028, .status = AVAILABLE, .value = {.int32Values = [1]{0}, .floatValues = [0]{}, .int64Values = [0]{}, .bytes = [0]{}, .stringValue = ""}}
12-30 10:29:11.543   398   464 I VehiclePropertyStore: begin to write value to Store: {.timestamp = 6687365011795, .areaId = 0, .prop = 557851028, .status = AVAILABLE, .value = {.int32Values = [1]{0}, .floatValues = [0]{}, .int64Values = [0]{}, .bytes = [0]{}, .stringValue = ""}}
12-30 10:29:11.543   398   464 I DefaultVehicleHal_v2_0: DefaultVehicleHal::onPropertyValue, value:{.timestamp = 6687365011795, .areaId = 0, .prop = 557851028, .status = AVAILABLE, .value = {.int32Values = [1]{0}, .floatValues = [0]{}, .int64Values = [0]{}, .bytes = [0]{}, .stringValue = ""}}
12-30 10:29:11.543   398   464 D DiagPropHandler: is not DiagnosticConfig: 0x21402194
12-30 10:29:11.543   398   464 I VehiclePropertyStore: begin to write value to Store: {.timestamp = 6687365011795, .areaId = 0, .prop = 557851028, .status = AVAILABLE, .value = {.int32Values = [1]{0}, .floatValues = [0]{}, .int64Values = [0]{}, .bytes = [0]{}, .stringValue = ""}}
12-30 10:29:11.543   398   464 D adayocomadapter-CommunicationManager: onUpstreamReceive mPropertyId 0x21402194
12-30 10:29:11.543   398   464 D adayocomadapter-CommunicationManager: onUpstreamReceive mPropertyId 0x2140208d
12-30 10:29:11.543   398   464 D adayocomadapter-CommunicationManager: convertBytesToInt32Memcpy  0
12-30 10:29:11.543   398   464 I vw-vhal : notifyVehicleProperty, propId = 0x2140208d, data = {status: 2, int32Values: [0]}
12-30 10:29:11.543   398   464 I vw-vhal : CanSignalsAdapter::notifyVehicleProperty: solvedValue = {.timestamp = 6687365676795, .areaId = 0, .prop = 557850765, .status = AVAILABLE, .value = {.int32Values = [1]{0}, .floatValues = [0]{}, .int64Values = [0]{}, .bytes = [0]{}, .stringValue = ""}}
12-30 10:29:11.543   398   464 I VehiclePropertyStore: begin to write value to Store: {.timestamp = 6687365676795, .areaId = 0, .prop = 557850765, .status = AVAILABLE, .value = {.int32Values = [1]{0}, .floatValues = [0]{}, .int64Values = [0]{}, .bytes = [0]{}, .stringValue = ""}}
12-30 10:29:11.544   398   464 I DefaultVehicleHal_v2_0: DefaultVehicleHal::onPropertyValue, value:{.timestamp = 6687365676795, .areaId = 0, .prop = 557850765, .status = AVAILABLE, .value = {.int32Values = [1]{0}, .floatValues = [0]{}, .int64Values = [0]{}, .bytes = [0]{}, .stringValue = ""}}
12-30 10:29:11.544   398   464 D DiagPropHandler: is not DiagnosticConfig: 0x2140208d
12-30 10:29:11.544   398   464 I VehiclePropertyStore: begin to write value to Store: {.timestamp = 6687365676795, .areaId = 0, .prop = 557850765, .status = AVAILABLE, .value = {.int32Values = [1]{0}, .floatValues = [0]{}, .int64Values = [0]{}, .bytes = [0]{}, .stringValue = ""}}
12-30 10:29:11.544   398   464 D adayocomadapter-CommunicationManager: onUpstreamReceive mPropertyId 0x2140208d
12-30 10:29:11.544   398   464 D adayocomadapter-CommunicationManager: onUpstreamReceive mPropertyId 0x21402195
12-30 10:29:11.544   398   464 D adayocomadapter-CommunicationManager: convertBytesToInt32Memcpy  0
12-30 10:29:11.544   398   464 I vw-vhal : notifyVehicleProperty, propId = 0x21402195, data = {status: 2, int32Values: [0]}
12-30 10:29:11.544   398   464 I vw-vhal : CanSignalsAdapter::notifyVehicleProperty: solvedValue = {.timestamp = 6687366315128, .areaId = 0, .prop = 557851029, .status = AVAILABLE, .value = {.int32Values = [1]{0}, .floatValues = [0]{}, .int64Values = [0]{}, .bytes = [0]{}, .stringValue = ""}}
12-30 10:29:11.544   398   464 I VehiclePropertyStore: begin to write value to Store: {.timestamp = 6687366315128, .areaId = 0, .prop = 557851029, .status = AVAILABLE, .value = {.int32Values = [1]{0}, .floatValues = [0]{}, .int64Values = [0]{}, .bytes = [0]{}, .stringValue = ""}}
12-30 10:29:11.544   398   464 I DefaultVehicleHal_v2_0: DefaultVehicleHal::onPropertyValue, value:{.timestamp = 6687366315128, .areaId = 0, .prop = 557851029, .status = AVAILABLE, .value = {.int32Values = [1]{0}, .floatValues = [0]{}, .int64Values = [0]{}, .bytes = [0]{}, .stringValue = ""}}
12-30 10:29:11.544   398   464 D DiagPropHandler: is not DiagnosticConfig: 0x21402195
12-30 10:29:11.544   398   464 I VehiclePropertyStore: begin to write value to Store: {.timestamp = 6687366315128, .areaId = 0, .prop = 557851029, .status = AVAILABLE, .value = {.int32Values = [1]{0}, .floatValues = [0]{}, .int64Values = [0]{}, .bytes = [0]{}, .stringValue = ""}}
12-30 10:29:11.544   398   464 D adayocomadapter-CommunicationManager: onUpstreamReceive mPropertyId 0x21402195
12-30 10:29:11.544   398   464 D adayocomadapter-CommunicationManager: onUpstreamReceive mPropertyId 0x21402192
12-30 10:29:11.544   398   464 D adayocomadapter-CommunicationManager: convertBytesToInt32Memcpy  0
12-30 10:29:11.545   398   464 I vw-vhal : notifyVehicleProperty, propId = 0x21402192, data = {status: 2, int32Values: [0]}
12-30 10:29:11.545   398   464 I vw-vhal : CanSignalsAdapter::notifyVehicleProperty: solvedValue = {.timestamp = 6687366962795, .areaId = 0, .prop = 557851026, .status = AVAILABLE, .value = {.int32Values = [1]{0}, .floatValues = [0]{}, .int64Values = [0]{}, .bytes = [0]{}, .stringValue = ""}}
12-30 10:29:11.545   398   464 I VehiclePropertyStore: begin to write value to Store: {.timestamp = 6687366962795, .areaId = 0, .prop = 557851026, .status = AVAILABLE, .value = {.int32Values = [1]{0}, .floatValues = [0]{}, .int64Values = [0]{}, .bytes = [0]{}, .stringValue = ""}}
12-30 10:29:11.545   398   464 I DefaultVehicleHal_v2_0: DefaultVehicleHal::onPropertyValue, value:{.timestamp = 6687366962795, .areaId = 0, .prop = 557851026, .status = AVAILABLE, .value = {.int32Values = [1]{0}, .floatValues = [0]{}, .int64Values = [0]{}, .bytes = [0]{}, .stringValue = ""}}
12-30 10:29:11.545   398   464 D DiagPropHandler: is not DiagnosticConfig: 0x21402192
