12-30 10:29:05.506   398   464 D adayocomadapter-CommunicationManager: onUpstreamReceive mPropertyId 0x2140218e
12-30 10:29:05.506   398   464 D adayocomadapter-CommunicationManager: onUpstreamReceive mPropertyId 0x2140218f
12-30 10:29:05.506   398   464 D adayocomadapter-CommunicationManager: convertBytesToInt32Memcpy  0
12-30 10:29:05.506   398   464 I vw-vhal : notifyVehicleProperty, propId = 0x2140218f, data = {status: 2, int32Values: [0]}
12-30 10:29:05.506   398   464 I vw-vhal : CanSignalsAdapter::notifyVehicleProperty: solvedValue = {.timestamp = 6681328531461, .areaId = 0, .prop = 557851023, .status = AVAILABLE, .value = {.int32Values = [1]{0}, .floatValues = [0]{}, .int64Values = [0]{}, .bytes = [0]{}, .stringValue = ""}}
12-30 10:29:05.506   398   464 I VehiclePropertyStore: begin to write value to Store: {.timestamp = 6681328531461, .areaId = 0, .prop = 557851023, .status = AVAILABLE, .value = {.int32Values = [1]{0}, .floatValues = [0]{}, .int64Values = [0]{}, .bytes = [0]{}, .stringValue = ""}}
12-30 10:29:05.506   398   464 I DefaultVehicleHal_v2_0: DefaultVehicleHal::onPropertyValue, value:{.timestamp = 6681328531461, .areaId = 0, .prop = 557851023, .status = AVAILABLE, .value = {.int32Values = [1]{0}, .floatValues = [0]{}, .int64Values = [0]{}, .bytes = [0]{}, .stringValue = ""}}
12-30 10:29:05.506   398   464 D DiagPropHandler: is not DiagnosticConfig: 0x2140218f
12-30 10:29:05.506   398   464 I VehiclePropertyStore: begin to write value to Store: {.timestamp = 6681328531461, .areaId = 0, .prop = 557851023, .status = AVAILABLE, .value = {.int32Values = [1]{0}, .floatValues = [0]{}, .int64Values = [0]{}, .bytes = [0]{}, .stringValue = ""}}
12-30 10:29:05.506   398   464 D adayocomadapter-CommunicationManager: onUpstreamReceive mPropertyId 0x2140218f
12-30 10:29:05.506   398   464 D adayocomadapter-CommunicationManager: onUpstreamReceive mPropertyId 0x21402191
12-30 10:29:05.506   398   464 D adayocomadapter-CommunicationManager: convertBytesToInt32Memcpy  0
12-30 10:29:05.506   398   464 I vw-vhal : notifyVehicleProperty, propId = 0x21402191, data = {status: 2, int32Values: [0]}
12-30 10:29:05.506   398   464 I vw-vhal : CanSignalsAdapter::notifyVehicleProperty: solvedValue = {.timestamp = 6681328731127, .areaId = 0, .prop = 557851025, .status = AVAILABLE, .value = {.int32Values = [1]{0}, .floatValues = [0]{}, .int64Values = [0]{}, .bytes = [0]{}, .stringValue = ""}}
12-30 10:29:05.506   398   464 I VehiclePropertyStore: begin to write value to Store: {.timestamp = 6681328731127, .areaId = 0, .prop = 557851025, .status = AVAILABLE, .value = {.int32Values = [1]{0}, .floatValues = [0]{}, .int64Values = [0]{}, .bytes = [0]{}, .stringValue = ""}}
12-30 10:29:05.506   398   464 I DefaultVehicleHal_v2_0: DefaultVehicleHal::onPropertyValue, value:{.timestamp = 6681328731127, .areaId = 0, .prop = 557851025, .status = AVAILABLE, .value = {.int32Values = [1]{0}, .floatValues = [0]{}, .int64Values = [0]{}, .bytes = [0]{}, .stringValue = ""}}
12-30 10:29:05.506   398   464 D DiagPropHandler: is not DiagnosticConfig: 0x21402191
12-30 10:29:05.506   398   464 I VehiclePropertyStore: begin to write value to Store: {.timestamp = 6681328731127, .areaId = 0, .prop = 557851025, .status = AVAILABLE, .value = {.int32Values = [1]{0}, .floatValues = [0]{}, .int64Values = [0]{}, .bytes = [0]{}, .stringValue = ""}}
12-30 10:29:05.507   398   464 D adayocomadapter-CommunicationManager: onUpstreamReceive mPropertyId 0x21402191
12-30 10:29:05.507   398   464 D adayocomadapter-CommunicationManager: onUpstreamReceive mPropertyId 0x2140223d
12-30 10:29:05.507   398   464 D adayocomadapter-CommunicationManager: convertBytesToInt32Memcpy  0
12-30 10:29:05.507   398   464 I vw-vhal : notifyVehicleProperty, propId = 0x2140223d, data = {status: 2, int32Values: [0]}
12-30 10:29:05.507   398   464 I vw-vhal : CanSignalsAdapter::notifyVehicleProperty: solvedValue = {.timestamp = 6681328930127, .areaId = 0, .prop = 557851197, .status = AVAILABLE, .value = {.int32Values = [1]{0}, .floatValues = [0]{}, .int64Values = [0]{}, .bytes = [0]{}, .stringValue = ""}}
12-30 10:29:05.507   398   464 I VehiclePropertyStore: begin to write value to Store: {.timestamp = 6681328930127, .areaId = 0, .prop = 557851197, .status = AVAILABLE, .value = {.int32Values = [1]{0}, .floatValues = [0]{}, .int64Values = [0]{}, .bytes = [0]{}, .stringValue = ""}}
12-30 10:29:05.507   398   464 I DefaultVehicleHal_v2_0: DefaultVehicleHal::onPropertyValue, value:{.timestamp = 6681328930127, .areaId = 0, .prop = 557851197, .status = AVAILABLE, .value = {.int32Values = [1]{0}, .floatValues = [0]{}, .int64Values = [0]{}, .bytes = [0]{}, .stringValue = ""}}
12-30 10:29:05.507   398   464 D DiagPropHandler: is not DiagnosticConfig: 0x2140223d
12-30 10:29:05.507   398   464 I VehiclePropertyStore: begin to write value to Store: {.timestamp = 6681328930127, .areaId = 0, .prop = 557851197, .status = AVAILABLE, .value = {.int32Values = [1]{0}, .floatValues = [0]{}, .int64Values = [0]{}, .bytes = [0]{}, .stringValue = ""}}
12-30 10:29:05.507   398   464 D adayocomadapter-CommunicationManager: onUpstreamReceive mPropertyId 0x2140223d
12-30 10:29:05.511   815   832 D logcollector: [logcollector::hasEnoughSpace]  Debug: avaiPercent = 84, limitPercent = 90
12-30 10:29:05.511   815   832 D logcollector: [logcollector::createFile]  Debug: LogWriter createFile success /data/sdrv_logs/4/system_20251230_102905_97.log 
12-30 10:29:05.516   360   931 D EvsDriver: forwardFrame
12-30 10:29:05.516   360   931 D EvsDriver: forwardFrameDirect
12-30 10:29:05.516  1611 15258 I ADAYO_LOG_: b(LogcatFunc.java:5)path:/mnt/sdcard/AndroidLog/logcat/logcat_2025_12_30_10_29_05_266-5.txt
12-30 10:29:05.516   360   931 D EvsDriver: Delivered 0xb400e2ca9e40d090 as id 1
12-30 10:29:05.516   359  2784 D evsmanagerd: /dev/video-evs0 forwarded the buffer #1 to 0xb400f125d2b26dd0 from 0xb400f125e2b20710
12-30 10:29:05.518   360   458 D EvsDriver: doneWithFrame
12-30 10:29:05.520  1611 15258 I ADAYO_LOG_: b(LogcatFunc.java:7)COLLECT_INT_START
12-30 10:29:05.520  1611 15258 I ADAYO_LOG_: g(null:15)logcat file is zip packing, zipFilePath: /mnt/sdcard/AndroidLog/logcat/logcat_2025_12_30_10_29_05_266-4.zip
12-30 10:29:05.520  1611 15258 I ADAYO_LOG_: e(LogcatFunc.java:2)isOpenEncrypt: false
12-30 10:29:05.522  2310  2721 D FuseDaemon: Node: 12970642256212319760 created.
12-30 10:29:05.549   360   931 D EvsDriver: forwardFrame
12-30 10:29:05.549   360   931 D EvsDriver: forwardFrameDirect
12-30 10:29:05.549   360   931 D EvsDriver: Delivered 0xb400e2ca9e40e110 as id 0
12-30 10:29:05.549   359  2784 D evsmanagerd: /dev/video-evs0 forwarded the buffer #0 to 0xb400f125d2b26dd0 from 0xb400f125e2b20710
12-30 10:29:05.552  2358  2623 D RcfController: Rcf proxy is not connected!
--------- beginning of events
12-30 10:29:05.552 23983 23983 I auditd  : type=1400 audit(0.0:750419): avc:  denied  { entrypoint } for  comm="init" path="/system/bin/sh" dev="dm-1" ino=8660711 scontext=u:r:trace_logcat:s0 tcontext=u:object_r:shell_exec:s0 tclass=file permissive=1
12-30 10:29:05.552 23983 23983 I init    : type=1400 audit(0.0:750419): avc:  denied  { entrypoint } for  path="/system/bin/sh" dev="dm-1" ino=8660711 scontext=u:r:trace_logcat:s0 tcontext=u:object_r:shell_exec:s0 tclass=file permissive=1
12-30 10:29:05.559   360   458 D EvsDriver: doneWithFrame
12-30 10:29:05.556 23983 23983 I auditd  : type=1400 audit(0.0:750420): avc:  denied  { map } for  comm="sh" path="/system/bin/sh" dev="dm-1" ino=8660711 scontext=u:r:trace_logcat:s0 tcontext=u:object_r:shell_exec:s0 tclass=file permissive=1
12-30 10:29:05.556 23983 23983 I sh      : type=1400 audit(0.0:750420): avc:  denied  { map } for  path="/system/bin/sh" dev="dm-1" ino=8660711 scontext=u:r:trace_logcat:s0 tcontext=u:object_r:shell_exec:s0 tclass=file permissive=1
12-30 10:29:05.556 23983 23983 I auditd  : type=1400 audit(0.0:750421): avc:  denied  { read } for  comm="sh" path="/system/bin/sh" dev="dm-1" ino=8660711 scontext=u:r:trace_logcat:s0 tcontext=u:object_r:shell_exec:s0 tclass=file permissive=1
12-30 10:29:05.556 23983 23983 I sh      : type=1400 audit(0.0:750421): avc:  denied  { read } for  path="/system/bin/sh" dev="dm-1" ino=8660711 scontext=u:r:trace_logcat:s0 tcontext=u:object_r:shell_exec:s0 tclass=file permissive=1
12-30 10:29:05.556 23983 23983 I auditd  : type=1400 audit(0.0:750422): avc:  denied  { execute } for  comm="sh" path="/system/bin/sh" dev="dm-1" ino=8660711 scontext=u:r:trace_logcat:s0 tcontext=u:object_r:shell_exec:s0 tclass=file permissive=1
12-30 10:29:05.556 23983 23983 I sh      : type=1400 audit(0.0:750422): avc:  denied  { execute } for  path="/system/bin/sh" dev="dm-1" ino=8660711 scontext=u:r:trace_logcat:s0 tcontext=u:object_r:shell_exec:s0 tclass=file permissive=1
12-30 10:29:05.556 23983 23983 I auditd  : type=1400 audit(0.0:750423): avc:  denied  { getattr } for  comm="sh" path="/system/bin/sh" dev="dm-1" ino=8660711 scontext=u:r:trace_logcat:s0 tcontext=u:object_r:shell_exec:s0 tclass=file permissive=1
12-30 10:29:05.556 23983 23983 I sh      : type=1400 audit(0.0:750423): avc:  denied  { getattr } for  path="/system/bin/sh" dev="dm-1" ino=8660711 scontext=u:r:trace_logcat:s0 tcontext=u:object_r:shell_exec:s0 tclass=file permissive=1
12-30 10:29:05.567   650   729 D fgemcucomm: sd Uart data : 6AA602D0A00002800A02
12-30 10:29:05.568   650   729 D fgemcucomm: rev uart=55248,len=13, data : 6AA681D0A00005800A0400007C
12-30 10:29:05.568   398  2883 D adayocomadapter-ParseProtocolFunc: printRaWMsg Name[MCUToUPstream recv] len[4] data[800A0400]
12-30 10:29:05.568   398  2883 D adayocomadapter-CommunicationManager: onUpstreamback   member[7] dataLength[2] timePoint[6681390]
12-30 10:29:05.568   398  2883 D adayocomadapter-ParseProtocolFunc: printRaWMsg Name[onUpstreamback] len[2] data[0400]
12-30 10:29:05.568   398   464 D adayocomadapter-UpstreamHandler: processBeforePacket upSreamtProcessTimePoint[6681390] 
12-30 10:29:05.568   398   464 D adayocomadapter-ParseProtocolFunc: parseGeneralIPCLBytes Processing tablename[Table-0] tableSize[2]
12-30 10:29:05.568   398   464 D adayocomadapter-ParseProtocolFunc: printRaWMsg Name[byteStream recv] len[2] data[0400]
12-30 10:29:05.568   398   464 D adayocomadapter-ParseProtocolFunc: printRaWMsg Name[IPCLtoVHAL] len[6] data[314010020000]
12-30 10:29:05.568   398   464 D adayocomadapter-ParseProtocolFunc: printRaWMsg Name[IPCLtoVHAL] len[6] data[314010010004]
12-30 10:29:05.568   398   464 D adayocomadapter-CommunicationManager: onUpstreamReceive mPropertyId 0x31401002
12-30 10:29:05.568   398   464 D adayocomadapter-CommunicationManager: convertBytesToInt32Memcpy  0
12-30 10:29:05.568   398   464 I vw-vhal : notifyVehicleProperty, propId = 0x31401002, data = {status: 2, int32Values: [0]}
12-30 10:29:05.568   398   464 I vw-vhal : CanSignalsAdapter::notifyVehicleProperty: solvedValue = {.timestamp = 6681390619127, .areaId = 0, .prop = 826281986, .status = AVAILABLE, .value = {.int32Values = [1]{0}, .floatValues = [0]{}, .int64Values = [0]{}, .bytes = [0]{}, .stringValue = ""}}
12-30 10:29:05.568   398   464 I VehiclePropertyStore: begin to write value to Store: {.timestamp = 6681390619127, .areaId = 0, .prop = 826281986, .status = AVAILABLE, .value = {.int32Values = [1]{0}, .floatValues = [0]{}, .int64Values = [0]{}, .bytes = [0]{}, .stringValue = ""}}
12-30 10:29:05.568   398   464 I DefaultVehicleHal_v2_0: DefaultVehicleHal::onPropertyValue, value:{.timestamp = 6681390619127, .areaId = 0, .prop = 826281986, .status = AVAILABLE, .value = {.int32Values = [1]{0}, .floatValues = [0]{}, .int64Values = [0]{}, .bytes = [0]{}, .stringValue = ""}}
12-30 10:29:05.568   398   464 D DiagPropHandler: is not DiagnosticConfig: 0x31401002
12-30 10:29:05.568   398   464 I VehiclePropertyStore: begin to write value to Store: {.timestamp = 6681390619127, .areaId = 0, .prop = 826281986, .status = AVAILABLE, .value = {.int32Values = [1]{0}, .floatValues = [0]{}, .int64Values = [0]{}, .bytes = [0]{}, .stringValue = ""}}
12-30 10:29:05.568   398   464 D adayocomadapter-CommunicationManager: onUpstreamReceive mPropertyId 0x31401002
12-30 10:29:05.568   398   464 D adayocomadapter-CommunicationManager: onUpstreamReceive mPropertyId 0x31401001
12-30 10:29:05.568   398   464 D adayocomadapter-CommunicationManager: convertBytesToInt32Memcpy  4
12-30 10:29:05.569   398   464 I vw-vhal : notifyVehicleProperty, propId = 0x31401001, data = {status: 2, int32Values: [4]}
12-30 10:29:05.569   398   464 I vw-vhal : CanSignalsAdapter::notifyVehicleProperty: solvedValue = {.timestamp = 6681390874794, .areaId = 0, .prop = 826281985, .status = AVAILABLE, .value = {.int32Values = [1]{4}, .floatValues = [0]{}, .int64Values = [0]{}, .bytes = [0]{}, .stringValue = ""}}
12-30 10:29:05.569   398   464 I VehiclePropertyStore: begin to write value to Store: {.timestamp = 6681390874794, .areaId = 0, .prop = 826281985, .status = AVAILABLE, .value = {.int32Values = [1]{4}, .floatValues = [0]{}, .int64Values = [0]{}, .bytes = [0]{}, .stringValue = ""}}
12-30 10:29:05.569   398   464 I DefaultVehicleHal_v2_0: DefaultVehicleHal::onPropertyValue, value:{.timestamp = 6681390874794, .areaId = 0, .prop = 826281985, .status = AVAILABLE, .value = {.int32Values = [1]{4}, .floatValues = [0]{}, .int64Values = [0]{}, .bytes = [0]{}, .stringValue = ""}}
12-30 10:29:05.569   398   464 D DiagPropHandler: is not DiagnosticConfig: 0x31401001
12-30 10:29:05.569   398   464 I VehiclePropertyStore: begin to write value to Store: {.timestamp = 6681390874794, .areaId = 0, .prop = 826281985, .status = AVAILABLE, .value = {.int32Values = [1]{4}, .floatValues = [0]{}, .int64Values = [0]{}, .bytes = [0]{}, .stringValue = ""}}
12-30 10:29:05.569   398   464 D adayocomadapter-CommunicationManager: onUpstreamReceive mPropertyId 0x31401001
--------- beginning of system
12-30 10:29:05.570  1667  2594 W ContextImpl: Calling a method in the system process without a qualified user: android.app.ContextImpl.bindService:1988 android.content.ContextWrapper.bindService:861 com.ford.sync.fnvservice.FordFnv.c:202 com.ford.sync.fnvservice.FordFnv.c:43 com.ford.sync.fnvservice.FordFnv$RetryHandler.handleMessage:245 
12-30 10:29:05.571   916  3726 W ActivityManager: Unable to start service Intent { cmp=com.ford.sync.fnvservice/.FordFnvService } U=0: not found
12-30 10:29:05.571  1667  2594 W FordFnv :  bind ford fnv failed -> sendRetryMessage 
12-30 10:29:05.578   596  3076 E WifiHAL : Invalid data received from driver
12-30 10:29:05.582   360   931 D EvsDriver: forwardFrame
12-30 10:29:05.582   360   931 D EvsDriver: forwardFrameDirect
12-30 10:29:05.583   360   931 D EvsDriver: Delivered 0xb400e2ca9e40c7a0 as id 1
12-30 10:29:05.583   359  2784 D evsmanagerd: /dev/video-evs0 forwarded the buffer #1 to 0xb400f125d2b26dd0 from 0xb400f125e2b20710
12-30 10:29:05.584  1611  1611 I ADAYO_LOG_: handleMessage(UsbFunc.java:3)copyQnx = 0
12-30 10:29:05.585  1611  1611 I ADAYO_LOG_: handleMessage(UsbFunc.java:12)copyState = 2
12-30 10:29:05.589   360   458 D EvsDriver: doneWithFrame
12-30 10:29:05.593 23984 23984 I ADAYO_LOG_TRACE_LOGCAT: execute start
12-30 10:29:05.603  2358  2623 D RcfController: Rcf proxy is not connected!
12-30 10:29:05.608   650   729 D fgemcucomm: sd Uart data : 6AA602D0A100029202F7
12-30 10:29:05.609   650   729 D fgemcucomm: rev uart=55249,len=23, data : 6AA681D0A1000F92020004000000000000000000000067
12-30 10:29:05.609   398  2883 D adayocomadapter-ParseProtocolFunc: printRaWMsg Name[MCUToUPstream recv] len[15] data[920200040000000000000000000000]
12-30 10:29:05.609   398  2883 D adayocomadapter-CommunicationManager: onUpstreamback   member[0] dataLength[12] timePoint[6681431]
12-30 10:29:05.609   398  2883 D adayocomadapter-ParseProtocolFunc: printRaWMsg Name[onUpstreamback] len[12] data[040000000000000000000000]
12-30 10:29:05.609   398   464 D adayocomadapter-UpstreamHandler: processBeforePacket upSreamtProcessTimePoint[6681431] 
12-30 10:29:05.609   398   464 D adayocomadapter-UpstreamHandler: processPacket UPSTREAM_QUEUE_DATA_TIMEOUT
12-30 10:29:05.609   398   464 D adayocomadapter-ParseProtocolFunc: parseCommonIPCLBytes Processing tableNumber[4]
12-30 10:29:05.609   398   464 D adayocomadapter-ParseProtocolFunc: parseCommonIPCLBytes Processing tablename[Table-4] tableSize[12]
12-30 10:29:05.609   398   464 D adayocomadapter-ParseProtocolFunc: printRaWMsg Name[byteStream recv] len[12] data[040000000000000000000000]
12-30 10:29:05.609   398   464 D adayocomadapter-ParseProtocolFunc: printRaWMsg Name[IPCLtoVHAL] len[7] data[2140200C000000]
12-30 10:29:05.609   398   464 D adayocomadapter-ParseProtocolFunc: printRaWMsg Name[IPCLtoVHAL] len[7] data[2140200D000000]
12-30 10:29:05.609   398   464 D adayocomadapter-ParseProtocolFunc: printRaWMsg Name[IPCLtoVHAL] len[6] data[214022330000]
12-30 10:29:05.609   398   464 D adayocomadapter-ParseProtocolFunc: printRaWMsg Name[IPCLtoVHAL] len[9] data[2140201D0000000000]
12-30 10:29:05.609   398   464 D adayocomadapter-ParseProtocolFunc: printRaWMsg Name[IPCLtoVHAL] len[7] data[2140201E000000]
12-30 10:29:05.609   398   464 D adayocomadapter-CommunicationManager: onUpstreamReceive mPropertyId 0x2140200c
12-30 10:29:05.609   398   464 D adayocomadapter-CommunicationManager: convertBytesToInt32Memcpy  0
12-30 10:29:05.609   398   464 I vw-vhal : notifyVehicleProperty, propId = 0x2140200c, data = {status: 2, int32Values: [0]}
12-30 10:29:05.609   398   464 I vw-vhal : CanSignalsAdapter::notifyVehicleProperty: solvedValue = {.timestamp = 6681431631461, .areaId = 0, .prop = 557850636, .status = AVAILABLE, .value = {.int32Values = [1]{0}, .floatValues = [0]{}, .int64Values = [0]{}, .bytes = [0]{}, .stringValue = ""}}
12-30 10:29:05.609   398   464 I VehiclePropertyStore: begin to write value to Store: {.timestamp = 6681431631461, .areaId = 0, .prop = 557850636, .status = AVAILABLE, .value = {.int32Values = [1]{0}, .floatValues = [0]{}, .int64Values = [0]{}, .bytes = [0]{}, .stringValue = ""}}
12-30 10:29:05.609   398   464 I DefaultVehicleHal_v2_0: DefaultVehicleHal::onPropertyValue, value:{.timestamp = 6681431631461, .areaId = 0, .prop = 557850636, .status = AVAILABLE, .value = {.int32Values = [1]{0}, .floatValues = [0]{}, .int64Values = [0]{}, .bytes = [0]{}, .stringValue = ""}}
12-30 10:29:05.609   398   464 D DiagPropHandler: is not DiagnosticConfig: 0x2140200c
12-30 10:29:05.609   398   464 I VehiclePropertyStore: begin to write value to Store: {.timestamp = 6681431631461, .areaId = 0, .prop = 557850636, .status = AVAILABLE, .value = {.int32Values = [1]{0}, .floatValues = [0]{}, .int64Values = [0]{}, .bytes = [0]{}, .stringValue = ""}}
12-30 10:29:05.609   398   464 D adayocomadapter-CommunicationManager: onUpstreamReceive mPropertyId 0x2140200c
12-30 10:29:05.609   398   464 D adayocomadapter-CommunicationManager: onUpstreamReceive mPropertyId 0x2140200d
12-30 10:29:05.609   398   464 D adayocomadapter-CommunicationManager: convertBytesToInt32Memcpy  0
12-30 10:29:05.610   398   464 I vw-vhal : notifyVehicleProperty, propId = 0x2140200d, data = {status: 2, int32Values: [0]}
12-30 10:29:05.610   398   464 I vw-vhal : CanSignalsAdapter::notifyVehicleProperty: solvedValue = {.timestamp = 6681431902794, .areaId = 0, .prop = 557850637, .status = AVAILABLE, .value = {.int32Values = [1]{0}, .floatValues = [0]{}, .int64Values = [0]{}, .bytes = [0]{}, .stringValue = ""}}
12-30 10:29:05.610   398   464 I VehiclePropertyStore: begin to write value to Store: {.timestamp = 6681431902794, .areaId = 0, .prop = 557850637, .status = AVAILABLE, .value = {.int32Values = [1]{0}, .floatValues = [0]{}, .int64Values = [0]{}, .bytes = [0]{}, .stringValue = ""}}
12-30 10:29:05.610   398   464 I DefaultVehicleHal_v2_0: DefaultVehicleHal::onPropertyValue, value:{.timestamp = 6681431902794, .areaId = 0, .prop = 557850637, .status = AVAILABLE, .value = {.int32Values = [1]{0}, .floatValues = [0]{}, .int64Values = [0]{}, .bytes = [0]{}, .stringValue = ""}}
12-30 10:29:05.610   398   464 D DiagPropHandler: is not DiagnosticConfig: 0x2140200d
12-30 10:29:05.610   398   464 I VehiclePropertyStore: begin to write value to Store: {.timestamp = 6681431902794, .areaId = 0, .prop = 557850637, .status = AVAILABLE, .value = {.int32Values = [1]{0}, .floatValues = [0]{}, .int64Values = [0]{}, .bytes = [0]{}, .stringValue = ""}}
12-30 10:29:05.610   398   464 D adayocomadapter-CommunicationManager: onUpstreamReceive mPropertyId 0x2140200d
12-30 10:29:05.610   398   464 D adayocomadapter-CommunicationManager: onUpstreamReceive mPropertyId 0x21402233
12-30 10:29:05.610   398   464 D adayocomadapter-CommunicationManager: convertBytesToInt32Memcpy  0
12-30 10:29:05.610   398   464 I vw-vhal : notifyVehicleProperty, propId = 0x21402233, data = {status: 2, int32Values: [0]}
12-30 10:29:05.610   398   464 I vw-vhal : CanSignalsAdapter::notifyVehicleProperty: solvedValue = {.timestamp = 6681432191794, .areaId = 0, .prop = 557851187, .status = AVAILABLE, .value = {.int32Values = [1]{0}, .floatValues = [0]{}, .int64Values = [0]{}, .bytes = [0]{}, .stringValue = ""}}
12-30 10:29:05.610   398   464 I VehiclePropertyStore: begin to write value to Store: {.timestamp = 6681432191794, .areaId = 0, .prop = 557851187, .status = AVAILABLE, .value = {.int32Values = [1]{0}, .floatValues = [0]{}, .int64Values = [0]{}, .bytes = [0]{}, .stringValue = ""}}
12-30 10:29:05.610   398   464 I DefaultVehicleHal_v2_0: DefaultVehicleHal::onPropertyValue, value:{.timestamp = 6681432191794, .areaId = 0, .prop = 557851187, .status = AVAILABLE, .value = {.int32Values = [1]{0}, .floatValues = [0]{}, .int64Values = [0]{}, .bytes = [0]{}, .stringValue = ""}}
12-30 10:29:05.610   398   464 D DiagPropHandler: is not DiagnosticConfig: 0x21402233
12-30 10:29:05.610   398   464 I VehiclePropertyStore: begin to write value to Store: {.timestamp = 6681432191794, .areaId = 0, .prop = 557851187, .status = AVAILABLE, .value = {.int32Values = [1]{0}, .floatValues = [0]{}, .int64Values = [0]{}, .bytes = [0]{}, .stringValue = ""}}
12-30 10:29:05.610   398   464 D adayocomadapter-CommunicationManager: onUpstreamReceive mPropertyId 0x21402233
12-30 10:29:05.610   398   464 D adayocomadapter-CommunicationManager: onUpstreamReceive mPropertyId 0x2140201d
12-30 10:29:05.610   398   464 D adayocomadapter-CommunicationManager: convertBytesToInt32Memcpy  0
12-30 10:29:05.610   398   464 I vw-vhal : notifyVehicleProperty, propId = 0x2140201d, data = {status: 2, int32Values: [0]}
12-30 10:29:05.610   398   464 I vw-vhal : CanSignalsAdapter::notifyVehicleProperty: solvedValue = {.timestamp = 6681432420127, .areaId = 0, .prop = 557850653, .status = AVAILABLE, .value = {.int32Values = [1]{0}, .floatValues = [0]{}, .int64Values = [0]{}, .bytes = [0]{}, .stringValue = ""}}
12-30 10:29:05.610   398   464 I VehiclePropertyStore: begin to write value to Store: {.timestamp = 6681432420127, .areaId = 0, .prop = 557850653, .status = AVAILABLE, .value = {.int32Values = [1]{0}, .floatValues = [0]{}, .int64Values = [0]{}, .bytes = [0]{}, .stringValue = ""}}
12-30 10:29:05.610   398   464 I DefaultVehicleHal_v2_0: DefaultVehicleHal::onPropertyValue, value:{.timestamp = 6681432420127, .areaId = 0, .prop = 557850653, .status = AVAILABLE, .value = {.int32Values = [1]{0}, .floatValues = [0]{}, .int64Values = [0]{}, .bytes = [0]{}, .stringValue = ""}}
12-30 10:29:05.610   398   464 D DiagPropHandler: is not DiagnosticConfig: 0x2140201d
12-30 10:29:05.610   398   464 I VehiclePropertyStore: begin to write value to Store: {.timestamp = 6681432420127, .areaId = 0, .prop = 557850653, .status = AVAILABLE, .value = {.int32Values = [1]{0}, .floatValues = [0]{}, .int64Values = [0]{}, .bytes = [0]{}, .stringValue = ""}}
12-30 10:29:05.610   398   464 D adayocomadapter-CommunicationManager: onUpstreamReceive mPropertyId 0x2140201d
12-30 10:29:05.610   398   464 D adayocomadapter-CommunicationManager: onUpstreamReceive mPropertyId 0x2140201e
12-30 10:29:05.610   398   464 D adayocomadapter-CommunicationManager: convertBytesToInt32Memcpy  0
12-30 10:29:05.610   398   464 I vw-vhal : notifyVehicleProperty, propId = 0x2140201e, data = {status: 2, int32Values: [0]}
12-30 10:29:05.610   398   464 I vw-vhal : CanSignalsAdapter::notifyVehicleProperty: solvedValue = {.timestamp = 6681432629794, .areaId = 0, .prop = 557850654, .status = AVAILABLE, .value = {.int32Values = [1]{0}, .floatValues = [0]{}, .int64Values = [0]{}, .bytes = [0]{}, .stringValue = ""}}
12-30 10:29:05.610   398   464 I VehiclePropertyStore: begin to write value to Store: {.timestamp = 6681432629794, .areaId = 0, .prop = 557850654, .status = AVAILABLE, .value = {.int32Values = [1]{0}, .floatValues = [0]{}, .int64Values = [0]{}, .bytes = [0]{}, .stringValue = ""}}
12-30 10:29:05.610   398   464 I DefaultVehicleHal_v2_0: DefaultVehicleHal::onPropertyValue, value:{.timestamp = 6681432629794, .areaId = 0, .prop = 557850654, .status = AVAILABLE, .value = {.int32Values = [1]{0}, .floatValues = [0]{}, .int64Values = [0]{}, .bytes = [0]{}, .stringValue = ""}}
12-30 10:29:05.610   398   464 D DiagPropHandler: is not DiagnosticConfig: 0x2140201e
12-30 10:29:05.610   398   464 I VehiclePropertyStore: begin to write value to Store: {.timestamp = 6681432629794, .areaId = 0, .prop = 557850654, .status = AVAILABLE, .value = {.int32Values = [1]{0}, .floatValues = [0]{}, .int64Values = [0]{}, .bytes = [0]{}, .stringValue = ""}}
12-30 10:29:05.610   398   464 D adayocomadapter-CommunicationManager: onUpstreamReceive mPropertyId 0x2140201e
12-30 10:29:05.616   360   931 D EvsDriver: forwardFrame
12-30 10:29:05.616   360   931 D EvsDriver: forwardFrameDirect
12-30 10:29:05.616   360   931 D EvsDriver: Delivered 0xb400e2ca9e40e270 as id 0
12-30 10:29:05.616   359  2784 D evsmanagerd: /dev/video-evs0 forwarded the buffer #0 to 0xb400f125d2b26dd0 from 0xb400f125e2b20710
12-30 10:29:05.619   360   458 D EvsDriver: doneWithFrame
12-30 10:29:05.634 23986 23986 I ADAYO_LOG_TRACE_LOGCAT: executing
12-30 10:29:05.649   360   931 D EvsDriver: forwardFrame
12-30 10:29:05.649   360   931 D EvsDriver: forwardFrameDirect
12-30 10:29:05.649   360   931 D EvsDriver: Delivered 0xb400e2ca9e40d4b0 as id 1
12-30 10:29:05.649   359  2784 D evsmanagerd: /dev/video-evs0 forwarded the buffer #1 to 0xb400f125d2b26dd0 from 0xb400f125e2b20710
12-30 10:29:05.653  2358  2623 D RcfController: Rcf proxy is not connected!
12-30 10:29:05.658   596  3076 E WifiHAL : Invalid data received from driver
12-30 10:29:05.660   360   458 D EvsDriver: doneWithFrame
12-30 10:29:05.663  1628  2702 I CCarServiceManager: CarServiceManager->t()35:link:[48]     ---30:pool-2-thread-3
12-30 10:29:05.663  1628  2702 I CCarServiceManager: CarServiceManager->t()64:link 转换后:48     ---30:pool-2-thread-3
12-30 10:29:05.663  1628  2702 I CCarServiceManager: CarServiceManager->t()84:link 转换后:48     ---30:pool-2-thread-3
12-30 10:29:05.663  1628  2702 D CarPropertyManager: setProperty, propertyId: 0x2141400f, areaId: 0x0, class: class [Ljava.lang.Integer;, val: [Ljava.lang.Integer;@d9c5528
12-30 10:29:05.664  1365  2014 D CarPropertyService: mSyncGetSetPropertyOpCount: 1
12-30 10:29:05.665   398  2883 I DefaultVehicleHal_v2_0: DefaultVehicleHal::set, current value:{.timestamp = 0, .areaId = 0, .prop = 557924367, .status = AVAILABLE, .value = {.int32Values = [1]{0}, .floatValues = [0]{}, .int64Values = [0]{}, .bytes = [0]{}, .stringValue = ""}}
12-30 10:29:05.665   398  2883 I DefaultVehicleHalServer: onSetProperty(0x2141400f)
12-30 10:29:05.665   398  2883 D vw-vhal : CanSignalsAdapter::setVehicleProperty: propValue = {.timestamp = 0, .areaId = 0, .prop = 557924367, .status = AVAILABLE, .value = {.int32Values = [1]{1}, .floatValues = [0]{}, .int64Values = [0]{}, .bytes = [0]{}, .stringValue = ""}}
12-30 10:29:05.665   398  2883 D vw-vhal : CanSignalsAdapter::setVehicleProperty: propId = 0x2141400f, data = {status: 0, int32Values: [1]}
12-30 10:29:05.665   398  2883 D adayocomadapter-CommunicationManager: setProperty id=[557924367]
12-30 10:29:05.665   398  2883 D adayocomadapter-CommunicationManager: writeValue id=[557924367]
12-30 10:29:05.665   398  2883 D adayocomadapter-VehiclePropertyStore: writeValue id=[557924367]
12-30 10:29:05.665   398  2883 D adayocomadapter-CommunicationManager: sendToDownstream mPropertyId 0x2141400f
12-30 10:29:05.665   398  2883 D adayocomadapter-ParseProtocolFunc: printRaWMsg Name[sendToDownstream] len[4] data[00000000]
12-30 10:29:05.665   398  2883 D adayocomadapter-ParseProtocolFunc: printRaWMsg Name[sendToDownstream] len[4] data[2141400F]
12-30 10:29:05.665   398  2883 D adayocomadapter-ParseProtocolFunc: printRaWMsg Name[sendToDownstream] len[5] data[2141400F01]
12-30 10:29:05.665   398  2883 D adayocomadapter-CommunicationManager: sendToDownstream ret[0]   member[130] dataLength[1] timePoint[6681487] 
12-30 10:29:05.665   398  2883 D adayocomadapter-ParseProtocolFunc: printRaWMsg Name[sendToDownstream] len[5] data[2141400F01]
12-30 10:29:05.665   398  2883 D adayocomadapter-CommunicationManager: sendToDownstream  000 mPropertyId[0x557924367]  
12-30 10:29:05.665   398   698 D adayocomadapter-DownstreamHandler: processBeforePacket downSreamtProcessTimePoint[6681487] 
12-30 10:29:05.665   398   698 D adayocomadapter-DownstreamHandler: DownstreamHandler processPacket 
12-30 10:29:05.665   398   698 D adayocomadapter-DownstreamHandler: DownstreamHandler processPacket valueIndex 0x2141400f
12-30 10:29:05.665   398   698 D adayocomadapter-DownstreamHandler: DownstreamHandler processPacket 0002
12-30 10:29:05.665   398   698 D adayocomadapter-DownstreamHandler: DownstreamHandler processPacket sendMCUData2 
12-30 10:29:05.665   398   698 D adayocomadapter-CommunicationManager: sendMCUData 
12-30 10:29:05.665   398   698 D adayocomadapter-MCUInterfaceHandler: sendToMCU start
12-30 10:29:05.665  1365  2014 D CarPropertyService: mSyncGetSetPropertyOpCount: 0
12-30 10:29:05.665   650   730 D fgemcucomm: sd Uart data : 6AA601143B00081202022141400F01E0
12-30 10:29:05.665   398   698 D adayocomadapter-ParseProtocolFunc: printRaWMsg Name[sendToMCU] len[8] data[1202022141400F01]
12-30 10:29:05.666  1628  2702 I CCarServiceManager: CarServiceManager->t()118:link:0     ---30:pool-2-thread-3
12-30 10:29:05.674 23988 23988 I ADAYO_LOG_TRACE_LOGCAT: collect_dest_path:/mnt/sdcard/AndroidLog/logcat
12-30 10:29:05.682   360   931 D EvsDriver: forwardFrame
12-30 10:29:05.682   360   931 D EvsDriver: forwardFrameDirect
12-30 10:29:05.683   360   931 D EvsDriver: Delivered 0xb400e2ca9e40c2d0 as id 0
12-30 10:29:05.683   359  2784 D evsmanagerd: /dev/video-evs0 forwarded the buffer #0 to 0xb400f125d2b26dd0 from 0xb400f125e2b20710
12-30 10:29:05.690   360   458 D EvsDriver: doneWithFrame
12-30 10:29:05.703  2358  2623 D RcfController: Rcf proxy is not connected!
12-30 10:29:05.704   596  3076 E WifiHAL : Invalid data received from driver
12-30 10:29:05.709   650   730 D fgemcucomm: file = hardware/interfaces/fgemcucomm/1.0/default/mcucomm/src/mcuCommFunctionTimer.cpp, function = startTimer  start timer OK = 5179 
12-30 10:29:05.716   360   931 D EvsDriver: forwardFrame
12-30 10:29:05.716   360   931 D EvsDriver: forwardFrameDirect
12-30 10:29:05.716   360   931 D EvsDriver: Delivered 0xb400e2ca9e40d090 as id 1
12-30 10:29:05.716   359  2784 D evsmanagerd: /dev/video-evs0 forwarded the buffer #1 to 0xb400f125d2b26dd0 from 0xb400f125e2b20710
12-30 10:29:05.721   360   458 D EvsDriver: doneWithFrame
12-30 10:29:05.727   650   729 D fgemcucomm: file = hardware/interfaces/fgemcucomm/1.0/default/mcucomm/src/mcuCommFunctionTimer.cpp, func = stopTimer  stop timer = 5179 
12-30 10:29:05.727   650   729 D fgemcucomm: rev uart=55250,len=10, data : 6AA682143B0002120219
12-30 10:29:05.749   360   931 D EvsDriver: forwardFrame
12-30 10:29:05.749   360   931 D EvsDriver: forwardFrameDirect
12-30 10:29:05.749   360   931 D EvsDriver: Delivered 0xb400e2ca9e40e110 as id 0
12-30 10:29:05.749   359  2784 D evsmanagerd: /dev/video-evs0 forwarded the buffer #0 to 0xb400f125d2b26dd0 from 0xb400f125e2b20710
12-30 10:29:05.751   360   458 D EvsDriver: doneWithFrame
12-30 10:29:05.753  2358  2623 D RcfController: Rcf proxy is not connected!
12-30 10:29:05.764 23993 23993 I ADAYO_LOG_TRACE_LOGCAT: file_path:/mnt/sdcard/AndroidLog/logcat/logcat_2025_12_30_10_29_05_266-5.txt
12-30 10:29:05.779   596  3076 E WifiHAL : Invalid data received from driver
12-30 10:29:05.782   360   931 D EvsDriver: forwardFrame
12-30 10:29:05.782   360   931 D EvsDriver: forwardFrameDirect
12-30 10:29:05.783   360   931 D EvsDriver: Delivered 0xb400e2ca9e40c7a0 as id 1
12-30 10:29:05.783   359  2784 D evsmanagerd: /dev/video-evs0 forwarded the buffer #1 to 0xb400f125d2b26dd0 from 0xb400f125e2b20710
12-30 10:29:05.791   360   458 D EvsDriver: doneWithFrame
12-30 10:29:05.804  2358  2623 D RcfController: Rcf proxy is not connected!
12-30 10:29:05.808   596  3076 E WifiHAL : Invalid data received from driver
12-30 10:29:05.808   596  3076 E WifiHAL : Invalid data received from driver
12-30 10:29:05.808   596  3076 E WifiHAL : Invalid data received from driver
12-30 10:29:05.809   596  3076 E WifiHAL : Invalid data received from driver
12-30 10:29:05.809   596  3076 E WifiHAL : Invalid data received from driver
12-30 10:29:05.809   596  3076 E WifiHAL : Invalid data received from driver
12-30 10:29:05.809   596  3076 E WifiHAL : Invalid data received from driver
12-30 10:29:05.814 23996 23996 I ADAYO_LOG_TRACE_LOGCAT: folder_size:
12-30 10:29:05.816   360   931 D EvsDriver: forwardFrame
12-30 10:29:05.816   360   931 D EvsDriver: forwardFrameDirect
12-30 10:29:05.816   360   931 D EvsDriver: Delivered 0xb400e2ca9e40e270 as id 0
12-30 10:29:05.816   359  2784 D evsmanagerd: /dev/video-evs0 forwarded the buffer #0 to 0xb400f125d2b26dd0 from 0xb400f125e2b20710
12-30 10:29:05.822   360   458 D EvsDriver: doneWithFrame
12-30 10:29:05.833  2475  2681 I TtsServiceAgent: check thread start checking, threadId = 29
12-30 10:29:05.833  2475  2681 D TtsServiceAgent: start bind service...
12-30 10:29:05.833  2475  2681 D TtsServiceAgent: ----->initService, usage = 16
12-30 10:29:05.833  2475  2681 W ContextImpl: Calling a method in the system process without a qualified user: android.app.ContextImpl.bindService:1988 android.content.ContextWrapper.bindService:861 com.iflytek.autofly.ttsaidl.ttsproxy.TtsServiceAgent.initService:189 com.iflytek.autofly.ttsaidl.ttsproxy.TtsServiceAgent.initService:133 com.iflytek.autofly.ttsaidl.ttsproxy.TtsServiceAgent$2.run:517 
12-30 10:29:05.834   916  3726 W ActivityManager: Unable to start service Intent { act=com.iflytek.autofly.tts.ttsservice.TtsAdapterService cmp=com.iflytek.cutefly.speechclient.hmi/com.iflytek.autofly.tts.ttsservice.TtsAdapterService } U=0: not found
12-30 10:29:05.834  2475  2681 D TtsServiceAgent: bindService: false
12-30 10:29:05.834  2475  2681 D TtsServiceAgent: start reInitService
12-30 10:29:05.834  2475  2681 D TtsServiceAgent: aidlCheckThreadRunning = true
12-30 10:29:05.834  2475  2681 D TtsServiceAgent: ----->check connection status in 1000s...
12-30 10:29:05.848   650   729 D fgemcucomm: sd Uart data : 6AA602D0A200029202F6
12-30 10:29:05.848   650   729 D fgemcucomm: rev uart=55251,len=17, data : 6AA681D0A200099202000A000000000066
12-30 10:29:05.848   398  2883 D adayocomadapter-ParseProtocolFunc: printRaWMsg Name[MCUToUPstream recv] len[9] data[9202000A0000000000]
12-30 10:29:05.848   398  2883 D adayocomadapter-CommunicationManager: onUpstreamback   member[0] dataLength[6] timePoint[6681670]
12-30 10:29:05.848   398  2883 D adayocomadapter-ParseProtocolFunc: printRaWMsg Name[onUpstreamback] len[6] data[0A0000000000]
12-30 10:29:05.848   398   464 D adayocomadapter-UpstreamHandler: processBeforePacket upSreamtProcessTimePoint[6681670] 
12-30 10:29:05.848   398   464 D adayocomadapter-UpstreamHandler: processPacket UPSTREAM_QUEUE_DATA_TIMEOUT
12-30 10:29:05.848   398   464 D adayocomadapter-ParseProtocolFunc: parseCommonIPCLBytes Processing tableNumber[10]
12-30 10:29:05.848   398   464 D adayocomadapter-ParseProtocolFunc: parseCommonIPCLBytes Processing tablename[Table-10] tableSize[6]
12-30 10:29:05.848   398   464 D adayocomadapter-ParseProtocolFunc: printRaWMsg Name[byteStream recv] len[6] data[0A0000000000]
12-30 10:29:05.848   398   464 D adayocomadapter-ParseProtocolFunc: printRaWMsg Name[IPCLtoVHAL] len[9] data[2140201C0000000000]
12-30 10:29:05.848   398   464 D adayocomadapter-ParseProtocolFunc: printRaWMsg Name[IPCLtoVHAL] len[6] data[214022320000]
12-30 10:29:05.848   398   464 D adayocomadapter-CommunicationManager: onUpstreamReceive mPropertyId 0x2140201c
12-30 10:29:05.848   398   464 D adayocomadapter-CommunicationManager: convertBytesToInt32Memcpy  0
12-30 10:29:05.848   398   464 I vw-vhal : notifyVehicleProperty, propId = 0x2140201c, data = {status: 2, int32Values: [0]}
12-30 10:29:05.849   398   464 I vw-vhal : CanSignalsAdapter::notifyVehicleProperty: solvedValue = {.timestamp = 6681670872461, .areaId = 0, .prop = 557850652, .status = AVAILABLE, .value = {.int32Values = [1]{0}, .floatValues = [0]{}, .int64Values = [0]{}, .bytes = [0]{}, .stringValue = ""}}
12-30 10:29:05.849   398   464 I VehiclePropertyStore: begin to write value to Store: {.timestamp = 6681670872461, .areaId = 0, .prop = 557850652, .status = AVAILABLE, .value = {.int32Values = [1]{0}, .floatValues = [0]{}, .int64Values = [0]{}, .bytes = [0]{}, .stringValue = ""}}
12-30 10:29:05.849   398   464 I DefaultVehicleHal_v2_0: DefaultVehicleHal::onPropertyValue, value:{.timestamp = 6681670872461, .areaId = 0, .prop = 557850652, .status = AVAILABLE, .value = {.int32Values = [1]{0}, .floatValues = [0]{}, .int64Values = [0]{}, .bytes = [0]{}, .stringValue = ""}}
12-30 10:29:05.849   398   464 D DiagPropHandler: is not DiagnosticConfig: 0x2140201c
12-30 10:29:05.849   398   464 I VehiclePropertyStore: begin to write value to Store: {.timestamp = 6681670872461, .areaId = 0, .prop = 557850652, .status = AVAILABLE, .value = {.int32Values = [1]{0}, .floatValues = [0]{}, .int64Values = [0]{}, .bytes = [0]{}, .stringValue = ""}}
12-30 10:29:05.849   398   464 D adayocomadapter-CommunicationManager: onUpstreamReceive mPropertyId 0x2140201c
12-30 10:29:05.849   398   464 D adayocomadapter-CommunicationManager: onUpstreamReceive mPropertyId 0x21402232
12-30 10:29:05.849   398   464 D adayocomadapter-CommunicationManager: convertBytesToInt32Memcpy  0
12-30 10:29:05.849   398   464 I vw-vhal : notifyVehicleProperty, propId = 0x21402232, data = {status: 2, int32Values: [0]}
12-30 10:29:05.849   398   464 I vw-vhal : CanSignalsAdapter::notifyVehicleProperty: solvedValue = {.timestamp = 6681671105461, .areaId = 0, .prop = 557851186, .status = AVAILABLE, .value = {.int32Values = [1]{0}, .floatValues = [0]{}, .int64Values = [0]{}, .bytes = [0]{}, .stringValue = ""}}
12-30 10:29:05.849   398   464 I VehiclePropertyStore: begin to write value to Store: {.timestamp = 6681671105461, .areaId = 0, .prop = 557851186, .status = AVAILABLE, .value = {.int32Values = [1]{0}, .floatValues = [0]{}, .int64Values = [0]{}, .bytes = [0]{}, .stringValue = ""}}
12-30 10:29:05.849   398   464 I DefaultVehicleHal_v2_0: DefaultVehicleHal::onPropertyValue, value:{.timestamp = 6681671105461, .areaId = 0, .prop = 557851186, .status = AVAILABLE, .value = {.int32Values = [1]{0}, .floatValues = [0]{}, .int64Values = [0]{}, .bytes = [0]{}, .stringValue = ""}}
12-30 10:29:05.849   398   464 D DiagPropHandler: is not DiagnosticConfig: 0x21402232
12-30 10:29:05.849   398   464 I VehiclePropertyStore: begin to write value to Store: {.timestamp = 6681671105461, .areaId = 0, .prop = 557851186, .status = AVAILABLE, .value = {.int32Values = [1]{0}, .floatValues = [0]{}, .int64Values = [0]{}, .bytes = [0]{}, .stringValue = ""}}
12-30 10:29:05.849   398   464 D adayocomadapter-CommunicationManager: onUpstreamReceive mPropertyId 0x21402232
12-30 10:29:05.849   360   931 D EvsDriver: forwardFrame
12-30 10:29:05.849   360   931 D EvsDriver: forwardFrameDirect
12-30 10:29:05.849   360   931 D EvsDriver: Delivered 0xb400e2ca9e40d4b0 as id 1
12-30 10:29:05.849   359  2784 D evsmanagerd: /dev/video-evs0 forwarded the buffer #1 to 0xb400f125d2b26dd0 from 0xb400f125e2b20710
12-30 10:29:05.852   360   458 D EvsDriver: doneWithFrame
12-30 10:29:05.854  2358  2623 D RcfController: Rcf proxy is not connected!
12-30 10:29:05.869   596  3076 E WifiHAL : Invalid data received from driver
12-30 10:29:05.882   360   931 D EvsDriver: forwardFrame
12-30 10:29:05.882   360   931 D EvsDriver: forwardFrameDirect
12-30 10:29:05.883   360   931 D EvsDriver: Delivered 0xb400e2ca9e40c2d0 as id 0
12-30 10:29:05.883   359  2784 D evsmanagerd: /dev/video-evs0 forwarded the buffer #0 to 0xb400f125d2b26dd0 from 0xb400f125e2b20710
12-30 10:29:05.888   916  1202 D CpuMonitorService: Added latest delta time in state info for policy id 0
12-30 10:29:05.889   916  1202 D CpuMonitorService: Read dynamic policy info DynamicPolicyInfo{curCpuFreqKHz = 2200000, maxCpuFreqKHz = 2200000, avgTimeInStateCpuFreqKHz = 1014053, affectedCpuCores = [0, 1, 2, 3, 4, 5]} for policy id 0
12-30 10:29:05.889   916  1202 D CpuMonitorService: Added CpuInfo{ cpuCore = 0, cpusetCategories = [FLAG_CPUSET_CATEGORY_TOP_APP|FLAG_CPUSET_CATEGORY_BACKGROUND], isOnline = Yes, curCpuFreqKHz = 2200000, maxCpuFreqKHz = 2200000, avgTimeInStateCpuFreqKHz = 1014053, latestCpuUsageStats = CpuUsageStats{ userTimeMillis = 2290, niceTimeMillis = 640, systemTimeMillis = 5040, idleTimeMillis = 49090, iowaitTimeMillis = 40, irqTimeMillis = 760, softirqTimeMillis = 850, stealTimeMillis = 0, guestTimeMillis = 0, guestNiceTimeMillis = 0 }, mNormalizedAvailableCpuFreqKHz = 2033841 } for CPU core 0
12-30 10:29:05.889   916  1202 D CpuMonitorService: Added CpuInfo{ cpuCore = 1, cpusetCategories = [FLAG_CPUSET_CATEGORY_TOP_APP|FLAG_CPUSET_CATEGORY_BACKGROUND], isOnline = Yes, curCpuFreqKHz = 2200000, maxCpuFreqKHz = 2200000, avgTimeInStateCpuFreqKHz = 1014053, latestCpuUsageStats = CpuUsageStats{ userTimeMillis = 2290, niceTimeMillis = 500, systemTimeMillis = 5020, idleTimeMillis = 50210, iowaitTimeMillis = 60, irqTimeMillis = 640, softirqTimeMillis = 110, stealTimeMillis = 0, guestTimeMillis = 0, guestNiceTimeMillis = 0 }, mNormalizedAvailableCpuFreqKHz = 2051417 } for CPU core 1
12-30 10:29:05.889   916  1202 D CpuMonitorService: Added CpuInfo{ cpuCore = 2, cpusetCategories = [FLAG_CPUSET_CATEGORY_TOP_APP|FLAG_CPUSET_CATEGORY_BACKGROUND], isOnline = Yes, curCpuFreqKHz = 2200000, maxCpuFreqKHz = 2200000, avgTimeInStateCpuFreqKHz = 1014053, latestCpuUsageStats = CpuUsageStats{ userTimeMillis = 2140, niceTimeMillis = 640, systemTimeMillis = 5090, idleTimeMillis = 50330, iowaitTimeMillis = 40, irqTimeMillis = 610, softirqTimeMillis = 110, stealTimeMillis = 0, guestTimeMillis = 0, guestNiceTimeMillis = 0 }, mNormalizedAvailableCpuFreqKHz = 2051572 } for CPU core 2
12-30 10:29:05.889   916  1202 D CpuMonitorService: Added CpuInfo{ cpuCore = 3, cpusetCategories = [FLAG_CPUSET_CATEGORY_TOP_APP|FLAG_CPUSET_CATEGORY_BACKGROUND], isOnline = Yes, curCpuFreqKHz = 2200000, maxCpuFreqKHz = 2200000, avgTimeInStateCpuFreqKHz = 1014053, latestCpuUsageStats = CpuUsageStats{ userTimeMillis = 3320, niceTimeMillis = 80, systemTimeMillis = 4750, idleTimeMillis = 50120, iowaitTimeMillis = 80, irqTimeMillis = 560, softirqTimeMillis = 130, stealTimeMillis = 0, guestTimeMillis = 0, guestNiceTimeMillis = 0 }, mNormalizedAvailableCpuFreqKHz = 2046792 } for CPU core 3
12-30 10:29:05.889   916  1202 D CpuMonitorService: Added CpuInfo{ cpuCore = 4, cpusetCategories = [FLAG_CPUSET_CATEGORY_TOP_APP|FLAG_CPUSET_CATEGORY_BACKGROUND], isOnline = Yes, curCpuFreqKHz = 2200000, maxCpuFreqKHz = 2200000, avgTimeInStateCpuFreqKHz = 1014053, latestCpuUsageStats = CpuUsageStats{ userTimeMillis = 3020, niceTimeMillis = 90, systemTimeMillis = 4540, idleTimeMillis = 50340, iowaitTimeMillis = 40, irqTimeMillis = 620, softirqTimeMillis = 140, stealTimeMillis = 0, guestTimeMillis = 0, guestNiceTimeMillis = 0 }, mNormalizedAvailableCpuFreqKHz = 2054248 } for CPU core 4
12-30 10:29:05.889   916  1202 D CpuMonitorService: Added CpuInfo{ cpuCore = 5, cpusetCategories = [FLAG_CPUSET_CATEGORY_TOP_APP|FLAG_CPUSET_CATEGORY_BACKGROUND], isOnline = Yes, curCpuFreqKHz = 2200000, maxCpuFreqKHz = 2200000, avgTimeInStateCpuFreqKHz = 1014053, latestCpuUsageStats = CpuUsageStats{ userTimeMillis = 3410, niceTimeMillis = 50, systemTimeMillis = 4900, idleTimeMillis = 49890, iowaitTimeMillis = 50, irqTimeMillis = 560, softirqTimeMillis = 120, stealTimeMillis = 0, guestTimeMillis = 0, guestNiceTimeMillis = 0 }, mNormalizedAvailableCpuFreqKHz = 2043714 } for CPU core 5
12-30 10:29:05.892   360   458 D EvsDriver: doneWithFrame
12-30 10:29:05.904  2358  2623 D RcfController: Rcf proxy is not connected!
12-30 10:29:05.908   596  3076 E WifiHAL : Invalid data received from driver
12-30 10:29:05.916   360   931 D EvsDriver: forwardFrame
12-30 10:29:05.916   360   931 D EvsDriver: forwardFrameDirect
12-30 10:29:05.916   360   931 D EvsDriver: Delivered 0xb400e2ca9e40d090 as id 1
12-30 10:29:05.916   359  2784 D evsmanagerd: /dev/video-evs0 forwarded the buffer #1 to 0xb400f125d2b26dd0 from 0xb400f125e2b20710
12-30 10:29:05.916   798 23978 W adbd    : timed out while waiting for FUNCTIONFS_BIND, trying again
12-30 10:29:05.916   798 23978 I adbd    : UsbFfs: connection terminated: monitor thread finished
12-30 10:29:05.916   798   798 I adbd    : UsbFfs: already offline
12-30 10:29:05.916   798   798 I adbd    : destroying transport UsbFfs
12-30 10:29:05.917   798   798 I adbd    : UsbFfsConnection being destroyed
12-30 10:29:05.917  2310  2842 D FuseDaemon: Node: 12970642256212320336 created.
12-30 10:29:05.923   360   458 D EvsDriver: doneWithFrame
12-30 10:29:05.926   650   729 D fgemcucomm: sd Uart data : 6AA602D0A300029202F5
12-30 10:29:05.926   650   729 D fgemcucomm: rev uart=55252,len=109, data : 6AA681D0A30065920200100000000000000000000000000000000000000000000000000000000000000000000000000000000000000000000000000000000000000000000000000000000000000000000000000000000000000000000000000000000000000000000000000003
12-30 10:29:05.926   398  2883 D adayocomadapter-ParseProtocolFunc: printRaWMsg Name[MCUToUPstream recv] len[101] data[9202001000000000000000000000000000000000000000000000000000000000000000000000000000000000000000000000000000000000000000000000000000000000000000000000000000000000000000000000000000000000000000000000000000]
12-30 10:29:05.926   398  2883 D adayocomadapter-CommunicationManager: onUpstreamback   member[0] dataLength[98] timePoint[6681748]
12-30 10:29:05.926   398  2883 D adayocomadapter-ParseProtocolFunc: printRaWMsg Name[onUpstreamback] len[98] data[1000000000000000000000000000000000000000000000000000000000000000000000000000000000000000000000000000000000000000000000000000000000000000000000000000000000000000000000000000000000000000000000000000]
12-30 10:29:05.926   398   464 D adayocomadapter-UpstreamHandler: processBeforePacket upSreamtProcessTimePoint[6681748] 
12-30 10:29:05.926   398   464 D adayocomadapter-UpstreamHandler: processPacket UPSTREAM_QUEUE_DATA_TIMEOUT
12-30 10:29:05.926   398   464 D adayocomadapter-ParseProtocolFunc: parseCommonIPCLBytes Processing tableNumber[16]
12-30 10:29:05.926   398   464 D adayocomadapter-ParseProtocolFunc: parseCommonIPCLBytes Processing tablename[Table-16] tableSize[98]
12-30 10:29:05.926   398   464 D adayocomadapter-ParseProtocolFunc: printRaWMsg Name[byteStream recv] len[98] data[1000000000000000000000000000000000000000000000000000000000000000000000000000000000000000000000000000000000000000000000000000000000000000000000000000000000000000000000000000000000000000000000000000]
12-30 10:29:05.926   398   464 D adayocomadapter-ParseProtocolFunc: printRaWMsg Name[IPCLtoVHAL] len[6] data[214021B10000]
12-30 10:29:05.927   398   464 D adayocomadapter-ParseProtocolFunc: printRaWMsg Name[IPCLtoVHAL] len[6] data[214022120000]
12-30 10:29:05.927   398   464 D adayocomadapter-ParseProtocolFunc: printRaWMsg Name[IPCLtoVHAL] len[6] data[214021B20000]
12-30 10:29:05.927   398   464 D adayocomadapter-ParseProtocolFunc: printRaWMsg Name[IPCLtoVHAL] len[6] data[214021BD0000]
12-30 10:29:05.927   398   464 D adayocomadapter-ParseProtocolFunc: printRaWMsg Name[IPCLtoVHAL] len[6] data[2140221E0000]
12-30 10:29:05.927   398   464 D adayocomadapter-ParseProtocolFunc: printRaWMsg Name[IPCLtoVHAL] len[6] data[214021B30000]
12-30 10:29:05.927   398   464 D adayocomadapter-ParseProtocolFunc: printRaWMsg Name[IPCLtoVHAL] len[6] data[214022140000]
12-30 10:29:05.927   398   464 D adayocomadapter-ParseProtocolFunc: printRaWMsg Name[IPCLtoVHAL] len[6] data[214021B40000]
12-30 10:29:05.927   398   464 D adayocomadapter-ParseProtocolFunc: printRaWMsg Name[IPCLtoVHAL] len[6] data[214021530000]
12-30 10:29:05.927   398   464 D adayocomadapter-ParseProtocolFunc: printRaWMsg Name[IPCLtoVHAL] len[6] data[214022150000]
12-30 10:29:05.927   398   464 D adayocomadapter-ParseProtocolFunc: printRaWMsg Name[IPCLtoVHAL] len[6] data[214021B50000]
12-30 10:29:05.927   398   464 D adayocomadapter-ParseProtocolFunc: printRaWMsg Name[IPCLtoVHAL] len[6] data[214021540000]
12-30 10:29:05.927   398   464 D adayocomadapter-ParseProtocolFunc: printRaWMsg Name[IPCLtoVHAL] len[6] data[214021B70000]
12-30 10:29:05.927   398   464 D adayocomadapter-ParseProtocolFunc: printRaWMsg Name[IPCLtoVHAL] len[6] data[214021560000]
12-30 10:29:05.927   398   464 D adayocomadapter-ParseProtocolFunc: printRaWMsg Name[IPCLtoVHAL] len[6] data[214021B80000]
12-30 10:29:05.927   398   464 D adayocomadapter-ParseProtocolFunc: printRaWMsg Name[IPCLtoVHAL] len[6] data[214021570000]
12-30 10:29:05.927   398   464 D adayocomadapter-ParseProtocolFunc: printRaWMsg Name[IPCLtoVHAL] len[6] data[214022190000]
12-30 10:29:05.927   398   464 D adayocomadapter-ParseProtocolFunc: printRaWMsg Name[IPCLtoVHAL] len[6] data[2140215B0000]
