12-30 10:24:36.467   398   464 I DefaultVehicleHal_v2_0: DefaultVehicleHal::onPropertyValue, value:{.timestamp = 6412289522095, .areaId = 0, .prop = 557850980, .status = AVAILABLE, .value = {.int32Values = [1]{0}, .floatValues = [0]{}, .int64Values = [0]{}, .bytes = [0]{}, .stringValue = ""}}
12-30 10:24:36.467   398   464 D DiagPropHandler: is not DiagnosticConfig: 0x21402164
12-30 10:24:36.468   398   464 I VehiclePropertyStore: begin to write value to Store: {.timestamp = 6412289522095, .areaId = 0, .prop = 557850980, .status = AVAILABLE, .value = {.int32Values = [1]{0}, .floatValues = [0]{}, .int64Values = [0]{}, .bytes = [0]{}, .stringValue = ""}}
12-30 10:24:36.468   398   464 D adayocomadapter-CommunicationManager: onUpstreamReceive mPropertyId 0x21402164
12-30 10:24:36.468   398   464 D adayocomadapter-CommunicationManager: onUpstreamReceive mPropertyId 0x21401039
12-30 10:24:36.468   398   464 D adayocomadapter-CommunicationManager: convertBytesToInt32Memcpy  0
12-30 10:24:36.468   398   464 I vw-vhal : notifyVehicleProperty, propId = 0x21401039, data = {status: 2, int32Values: [0]}
12-30 10:24:36.468   398   464 I vw-vhal : CanSignalsAdapter::notifyVehicleProperty: solvedValue = {.timestamp = 6412290164762, .areaId = 0, .prop = 557846585, .status = AVAILABLE, .value = {.int32Values = [1]{0}, .floatValues = [0]{}, .int64Values = [0]{}, .bytes = [0]{}, .stringValue = ""}}
12-30 10:24:36.468   398   464 I VehiclePropertyStore: begin to write value to Store: {.timestamp = 6412290164762, .areaId = 0, .prop = 557846585, .status = AVAILABLE, .value = {.int32Values = [1]{0}, .floatValues = [0]{}, .int64Values = [0]{}, .bytes = [0]{}, .stringValue = ""}}
12-30 10:24:36.468   398   464 I DefaultVehicleHal_v2_0: DefaultVehicleHal::onPropertyValue, value:{.timestamp = 6412290164762, .areaId = 0, .prop = 557846585, .status = AVAILABLE, .value = {.int32Values = [1]{0}, .floatValues = [0]{}, .int64Values = [0]{}, .bytes = [0]{}, .stringValue = ""}}
12-30 10:24:36.468   398   464 D DiagPropHandler: is not DiagnosticConfig: 0x21401039
12-30 10:24:36.468   398   464 I VehiclePropertyStore: begin to write value to Store: {.timestamp = 6412290164762, .areaId = 0, .prop = 557846585, .status = AVAILABLE, .value = {.int32Values = [1]{0}, .floatValues = [0]{}, .int64Values = [0]{}, .bytes = [0]{}, .stringValue = ""}}
12-30 10:24:36.468   398   464 D adayocomadapter-CommunicationManager: onUpstreamReceive mPropertyId 0x21401039
12-30 10:24:36.468   398   464 D adayocomadapter-CommunicationManager: onUpstreamReceive mPropertyId 0x214021d9
12-30 10:24:36.468   398   464 D adayocomadapter-CommunicationManager: convertBytesToInt32Memcpy  0
12-30 10:24:36.468   398   464 I vw-vhal : notifyVehicleProperty, propId = 0x214021d9, data = {status: 2, int32Values: [0]}
12-30 10:24:36.469   398   464 I vw-vhal : CanSignalsAdapter::notifyVehicleProperty: solvedValue = {.timestamp = 6412290819095, .areaId = 0, .prop = 557851097, .status = AVAILABLE, .value = {.int32Values = [1]{0}, .floatValues = [0]{}, .int64Values = [0]{}, .bytes = [0]{}, .stringValue = ""}}
12-30 10:24:36.469   398   464 I VehiclePropertyStore: begin to write value to Store: {.timestamp = 6412290819095, .areaId = 0, .prop = 557851097, .status = AVAILABLE, .value = {.int32Values = [1]{0}, .floatValues = [0]{}, .int64Values = [0]{}, .bytes = [0]{}, .stringValue = ""}}
12-30 10:24:36.469   398   464 I DefaultVehicleHal_v2_0: DefaultVehicleHal::onPropertyValue, value:{.timestamp = 6412290819095, .areaId = 0, .prop = 557851097, .status = AVAILABLE, .value = {.int32Values = [1]{0}, .floatValues = [0]{}, .int64Values = [0]{}, .bytes = [0]{}, .stringValue = ""}}
12-30 10:24:36.469   398   464 D DiagPropHandler: is not DiagnosticConfig: 0x214021d9
12-30 10:24:36.469   398   464 I VehiclePropertyStore: begin to write value to Store: {.timestamp = 6412290819095, .areaId = 0, .prop = 557851097, .status = AVAILABLE, .value = {.int32Values = [1]{0}, .floatValues = [0]{}, .int64Values = [0]{}, .bytes = [0]{}, .stringValue = ""}}
12-30 10:24:36.469   398   464 D adayocomadapter-CommunicationManager: onUpstreamReceive mPropertyId 0x214021d9
12-30 10:24:36.469   398   464 D adayocomadapter-CommunicationManager: onUpstreamReceive mPropertyId 0x21401024
12-30 10:24:36.469   398   464 D adayocomadapter-CommunicationManager: convertBytesToInt32Memcpy  0
12-30 10:24:36.469   398   464 I vw-vhal : notifyVehicleProperty, propId = 0x21401024, data = {status: 2, int32Values: [0]}
12-30 10:24:36.469   398   464 I vw-vhal : CanSignalsAdapter::notifyVehicleProperty: solvedValue = {.timestamp = 6412291791762, .areaId = 0, .prop = 557846564, .status = AVAILABLE, .value = {.int32Values = [1]{0}, .floatValues = [0]{}, .int64Values = [0]{}, .bytes = [0]{}, .stringValue = ""}}
12-30 10:24:36.470   398   464 I VehiclePropertyStore: begin to write value to Store: {.timestamp = 6412291791762, .areaId = 0, .prop = 557846564, .status = AVAILABLE, .value = {.int32Values = [1]{0}, .floatValues = [0]{}, .int64Values = [0]{}, .bytes = [0]{}, .stringValue = ""}}
12-30 10:24:36.470  1667  2513 W ContextImpl: Calling a method in the system process without a qualified user: android.app.ContextImpl.bindService:1988 android.content.ContextWrapper.bindService:861 com.ford.sync.fnvservice.analytics.AnalyticsManager$RetryHandler.a:126 com.ford.sync.fnvservice.analytics.AnalyticsManager$RetryHandler.handleMessage:103 android.os.Handler.dispatchMessage:106 
12-30 10:24:36.470   398   464 I DefaultVehicleHal_v2_0: DefaultVehicleHal::onPropertyValue, value:{.timestamp = 6412291791762, .areaId = 0, .prop = 557846564, .status = AVAILABLE, .value = {.int32Values = [1]{0}, .floatValues = [0]{}, .int64Values = [0]{}, .bytes = [0]{}, .stringValue = ""}}
12-30 10:24:36.471   398   464 D DiagPropHandler: is not DiagnosticConfig: 0x21401024
12-30 10:24:36.471   398   464 I VehiclePropertyStore: begin to write value to Store: {.timestamp = 6412291791762, .areaId = 0, .prop = 557846564, .status = AVAILABLE, .value = {.int32Values = [1]{0}, .floatValues = [0]{}, .int64Values = [0]{}, .bytes = [0]{}, .stringValue = ""}}
12-30 10:24:36.471   398   464 D adayocomadapter-CommunicationManager: onUpstreamReceive mPropertyId 0x21401024
12-30 10:24:36.471   398   464 D adayocomadapter-CommunicationManager: onUpstreamReceive mPropertyId 0x2140103b
12-30 10:24:36.471   398   464 D adayocomadapter-CommunicationManager: convertBytesToInt32Memcpy  0
12-30 10:24:36.471   398   464 I vw-vhal : notifyVehicleProperty, propId = 0x2140103b, data = {status: 2, int32Values: [0]}
12-30 10:24:36.471   916  3726 W ActivityManager: Unable to start service Intent { cmp=com.ford.sync.fnvservice/.analytics.AnalyticsService } U=0: not found
12-30 10:24:36.471   398   464 I vw-vhal : CanSignalsAdapter::notifyVehicleProperty: solvedValue = {.timestamp = 6412293366429, .areaId = 0, .prop = 557846587, .status = AVAILABLE, .value = {.int32Values = [1]{0}, .floatValues = [0]{}, .int64Values = [0]{}, .bytes = [0]{}, .stringValue = ""}}
12-30 10:24:36.471   398   464 I VehiclePropertyStore: begin to write value to Store: {.timestamp = 6412293366429, .areaId = 0, .prop = 557846587, .status = AVAILABLE, .value = {.int32Values = [1]{0}, .floatValues = [0]{}, .int64Values = [0]{}, .bytes = [0]{}, .stringValue = ""}}
12-30 10:24:36.471   398   464 I DefaultVehicleHal_v2_0: DefaultVehicleHal::onPropertyValue, value:{.timestamp = 6412293366429, .areaId = 0, .prop = 557846587, .status = AVAILABLE, .value = {.int32Values = [1]{0}, .floatValues = [0]{}, .int64Values = [0]{}, .bytes = [0]{}, .stringValue = ""}}
12-30 10:24:36.471   398   464 D DiagPropHandler: is not DiagnosticConfig: 0x2140103b
12-30 10:24:36.471  1667  2513 W AnalyticsManager:  bind ford Analytics failed -> sendRetryMessage 
12-30 10:24:36.471   398   464 I VehiclePropertyStore: begin to write value to Store: {.timestamp = 6412293366429, .areaId = 0, .prop = 557846587, .status = AVAILABLE, .value = {.int32Values = [1]{0}, .floatValues = [0]{}, .int64Values = [0]{}, .bytes = [0]{}, .stringValue = ""}}
12-30 10:24:36.472   398   464 D adayocomadapter-CommunicationManager: onUpstreamReceive mPropertyId 0x2140103b
12-30 10:24:36.472   398   464 D adayocomadapter-CommunicationManager: onUpstreamReceive mPropertyId 0x2140100c
12-30 10:24:36.472   398   464 D adayocomadapter-CommunicationManager: convertBytesToInt32Memcpy  0
12-30 10:24:36.472   398   464 I vw-vhal : notifyVehicleProperty, propId = 0x2140100c, data = {status: 2, int32Values: [0]}
12-30 10:24:36.472   398   464 I vw-vhal : CanSignalsAdapter::notifyVehicleProperty: solvedValue = {.timestamp = 6412294104429, .areaId = 0, .prop = 557846540, .status = AVAILABLE, .value = {.int32Values = [1]{0}, .floatValues = [0]{}, .int64Values = [0]{}, .bytes = [0]{}, .stringValue = ""}}
12-30 10:24:36.472   398   464 I VehiclePropertyStore: begin to write value to Store: {.timestamp = 6412294104429, .areaId = 0, .prop = 557846540, .status = AVAILABLE, .value = {.int32Values = [1]{0}, .floatValues = [0]{}, .int64Values = [0]{}, .bytes = [0]{}, .stringValue = ""}}
12-30 10:24:36.472   398   464 I DefaultVehicleHal_v2_0: DefaultVehicleHal::onPropertyValue, value:{.timestamp = 6412294104429, .areaId = 0, .prop = 557846540, .status = AVAILABLE, .value = {.int32Values = [1]{0}, .floatValues = [0]{}, .int64Values = [0]{}, .bytes = [0]{}, .stringValue = ""}}
12-30 10:24:36.472   398   464 D DiagPropHandler: is not DiagnosticConfig: 0x2140100c
12-30 10:24:36.472   398   464 I VehiclePropertyStore: begin to write value to Store: {.timestamp = 6412294104429, .areaId = 0, .prop = 557846540, .status = AVAILABLE, .value = {.int32Values = [1]{0}, .floatValues = [0]{}, .int64Values = [0]{}, .bytes = [0]{}, .stringValue = ""}}
12-30 10:24:36.472   398   464 D adayocomadapter-CommunicationManager: onUpstreamReceive mPropertyId 0x2140100c
12-30 10:24:36.473   398   464 D adayocomadapter-CommunicationManager: onUpstreamReceive mPropertyId 0x214021db
12-30 10:24:36.473   398   464 D adayocomadapter-CommunicationManager: convertBytesToInt32Memcpy  0
12-30 10:24:36.473   398   464 I vw-vhal : notifyVehicleProperty, propId = 0x214021db, data = {status: 2, int32Values: [0]}
12-30 10:24:36.473   398   464 I vw-vhal : CanSignalsAdapter::notifyVehicleProperty: solvedValue = {.timestamp = 6412295209429, .areaId = 0, .prop = 557851099, .status = AVAILABLE, .value = {.int32Values = [1]{0}, .floatValues = [0]{}, .int64Values = [0]{}, .bytes = [0]{}, .stringValue = ""}}
12-30 10:24:36.473   398   464 I VehiclePropertyStore: begin to write value to Store: {.timestamp = 6412295209429, .areaId = 0, .prop = 557851099, .status = AVAILABLE, .value = {.int32Values = [1]{0}, .floatValues = [0]{}, .int64Values = [0]{}, .bytes = [0]{}, .stringValue = ""}}
12-30 10:24:36.473   398   464 I DefaultVehicleHal_v2_0: DefaultVehicleHal::onPropertyValue, value:{.timestamp = 6412295209429, .areaId = 0, .prop = 557851099, .status = AVAILABLE, .value = {.int32Values = [1]{0}, .floatValues = [0]{}, .int64Values = [0]{}, .bytes = [0]{}, .stringValue = ""}}
12-30 10:24:36.473   398   464 D DiagPropHandler: is not DiagnosticConfig: 0x214021db
12-30 10:24:36.473   398   464 I VehiclePropertyStore: begin to write value to Store: {.timestamp = 6412295209429, .areaId = 0, .prop = 557851099, .status = AVAILABLE, .value = {.int32Values = [1]{0}, .floatValues = [0]{}, .int64Values = [0]{}, .bytes = [0]{}, .stringValue = ""}}
12-30 10:24:36.473   398   464 D adayocomadapter-CommunicationManager: onUpstreamReceive mPropertyId 0x214021db
12-30 10:24:36.473   398   464 D adayocomadapter-CommunicationManager: onUpstreamReceive mPropertyId 0x21401026
12-30 10:24:36.473   398   464 D adayocomadapter-CommunicationManager: convertBytesToInt32Memcpy  0
12-30 10:24:36.473   398   464 I vw-vhal : notifyVehicleProperty, propId = 0x21401026, data = {status: 2, int32Values: [0]}
12-30 10:24:36.474   398   464 I vw-vhal : CanSignalsAdapter::notifyVehicleProperty: solvedValue = {.timestamp = 6412295861762, .areaId = 0, .prop = 557846566, .status = AVAILABLE, .value = {.int32Values = [1]{0}, .floatValues = [0]{}, .int64Values = [0]{}, .bytes = [0]{}, .stringValue = ""}}
12-30 10:24:36.474   398   464 I VehiclePropertyStore: begin to write value to Store: {.timestamp = 6412295861762, .areaId = 0, .prop = 557846566, .status = AVAILABLE, .value = {.int32Values = [1]{0}, .floatValues = [0]{}, .int64Values = [0]{}, .bytes = [0]{}, .stringValue = ""}}
12-30 10:24:36.474   398   464 I DefaultVehicleHal_v2_0: DefaultVehicleHal::onPropertyValue, value:{.timestamp = 6412295861762, .areaId = 0, .prop = 557846566, .status = AVAILABLE, .value = {.int32Values = [1]{0}, .floatValues = [0]{}, .int64Values = [0]{}, .bytes = [0]{}, .stringValue = ""}}
12-30 10:24:36.474   398   464 D DiagPropHandler: is not DiagnosticConfig: 0x21401026
12-30 10:24:36.474   398   464 I VehiclePropertyStore: begin to write value to Store: {.timestamp = 6412295861762, .areaId = 0, .prop = 557846566, .status = AVAILABLE, .value = {.int32Values = [1]{0}, .floatValues = [0]{}, .int64Values = [0]{}, .bytes = [0]{}, .stringValue = ""}}
12-30 10:24:36.474   398   464 D adayocomadapter-CommunicationManager: onUpstreamReceive mPropertyId 0x21401026
12-30 10:24:36.474   398   464 D adayocomadapter-CommunicationManager: onUpstreamReceive mPropertyId 0x21402168
12-30 10:24:36.474   398   464 D adayocomadapter-CommunicationManager: convertBytesToInt32Memcpy  0
12-30 10:24:36.474   398   464 I vw-vhal : notifyVehicleProperty, propId = 0x21402168, data = {status: 2, int32Values: [0]}
12-30 10:24:36.474   398   464 I vw-vhal : CanSignalsAdapter::notifyVehicleProperty: solvedValue = {.timestamp = 6412296557095, .areaId = 0, .prop = 557850984, .status = AVAILABLE, .value = {.int32Values = [1]{0}, .floatValues = [0]{}, .int64Values = [0]{}, .bytes = [0]{}, .stringValue = ""}}
12-30 10:24:36.474   398   464 I VehiclePropertyStore: begin to write value to Store: {.timestamp = 6412296557095, .areaId = 0, .prop = 557850984, .status = AVAILABLE, .value = {.int32Values = [1]{0}, .floatValues = [0]{}, .int64Values = [0]{}, .bytes = [0]{}, .stringValue = ""}}
12-30 10:24:36.474   398   464 I DefaultVehicleHal_v2_0: DefaultVehicleHal::onPropertyValue, value:{.timestamp = 6412296557095, .areaId = 0, .prop = 557850984, .status = AVAILABLE, .value = {.int32Values = [1]{0}, .floatValues = [0]{}, .int64Values = [0]{}, .bytes = [0]{}, .stringValue = ""}}
12-30 10:24:36.474   398   464 D DiagPropHandler: is not DiagnosticConfig: 0x21402168
12-30 10:24:36.475   398   464 I VehiclePropertyStore: begin to write value to Store: {.timestamp = 6412296557095, .areaId = 0, .prop = 557850984, .status = AVAILABLE, .value = {.int32Values = [1]{0}, .floatValues = [0]{}, .int64Values = [0]{}, .bytes = [0]{}, .stringValue = ""}}
12-30 10:24:36.475   398   464 D adayocomadapter-CommunicationManager: onUpstreamReceive mPropertyId 0x21402168
12-30 10:24:36.475   398   464 D adayocomadapter-CommunicationManager: onUpstreamReceive mPropertyId 0x2140103e
12-30 10:24:36.475   398   464 D adayocomadapter-CommunicationManager: convertBytesToInt32Memcpy  0
12-30 10:24:36.475   398   464 I vw-vhal : notifyVehicleProperty, propId = 0x2140103e, data = {status: 2, int32Values: [0]}
12-30 10:24:36.475   398   464 I vw-vhal : CanSignalsAdapter::notifyVehicleProperty: solvedValue = {.timestamp = 6412297196762, .areaId = 0, .prop = 557846590, .status = AVAILABLE, .value = {.int32Values = [1]{0}, .floatValues = [0]{}, .int64Values = [0]{}, .bytes = [0]{}, .stringValue = ""}}
12-30 10:24:36.475   398   464 I VehiclePropertyStore: begin to write value to Store: {.timestamp = 6412297196762, .areaId = 0, .prop = 557846590, .status = AVAILABLE, .value = {.int32Values = [1]{0}, .floatValues = [0]{}, .int64Values = [0]{}, .bytes = [0]{}, .stringValue = ""}}
12-30 10:24:36.475   398   464 I DefaultVehicleHal_v2_0: DefaultVehicleHal::onPropertyValue, value:{.timestamp = 6412297196762, .areaId = 0, .prop = 557846590, .status = AVAILABLE, .value = {.int32Values = [1]{0}, .floatValues = [0]{}, .int64Values = [0]{}, .bytes = [0]{}, .stringValue = ""}}
12-30 10:24:36.475   398   464 D DiagPropHandler: is not DiagnosticConfig: 0x2140103e
12-30 10:24:36.475   398   464 I VehiclePropertyStore: begin to write value to Store: {.timestamp = 6412297196762, .areaId = 0, .prop = 557846590, .status = AVAILABLE, .value = {.int32Values = [1]{0}, .floatValues = [0]{}, .int64Values = [0]{}, .bytes = [0]{}, .stringValue = ""}}
12-30 10:24:36.475   398   464 D adayocomadapter-CommunicationManager: onUpstreamReceive mPropertyId 0x2140103e
12-30 10:24:36.475   398   464 D adayocomadapter-CommunicationManager: onUpstreamReceive mPropertyId 0x2140216a
12-30 10:24:36.475   398   464 D adayocomadapter-CommunicationManager: convertBytesToInt32Memcpy  0
12-30 10:24:36.475   398   464 I vw-vhal : notifyVehicleProperty, propId = 0x2140216a, data = {status: 2, int32Values: [0]}
12-30 10:24:36.476   398   464 I vw-vhal : CanSignalsAdapter::notifyVehicleProperty: solvedValue = {.timestamp = 6412297834429, .areaId = 0, .prop = 557850986, .status = AVAILABLE, .value = {.int32Values = [1]{0}, .floatValues = [0]{}, .int64Values = [0]{}, .bytes = [0]{}, .stringValue = ""}}
12-30 10:24:36.476   398   464 I VehiclePropertyStore: begin to write value to Store: {.timestamp = 6412297834429, .areaId = 0, .prop = 557850986, .status = AVAILABLE, .value = {.int32Values = [1]{0}, .floatValues = [0]{}, .int64Values = [0]{}, .bytes = [0]{}, .stringValue = ""}}
12-30 10:24:36.476   398   464 I DefaultVehicleHal_v2_0: DefaultVehicleHal::onPropertyValue, value:{.timestamp = 6412297834429, .areaId = 0, .prop = 557850986, .status = AVAILABLE, .value = {.int32Values = [1]{0}, .floatValues = [0]{}, .int64Values = [0]{}, .bytes = [0]{}, .stringValue = ""}}
12-30 10:24:36.476   398   464 D DiagPropHandler: is not DiagnosticConfig: 0x2140216a
12-30 10:24:36.476   398   464 I VehiclePropertyStore: begin to write value to Store: {.timestamp = 6412297834429, .areaId = 0, .prop = 557850986, .status = AVAILABLE, .value = {.int32Values = [1]{0}, .floatValues = [0]{}, .int64Values = [0]{}, .bytes = [0]{}, .stringValue = ""}}
12-30 10:24:36.476   398   464 D adayocomadapter-CommunicationManager: onUpstreamReceive mPropertyId 0x2140216a
12-30 10:24:36.476   398   464 D adayocomadapter-CommunicationManager: onUpstreamReceive mPropertyId 0x2140216e
12-30 10:24:36.476   398   464 D adayocomadapter-CommunicationManager: convertBytesToInt32Memcpy  0
12-30 10:24:36.476   398   464 I vw-vhal : notifyVehicleProperty, propId = 0x2140216e, data = {status: 2, int32Values: [0]}
12-30 10:24:36.476   398   464 I vw-vhal : CanSignalsAdapter::notifyVehicleProperty: solvedValue = {.timestamp = 6412298472429, .areaId = 0, .prop = 557850990, .status = AVAILABLE, .value = {.int32Values = [1]{0}, .floatValues = [0]{}, .int64Values = [0]{}, .bytes = [0]{}, .stringValue = ""}}
12-30 10:24:36.476   398   464 I VehiclePropertyStore: begin to write value to Store: {.timestamp = 6412298472429, .areaId = 0, .prop = 557850990, .status = AVAILABLE, .value = {.int32Values = [1]{0}, .floatValues = [0]{}, .int64Values = [0]{}, .bytes = [0]{}, .stringValue = ""}}
12-30 10:24:36.476   398   464 I DefaultVehicleHal_v2_0: DefaultVehicleHal::onPropertyValue, value:{.timestamp = 6412298472429, .areaId = 0, .prop = 557850990, .status = AVAILABLE, .value = {.int32Values = [1]{0}, .floatValues = [0]{}, .int64Values = [0]{}, .bytes = [0]{}, .stringValue = ""}}
12-30 10:24:36.476   398   464 D DiagPropHandler: is not DiagnosticConfig: 0x2140216e
12-30 10:24:36.476   398   464 I VehiclePropertyStore: begin to write value to Store: {.timestamp = 6412298472429, .areaId = 0, .prop = 557850990, .status = AVAILABLE, .value = {.int32Values = [1]{0}, .floatValues = [0]{}, .int64Values = [0]{}, .bytes = [0]{}, .stringValue = ""}}
12-30 10:24:36.477   398   464 D adayocomadapter-CommunicationManager: onUpstreamReceive mPropertyId 0x2140216e
12-30 10:24:36.477   398   464 D adayocomadapter-CommunicationManager: onUpstreamReceive mPropertyId 0x21402170
12-30 10:24:36.477   398   464 D adayocomadapter-CommunicationManager: convertBytesToInt32Memcpy  0
12-30 10:24:36.477   398   464 I vw-vhal : notifyVehicleProperty, propId = 0x21402170, data = {status: 2, int32Values: [0]}
12-30 10:24:36.477   398   464 I vw-vhal : CanSignalsAdapter::notifyVehicleProperty: solvedValue = {.timestamp = 6412299106429, .areaId = 0, .prop = 557850992, .status = AVAILABLE, .value = {.int32Values = [1]{0}, .floatValues = [0]{}, .int64Values = [0]{}, .bytes = [0]{}, .stringValue = ""}}
12-30 10:24:36.477   398   464 I VehiclePropertyStore: begin to write value to Store: {.timestamp = 6412299106429, .areaId = 0, .prop = 557850992, .status = AVAILABLE, .value = {.int32Values = [1]{0}, .floatValues = [0]{}, .int64Values = [0]{}, .bytes = [0]{}, .stringValue = ""}}
12-30 10:24:36.477   398   464 I DefaultVehicleHal_v2_0: DefaultVehicleHal::onPropertyValue, value:{.timestamp = 6412299106429, .areaId = 0, .prop = 557850992, .status = AVAILABLE, .value = {.int32Values = [1]{0}, .floatValues = [0]{}, .int64Values = [0]{}, .bytes = [0]{}, .stringValue = ""}}
12-30 10:24:36.477   398   464 D DiagPropHandler: is not DiagnosticConfig: 0x21402170
12-30 10:24:36.477   398   464 I VehiclePropertyStore: begin to write value to Store: {.timestamp = 6412299106429, .areaId = 0, .prop = 557850992, .status = AVAILABLE, .value = {.int32Values = [1]{0}, .floatValues = [0]{}, .int64Values = [0]{}, .bytes = [0]{}, .stringValue = ""}}
12-30 10:24:36.477   398   464 D adayocomadapter-CommunicationManager: onUpstreamReceive mPropertyId 0x21402170
12-30 10:24:36.477   398   464 D adayocomadapter-CommunicationManager: onUpstreamReceive mPropertyId 0x21402172
12-30 10:24:36.477   398   464 D adayocomadapter-CommunicationManager: convertBytesToInt32Memcpy  0
12-30 10:24:36.477   398   464 I vw-vhal : notifyVehicleProperty, propId = 0x21402172, data = {status: 2, int32Values: [0]}
12-30 10:24:36.477   398   464 I vw-vhal : CanSignalsAdapter::notifyVehicleProperty: solvedValue = {.timestamp = 6412299772429, .areaId = 0, .prop = 557850994, .status = AVAILABLE, .value = {.int32Values = [1]{0}, .floatValues = [0]{}, .int64Values = [0]{}, .bytes = [0]{}, .stringValue = ""}}
12-30 10:24:36.478   398   464 I VehiclePropertyStore: begin to write value to Store: {.timestamp = 6412299772429, .areaId = 0, .prop = 557850994, .status = AVAILABLE, .value = {.int32Values = [1]{0}, .floatValues = [0]{}, .int64Values = [0]{}, .bytes = [0]{}, .stringValue = ""}}
12-30 10:24:36.478   398   464 I DefaultVehicleHal_v2_0: DefaultVehicleHal::onPropertyValue, value:{.timestamp = 6412299772429, .areaId = 0, .prop = 557850994, .status = AVAILABLE, .value = {.int32Values = [1]{0}, .floatValues = [0]{}, .int64Values = [0]{}, .bytes = [0]{}, .stringValue = ""}}
12-30 10:24:36.478   398   464 D DiagPropHandler: is not DiagnosticConfig: 0x21402172
12-30 10:24:36.478   398   464 I VehiclePropertyStore: begin to write value to Store: {.timestamp = 6412299772429, .areaId = 0, .prop = 557850994, .status = AVAILABLE, .value = {.int32Values = [1]{0}, .floatValues = [0]{}, .int64Values = [0]{}, .bytes = [0]{}, .stringValue = ""}}
12-30 10:24:36.478   398   464 D adayocomadapter-CommunicationManager: onUpstreamReceive mPropertyId 0x21402172
12-30 10:24:36.478   398   464 D adayocomadapter-CommunicationManager: onUpstreamReceive mPropertyId 0x21402174
12-30 10:24:36.478   398   464 D adayocomadapter-CommunicationManager: convertBytesToInt32Memcpy  0
12-30 10:24:36.478   398   464 I vw-vhal : notifyVehicleProperty, propId = 0x21402174, data = {status: 2, int32Values: [0]}
12-30 10:24:36.478   398   464 I vw-vhal : CanSignalsAdapter::notifyVehicleProperty: solvedValue = {.timestamp = 6412300443429, .areaId = 0, .prop = 557850996, .status = AVAILABLE, .value = {.int32Values = [1]{0}, .floatValues = [0]{}, .int64Values = [0]{}, .bytes = [0]{}, .stringValue = ""}}
12-30 10:24:36.478   398   464 I VehiclePropertyStore: begin to write value to Store: {.timestamp = 6412300443429, .areaId = 0, .prop = 557850996, .status = AVAILABLE, .value = {.int32Values = [1]{0}, .floatValues = [0]{}, .int64Values = [0]{}, .bytes = [0]{}, .stringValue = ""}}
12-30 10:24:36.478   398   464 I DefaultVehicleHal_v2_0: DefaultVehicleHal::onPropertyValue, value:{.timestamp = 6412300443429, .areaId = 0, .prop = 557850996, .status = AVAILABLE, .value = {.int32Values = [1]{0}, .floatValues = [0]{}, .int64Values = [0]{}, .bytes = [0]{}, .stringValue = ""}}
12-30 10:24:36.478   398   464 D DiagPropHandler: is not DiagnosticConfig: 0x21402174
12-30 10:24:36.478   398   464 I VehiclePropertyStore: begin to write value to Store: {.timestamp = 6412300443429, .areaId = 0, .prop = 557850996, .status = AVAILABLE, .value = {.int32Values = [1]{0}, .floatValues = [0]{}, .int64Values = [0]{}, .bytes = [0]{}, .stringValue = ""}}
12-30 10:24:36.479   398   464 D adayocomadapter-CommunicationManager: onUpstreamReceive mPropertyId 0x21402174
12-30 10:24:36.479   398   464 D adayocomadapter-CommunicationManager: onUpstreamReceive mPropertyId 0x21402176
12-30 10:24:36.479   398   464 D adayocomadapter-CommunicationManager: convertBytesToInt32Memcpy  0
12-30 10:24:36.479   398   464 I vw-vhal : notifyVehicleProperty, propId = 0x21402176, data = {status: 2, int32Values: [0]}
12-30 10:24:36.479   398   464 I vw-vhal : CanSignalsAdapter::notifyVehicleProperty: solvedValue = {.timestamp = 6412301075762, .areaId = 0, .prop = 557850998, .status = AVAILABLE, .value = {.int32Values = [1]{0}, .floatValues = [0]{}, .int64Values = [0]{}, .bytes = [0]{}, .stringValue = ""}}
12-30 10:24:36.479   398   464 I VehiclePropertyStore: begin to write value to Store: {.timestamp = 6412301075762, .areaId = 0, .prop = 557850998, .status = AVAILABLE, .value = {.int32Values = [1]{0}, .floatValues = [0]{}, .int64Values = [0]{}, .bytes = [0]{}, .stringValue = ""}}
12-30 10:24:36.479   398   464 I DefaultVehicleHal_v2_0: DefaultVehicleHal::onPropertyValue, value:{.timestamp = 6412301075762, .areaId = 0, .prop = 557850998, .status = AVAILABLE, .value = {.int32Values = [1]{0}, .floatValues = [0]{}, .int64Values = [0]{}, .bytes = [0]{}, .stringValue = ""}}
12-30 10:24:36.479   398   464 D DiagPropHandler: is not DiagnosticConfig: 0x21402176
12-30 10:24:36.479   398   464 I VehiclePropertyStore: begin to write value to Store: {.timestamp = 6412301075762, .areaId = 0, .prop = 557850998, .status = AVAILABLE, .value = {.int32Values = [1]{0}, .floatValues = [0]{}, .int64Values = [0]{}, .bytes = [0]{}, .stringValue = ""}}
12-30 10:24:36.479   398   464 D adayocomadapter-CommunicationManager: onUpstreamReceive mPropertyId 0x21402176
12-30 10:24:36.479   398   464 D adayocomadapter-CommunicationManager: onUpstreamReceive mPropertyId 0x21402178
12-30 10:24:36.479   398   464 D adayocomadapter-CommunicationManager: convertBytesToInt32Memcpy  0
12-30 10:24:36.479   398   464 I vw-vhal : notifyVehicleProperty, propId = 0x21402178, data = {status: 2, int32Values: [0]}
12-30 10:24:36.479   398   464 I vw-vhal : CanSignalsAdapter::notifyVehicleProperty: solvedValue = {.timestamp = 6412301705762, .areaId = 0, .prop = 557851000, .status = AVAILABLE, .value = {.int32Values = [1]{0}, .floatValues = [0]{}, .int64Values = [0]{}, .bytes = [0]{}, .stringValue = ""}}
12-30 10:24:36.480   398   464 I VehiclePropertyStore: begin to write value to Store: {.timestamp = 6412301705762, .areaId = 0, .prop = 557851000, .status = AVAILABLE, .value = {.int32Values = [1]{0}, .floatValues = [0]{}, .int64Values = [0]{}, .bytes = [0]{}, .stringValue = ""}}
12-30 10:24:36.480   398   464 I DefaultVehicleHal_v2_0: DefaultVehicleHal::onPropertyValue, value:{.timestamp = 6412301705762, .areaId = 0, .prop = 557851000, .status = AVAILABLE, .value = {.int32Values = [1]{0}, .floatValues = [0]{}, .int64Values = [0]{}, .bytes = [0]{}, .stringValue = ""}}
12-30 10:24:36.480   398   464 D DiagPropHandler: is not DiagnosticConfig: 0x21402178
12-30 10:24:36.480   398   464 I VehiclePropertyStore: begin to write value to Store: {.timestamp = 6412301705762, .areaId = 0, .prop = 557851000, .status = AVAILABLE, .value = {.int32Values = [1]{0}, .floatValues = [0]{}, .int64Values = [0]{}, .bytes = [0]{}, .stringValue = ""}}
12-30 10:24:36.480   398   464 D adayocomadapter-CommunicationManager: onUpstreamReceive mPropertyId 0x21402178
12-30 10:24:36.480   398   464 D adayocomadapter-CommunicationManager: onUpstreamReceive mPropertyId 0x2140205e
12-30 10:24:36.480   398   464 D adayocomadapter-CommunicationManager: convertBytesToInt32Memcpy  0
12-30 10:24:36.480   398   464 I vw-vhal : notifyVehicleProperty, propId = 0x2140205e, data = {status: 2, int32Values: [0]}
12-30 10:24:36.480   398   464 I vw-vhal : CanSignalsAdapter::notifyVehicleProperty: solvedValue = {.timestamp = 6412302380429, .areaId = 0, .prop = 557850718, .status = AVAILABLE, .value = {.int32Values = [1]{0}, .floatValues = [0]{}, .int64Values = [0]{}, .bytes = [0]{}, .stringValue = ""}}
12-30 10:24:36.480   398   464 I VehiclePropertyStore: begin to write value to Store: {.timestamp = 6412302380429, .areaId = 0, .prop = 557850718, .status = AVAILABLE, .value = {.int32Values = [1]{0}, .floatValues = [0]{}, .int64Values = [0]{}, .bytes = [0]{}, .stringValue = ""}}
12-30 10:24:36.480   398   464 I DefaultVehicleHal_v2_0: DefaultVehicleHal::onPropertyValue, value:{.timestamp = 6412302380429, .areaId = 0, .prop = 557850718, .status = AVAILABLE, .value = {.int32Values = [1]{0}, .floatValues = [0]{}, .int64Values = [0]{}, .bytes = [0]{}, .stringValue = ""}}
12-30 10:24:36.480   398   464 D DiagPropHandler: is not DiagnosticConfig: 0x2140205e
12-30 10:24:36.480   398   464 I VehiclePropertyStore: begin to write value to Store: {.timestamp = 6412302380429, .areaId = 0, .prop = 557850718, .status = AVAILABLE, .value = {.int32Values = [1]{0}, .floatValues = [0]{}, .int64Values = [0]{}, .bytes = [0]{}, .stringValue = ""}}
12-30 10:24:36.481   398   464 D adayocomadapter-CommunicationManager: onUpstreamReceive mPropertyId 0x2140205e
12-30 10:24:36.481   398   464 D adayocomadapter-CommunicationManager: onUpstreamReceive mPropertyId 0x2140217a
12-30 10:24:36.481   398   464 D adayocomadapter-CommunicationManager: convertBytesToInt32Memcpy  0
12-30 10:24:36.481   398   464 I vw-vhal : notifyVehicleProperty, propId = 0x2140217a, data = {status: 2, int32Values: [0]}
12-30 10:24:36.481   398   464 I vw-vhal : CanSignalsAdapter::notifyVehicleProperty: solvedValue = {.timestamp = 6412303147762, .areaId = 0, .prop = 557851002, .status = AVAILABLE, .value = {.int32Values = [1]{0}, .floatValues = [0]{}, .int64Values = [0]{}, .bytes = [0]{}, .stringValue = ""}}
12-30 10:24:36.481   398   464 I VehiclePropertyStore: begin to write value to Store: {.timestamp = 6412303147762, .areaId = 0, .prop = 557851002, .status = AVAILABLE, .value = {.int32Values = [1]{0}, .floatValues = [0]{}, .int64Values = [0]{}, .bytes = [0]{}, .stringValue = ""}}
12-30 10:24:36.481   398   464 I DefaultVehicleHal_v2_0: DefaultVehicleHal::onPropertyValue, value:{.timestamp = 6412303147762, .areaId = 0, .prop = 557851002, .status = AVAILABLE, .value = {.int32Values = [1]{0}, .floatValues = [0]{}, .int64Values = [0]{}, .bytes = [0]{}, .stringValue = ""}}
12-30 10:24:36.481   398   464 D DiagPropHandler: is not DiagnosticConfig: 0x2140217a
12-30 10:24:36.481   398   464 I VehiclePropertyStore: begin to write value to Store: {.timestamp = 6412303147762, .areaId = 0, .prop = 557851002, .status = AVAILABLE, .value = {.int32Values = [1]{0}, .floatValues = [0]{}, .int64Values = [0]{}, .bytes = [0]{}, .stringValue = ""}}
12-30 10:24:36.481   398   464 D adayocomadapter-CommunicationManager: onUpstreamReceive mPropertyId 0x2140217a
12-30 10:24:36.481   398   464 D adayocomadapter-CommunicationManager: onUpstreamReceive mPropertyId 0x21402207
12-30 10:24:36.481   398   464 D adayocomadapter-CommunicationManager: convertBytesToInt32Memcpy  0
12-30 10:24:36.481   398   464 I vw-vhal : notifyVehicleProperty, propId = 0x21402207, data = {status: 2, int32Values: [0]}
12-30 10:24:36.481   398   464 I vw-vhal : CanSignalsAdapter::notifyVehicleProperty: solvedValue = {.timestamp = 6412303803762, .areaId = 0, .prop = 557851143, .status = AVAILABLE, .value = {.int32Values = [1]{0}, .floatValues = [0]{}, .int64Values = [0]{}, .bytes = [0]{}, .stringValue = ""}}
12-30 10:24:36.482   398   464 I VehiclePropertyStore: begin to write value to Store: {.timestamp = 6412303803762, .areaId = 0, .prop = 557851143, .status = AVAILABLE, .value = {.int32Values = [1]{0}, .floatValues = [0]{}, .int64Values = [0]{}, .bytes = [0]{}, .stringValue = ""}}
12-30 10:24:36.482   398   464 I DefaultVehicleHal_v2_0: DefaultVehicleHal::onPropertyValue, value:{.timestamp = 6412303803762, .areaId = 0, .prop = 557851143, .status = AVAILABLE, .value = {.int32Values = [1]{0}, .floatValues = [0]{}, .int64Values = [0]{}, .bytes = [0]{}, .stringValue = ""}}
12-30 10:24:36.482   398   464 D DiagPropHandler: is not DiagnosticConfig: 0x21402207
12-30 10:24:36.482   398   464 I VehiclePropertyStore: begin to write value to Store: {.timestamp = 6412303803762, .areaId = 0, .prop = 557851143, .status = AVAILABLE, .value = {.int32Values = [1]{0}, .floatValues = [0]{}, .int64Values = [0]{}, .bytes = [0]{}, .stringValue = ""}}
12-30 10:24:36.482   398   464 D adayocomadapter-CommunicationManager: onUpstreamReceive mPropertyId 0x21402207
12-30 10:24:36.482   398   464 D adayocomadapter-CommunicationManager: onUpstreamReceive mPropertyId 0x2140217c
12-30 10:24:36.482   398   464 D adayocomadapter-CommunicationManager: convertBytesToInt32Memcpy  0
12-30 10:24:36.482   398   464 I vw-vhal : notifyVehicleProperty, propId = 0x2140217c, data = {status: 2, int32Values: [0]}
12-30 10:24:36.482   398   464 I vw-vhal : CanSignalsAdapter::notifyVehicleProperty: solvedValue = {.timestamp = 6412304474762, .areaId = 0, .prop = 557851004, .status = AVAILABLE, .value = {.int32Values = [1]{0}, .floatValues = [0]{}, .int64Values = [0]{}, .bytes = [0]{}, .stringValue = ""}}
12-30 10:24:36.482   398   464 I VehiclePropertyStore: begin to write value to Store: {.timestamp = 6412304474762, .areaId = 0, .prop = 557851004, .status = AVAILABLE, .value = {.int32Values = [1]{0}, .floatValues = [0]{}, .int64Values = [0]{}, .bytes = [0]{}, .stringValue = ""}}
12-30 10:24:36.482   398   464 I DefaultVehicleHal_v2_0: DefaultVehicleHal::onPropertyValue, value:{.timestamp = 6412304474762, .areaId = 0, .prop = 557851004, .status = AVAILABLE, .value = {.int32Values = [1]{0}, .floatValues = [0]{}, .int64Values = [0]{}, .bytes = [0]{}, .stringValue = ""}}
12-30 10:24:36.482   398   464 D DiagPropHandler: is not DiagnosticConfig: 0x2140217c
12-30 10:24:36.483   398   464 I VehiclePropertyStore: begin to write value to Store: {.timestamp = 6412304474762, .areaId = 0, .prop = 557851004, .status = AVAILABLE, .value = {.int32Values = [1]{0}, .floatValues = [0]{}, .int64Values = [0]{}, .bytes = [0]{}, .stringValue = ""}}
12-30 10:24:36.483   398   464 D adayocomadapter-CommunicationManager: onUpstreamReceive mPropertyId 0x2140217c
12-30 10:24:36.483   398   464 D adayocomadapter-CommunicationManager: onUpstreamReceive mPropertyId 0x2140219c
12-30 10:24:36.483   398   464 D adayocomadapter-CommunicationManager: convertBytesToInt32Memcpy  0
12-30 10:24:36.483   398   464 D adayocomadapter-CommunicationManager: writeValue id=[557851036]
12-30 10:24:36.483   398   464 D adayocomadapter-VehiclePropertyStore: writeValue id=[557851036]
12-30 10:24:36.483   398   464 I vw-vhal : notifyVehicleProperty, propId = 0x2140219c, data = {status: 2, int32Values: [0]}
12-30 10:24:36.483   398   464 I vw-vhal : CanSignalsAdapter::notifyVehicleProperty: solvedValue = {.timestamp = 6412305241429, .areaId = 0, .prop = 557851036, .status = AVAILABLE, .value = {.int32Values = [1]{0}, .floatValues = [0]{}, .int64Values = [0]{}, .bytes = [0]{}, .stringValue = ""}}
12-30 10:24:36.483   398   464 I VehiclePropertyStore: begin to write value to Store: {.timestamp = 6412305241429, .areaId = 0, .prop = 557851036, .status = AVAILABLE, .value = {.int32Values = [1]{0}, .floatValues = [0]{}, .int64Values = [0]{}, .bytes = [0]{}, .stringValue = ""}}
12-30 10:24:36.483   398   464 I DefaultVehicleHal_v2_0: DefaultVehicleHal::onPropertyValue, value:{.timestamp = 6412305241429, .areaId = 0, .prop = 557851036, .status = AVAILABLE, .value = {.int32Values = [1]{0}, .floatValues = [0]{}, .int64Values = [0]{}, .bytes = [0]{}, .stringValue = ""}}
12-30 10:24:36.483   398   464 D DiagPropHandler: is not DiagnosticConfig: 0x2140219c
12-30 10:24:36.483   398   464 I VehiclePropertyStore: begin to write value to Store: {.timestamp = 6412305241429, .areaId = 0, .prop = 557851036, .status = AVAILABLE, .value = {.int32Values = [1]{0}, .floatValues = [0]{}, .int64Values = [0]{}, .bytes = [0]{}, .stringValue = ""}}
12-30 10:24:36.483   398   464 D adayocomadapter-CommunicationManager: onUpstreamReceive mPropertyId 0x2140219c
12-30 10:24:36.483   398   464 D adayocomadapter-CommunicationManager: onUpstreamReceive mPropertyId 0x214021df
12-30 10:24:36.483   398   464 D adayocomadapter-CommunicationManager: convertBytesToInt32Memcpy  0
12-30 10:24:36.483   398   464 I vw-vhal : notifyVehicleProperty, propId = 0x214021df, data = {status: 2, int32Values: [0]}
12-30 10:24:36.484   398   464 I vw-vhal : CanSignalsAdapter::notifyVehicleProperty: solvedValue = {.timestamp = 6412305891762, .areaId = 0, .prop = 557851103, .status = AVAILABLE, .value = {.int32Values = [1]{0}, .floatValues = [0]{}, .int64Values = [0]{}, .bytes = [0]{}, .stringValue = ""}}
12-30 10:24:36.484   398   464 I VehiclePropertyStore: begin to write value to Store: {.timestamp = 6412305891762, .areaId = 0, .prop = 557851103, .status = AVAILABLE, .value = {.int32Values = [1]{0}, .floatValues = [0]{}, .int64Values = [0]{}, .bytes = [0]{}, .stringValue = ""}}
12-30 10:24:36.484   398   464 I DefaultVehicleHal_v2_0: DefaultVehicleHal::onPropertyValue, value:{.timestamp = 6412305891762, .areaId = 0, .prop = 557851103, .status = AVAILABLE, .value = {.int32Values = [1]{0}, .floatValues = [0]{}, .int64Values = [0]{}, .bytes = [0]{}, .stringValue = ""}}
12-30 10:24:36.484   398   464 D DiagPropHandler: is not DiagnosticConfig: 0x214021df
12-30 10:24:36.484   398   464 I VehiclePropertyStore: begin to write value to Store: {.timestamp = 6412305891762, .areaId = 0, .prop = 557851103, .status = AVAILABLE, .value = {.int32Values = [1]{0}, .floatValues = [0]{}, .int64Values = [0]{}, .bytes = [0]{}, .stringValue = ""}}
12-30 10:24:36.484   398   464 D adayocomadapter-CommunicationManager: onUpstreamReceive mPropertyId 0x214021df
12-30 10:24:36.487   360   931 D EvsDriver: forwardFrame
12-30 10:24:36.487   360   931 D EvsDriver: forwardFrameDirect
12-30 10:24:36.488   360   931 D EvsDriver: Delivered 0xb400e2ca9e40c2d0 as id 0
12-30 10:24:36.488   359  2784 D evsmanagerd: /dev/video-evs0 forwarded the buffer #0 to 0xb400f125d2b26dd0 from 0xb400f125e2b20710
12-30 10:24:36.491  2358  2623 D RcfController: Rcf proxy is not connected!
12-30 10:24:36.491   360   458 D EvsDriver: doneWithFrame
12-30 10:24:36.501   596  3076 E WifiHAL : Invalid data received from driver
12-30 10:24:36.520   360   931 D EvsDriver: forwardFrame
12-30 10:24:36.521   360   931 D EvsDriver: forwardFrameDirect
12-30 10:24:36.521   360   931 D EvsDriver: Delivered 0xb400e2ca9e40d090 as id 1
12-30 10:24:36.521   359  2784 D evsmanagerd: /dev/video-evs0 forwarded the buffer #1 to 0xb400f125d2b26dd0 from 0xb400f125e2b20710
12-30 10:24:36.531   360   458 D EvsDriver: doneWithFrame
12-30 10:24:36.541  2358  2623 D RcfController: Rcf proxy is not connected!
12-30 10:24:36.554   360   931 D EvsDriver: forwardFrame
12-30 10:24:36.554   360   931 D EvsDriver: forwardFrameDirect
12-30 10:24:36.554   360   931 D EvsDriver: Delivered 0xb400e2ca9e40e110 as id 0
12-30 10:24:36.554   359  2784 D evsmanagerd: /dev/video-evs0 forwarded the buffer #0 to 0xb400f125d2b26dd0 from 0xb400f125e2b20710
12-30 10:24:36.562   360   458 D EvsDriver: doneWithFrame
12-30 10:24:36.564   596  3076 E WifiHAL : Invalid data received from driver
12-30 10:24:36.587   360   931 D EvsDriver: forwardFrame
12-30 10:24:36.587   360   931 D EvsDriver: forwardFrameDirect
12-30 10:24:36.587   360   931 D EvsDriver: Delivered 0xb400e2ca9e40c7a0 as id 1
12-30 10:24:36.588   359  2784 D evsmanagerd: /dev/video-evs0 forwarded the buffer #1 to 0xb400f125d2b26dd0 from 0xb400f125e2b20710
12-30 10:24:36.591  2358  2623 D RcfController: Rcf proxy is not connected!
12-30 10:24:36.592   360   458 D EvsDriver: doneWithFrame
12-30 10:24:36.594  1667  2410 I media_message_log->MediaMessageUserProxy: (SourceFile:1)b connectToService action bind
12-30 10:24:36.595   916  3726 W ActivityManager: Unable to start service Intent { cmp=com.adayo.server.mediamessagetransfer/.MediaMessTransferService (has extras) } U=0: not found
12-30 10:24:36.596  1667  2410 E media_message_log->MediaMessageUserProxy: (SourceFile:7)a bindServiceAsUser isBound = false
12-30 10:24:36.613   596  3076 E WifiHAL : Invalid data received from driver
12-30 10:24:36.620   360   931 D EvsDriver: forwardFrame
12-30 10:24:36.621   360   931 D EvsDriver: forwardFrameDirect
12-30 10:24:36.621   360   931 D EvsDriver: Delivered 0xb400e2ca9e40e270 as id 0
12-30 10:24:36.621   359  2784 D evsmanagerd: /dev/video-evs0 forwarded the buffer #0 to 0xb400f125d2b26dd0 from 0xb400f125e2b20710
12-30 10:24:36.622   360   458 D EvsDriver: doneWithFrame
12-30 10:24:36.642  2358  2623 D RcfController: Rcf proxy is not connected!
12-30 10:24:36.654   360   931 D EvsDriver: forwardFrame
12-30 10:24:36.654   360   931 D EvsDriver: forwardFrameDirect
12-30 10:24:36.654   360   931 D EvsDriver: Delivered 0xb400e2ca9e40d4b0 as id 1
12-30 10:24:36.654   359  2784 D evsmanagerd: /dev/video-evs0 forwarded the buffer #1 to 0xb400f125d2b26dd0 from 0xb400f125e2b20710
12-30 10:24:36.663   360   458 D EvsDriver: doneWithFrame
12-30 10:24:36.674   596  3076 E WifiHAL : Invalid data received from driver
12-30 10:24:36.687   360   931 D EvsDriver: forwardFrame
12-30 10:24:36.687   360   931 D EvsDriver: forwardFrameDirect
12-30 10:24:36.687   360   931 D EvsDriver: Delivered 0xb400e2ca9e40c2d0 as id 0
12-30 10:24:36.688   359  2784 D evsmanagerd: /dev/video-evs0 forwarded the buffer #0 to 0xb400f125d2b26dd0 from 0xb400f125e2b20710
12-30 10:24:36.692  2358  2623 D RcfController: Rcf proxy is not connected!
12-30 10:24:36.693   360   458 D EvsDriver: doneWithFrame
12-30 10:24:36.720   360   931 I EvsDriver: /dev/video-evs0 VideoCapture fps 30.0013
12-30 10:24:36.721   360   931 D EvsDriver: forwardFrame
12-30 10:24:36.721   360   931 D EvsDriver: forwardFrameDirect
12-30 10:24:36.721   360   931 D EvsDriver: Delivered 0xb400e2ca9e40d090 as id 1
12-30 10:24:36.721   359  2784 D evsmanagerd: /dev/video-evs0 forwarded the buffer #1 to 0xb400f125d2b26dd0 from 0xb400f125e2b20710
12-30 10:24:36.724   360   458 D EvsDriver: doneWithFrame
12-30 10:24:36.738   596  3076 E WifiHAL : Invalid data received from driver
12-30 10:24:36.738   596  3076 E WifiHAL : Invalid data received from driver
12-30 10:24:36.738   596  3076 E WifiHAL : Invalid data received from driver
12-30 10:24:36.738   596  3076 E WifiHAL : Invalid data received from driver
12-30 10:24:36.738   596  3076 E WifiHAL : Invalid data received from driver
12-30 10:24:36.738   596  3076 E WifiHAL : Invalid data received from driver
12-30 10:24:36.738   596  3076 E WifiHAL : Invalid data received from driver
12-30 10:24:36.742  2358  2623 D RcfController: Rcf proxy is not connected!
12-30 10:24:36.742   596  3076 E WifiHAL : Invalid data received from driver
12-30 10:24:36.754   360   931 D EvsDriver: forwardFrame
12-30 10:24:36.754   360   931 D EvsDriver: forwardFrameDirect
12-30 10:24:36.754   360   931 D EvsDriver: Delivered 0xb400e2ca9e40e110 as id 0
12-30 10:24:36.754   359  2784 D evsmanagerd: /dev/video-evs0 forwarded the buffer #0 to 0xb400f125d2b26dd0 from 0xb400f125e2b20710
12-30 10:24:36.764   360   458 D EvsDriver: doneWithFrame
12-30 10:24:36.770   596  3076 E WifiHAL : Invalid data received from driver
12-30 10:24:36.773   596  3076 E WifiHAL : Invalid data received from driver
12-30 10:24:36.773   596  3076 E WifiHAL : Invalid data received from driver
12-30 10:24:36.787   360   931 D EvsDriver: forwardFrame
12-30 10:24:36.787   360   931 D EvsDriver: forwardFrameDirect
12-30 10:24:36.787   360   931 D EvsDriver: Delivered 0xb400e2ca9e40c7a0 as id 1
12-30 10:24:36.788   359  2784 D evsmanagerd: /dev/video-evs0 forwarded the buffer #1 to 0xb400f125d2b26dd0 from 0xb400f125e2b20710
12-30 10:24:36.792  2358  2623 D RcfController: Rcf proxy is not connected!
12-30 10:24:36.794   360   458 D EvsDriver: doneWithFrame
12-30 10:24:36.806   596  3076 E WifiHAL : Invalid data received from driver
12-30 10:24:36.820   360   931 D EvsDriver: forwardFrame
12-30 10:24:36.820   360   931 D EvsDriver: forwardFrameDirect
12-30 10:24:36.821   360   931 D EvsDriver: Delivered 0xb400e2ca9e40e270 as id 0
12-30 10:24:36.821   359  2784 D evsmanagerd: /dev/video-evs0 forwarded the buffer #0 to 0xb400f125d2b26dd0 from 0xb400f125e2b20710
12-30 10:24:36.825   360   458 D EvsDriver: doneWithFrame
12-30 10:24:36.843  2358  2623 D RcfController: Rcf proxy is not connected!
12-30 10:24:36.854   360   931 D EvsDriver: forwardFrame
12-30 10:24:36.854   360   931 D EvsDriver: forwardFrameDirect
12-30 10:24:36.854   360   931 D EvsDriver: Delivered 0xb400e2ca9e40d4b0 as id 1
12-30 10:24:36.854   359  2784 D evsmanagerd: /dev/video-evs0 forwarded the buffer #1 to 0xb400f125d2b26dd0 from 0xb400f125e2b20710
12-30 10:24:36.855   360   458 D EvsDriver: doneWithFrame
12-30 10:24:36.868   596  3076 E WifiHAL : Invalid data received from driver
12-30 10:24:36.887   360   931 D EvsDriver: forwardFrame
12-30 10:24:36.887   360   931 D EvsDriver: forwardFrameDirect
12-30 10:24:36.888   360   931 D EvsDriver: Delivered 0xb400e2ca9e40c2d0 as id 0
12-30 10:24:36.888   359  2784 D evsmanagerd: /dev/video-evs0 forwarded the buffer #0 to 0xb400f125d2b26dd0 from 0xb400f125e2b20710
12-30 10:24:36.893  2358  2623 D RcfController: Rcf proxy is not connected!
12-30 10:24:36.896   360   458 D EvsDriver: doneWithFrame
12-30 10:24:36.899  1667  2594 W ContextImpl: Calling a method in the system process without a qualified user: android.app.ContextImpl.bindService:1988 android.content.ContextWrapper.bindService:861 com.ford.sync.fnvservice.FordFnv.c:202 com.ford.sync.fnvservice.FordFnv.c:43 com.ford.sync.fnvservice.FordFnv$RetryHandler.handleMessage:245 
12-30 10:24:36.899   916  3726 W ActivityManager: Unable to start service Intent { cmp=com.ford.sync.fnvservice/.FordFnvService } U=0: not found
12-30 10:24:36.900  1667  2594 W FordFnv :  bind ford fnv failed -> sendRetryMessage 
12-30 10:24:36.904   798 21966 W adbd    : timed out while waiting for FUNCTIONFS_BIND, trying again
12-30 10:24:36.904   798 21966 I adbd    : UsbFfs: connection terminated: monitor thread finished
12-30 10:24:36.905   798   798 I adbd    : UsbFfs: already offline
12-30 10:24:36.905   798   798 I adbd    : destroying transport UsbFfs
12-30 10:24:36.905   798   798 I adbd    : UsbFfsConnection being destroyed
12-30 10:24:36.920   360   931 D EvsDriver: forwardFrame
12-30 10:24:36.921   360   931 D EvsDriver: forwardFrameDirect
12-30 10:24:36.921   360   931 D EvsDriver: Delivered 0xb400e2ca9e40d090 as id 1
12-30 10:24:36.921   359  2784 D evsmanagerd: /dev/video-evs0 forwarded the buffer #1 to 0xb400f125d2b26dd0 from 0xb400f125e2b20710
12-30 10:24:36.926   360   458 D EvsDriver: doneWithFrame
12-30 10:24:36.931   596  3076 E WifiHAL : Invalid data received from driver
12-30 10:24:36.934   798   838 I adbd    : opening control endpoint /dev/usb-ffs/adb/ep0
12-30 10:24:36.935   798   838 I adbd    : UsbFfsConnection constructed
12-30 10:24:36.936   798 21968 I adbd    : UsbFfs-monitor thread spawned
01-01 09:46:53.944   838   838 I         : read descriptors
01-01 09:46:53.944   838   838 I         : read strings
12-30 10:24:36.943  2358  2623 D RcfController: Rcf proxy is not connected!
12-30 10:24:36.954   360   931 D EvsDriver: forwardFrame
12-30 10:24:36.954   360   931 D EvsDriver: forwardFrameDirect
12-30 10:24:36.954   360   931 D EvsDriver: Delivered 0xb400e2ca9e40e110 as id 0
12-30 10:24:36.954   359  2784 D evsmanagerd: /dev/video-evs0 forwarded the buffer #0 to 0xb400f125d2b26dd0 from 0xb400f125e2b20710
12-30 10:24:36.956   360   458 D EvsDriver: doneWithFrame
12-30 10:24:36.987   360   931 D EvsDriver: forwardFrame
12-30 10:24:36.987   360   931 D EvsDriver: forwardFrameDirect
12-30 10:24:36.987   360   931 D EvsDriver: Delivered 0xb400e2ca9e40c7a0 as id 1
12-30 10:24:36.987   359  2784 D evsmanagerd: /dev/video-evs0 forwarded the buffer #1 to 0xb400f125d2b26dd0 from 0xb400f125e2b20710
12-30 10:24:36.991   596  3076 E WifiHAL : Invalid data received from driver
12-30 10:24:36.994  2358  2623 D RcfController: Rcf proxy is not connected!
12-30 10:24:36.997   360   458 D EvsDriver: doneWithFrame
12-30 10:24:37.015   650   729 D fgemcucomm: sd Uart data : 6AA602C842000292025E
12-30 10:24:37.015   650   729 D fgemcucomm: rev uart=53035,len=14, data : 6AA681C84200069202000B0000D0
12-30 10:24:37.015   398   882 D adayocomadapter-ParseProtocolFunc: printRaWMsg Name[MCUToUPstream recv] len[6] data[9202000B0000]
12-30 10:24:37.015   398   882 D adayocomadapter-CommunicationManager: onUpstreamback   member[0] dataLength[3] timePoint[6412837]
12-30 10:24:37.016   398   882 D adayocomadapter-ParseProtocolFunc: printRaWMsg Name[onUpstreamback] len[3] data[0B0000]
12-30 10:24:37.016   398   464 D adayocomadapter-UpstreamHandler: processBeforePacket upSreamtProcessTimePoint[6412837] 
12-30 10:24:37.016   398   464 D adayocomadapter-UpstreamHandler: processPacket UPSTREAM_QUEUE_DATA_TIMEOUT
12-30 10:24:37.016   398   464 D adayocomadapter-ParseProtocolFunc: parseCommonIPCLBytes Processing tableNumber[11]
