12-30 10:24:34.166   398   464 I vw-vhal : CanSignalsAdapter::notifyVehicleProperty: solvedValue = {.timestamp = 6409987982762, .areaId = 0, .prop = 557851043, .status = AVAILABLE, .value = {.int32Values = [1]{0}, .floatValues = [0]{}, .int64Values = [0]{}, .bytes = [0]{}, .stringValue = ""}}
12-30 10:24:34.166   398   464 I VehiclePropertyStore: begin to write value to Store: {.timestamp = 6409987982762, .areaId = 0, .prop = 557851043, .status = AVAILABLE, .value = {.int32Values = [1]{0}, .floatValues = [0]{}, .int64Values = [0]{}, .bytes = [0]{}, .stringValue = ""}}
12-30 10:24:34.166   398   464 I DefaultVehicleHal_v2_0: DefaultVehicleHal::onPropertyValue, value:{.timestamp = 6409987982762, .areaId = 0, .prop = 557851043, .status = AVAILABLE, .value = {.int32Values = [1]{0}, .floatValues = [0]{}, .int64Values = [0]{}, .bytes = [0]{}, .stringValue = ""}}
12-30 10:24:34.166   398   464 D DiagPropHandler: is not DiagnosticConfig: 0x214021a3
12-30 10:24:34.166   398   464 I VehiclePropertyStore: begin to write value to Store: {.timestamp = 6409987982762, .areaId = 0, .prop = 557851043, .status = AVAILABLE, .value = {.int32Values = [1]{0}, .floatValues = [0]{}, .int64Values = [0]{}, .bytes = [0]{}, .stringValue = ""}}
12-30 10:24:34.166   398   464 D adayocomadapter-CommunicationManager: onUpstreamReceive mPropertyId 0x214021a3
12-30 10:24:34.166   398   464 D adayocomadapter-CommunicationManager: onUpstreamReceive mPropertyId 0x214021a4
12-30 10:24:34.166   398   464 D adayocomadapter-CommunicationManager: convertBytesToInt32Memcpy  0
12-30 10:24:34.166   398   464 I vw-vhal : notifyVehicleProperty, propId = 0x214021a4, data = {status: 2, int32Values: [0]}
12-30 10:24:34.166   398   464 I vw-vhal : CanSignalsAdapter::notifyVehicleProperty: solvedValue = {.timestamp = 6409988287095, .areaId = 0, .prop = 557851044, .status = AVAILABLE, .value = {.int32Values = [1]{0}, .floatValues = [0]{}, .int64Values = [0]{}, .bytes = [0]{}, .stringValue = ""}}
12-30 10:24:34.166   398   464 I VehiclePropertyStore: begin to write value to Store: {.timestamp = 6409988287095, .areaId = 0, .prop = 557851044, .status = AVAILABLE, .value = {.int32Values = [1]{0}, .floatValues = [0]{}, .int64Values = [0]{}, .bytes = [0]{}, .stringValue = ""}}
12-30 10:24:34.166   398   464 I DefaultVehicleHal_v2_0: DefaultVehicleHal::onPropertyValue, value:{.timestamp = 6409988287095, .areaId = 0, .prop = 557851044, .status = AVAILABLE, .value = {.int32Values = [1]{0}, .floatValues = [0]{}, .int64Values = [0]{}, .bytes = [0]{}, .stringValue = ""}}
12-30 10:24:34.166   398   464 D DiagPropHandler: is not DiagnosticConfig: 0x214021a4
12-30 10:24:34.166   398   464 I VehiclePropertyStore: begin to write value to Store: {.timestamp = 6409988287095, .areaId = 0, .prop = 557851044, .status = AVAILABLE, .value = {.int32Values = [1]{0}, .floatValues = [0]{}, .int64Values = [0]{}, .bytes = [0]{}, .stringValue = ""}}
12-30 10:24:34.166   398   464 D adayocomadapter-CommunicationManager: onUpstreamReceive mPropertyId 0x214021a4
12-30 10:24:34.166   398   464 D adayocomadapter-CommunicationManager: onUpstreamReceive mPropertyId 0x214021cb
12-30 10:24:34.166   398   464 D adayocomadapter-CommunicationManager: convertBytesToInt32Memcpy  0
12-30 10:24:34.166   398   464 I vw-vhal : notifyVehicleProperty, propId = 0x214021cb, data = {status: 2, int32Values: [0]}
12-30 10:24:34.166   398   464 I vw-vhal : CanSignalsAdapter::notifyVehicleProperty: solvedValue = {.timestamp = 6409988519095, .areaId = 0, .prop = 557851083, .status = AVAILABLE, .value = {.int32Values = [1]{0}, .floatValues = [0]{}, .int64Values = [0]{}, .bytes = [0]{}, .stringValue = ""}}
12-30 10:24:34.166   398   464 I VehiclePropertyStore: begin to write value to Store: {.timestamp = 6409988519095, .areaId = 0, .prop = 557851083, .status = AVAILABLE, .value = {.int32Values = [1]{0}, .floatValues = [0]{}, .int64Values = [0]{}, .bytes = [0]{}, .stringValue = ""}}
12-30 10:24:34.166   398   464 I DefaultVehicleHal_v2_0: DefaultVehicleHal::onPropertyValue, value:{.timestamp = 6409988519095, .areaId = 0, .prop = 557851083, .status = AVAILABLE, .value = {.int32Values = [1]{0}, .floatValues = [0]{}, .int64Values = [0]{}, .bytes = [0]{}, .stringValue = ""}}
12-30 10:24:34.166   398   464 D DiagPropHandler: is not DiagnosticConfig: 0x214021cb
12-30 10:24:34.166   398   464 I VehiclePropertyStore: begin to write value to Store: {.timestamp = 6409988519095, .areaId = 0, .prop = 557851083, .status = AVAILABLE, .value = {.int32Values = [1]{0}, .floatValues = [0]{}, .int64Values = [0]{}, .bytes = [0]{}, .stringValue = ""}}
12-30 10:24:34.166   398   464 D adayocomadapter-CommunicationManager: onUpstreamReceive mPropertyId 0x214021cb
12-30 10:24:34.180  2358  2623 D RcfController: Rcf proxy is not connected!
12-30 10:24:34.180 21930 21930 I ADAYO_LOG_TRACE_RESOURCE: collect_dest_path:/mnt/sdcard/logcat_GNSS/
12-30 10:24:34.187   360   931 D EvsDriver: forwardFrame
12-30 10:24:34.187   360   931 D EvsDriver: forwardFrameDirect
12-30 10:24:34.187   360   931 D EvsDriver: Delivered 0xb400e2ca9e40c7a0 as id 1
12-30 10:24:34.187   359  2784 D evsmanagerd: /dev/video-evs0 forwarded the buffer #1 to 0xb400f125d2b26dd0 from 0xb400f125e2b20710
12-30 10:24:34.196   360   458 D EvsDriver: doneWithFrame
12-30 10:24:34.219   596  3076 E WifiHAL : Invalid data received from driver
12-30 10:24:34.220   360   931 D EvsDriver: forwardFrame
12-30 10:24:34.220   360   931 D EvsDriver: forwardFrameDirect
12-30 10:24:34.221   360   931 D EvsDriver: Delivered 0xb400e2ca9e40e270 as id 0
12-30 10:24:34.221   359  2784 D evsmanagerd: /dev/video-evs0 forwarded the buffer #0 to 0xb400f125d2b26dd0 from 0xb400f125e2b20710
12-30 10:24:34.227   360   458 D EvsDriver: doneWithFrame
12-30 10:24:34.230  2358  2623 D RcfController: Rcf proxy is not connected!
12-30 10:24:34.252 21933 21933 I ADAYO_LOG_TRACE_RESOURCE: file_path:/mnt/sdcard/logcat_GNSS//gnss_log.log
12-30 10:24:34.254   360   931 D EvsDriver: forwardFrame
12-30 10:24:34.254   360   931 D EvsDriver: forwardFrameDirect
12-30 10:24:34.254   360   931 D EvsDriver: Delivered 0xb400e2ca9e40d4b0 as id 1
12-30 10:24:34.254   359  2784 D evsmanagerd: /dev/video-evs0 forwarded the buffer #1 to 0xb400f125d2b26dd0 from 0xb400f125e2b20710
12-30 10:24:34.257   360   458 D EvsDriver: doneWithFrame
12-30 10:24:34.280  2358  2623 D RcfController: Rcf proxy is not connected!
12-30 10:24:34.285   596  3076 E WifiHAL : Invalid data received from driver
12-30 10:24:34.287   360   931 D EvsDriver: forwardFrame
12-30 10:24:34.287   360   931 D EvsDriver: forwardFrameDirect
12-30 10:24:34.287   360   931 D EvsDriver: Delivered 0xb400e2ca9e40c2d0 as id 0
12-30 10:24:34.287   359  2784 D evsmanagerd: /dev/video-evs0 forwarded the buffer #0 to 0xb400f125d2b26dd0 from 0xb400f125e2b20710
12-30 10:24:34.298   360   458 D EvsDriver: doneWithFrame
12-30 10:24:34.301 21936 21936 I ADAYO_LOG_TRACE_RESOURCE: folder_size:0
12-30 10:24:34.311  2475  2681 I TtsServiceAgent: check thread start checking, threadId = 29
12-30 10:24:34.311  2475  2681 D TtsServiceAgent: start bind service...
12-30 10:24:34.311  2475  2681 D TtsServiceAgent: ----->initService, usage = 16
12-30 10:24:34.311  2475  2681 W ContextImpl: Calling a method in the system process without a qualified user: android.app.ContextImpl.bindService:1988 android.content.ContextWrapper.bindService:861 com.iflytek.autofly.ttsaidl.ttsproxy.TtsServiceAgent.initService:189 com.iflytek.autofly.ttsaidl.ttsproxy.TtsServiceAgent.initService:133 com.iflytek.autofly.ttsaidl.ttsproxy.TtsServiceAgent$2.run:517 
12-30 10:24:34.312   916  3726 W ActivityManager: Unable to start service Intent { act=com.iflytek.autofly.tts.ttsservice.TtsAdapterService cmp=com.iflytek.cutefly.speechclient.hmi/com.iflytek.autofly.tts.ttsservice.TtsAdapterService } U=0: not found
12-30 10:24:34.312  2475  2681 D TtsServiceAgent: bindService: false
12-30 10:24:34.312  2475  2681 D TtsServiceAgent: start reInitService
12-30 10:24:34.312  2475  2681 D TtsServiceAgent: aidlCheckThreadRunning = true
12-30 10:24:34.312  2475  2681 D TtsServiceAgent: ----->check connection status in 1000s...
12-30 10:24:34.320   360   931 D EvsDriver: forwardFrame
12-30 10:24:34.320   360   931 D EvsDriver: forwardFrameDirect
12-30 10:24:34.321   360   931 D EvsDriver: Delivered 0xb400e2ca9e40d090 as id 1
12-30 10:24:34.321   359  2784 D evsmanagerd: /dev/video-evs0 forwarded the buffer #1 to 0xb400f125d2b26dd0 from 0xb400f125e2b20710
12-30 10:24:34.328   360   458 D EvsDriver: doneWithFrame
12-30 10:24:34.331  2358  2623 D RcfController: Rcf proxy is not connected!
12-30 10:24:34.347   596  3076 E WifiHAL : Invalid data received from driver
12-30 10:24:34.348  1667  2407 I media_message_log->MediaMessageProxy: (SourceFile:1)b connectToService action bind
12-30 10:24:34.349   916  3726 W ActivityManager: Unable to start service Intent { cmp=com.adayo.server.mediamessagetransfer/.MediaMessTransferService (has extras) } U=0: not found
12-30 10:24:34.349  1667  2407 E media_message_log->MediaMessageProxy: (SourceFile:7)a bindServiceAsUser isBound = false
12-30 10:24:34.354   360   931 D EvsDriver: forwardFrame
12-30 10:24:34.354   360   931 D EvsDriver: forwardFrameDirect
12-30 10:24:34.354   360   931 D EvsDriver: Delivered 0xb400e2ca9e40e110 as id 0
12-30 10:24:34.354   359  2784 D evsmanagerd: /dev/video-evs0 forwarded the buffer #0 to 0xb400f125d2b26dd0 from 0xb400f125e2b20710
12-30 10:24:34.356  3066  3066 D hostapd : nl80211: BSS Event 59 (NL80211_CMD_FRAME) received for wlan1
12-30 10:24:34.356  3066  3066 D hostapd : nl80211: RX frame da=ff:ff:ff:ff:ff:ff sa=cc:53:69:80:0a:c9 bssid=ff:ff:ff:ff:ff:ff freq=5745 ssi_signal=-8800 fc=0x40 seq_ctrl=0x6910 stype=4 (WLAN_FC_STYPE_PROBE_REQ) len=260
12-30 10:24:34.356   596  3076 E WifiHAL : Invalid data received from driver
12-30 10:24:34.356  3066  3066 D hostapd : Receive wpa msg : Event RX_MGMT (18) received
12-30 10:24:34.357  3066  3066 D hostapd : Receive wpa msg : RX-PROBE-REQUEST sa=cc:53:69:80:0a:c9 signal=-8800
12-30 10:24:34.357  3066  3066 D hostapd : nl80211: send_mlme - da=cc:53:69:80:0a:c9 noack=1 freq=0 no_cck=0 offchanok=0 wait_time=0 no_encrypt=0 fc=0x50 (WLAN_FC_STYPE_PROBE_RESP) nlmode=3
12-30 10:24:34.357  3066  3066 D hostapd : nl80211: Use bss->freq=5745
12-30 10:24:34.357  3066  3066 D hostapd : nl80211: send_mlme -> send_frame_cmd
12-30 10:24:34.357  3066  3066 D hostapd : nl80211: Drv Event 60 (NL80211_CMD_FRAME_TX_STATUS) received for wlan1
12-30 10:24:34.357  3066  3066 D hostapd : nl80211: Frame TX status event A1=cc:53:69:80:0a:c9 stype=5 cookie=0x0 ack=0
12-30 10:24:34.357  3066  3066 D hostapd : wlan1: Event TX_STATUS (16) received
12-30 10:24:34.357  3066  3066 D hostapd : Receive wpa msg : Event TX_STATUS (16) received
12-30 10:24:34.358   360   458 D EvsDriver: doneWithFrame
12-30 10:24:34.365   596  3076 E WifiHAL : Invalid data received from driver
12-30 10:24:34.381  2358  2623 D RcfController: Rcf proxy is not connected!
12-30 10:24:34.387   360   931 D EvsDriver: forwardFrame
12-30 10:24:34.387   360   931 D EvsDriver: forwardFrameDirect
12-30 10:24:34.387   360   931 D EvsDriver: Delivered 0xb400e2ca9e40c7a0 as id 1
12-30 10:24:34.387   359  2784 D evsmanagerd: /dev/video-evs0 forwarded the buffer #1 to 0xb400f125d2b26dd0 from 0xb400f125e2b20710
12-30 10:24:34.388   360   458 D EvsDriver: doneWithFrame
12-30 10:24:34.420   360   931 D EvsDriver: forwardFrame
12-30 10:24:34.420   360   931 D EvsDriver: forwardFrameDirect
12-30 10:24:34.421   360   931 D EvsDriver: Delivered 0xb400e2ca9e40e270 as id 0
12-30 10:24:34.421   359  2784 D evsmanagerd: /dev/video-evs0 forwarded the buffer #0 to 0xb400f125d2b26dd0 from 0xb400f125e2b20710
12-30 10:24:34.429   360   458 D EvsDriver: doneWithFrame
12-30 10:24:34.431  2358  2623 D RcfController: Rcf proxy is not connected!
12-30 10:24:34.449   650   730 D fgemcucomm: sd Uart data : 6AA600136B0002060179
12-30 10:24:34.450   596  3076 E WifiHAL : Invalid data received from driver
12-30 10:24:34.454   360   931 D EvsDriver: forwardFrame
12-30 10:24:34.454   360   931 D EvsDriver: forwardFrameDirect
12-30 10:24:34.454   360   931 D EvsDriver: Delivered 0xb400e2ca9e40d4b0 as id 1
12-30 10:24:34.454   359  2784 D evsmanagerd: /dev/video-evs0 forwarded the buffer #1 to 0xb400f125d2b26dd0 from 0xb400f125e2b20710
12-30 10:24:34.456 21925 21925 I auditd  : type=1400 audit(0.0:719571): avc:  denied  { getattr } for  comm="sh" path="/system/bin/logcat" dev="dm-1" ino=8457439 scontext=u:r:trace_resource:s0 tcontext=u:object_r:logcat_exec:s0 tclass=file permissive=1
12-30 10:24:34.456 21925 21925 I sh      : type=1400 audit(0.0:719571): avc:  denied  { getattr } for  path="/system/bin/logcat" dev="dm-1" ino=8457439 scontext=u:r:trace_resource:s0 tcontext=u:object_r:logcat_exec:s0 tclass=file permissive=1
12-30 10:24:34.459   360   458 D EvsDriver: doneWithFrame
12-30 10:24:34.456 21925 21925 I auditd  : type=1400 audit(0.0:719572): avc:  denied  { execute } for  comm="sh" name="logcat" dev="dm-1" ino=8457439 scontext=u:r:trace_resource:s0 tcontext=u:object_r:logcat_exec:s0 tclass=file permissive=1
12-30 10:24:34.456 21925 21925 I sh      : type=1400 audit(0.0:719572): avc:  denied  { execute } for  name="logcat" dev="dm-1" ino=8457439 scontext=u:r:trace_resource:s0 tcontext=u:object_r:logcat_exec:s0 tclass=file permissive=1
12-30 10:24:34.456 21944 21944 I auditd  : type=1400 audit(0.0:719573): avc:  denied  { read open } for  comm="sh" path="/system/bin/logcat" dev="dm-1" ino=8457439 scontext=u:r:trace_resource:s0 tcontext=u:object_r:logcat_exec:s0 tclass=file permissive=1
12-30 10:24:34.456 21944 21944 I sh      : type=1400 audit(0.0:719573): avc:  denied  { read open } for  path="/system/bin/logcat" dev="dm-1" ino=8457439 scontext=u:r:trace_resource:s0 tcontext=u:object_r:logcat_exec:s0 tclass=file permissive=1
12-30 10:24:34.456 21944 21944 I auditd  : type=1400 audit(0.0:719574): avc:  denied  { execute_no_trans } for  comm="sh" path="/system/bin/logcat" dev="dm-1" ino=8457439 scontext=u:r:trace_resource:s0 tcontext=u:object_r:logcat_exec:s0 tclass=file permissive=1
12-30 10:24:34.456 21944 21944 I sh      : type=1400 audit(0.0:719574): avc:  denied  { execute_no_trans } for  path="/system/bin/logcat" dev="dm-1" ino=8457439 scontext=u:r:trace_resource:s0 tcontext=u:object_r:logcat_exec:s0 tclass=file permissive=1
12-30 10:24:34.456 21944 21944 I auditd  : type=1400 audit(0.0:719575): avc:  denied  { map } for  comm="logcat" path="/system/bin/logcat" dev="dm-1" ino=8457439 scontext=u:r:trace_resource:s0 tcontext=u:object_r:logcat_exec:s0 tclass=file permissive=1
12-30 10:24:34.456 21944 21944 I logcat  : type=1400 audit(0.0:719575): avc:  denied  { map } for  path="/system/bin/logcat" dev="dm-1" ino=8457439 scontext=u:r:trace_resource:s0 tcontext=u:object_r:logcat_exec:s0 tclass=file permissive=1
12-30 10:24:34.466  1667  2513 W ContextImpl: Calling a method in the system process without a qualified user: android.app.ContextImpl.bindService:1988 android.content.ContextWrapper.bindService:861 com.ford.sync.fnvservice.analytics.AnalyticsManager$RetryHandler.a:126 com.ford.sync.fnvservice.analytics.AnalyticsManager$RetryHandler.handleMessage:103 android.os.Handler.dispatchMessage:106 
12-30 10:24:34.466   916  3726 W ActivityManager: Unable to start service Intent { cmp=com.ford.sync.fnvservice/.analytics.AnalyticsService } U=0: not found
12-30 10:24:34.467  1667  2513 W AnalyticsManager:  bind ford Analytics failed -> sendRetryMessage 
12-30 10:24:34.481  2358  2623 D RcfController: Rcf proxy is not connected!
12-30 10:24:34.487   360   931 D EvsDriver: forwardFrame
12-30 10:24:34.487   360   931 D EvsDriver: forwardFrameDirect
12-30 10:24:34.487   360   931 D EvsDriver: Delivered 0xb400e2ca9e40c2d0 as id 0
12-30 10:24:34.487   359  2784 D evsmanagerd: /dev/video-evs0 forwarded the buffer #0 to 0xb400f125d2b26dd0 from 0xb400f125e2b20710
12-30 10:24:34.489   360   458 D EvsDriver: doneWithFrame
12-30 10:24:34.504   650   729 D fgemcucomm: sd Uart data : 6AA602C831000292026F
12-30 10:24:34.504   650   729 D fgemcucomm: rev uart=53017,len=15, data : 6AA681C831000792020009000000E2
12-30 10:24:34.504   398   882 D adayocomadapter-ParseProtocolFunc: printRaWMsg Name[MCUToUPstream recv] len[7] data[92020009000000]
12-30 10:24:34.504   398   882 D adayocomadapter-CommunicationManager: onUpstreamback   member[0] dataLength[4] timePoint[6410326]
12-30 10:24:34.504   398   882 D adayocomadapter-ParseProtocolFunc: printRaWMsg Name[onUpstreamback] len[4] data[09000000]
12-30 10:24:34.504   398   464 D adayocomadapter-UpstreamHandler: processBeforePacket upSreamtProcessTimePoint[6410326] 
12-30 10:24:34.504   398   464 D adayocomadapter-UpstreamHandler: processPacket UPSTREAM_QUEUE_DATA_TIMEOUT
12-30 10:24:34.505   398   464 D adayocomadapter-ParseProtocolFunc: parseCommonIPCLBytes Processing tableNumber[9]
12-30 10:24:34.505   398   464 D adayocomadapter-ParseProtocolFunc: parseCommonIPCLBytes Processing tablename[Table-9] tableSize[4]
12-30 10:24:34.505   398   464 D adayocomadapter-ParseProtocolFunc: printRaWMsg Name[byteStream recv] len[4] data[09000000]
12-30 10:24:34.505   398   464 D adayocomadapter-ParseProtocolFunc: printRaWMsg Name[IPCLtoVHAL] len[6] data[214020600000]
12-30 10:24:34.505   398   464 D adayocomadapter-ParseProtocolFunc: printRaWMsg Name[IPCLtoVHAL] len[6] data[2140218D0000]
12-30 10:24:34.505   398   464 D adayocomadapter-ParseProtocolFunc: printRaWMsg Name[IPCLtoVHAL] len[6] data[214022550000]
12-30 10:24:34.505   398   464 D adayocomadapter-CommunicationManager: onUpstreamReceive mPropertyId 0x21402060
12-30 10:24:34.505   398   464 D adayocomadapter-CommunicationManager: convertBytesToInt32Memcpy  0
12-30 10:24:34.505   398   464 I vw-vhal : notifyVehicleProperty, propId = 0x21402060, data = {status: 2, int32Values: [0]}
12-30 10:24:34.505   398   464 I vw-vhal : CanSignalsAdapter::notifyVehicleProperty: solvedValue = {.timestamp = 6410327072428, .areaId = 0, .prop = 557850720, .status = AVAILABLE, .value = {.int32Values = [1]{0}, .floatValues = [0]{}, .int64Values = [0]{}, .bytes = [0]{}, .stringValue = ""}}
12-30 10:24:34.505   398   464 I VehiclePropertyStore: begin to write value to Store: {.timestamp = 6410327072428, .areaId = 0, .prop = 557850720, .status = AVAILABLE, .value = {.int32Values = [1]{0}, .floatValues = [0]{}, .int64Values = [0]{}, .bytes = [0]{}, .stringValue = ""}}
12-30 10:24:34.505   398   464 I DefaultVehicleHal_v2_0: DefaultVehicleHal::onPropertyValue, value:{.timestamp = 6410327072428, .areaId = 0, .prop = 557850720, .status = AVAILABLE, .value = {.int32Values = [1]{0}, .floatValues = [0]{}, .int64Values = [0]{}, .bytes = [0]{}, .stringValue = ""}}
12-30 10:24:34.505   398   464 D DiagPropHandler: is not DiagnosticConfig: 0x21402060
12-30 10:24:34.505   398   464 I VehiclePropertyStore: begin to write value to Store: {.timestamp = 6410327072428, .areaId = 0, .prop = 557850720, .status = AVAILABLE, .value = {.int32Values = [1]{0}, .floatValues = [0]{}, .int64Values = [0]{}, .bytes = [0]{}, .stringValue = ""}}
12-30 10:24:34.505   398   464 D adayocomadapter-CommunicationManager: onUpstreamReceive mPropertyId 0x21402060
12-30 10:24:34.505   398   464 D adayocomadapter-CommunicationManager: onUpstreamReceive mPropertyId 0x2140218d
12-30 10:24:34.505   398   464 D adayocomadapter-CommunicationManager: convertBytesToInt32Memcpy  0
12-30 10:24:34.505   398   464 I vw-vhal : notifyVehicleProperty, propId = 0x2140218d, data = {status: 2, int32Values: [0]}
12-30 10:24:34.505   398   464 I vw-vhal : CanSignalsAdapter::notifyVehicleProperty: solvedValue = {.timestamp = 6410327300095, .areaId = 0, .prop = 557851021, .status = AVAILABLE, .value = {.int32Values = [1]{0}, .floatValues = [0]{}, .int64Values = [0]{}, .bytes = [0]{}, .stringValue = ""}}
12-30 10:24:34.505   398   464 I VehiclePropertyStore: begin to write value to Store: {.timestamp = 6410327300095, .areaId = 0, .prop = 557851021, .status = AVAILABLE, .value = {.int32Values = [1]{0}, .floatValues = [0]{}, .int64Values = [0]{}, .bytes = [0]{}, .stringValue = ""}}
12-30 10:24:34.505   398   464 I DefaultVehicleHal_v2_0: DefaultVehicleHal::onPropertyValue, value:{.timestamp = 6410327300095, .areaId = 0, .prop = 557851021, .status = AVAILABLE, .value = {.int32Values = [1]{0}, .floatValues = [0]{}, .int64Values = [0]{}, .bytes = [0]{}, .stringValue = ""}}
12-30 10:24:34.505   398   464 D DiagPropHandler: is not DiagnosticConfig: 0x2140218d
12-30 10:24:34.505   398   464 I VehiclePropertyStore: begin to write value to Store: {.timestamp = 6410327300095, .areaId = 0, .prop = 557851021, .status = AVAILABLE, .value = {.int32Values = [1]{0}, .floatValues = [0]{}, .int64Values = [0]{}, .bytes = [0]{}, .stringValue = ""}}
12-30 10:24:34.505   398   464 D adayocomadapter-CommunicationManager: onUpstreamReceive mPropertyId 0x2140218d
12-30 10:24:34.505   398   464 D adayocomadapter-CommunicationManager: onUpstreamReceive mPropertyId 0x21402255
12-30 10:24:34.505   398   464 D adayocomadapter-CommunicationManager: convertBytesToInt32Memcpy  0
12-30 10:24:34.505   398   464 I vw-vhal : notifyVehicleProperty, propId = 0x21402255, data = {status: 2, int32Values: [0]}
12-30 10:24:34.505   398   464 I vw-vhal : CanSignalsAdapter::notifyVehicleProperty: solvedValue = {.timestamp = 6410327496762, .areaId = 0, .prop = 557851221, .status = AVAILABLE, .value = {.int32Values = [1]{0}, .floatValues = [0]{}, .int64Values = [0]{}, .bytes = [0]{}, .stringValue = ""}}
12-30 10:24:34.505   398   464 I VehiclePropertyStore: begin to write value to Store: {.timestamp = 6410327496762, .areaId = 0, .prop = 557851221, .status = AVAILABLE, .value = {.int32Values = [1]{0}, .floatValues = [0]{}, .int64Values = [0]{}, .bytes = [0]{}, .stringValue = ""}}
12-30 10:24:34.505   398   464 I DefaultVehicleHal_v2_0: DefaultVehicleHal::onPropertyValue, value:{.timestamp = 6410327496762, .areaId = 0, .prop = 557851221, .status = AVAILABLE, .value = {.int32Values = [1]{0}, .floatValues = [0]{}, .int64Values = [0]{}, .bytes = [0]{}, .stringValue = ""}}
12-30 10:24:34.505   398   464 D DiagPropHandler: is not DiagnosticConfig: 0x21402255
12-30 10:24:34.505   398   464 I VehiclePropertyStore: begin to write value to Store: {.timestamp = 6410327496762, .areaId = 0, .prop = 557851221, .status = AVAILABLE, .value = {.int32Values = [1]{0}, .floatValues = [0]{}, .int64Values = [0]{}, .bytes = [0]{}, .stringValue = ""}}
12-30 10:24:34.505   398   464 D adayocomadapter-CommunicationManager: onUpstreamReceive mPropertyId 0x21402255
12-30 10:24:34.517   596  3076 E WifiHAL : Invalid data received from driver
12-30 10:24:34.520   360   931 D EvsDriver: forwardFrame
12-30 10:24:34.520   360   931 D EvsDriver: forwardFrameDirect
12-30 10:24:34.521   360   931 D EvsDriver: Delivered 0xb400e2ca9e40d090 as id 1
12-30 10:24:34.521   359  2784 D evsmanagerd: /dev/video-evs0 forwarded the buffer #1 to 0xb400f125d2b26dd0 from 0xb400f125e2b20710
12-30 10:24:34.530   360   458 D EvsDriver: doneWithFrame
12-30 10:24:34.532  2358  2623 D RcfController: Rcf proxy is not connected!
12-30 10:24:34.533 21955 21955 I ADAYO_LOG_TRACE_RESOURCE: execute interrupt
12-30 10:24:34.547   596  3076 E WifiHAL : Invalid data received from driver
12-30 10:24:34.547   596  3076 E WifiHAL : Invalid data received from driver
12-30 10:24:34.547   596  3076 E WifiHAL : Invalid data received from driver
12-30 10:24:34.547   596  3076 E WifiHAL : Invalid data received from driver
12-30 10:24:34.547   596  3076 E WifiHAL : Invalid data received from driver
12-30 10:24:34.547   596  3076 E WifiHAL : Invalid data received from driver
12-30 10:24:34.547   596  3076 E WifiHAL : Invalid data received from driver
12-30 10:24:34.554   360   931 D EvsDriver: forwardFrame
12-30 10:24:34.554   360   931 D EvsDriver: forwardFrameDirect
12-30 10:24:34.554   360   931 D EvsDriver: Delivered 0xb400e2ca9e40e110 as id 0
12-30 10:24:34.554   359  2784 D evsmanagerd: /dev/video-evs0 forwarded the buffer #0 to 0xb400f125d2b26dd0 from 0xb400f125e2b20710
12-30 10:24:34.556 21956 21956 I ADAYO_LOG_TRACE_RESOURCE: execute end
12-30 10:24:34.561   360   458 D EvsDriver: doneWithFrame
12-30 10:24:34.570   596  3076 E WifiHAL : Invalid data received from driver
12-30 10:24:34.582  2358  2623 D RcfController: Rcf proxy is not connected!
12-30 10:24:34.587   360   931 D EvsDriver: forwardFrame
12-30 10:24:34.587   360   931 D EvsDriver: forwardFrameDirect
12-30 10:24:34.587   360   931 D EvsDriver: Delivered 0xb400e2ca9e40c7a0 as id 1
12-30 10:24:34.587   359  2784 D evsmanagerd: /dev/video-evs0 forwarded the buffer #1 to 0xb400f125d2b26dd0 from 0xb400f125e2b20710
12-30 10:24:34.590  1667  2410 I media_message_log->MediaMessageUserProxy: (SourceFile:1)b connectToService action bind
12-30 10:24:34.590   916  3726 W ActivityManager: Unable to start service Intent { cmp=com.adayo.server.mediamessagetransfer/.MediaMessTransferService (has extras) } U=0: not found
12-30 10:24:34.591  1667  2410 E media_message_log->MediaMessageUserProxy: (SourceFile:7)a bindServiceAsUser isBound = false
12-30 10:24:34.591   360   458 D EvsDriver: doneWithFrame
01-01 09:46:51.604     1     1 I init    : ... started service 'exec 1202 (/system/bin/flags_health_check UPDATABLE_CRASHING)' has pid 21958
12-30 10:24:34.607   650   729 D fgemcucomm: sd Uart data : 6AA602C832000292026E
12-30 10:24:34.607   650   729 D fgemcucomm: rev uart=53018,len=51, data : 6AA681C832002B92020011000000000000000000000000000000000000000000000000000000000000000000000000000000B5
12-30 10:24:34.607   398   882 D adayocomadapter-ParseProtocolFunc: printRaWMsg Name[MCUToUPstream recv] len[43] data[92020011000000000000000000000000000000000000000000000000000000000000000000000000000000]
12-30 10:24:34.607   398   882 D adayocomadapter-CommunicationManager: onUpstreamback   member[0] dataLength[40] timePoint[6410429]
12-30 10:24:34.607   398   882 D adayocomadapter-ParseProtocolFunc: printRaWMsg Name[onUpstreamback] len[40] data[11000000000000000000000000000000000000000000000000000000000000000000000000000000]
12-30 10:24:34.608   398   464 D adayocomadapter-UpstreamHandler: processBeforePacket upSreamtProcessTimePoint[6410429] 
12-30 10:24:34.608   398   464 D adayocomadapter-UpstreamHandler: processPacket UPSTREAM_QUEUE_DATA_TIMEOUT
12-30 10:24:34.608   398   464 D adayocomadapter-ParseProtocolFunc: parseCommonIPCLBytes Processing tableNumber[17]
12-30 10:24:34.608   398   464 D adayocomadapter-ParseProtocolFunc: parseCommonIPCLBytes Processing tablename[Table-17] tableSize[40]
12-30 10:24:34.608   398   464 D adayocomadapter-ParseProtocolFunc: printRaWMsg Name[byteStream recv] len[40] data[11000000000000000000000000000000000000000000000000000000000000000000000000000000]
12-30 10:24:34.608   398   464 D adayocomadapter-ParseProtocolFunc: printRaWMsg Name[IPCLtoVHAL] len[22] data[21102047010000000000000000000000000000000000]
12-30 10:24:34.608   398   464 D adayocomadapter-ParseProtocolFunc: printRaWMsg Name[IPCLtoVHAL] len[6] data[214020130000]
12-30 10:24:34.608   398   464 D adayocomadapter-ParseProtocolFunc: printRaWMsg Name[IPCLtoVHAL] len[6] data[2140216C0000]
12-30 10:24:34.608   398   464 D adayocomadapter-ParseProtocolFunc: printRaWMsg Name[IPCLtoVHAL] len[6] data[214020A60000]
12-30 10:24:34.608   398   464 D adayocomadapter-ParseProtocolFunc: printRaWMsg Name[IPCLtoVHAL] len[6] data[214020FC0000]
12-30 10:24:34.608   398   464 D adayocomadapter-ParseProtocolFunc: printRaWMsg Name[IPCLtoVHAL] len[6] data[214021080000]
12-30 10:24:34.608   398   464 D adayocomadapter-ParseProtocolFunc: printRaWMsg Name[IPCLtoVHAL] len[6] data[2140210A0000]
12-30 10:24:34.608   398   464 D adayocomadapter-ParseProtocolFunc: printRaWMsg Name[IPCLtoVHAL] len[6] data[214020240000]
12-30 10:24:34.608   398   464 D adayocomadapter-ParseProtocolFunc: printRaWMsg Name[IPCLtoVHAL] len[6] data[214021200000]
12-30 10:24:34.608   398   464 D adayocomadapter-ParseProtocolFunc: printRaWMsg Name[IPCLtoVHAL] len[6] data[214021090000]
12-30 10:24:34.608   398   464 D adayocomadapter-ParseProtocolFunc: printRaWMsg Name[IPCLtoVHAL] len[6] data[214020A70000]
12-30 10:24:34.608   398   464 D adayocomadapter-ParseProtocolFunc: printRaWMsg Name[IPCLtoVHAL] len[6] data[2140212E0000]
12-30 10:24:34.608   398   464 D adayocomadapter-ParseProtocolFunc: printRaWMsg Name[IPCLtoVHAL] len[6] data[2140205F0000]
12-30 10:24:34.608   398   464 D adayocomadapter-ParseProtocolFunc: printRaWMsg Name[IPCLtoVHAL] len[6] data[214021000000]
12-30 10:24:34.608   398   464 D adayocomadapter-ParseProtocolFunc: printRaWMsg Name[IPCLtoVHAL] len[7] data[214021A1000000]
12-30 10:24:34.608   398   464 D adayocomadapter-ParseProtocolFunc: printRaWMsg Name[IPCLtoVHAL] len[6] data[214020270000]
12-30 10:24:34.608   398   464 D adayocomadapter-ParseProtocolFunc: printRaWMsg Name[IPCLtoVHAL] len[6] data[214021800000]
12-30 10:24:34.608   398   464 D adayocomadapter-ParseProtocolFunc: printRaWMsg Name[IPCLtoVHAL] len[6] data[2140210B0000]
12-30 10:24:34.608   398   464 D adayocomadapter-ParseProtocolFunc: printRaWMsg Name[IPCLtoVHAL] len[6] data[2140217E0000]
12-30 10:24:34.608   398   464 D adayocomadapter-ParseProtocolFunc: printRaWMsg Name[IPCLtoVHAL] len[6] data[214020FE0000]
12-30 10:24:34.608   398   464 D adayocomadapter-ParseProtocolFunc: printRaWMsg Name[IPCLtoVHAL] len[6] data[214020FF0000]
12-30 10:24:34.608   398   464 D adayocomadapter-ParseProtocolFunc: printRaWMsg Name[IPCLtoVHAL] len[6] data[214021820000]
12-30 10:24:34.608   398   464 D adayocomadapter-CommunicationManager: onUpstreamReceive mPropertyId 0x21102047
12-30 10:24:34.608   398   464 D adayocomadapter-CommunicationManager: byteArrayToHexString  
12-30 10:24:34.608   398   464 I vw-vhal : notifyVehicleProperty, propId = 0x21102047, data = {status: 2, stringValue: "
12-30 10:24:34.608   398   464 I vw-vhal : CanSignalsAdapter::notifyVehicleProperty: solvedValue = {.timestamp = 6410430450762, .areaId = 0, .prop = 554704967, .status = AVAILABLE, .value = {.int32Values = [0]{}, .floatValues = [0]{}, .int64Values = [0]{}, .bytes = [0]{}, .stringValue = ""}}
12-30 10:24:34.608   398   464 I VehiclePropertyStore: begin to write value to Store: {.timestamp = 6410430450762, .areaId = 0, .prop = 554704967, .status = AVAILABLE, .value = {.int32Values = [0]{}, .floatValues = [0]{}, .int64Values = [0]{}, .bytes = [0]{}, .stringValue = ""}}
12-30 10:24:34.608   398   464 I DefaultVehicleHal_v2_0: DefaultVehicleHal::onPropertyValue, value:{.timestamp = 6410430450762, .areaId = 0, .prop = 554704967, .status = AVAILABLE, .value = {.int32Values = [0]{}, .floatValues = [0]{}, .int64Values = [0]{}, .bytes = [0]{}, .stringValue = ""}}
12-30 10:24:34.608   398   464 D DiagPropHandler: is not DiagnosticConfig: 0x21102047
12-30 10:24:34.608   398   464 I VehiclePropertyStore: begin to write value to Store: {.timestamp = 6410430450762, .areaId = 0, .prop = 554704967, .status = AVAILABLE, .value = {.int32Values = [0]{}, .floatValues = [0]{}, .int64Values = [0]{}, .bytes = [0]{}, .stringValue = ""}}
12-30 10:24:34.608   398   464 D adayocomadapter-CommunicationManager: onUpstreamReceive mPropertyId 0x21102047
12-30 10:24:34.608   398   464 D adayocomadapter-CommunicationManager: onUpstreamReceive mPropertyId 0x21402013
12-30 10:24:34.608   398   464 D adayocomadapter-CommunicationManager: convertBytesToInt32Memcpy  0
12-30 10:24:34.608   398   464 I vw-vhal : notifyVehicleProperty, propId = 0x21402013, data = {status: 2, int32Values: [0]}
12-30 10:24:34.608   398   464 I vw-vhal : CanSignalsAdapter::notifyVehicleProperty: solvedValue = {.timestamp = 6410430685095, .areaId = 0, .prop = 557850643, .status = AVAILABLE, .value = {.int32Values = [1]{0}, .floatValues = [0]{}, .int64Values = [0]{}, .bytes = [0]{}, .stringValue = ""}}
12-30 10:24:34.608   398   464 I VehiclePropertyStore: begin to write value to Store: {.timestamp = 6410430685095, .areaId = 0, .prop = 557850643, .status = AVAILABLE, .value = {.int32Values = [1]{0}, .floatValues = [0]{}, .int64Values = [0]{}, .bytes = [0]{}, .stringValue = ""}}
12-30 10:24:34.608   398   464 I DefaultVehicleHal_v2_0: DefaultVehicleHal::onPropertyValue, value:{.timestamp = 6410430685095, .areaId = 0, .prop = 557850643, .status = AVAILABLE, .value = {.int32Values = [1]{0}, .floatValues = [0]{}, .int64Values = [0]{}, .bytes = [0]{}, .stringValue = ""}}
12-30 10:24:34.608   398   464 D DiagPropHandler: is not DiagnosticConfig: 0x21402013
12-30 10:24:34.608   398   464 I VehiclePropertyStore: begin to write value to Store: {.timestamp = 6410430685095, .areaId = 0, .prop = 557850643, .status = AVAILABLE, .value = {.int32Values = [1]{0}, .floatValues = [0]{}, .int64Values = [0]{}, .bytes = [0]{}, .stringValue = ""}}
12-30 10:24:34.608   398   464 D adayocomadapter-CommunicationManager: onUpstreamReceive mPropertyId 0x21402013
12-30 10:24:34.608   398   464 D adayocomadapter-CommunicationManager: onUpstreamReceive mPropertyId 0x2140216c
12-30 10:24:34.608   398   464 D adayocomadapter-CommunicationManager: convertBytesToInt32Memcpy  0
12-30 10:24:34.609   398   464 I vw-vhal : notifyVehicleProperty, propId = 0x2140216c, data = {status: 2, int32Values: [0]}
12-30 10:24:34.609   398   464 I vw-vhal : CanSignalsAdapter::notifyVehicleProperty: solvedValue = {.timestamp = 6410430890428, .areaId = 0, .prop = 557850988, .status = AVAILABLE, .value = {.int32Values = [1]{0}, .floatValues = [0]{}, .int64Values = [0]{}, .bytes = [0]{}, .stringValue = ""}}
12-30 10:24:34.609   398   464 I VehiclePropertyStore: begin to write value to Store: {.timestamp = 6410430890428, .areaId = 0, .prop = 557850988, .status = AVAILABLE, .value = {.int32Values = [1]{0}, .floatValues = [0]{}, .int64Values = [0]{}, .bytes = [0]{}, .stringValue = ""}}
12-30 10:24:34.609   398   464 I DefaultVehicleHal_v2_0: DefaultVehicleHal::onPropertyValue, value:{.timestamp = 6410430890428, .areaId = 0, .prop = 557850988, .status = AVAILABLE, .value = {.int32Values = [1]{0}, .floatValues = [0]{}, .int64Values = [0]{}, .bytes = [0]{}, .stringValue = ""}}
12-30 10:24:34.609   398   464 D DiagPropHandler: is not DiagnosticConfig: 0x2140216c
12-30 10:24:34.609   398   464 I VehiclePropertyStore: begin to write value to Store: {.timestamp = 6410430890428, .areaId = 0, .prop = 557850988, .status = AVAILABLE, .value = {.int32Values = [1]{0}, .floatValues = [0]{}, .int64Values = [0]{}, .bytes = [0]{}, .stringValue = ""}}
12-30 10:24:34.609   398   464 D adayocomadapter-CommunicationManager: onUpstreamReceive mPropertyId 0x2140216c
12-30 10:24:34.609   398   464 D adayocomadapter-CommunicationManager: onUpstreamReceive mPropertyId 0x214020a6
12-30 10:24:34.609   398   464 D adayocomadapter-CommunicationManager: convertBytesToInt32Memcpy  0
12-30 10:24:34.609   398   464 I vw-vhal : notifyVehicleProperty, propId = 0x214020a6, data = {status: 2, int32Values: [0]}
12-30 10:24:34.609   398   464 I vw-vhal : CanSignalsAdapter::notifyVehicleProperty: solvedValue = {.timestamp = 6410431082428, .areaId = 0, .prop = 557850790, .status = AVAILABLE, .value = {.int32Values = [1]{0}, .floatValues = [0]{}, .int64Values = [0]{}, .bytes = [0]{}, .stringValue = ""}}
12-30 10:24:34.609   398   464 I VehiclePropertyStore: begin to write value to Store: {.timestamp = 6410431082428, .areaId = 0, .prop = 557850790, .status = AVAILABLE, .value = {.int32Values = [1]{0}, .floatValues = [0]{}, .int64Values = [0]{}, .bytes = [0]{}, .stringValue = ""}}
12-30 10:24:34.609   398   464 I DefaultVehicleHal_v2_0: DefaultVehicleHal::onPropertyValue, value:{.timestamp = 6410431082428, .areaId = 0, .prop = 557850790, .status = AVAILABLE, .value = {.int32Values = [1]{0}, .floatValues = [0]{}, .int64Values = [0]{}, .bytes = [0]{}, .stringValue = ""}}
12-30 10:24:34.609   398   464 D DiagPropHandler: is not DiagnosticConfig: 0x214020a6
12-30 10:24:34.609   398   464 I VehiclePropertyStore: begin to write value to Store: {.timestamp = 6410431082428, .areaId = 0, .prop = 557850790, .status = AVAILABLE, .value = {.int32Values = [1]{0}, .floatValues = [0]{}, .int64Values = [0]{}, .bytes = [0]{}, .stringValue = ""}}
12-30 10:24:34.609   398   464 D adayocomadapter-CommunicationManager: onUpstreamReceive mPropertyId 0x214020a6
12-30 10:24:34.609   398   464 D adayocomadapter-CommunicationManager: onUpstreamReceive mPropertyId 0x214020fc
12-30 10:24:34.609   398   464 D adayocomadapter-CommunicationManager: convertBytesToInt32Memcpy  0
12-30 10:24:34.609   398   464 I vw-vhal : notifyVehicleProperty, propId = 0x214020fc, data = {status: 2, int32Values: [0]}
12-30 10:24:34.609   398   464 I vw-vhal : CanSignalsAdapter::notifyVehicleProperty: solvedValue = {.timestamp = 6410431304095, .areaId = 0, .prop = 557850876, .status = AVAILABLE, .value = {.int32Values = [1]{0}, .floatValues = [0]{}, .int64Values = [0]{}, .bytes = [0]{}, .stringValue = ""}}
12-30 10:24:34.609   398   464 I VehiclePropertyStore: begin to write value to Store: {.timestamp = 6410431304095, .areaId = 0, .prop = 557850876, .status = AVAILABLE, .value = {.int32Values = [1]{0}, .floatValues = [0]{}, .int64Values = [0]{}, .bytes = [0]{}, .stringValue = ""}}
12-30 10:24:34.609   398   464 I DefaultVehicleHal_v2_0: DefaultVehicleHal::onPropertyValue, value:{.timestamp = 6410431304095, .areaId = 0, .prop = 557850876, .status = AVAILABLE, .value = {.int32Values = [1]{0}, .floatValues = [0]{}, .int64Values = [0]{}, .bytes = [0]{}, .stringValue = ""}}
12-30 10:24:34.609   398   464 D DiagPropHandler: is not DiagnosticConfig: 0x214020fc
12-30 10:24:34.609   398   464 I VehiclePropertyStore: begin to write value to Store: {.timestamp = 6410431304095, .areaId = 0, .prop = 557850876, .status = AVAILABLE, .value = {.int32Values = [1]{0}, .floatValues = [0]{}, .int64Values = [0]{}, .bytes = [0]{}, .stringValue = ""}}
12-30 10:24:34.609   398   464 D adayocomadapter-CommunicationManager: onUpstreamReceive mPropertyId 0x214020fc
12-30 10:24:34.609   398   464 D adayocomadapter-CommunicationManager: onUpstreamReceive mPropertyId 0x21402108
12-30 10:24:34.609   398   464 D adayocomadapter-CommunicationManager: convertBytesToInt32Memcpy  0
12-30 10:24:34.609   398   464 I vw-vhal : notifyVehicleProperty, propId = 0x21402108, data = {status: 2, int32Values: [0]}
12-30 10:24:34.609   398   464 I vw-vhal : CanSignalsAdapter::notifyVehicleProperty: solvedValue = {.timestamp = 6410431497095, .areaId = 0, .prop = 557850888, .status = AVAILABLE, .value = {.int32Values = [1]{0}, .floatValues = [0]{}, .int64Values = [0]{}, .bytes = [0]{}, .stringValue = ""}}
12-30 10:24:34.609   398   464 I VehiclePropertyStore: begin to write value to Store: {.timestamp = 6410431497095, .areaId = 0, .prop = 557850888, .status = AVAILABLE, .value = {.int32Values = [1]{0}, .floatValues = [0]{}, .int64Values = [0]{}, .bytes = [0]{}, .stringValue = ""}}
12-30 10:24:34.609   398   464 I DefaultVehicleHal_v2_0: DefaultVehicleHal::onPropertyValue, value:{.timestamp = 6410431497095, .areaId = 0, .prop = 557850888, .status = AVAILABLE, .value = {.int32Values = [1]{0}, .floatValues = [0]{}, .int64Values = [0]{}, .bytes = [0]{}, .stringValue = ""}}
12-30 10:24:34.609   398   464 D DiagPropHandler: is not DiagnosticConfig: 0x21402108
12-30 10:24:34.609   398   464 I VehiclePropertyStore: begin to write value to Store: {.timestamp = 6410431497095, .areaId = 0, .prop = 557850888, .status = AVAILABLE, .value = {.int32Values = [1]{0}, .floatValues = [0]{}, .int64Values = [0]{}, .bytes = [0]{}, .stringValue = ""}}
12-30 10:24:34.609   398   464 D adayocomadapter-CommunicationManager: onUpstreamReceive mPropertyId 0x21402108
12-30 10:24:34.609   398   464 D adayocomadapter-CommunicationManager: onUpstreamReceive mPropertyId 0x2140210a
12-30 10:24:34.609   398   464 D adayocomadapter-CommunicationManager: convertBytesToInt32Memcpy  0
12-30 10:24:34.609   398   464 I vw-vhal : notifyVehicleProperty, propId = 0x2140210a, data = {status: 2, int32Values: [0]}
12-30 10:24:34.609   398   464 I vw-vhal : CanSignalsAdapter::notifyVehicleProperty: solvedValue = {.timestamp = 6410431685428, .areaId = 0, .prop = 557850890, .status = AVAILABLE, .value = {.int32Values = [1]{0}, .floatValues = [0]{}, .int64Values = [0]{}, .bytes = [0]{}, .stringValue = ""}}
12-30 10:24:34.609   398   464 I VehiclePropertyStore: begin to write value to Store: {.timestamp = 6410431685428, .areaId = 0, .prop = 557850890, .status = AVAILABLE, .value = {.int32Values = [1]{0}, .floatValues = [0]{}, .int64Values = [0]{}, .bytes = [0]{}, .stringValue = ""}}
12-30 10:24:34.609   398   464 I DefaultVehicleHal_v2_0: DefaultVehicleHal::onPropertyValue, value:{.timestamp = 6410431685428, .areaId = 0, .prop = 557850890, .status = AVAILABLE, .value = {.int32Values = [1]{0}, .floatValues = [0]{}, .int64Values = [0]{}, .bytes = [0]{}, .stringValue = ""}}
12-30 10:24:34.609   398   464 D DiagPropHandler: is not DiagnosticConfig: 0x2140210a
12-30 10:24:34.609   398   464 I VehiclePropertyStore: begin to write value to Store: {.timestamp = 6410431685428, .areaId = 0, .prop = 557850890, .status = AVAILABLE, .value = {.int32Values = [1]{0}, .floatValues = [0]{}, .int64Values = [0]{}, .bytes = [0]{}, .stringValue = ""}}
12-30 10:24:34.609   398   464 D adayocomadapter-CommunicationManager: onUpstreamReceive mPropertyId 0x2140210a
12-30 10:24:34.609   398   464 D adayocomadapter-CommunicationManager: onUpstreamReceive mPropertyId 0x21402024
12-30 10:24:34.609   398   464 D adayocomadapter-CommunicationManager: convertBytesToInt32Memcpy  0
12-30 10:24:34.610   398   464 I vw-vhal : notifyVehicleProperty, propId = 0x21402024, data = {status: 2, int32Values: [0]}
12-30 10:24:34.610   398   464 I vw-vhal : CanSignalsAdapter::notifyVehicleProperty: solvedValue = {.timestamp = 6410431876095, .areaId = 0, .prop = 557850660, .status = AVAILABLE, .value = {.int32Values = [1]{0}, .floatValues = [0]{}, .int64Values = [0]{}, .bytes = [0]{}, .stringValue = ""}}
12-30 10:24:34.610   398   464 I VehiclePropertyStore: begin to write value to Store: {.timestamp = 6410431876095, .areaId = 0, .prop = 557850660, .status = AVAILABLE, .value = {.int32Values = [1]{0}, .floatValues = [0]{}, .int64Values = [0]{}, .bytes = [0]{}, .stringValue = ""}}
12-30 10:24:34.610   398   464 I DefaultVehicleHal_v2_0: DefaultVehicleHal::onPropertyValue, value:{.timestamp = 6410431876095, .areaId = 0, .prop = 557850660, .status = AVAILABLE, .value = {.int32Values = [1]{0}, .floatValues = [0]{}, .int64Values = [0]{}, .bytes = [0]{}, .stringValue = ""}}
12-30 10:24:34.610   398   464 D DiagPropHandler: is not DiagnosticConfig: 0x21402024
12-30 10:24:34.610   398   464 I VehiclePropertyStore: begin to write value to Store: {.timestamp = 6410431876095, .areaId = 0, .prop = 557850660, .status = AVAILABLE, .value = {.int32Values = [1]{0}, .floatValues = [0]{}, .int64Values = [0]{}, .bytes = [0]{}, .stringValue = ""}}
12-30 10:24:34.610   398   464 D adayocomadapter-CommunicationManager: onUpstreamReceive mPropertyId 0x21402024
12-30 10:24:34.610   398   464 D adayocomadapter-CommunicationManager: onUpstreamReceive mPropertyId 0x21402120
12-30 10:24:34.610   398   464 D adayocomadapter-CommunicationManager: convertBytesToInt32Memcpy  0
12-30 10:24:34.610   398   464 I vw-vhal : notifyVehicleProperty, propId = 0x21402120, data = {status: 2, int32Values: [0]}
12-30 10:24:34.610   398   464 I vw-vhal : CanSignalsAdapter::notifyVehicleProperty: solvedValue = {.timestamp = 6410432136095, .areaId = 0, .prop = 557850912, .status = AVAILABLE, .value = {.int32Values = [1]{0}, .floatValues = [0]{}, .int64Values = [0]{}, .bytes = [0]{}, .stringValue = ""}}
12-30 10:24:34.610   398   464 I VehiclePropertyStore: begin to write value to Store: {.timestamp = 6410432136095, .areaId = 0, .prop = 557850912, .status = AVAILABLE, .value = {.int32Values = [1]{0}, .floatValues = [0]{}, .int64Values = [0]{}, .bytes = [0]{}, .stringValue = ""}}
12-30 10:24:34.610   398   464 I DefaultVehicleHal_v2_0: DefaultVehicleHal::onPropertyValue, value:{.timestamp = 6410432136095, .areaId = 0, .prop = 557850912, .status = AVAILABLE, .value = {.int32Values = [1]{0}, .floatValues = [0]{}, .int64Values = [0]{}, .bytes = [0]{}, .stringValue = ""}}
12-30 10:24:34.610   398   464 D DiagPropHandler: is not DiagnosticConfig: 0x21402120
12-30 10:24:34.610   398   464 I VehiclePropertyStore: begin to write value to Store: {.timestamp = 6410432136095, .areaId = 0, .prop = 557850912, .status = AVAILABLE, .value = {.int32Values = [1]{0}, .floatValues = [0]{}, .int64Values = [0]{}, .bytes = [0]{}, .stringValue = ""}}
12-30 10:24:34.610   398   464 D adayocomadapter-CommunicationManager: onUpstreamReceive mPropertyId 0x21402120
12-30 10:24:34.610   398   464 D adayocomadapter-CommunicationManager: onUpstreamReceive mPropertyId 0x21402109
12-30 10:24:34.610   398   464 D adayocomadapter-CommunicationManager: convertBytesToInt32Memcpy  0
12-30 10:24:34.610   398   464 I vw-vhal : notifyVehicleProperty, propId = 0x21402109, data = {status: 2, int32Values: [0]}
12-30 10:24:34.610   398   464 I vw-vhal : CanSignalsAdapter::notifyVehicleProperty: solvedValue = {.timestamp = 6410432332095, .areaId = 0, .prop = 557850889, .status = AVAILABLE, .value = {.int32Values = [1]{0}, .floatValues = [0]{}, .int64Values = [0]{}, .bytes = [0]{}, .stringValue = ""}}
12-30 10:24:34.610   398   464 I VehiclePropertyStore: begin to write value to Store: {.timestamp = 6410432332095, .areaId = 0, .prop = 557850889, .status = AVAILABLE, .value = {.int32Values = [1]{0}, .floatValues = [0]{}, .int64Values = [0]{}, .bytes = [0]{}, .stringValue = ""}}
12-30 10:24:34.610   398   464 I DefaultVehicleHal_v2_0: DefaultVehicleHal::onPropertyValue, value:{.timestamp = 6410432332095, .areaId = 0, .prop = 557850889, .status = AVAILABLE, .value = {.int32Values = [1]{0}, .floatValues = [0]{}, .int64Values = [0]{}, .bytes = [0]{}, .stringValue = ""}}
12-30 10:24:34.610   398   464 D DiagPropHandler: is not DiagnosticConfig: 0x21402109
12-30 10:24:34.610   398   464 I VehiclePropertyStore: begin to write value to Store: {.timestamp = 6410432332095, .areaId = 0, .prop = 557850889, .status = AVAILABLE, .value = {.int32Values = [1]{0}, .floatValues = [0]{}, .int64Values = [0]{}, .bytes = [0]{}, .stringValue = ""}}
12-30 10:24:34.610   398   464 D adayocomadapter-CommunicationManager: onUpstreamReceive mPropertyId 0x21402109
12-30 10:24:34.610   398   464 D adayocomadapter-CommunicationManager: onUpstreamReceive mPropertyId 0x214020a7
12-30 10:24:34.610   398   464 D adayocomadapter-CommunicationManager: convertBytesToInt32Memcpy  0
12-30 10:24:34.610   398   464 I vw-vhal : notifyVehicleProperty, propId = 0x214020a7, data = {status: 2, int32Values: [0]}
12-30 10:24:34.610   398   464 I vw-vhal : CanSignalsAdapter::notifyVehicleProperty: solvedValue = {.timestamp = 6410432530095, .areaId = 0, .prop = 557850791, .status = AVAILABLE, .value = {.int32Values = [1]{0}, .floatValues = [0]{}, .int64Values = [0]{}, .bytes = [0]{}, .stringValue = ""}}
12-30 10:24:34.610   398   464 I VehiclePropertyStore: begin to write value to Store: {.timestamp = 6410432530095, .areaId = 0, .prop = 557850791, .status = AVAILABLE, .value = {.int32Values = [1]{0}, .floatValues = [0]{}, .int64Values = [0]{}, .bytes = [0]{}, .stringValue = ""}}
12-30 10:24:34.610   398   464 I DefaultVehicleHal_v2_0: DefaultVehicleHal::onPropertyValue, value:{.timestamp = 6410432530095, .areaId = 0, .prop = 557850791, .status = AVAILABLE, .value = {.int32Values = [1]{0}, .floatValues = [0]{}, .int64Values = [0]{}, .bytes = [0]{}, .stringValue = ""}}
12-30 10:24:34.610   398   464 D DiagPropHandler: is not DiagnosticConfig: 0x214020a7
12-30 10:24:34.610   398   464 I VehiclePropertyStore: begin to write value to Store: {.timestamp = 6410432530095, .areaId = 0, .prop = 557850791, .status = AVAILABLE, .value = {.int32Values = [1]{0}, .floatValues = [0]{}, .int64Values = [0]{}, .bytes = [0]{}, .stringValue = ""}}
12-30 10:24:34.610   398   464 D adayocomadapter-CommunicationManager: onUpstreamReceive mPropertyId 0x214020a7
12-30 10:24:34.610   398   464 D adayocomadapter-CommunicationManager: onUpstreamReceive mPropertyId 0x2140212e
12-30 10:24:34.610   398   464 D adayocomadapter-CommunicationManager: convertBytesToInt32Memcpy  0
12-30 10:24:34.610   398   464 I vw-vhal : notifyVehicleProperty, propId = 0x2140212e, data = {status: 2, int32Values: [0]}
12-30 10:24:34.610   398   464 I vw-vhal : CanSignalsAdapter::notifyVehicleProperty: solvedValue = {.timestamp = 6410432725428, .areaId = 0, .prop = 557850926, .status = AVAILABLE, .value = {.int32Values = [1]{0}, .floatValues = [0]{}, .int64Values = [0]{}, .bytes = [0]{}, .stringValue = ""}}
12-30 10:24:34.610   398   464 I VehiclePropertyStore: begin to write value to Store: {.timestamp = 6410432725428, .areaId = 0, .prop = 557850926, .status = AVAILABLE, .value = {.int32Values = [1]{0}, .floatValues = [0]{}, .int64Values = [0]{}, .bytes = [0]{}, .stringValue = ""}}
12-30 10:24:34.610   398   464 I DefaultVehicleHal_v2_0: DefaultVehicleHal::onPropertyValue, value:{.timestamp = 6410432725428, .areaId = 0, .prop = 557850926, .status = AVAILABLE, .value = {.int32Values = [1]{0}, .floatValues = [0]{}, .int64Values = [0]{}, .bytes = [0]{}, .stringValue = ""}}
12-30 10:24:34.610   398   464 D DiagPropHandler: is not DiagnosticConfig: 0x2140212e
12-30 10:24:34.610   398   464 I VehiclePropertyStore: begin to write value to Store: {.timestamp = 6410432725428, .areaId = 0, .prop = 557850926, .status = AVAILABLE, .value = {.int32Values = [1]{0}, .floatValues = [0]{}, .int64Values = [0]{}, .bytes = [0]{}, .stringValue = ""}}
12-30 10:24:34.611   398   464 D adayocomadapter-CommunicationManager: onUpstreamReceive mPropertyId 0x2140212e
12-30 10:24:34.611   398   464 D adayocomadapter-CommunicationManager: onUpstreamReceive mPropertyId 0x2140205f
12-30 10:24:34.611   398   464 D adayocomadapter-CommunicationManager: convertBytesToInt32Memcpy  0
