12-30 10:24:38.451   398   464 I VehiclePropertyStore: begin to write value to Store: {.timestamp = 6414272822429, .areaId = 0, .prop = 557850880, .status = AVAILABLE, .value = {.int32Values = [1]{0}, .floatValues = [0]{}, .int64Values = [0]{}, .bytes = [0]{}, .stringValue = ""}}
12-30 10:24:38.451   398   464 I DefaultVehicleHal_v2_0: DefaultVehicleHal::onPropertyValue, value:{.timestamp = 6414272822429, .areaId = 0, .prop = 557850880, .status = AVAILABLE, .value = {.int32Values = [1]{0}, .floatValues = [0]{}, .int64Values = [0]{}, .bytes = [0]{}, .stringValue = ""}}
12-30 10:24:38.451   398   464 D DiagPropHandler: is not DiagnosticConfig: 0x21402100
12-30 10:24:38.451   398   464 I VehiclePropertyStore: begin to write value to Store: {.timestamp = 6414272822429, .areaId = 0, .prop = 557850880, .status = AVAILABLE, .value = {.int32Values = [1]{0}, .floatValues = [0]{}, .int64Values = [0]{}, .bytes = [0]{}, .stringValue = ""}}
12-30 10:24:38.451   398   464 D adayocomadapter-CommunicationManager: onUpstreamReceive mPropertyId 0x21402100
12-30 10:24:38.451   398   464 D adayocomadapter-CommunicationManager: onUpstreamReceive mPropertyId 0x214021a1
12-30 10:24:38.451   398   464 D adayocomadapter-CommunicationManager: convertBytesToInt32Memcpy  0
12-30 10:24:38.451   398   464 I vw-vhal : notifyVehicleProperty, propId = 0x214021a1, data = {status: 2, int32Values: [0]}
12-30 10:24:38.451  2358  2623 D RcfController: Rcf proxy is not connected!
12-30 10:24:38.451   398   464 I vw-vhal : CanSignalsAdapter::notifyVehicleProperty: solvedValue = {.timestamp = 6414273483096, .areaId = 0, .prop = 557851041, .status = AVAILABLE, .value = {.int32Values = [1]{0}, .floatValues = [0]{}, .int64Values = [0]{}, .bytes = [0]{}, .stringValue = ""}}
12-30 10:24:38.451   398   464 I VehiclePropertyStore: begin to write value to Store: {.timestamp = 6414273483096, .areaId = 0, .prop = 557851041, .status = AVAILABLE, .value = {.int32Values = [1]{0}, .floatValues = [0]{}, .int64Values = [0]{}, .bytes = [0]{}, .stringValue = ""}}
12-30 10:24:38.451   398   464 I DefaultVehicleHal_v2_0: DefaultVehicleHal::onPropertyValue, value:{.timestamp = 6414273483096, .areaId = 0, .prop = 557851041, .status = AVAILABLE, .value = {.int32Values = [1]{0}, .floatValues = [0]{}, .int64Values = [0]{}, .bytes = [0]{}, .stringValue = ""}}
12-30 10:24:38.451   398   464 D DiagPropHandler: is not DiagnosticConfig: 0x214021a1
12-30 10:24:38.451   398   464 I VehiclePropertyStore: begin to write value to Store: {.timestamp = 6414273483096, .areaId = 0, .prop = 557851041, .status = AVAILABLE, .value = {.int32Values = [1]{0}, .floatValues = [0]{}, .int64Values = [0]{}, .bytes = [0]{}, .stringValue = ""}}
12-30 10:24:38.452   398   464 D adayocomadapter-CommunicationManager: onUpstreamReceive mPropertyId 0x214021a1
12-30 10:24:38.452   398   464 D adayocomadapter-CommunicationManager: onUpstreamReceive mPropertyId 0x21402027
12-30 10:24:38.452   398   464 D adayocomadapter-CommunicationManager: convertBytesToInt32Memcpy  0
12-30 10:24:38.452   398   464 I vw-vhal : notifyVehicleProperty, propId = 0x21402027, data = {status: 2, int32Values: [0]}
12-30 10:24:38.452   398   464 I vw-vhal : CanSignalsAdapter::notifyVehicleProperty: solvedValue = {.timestamp = 6414274126429, .areaId = 0, .prop = 557850663, .status = AVAILABLE, .value = {.int32Values = [1]{0}, .floatValues = [0]{}, .int64Values = [0]{}, .bytes = [0]{}, .stringValue = ""}}
12-30 10:24:38.452   398   464 I VehiclePropertyStore: begin to write value to Store: {.timestamp = 6414274126429, .areaId = 0, .prop = 557850663, .status = AVAILABLE, .value = {.int32Values = [1]{0}, .floatValues = [0]{}, .int64Values = [0]{}, .bytes = [0]{}, .stringValue = ""}}
12-30 10:24:38.452   398   464 I DefaultVehicleHal_v2_0: DefaultVehicleHal::onPropertyValue, value:{.timestamp = 6414274126429, .areaId = 0, .prop = 557850663, .status = AVAILABLE, .value = {.int32Values = [1]{0}, .floatValues = [0]{}, .int64Values = [0]{}, .bytes = [0]{}, .stringValue = ""}}
12-30 10:24:38.452   398   464 D DiagPropHandler: is not DiagnosticConfig: 0x21402027
12-30 10:24:38.452   398   464 I VehiclePropertyStore: begin to write value to Store: {.timestamp = 6414274126429, .areaId = 0, .prop = 557850663, .status = AVAILABLE, .value = {.int32Values = [1]{0}, .floatValues = [0]{}, .int64Values = [0]{}, .bytes = [0]{}, .stringValue = ""}}
12-30 10:24:38.452   398   464 D adayocomadapter-CommunicationManager: onUpstreamReceive mPropertyId 0x21402027
12-30 10:24:38.452   398   464 D adayocomadapter-CommunicationManager: onUpstreamReceive mPropertyId 0x21402180
12-30 10:24:38.452   398   464 D adayocomadapter-CommunicationManager: convertBytesToInt32Memcpy  0
12-30 10:24:38.452   398   464 I vw-vhal : notifyVehicleProperty, propId = 0x21402180, data = {status: 2, int32Values: [0]}
12-30 10:24:38.452   398   464 I vw-vhal : CanSignalsAdapter::notifyVehicleProperty: solvedValue = {.timestamp = 6414274780429, .areaId = 0, .prop = 557851008, .status = AVAILABLE, .value = {.int32Values = [1]{0}, .floatValues = [0]{}, .int64Values = [0]{}, .bytes = [0]{}, .stringValue = ""}}
12-30 10:24:38.453   398   464 I VehiclePropertyStore: begin to write value to Store: {.timestamp = 6414274780429, .areaId = 0, .prop = 557851008, .status = AVAILABLE, .value = {.int32Values = [1]{0}, .floatValues = [0]{}, .int64Values = [0]{}, .bytes = [0]{}, .stringValue = ""}}
12-30 10:24:38.453   398   464 I DefaultVehicleHal_v2_0: DefaultVehicleHal::onPropertyValue, value:{.timestamp = 6414274780429, .areaId = 0, .prop = 557851008, .status = AVAILABLE, .value = {.int32Values = [1]{0}, .floatValues = [0]{}, .int64Values = [0]{}, .bytes = [0]{}, .stringValue = ""}}
12-30 10:24:38.453   398   464 D DiagPropHandler: is not DiagnosticConfig: 0x21402180
12-30 10:24:38.453   398   464 I VehiclePropertyStore: begin to write value to Store: {.timestamp = 6414274780429, .areaId = 0, .prop = 557851008, .status = AVAILABLE, .value = {.int32Values = [1]{0}, .floatValues = [0]{}, .int64Values = [0]{}, .bytes = [0]{}, .stringValue = ""}}
12-30 10:24:38.453   398   464 D adayocomadapter-CommunicationManager: onUpstreamReceive mPropertyId 0x21402180
12-30 10:24:38.453   398   464 D adayocomadapter-CommunicationManager: onUpstreamReceive mPropertyId 0x2140210b
12-30 10:24:38.453   398   464 D adayocomadapter-CommunicationManager: convertBytesToInt32Memcpy  0
12-30 10:24:38.453   398   464 I vw-vhal : notifyVehicleProperty, propId = 0x2140210b, data = {status: 2, int32Values: [0]}
12-30 10:24:38.453   398   464 I vw-vhal : CanSignalsAdapter::notifyVehicleProperty: solvedValue = {.timestamp = 6414275586429, .areaId = 0, .prop = 557850891, .status = AVAILABLE, .value = {.int32Values = [1]{0}, .floatValues = [0]{}, .int64Values = [0]{}, .bytes = [0]{}, .stringValue = ""}}
12-30 10:24:38.453   398   464 I VehiclePropertyStore: begin to write value to Store: {.timestamp = 6414275586429, .areaId = 0, .prop = 557850891, .status = AVAILABLE, .value = {.int32Values = [1]{0}, .floatValues = [0]{}, .int64Values = [0]{}, .bytes = [0]{}, .stringValue = ""}}
12-30 10:24:38.453   398   464 I DefaultVehicleHal_v2_0: DefaultVehicleHal::onPropertyValue, value:{.timestamp = 6414275586429, .areaId = 0, .prop = 557850891, .status = AVAILABLE, .value = {.int32Values = [1]{0}, .floatValues = [0]{}, .int64Values = [0]{}, .bytes = [0]{}, .stringValue = ""}}
12-30 10:24:38.454   398   464 D DiagPropHandler: is not DiagnosticConfig: 0x2140210b
12-30 10:24:38.454   398   464 I VehiclePropertyStore: begin to write value to Store: {.timestamp = 6414275586429, .areaId = 0, .prop = 557850891, .status = AVAILABLE, .value = {.int32Values = [1]{0}, .floatValues = [0]{}, .int64Values = [0]{}, .bytes = [0]{}, .stringValue = ""}}
12-30 10:24:38.454   398   464 D adayocomadapter-CommunicationManager: onUpstreamReceive mPropertyId 0x2140210b
12-30 10:24:38.454   398   464 D adayocomadapter-CommunicationManager: onUpstreamReceive mPropertyId 0x2140217e
12-30 10:24:38.454   398   464 D adayocomadapter-CommunicationManager: convertBytesToInt32Memcpy  0
12-30 10:24:38.454   360   931 D EvsDriver: forwardFrame
12-30 10:24:38.454   398   464 I vw-vhal : notifyVehicleProperty, propId = 0x2140217e, data = {status: 2, int32Values: [0]}
12-30 10:24:38.454   360   931 D EvsDriver: forwardFrameDirect
12-30 10:24:38.454   398   464 I vw-vhal : CanSignalsAdapter::notifyVehicleProperty: solvedValue = {.timestamp = 6414276272096, .areaId = 0, .prop = 557851006, .status = AVAILABLE, .value = {.int32Values = [1]{0}, .floatValues = [0]{}, .int64Values = [0]{}, .bytes = [0]{}, .stringValue = ""}}
12-30 10:24:38.454   398   464 I VehiclePropertyStore: begin to write value to Store: {.timestamp = 6414276272096, .areaId = 0, .prop = 557851006, .status = AVAILABLE, .value = {.int32Values = [1]{0}, .floatValues = [0]{}, .int64Values = [0]{}, .bytes = [0]{}, .stringValue = ""}}
12-30 10:24:38.454   398   464 I DefaultVehicleHal_v2_0: DefaultVehicleHal::onPropertyValue, value:{.timestamp = 6414276272096, .areaId = 0, .prop = 557851006, .status = AVAILABLE, .value = {.int32Values = [1]{0}, .floatValues = [0]{}, .int64Values = [0]{}, .bytes = [0]{}, .stringValue = ""}}
12-30 10:24:38.454   398   464 D DiagPropHandler: is not DiagnosticConfig: 0x2140217e
12-30 10:24:38.454   360   931 D EvsDriver: Delivered 0xb400e2ca9e40d4b0 as id 1
12-30 10:24:38.454   398   464 I VehiclePropertyStore: begin to write value to Store: {.timestamp = 6414276272096, .areaId = 0, .prop = 557851006, .status = AVAILABLE, .value = {.int32Values = [1]{0}, .floatValues = [0]{}, .int64Values = [0]{}, .bytes = [0]{}, .stringValue = ""}}
12-30 10:24:38.454   398   464 D adayocomadapter-CommunicationManager: onUpstreamReceive mPropertyId 0x2140217e
12-30 10:24:38.454   398   464 D adayocomadapter-CommunicationManager: onUpstreamReceive mPropertyId 0x214020fe
12-30 10:24:38.454   359  2784 D evsmanagerd: /dev/video-evs0 forwarded the buffer #1 to 0xb400f125d2b26dd0 from 0xb400f125e2b20710
12-30 10:24:38.454   398   464 D adayocomadapter-CommunicationManager: convertBytesToInt32Memcpy  0
12-30 10:24:38.455   398   464 I vw-vhal : notifyVehicleProperty, propId = 0x214020fe, data = {status: 2, int32Values: [0]}
12-30 10:24:38.455   398   464 I vw-vhal : CanSignalsAdapter::notifyVehicleProperty: solvedValue = {.timestamp = 6414276959429, .areaId = 0, .prop = 557850878, .status = AVAILABLE, .value = {.int32Values = [1]{0}, .floatValues = [0]{}, .int64Values = [0]{}, .bytes = [0]{}, .stringValue = ""}}
12-30 10:24:38.455   398   464 I VehiclePropertyStore: begin to write value to Store: {.timestamp = 6414276959429, .areaId = 0, .prop = 557850878, .status = AVAILABLE, .value = {.int32Values = [1]{0}, .floatValues = [0]{}, .int64Values = [0]{}, .bytes = [0]{}, .stringValue = ""}}
12-30 10:24:38.455   398   464 I DefaultVehicleHal_v2_0: DefaultVehicleHal::onPropertyValue, value:{.timestamp = 6414276959429, .areaId = 0, .prop = 557850878, .status = AVAILABLE, .value = {.int32Values = [1]{0}, .floatValues = [0]{}, .int64Values = [0]{}, .bytes = [0]{}, .stringValue = ""}}
12-30 10:24:38.455   398   464 D DiagPropHandler: is not DiagnosticConfig: 0x214020fe
12-30 10:24:38.455   398   464 I VehiclePropertyStore: begin to write value to Store: {.timestamp = 6414276959429, .areaId = 0, .prop = 557850878, .status = AVAILABLE, .value = {.int32Values = [1]{0}, .floatValues = [0]{}, .int64Values = [0]{}, .bytes = [0]{}, .stringValue = ""}}
12-30 10:24:38.455   398   464 D adayocomadapter-CommunicationManager: onUpstreamReceive mPropertyId 0x214020fe
12-30 10:24:38.455   398   464 D adayocomadapter-CommunicationManager: onUpstreamReceive mPropertyId 0x214020ff
12-30 10:24:38.455   398   464 D adayocomadapter-CommunicationManager: convertBytesToInt32Memcpy  0
12-30 10:24:38.455   398   464 I vw-vhal : notifyVehicleProperty, propId = 0x214020ff, data = {status: 2, int32Values: [0]}
12-30 10:24:38.455   398   464 I vw-vhal : CanSignalsAdapter::notifyVehicleProperty: solvedValue = {.timestamp = 6414277629096, .areaId = 0, .prop = 557850879, .status = AVAILABLE, .value = {.int32Values = [1]{0}, .floatValues = [0]{}, .int64Values = [0]{}, .bytes = [0]{}, .stringValue = ""}}
12-30 10:24:38.455   398   464 I VehiclePropertyStore: begin to write value to Store: {.timestamp = 6414277629096, .areaId = 0, .prop = 557850879, .status = AVAILABLE, .value = {.int32Values = [1]{0}, .floatValues = [0]{}, .int64Values = [0]{}, .bytes = [0]{}, .stringValue = ""}}
12-30 10:24:38.455   398   464 I DefaultVehicleHal_v2_0: DefaultVehicleHal::onPropertyValue, value:{.timestamp = 6414277629096, .areaId = 0, .prop = 557850879, .status = AVAILABLE, .value = {.int32Values = [1]{0}, .floatValues = [0]{}, .int64Values = [0]{}, .bytes = [0]{}, .stringValue = ""}}
12-30 10:24:38.456   398   464 D DiagPropHandler: is not DiagnosticConfig: 0x214020ff
12-30 10:24:38.456   398   464 I VehiclePropertyStore: begin to write value to Store: {.timestamp = 6414277629096, .areaId = 0, .prop = 557850879, .status = AVAILABLE, .value = {.int32Values = [1]{0}, .floatValues = [0]{}, .int64Values = [0]{}, .bytes = [0]{}, .stringValue = ""}}
12-30 10:24:38.456   398   464 D adayocomadapter-CommunicationManager: onUpstreamReceive mPropertyId 0x214020ff
12-30 10:24:38.456   398   464 D adayocomadapter-CommunicationManager: onUpstreamReceive mPropertyId 0x21402182
12-30 10:24:38.456   398   464 D adayocomadapter-CommunicationManager: convertBytesToInt32Memcpy  0
12-30 10:24:38.456   398   464 I vw-vhal : notifyVehicleProperty, propId = 0x21402182, data = {status: 2, int32Values: [0]}
12-30 10:24:38.456   398   464 I vw-vhal : CanSignalsAdapter::notifyVehicleProperty: solvedValue = {.timestamp = 6414278257429, .areaId = 0, .prop = 557851010, .status = AVAILABLE, .value = {.int32Values = [1]{0}, .floatValues = [0]{}, .int64Values = [0]{}, .bytes = [0]{}, .stringValue = ""}}
12-30 10:24:38.456   398   464 I VehiclePropertyStore: begin to write value to Store: {.timestamp = 6414278257429, .areaId = 0, .prop = 557851010, .status = AVAILABLE, .value = {.int32Values = [1]{0}, .floatValues = [0]{}, .int64Values = [0]{}, .bytes = [0]{}, .stringValue = ""}}
12-30 10:24:38.456   398   464 I DefaultVehicleHal_v2_0: DefaultVehicleHal::onPropertyValue, value:{.timestamp = 6414278257429, .areaId = 0, .prop = 557851010, .status = AVAILABLE, .value = {.int32Values = [1]{0}, .floatValues = [0]{}, .int64Values = [0]{}, .bytes = [0]{}, .stringValue = ""}}
12-30 10:24:38.456   398   464 D DiagPropHandler: is not DiagnosticConfig: 0x21402182
12-30 10:24:38.456   398   464 I VehiclePropertyStore: begin to write value to Store: {.timestamp = 6414278257429, .areaId = 0, .prop = 557851010, .status = AVAILABLE, .value = {.int32Values = [1]{0}, .floatValues = [0]{}, .int64Values = [0]{}, .bytes = [0]{}, .stringValue = ""}}
12-30 10:24:38.456   398   464 D adayocomadapter-CommunicationManager: onUpstreamReceive mPropertyId 0x21402182
12-30 10:24:38.464   360   458 D EvsDriver: doneWithFrame
12-30 10:24:38.474  1667  2513 W ContextImpl: Calling a method in the system process without a qualified user: android.app.ContextImpl.bindService:1988 android.content.ContextWrapper.bindService:861 com.ford.sync.fnvservice.analytics.AnalyticsManager$RetryHandler.a:126 com.ford.sync.fnvservice.analytics.AnalyticsManager$RetryHandler.handleMessage:103 android.os.Handler.dispatchMessage:106 
12-30 10:24:38.475   916  3726 W ActivityManager: Unable to start service Intent { cmp=com.ford.sync.fnvservice/.analytics.AnalyticsService } U=0: not found
12-30 10:24:38.475  1667  2513 W AnalyticsManager:  bind ford Analytics failed -> sendRetryMessage 
12-30 10:24:38.484   596  3076 E WifiHAL : Invalid data received from driver
12-30 10:24:38.487   360   931 D EvsDriver: forwardFrame
12-30 10:24:38.487   360   931 D EvsDriver: forwardFrameDirect
12-30 10:24:38.487   360   931 D EvsDriver: Delivered 0xb400e2ca9e40c2d0 as id 0
12-30 10:24:38.488   359  2784 D evsmanagerd: /dev/video-evs0 forwarded the buffer #0 to 0xb400f125d2b26dd0 from 0xb400f125e2b20710
12-30 10:24:38.494   360   458 D EvsDriver: doneWithFrame
12-30 10:24:38.501  2358  2623 D RcfController: Rcf proxy is not connected!
12-30 10:24:38.520   360   931 D EvsDriver: forwardFrame
12-30 10:24:38.520   360   931 D EvsDriver: forwardFrameDirect
12-30 10:24:38.521   360   931 D EvsDriver: Delivered 0xb400e2ca9e40d090 as id 1
12-30 10:24:38.521   359  2784 D evsmanagerd: /dev/video-evs0 forwarded the buffer #1 to 0xb400f125d2b26dd0 from 0xb400f125e2b20710
12-30 10:24:38.524   360   458 D EvsDriver: doneWithFrame
12-30 10:24:38.529   596  3076 E WifiHAL : Invalid data received from driver
12-30 10:24:38.552  2358  2623 D RcfController: Rcf proxy is not connected!
12-30 10:24:38.554   360   931 D EvsDriver: forwardFrame
12-30 10:24:38.554   360   931 D EvsDriver: forwardFrameDirect
12-30 10:24:38.554   360   931 D EvsDriver: Delivered 0xb400e2ca9e40e110 as id 0
12-30 10:24:38.554   359  2784 D evsmanagerd: /dev/video-evs0 forwarded the buffer #0 to 0xb400f125d2b26dd0 from 0xb400f125e2b20710
12-30 10:24:38.565   360   458 D EvsDriver: doneWithFrame
12-30 10:24:38.587   360   931 D EvsDriver: forwardFrame
12-30 10:24:38.587   360   931 D EvsDriver: forwardFrameDirect
12-30 10:24:38.587   360   931 D EvsDriver: Delivered 0xb400e2ca9e40c7a0 as id 1
12-30 10:24:38.588   359  2784 D evsmanagerd: /dev/video-evs0 forwarded the buffer #1 to 0xb400f125d2b26dd0 from 0xb400f125e2b20710
12-30 10:24:38.588   650   729 D fgemcucomm: sd Uart data : 6AA602C854000292024C
12-30 10:24:38.588   650   729 D fgemcucomm: rev uart=53053,len=43, data : 6AA681C8540023920200140000000000000000000000000000000000000000000000000000000000000098
12-30 10:24:38.588   398   882 D adayocomadapter-ParseProtocolFunc: printRaWMsg Name[MCUToUPstream recv] len[35] data[9202001400000000000000000000000000000000000000000000000000000000000000]
12-30 10:24:38.588   398   882 D adayocomadapter-CommunicationManager: onUpstreamback   member[0] dataLength[32] timePoint[6414410]
12-30 10:24:38.589   398   882 D adayocomadapter-ParseProtocolFunc: printRaWMsg Name[onUpstreamback] len[32] data[1400000000000000000000000000000000000000000000000000000000000000]
12-30 10:24:38.589   398   464 D adayocomadapter-UpstreamHandler: processBeforePacket upSreamtProcessTimePoint[6414411] 
12-30 10:24:38.589   398   464 D adayocomadapter-UpstreamHandler: processPacket UPSTREAM_QUEUE_DATA_TIMEOUT
12-30 10:24:38.589   398   464 D adayocomadapter-ParseProtocolFunc: parseCommonIPCLBytes Processing tableNumber[20]
12-30 10:24:38.589   398   464 D adayocomadapter-ParseProtocolFunc: parseCommonIPCLBytes Processing tablename[Table-20] tableSize[32]
12-30 10:24:38.589   398   464 D adayocomadapter-ParseProtocolFunc: printRaWMsg Name[byteStream recv] len[32] data[1400000000000000000000000000000000000000000000000000000000000000]
12-30 10:24:38.589   398   464 D adayocomadapter-ParseProtocolFunc: printRaWMsg Name[IPCLtoVHAL] len[6] data[2140200F0000]
12-30 10:24:38.589   398   464 D adayocomadapter-ParseProtocolFunc: printRaWMsg Name[IPCLtoVHAL] len[6] data[214020B00000]
12-30 10:24:38.589   398   464 D adayocomadapter-ParseProtocolFunc: printRaWMsg Name[IPCLtoVHAL] len[8] data[2141201601000000]
12-30 10:24:38.589   398   464 D adayocomadapter-ParseProtocolFunc: printRaWMsg Name[IPCLtoVHAL] len[6] data[214020590000]
12-30 10:24:38.589   398   464 D adayocomadapter-ParseProtocolFunc: printRaWMsg Name[IPCLtoVHAL] len[6] data[2140201A0000]
12-30 10:24:38.589   398   464 D adayocomadapter-ParseProtocolFunc: printRaWMsg Name[IPCLtoVHAL] len[6] data[214020100000]
12-30 10:24:38.589   398   464 D adayocomadapter-ParseProtocolFunc: printRaWMsg Name[IPCLtoVHAL] len[6] data[214020550000]
12-30 10:24:38.589   398   464 D adayocomadapter-ParseProtocolFunc: printRaWMsg Name[IPCLtoVHAL] len[6] data[214020B10000]
12-30 10:24:38.590   398   464 D adayocomadapter-ParseProtocolFunc: printRaWMsg Name[IPCLtoVHAL] len[6] data[2140201B0000]
12-30 10:24:38.590   398   464 D adayocomadapter-ParseProtocolFunc: printRaWMsg Name[IPCLtoVHAL] len[6] data[214020180000]
12-30 10:24:38.590   398   464 D adayocomadapter-ParseProtocolFunc: printRaWMsg Name[IPCLtoVHAL] len[6] data[214021900000]
12-30 10:24:38.590   398   464 D adayocomadapter-ParseProtocolFunc: printRaWMsg Name[IPCLtoVHAL] len[6] data[214020210000]
12-30 10:24:38.590   398   464 D adayocomadapter-ParseProtocolFunc: printRaWMsg Name[IPCLtoVHAL] len[6] data[214021C80000]
12-30 10:24:38.590   398   464 D adayocomadapter-ParseProtocolFunc: printRaWMsg Name[IPCLtoVHAL] len[7] data[2140200A000000]
12-30 10:24:38.590   398   464 D adayocomadapter-ParseProtocolFunc: printRaWMsg Name[IPCLtoVHAL] len[6] data[2140223E0000]
12-30 10:24:38.590   398   464 D adayocomadapter-ParseProtocolFunc: printRaWMsg Name[IPCLtoVHAL] len[6] data[214021190000]
12-30 10:24:38.590   398   464 D adayocomadapter-ParseProtocolFunc: printRaWMsg Name[IPCLtoVHAL] len[6] data[214020050000]
12-30 10:24:38.590   398   464 D adayocomadapter-ParseProtocolFunc: printRaWMsg Name[IPCLtoVHAL] len[6] data[2140214E0000]
12-30 10:24:38.590   398   464 D adayocomadapter-ParseProtocolFunc: printRaWMsg Name[IPCLtoVHAL] len[6] data[214020560000]
12-30 10:24:38.590   398   464 D adayocomadapter-ParseProtocolFunc: printRaWMsg Name[IPCLtoVHAL] len[6] data[214020570000]
12-30 10:24:38.590   398   464 D adayocomadapter-ParseProtocolFunc: printRaWMsg Name[IPCLtoVHAL] len[6] data[214020580000]
12-30 10:24:38.590   398   464 D adayocomadapter-ParseProtocolFunc: printRaWMsg Name[IPCLtoVHAL] len[6] data[2140205A0000]
12-30 10:24:38.590   398   464 D adayocomadapter-ParseProtocolFunc: printRaWMsg Name[IPCLtoVHAL] len[6] data[2140205B0000]
12-30 10:24:38.590   398   464 D adayocomadapter-ParseProtocolFunc: printRaWMsg Name[IPCLtoVHAL] len[6] data[2140205C0000]
12-30 10:24:38.591   398   464 D adayocomadapter-ParseProtocolFunc: printRaWMsg Name[IPCLtoVHAL] len[6] data[2140218E0000]
12-30 10:24:38.591   398   464 D adayocomadapter-ParseProtocolFunc: printRaWMsg Name[IPCLtoVHAL] len[6] data[2140218F0000]
12-30 10:24:38.591   398   464 D adayocomadapter-ParseProtocolFunc: printRaWMsg Name[IPCLtoVHAL] len[6] data[214021910000]
12-30 10:24:38.591   398   464 D adayocomadapter-ParseProtocolFunc: printRaWMsg Name[IPCLtoVHAL] len[6] data[2140223D0000]
12-30 10:24:38.591   398   464 D adayocomadapter-CommunicationManager: onUpstreamReceive mPropertyId 0x2140200f
12-30 10:24:38.591   398   464 D adayocomadapter-CommunicationManager: convertBytesToInt32Memcpy  0
12-30 10:24:38.591   398   464 I vw-vhal : notifyVehicleProperty, propId = 0x2140200f, data = {status: 2, int32Values: [0]}
12-30 10:24:38.591   398   464 I vw-vhal : CanSignalsAdapter::notifyVehicleProperty: solvedValue = {.timestamp = 6414413281429, .areaId = 0, .prop = 557850639, .status = AVAILABLE, .value = {.int32Values = [1]{0}, .floatValues = [0]{}, .int64Values = [0]{}, .bytes = [0]{}, .stringValue = ""}}
12-30 10:24:38.591   398   464 I VehiclePropertyStore: begin to write value to Store: {.timestamp = 6414413281429, .areaId = 0, .prop = 557850639, .status = AVAILABLE, .value = {.int32Values = [1]{0}, .floatValues = [0]{}, .int64Values = [0]{}, .bytes = [0]{}, .stringValue = ""}}
12-30 10:24:38.591   398   464 I DefaultVehicleHal_v2_0: DefaultVehicleHal::onPropertyValue, value:{.timestamp = 6414413281429, .areaId = 0, .prop = 557850639, .status = AVAILABLE, .value = {.int32Values = [1]{0}, .floatValues = [0]{}, .int64Values = [0]{}, .bytes = [0]{}, .stringValue = ""}}
12-30 10:24:38.591   398   464 D DiagPropHandler: is not DiagnosticConfig: 0x2140200f
12-30 10:24:38.591   398   464 I VehiclePropertyStore: begin to write value to Store: {.timestamp = 6414413281429, .areaId = 0, .prop = 557850639, .status = AVAILABLE, .value = {.int32Values = [1]{0}, .floatValues = [0]{}, .int64Values = [0]{}, .bytes = [0]{}, .stringValue = ""}}
12-30 10:24:38.591   398   464 D adayocomadapter-CommunicationManager: onUpstreamReceive mPropertyId 0x2140200f
12-30 10:24:38.591   398   464 D adayocomadapter-CommunicationManager: onUpstreamReceive mPropertyId 0x214020b0
12-30 10:24:38.591   398   464 D adayocomadapter-CommunicationManager: convertBytesToInt32Memcpy  0
12-30 10:24:38.592   398   464 I vw-vhal : notifyVehicleProperty, propId = 0x214020b0, data = {status: 2, int32Values: [0]}
12-30 10:24:38.592   398   464 I vw-vhal : CanSignalsAdapter::notifyVehicleProperty: solvedValue = {.timestamp = 6414413978762, .areaId = 0, .prop = 557850800, .status = AVAILABLE, .value = {.int32Values = [1]{0}, .floatValues = [0]{}, .int64Values = [0]{}, .bytes = [0]{}, .stringValue = ""}}
12-30 10:24:38.592   398   464 I VehiclePropertyStore: begin to write value to Store: {.timestamp = 6414413978762, .areaId = 0, .prop = 557850800, .status = AVAILABLE, .value = {.int32Values = [1]{0}, .floatValues = [0]{}, .int64Values = [0]{}, .bytes = [0]{}, .stringValue = ""}}
12-30 10:24:38.592   398   464 I DefaultVehicleHal_v2_0: DefaultVehicleHal::onPropertyValue, value:{.timestamp = 6414413978762, .areaId = 0, .prop = 557850800, .status = AVAILABLE, .value = {.int32Values = [1]{0}, .floatValues = [0]{}, .int64Values = [0]{}, .bytes = [0]{}, .stringValue = ""}}
12-30 10:24:38.592   398   464 D DiagPropHandler: is not DiagnosticConfig: 0x214020b0
12-30 10:24:38.592   398   464 I VehiclePropertyStore: begin to write value to Store: {.timestamp = 6414413978762, .areaId = 0, .prop = 557850800, .status = AVAILABLE, .value = {.int32Values = [1]{0}, .floatValues = [0]{}, .int64Values = [0]{}, .bytes = [0]{}, .stringValue = ""}}
12-30 10:24:38.592   398   464 D adayocomadapter-CommunicationManager: onUpstreamReceive mPropertyId 0x214020b0
12-30 10:24:38.592   398   464 D adayocomadapter-CommunicationManager: onUpstreamReceive mPropertyId 0x21412016
12-30 10:24:38.592   398   464 I vw-vhal : notifyVehicleProperty, propId = 0x21412016, data = {status: 2, int32Values: [0, 0, 0]}
12-30 10:24:38.592   398   464 I vw-vhal : CanSignalsAdapter::notifyVehicleProperty: solvedValue = {.timestamp = 6414414585762, .areaId = 0, .prop = 557916182, .status = AVAILABLE, .value = {.int32Values = [3]{0, 0, 0}, .floatValues = [0]{}, .int64Values = [0]{}, .bytes = [0]{}, .stringValue = ""}}
12-30 10:24:38.592   398   464 I VehiclePropertyStore: begin to write value to Store: {.timestamp = 6414414585762, .areaId = 0, .prop = 557916182, .status = AVAILABLE, .value = {.int32Values = [3]{0, 0, 0}, .floatValues = [0]{}, .int64Values = [0]{}, .bytes = [0]{}, .stringValue = ""}}
12-30 10:24:38.592   398   464 I DefaultVehicleHal_v2_0: DefaultVehicleHal::onPropertyValue, value:{.timestamp = 6414414585762, .areaId = 0, .prop = 557916182, .status = AVAILABLE, .value = {.int32Values = [3]{0, 0, 0}, .floatValues = [0]{}, .int64Values = [0]{}, .bytes = [0]{}, .stringValue = ""}}
12-30 10:24:38.593   398   464 D DiagPropHandler: is not DiagnosticConfig: 0x21412016
12-30 10:24:38.593   398   464 I VehiclePropertyStore: begin to write value to Store: {.timestamp = 6414414585762, .areaId = 0, .prop = 557916182, .status = AVAILABLE, .value = {.int32Values = [3]{0, 0, 0}, .floatValues = [0]{}, .int64Values = [0]{}, .bytes = [0]{}, .stringValue = ""}}
12-30 10:24:38.593   398   464 D adayocomadapter-CommunicationManager: onUpstreamReceive mPropertyId 0x21412016
12-30 10:24:38.593   398   464 D adayocomadapter-CommunicationManager: onUpstreamReceive mPropertyId 0x21402059
12-30 10:24:38.593   398   464 D adayocomadapter-CommunicationManager: convertBytesToInt32Memcpy  0
12-30 10:24:38.593   398   464 I vw-vhal : notifyVehicleProperty, propId = 0x21402059, data = {status: 2, int32Values: [0]}
12-30 10:24:38.593   398   464 I vw-vhal : CanSignalsAdapter::notifyVehicleProperty: solvedValue = {.timestamp = 6414415244429, .areaId = 0, .prop = 557850713, .status = AVAILABLE, .value = {.int32Values = [1]{0}, .floatValues = [0]{}, .int64Values = [0]{}, .bytes = [0]{}, .stringValue = ""}}
12-30 10:24:38.593   398   464 I VehiclePropertyStore: begin to write value to Store: {.timestamp = 6414415244429, .areaId = 0, .prop = 557850713, .status = AVAILABLE, .value = {.int32Values = [1]{0}, .floatValues = [0]{}, .int64Values = [0]{}, .bytes = [0]{}, .stringValue = ""}}
12-30 10:24:38.593   398   464 I DefaultVehicleHal_v2_0: DefaultVehicleHal::onPropertyValue, value:{.timestamp = 6414415244429, .areaId = 0, .prop = 557850713, .status = AVAILABLE, .value = {.int32Values = [1]{0}, .floatValues = [0]{}, .int64Values = [0]{}, .bytes = [0]{}, .stringValue = ""}}
12-30 10:24:38.593   398   464 D DiagPropHandler: is not DiagnosticConfig: 0x21402059
12-30 10:24:38.593   398   464 I VehiclePropertyStore: begin to write value to Store: {.timestamp = 6414415244429, .areaId = 0, .prop = 557850713, .status = AVAILABLE, .value = {.int32Values = [1]{0}, .floatValues = [0]{}, .int64Values = [0]{}, .bytes = [0]{}, .stringValue = ""}}
12-30 10:24:38.593   398   464 D adayocomadapter-CommunicationManager: onUpstreamReceive mPropertyId 0x21402059
12-30 10:24:38.593   398   464 D adayocomadapter-CommunicationManager: onUpstreamReceive mPropertyId 0x2140201a
12-30 10:24:38.593   398   464 D adayocomadapter-CommunicationManager: convertBytesToInt32Memcpy  0
12-30 10:24:38.593   398   464 I vw-vhal : notifyVehicleProperty, propId = 0x2140201a, data = {status: 2, int32Values: [0]}
12-30 10:24:38.594   398   464 I vw-vhal : CanSignalsAdapter::notifyVehicleProperty: solvedValue = {.timestamp = 6414415891762, .areaId = 0, .prop = 557850650, .status = AVAILABLE, .value = {.int32Values = [1]{0}, .floatValues = [0]{}, .int64Values = [0]{}, .bytes = [0]{}, .stringValue = ""}}
12-30 10:24:38.594   398   464 I VehiclePropertyStore: begin to write value to Store: {.timestamp = 6414415891762, .areaId = 0, .prop = 557850650, .status = AVAILABLE, .value = {.int32Values = [1]{0}, .floatValues = [0]{}, .int64Values = [0]{}, .bytes = [0]{}, .stringValue = ""}}
12-30 10:24:38.594   398   464 I DefaultVehicleHal_v2_0: DefaultVehicleHal::onPropertyValue, value:{.timestamp = 6414415891762, .areaId = 0, .prop = 557850650, .status = AVAILABLE, .value = {.int32Values = [1]{0}, .floatValues = [0]{}, .int64Values = [0]{}, .bytes = [0]{}, .stringValue = ""}}
12-30 10:24:38.594   398   464 D DiagPropHandler: is not DiagnosticConfig: 0x2140201a
12-30 10:24:38.594   398   464 I VehiclePropertyStore: begin to write value to Store: {.timestamp = 6414415891762, .areaId = 0, .prop = 557850650, .status = AVAILABLE, .value = {.int32Values = [1]{0}, .floatValues = [0]{}, .int64Values = [0]{}, .bytes = [0]{}, .stringValue = ""}}
12-30 10:24:38.594   398   464 D adayocomadapter-CommunicationManager: onUpstreamReceive mPropertyId 0x2140201a
12-30 10:24:38.594   398   464 D adayocomadapter-CommunicationManager: onUpstreamReceive mPropertyId 0x21402010
12-30 10:24:38.594   398   464 D adayocomadapter-CommunicationManager: convertBytesToInt32Memcpy  0
12-30 10:24:38.594   398   464 I vw-vhal : notifyVehicleProperty, propId = 0x21402010, data = {status: 2, int32Values: [0]}
12-30 10:24:38.594   398   464 I vw-vhal : CanSignalsAdapter::notifyVehicleProperty: solvedValue = {.timestamp = 6414416640762, .areaId = 0, .prop = 557850640, .status = AVAILABLE, .value = {.int32Values = [1]{0}, .floatValues = [0]{}, .int64Values = [0]{}, .bytes = [0]{}, .stringValue = ""}}
12-30 10:24:38.594   398   464 I VehiclePropertyStore: begin to write value to Store: {.timestamp = 6414416640762, .areaId = 0, .prop = 557850640, .status = AVAILABLE, .value = {.int32Values = [1]{0}, .floatValues = [0]{}, .int64Values = [0]{}, .bytes = [0]{}, .stringValue = ""}}
12-30 10:24:38.595   398   464 I DefaultVehicleHal_v2_0: DefaultVehicleHal::onPropertyValue, value:{.timestamp = 6414416640762, .areaId = 0, .prop = 557850640, .status = AVAILABLE, .value = {.int32Values = [1]{0}, .floatValues = [0]{}, .int64Values = [0]{}, .bytes = [0]{}, .stringValue = ""}}
12-30 10:24:38.595   398   464 D DiagPropHandler: is not DiagnosticConfig: 0x21402010
12-30 10:24:38.595   398   464 I VehiclePropertyStore: begin to write value to Store: {.timestamp = 6414416640762, .areaId = 0, .prop = 557850640, .status = AVAILABLE, .value = {.int32Values = [1]{0}, .floatValues = [0]{}, .int64Values = [0]{}, .bytes = [0]{}, .stringValue = ""}}
12-30 10:24:38.595   398   464 D adayocomadapter-CommunicationManager: onUpstreamReceive mPropertyId 0x21402010
12-30 10:24:38.595   398   464 D adayocomadapter-CommunicationManager: onUpstreamReceive mPropertyId 0x21402055
12-30 10:24:38.595   398   464 D adayocomadapter-CommunicationManager: convertBytesToInt32Memcpy  0
12-30 10:24:38.595   398   464 I vw-vhal : notifyVehicleProperty, propId = 0x21402055, data = {status: 2, int32Values: [0]}
12-30 10:24:38.595   398   464 I vw-vhal : CanSignalsAdapter::notifyVehicleProperty: solvedValue = {.timestamp = 6414417270429, .areaId = 0, .prop = 557850709, .status = AVAILABLE, .value = {.int32Values = [1]{0}, .floatValues = [0]{}, .int64Values = [0]{}, .bytes = [0]{}, .stringValue = ""}}
12-30 10:24:38.595   398   464 I VehiclePropertyStore: begin to write value to Store: {.timestamp = 6414417270429, .areaId = 0, .prop = 557850709, .status = AVAILABLE, .value = {.int32Values = [1]{0}, .floatValues = [0]{}, .int64Values = [0]{}, .bytes = [0]{}, .stringValue = ""}}
12-30 10:24:38.595   398   464 I DefaultVehicleHal_v2_0: DefaultVehicleHal::onPropertyValue, value:{.timestamp = 6414417270429, .areaId = 0, .prop = 557850709, .status = AVAILABLE, .value = {.int32Values = [1]{0}, .floatValues = [0]{}, .int64Values = [0]{}, .bytes = [0]{}, .stringValue = ""}}
12-30 10:24:38.595   398   464 D DiagPropHandler: is not DiagnosticConfig: 0x21402055
12-30 10:24:38.595   398   464 I VehiclePropertyStore: begin to write value to Store: {.timestamp = 6414417270429, .areaId = 0, .prop = 557850709, .status = AVAILABLE, .value = {.int32Values = [1]{0}, .floatValues = [0]{}, .int64Values = [0]{}, .bytes = [0]{}, .stringValue = ""}}
12-30 10:24:38.595   398   464 D adayocomadapter-CommunicationManager: onUpstreamReceive mPropertyId 0x21402055
12-30 10:24:38.595   398   464 D adayocomadapter-CommunicationManager: onUpstreamReceive mPropertyId 0x214020b1
12-30 10:24:38.595   360   458 D EvsDriver: doneWithFrame
12-30 10:24:38.595   398   464 D adayocomadapter-CommunicationManager: convertBytesToInt32Memcpy  0
12-30 10:24:38.596   398   464 I vw-vhal : notifyVehicleProperty, propId = 0x214020b1, data = {status: 2, int32Values: [0]}
12-30 10:24:38.596   398   464 I vw-vhal : CanSignalsAdapter::notifyVehicleProperty: solvedValue = {.timestamp = 6414417926429, .areaId = 0, .prop = 557850801, .status = AVAILABLE, .value = {.int32Values = [1]{0}, .floatValues = [0]{}, .int64Values = [0]{}, .bytes = [0]{}, .stringValue = ""}}
12-30 10:24:38.596   398   464 I VehiclePropertyStore: begin to write value to Store: {.timestamp = 6414417926429, .areaId = 0, .prop = 557850801, .status = AVAILABLE, .value = {.int32Values = [1]{0}, .floatValues = [0]{}, .int64Values = [0]{}, .bytes = [0]{}, .stringValue = ""}}
12-30 10:24:38.596   398   464 I DefaultVehicleHal_v2_0: DefaultVehicleHal::onPropertyValue, value:{.timestamp = 6414417926429, .areaId = 0, .prop = 557850801, .status = AVAILABLE, .value = {.int32Values = [1]{0}, .floatValues = [0]{}, .int64Values = [0]{}, .bytes = [0]{}, .stringValue = ""}}
12-30 10:24:38.596   398   464 D DiagPropHandler: is not DiagnosticConfig: 0x214020b1
12-30 10:24:38.596   398   464 I VehiclePropertyStore: begin to write value to Store: {.timestamp = 6414417926429, .areaId = 0, .prop = 557850801, .status = AVAILABLE, .value = {.int32Values = [1]{0}, .floatValues = [0]{}, .int64Values = [0]{}, .bytes = [0]{}, .stringValue = ""}}
12-30 10:24:38.596   398   464 D adayocomadapter-CommunicationManager: onUpstreamReceive mPropertyId 0x214020b1
12-30 10:24:38.596   398   464 D adayocomadapter-CommunicationManager: onUpstreamReceive mPropertyId 0x2140201b
12-30 10:24:38.596   398   464 D adayocomadapter-CommunicationManager: convertBytesToInt32Memcpy  0
12-30 10:24:38.596   398   464 I vw-vhal : notifyVehicleProperty, propId = 0x2140201b, data = {status: 2, int32Values: [0]}
12-30 10:24:38.596   398   464 I vw-vhal : CanSignalsAdapter::notifyVehicleProperty: solvedValue = {.timestamp = 6414418564762, .areaId = 0, .prop = 557850651, .status = AVAILABLE, .value = {.int32Values = [1]{0}, .floatValues = [0]{}, .int64Values = [0]{}, .bytes = [0]{}, .stringValue = ""}}
12-30 10:24:38.596   398   464 I VehiclePropertyStore: begin to write value to Store: {.timestamp = 6414418564762, .areaId = 0, .prop = 557850651, .status = AVAILABLE, .value = {.int32Values = [1]{0}, .floatValues = [0]{}, .int64Values = [0]{}, .bytes = [0]{}, .stringValue = ""}}
12-30 10:24:38.596   398   464 I DefaultVehicleHal_v2_0: DefaultVehicleHal::onPropertyValue, value:{.timestamp = 6414418564762, .areaId = 0, .prop = 557850651, .status = AVAILABLE, .value = {.int32Values = [1]{0}, .floatValues = [0]{}, .int64Values = [0]{}, .bytes = [0]{}, .stringValue = ""}}
12-30 10:24:38.596   398   464 D DiagPropHandler: is not DiagnosticConfig: 0x2140201b
12-30 10:24:38.597   398   464 I VehiclePropertyStore: begin to write value to Store: {.timestamp = 6414418564762, .areaId = 0, .prop = 557850651, .status = AVAILABLE, .value = {.int32Values = [1]{0}, .floatValues = [0]{}, .int64Values = [0]{}, .bytes = [0]{}, .stringValue = ""}}
12-30 10:24:38.597   398   464 D adayocomadapter-CommunicationManager: onUpstreamReceive mPropertyId 0x2140201b
12-30 10:24:38.597   398   464 D adayocomadapter-CommunicationManager: onUpstreamReceive mPropertyId 0x21402018
12-30 10:24:38.597   398   464 D adayocomadapter-CommunicationManager: convertBytesToInt32Memcpy  0
12-30 10:24:38.597   398   464 I vw-vhal : notifyVehicleProperty, propId = 0x21402018, data = {status: 2, int32Values: [0]}
12-30 10:24:38.597   398   464 I vw-vhal : CanSignalsAdapter::notifyVehicleProperty: solvedValue = {.timestamp = 6414419200096, .areaId = 0, .prop = 557850648, .status = AVAILABLE, .value = {.int32Values = [1]{0}, .floatValues = [0]{}, .int64Values = [0]{}, .bytes = [0]{}, .stringValue = ""}}
12-30 10:24:38.597   398   464 I VehiclePropertyStore: begin to write value to Store: {.timestamp = 6414419200096, .areaId = 0, .prop = 557850648, .status = AVAILABLE, .value = {.int32Values = [1]{0}, .floatValues = [0]{}, .int64Values = [0]{}, .bytes = [0]{}, .stringValue = ""}}
12-30 10:24:38.597   398   464 I DefaultVehicleHal_v2_0: DefaultVehicleHal::onPropertyValue, value:{.timestamp = 6414419200096, .areaId = 0, .prop = 557850648, .status = AVAILABLE, .value = {.int32Values = [1]{0}, .floatValues = [0]{}, .int64Values = [0]{}, .bytes = [0]{}, .stringValue = ""}}
12-30 10:24:38.597   398   464 D DiagPropHandler: is not DiagnosticConfig: 0x21402018
12-30 10:24:38.597   398   464 I VehiclePropertyStore: begin to write value to Store: {.timestamp = 6414419200096, .areaId = 0, .prop = 557850648, .status = AVAILABLE, .value = {.int32Values = [1]{0}, .floatValues = [0]{}, .int64Values = [0]{}, .bytes = [0]{}, .stringValue = ""}}
12-30 10:24:38.597   398   464 D adayocomadapter-CommunicationManager: onUpstreamReceive mPropertyId 0x21402018
12-30 10:24:38.597   398   464 D adayocomadapter-CommunicationManager: onUpstreamReceive mPropertyId 0x21402190
12-30 10:24:38.597   398   464 D adayocomadapter-CommunicationManager: convertBytesToInt32Memcpy  0
12-30 10:24:38.597   398   464 I vw-vhal : notifyVehicleProperty, propId = 0x21402190, data = {status: 2, int32Values: [0]}
12-30 10:24:38.598   398   464 I vw-vhal : CanSignalsAdapter::notifyVehicleProperty: solvedValue = {.timestamp = 6414419838096, .areaId = 0, .prop = 557851024, .status = AVAILABLE, .value = {.int32Values = [1]{0}, .floatValues = [0]{}, .int64Values = [0]{}, .bytes = [0]{}, .stringValue = ""}}
12-30 10:24:38.598   398   464 I VehiclePropertyStore: begin to write value to Store: {.timestamp = 6414419838096, .areaId = 0, .prop = 557851024, .status = AVAILABLE, .value = {.int32Values = [1]{0}, .floatValues = [0]{}, .int64Values = [0]{}, .bytes = [0]{}, .stringValue = ""}}
12-30 10:24:38.598   398   464 I DefaultVehicleHal_v2_0: DefaultVehicleHal::onPropertyValue, value:{.timestamp = 6414419838096, .areaId = 0, .prop = 557851024, .status = AVAILABLE, .value = {.int32Values = [1]{0}, .floatValues = [0]{}, .int64Values = [0]{}, .bytes = [0]{}, .stringValue = ""}}
12-30 10:24:38.598   398   464 D DiagPropHandler: is not DiagnosticConfig: 0x21402190
12-30 10:24:38.598   398   464 I VehiclePropertyStore: begin to write value to Store: {.timestamp = 6414419838096, .areaId = 0, .prop = 557851024, .status = AVAILABLE, .value = {.int32Values = [1]{0}, .floatValues = [0]{}, .int64Values = [0]{}, .bytes = [0]{}, .stringValue = ""}}
12-30 10:24:38.598   398   464 D adayocomadapter-CommunicationManager: onUpstreamReceive mPropertyId 0x21402190
12-30 10:24:38.598   398   464 D adayocomadapter-CommunicationManager: onUpstreamReceive mPropertyId 0x21402021
12-30 10:24:38.598   398   464 D adayocomadapter-CommunicationManager: convertBytesToInt32Memcpy  0
12-30 10:24:38.598   398   464 I vw-vhal : notifyVehicleProperty, propId = 0x21402021, data = {status: 2, int32Values: [0]}
12-30 10:24:38.598   398   464 I vw-vhal : CanSignalsAdapter::notifyVehicleProperty: solvedValue = {.timestamp = 6414420527429, .areaId = 0, .prop = 557850657, .status = AVAILABLE, .value = {.int32Values = [1]{0}, .floatValues = [0]{}, .int64Values = [0]{}, .bytes = [0]{}, .stringValue = ""}}
12-30 10:24:38.598   398   464 I VehiclePropertyStore: begin to write value to Store: {.timestamp = 6414420527429, .areaId = 0, .prop = 557850657, .status = AVAILABLE, .value = {.int32Values = [1]{0}, .floatValues = [0]{}, .int64Values = [0]{}, .bytes = [0]{}, .stringValue = ""}}
12-30 10:24:38.598   398   464 I DefaultVehicleHal_v2_0: DefaultVehicleHal::onPropertyValue, value:{.timestamp = 6414420527429, .areaId = 0, .prop = 557850657, .status = AVAILABLE, .value = {.int32Values = [1]{0}, .floatValues = [0]{}, .int64Values = [0]{}, .bytes = [0]{}, .stringValue = ""}}
12-30 10:24:38.598   398   464 D DiagPropHandler: is not DiagnosticConfig: 0x21402021
12-30 10:24:38.599   398   464 I VehiclePropertyStore: begin to write value to Store: {.timestamp = 6414420527429, .areaId = 0, .prop = 557850657, .status = AVAILABLE, .value = {.int32Values = [1]{0}, .floatValues = [0]{}, .int64Values = [0]{}, .bytes = [0]{}, .stringValue = ""}}
12-30 10:24:38.599   398   464 D adayocomadapter-CommunicationManager: onUpstreamReceive mPropertyId 0x21402021
12-30 10:24:38.599   398   464 D adayocomadapter-CommunicationManager: onUpstreamReceive mPropertyId 0x214021c8
12-30 10:24:38.599   398   464 D adayocomadapter-CommunicationManager: convertBytesToInt32Memcpy  0
12-30 10:24:38.599   398   464 I vw-vhal : notifyVehicleProperty, propId = 0x214021c8, data = {status: 2, int32Values: [0]}
12-30 10:24:38.599   398   464 I vw-vhal : CanSignalsAdapter::notifyVehicleProperty: solvedValue = {.timestamp = 6414421192096, .areaId = 0, .prop = 557851080, .status = AVAILABLE, .value = {.int32Values = [1]{0}, .floatValues = [0]{}, .int64Values = [0]{}, .bytes = [0]{}, .stringValue = ""}}
12-30 10:24:38.599   398   464 I VehiclePropertyStore: begin to write value to Store: {.timestamp = 6414421192096, .areaId = 0, .prop = 557851080, .status = AVAILABLE, .value = {.int32Values = [1]{0}, .floatValues = [0]{}, .int64Values = [0]{}, .bytes = [0]{}, .stringValue = ""}}
12-30 10:24:38.599   398   464 I DefaultVehicleHal_v2_0: DefaultVehicleHal::onPropertyValue, value:{.timestamp = 6414421192096, .areaId = 0, .prop = 557851080, .status = AVAILABLE, .value = {.int32Values = [1]{0}, .floatValues = [0]{}, .int64Values = [0]{}, .bytes = [0]{}, .stringValue = ""}}
12-30 10:24:38.599   398   464 D DiagPropHandler: is not DiagnosticConfig: 0x214021c8
12-30 10:24:38.599   398   464 I VehiclePropertyStore: begin to write value to Store: {.timestamp = 6414421192096, .areaId = 0, .prop = 557851080, .status = AVAILABLE, .value = {.int32Values = [1]{0}, .floatValues = [0]{}, .int64Values = [0]{}, .bytes = [0]{}, .stringValue = ""}}
12-30 10:24:38.599   398   464 D adayocomadapter-CommunicationManager: onUpstreamReceive mPropertyId 0x214021c8
12-30 10:24:38.599   398   464 D adayocomadapter-CommunicationManager: onUpstreamReceive mPropertyId 0x2140200a
12-30 10:24:38.599   398   464 D adayocomadapter-CommunicationManager: convertBytesToInt32Memcpy  0
12-30 10:24:38.599   398   464 I vw-vhal : notifyVehicleProperty, propId = 0x2140200a, data = {status: 2, int32Values: [0]}
12-30 10:24:38.600   398   464 I vw-vhal : CanSignalsAdapter::notifyVehicleProperty: solvedValue = {.timestamp = 6414421863429, .areaId = 0, .prop = 557850634, .status = AVAILABLE, .value = {.int32Values = [1]{0}, .floatValues = [0]{}, .int64Values = [0]{}, .bytes = [0]{}, .stringValue = ""}}
12-30 10:24:38.600   398   464 I VehiclePropertyStore: begin to write value to Store: {.timestamp = 6414421863429, .areaId = 0, .prop = 557850634, .status = AVAILABLE, .value = {.int32Values = [1]{0}, .floatValues = [0]{}, .int64Values = [0]{}, .bytes = [0]{}, .stringValue = ""}}
12-30 10:24:38.600   398   464 I DefaultVehicleHal_v2_0: DefaultVehicleHal::onPropertyValue, value:{.timestamp = 6414421863429, .areaId = 0, .prop = 557850634, .status = AVAILABLE, .value = {.int32Values = [1]{0}, .floatValues = [0]{}, .int64Values = [0]{}, .bytes = [0]{}, .stringValue = ""}}
12-30 10:24:38.600   398   464 D DiagPropHandler: is not DiagnosticConfig: 0x2140200a
12-30 10:24:38.600   398   464 I VehiclePropertyStore: begin to write value to Store: {.timestamp = 6414421863429, .areaId = 0, .prop = 557850634, .status = AVAILABLE, .value = {.int32Values = [1]{0}, .floatValues = [0]{}, .int64Values = [0]{}, .bytes = [0]{}, .stringValue = ""}}
12-30 10:24:38.600   398   464 D adayocomadapter-CommunicationManager: onUpstreamReceive mPropertyId 0x2140200a
12-30 10:24:38.600   398   464 D adayocomadapter-CommunicationManager: onUpstreamReceive mPropertyId 0x2140223e
12-30 10:24:38.600   398   464 D adayocomadapter-CommunicationManager: convertBytesToInt32Memcpy  0
12-30 10:24:38.600   398   464 I vw-vhal : notifyVehicleProperty, propId = 0x2140223e, data = {status: 2, int32Values: [0]}
12-30 10:24:38.600  1667  2410 I media_message_log->MediaMessageUserProxy: (SourceFile:1)b connectToService action bind
12-30 10:24:38.600   398   464 I vw-vhal : CanSignalsAdapter::notifyVehicleProperty: solvedValue = {.timestamp = 6414422527429, .areaId = 0, .prop = 557851198, .status = AVAILABLE, .value = {.int32Values = [1]{0}, .floatValues = [0]{}, .int64Values = [0]{}, .bytes = [0]{}, .stringValue = ""}}
12-30 10:24:38.600   398   464 I VehiclePropertyStore: begin to write value to Store: {.timestamp = 6414422527429, .areaId = 0, .prop = 557851198, .status = AVAILABLE, .value = {.int32Values = [1]{0}, .floatValues = [0]{}, .int64Values = [0]{}, .bytes = [0]{}, .stringValue = ""}}
12-30 10:24:38.600   398   464 I DefaultVehicleHal_v2_0: DefaultVehicleHal::onPropertyValue, value:{.timestamp = 6414422527429, .areaId = 0, .prop = 557851198, .status = AVAILABLE, .value = {.int32Values = [1]{0}, .floatValues = [0]{}, .int64Values = [0]{}, .bytes = [0]{}, .stringValue = ""}}
12-30 10:24:38.600   398   464 D DiagPropHandler: is not DiagnosticConfig: 0x2140223e
12-30 10:24:38.601   398   464 I VehiclePropertyStore: begin to write value to Store: {.timestamp = 6414422527429, .areaId = 0, .prop = 557851198, .status = AVAILABLE, .value = {.int32Values = [1]{0}, .floatValues = [0]{}, .int64Values = [0]{}, .bytes = [0]{}, .stringValue = ""}}
12-30 10:24:38.601   398   464 D adayocomadapter-CommunicationManager: onUpstreamReceive mPropertyId 0x2140223e
12-30 10:24:38.601   398   464 D adayocomadapter-CommunicationManager: onUpstreamReceive mPropertyId 0x21402119
12-30 10:24:38.601   398   464 D adayocomadapter-CommunicationManager: convertBytesToInt32Memcpy  0
12-30 10:24:38.601   398   464 I vw-vhal : notifyVehicleProperty, propId = 0x21402119, data = {status: 2, int32Values: [0]}
12-30 10:24:38.601   398   464 I vw-vhal : CanSignalsAdapter::notifyVehicleProperty: solvedValue = {.timestamp = 6414423194429, .areaId = 0, .prop = 557850905, .status = AVAILABLE, .value = {.int32Values = [1]{0}, .floatValues = [0]{}, .int64Values = [0]{}, .bytes = [0]{}, .stringValue = ""}}
12-30 10:24:38.601   398   464 I VehiclePropertyStore: begin to write value to Store: {.timestamp = 6414423194429, .areaId = 0, .prop = 557850905, .status = AVAILABLE, .value = {.int32Values = [1]{0}, .floatValues = [0]{}, .int64Values = [0]{}, .bytes = [0]{}, .stringValue = ""}}
12-30 10:24:38.601   398   464 I DefaultVehicleHal_v2_0: DefaultVehicleHal::onPropertyValue, value:{.timestamp = 6414423194429, .areaId = 0, .prop = 557850905, .status = AVAILABLE, .value = {.int32Values = [1]{0}, .floatValues = [0]{}, .int64Values = [0]{}, .bytes = [0]{}, .stringValue = ""}}
12-30 10:24:38.601   398   464 D DiagPropHandler: is not DiagnosticConfig: 0x21402119
12-30 10:24:38.601   916  3726 W ActivityManager: Unable to start service Intent { cmp=com.adayo.server.mediamessagetransfer/.MediaMessTransferService (has extras) } U=0: not found
12-30 10:24:38.601   398   464 I VehiclePropertyStore: begin to write value to Store: {.timestamp = 6414423194429, .areaId = 0, .prop = 557850905, .status = AVAILABLE, .value = {.int32Values = [1]{0}, .floatValues = [0]{}, .int64Values = [0]{}, .bytes = [0]{}, .stringValue = ""}}
12-30 10:24:38.601   398   464 D adayocomadapter-CommunicationManager: onUpstreamReceive mPropertyId 0x21402119
12-30 10:24:38.601   398   464 D adayocomadapter-CommunicationManager: onUpstreamReceive mPropertyId 0x21402005
12-30 10:24:38.601   398   464 D adayocomadapter-CommunicationManager: convertBytesToInt32Memcpy  0
12-30 10:24:38.601   398   464 I vw-vhal : notifyVehicleProperty, propId = 0x21402005, data = {status: 2, int32Values: [0]}
