12-30 10:20:09.452   398   464 I vw-vhal : CanSignalsAdapter::notifyVehicleProperty: solvedValue = {.timestamp = 6145274295063, .areaId = 0, .prop = 557916234, .status = AVAILABLE, .value = {.int32Values = [6]{0, 0, 0, 0, 0, 0}, .floatValues = [0]{}, .int64Values = [0]{}, .bytes = [0]{}, .stringValue = ""}}
12-30 10:20:09.452   398   464 I VehiclePropertyStore: begin to write value to Store: {.timestamp = 6145274295063, .areaId = 0, .prop = 557916234, .status = AVAILABLE, .value = {.int32Values = [6]{0, 0, 0, 0, 0, 0}, .floatValues = [0]{}, .int64Values = [0]{}, .bytes = [0]{}, .stringValue = ""}}
12-30 10:20:09.452   398   464 I DefaultVehicleHal_v2_0: DefaultVehicleHal::onPropertyValue, value:{.timestamp = 6145274295063, .areaId = 0, .prop = 557916234, .status = AVAILABLE, .value = {.int32Values = [6]{0, 0, 0, 0, 0, 0}, .floatValues = [0]{}, .int64Values = [0]{}, .bytes = [0]{}, .stringValue = ""}}
12-30 10:20:09.452   398   464 D DiagPropHandler: is not DiagnosticConfig: 0x2141204a
12-30 10:20:09.452   398   464 I VehiclePropertyStore: begin to write value to Store: {.timestamp = 6145274295063, .areaId = 0, .prop = 557916234, .status = AVAILABLE, .value = {.int32Values = [6]{0, 0, 0, 0, 0, 0}, .floatValues = [0]{}, .int64Values = [0]{}, .bytes = [0]{}, .stringValue = ""}}
12-30 10:20:09.452   398   464 D adayocomadapter-CommunicationManager: onUpstreamReceive mPropertyId 0x2141204a
12-30 10:20:09.452   398   464 D adayocomadapter-CommunicationManager: onUpstreamReceive mPropertyId 0x214020bd
12-30 10:20:09.453   398   464 D adayocomadapter-CommunicationManager: convertBytesToInt32Memcpy  0
12-30 10:20:09.453   398   464 I vw-vhal : notifyVehicleProperty, propId = 0x214020bd, data = {status: 2, int32Values: [0]}
12-30 10:20:09.453   398   464 I vw-vhal : CanSignalsAdapter::notifyVehicleProperty: solvedValue = {.timestamp = 6145275011730, .areaId = 0, .prop = 557850813, .status = AVAILABLE, .value = {.int32Values = [1]{0}, .floatValues = [0]{}, .int64Values = [0]{}, .bytes = [0]{}, .stringValue = ""}}
12-30 10:20:09.453   398   464 I VehiclePropertyStore: begin to write value to Store: {.timestamp = 6145275011730, .areaId = 0, .prop = 557850813, .status = AVAILABLE, .value = {.int32Values = [1]{0}, .floatValues = [0]{}, .int64Values = [0]{}, .bytes = [0]{}, .stringValue = ""}}
12-30 10:20:09.453   398   464 I DefaultVehicleHal_v2_0: DefaultVehicleHal::onPropertyValue, value:{.timestamp = 6145275011730, .areaId = 0, .prop = 557850813, .status = AVAILABLE, .value = {.int32Values = [1]{0}, .floatValues = [0]{}, .int64Values = [0]{}, .bytes = [0]{}, .stringValue = ""}}
12-30 10:20:09.453   398   464 D DiagPropHandler: is not DiagnosticConfig: 0x214020bd
12-30 10:20:09.453   398   464 I VehiclePropertyStore: begin to write value to Store: {.timestamp = 6145275011730, .areaId = 0, .prop = 557850813, .status = AVAILABLE, .value = {.int32Values = [1]{0}, .floatValues = [0]{}, .int64Values = [0]{}, .bytes = [0]{}, .stringValue = ""}}
12-30 10:20:09.453   398   464 D adayocomadapter-CommunicationManager: onUpstreamReceive mPropertyId 0x214020bd
12-30 10:20:09.453   398   464 D adayocomadapter-CommunicationManager: onUpstreamReceive mPropertyId 0x2140213b
12-30 10:20:09.453   398   464 D adayocomadapter-CommunicationManager: convertBytesToInt32Memcpy  0
12-30 10:20:09.453   398   464 I vw-vhal : notifyVehicleProperty, propId = 0x2140213b, data = {status: 2, int32Values: [0]}
12-30 10:20:09.453   398   464 I vw-vhal : CanSignalsAdapter::notifyVehicleProperty: solvedValue = {.timestamp = 6145275641730, .areaId = 0, .prop = 557850939, .status = AVAILABLE, .value = {.int32Values = [1]{0}, .floatValues = [0]{}, .int64Values = [0]{}, .bytes = [0]{}, .stringValue = ""}}
12-30 10:20:09.453   398   464 I VehiclePropertyStore: begin to write value to Store: {.timestamp = 6145275641730, .areaId = 0, .prop = 557850939, .status = AVAILABLE, .value = {.int32Values = [1]{0}, .floatValues = [0]{}, .int64Values = [0]{}, .bytes = [0]{}, .stringValue = ""}}
12-30 10:20:09.454   398   464 I DefaultVehicleHal_v2_0: DefaultVehicleHal::onPropertyValue, value:{.timestamp = 6145275641730, .areaId = 0, .prop = 557850939, .status = AVAILABLE, .value = {.int32Values = [1]{0}, .floatValues = [0]{}, .int64Values = [0]{}, .bytes = [0]{}, .stringValue = ""}}
12-30 10:20:09.454   398   464 D DiagPropHandler: is not DiagnosticConfig: 0x2140213b
12-30 10:20:09.454   398   464 I VehiclePropertyStore: begin to write value to Store: {.timestamp = 6145275641730, .areaId = 0, .prop = 557850939, .status = AVAILABLE, .value = {.int32Values = [1]{0}, .floatValues = [0]{}, .int64Values = [0]{}, .bytes = [0]{}, .stringValue = ""}}
12-30 10:20:09.454   398   464 D adayocomadapter-CommunicationManager: onUpstreamReceive mPropertyId 0x2140213b
12-30 10:20:09.454   398   464 D adayocomadapter-CommunicationManager: onUpstreamReceive mPropertyId 0x214020ae
12-30 10:20:09.454   398   464 D adayocomadapter-CommunicationManager: convertBytesToInt32Memcpy  0
12-30 10:20:09.454   398   464 I vw-vhal : notifyVehicleProperty, propId = 0x214020ae, data = {status: 2, int32Values: [0]}
12-30 10:20:09.454   398   464 I vw-vhal : CanSignalsAdapter::notifyVehicleProperty: solvedValue = {.timestamp = 6145276383063, .areaId = 0, .prop = 557850798, .status = AVAILABLE, .value = {.int32Values = [1]{0}, .floatValues = [0]{}, .int64Values = [0]{}, .bytes = [0]{}, .stringValue = ""}}
12-30 10:20:09.454   398   464 I VehiclePropertyStore: begin to write value to Store: {.timestamp = 6145276383063, .areaId = 0, .prop = 557850798, .status = AVAILABLE, .value = {.int32Values = [1]{0}, .floatValues = [0]{}, .int64Values = [0]{}, .bytes = [0]{}, .stringValue = ""}}
12-30 10:20:09.454   398   464 I DefaultVehicleHal_v2_0: DefaultVehicleHal::onPropertyValue, value:{.timestamp = 6145276383063, .areaId = 0, .prop = 557850798, .status = AVAILABLE, .value = {.int32Values = [1]{0}, .floatValues = [0]{}, .int64Values = [0]{}, .bytes = [0]{}, .stringValue = ""}}
12-30 10:20:09.454   398   464 D DiagPropHandler: is not DiagnosticConfig: 0x214020ae
12-30 10:20:09.454   398   464 I VehiclePropertyStore: begin to write value to Store: {.timestamp = 6145276383063, .areaId = 0, .prop = 557850798, .status = AVAILABLE, .value = {.int32Values = [1]{0}, .floatValues = [0]{}, .int64Values = [0]{}, .bytes = [0]{}, .stringValue = ""}}
12-30 10:20:09.455   398   464 D adayocomadapter-CommunicationManager: onUpstreamReceive mPropertyId 0x214020ae
12-30 10:20:09.455   398   464 D adayocomadapter-CommunicationManager: onUpstreamReceive mPropertyId 0x2140210d
12-30 10:20:09.455   398   464 D adayocomadapter-CommunicationManager: convertBytesToInt32Memcpy  0
12-30 10:20:09.455   398   464 I vw-vhal : notifyVehicleProperty, propId = 0x2140210d, data = {status: 2, int32Values: [0]}
12-30 10:20:09.455   398   464 I vw-vhal : CanSignalsAdapter::notifyVehicleProperty: solvedValue = {.timestamp = 6145277069730, .areaId = 0, .prop = 557850893, .status = AVAILABLE, .value = {.int32Values = [1]{0}, .floatValues = [0]{}, .int64Values = [0]{}, .bytes = [0]{}, .stringValue = ""}}
12-30 10:20:09.455   398   464 I VehiclePropertyStore: begin to write value to Store: {.timestamp = 6145277069730, .areaId = 0, .prop = 557850893, .status = AVAILABLE, .value = {.int32Values = [1]{0}, .floatValues = [0]{}, .int64Values = [0]{}, .bytes = [0]{}, .stringValue = ""}}
12-30 10:20:09.455   398   464 I DefaultVehicleHal_v2_0: DefaultVehicleHal::onPropertyValue, value:{.timestamp = 6145277069730, .areaId = 0, .prop = 557850893, .status = AVAILABLE, .value = {.int32Values = [1]{0}, .floatValues = [0]{}, .int64Values = [0]{}, .bytes = [0]{}, .stringValue = ""}}
12-30 10:20:09.455   398   464 D DiagPropHandler: is not DiagnosticConfig: 0x2140210d
12-30 10:20:09.455   398   464 I VehiclePropertyStore: begin to write value to Store: {.timestamp = 6145277069730, .areaId = 0, .prop = 557850893, .status = AVAILABLE, .value = {.int32Values = [1]{0}, .floatValues = [0]{}, .int64Values = [0]{}, .bytes = [0]{}, .stringValue = ""}}
12-30 10:20:09.455   398   464 D adayocomadapter-CommunicationManager: onUpstreamReceive mPropertyId 0x2140210d
12-30 10:20:09.455   398   464 D adayocomadapter-CommunicationManager: onUpstreamReceive mPropertyId 0x21401018
12-30 10:20:09.455   398   464 D adayocomadapter-CommunicationManager: convertBytesToInt32Memcpy  0
12-30 10:20:09.455   398   464 I vw-vhal : notifyVehicleProperty, propId = 0x21401018, data = {status: 2, int32Values: [0]}
12-30 10:20:09.455   398   464 I vw-vhal : CanSignalsAdapter::notifyVehicleProperty: solvedValue = {.timestamp = 6145277740063, .areaId = 0, .prop = 557846552, .status = AVAILABLE, .value = {.int32Values = [1]{0}, .floatValues = [0]{}, .int64Values = [0]{}, .bytes = [0]{}, .stringValue = ""}}
12-30 10:20:09.456   398   464 I VehiclePropertyStore: begin to write value to Store: {.timestamp = 6145277740063, .areaId = 0, .prop = 557846552, .status = AVAILABLE, .value = {.int32Values = [1]{0}, .floatValues = [0]{}, .int64Values = [0]{}, .bytes = [0]{}, .stringValue = ""}}
12-30 10:20:09.456   398   464 I DefaultVehicleHal_v2_0: DefaultVehicleHal::onPropertyValue, value:{.timestamp = 6145277740063, .areaId = 0, .prop = 557846552, .status = AVAILABLE, .value = {.int32Values = [1]{0}, .floatValues = [0]{}, .int64Values = [0]{}, .bytes = [0]{}, .stringValue = ""}}
12-30 10:20:09.456   398   464 D DiagPropHandler: is not DiagnosticConfig: 0x21401018
12-30 10:20:09.456   398   464 I VehiclePropertyStore: begin to write value to Store: {.timestamp = 6145277740063, .areaId = 0, .prop = 557846552, .status = AVAILABLE, .value = {.int32Values = [1]{0}, .floatValues = [0]{}, .int64Values = [0]{}, .bytes = [0]{}, .stringValue = ""}}
12-30 10:20:09.456   398   464 D adayocomadapter-CommunicationManager: onUpstreamReceive mPropertyId 0x21401018
12-30 10:20:09.456   398   464 D adayocomadapter-CommunicationManager: onUpstreamReceive mPropertyId 0x214020a9
12-30 10:20:09.456   398   464 D adayocomadapter-CommunicationManager: convertBytesToInt32Memcpy  0
12-30 10:20:09.456   398   464 I vw-vhal : notifyVehicleProperty, propId = 0x214020a9, data = {status: 2, int32Values: [0]}
12-30 10:20:09.456   398   464 I vw-vhal : CanSignalsAdapter::notifyVehicleProperty: solvedValue = {.timestamp = 6145278407063, .areaId = 0, .prop = 557850793, .status = AVAILABLE, .value = {.int32Values = [1]{0}, .floatValues = [0]{}, .int64Values = [0]{}, .bytes = [0]{}, .stringValue = ""}}
12-30 10:20:09.456   398   464 I VehiclePropertyStore: begin to write value to Store: {.timestamp = 6145278407063, .areaId = 0, .prop = 557850793, .status = AVAILABLE, .value = {.int32Values = [1]{0}, .floatValues = [0]{}, .int64Values = [0]{}, .bytes = [0]{}, .stringValue = ""}}
12-30 10:20:09.456   398   464 I DefaultVehicleHal_v2_0: DefaultVehicleHal::onPropertyValue, value:{.timestamp = 6145278407063, .areaId = 0, .prop = 557850793, .status = AVAILABLE, .value = {.int32Values = [1]{0}, .floatValues = [0]{}, .int64Values = [0]{}, .bytes = [0]{}, .stringValue = ""}}
12-30 10:20:09.456   398   464 D DiagPropHandler: is not DiagnosticConfig: 0x214020a9
12-30 10:20:09.456   398   464 I VehiclePropertyStore: begin to write value to Store: {.timestamp = 6145278407063, .areaId = 0, .prop = 557850793, .status = AVAILABLE, .value = {.int32Values = [1]{0}, .floatValues = [0]{}, .int64Values = [0]{}, .bytes = [0]{}, .stringValue = ""}}
12-30 10:20:09.457   398   464 D adayocomadapter-CommunicationManager: onUpstreamReceive mPropertyId 0x214020a9
12-30 10:20:09.457   398   464 D adayocomadapter-CommunicationManager: onUpstreamReceive mPropertyId 0x214020ab
12-30 10:20:09.457   398   464 D adayocomadapter-CommunicationManager: convertBytesToInt32Memcpy  0
12-30 10:20:09.457   398   464 I vw-vhal : notifyVehicleProperty, propId = 0x214020ab, data = {status: 2, int32Values: [0]}
12-30 10:20:09.457   398   464 I vw-vhal : CanSignalsAdapter::notifyVehicleProperty: solvedValue = {.timestamp = 6145279077063, .areaId = 0, .prop = 557850795, .status = AVAILABLE, .value = {.int32Values = [1]{0}, .floatValues = [0]{}, .int64Values = [0]{}, .bytes = [0]{}, .stringValue = ""}}
12-30 10:20:09.457   398   464 I VehiclePropertyStore: begin to write value to Store: {.timestamp = 6145279077063, .areaId = 0, .prop = 557850795, .status = AVAILABLE, .value = {.int32Values = [1]{0}, .floatValues = [0]{}, .int64Values = [0]{}, .bytes = [0]{}, .stringValue = ""}}
12-30 10:20:09.457   398   464 I DefaultVehicleHal_v2_0: DefaultVehicleHal::onPropertyValue, value:{.timestamp = 6145279077063, .areaId = 0, .prop = 557850795, .status = AVAILABLE, .value = {.int32Values = [1]{0}, .floatValues = [0]{}, .int64Values = [0]{}, .bytes = [0]{}, .stringValue = ""}}
12-30 10:20:09.457   398   464 D DiagPropHandler: is not DiagnosticConfig: 0x214020ab
12-30 10:20:09.457   398   464 I VehiclePropertyStore: begin to write value to Store: {.timestamp = 6145279077063, .areaId = 0, .prop = 557850795, .status = AVAILABLE, .value = {.int32Values = [1]{0}, .floatValues = [0]{}, .int64Values = [0]{}, .bytes = [0]{}, .stringValue = ""}}
12-30 10:20:09.457   398   464 D adayocomadapter-CommunicationManager: onUpstreamReceive mPropertyId 0x214020ab
12-30 10:20:09.457   398   464 D adayocomadapter-CommunicationManager: onUpstreamReceive mPropertyId 0x214020ad
12-30 10:20:09.457   398   464 D adayocomadapter-CommunicationManager: convertBytesToInt32Memcpy  0
12-30 10:20:09.457   398   464 I vw-vhal : notifyVehicleProperty, propId = 0x214020ad, data = {status: 2, int32Values: [0]}
12-30 10:20:09.457   398   464 I vw-vhal : CanSignalsAdapter::notifyVehicleProperty: solvedValue = {.timestamp = 6145279739397, .areaId = 0, .prop = 557850797, .status = AVAILABLE, .value = {.int32Values = [1]{0}, .floatValues = [0]{}, .int64Values = [0]{}, .bytes = [0]{}, .stringValue = ""}}
12-30 10:20:09.458   398   464 I VehiclePropertyStore: begin to write value to Store: {.timestamp = 6145279739397, .areaId = 0, .prop = 557850797, .status = AVAILABLE, .value = {.int32Values = [1]{0}, .floatValues = [0]{}, .int64Values = [0]{}, .bytes = [0]{}, .stringValue = ""}}
12-30 10:20:09.458   398   464 I DefaultVehicleHal_v2_0: DefaultVehicleHal::onPropertyValue, value:{.timestamp = 6145279739397, .areaId = 0, .prop = 557850797, .status = AVAILABLE, .value = {.int32Values = [1]{0}, .floatValues = [0]{}, .int64Values = [0]{}, .bytes = [0]{}, .stringValue = ""}}
12-30 10:20:09.458   398   464 D DiagPropHandler: is not DiagnosticConfig: 0x214020ad
12-30 10:20:09.458   398   464 I VehiclePropertyStore: begin to write value to Store: {.timestamp = 6145279739397, .areaId = 0, .prop = 557850797, .status = AVAILABLE, .value = {.int32Values = [1]{0}, .floatValues = [0]{}, .int64Values = [0]{}, .bytes = [0]{}, .stringValue = ""}}
12-30 10:20:09.458   398   464 D adayocomadapter-CommunicationManager: onUpstreamReceive mPropertyId 0x214020ad
12-30 10:20:09.458   398   464 D adayocomadapter-CommunicationManager: onUpstreamReceive mPropertyId 0x2140213a
12-30 10:20:09.458   398   464 D adayocomadapter-CommunicationManager: convertBytesToInt32Memcpy  0
12-30 10:20:09.458   398   464 I vw-vhal : notifyVehicleProperty, propId = 0x2140213a, data = {status: 2, int32Values: [0]}
12-30 10:20:09.458   398   464 I vw-vhal : CanSignalsAdapter::notifyVehicleProperty: solvedValue = {.timestamp = 6145280436063, .areaId = 0, .prop = 557850938, .status = AVAILABLE, .value = {.int32Values = [1]{0}, .floatValues = [0]{}, .int64Values = [0]{}, .bytes = [0]{}, .stringValue = ""}}
12-30 10:20:09.458   398   464 I VehiclePropertyStore: begin to write value to Store: {.timestamp = 6145280436063, .areaId = 0, .prop = 557850938, .status = AVAILABLE, .value = {.int32Values = [1]{0}, .floatValues = [0]{}, .int64Values = [0]{}, .bytes = [0]{}, .stringValue = ""}}
12-30 10:20:09.458   360   931 D EvsDriver: forwardFrame
12-30 10:20:09.459   360   931 D EvsDriver: forwardFrameDirect
12-30 10:20:09.458   398   464 I DefaultVehicleHal_v2_0: DefaultVehicleHal::onPropertyValue, value:{.timestamp = 6145280436063, .areaId = 0, .prop = 557850938, .status = AVAILABLE, .value = {.int32Values = [1]{0}, .floatValues = [0]{}, .int64Values = [0]{}, .bytes = [0]{}, .stringValue = ""}}
12-30 10:20:09.459   360   931 D EvsDriver: Delivered 0xb400e2ca9e40d4b0 as id 1
12-30 10:20:09.459   398   464 D DiagPropHandler: is not DiagnosticConfig: 0x2140213a
12-30 10:20:09.459   398   464 I VehiclePropertyStore: begin to write value to Store: {.timestamp = 6145280436063, .areaId = 0, .prop = 557850938, .status = AVAILABLE, .value = {.int32Values = [1]{0}, .floatValues = [0]{}, .int64Values = [0]{}, .bytes = [0]{}, .stringValue = ""}}
12-30 10:20:09.459   398   464 D adayocomadapter-CommunicationManager: onUpstreamReceive mPropertyId 0x2140213a
12-30 10:20:09.459   359  2784 D evsmanagerd: /dev/video-evs0 forwarded the buffer #1 to 0xb400f125d2b26dd0 from 0xb400f125e2b20710
12-30 10:20:09.459   398   464 D adayocomadapter-CommunicationManager: onUpstreamReceive mPropertyId 0x214021c7
12-30 10:20:09.459   398   464 D adayocomadapter-CommunicationManager: convertBytesToInt32Memcpy  0
12-30 10:20:09.459   398   464 I vw-vhal : notifyVehicleProperty, propId = 0x214021c7, data = {status: 2, int32Values: [0]}
12-30 10:20:09.459   398   464 I vw-vhal : CanSignalsAdapter::notifyVehicleProperty: solvedValue = {.timestamp = 6145281747397, .areaId = 0, .prop = 557851079, .status = AVAILABLE, .value = {.int32Values = [1]{0}, .floatValues = [0]{}, .int64Values = [0]{}, .bytes = [0]{}, .stringValue = ""}}
12-30 10:20:09.460   398   464 I VehiclePropertyStore: begin to write value to Store: {.timestamp = 6145281747397, .areaId = 0, .prop = 557851079, .status = AVAILABLE, .value = {.int32Values = [1]{0}, .floatValues = [0]{}, .int64Values = [0]{}, .bytes = [0]{}, .stringValue = ""}}
12-30 10:20:09.460   398   464 I DefaultVehicleHal_v2_0: DefaultVehicleHal::onPropertyValue, value:{.timestamp = 6145281747397, .areaId = 0, .prop = 557851079, .status = AVAILABLE, .value = {.int32Values = [1]{0}, .floatValues = [0]{}, .int64Values = [0]{}, .bytes = [0]{}, .stringValue = ""}}
12-30 10:20:09.460   398   464 D DiagPropHandler: is not DiagnosticConfig: 0x214021c7
12-30 10:20:09.460   398   464 I VehiclePropertyStore: begin to write value to Store: {.timestamp = 6145281747397, .areaId = 0, .prop = 557851079, .status = AVAILABLE, .value = {.int32Values = [1]{0}, .floatValues = [0]{}, .int64Values = [0]{}, .bytes = [0]{}, .stringValue = ""}}
12-30 10:20:09.460   398   464 D adayocomadapter-CommunicationManager: onUpstreamReceive mPropertyId 0x214021c7
12-30 10:20:09.460   398   464 D adayocomadapter-CommunicationManager: onUpstreamReceive mPropertyId 0x214020f2
12-30 10:20:09.460   398   464 D adayocomadapter-CommunicationManager: convertBytesToInt32Memcpy  0
12-30 10:20:09.460   398   464 I vw-vhal : notifyVehicleProperty, propId = 0x214020f2, data = {status: 2, int32Values: [0]}
12-30 10:20:09.460   398   464 I vw-vhal : CanSignalsAdapter::notifyVehicleProperty: solvedValue = {.timestamp = 6145282420397, .areaId = 0, .prop = 557850866, .status = AVAILABLE, .value = {.int32Values = [1]{0}, .floatValues = [0]{}, .int64Values = [0]{}, .bytes = [0]{}, .stringValue = ""}}
12-30 10:20:09.460   398   464 I VehiclePropertyStore: begin to write value to Store: {.timestamp = 6145282420397, .areaId = 0, .prop = 557850866, .status = AVAILABLE, .value = {.int32Values = [1]{0}, .floatValues = [0]{}, .int64Values = [0]{}, .bytes = [0]{}, .stringValue = ""}}
12-30 10:20:09.460   398   464 I DefaultVehicleHal_v2_0: DefaultVehicleHal::onPropertyValue, value:{.timestamp = 6145282420397, .areaId = 0, .prop = 557850866, .status = AVAILABLE, .value = {.int32Values = [1]{0}, .floatValues = [0]{}, .int64Values = [0]{}, .bytes = [0]{}, .stringValue = ""}}
12-30 10:20:09.460   398   464 D DiagPropHandler: is not DiagnosticConfig: 0x214020f2
12-30 10:20:09.460   398   464 I VehiclePropertyStore: begin to write value to Store: {.timestamp = 6145282420397, .areaId = 0, .prop = 557850866, .status = AVAILABLE, .value = {.int32Values = [1]{0}, .floatValues = [0]{}, .int64Values = [0]{}, .bytes = [0]{}, .stringValue = ""}}
12-30 10:20:09.460   398   464 D adayocomadapter-CommunicationManager: onUpstreamReceive mPropertyId 0x214020f2
12-30 10:20:09.461   398   464 D adayocomadapter-CommunicationManager: onUpstreamReceive mPropertyId 0x214020f1
12-30 10:20:09.461   398   464 D adayocomadapter-CommunicationManager: convertBytesToInt32Memcpy  0
12-30 10:20:09.461   398   464 I vw-vhal : notifyVehicleProperty, propId = 0x214020f1, data = {status: 2, int32Values: [0]}
12-30 10:20:09.461   398   464 I vw-vhal : CanSignalsAdapter::notifyVehicleProperty: solvedValue = {.timestamp = 6145283052063, .areaId = 0, .prop = 557850865, .status = AVAILABLE, .value = {.int32Values = [1]{0}, .floatValues = [0]{}, .int64Values = [0]{}, .bytes = [0]{}, .stringValue = ""}}
12-30 10:20:09.461   398   464 I VehiclePropertyStore: begin to write value to Store: {.timestamp = 6145283052063, .areaId = 0, .prop = 557850865, .status = AVAILABLE, .value = {.int32Values = [1]{0}, .floatValues = [0]{}, .int64Values = [0]{}, .bytes = [0]{}, .stringValue = ""}}
12-30 10:20:09.461   398   464 I DefaultVehicleHal_v2_0: DefaultVehicleHal::onPropertyValue, value:{.timestamp = 6145283052063, .areaId = 0, .prop = 557850865, .status = AVAILABLE, .value = {.int32Values = [1]{0}, .floatValues = [0]{}, .int64Values = [0]{}, .bytes = [0]{}, .stringValue = ""}}
12-30 10:20:09.461   398   464 D DiagPropHandler: is not DiagnosticConfig: 0x214020f1
12-30 10:20:09.461   398   464 I VehiclePropertyStore: begin to write value to Store: {.timestamp = 6145283052063, .areaId = 0, .prop = 557850865, .status = AVAILABLE, .value = {.int32Values = [1]{0}, .floatValues = [0]{}, .int64Values = [0]{}, .bytes = [0]{}, .stringValue = ""}}
12-30 10:20:09.461   398   464 D adayocomadapter-CommunicationManager: onUpstreamReceive mPropertyId 0x214020f1
12-30 10:20:09.461   398   464 D adayocomadapter-CommunicationManager: onUpstreamReceive mPropertyId 0x21402112
12-30 10:20:09.461   398   464 D adayocomadapter-CommunicationManager: convertBytesToInt32Memcpy  0
12-30 10:20:09.461   398   464 I vw-vhal : notifyVehicleProperty, propId = 0x21402112, data = {status: 2, int32Values: [0]}
12-30 10:20:09.461   398   464 I vw-vhal : CanSignalsAdapter::notifyVehicleProperty: solvedValue = {.timestamp = 6145283697397, .areaId = 0, .prop = 557850898, .status = AVAILABLE, .value = {.int32Values = [1]{0}, .floatValues = [0]{}, .int64Values = [0]{}, .bytes = [0]{}, .stringValue = ""}}
12-30 10:20:09.461   398   464 I VehiclePropertyStore: begin to write value to Store: {.timestamp = 6145283697397, .areaId = 0, .prop = 557850898, .status = AVAILABLE, .value = {.int32Values = [1]{0}, .floatValues = [0]{}, .int64Values = [0]{}, .bytes = [0]{}, .stringValue = ""}}
12-30 10:20:09.462   398   464 I DefaultVehicleHal_v2_0: DefaultVehicleHal::onPropertyValue, value:{.timestamp = 6145283697397, .areaId = 0, .prop = 557850898, .status = AVAILABLE, .value = {.int32Values = [1]{0}, .floatValues = [0]{}, .int64Values = [0]{}, .bytes = [0]{}, .stringValue = ""}}
12-30 10:20:09.462   398   464 D DiagPropHandler: is not DiagnosticConfig: 0x21402112
12-30 10:20:09.462   398   464 I VehiclePropertyStore: begin to write value to Store: {.timestamp = 6145283697397, .areaId = 0, .prop = 557850898, .status = AVAILABLE, .value = {.int32Values = [1]{0}, .floatValues = [0]{}, .int64Values = [0]{}, .bytes = [0]{}, .stringValue = ""}}
12-30 10:20:09.462   398   464 D adayocomadapter-CommunicationManager: onUpstreamReceive mPropertyId 0x21402112
12-30 10:20:09.462   398   464 D adayocomadapter-CommunicationManager: onUpstreamReceive mPropertyId 0x2140219f
12-30 10:20:09.462   398   464 D adayocomadapter-CommunicationManager: convertBytesToInt32Memcpy  0
12-30 10:20:09.462   398   464 I vw-vhal : notifyVehicleProperty, propId = 0x2140219f, data = {status: 2, int32Values: [0]}
12-30 10:20:09.462   398   464 I vw-vhal : CanSignalsAdapter::notifyVehicleProperty: solvedValue = {.timestamp = 6145284395397, .areaId = 0, .prop = 557851039, .status = AVAILABLE, .value = {.int32Values = [1]{0}, .floatValues = [0]{}, .int64Values = [0]{}, .bytes = [0]{}, .stringValue = ""}}
12-30 10:20:09.462   398   464 I VehiclePropertyStore: begin to write value to Store: {.timestamp = 6145284395397, .areaId = 0, .prop = 557851039, .status = AVAILABLE, .value = {.int32Values = [1]{0}, .floatValues = [0]{}, .int64Values = [0]{}, .bytes = [0]{}, .stringValue = ""}}
12-30 10:20:09.462   398   464 I DefaultVehicleHal_v2_0: DefaultVehicleHal::onPropertyValue, value:{.timestamp = 6145284395397, .areaId = 0, .prop = 557851039, .status = AVAILABLE, .value = {.int32Values = [1]{0}, .floatValues = [0]{}, .int64Values = [0]{}, .bytes = [0]{}, .stringValue = ""}}
12-30 10:20:09.462   398   464 D DiagPropHandler: is not DiagnosticConfig: 0x2140219f
12-30 10:20:09.462   398   464 I VehiclePropertyStore: begin to write value to Store: {.timestamp = 6145284395397, .areaId = 0, .prop = 557851039, .status = AVAILABLE, .value = {.int32Values = [1]{0}, .floatValues = [0]{}, .int64Values = [0]{}, .bytes = [0]{}, .stringValue = ""}}
12-30 10:20:09.462   398   464 D adayocomadapter-CommunicationManager: onUpstreamReceive mPropertyId 0x2140219f
12-30 10:20:09.463   398   464 D adayocomadapter-CommunicationManager: onUpstreamReceive mPropertyId 0x21402139
12-30 10:20:09.463   398   464 D adayocomadapter-CommunicationManager: convertBytesToInt32Memcpy  0
12-30 10:20:09.463   398   464 I vw-vhal : notifyVehicleProperty, propId = 0x21402139, data = {status: 2, int32Values: [0]}
12-30 10:20:09.463   398   464 I vw-vhal : CanSignalsAdapter::notifyVehicleProperty: solvedValue = {.timestamp = 6145285047730, .areaId = 0, .prop = 557850937, .status = AVAILABLE, .value = {.int32Values = [1]{0}, .floatValues = [0]{}, .int64Values = [0]{}, .bytes = [0]{}, .stringValue = ""}}
12-30 10:20:09.463   398   464 I VehiclePropertyStore: begin to write value to Store: {.timestamp = 6145285047730, .areaId = 0, .prop = 557850937, .status = AVAILABLE, .value = {.int32Values = [1]{0}, .floatValues = [0]{}, .int64Values = [0]{}, .bytes = [0]{}, .stringValue = ""}}
12-30 10:20:09.463   398   464 I DefaultVehicleHal_v2_0: DefaultVehicleHal::onPropertyValue, value:{.timestamp = 6145285047730, .areaId = 0, .prop = 557850937, .status = AVAILABLE, .value = {.int32Values = [1]{0}, .floatValues = [0]{}, .int64Values = [0]{}, .bytes = [0]{}, .stringValue = ""}}
12-30 10:20:09.463   398   464 D DiagPropHandler: is not DiagnosticConfig: 0x21402139
12-30 10:20:09.463   398   464 I VehiclePropertyStore: begin to write value to Store: {.timestamp = 6145285047730, .areaId = 0, .prop = 557850937, .status = AVAILABLE, .value = {.int32Values = [1]{0}, .floatValues = [0]{}, .int64Values = [0]{}, .bytes = [0]{}, .stringValue = ""}}
12-30 10:20:09.463   398   464 D adayocomadapter-CommunicationManager: onUpstreamReceive mPropertyId 0x21402139
12-30 10:20:09.463   398   464 D adayocomadapter-CommunicationManager: onUpstreamReceive mPropertyId 0x21402025
12-30 10:20:09.463   398   464 D adayocomadapter-CommunicationManager: convertBytesToInt32Memcpy  0
12-30 10:20:09.463   398   464 I vw-vhal : notifyVehicleProperty, propId = 0x21402025, data = {status: 2, int32Values: [0]}
12-30 10:20:09.463   398   464 I vw-vhal : CanSignalsAdapter::notifyVehicleProperty: solvedValue = {.timestamp = 6145285691063, .areaId = 0, .prop = 557850661, .status = AVAILABLE, .value = {.int32Values = [1]{0}, .floatValues = [0]{}, .int64Values = [0]{}, .bytes = [0]{}, .stringValue = ""}}
12-30 10:20:09.463   398   464 I VehiclePropertyStore: begin to write value to Store: {.timestamp = 6145285691063, .areaId = 0, .prop = 557850661, .status = AVAILABLE, .value = {.int32Values = [1]{0}, .floatValues = [0]{}, .int64Values = [0]{}, .bytes = [0]{}, .stringValue = ""}}
12-30 10:20:09.464   398   464 I DefaultVehicleHal_v2_0: DefaultVehicleHal::onPropertyValue, value:{.timestamp = 6145285691063, .areaId = 0, .prop = 557850661, .status = AVAILABLE, .value = {.int32Values = [1]{0}, .floatValues = [0]{}, .int64Values = [0]{}, .bytes = [0]{}, .stringValue = ""}}
12-30 10:20:09.464   398   464 D DiagPropHandler: is not DiagnosticConfig: 0x21402025
12-30 10:20:09.464   398   464 I VehiclePropertyStore: begin to write value to Store: {.timestamp = 6145285691063, .areaId = 0, .prop = 557850661, .status = AVAILABLE, .value = {.int32Values = [1]{0}, .floatValues = [0]{}, .int64Values = [0]{}, .bytes = [0]{}, .stringValue = ""}}
12-30 10:20:09.464   398   464 D adayocomadapter-CommunicationManager: onUpstreamReceive mPropertyId 0x21402025
12-30 10:20:09.464   398   464 D adayocomadapter-CommunicationManager: onUpstreamReceive mPropertyId 0x21402033
12-30 10:20:09.464   398   464 D adayocomadapter-CommunicationManager: convertBytesToInt32Memcpy  0
12-30 10:20:09.464   398   464 I vw-vhal : notifyVehicleProperty, propId = 0x21402033, data = {status: 2, int32Values: [0]}
12-30 10:20:09.464   398   464 I vw-vhal : CanSignalsAdapter::notifyVehicleProperty: solvedValue = {.timestamp = 6145286364063, .areaId = 0, .prop = 557850675, .status = AVAILABLE, .value = {.int32Values = [1]{0}, .floatValues = [0]{}, .int64Values = [0]{}, .bytes = [0]{}, .stringValue = ""}}
12-30 10:20:09.464   398   464 I VehiclePropertyStore: begin to write value to Store: {.timestamp = 6145286364063, .areaId = 0, .prop = 557850675, .status = AVAILABLE, .value = {.int32Values = [1]{0}, .floatValues = [0]{}, .int64Values = [0]{}, .bytes = [0]{}, .stringValue = ""}}
12-30 10:20:09.464   398   464 I DefaultVehicleHal_v2_0: DefaultVehicleHal::onPropertyValue, value:{.timestamp = 6145286364063, .areaId = 0, .prop = 557850675, .status = AVAILABLE, .value = {.int32Values = [1]{0}, .floatValues = [0]{}, .int64Values = [0]{}, .bytes = [0]{}, .stringValue = ""}}
12-30 10:20:09.464   398   464 D DiagPropHandler: is not DiagnosticConfig: 0x21402033
12-30 10:20:09.464   398   464 I VehiclePropertyStore: begin to write value to Store: {.timestamp = 6145286364063, .areaId = 0, .prop = 557850675, .status = AVAILABLE, .value = {.int32Values = [1]{0}, .floatValues = [0]{}, .int64Values = [0]{}, .bytes = [0]{}, .stringValue = ""}}
12-30 10:20:09.464   398   464 D adayocomadapter-CommunicationManager: onUpstreamReceive mPropertyId 0x21402033
12-30 10:20:09.464   398   464 D adayocomadapter-CommunicationManager: onUpstreamReceive mPropertyId 0x21402034
12-30 10:20:09.465   398   464 D adayocomadapter-CommunicationManager: convertBytesToInt32Memcpy  0
12-30 10:20:09.465   398   464 I vw-vhal : notifyVehicleProperty, propId = 0x21402034, data = {status: 2, int32Values: [0]}
12-30 10:20:09.465   398   464 I vw-vhal : CanSignalsAdapter::notifyVehicleProperty: solvedValue = {.timestamp = 6145287013730, .areaId = 0, .prop = 557850676, .status = AVAILABLE, .value = {.int32Values = [1]{0}, .floatValues = [0]{}, .int64Values = [0]{}, .bytes = [0]{}, .stringValue = ""}}
12-30 10:20:09.465   398   464 I VehiclePropertyStore: begin to write value to Store: {.timestamp = 6145287013730, .areaId = 0, .prop = 557850676, .status = AVAILABLE, .value = {.int32Values = [1]{0}, .floatValues = [0]{}, .int64Values = [0]{}, .bytes = [0]{}, .stringValue = ""}}
12-30 10:20:09.465   398   464 I DefaultVehicleHal_v2_0: DefaultVehicleHal::onPropertyValue, value:{.timestamp = 6145287013730, .areaId = 0, .prop = 557850676, .status = AVAILABLE, .value = {.int32Values = [1]{0}, .floatValues = [0]{}, .int64Values = [0]{}, .bytes = [0]{}, .stringValue = ""}}
12-30 10:20:09.465   398   464 D DiagPropHandler: is not DiagnosticConfig: 0x21402034
12-30 10:20:09.465   398   464 I VehiclePropertyStore: begin to write value to Store: {.timestamp = 6145287013730, .areaId = 0, .prop = 557850676, .status = AVAILABLE, .value = {.int32Values = [1]{0}, .floatValues = [0]{}, .int64Values = [0]{}, .bytes = [0]{}, .stringValue = ""}}
12-30 10:20:09.465   398   464 D adayocomadapter-CommunicationManager: onUpstreamReceive mPropertyId 0x21402034
12-30 10:20:09.465   398   464 D adayocomadapter-CommunicationManager: onUpstreamReceive mPropertyId 0x2140218c
12-30 10:20:09.465   398   464 D adayocomadapter-CommunicationManager: convertBytesToInt32Memcpy  0
12-30 10:20:09.465   398   464 I vw-vhal : notifyVehicleProperty, propId = 0x2140218c, data = {status: 2, int32Values: [0]}
12-30 10:20:09.465   398   464 I vw-vhal : CanSignalsAdapter::notifyVehicleProperty: solvedValue = {.timestamp = 6145287700063, .areaId = 0, .prop = 557851020, .status = AVAILABLE, .value = {.int32Values = [1]{0}, .floatValues = [0]{}, .int64Values = [0]{}, .bytes = [0]{}, .stringValue = ""}}
12-30 10:20:09.465   398   464 I VehiclePropertyStore: begin to write value to Store: {.timestamp = 6145287700063, .areaId = 0, .prop = 557851020, .status = AVAILABLE, .value = {.int32Values = [1]{0}, .floatValues = [0]{}, .int64Values = [0]{}, .bytes = [0]{}, .stringValue = ""}}
12-30 10:20:09.466   398   464 I DefaultVehicleHal_v2_0: DefaultVehicleHal::onPropertyValue, value:{.timestamp = 6145287700063, .areaId = 0, .prop = 557851020, .status = AVAILABLE, .value = {.int32Values = [1]{0}, .floatValues = [0]{}, .int64Values = [0]{}, .bytes = [0]{}, .stringValue = ""}}
12-30 10:20:09.466   398   464 D DiagPropHandler: is not DiagnosticConfig: 0x2140218c
12-30 10:20:09.466   398   464 I VehiclePropertyStore: begin to write value to Store: {.timestamp = 6145287700063, .areaId = 0, .prop = 557851020, .status = AVAILABLE, .value = {.int32Values = [1]{0}, .floatValues = [0]{}, .int64Values = [0]{}, .bytes = [0]{}, .stringValue = ""}}
12-30 10:20:09.466   398   464 D adayocomadapter-CommunicationManager: onUpstreamReceive mPropertyId 0x2140218c
12-30 10:20:09.466   398   464 D adayocomadapter-CommunicationManager: onUpstreamReceive mPropertyId 0x2140219b
12-30 10:20:09.466   398   464 D adayocomadapter-CommunicationManager: convertBytesToInt32Memcpy  0
12-30 10:20:09.466   398   464 I vw-vhal : notifyVehicleProperty, propId = 0x2140219b, data = {status: 2, int32Values: [0]}
12-30 10:20:09.466   398   464 I vw-vhal : CanSignalsAdapter::notifyVehicleProperty: solvedValue = {.timestamp = 6145288405730, .areaId = 0, .prop = 557851035, .status = AVAILABLE, .value = {.int32Values = [1]{0}, .floatValues = [0]{}, .int64Values = [0]{}, .bytes = [0]{}, .stringValue = ""}}
12-30 10:20:09.466   398   464 I VehiclePropertyStore: begin to write value to Store: {.timestamp = 6145288405730, .areaId = 0, .prop = 557851035, .status = AVAILABLE, .value = {.int32Values = [1]{0}, .floatValues = [0]{}, .int64Values = [0]{}, .bytes = [0]{}, .stringValue = ""}}
12-30 10:20:09.466   398   464 I DefaultVehicleHal_v2_0: DefaultVehicleHal::onPropertyValue, value:{.timestamp = 6145288405730, .areaId = 0, .prop = 557851035, .status = AVAILABLE, .value = {.int32Values = [1]{0}, .floatValues = [0]{}, .int64Values = [0]{}, .bytes = [0]{}, .stringValue = ""}}
12-30 10:20:09.466   398   464 D DiagPropHandler: is not DiagnosticConfig: 0x2140219b
12-30 10:20:09.466   398   464 I VehiclePropertyStore: begin to write value to Store: {.timestamp = 6145288405730, .areaId = 0, .prop = 557851035, .status = AVAILABLE, .value = {.int32Values = [1]{0}, .floatValues = [0]{}, .int64Values = [0]{}, .bytes = [0]{}, .stringValue = ""}}
12-30 10:20:09.467   398   464 D adayocomadapter-CommunicationManager: onUpstreamReceive mPropertyId 0x2140219b
12-30 10:20:09.467   398   464 D adayocomadapter-CommunicationManager: onUpstreamReceive mPropertyId 0x214021a0
12-30 10:20:09.467   398   464 D adayocomadapter-CommunicationManager: convertBytesToInt32Memcpy  0
12-30 10:20:09.467   398   464 I vw-vhal : notifyVehicleProperty, propId = 0x214021a0, data = {status: 2, int32Values: [0]}
12-30 10:20:09.467   398   464 I vw-vhal : CanSignalsAdapter::notifyVehicleProperty: solvedValue = {.timestamp = 6145289063730, .areaId = 0, .prop = 557851040, .status = AVAILABLE, .value = {.int32Values = [1]{0}, .floatValues = [0]{}, .int64Values = [0]{}, .bytes = [0]{}, .stringValue = ""}}
12-30 10:20:09.467   398   464 I VehiclePropertyStore: begin to write value to Store: {.timestamp = 6145289063730, .areaId = 0, .prop = 557851040, .status = AVAILABLE, .value = {.int32Values = [1]{0}, .floatValues = [0]{}, .int64Values = [0]{}, .bytes = [0]{}, .stringValue = ""}}
12-30 10:20:09.467   398   464 I DefaultVehicleHal_v2_0: DefaultVehicleHal::onPropertyValue, value:{.timestamp = 6145289063730, .areaId = 0, .prop = 557851040, .status = AVAILABLE, .value = {.int32Values = [1]{0}, .floatValues = [0]{}, .int64Values = [0]{}, .bytes = [0]{}, .stringValue = ""}}
12-30 10:20:09.467   398   464 D DiagPropHandler: is not DiagnosticConfig: 0x214021a0
12-30 10:20:09.467   398   464 I VehiclePropertyStore: begin to write value to Store: {.timestamp = 6145289063730, .areaId = 0, .prop = 557851040, .status = AVAILABLE, .value = {.int32Values = [1]{0}, .floatValues = [0]{}, .int64Values = [0]{}, .bytes = [0]{}, .stringValue = ""}}
12-30 10:20:09.467   360   458 D EvsDriver: doneWithFrame
12-30 10:20:09.467   398   464 D adayocomadapter-CommunicationManager: onUpstreamReceive mPropertyId 0x214021a0
12-30 10:20:09.467   398   464 D adayocomadapter-CommunicationManager: onUpstreamReceive mPropertyId 0x214021a3
12-30 10:20:09.467   398   464 D adayocomadapter-CommunicationManager: convertBytesToInt32Memcpy  0
12-30 10:20:09.467   398   464 I vw-vhal : notifyVehicleProperty, propId = 0x214021a3, data = {status: 2, int32Values: [0]}
12-30 10:20:09.467   398   464 I vw-vhal : CanSignalsAdapter::notifyVehicleProperty: solvedValue = {.timestamp = 6145289722397, .areaId = 0, .prop = 557851043, .status = AVAILABLE, .value = {.int32Values = [1]{0}, .floatValues = [0]{}, .int64Values = [0]{}, .bytes = [0]{}, .stringValue = ""}}
12-30 10:20:09.468   398   464 I VehiclePropertyStore: begin to write value to Store: {.timestamp = 6145289722397, .areaId = 0, .prop = 557851043, .status = AVAILABLE, .value = {.int32Values = [1]{0}, .floatValues = [0]{}, .int64Values = [0]{}, .bytes = [0]{}, .stringValue = ""}}
12-30 10:20:09.468   398   464 I DefaultVehicleHal_v2_0: DefaultVehicleHal::onPropertyValue, value:{.timestamp = 6145289722397, .areaId = 0, .prop = 557851043, .status = AVAILABLE, .value = {.int32Values = [1]{0}, .floatValues = [0]{}, .int64Values = [0]{}, .bytes = [0]{}, .stringValue = ""}}
12-30 10:20:09.468   398   464 D DiagPropHandler: is not DiagnosticConfig: 0x214021a3
12-30 10:20:09.468   398   464 I VehiclePropertyStore: begin to write value to Store: {.timestamp = 6145289722397, .areaId = 0, .prop = 557851043, .status = AVAILABLE, .value = {.int32Values = [1]{0}, .floatValues = [0]{}, .int64Values = [0]{}, .bytes = [0]{}, .stringValue = ""}}
12-30 10:20:09.468   398   464 D adayocomadapter-CommunicationManager: onUpstreamReceive mPropertyId 0x214021a3
12-30 10:20:09.468   398   464 D adayocomadapter-CommunicationManager: onUpstreamReceive mPropertyId 0x214021a4
12-30 10:20:09.468   398   464 D adayocomadapter-CommunicationManager: convertBytesToInt32Memcpy  0
12-30 10:20:09.468   398   464 I vw-vhal : notifyVehicleProperty, propId = 0x214021a4, data = {status: 2, int32Values: [0]}
12-30 10:20:09.468   398   464 I vw-vhal : CanSignalsAdapter::notifyVehicleProperty: solvedValue = {.timestamp = 6145290419730, .areaId = 0, .prop = 557851044, .status = AVAILABLE, .value = {.int32Values = [1]{0}, .floatValues = [0]{}, .int64Values = [0]{}, .bytes = [0]{}, .stringValue = ""}}
12-30 10:20:09.468   398   464 I VehiclePropertyStore: begin to write value to Store: {.timestamp = 6145290419730, .areaId = 0, .prop = 557851044, .status = AVAILABLE, .value = {.int32Values = [1]{0}, .floatValues = [0]{}, .int64Values = [0]{}, .bytes = [0]{}, .stringValue = ""}}
12-30 10:20:09.468   398   464 I DefaultVehicleHal_v2_0: DefaultVehicleHal::onPropertyValue, value:{.timestamp = 6145290419730, .areaId = 0, .prop = 557851044, .status = AVAILABLE, .value = {.int32Values = [1]{0}, .floatValues = [0]{}, .int64Values = [0]{}, .bytes = [0]{}, .stringValue = ""}}
12-30 10:20:09.468   398   464 D DiagPropHandler: is not DiagnosticConfig: 0x214021a4
12-30 10:20:09.468   398   464 I VehiclePropertyStore: begin to write value to Store: {.timestamp = 6145290419730, .areaId = 0, .prop = 557851044, .status = AVAILABLE, .value = {.int32Values = [1]{0}, .floatValues = [0]{}, .int64Values = [0]{}, .bytes = [0]{}, .stringValue = ""}}
12-30 10:20:09.469   398   464 D adayocomadapter-CommunicationManager: onUpstreamReceive mPropertyId 0x214021a4
12-30 10:20:09.469   398   464 D adayocomadapter-CommunicationManager: onUpstreamReceive mPropertyId 0x214021cb
12-30 10:20:09.469   398   464 D adayocomadapter-CommunicationManager: convertBytesToInt32Memcpy  0
12-30 10:20:09.469   398   464 I vw-vhal : notifyVehicleProperty, propId = 0x214021cb, data = {status: 2, int32Values: [0]}
12-30 10:20:09.469   398   464 I vw-vhal : CanSignalsAdapter::notifyVehicleProperty: solvedValue = {.timestamp = 6145291096397, .areaId = 0, .prop = 557851083, .status = AVAILABLE, .value = {.int32Values = [1]{0}, .floatValues = [0]{}, .int64Values = [0]{}, .bytes = [0]{}, .stringValue = ""}}
12-30 10:20:09.469   398   464 I VehiclePropertyStore: begin to write value to Store: {.timestamp = 6145291096397, .areaId = 0, .prop = 557851083, .status = AVAILABLE, .value = {.int32Values = [1]{0}, .floatValues = [0]{}, .int64Values = [0]{}, .bytes = [0]{}, .stringValue = ""}}
12-30 10:20:09.469   398   464 I DefaultVehicleHal_v2_0: DefaultVehicleHal::onPropertyValue, value:{.timestamp = 6145291096397, .areaId = 0, .prop = 557851083, .status = AVAILABLE, .value = {.int32Values = [1]{0}, .floatValues = [0]{}, .int64Values = [0]{}, .bytes = [0]{}, .stringValue = ""}}
12-30 10:20:09.469   398   464 D DiagPropHandler: is not DiagnosticConfig: 0x214021cb
12-30 10:20:09.469   398   464 I VehiclePropertyStore: begin to write value to Store: {.timestamp = 6145291096397, .areaId = 0, .prop = 557851083, .status = AVAILABLE, .value = {.int32Values = [1]{0}, .floatValues = [0]{}, .int64Values = [0]{}, .bytes = [0]{}, .stringValue = ""}}
12-30 10:20:09.469   398   464 D adayocomadapter-CommunicationManager: onUpstreamReceive mPropertyId 0x214021cb
12-30 10:20:09.490  2358  2623 D RcfController: Rcf proxy is not connected!
12-30 10:20:09.492   360   931 D EvsDriver: forwardFrame
12-30 10:20:09.492   360   931 D EvsDriver: forwardFrameDirect
12-30 10:20:09.492   360   931 D EvsDriver: Delivered 0xb400e2ca9e40c2d0 as id 0
12-30 10:20:09.492   359  2784 D evsmanagerd: /dev/video-evs0 forwarded the buffer #0 to 0xb400f125d2b26dd0 from 0xb400f125e2b20710
12-30 10:20:09.497   360   458 D EvsDriver: doneWithFrame
12-30 10:20:09.516   596  3076 E WifiHAL : Invalid data received from driver
12-30 10:20:09.525   360   931 D EvsDriver: forwardFrame
12-30 10:20:09.525   360   931 D EvsDriver: forwardFrameDirect
12-30 10:20:09.526   360   931 D EvsDriver: Delivered 0xb400e2ca9e40d090 as id 1
12-30 10:20:09.526   359  2784 D evsmanagerd: /dev/video-evs0 forwarded the buffer #1 to 0xb400f125d2b26dd0 from 0xb400f125e2b20710
12-30 10:20:09.528   360   458 D EvsDriver: doneWithFrame
12-30 10:20:09.540  2358  2623 D RcfController: Rcf proxy is not connected!
12-30 10:20:09.556  1628  1628 I TimeSyncService: TimeSyncService$a->handleMessage()19:start initSystemTimeBasedOnGpsOrNtpFlow     ---2:main
12-30 10:20:09.556  1628  1628 W ContextImpl: Calling a method in the system process without a qualified user: android.app.ContextImpl.sendBroadcast:1220 android.content.ContextWrapper.sendBroadcast:504 com.adayo.aaop_deviceservice.service.TimeSyncService$a.handleMessage:39 android.os.Handler.dispatchMessage:106 android.os.Looper.loopOnce:205 
12-30 10:20:09.558   360   931 D EvsDriver: forwardFrame
12-30 10:20:09.559   360   931 D EvsDriver: forwardFrameDirect
12-30 10:20:09.559   360   931 D EvsDriver: Delivered 0xb400e2ca9e40e110 as id 0
12-30 10:20:09.559   359  2784 D evsmanagerd: /dev/video-evs0 forwarded the buffer #0 to 0xb400f125d2b26dd0 from 0xb400f125e2b20710
12-30 10:20:09.559   916  1847 D LocationManagerService: gps provider removed registration from 1000/com.adayo.aaop_deviceservice/C3637E19
12-30 10:20:09.560  1628  1628 I TimeSyncService: TimeSyncService->y()4:initSystemTimeBasedOnGpsOrNtpFlowSts     ---2:main
12-30 10:20:09.563   916  1847 D LocationManagerService: gps provider added registration from 1000/com.adayo.aaop_deviceservice/03D4A4D6 -> Request[@+1s0ms HIGH_ACCURACY, WorkSource{1000 com.adayo.aaop_deviceservice}]
12-30 10:20:09.568   360   458 D EvsDriver: doneWithFrame
12-30 10:20:09.586   596  3076 E WifiHAL : Invalid data received from driver
12-30 10:20:09.591  2358  2623 D RcfController: Rcf proxy is not connected!
12-30 10:20:09.592   360   931 D EvsDriver: forwardFrame
12-30 10:20:09.592   360   931 D EvsDriver: forwardFrameDirect
12-30 10:20:09.592   360   931 D EvsDriver: Delivered 0xb400e2ca9e40c7a0 as id 1
12-30 10:20:09.592   359  2784 D evsmanagerd: /dev/video-evs0 forwarded the buffer #1 to 0xb400f125d2b26dd0 from 0xb400f125e2b20710
12-30 10:20:09.599   360   458 D EvsDriver: doneWithFrame
12-30 10:20:09.625   360   931 D EvsDriver: forwardFrame
12-30 10:20:09.625   360   931 D EvsDriver: forwardFrameDirect
12-30 10:20:09.625   360   931 D EvsDriver: Delivered 0xb400e2ca9e40e270 as id 0
12-30 10:20:09.626   359  2784 D evsmanagerd: /dev/video-evs0 forwarded the buffer #0 to 0xb400f125d2b26dd0 from 0xb400f125e2b20710
12-30 10:20:09.629   360   458 D EvsDriver: doneWithFrame
12-30 10:20:09.635  1667  2407 I media_message_log->MediaMessageProxy: (SourceFile:1)b connectToService action bind
12-30 10:20:09.636   916  1847 W ActivityManager: Unable to start service Intent { cmp=com.adayo.server.mediamessagetransfer/.MediaMessTransferService (has extras) } U=0: not found
12-30 10:20:09.637  1667  2407 E media_message_log->MediaMessageProxy: (SourceFile:7)a bindServiceAsUser isBound = false
12-30 10:20:09.641  2358  2623 D RcfController: Rcf proxy is not connected!
12-30 10:20:09.651   596  3076 E WifiHAL : Invalid data received from driver
12-30 10:20:09.658   360   931 D EvsDriver: forwardFrame
12-30 10:20:09.659   360   931 D EvsDriver: forwardFrameDirect
12-30 10:20:09.659   360   931 D EvsDriver: Delivered 0xb400e2ca9e40d4b0 as id 1
12-30 10:20:09.659   359  2784 D evsmanagerd: /dev/video-evs0 forwarded the buffer #1 to 0xb400f125d2b26dd0 from 0xb400f125e2b20710
12-30 10:20:09.670   360   458 D EvsDriver: doneWithFrame
12-30 10:20:09.691  2358  2623 D RcfController: Rcf proxy is not connected!
12-30 10:20:09.692   360   931 D EvsDriver: forwardFrame
12-30 10:20:09.692   360   931 D EvsDriver: forwardFrameDirect
12-30 10:20:09.692   360   931 D EvsDriver: Delivered 0xb400e2ca9e40c2d0 as id 0
12-30 10:20:09.692   359  2784 D evsmanagerd: /dev/video-evs0 forwarded the buffer #0 to 0xb400f125d2b26dd0 from 0xb400f125e2b20710
12-30 10:20:09.700   360   458 D EvsDriver: doneWithFrame
12-30 10:20:09.709   650   729 D fgemcucomm: sd Uart data : 6AA602BFF100029202B8
12-30 10:20:09.709   650   729 D fgemcucomm: rev uart=50834,len=20, data : 6AA681BFF1000C9202000500000000000000002A
12-30 10:20:09.710   398  2883 D adayocomadapter-ParseProtocolFunc: printRaWMsg Name[MCUToUPstream recv] len[12] data[920200050000000000000000]
12-30 10:20:09.710   398  2883 D adayocomadapter-CommunicationManager: onUpstreamback   member[0] dataLength[9] timePoint[6145532]
12-30 10:20:09.710   398  2883 D adayocomadapter-ParseProtocolFunc: printRaWMsg Name[onUpstreamback] len[9] data[050000000000000000]
12-30 10:20:09.710   398   464 D adayocomadapter-UpstreamHandler: processBeforePacket upSreamtProcessTimePoint[6145532] 
12-30 10:20:09.710   398   464 D adayocomadapter-UpstreamHandler: processPacket UPSTREAM_QUEUE_DATA_TIMEOUT
12-30 10:20:09.710   398   464 D adayocomadapter-ParseProtocolFunc: parseCommonIPCLBytes Processing tableNumber[5]
12-30 10:20:09.710   398   464 D adayocomadapter-ParseProtocolFunc: parseCommonIPCLBytes Processing tablename[Table-5] tableSize[9]
12-30 10:20:09.710   398   464 D adayocomadapter-ParseProtocolFunc: printRaWMsg Name[byteStream recv] len[9] data[050000000000000000]
12-30 10:20:09.710   398   464 D adayocomadapter-ParseProtocolFunc: printRaWMsg Name[IPCLtoVHAL] len[7] data[21402134000000]
12-30 10:20:09.710   398   464 D adayocomadapter-ParseProtocolFunc: printRaWMsg Name[IPCLtoVHAL] len[7] data[21402135000000]
12-30 10:20:09.710   398   464 D adayocomadapter-ParseProtocolFunc: printRaWMsg Name[IPCLtoVHAL] len[7] data[21402136000000]
12-30 10:20:09.711   398   464 D adayocomadapter-ParseProtocolFunc: printRaWMsg Name[IPCLtoVHAL] len[7] data[21402137000000]
12-30 10:20:09.711   398   464 D adayocomadapter-CommunicationManager: onUpstreamReceive mPropertyId 0x21402134
12-30 10:20:09.711   398   464 D adayocomadapter-CommunicationManager: convertBytesToInt32Memcpy  0
12-30 10:20:09.711   398   464 I vw-vhal : notifyVehicleProperty, propId = 0x21402134, data = {status: 2, int32Values: [0]}
12-30 10:20:09.711   398   464 I vw-vhal : CanSignalsAdapter::notifyVehicleProperty: solvedValue = {.timestamp = 6145533209397, .areaId = 0, .prop = 557850932, .status = AVAILABLE, .value = {.int32Values = [1]{0}, .floatValues = [0]{}, .int64Values = [0]{}, .bytes = [0]{}, .stringValue = ""}}
12-30 10:20:09.711   398   464 I VehiclePropertyStore: begin to write value to Store: {.timestamp = 6145533209397, .areaId = 0, .prop = 557850932, .status = AVAILABLE, .value = {.int32Values = [1]{0}, .floatValues = [0]{}, .int64Values = [0]{}, .bytes = [0]{}, .stringValue = ""}}
12-30 10:20:09.711   398   464 I DefaultVehicleHal_v2_0: DefaultVehicleHal::onPropertyValue, value:{.timestamp = 6145533209397, .areaId = 0, .prop = 557850932, .status = AVAILABLE, .value = {.int32Values = [1]{0}, .floatValues = [0]{}, .int64Values = [0]{}, .bytes = [0]{}, .stringValue = ""}}
12-30 10:20:09.711   398   464 D DiagPropHandler: is not DiagnosticConfig: 0x21402134
