12-30 10:20:04.166   398   464 I DefaultVehicleHal_v2_0: DefaultVehicleHal::onPropertyValue, value:{.timestamp = 6139988414063, .areaId = 0, .prop = 557850714, .status = AVAILABLE, .value = {.int32Values = [1]{0}, .floatValues = [0]{}, .int64Values = [0]{}, .bytes = [0]{}, .stringValue = ""}}
12-30 10:20:04.166   398   464 D DiagPropHandler: is not DiagnosticConfig: 0x2140205a
12-30 10:20:04.166   398   464 I VehiclePropertyStore: begin to write value to Store: {.timestamp = 6139988414063, .areaId = 0, .prop = 557850714, .status = AVAILABLE, .value = {.int32Values = [1]{0}, .floatValues = [0]{}, .int64Values = [0]{}, .bytes = [0]{}, .stringValue = ""}}
12-30 10:20:04.166   398   464 D adayocomadapter-CommunicationManager: onUpstreamReceive mPropertyId 0x2140205a
12-30 10:20:04.166   398   464 D adayocomadapter-CommunicationManager: onUpstreamReceive mPropertyId 0x2140205b
12-30 10:20:04.166   398   464 D adayocomadapter-CommunicationManager: convertBytesToInt32Memcpy  0
12-30 10:20:04.166   398   464 I vw-vhal : notifyVehicleProperty, propId = 0x2140205b, data = {status: 2, int32Values: [0]}
12-30 10:20:04.166   398   464 I vw-vhal : CanSignalsAdapter::notifyVehicleProperty: solvedValue = {.timestamp = 6139988695396, .areaId = 0, .prop = 557850715, .status = AVAILABLE, .value = {.int32Values = [1]{0}, .floatValues = [0]{}, .int64Values = [0]{}, .bytes = [0]{}, .stringValue = ""}}
12-30 10:20:04.166   398   464 I VehiclePropertyStore: begin to write value to Store: {.timestamp = 6139988695396, .areaId = 0, .prop = 557850715, .status = AVAILABLE, .value = {.int32Values = [1]{0}, .floatValues = [0]{}, .int64Values = [0]{}, .bytes = [0]{}, .stringValue = ""}}
12-30 10:20:04.166   398   464 I DefaultVehicleHal_v2_0: DefaultVehicleHal::onPropertyValue, value:{.timestamp = 6139988695396, .areaId = 0, .prop = 557850715, .status = AVAILABLE, .value = {.int32Values = [1]{0}, .floatValues = [0]{}, .int64Values = [0]{}, .bytes = [0]{}, .stringValue = ""}}
12-30 10:20:04.166   398   464 D DiagPropHandler: is not DiagnosticConfig: 0x2140205b
12-30 10:20:04.167   398   464 I VehiclePropertyStore: begin to write value to Store: {.timestamp = 6139988695396, .areaId = 0, .prop = 557850715, .status = AVAILABLE, .value = {.int32Values = [1]{0}, .floatValues = [0]{}, .int64Values = [0]{}, .bytes = [0]{}, .stringValue = ""}}
12-30 10:20:04.167   398   464 D adayocomadapter-CommunicationManager: onUpstreamReceive mPropertyId 0x2140205b
12-30 10:20:04.167   398   464 D adayocomadapter-CommunicationManager: onUpstreamReceive mPropertyId 0x2140205c
12-30 10:20:04.167   398   464 D adayocomadapter-CommunicationManager: convertBytesToInt32Memcpy  0
12-30 10:20:04.167   398   464 I vw-vhal : notifyVehicleProperty, propId = 0x2140205c, data = {status: 2, int32Values: [0]}
12-30 10:20:04.167   398   464 I vw-vhal : CanSignalsAdapter::notifyVehicleProperty: solvedValue = {.timestamp = 6139988999729, .areaId = 0, .prop = 557850716, .status = AVAILABLE, .value = {.int32Values = [1]{0}, .floatValues = [0]{}, .int64Values = [0]{}, .bytes = [0]{}, .stringValue = ""}}
12-30 10:20:04.167   398   464 I VehiclePropertyStore: begin to write value to Store: {.timestamp = 6139988999729, .areaId = 0, .prop = 557850716, .status = AVAILABLE, .value = {.int32Values = [1]{0}, .floatValues = [0]{}, .int64Values = [0]{}, .bytes = [0]{}, .stringValue = ""}}
12-30 10:20:04.167   398   464 I DefaultVehicleHal_v2_0: DefaultVehicleHal::onPropertyValue, value:{.timestamp = 6139988999729, .areaId = 0, .prop = 557850716, .status = AVAILABLE, .value = {.int32Values = [1]{0}, .floatValues = [0]{}, .int64Values = [0]{}, .bytes = [0]{}, .stringValue = ""}}
12-30 10:20:04.167   398   464 D DiagPropHandler: is not DiagnosticConfig: 0x2140205c
12-30 10:20:04.167   398   464 I VehiclePropertyStore: begin to write value to Store: {.timestamp = 6139988999729, .areaId = 0, .prop = 557850716, .status = AVAILABLE, .value = {.int32Values = [1]{0}, .floatValues = [0]{}, .int64Values = [0]{}, .bytes = [0]{}, .stringValue = ""}}
12-30 10:20:04.167   398   464 D adayocomadapter-CommunicationManager: onUpstreamReceive mPropertyId 0x2140205c
12-30 10:20:04.167   398   464 D adayocomadapter-CommunicationManager: onUpstreamReceive mPropertyId 0x2140218e
12-30 10:20:04.167   398   464 D adayocomadapter-CommunicationManager: convertBytesToInt32Memcpy  0
12-30 10:20:04.167   398   464 I vw-vhal : notifyVehicleProperty, propId = 0x2140218e, data = {status: 2, int32Values: [0]}
12-30 10:20:04.167   398   464 I vw-vhal : CanSignalsAdapter::notifyVehicleProperty: solvedValue = {.timestamp = 6139989244063, .areaId = 0, .prop = 557851022, .status = AVAILABLE, .value = {.int32Values = [1]{0}, .floatValues = [0]{}, .int64Values = [0]{}, .bytes = [0]{}, .stringValue = ""}}
12-30 10:20:04.167   398   464 I VehiclePropertyStore: begin to write value to Store: {.timestamp = 6139989244063, .areaId = 0, .prop = 557851022, .status = AVAILABLE, .value = {.int32Values = [1]{0}, .floatValues = [0]{}, .int64Values = [0]{}, .bytes = [0]{}, .stringValue = ""}}
12-30 10:20:04.167   398   464 I DefaultVehicleHal_v2_0: DefaultVehicleHal::onPropertyValue, value:{.timestamp = 6139989244063, .areaId = 0, .prop = 557851022, .status = AVAILABLE, .value = {.int32Values = [1]{0}, .floatValues = [0]{}, .int64Values = [0]{}, .bytes = [0]{}, .stringValue = ""}}
12-30 10:20:04.167   398   464 D DiagPropHandler: is not DiagnosticConfig: 0x2140218e
12-30 10:20:04.167   398   464 I VehiclePropertyStore: begin to write value to Store: {.timestamp = 6139989244063, .areaId = 0, .prop = 557851022, .status = AVAILABLE, .value = {.int32Values = [1]{0}, .floatValues = [0]{}, .int64Values = [0]{}, .bytes = [0]{}, .stringValue = ""}}
12-30 10:20:04.167   398   464 D adayocomadapter-CommunicationManager: onUpstreamReceive mPropertyId 0x2140218e
12-30 10:20:04.167   398   464 D adayocomadapter-CommunicationManager: onUpstreamReceive mPropertyId 0x2140218f
12-30 10:20:04.167   398   464 D adayocomadapter-CommunicationManager: convertBytesToInt32Memcpy  0
12-30 10:20:04.167   398   464 I vw-vhal : notifyVehicleProperty, propId = 0x2140218f, data = {status: 2, int32Values: [0]}
12-30 10:20:04.167   398   464 I vw-vhal : CanSignalsAdapter::notifyVehicleProperty: solvedValue = {.timestamp = 6139989441729, .areaId = 0, .prop = 557851023, .status = AVAILABLE, .value = {.int32Values = [1]{0}, .floatValues = [0]{}, .int64Values = [0]{}, .bytes = [0]{}, .stringValue = ""}}
12-30 10:20:04.167   398   464 I VehiclePropertyStore: begin to write value to Store: {.timestamp = 6139989441729, .areaId = 0, .prop = 557851023, .status = AVAILABLE, .value = {.int32Values = [1]{0}, .floatValues = [0]{}, .int64Values = [0]{}, .bytes = [0]{}, .stringValue = ""}}
12-30 10:20:04.167   398   464 I DefaultVehicleHal_v2_0: DefaultVehicleHal::onPropertyValue, value:{.timestamp = 6139989441729, .areaId = 0, .prop = 557851023, .status = AVAILABLE, .value = {.int32Values = [1]{0}, .floatValues = [0]{}, .int64Values = [0]{}, .bytes = [0]{}, .stringValue = ""}}
12-30 10:20:04.167   398   464 D DiagPropHandler: is not DiagnosticConfig: 0x2140218f
12-30 10:20:04.167   398   464 I VehiclePropertyStore: begin to write value to Store: {.timestamp = 6139989441729, .areaId = 0, .prop = 557851023, .status = AVAILABLE, .value = {.int32Values = [1]{0}, .floatValues = [0]{}, .int64Values = [0]{}, .bytes = [0]{}, .stringValue = ""}}
12-30 10:20:04.167   398   464 D adayocomadapter-CommunicationManager: onUpstreamReceive mPropertyId 0x2140218f
12-30 10:20:04.167   398   464 D adayocomadapter-CommunicationManager: onUpstreamReceive mPropertyId 0x21402191
12-30 10:20:04.167   398   464 D adayocomadapter-CommunicationManager: convertBytesToInt32Memcpy  0
12-30 10:20:04.167   398   464 I vw-vhal : notifyVehicleProperty, propId = 0x21402191, data = {status: 2, int32Values: [0]}
12-30 10:20:04.167   398   464 I vw-vhal : CanSignalsAdapter::notifyVehicleProperty: solvedValue = {.timestamp = 6139989642063, .areaId = 0, .prop = 557851025, .status = AVAILABLE, .value = {.int32Values = [1]{0}, .floatValues = [0]{}, .int64Values = [0]{}, .bytes = [0]{}, .stringValue = ""}}
12-30 10:20:04.167   398   464 I VehiclePropertyStore: begin to write value to Store: {.timestamp = 6139989642063, .areaId = 0, .prop = 557851025, .status = AVAILABLE, .value = {.int32Values = [1]{0}, .floatValues = [0]{}, .int64Values = [0]{}, .bytes = [0]{}, .stringValue = ""}}
12-30 10:20:04.167   398   464 I DefaultVehicleHal_v2_0: DefaultVehicleHal::onPropertyValue, value:{.timestamp = 6139989642063, .areaId = 0, .prop = 557851025, .status = AVAILABLE, .value = {.int32Values = [1]{0}, .floatValues = [0]{}, .int64Values = [0]{}, .bytes = [0]{}, .stringValue = ""}}
12-30 10:20:04.167   398   464 D DiagPropHandler: is not DiagnosticConfig: 0x21402191
12-30 10:20:04.167   398   464 I VehiclePropertyStore: begin to write value to Store: {.timestamp = 6139989642063, .areaId = 0, .prop = 557851025, .status = AVAILABLE, .value = {.int32Values = [1]{0}, .floatValues = [0]{}, .int64Values = [0]{}, .bytes = [0]{}, .stringValue = ""}}
12-30 10:20:04.167   398   464 D adayocomadapter-CommunicationManager: onUpstreamReceive mPropertyId 0x21402191
12-30 10:20:04.167   398   464 D adayocomadapter-CommunicationManager: onUpstreamReceive mPropertyId 0x2140223d
12-30 10:20:04.167   398   464 D adayocomadapter-CommunicationManager: convertBytesToInt32Memcpy  0
12-30 10:20:04.167   398   464 I vw-vhal : notifyVehicleProperty, propId = 0x2140223d, data = {status: 2, int32Values: [0]}
12-30 10:20:04.168   398   464 I vw-vhal : CanSignalsAdapter::notifyVehicleProperty: solvedValue = {.timestamp = 6139989857063, .areaId = 0, .prop = 557851197, .status = AVAILABLE, .value = {.int32Values = [1]{0}, .floatValues = [0]{}, .int64Values = [0]{}, .bytes = [0]{}, .stringValue = ""}}
12-30 10:20:04.168   398   464 I VehiclePropertyStore: begin to write value to Store: {.timestamp = 6139989857063, .areaId = 0, .prop = 557851197, .status = AVAILABLE, .value = {.int32Values = [1]{0}, .floatValues = [0]{}, .int64Values = [0]{}, .bytes = [0]{}, .stringValue = ""}}
12-30 10:20:04.168   398   464 I DefaultVehicleHal_v2_0: DefaultVehicleHal::onPropertyValue, value:{.timestamp = 6139989857063, .areaId = 0, .prop = 557851197, .status = AVAILABLE, .value = {.int32Values = [1]{0}, .floatValues = [0]{}, .int64Values = [0]{}, .bytes = [0]{}, .stringValue = ""}}
12-30 10:20:04.168   398   464 D DiagPropHandler: is not DiagnosticConfig: 0x2140223d
12-30 10:20:04.168   398   464 I VehiclePropertyStore: begin to write value to Store: {.timestamp = 6139989857063, .areaId = 0, .prop = 557851197, .status = AVAILABLE, .value = {.int32Values = [1]{0}, .floatValues = [0]{}, .int64Values = [0]{}, .bytes = [0]{}, .stringValue = ""}}
12-30 10:20:04.168   398   464 D adayocomadapter-CommunicationManager: onUpstreamReceive mPropertyId 0x2140223d
12-30 10:20:04.168   596  3076 E WifiHAL : Invalid data received from driver
12-30 10:20:04.168  3066  3066 D hostapd : nl80211: BSS Event 59 (NL80211_CMD_FRAME) received for wlan1
12-30 10:20:04.169  3066  3066 D hostapd : nl80211: RX frame da=ff:ff:ff:ff:ff:ff sa=cc:53:69:80:0a:c9 bssid=ff:ff:ff:ff:ff:ff freq=5745 ssi_signal=-9000 fc=0x40 seq_ctrl=0xa9b0 stype=4 (WLAN_FC_STYPE_PROBE_REQ) len=260
12-30 10:20:04.169  3066  3066 D hostapd : Receive wpa msg : Event RX_MGMT (18) received
12-30 10:20:04.169  3066  3066 D hostapd : Receive wpa msg : RX-PROBE-REQUEST sa=cc:53:69:80:0a:c9 signal=-9000
12-30 10:20:04.169  3066  3066 D hostapd : nl80211: send_mlme - da=cc:53:69:80:0a:c9 noack=1 freq=0 no_cck=0 offchanok=0 wait_time=0 no_encrypt=0 fc=0x50 (WLAN_FC_STYPE_PROBE_RESP) nlmode=3
12-30 10:20:04.169  3066  3066 D hostapd : nl80211: Use bss->freq=5745
12-30 10:20:04.169  3066  3066 D hostapd : nl80211: send_mlme -> send_frame_cmd
12-30 10:20:04.169   596  3076 E WifiHAL : Invalid data received from driver
12-30 10:20:04.169  3066  3066 D hostapd : nl80211: Drv Event 60 (NL80211_CMD_FRAME_TX_STATUS) received for wlan1
12-30 10:20:04.169  3066  3066 D hostapd : nl80211: Frame TX status event A1=cc:53:69:80:0a:c9 stype=5 cookie=0x0 ack=0
12-30 10:20:04.169  3066  3066 D hostapd : wlan1: Event TX_STATUS (16) received
12-30 10:20:04.169  3066  3066 D hostapd : Receive wpa msg : Event TX_STATUS (16) received
12-30 10:20:04.174 19922 19922 I ADAYO_LOG_TRACE_RESOURCE: execute interrupt
12-30 10:20:04.192   360   931 D EvsDriver: forwardFrame
12-30 10:20:04.192   360   931 D EvsDriver: forwardFrameDirect
12-30 10:20:04.192   360   931 D EvsDriver: Delivered 0xb400e2ca9e40c7a0 as id 1
12-30 10:20:04.192   359  2784 D evsmanagerd: /dev/video-evs0 forwarded the buffer #1 to 0xb400f125d2b26dd0 from 0xb400f125e2b20710
12-30 10:20:04.196   360   458 D EvsDriver: doneWithFrame
12-30 10:20:04.196 19923 19923 I ADAYO_LOG_TRACE_RESOURCE: execute end
12-30 10:20:04.197   596  3076 E WifiHAL : Invalid data received from driver
01-01 09:42:21.209     1     1 I init    : Service 'trace_resource' (pid 19902) exited with status 0
01-01 09:42:21.209     1     1 I libprocessgroup: Successfully killed process cgroup uid 0 pid 19902 in 0ms
12-30 10:20:04.211  2358  2623 D RcfController: Rcf proxy is not connected!
12-30 10:20:04.225   360   931 D EvsDriver: forwardFrame
12-30 10:20:04.225   360   931 D EvsDriver: forwardFrameDirect
12-30 10:20:04.225   360   931 D EvsDriver: Delivered 0xb400e2ca9e40e270 as id 0
12-30 10:20:04.226   359  2784 D evsmanagerd: /dev/video-evs0 forwarded the buffer #0 to 0xb400f125d2b26dd0 from 0xb400f125e2b20710
12-30 10:20:04.236   360   458 D EvsDriver: doneWithFrame
12-30 10:20:04.249  1667  2594 W ContextImpl: Calling a method in the system process without a qualified user: android.app.ContextImpl.bindService:1988 android.content.ContextWrapper.bindService:861 com.ford.sync.fnvservice.FordFnv.c:202 com.ford.sync.fnvservice.FordFnv.c:43 com.ford.sync.fnvservice.FordFnv$RetryHandler.handleMessage:245 
12-30 10:20:04.250   916  1847 W ActivityManager: Unable to start service Intent { cmp=com.ford.sync.fnvservice/.FordFnvService } U=0: not found
12-30 10:20:04.250  1667  2594 W FordFnv :  bind ford fnv failed -> sendRetryMessage 
12-30 10:20:04.251 19924 19924 I flags_health_check: ServerConfigurableFlagsReset reset_mode value: 1
12-30 10:20:04.251 19924 19924 I flags_health_check: ServerConfigurableFlagsReset updatable crashing detected, resetting flags.
12-30 10:20:04.258   360   931 D EvsDriver: forwardFrame
12-30 10:20:04.259   360   931 D EvsDriver: forwardFrameDirect
12-30 10:20:04.259   360   931 D EvsDriver: Delivered 0xb400e2ca9e40d4b0 as id 1
12-30 10:20:04.259   359  2784 D evsmanagerd: /dev/video-evs0 forwarded the buffer #1 to 0xb400f125d2b26dd0 from 0xb400f125e2b20710
12-30 10:20:04.262  2358  2623 D RcfController: Rcf proxy is not connected!
12-30 10:20:04.263   596  3076 E WifiHAL : Invalid data received from driver
12-30 10:20:04.266   360   458 D EvsDriver: doneWithFrame
12-30 10:20:04.277   596  3076 E WifiHAL : Invalid data received from driver
12-30 10:20:04.277   596  3076 E WifiHAL : Invalid data received from driver
12-30 10:20:04.277   596  3076 E WifiHAL : Invalid data received from driver
12-30 10:20:04.277   596  3076 E WifiHAL : Invalid data received from driver
12-30 10:20:04.277   596  3076 E WifiHAL : Invalid data received from driver
12-30 10:20:04.277   596  3076 E WifiHAL : Invalid data received from driver
12-30 10:20:04.277   596  3076 E WifiHAL : Invalid data received from driver
12-30 10:20:04.292   360   931 D EvsDriver: forwardFrame
12-30 10:20:04.292   360   931 D EvsDriver: forwardFrameDirect
12-30 10:20:04.292   360   931 D EvsDriver: Delivered 0xb400e2ca9e40c2d0 as id 0
12-30 10:20:04.292   359  2784 D evsmanagerd: /dev/video-evs0 forwarded the buffer #0 to 0xb400f125d2b26dd0 from 0xb400f125e2b20710
12-30 10:20:04.296   360   458 D EvsDriver: doneWithFrame
12-30 10:20:04.312  2358  2623 D RcfController: Rcf proxy is not connected!
12-30 10:20:04.325   360   931 D EvsDriver: forwardFrame
12-30 10:20:04.325   360   931 D EvsDriver: forwardFrameDirect
12-30 10:20:04.326   360   931 D EvsDriver: Delivered 0xb400e2ca9e40d090 as id 1
12-30 10:20:04.326   359  2784 D evsmanagerd: /dev/video-evs0 forwarded the buffer #1 to 0xb400f125d2b26dd0 from 0xb400f125e2b20710
12-30 10:20:04.327   360   458 D EvsDriver: doneWithFrame
12-30 10:20:04.341   596  3076 E WifiHAL : Invalid data received from driver
12-30 10:20:04.349   650   729 D fgemcucomm: sd Uart data : 6AA602BFC600029202E3
12-30 10:20:04.349   650   729 D fgemcucomm: rev uart=50790,len=13, data : 6AA681BFC600059202000C0055
12-30 10:20:04.349   398  2883 D adayocomadapter-ParseProtocolFunc: printRaWMsg Name[MCUToUPstream recv] len[5] data[9202000C00]
12-30 10:20:04.349   398  2883 D adayocomadapter-CommunicationManager: onUpstreamback   member[0] dataLength[2] timePoint[6140171]
12-30 10:20:04.349   398  2883 D adayocomadapter-ParseProtocolFunc: printRaWMsg Name[onUpstreamback] len[2] data[0C00]
12-30 10:20:04.350   398   464 D adayocomadapter-UpstreamHandler: processBeforePacket upSreamtProcessTimePoint[6140171] 
12-30 10:20:04.350   398   464 D adayocomadapter-UpstreamHandler: processPacket UPSTREAM_QUEUE_DATA_TIMEOUT
12-30 10:20:04.350   398   464 D adayocomadapter-ParseProtocolFunc: parseCommonIPCLBytes Processing tableNumber[12]
12-30 10:20:04.350   398   464 D adayocomadapter-ParseProtocolFunc: parseCommonIPCLBytes Processing tablename[Table-12] tableSize[2]
12-30 10:20:04.350   398   464 D adayocomadapter-ParseProtocolFunc: printRaWMsg Name[byteStream recv] len[2] data[0C00]
12-30 10:20:04.350   398   464 D adayocomadapter-ParseProtocolFunc: printRaWMsg Name[IPCLtoVHAL] len[6] data[214021660000]
12-30 10:20:04.350   398   464 D adayocomadapter-CommunicationManager: onUpstreamReceive mPropertyId 0x21402166
12-30 10:20:04.350   398   464 D adayocomadapter-CommunicationManager: convertBytesToInt32Memcpy  0
12-30 10:20:04.350   398   464 I vw-vhal : notifyVehicleProperty, propId = 0x21402166, data = {status: 2, int32Values: [0]}
12-30 10:20:04.350   398   464 I vw-vhal : CanSignalsAdapter::notifyVehicleProperty: solvedValue = {.timestamp = 6140172559063, .areaId = 0, .prop = 557850982, .status = AVAILABLE, .value = {.int32Values = [1]{0}, .floatValues = [0]{}, .int64Values = [0]{}, .bytes = [0]{}, .stringValue = ""}}
12-30 10:20:04.350   398   464 I VehiclePropertyStore: begin to write value to Store: {.timestamp = 6140172559063, .areaId = 0, .prop = 557850982, .status = AVAILABLE, .value = {.int32Values = [1]{0}, .floatValues = [0]{}, .int64Values = [0]{}, .bytes = [0]{}, .stringValue = ""}}
12-30 10:20:04.350   398   464 I DefaultVehicleHal_v2_0: DefaultVehicleHal::onPropertyValue, value:{.timestamp = 6140172559063, .areaId = 0, .prop = 557850982, .status = AVAILABLE, .value = {.int32Values = [1]{0}, .floatValues = [0]{}, .int64Values = [0]{}, .bytes = [0]{}, .stringValue = ""}}
12-30 10:20:04.351   398   464 D DiagPropHandler: is not DiagnosticConfig: 0x21402166
12-30 10:20:04.351   398   464 I VehiclePropertyStore: begin to write value to Store: {.timestamp = 6140172559063, .areaId = 0, .prop = 557850982, .status = AVAILABLE, .value = {.int32Values = [1]{0}, .floatValues = [0]{}, .int64Values = [0]{}, .bytes = [0]{}, .stringValue = ""}}
12-30 10:20:04.351   398   464 D adayocomadapter-CommunicationManager: onUpstreamReceive mPropertyId 0x21402166
12-30 10:20:04.359   360   931 D EvsDriver: forwardFrame
12-30 10:20:04.359   360   931 D EvsDriver: forwardFrameDirect
12-30 10:20:04.359   360   931 D EvsDriver: Delivered 0xb400e2ca9e40e110 as id 0
12-30 10:20:04.359   359  2784 D evsmanagerd: /dev/video-evs0 forwarded the buffer #0 to 0xb400f125d2b26dd0 from 0xb400f125e2b20710
12-30 10:20:04.362  2358  2623 D RcfController: Rcf proxy is not connected!
12-30 10:20:04.367   360   458 D EvsDriver: doneWithFrame
12-30 10:20:04.369   650   729 D fgemcucomm: sd Uart data : 6AA602BFC700029202E2
12-30 10:20:04.369   650   729 D fgemcucomm: rev uart=50791,len=16, data : 6AA681BFC700089202000E000000004F
12-30 10:20:04.370   398  2883 D adayocomadapter-ParseProtocolFunc: printRaWMsg Name[MCUToUPstream recv] len[8] data[9202000E00000000]
12-30 10:20:04.370   398  2883 D adayocomadapter-CommunicationManager: onUpstreamback   member[0] dataLength[5] timePoint[6140192]
12-30 10:20:04.370   398  2883 D adayocomadapter-ParseProtocolFunc: printRaWMsg Name[onUpstreamback] len[5] data[0E00000000]
12-30 10:20:04.370   398   464 D adayocomadapter-UpstreamHandler: processBeforePacket upSreamtProcessTimePoint[6140192] 
12-30 10:20:04.370   398   464 D adayocomadapter-UpstreamHandler: processPacket UPSTREAM_QUEUE_DATA_TIMEOUT
12-30 10:20:04.370   398   464 D adayocomadapter-ParseProtocolFunc: parseCommonIPCLBytes Processing tableNumber[14]
12-30 10:20:04.370   398   464 D adayocomadapter-ParseProtocolFunc: parseCommonIPCLBytes Processing tablename[Table-14] tableSize[5]
12-30 10:20:04.370   398   464 D adayocomadapter-ParseProtocolFunc: printRaWMsg Name[byteStream recv] len[5] data[0E00000000]
12-30 10:20:04.370   398   464 D adayocomadapter-ParseProtocolFunc: printRaWMsg Name[IPCLtoVHAL] len[6] data[214020DE0000]
12-30 10:20:04.370   398   464 D adayocomadapter-ParseProtocolFunc: printRaWMsg Name[IPCLtoVHAL] len[6] data[214020E00000]
12-30 10:20:04.370   398   464 D adayocomadapter-ParseProtocolFunc: printRaWMsg Name[IPCLtoVHAL] len[6] data[214020E50000]
12-30 10:20:04.370   398   464 D adayocomadapter-ParseProtocolFunc: printRaWMsg Name[IPCLtoVHAL] len[6] data[214020E60000]
12-30 10:20:04.370   398   464 D adayocomadapter-CommunicationManager: onUpstreamReceive mPropertyId 0x214020de
12-30 10:20:04.370   398   464 D adayocomadapter-CommunicationManager: convertBytesToInt32Memcpy  0
12-30 10:20:04.371   398   464 I vw-vhal : notifyVehicleProperty, propId = 0x214020de, data = {status: 2, int32Values: [0]}
12-30 10:20:04.371   398   464 I vw-vhal : CanSignalsAdapter::notifyVehicleProperty: solvedValue = {.timestamp = 6140193009730, .areaId = 0, .prop = 557850846, .status = AVAILABLE, .value = {.int32Values = [1]{0}, .floatValues = [0]{}, .int64Values = [0]{}, .bytes = [0]{}, .stringValue = ""}}
12-30 10:20:04.371   398   464 I VehiclePropertyStore: begin to write value to Store: {.timestamp = 6140193009730, .areaId = 0, .prop = 557850846, .status = AVAILABLE, .value = {.int32Values = [1]{0}, .floatValues = [0]{}, .int64Values = [0]{}, .bytes = [0]{}, .stringValue = ""}}
12-30 10:20:04.371   398   464 I DefaultVehicleHal_v2_0: DefaultVehicleHal::onPropertyValue, value:{.timestamp = 6140193009730, .areaId = 0, .prop = 557850846, .status = AVAILABLE, .value = {.int32Values = [1]{0}, .floatValues = [0]{}, .int64Values = [0]{}, .bytes = [0]{}, .stringValue = ""}}
12-30 10:20:04.371   398   464 D DiagPropHandler: is not DiagnosticConfig: 0x214020de
12-30 10:20:04.371   398   464 I VehiclePropertyStore: begin to write value to Store: {.timestamp = 6140193009730, .areaId = 0, .prop = 557850846, .status = AVAILABLE, .value = {.int32Values = [1]{0}, .floatValues = [0]{}, .int64Values = [0]{}, .bytes = [0]{}, .stringValue = ""}}
12-30 10:20:04.371   398   464 D adayocomadapter-CommunicationManager: onUpstreamReceive mPropertyId 0x214020de
12-30 10:20:04.371   398   464 D adayocomadapter-CommunicationManager: onUpstreamReceive mPropertyId 0x214020e0
12-30 10:20:04.371   398   464 D adayocomadapter-CommunicationManager: convertBytesToInt32Memcpy  0
12-30 10:20:04.371   398   464 I vw-vhal : notifyVehicleProperty, propId = 0x214020e0, data = {status: 2, int32Values: [0]}
12-30 10:20:04.371   398   464 I vw-vhal : CanSignalsAdapter::notifyVehicleProperty: solvedValue = {.timestamp = 6140193707396, .areaId = 0, .prop = 557850848, .status = AVAILABLE, .value = {.int32Values = [1]{0}, .floatValues = [0]{}, .int64Values = [0]{}, .bytes = [0]{}, .stringValue = ""}}
12-30 10:20:04.371   398   464 I VehiclePropertyStore: begin to write value to Store: {.timestamp = 6140193707396, .areaId = 0, .prop = 557850848, .status = AVAILABLE, .value = {.int32Values = [1]{0}, .floatValues = [0]{}, .int64Values = [0]{}, .bytes = [0]{}, .stringValue = ""}}
12-30 10:20:04.372   398   464 I DefaultVehicleHal_v2_0: DefaultVehicleHal::onPropertyValue, value:{.timestamp = 6140193707396, .areaId = 0, .prop = 557850848, .status = AVAILABLE, .value = {.int32Values = [1]{0}, .floatValues = [0]{}, .int64Values = [0]{}, .bytes = [0]{}, .stringValue = ""}}
12-30 10:20:04.372   398   464 D DiagPropHandler: is not DiagnosticConfig: 0x214020e0
12-30 10:20:04.372   398   464 I VehiclePropertyStore: begin to write value to Store: {.timestamp = 6140193707396, .areaId = 0, .prop = 557850848, .status = AVAILABLE, .value = {.int32Values = [1]{0}, .floatValues = [0]{}, .int64Values = [0]{}, .bytes = [0]{}, .stringValue = ""}}
12-30 10:20:04.372   398   464 D adayocomadapter-CommunicationManager: onUpstreamReceive mPropertyId 0x214020e0
12-30 10:20:04.372   398   464 D adayocomadapter-CommunicationManager: onUpstreamReceive mPropertyId 0x214020e5
12-30 10:20:04.372   398   464 D adayocomadapter-CommunicationManager: convertBytesToInt32Memcpy  0
12-30 10:20:04.372   398   464 I vw-vhal : notifyVehicleProperty, propId = 0x214020e5, data = {status: 2, int32Values: [0]}
12-30 10:20:04.372   398   464 I vw-vhal : CanSignalsAdapter::notifyVehicleProperty: solvedValue = {.timestamp = 6140194346396, .areaId = 0, .prop = 557850853, .status = AVAILABLE, .value = {.int32Values = [1]{0}, .floatValues = [0]{}, .int64Values = [0]{}, .bytes = [0]{}, .stringValue = ""}}
12-30 10:20:04.372   398   464 I VehiclePropertyStore: begin to write value to Store: {.timestamp = 6140194346396, .areaId = 0, .prop = 557850853, .status = AVAILABLE, .value = {.int32Values = [1]{0}, .floatValues = [0]{}, .int64Values = [0]{}, .bytes = [0]{}, .stringValue = ""}}
12-30 10:20:04.372   398   464 I DefaultVehicleHal_v2_0: DefaultVehicleHal::onPropertyValue, value:{.timestamp = 6140194346396, .areaId = 0, .prop = 557850853, .status = AVAILABLE, .value = {.int32Values = [1]{0}, .floatValues = [0]{}, .int64Values = [0]{}, .bytes = [0]{}, .stringValue = ""}}
12-30 10:20:04.372   398   464 D DiagPropHandler: is not DiagnosticConfig: 0x214020e5
12-30 10:20:04.372   398   464 I VehiclePropertyStore: begin to write value to Store: {.timestamp = 6140194346396, .areaId = 0, .prop = 557850853, .status = AVAILABLE, .value = {.int32Values = [1]{0}, .floatValues = [0]{}, .int64Values = [0]{}, .bytes = [0]{}, .stringValue = ""}}
12-30 10:20:04.372   398   464 D adayocomadapter-CommunicationManager: onUpstreamReceive mPropertyId 0x214020e5
12-30 10:20:04.372   398   464 D adayocomadapter-CommunicationManager: onUpstreamReceive mPropertyId 0x214020e6
12-30 10:20:04.373   398   464 D adayocomadapter-CommunicationManager: convertBytesToInt32Memcpy  0
12-30 10:20:04.373   398   464 I vw-vhal : notifyVehicleProperty, propId = 0x214020e6, data = {status: 2, int32Values: [0]}
12-30 10:20:04.373   398   464 I vw-vhal : CanSignalsAdapter::notifyVehicleProperty: solvedValue = {.timestamp = 6140194996396, .areaId = 0, .prop = 557850854, .status = AVAILABLE, .value = {.int32Values = [1]{0}, .floatValues = [0]{}, .int64Values = [0]{}, .bytes = [0]{}, .stringValue = ""}}
12-30 10:20:04.373   398   464 I VehiclePropertyStore: begin to write value to Store: {.timestamp = 6140194996396, .areaId = 0, .prop = 557850854, .status = AVAILABLE, .value = {.int32Values = [1]{0}, .floatValues = [0]{}, .int64Values = [0]{}, .bytes = [0]{}, .stringValue = ""}}
12-30 10:20:04.373   398   464 I DefaultVehicleHal_v2_0: DefaultVehicleHal::onPropertyValue, value:{.timestamp = 6140194996396, .areaId = 0, .prop = 557850854, .status = AVAILABLE, .value = {.int32Values = [1]{0}, .floatValues = [0]{}, .int64Values = [0]{}, .bytes = [0]{}, .stringValue = ""}}
12-30 10:20:04.373   398   464 D DiagPropHandler: is not DiagnosticConfig: 0x214020e6
12-30 10:20:04.373   398   464 I VehiclePropertyStore: begin to write value to Store: {.timestamp = 6140194996396, .areaId = 0, .prop = 557850854, .status = AVAILABLE, .value = {.int32Values = [1]{0}, .floatValues = [0]{}, .int64Values = [0]{}, .bytes = [0]{}, .stringValue = ""}}
12-30 10:20:04.373   398   464 D adayocomadapter-CommunicationManager: onUpstreamReceive mPropertyId 0x214020e6
12-30 10:20:04.392   360   931 D EvsDriver: forwardFrame
12-30 10:20:04.392   360   931 D EvsDriver: forwardFrameDirect
12-30 10:20:04.392   360   931 D EvsDriver: Delivered 0xb400e2ca9e40c7a0 as id 1
12-30 10:20:04.393   359  2784 D evsmanagerd: /dev/video-evs0 forwarded the buffer #1 to 0xb400f125d2b26dd0 from 0xb400f125e2b20710
12-30 10:20:04.398   360   458 D EvsDriver: doneWithFrame
12-30 10:20:04.412  2358  2623 D RcfController: Rcf proxy is not connected!
12-30 10:20:04.418   596  3076 E WifiHAL : Invalid data received from driver
12-30 10:20:04.425   360   931 D EvsDriver: forwardFrame
12-30 10:20:04.425   360   931 D EvsDriver: forwardFrameDirect
12-30 10:20:04.426   360   931 D EvsDriver: Delivered 0xb400e2ca9e40e270 as id 0
12-30 10:20:04.426   359  2784 D evsmanagerd: /dev/video-evs0 forwarded the buffer #0 to 0xb400f125d2b26dd0 from 0xb400f125e2b20710
12-30 10:20:04.428   360   458 D EvsDriver: doneWithFrame
12-30 10:20:04.450   650   730 D fgemcucomm: sd Uart data : 6AA600129C0002060149
12-30 10:20:04.459   360   931 D EvsDriver: forwardFrame
12-30 10:20:04.459   360   931 D EvsDriver: forwardFrameDirect
12-30 10:20:04.459   360   931 D EvsDriver: Delivered 0xb400e2ca9e40d4b0 as id 1
12-30 10:20:04.459   359  2784 D evsmanagerd: /dev/video-evs0 forwarded the buffer #1 to 0xb400f125d2b26dd0 from 0xb400f125e2b20710
12-30 10:20:04.463  2358  2623 D RcfController: Rcf proxy is not connected!
12-30 10:20:04.469   360   458 D EvsDriver: doneWithFrame
12-30 10:20:04.492   360   931 D EvsDriver: forwardFrame
12-30 10:20:04.492   360   931 D EvsDriver: forwardFrameDirect
12-30 10:20:04.492   360   931 D EvsDriver: Delivered 0xb400e2ca9e40c2d0 as id 0
12-30 10:20:04.492   596  3076 E WifiHAL : Invalid data received from driver
12-30 10:20:04.492   359  2784 D evsmanagerd: /dev/video-evs0 forwarded the buffer #0 to 0xb400f125d2b26dd0 from 0xb400f125e2b20710
12-30 10:20:04.499   360   458 D EvsDriver: doneWithFrame
12-30 10:20:04.513  2358  2623 D RcfController: Rcf proxy is not connected!
12-30 10:20:04.525   360   931 D EvsDriver: forwardFrame
12-30 10:20:04.525   360   931 D EvsDriver: forwardFrameDirect
12-30 10:20:04.526   360   931 D EvsDriver: Delivered 0xb400e2ca9e40d090 as id 1
12-30 10:20:04.526   359  2784 D evsmanagerd: /dev/video-evs0 forwarded the buffer #1 to 0xb400f125d2b26dd0 from 0xb400f125e2b20710
12-30 10:20:04.529   360   458 D EvsDriver: doneWithFrame
12-30 10:20:04.532   650   729 D fgemcucomm: sd Uart data : 6AA602BFC800029202E1
12-30 10:20:04.532   650   729 D fgemcucomm: rev uart=50792,len=48, data : 6AA681BFC800289202001B4A503130333531353242204A503130333531353242204130310000000000000000000000C5
12-30 10:20:04.532   398  2883 D adayocomadapter-ParseProtocolFunc: printRaWMsg Name[MCUToUPstream recv] len[40] data[9202001B4A503130333531353242204A503130333531353242204130310000000000000000000000]
12-30 10:20:04.532   398  2883 D adayocomadapter-CommunicationManager: onUpstreamback   member[0] dataLength[37] timePoint[6140354]
12-30 10:20:04.532   398  2883 D adayocomadapter-ParseProtocolFunc: printRaWMsg Name[onUpstreamback] len[37] data[1B4A503130333531353242204A503130333531353242204130310000000000000000000000]
12-30 10:20:04.533   398   464 D adayocomadapter-UpstreamHandler: processBeforePacket upSreamtProcessTimePoint[6140354] 
12-30 10:20:04.533   398   464 D adayocomadapter-UpstreamHandler: processPacket UPSTREAM_QUEUE_DATA_TIMEOUT
12-30 10:20:04.533   398   464 D adayocomadapter-ParseProtocolFunc: parseCommonIPCLBytes Processing tableNumber[27]
12-30 10:20:04.533   398   464 D adayocomadapter-ParseProtocolFunc: parseCommonIPCLBytes Processing tablename[Table-27] tableSize[37]
12-30 10:20:04.533   398   464 D adayocomadapter-ParseProtocolFunc: printRaWMsg Name[byteStream recv] len[37] data[1B4A503130333531353242204A503130333531353242204130310000000000000000000000]
12-30 10:20:04.533   398   464 D adayocomadapter-ParseProtocolFunc: printRaWMsg Name[IPCLtoVHAL] len[16] data[21414157014A50313033353135324220]
12-30 10:20:04.533   398   464 D adayocomadapter-ParseProtocolFunc: printRaWMsg Name[IPCLtoVHAL] len[16] data[21414158014A50313033353135324220]
12-30 10:20:04.533   398   464 D adayocomadapter-ParseProtocolFunc: printRaWMsg Name[IPCLtoVHAL] len[8] data[2141415901413031]
12-30 10:20:04.533   398   464 D adayocomadapter-ParseProtocolFunc: printRaWMsg Name[IPCLtoVHAL] len[16] data[2141415A010000000000000000000000]
12-30 10:20:04.533   398   464 D adayocomadapter-CommunicationManager: onUpstreamReceive mPropertyId 0x21414157
12-30 10:20:04.533   398   464 D adayocomadapter-CommunicationManager: writeValue id=[557924695]
12-30 10:20:04.533   398   464 D adayocomadapter-VehiclePropertyStore: writeValue id=[557924695]
12-30 10:20:04.533   398   464 I vw-vhal : notifyVehicleProperty, propId = 0x21414157, data = {status: 2, int32Values: [74, 80, 49, 48, 51, 53, 49, 53, 50, 66, 32]}
12-30 10:20:04.534   398   464 I vw-vhal : CanSignalsAdapter::notifyDiagProperty: propId = 0x21414157, data = {status: 2, int32Values: [74, 80, 49, 48, 51, 53, 49, 53, 50, 66, 32]}
12-30 10:20:04.534   398   464 I vw-vhal : CanSignalsAdapter::notifyVehicleProperty: solvedValue = {.timestamp = 6140355997396, .areaId = 0, .prop = 557924695, .status = AVAILABLE, .value = {.int32Values = [11]{74, 80, 49, 48, 51, 53, 49, 53, 50, 66, 32}, .floatValues = [0]{}, .int64Values = [0]{}, .bytes = [0]{}, .stringValue = ""}}
12-30 10:20:04.534   398   464 I VehiclePropertyStore: begin to write value to Store: {.timestamp = 6140355997396, .areaId = 0, .prop = 557924695, .status = AVAILABLE, .value = {.int32Values = [11]{74, 80, 49, 48, 51, 53, 49, 53, 50, 66, 32}, .floatValues = [0]{}, .int64Values = [0]{}, .bytes = [0]{}, .stringValue = ""}}
12-30 10:20:04.534   398   464 I DefaultVehicleHal_v2_0: DefaultVehicleHal::onPropertyValue, value:{.timestamp = 6140355997396, .areaId = 0, .prop = 557924695, .status = AVAILABLE, .value = {.int32Values = [11]{74, 80, 49, 48, 51, 53, 49, 53, 50, 66, 32}, .floatValues = [0]{}, .int64Values = [0]{}, .bytes = [0]{}, .stringValue = ""}}
12-30 10:20:04.534   398   464 D DiagPropHandler: isDiagnosticConfig: 0x21414157
12-30 10:20:04.534   398   464 D DefaultVehicleHal_v2_0: onPropertyValue: Diagnostic config property: 0x21414157
12-30 10:20:04.534   398   464 D DiagPropHandler: Processing request for prop: 0x21414157
12-30 10:20:04.534   398   464 D DiagPropHandler: String length: 11, size = 11
12-30 10:20:04.535   682   682 I vendor.fawvw.hardware.persistenceservice: [193][persistence_client_library_prct_access::get_db_context] key VW_Spare_Part_Number is not in RCT,will be stored in cached
12-30 10:20:04.536   682   682 I vendor.fawvw.hardware.persistenceservice: [39][PersistenceService::setValue]Receive aidl setValue:key is VW_Spare_Part_Number,value is JP1035152B ,serviceid is 2
12-30 10:20:04.536   398   464 D DiagPropHandler: Successfully set property [VW_Spare_Part_Number] = JP1035152B 
12-30 10:20:04.536   398   464 I VehiclePropertyStore: begin to write value to Store: {.timestamp = 6140355997396, .areaId = 0, .prop = 557924695, .status = AVAILABLE, .value = {.int32Values = [11]{74, 80, 49, 48, 51, 53, 49, 53, 50, 66, 32}, .floatValues = [0]{}, .int64Values = [0]{}, .bytes = [0]{}, .stringValue = ""}}
12-30 10:20:04.536   398   464 D adayocomadapter-CommunicationManager: onUpstreamReceive mPropertyId 0x21414157
12-30 10:20:04.536   398   464 D adayocomadapter-CommunicationManager: onUpstreamReceive mPropertyId 0x21414158
12-30 10:20:04.536   398   464 D adayocomadapter-CommunicationManager: writeValue id=[557924696]
12-30 10:20:04.537   398   464 D adayocomadapter-VehiclePropertyStore: writeValue id=[557924696]
12-30 10:20:04.537   398   464 I vw-vhal : notifyVehicleProperty, propId = 0x21414158, data = {status: 2, int32Values: [74, 80, 49, 48, 51, 53, 49, 53, 50, 66, 32]}
12-30 10:20:04.537   398   464 I vw-vhal : CanSignalsAdapter::notifyDiagProperty: propId = 0x21414158, data = {status: 2, int32Values: [74, 80, 49, 48, 51, 53, 49, 53, 50, 66, 32]}
12-30 10:20:04.537   398   464 I vw-vhal : CanSignalsAdapter::notifyVehicleProperty: solvedValue = {.timestamp = 6140359291063, .areaId = 0, .prop = 557924696, .status = AVAILABLE, .value = {.int32Values = [11]{74, 80, 49, 48, 51, 53, 49, 53, 50, 66, 32}, .floatValues = [0]{}, .int64Values = [0]{}, .bytes = [0]{}, .stringValue = ""}}
12-30 10:20:04.537   398   464 I VehiclePropertyStore: begin to write value to Store: {.timestamp = 6140359291063, .areaId = 0, .prop = 557924696, .status = AVAILABLE, .value = {.int32Values = [11]{74, 80, 49, 48, 51, 53, 49, 53, 50, 66, 32}, .floatValues = [0]{}, .int64Values = [0]{}, .bytes = [0]{}, .stringValue = ""}}
12-30 10:20:04.537   398   464 I DefaultVehicleHal_v2_0: DefaultVehicleHal::onPropertyValue, value:{.timestamp = 6140359291063, .areaId = 0, .prop = 557924696, .status = AVAILABLE, .value = {.int32Values = [11]{74, 80, 49, 48, 51, 53, 49, 53, 50, 66, 32}, .floatValues = [0]{}, .int64Values = [0]{}, .bytes = [0]{}, .stringValue = ""}}
12-30 10:20:04.537   398   464 D DiagPropHandler: is not DiagnosticConfig: 0x21414158
12-30 10:20:04.537   398   464 I VehiclePropertyStore: begin to write value to Store: {.timestamp = 6140359291063, .areaId = 0, .prop = 557924696, .status = AVAILABLE, .value = {.int32Values = [11]{74, 80, 49, 48, 51, 53, 49, 53, 50, 66, 32}, .floatValues = [0]{}, .int64Values = [0]{}, .bytes = [0]{}, .stringValue = ""}}
12-30 10:20:04.537   398   464 D adayocomadapter-CommunicationManager: onUpstreamReceive mPropertyId 0x21414158
12-30 10:20:04.538   398   464 D adayocomadapter-CommunicationManager: onUpstreamReceive mPropertyId 0x21414159
12-30 10:20:04.538   398   464 D adayocomadapter-CommunicationManager: writeValue id=[557924697]
12-30 10:20:04.538   398   464 D adayocomadapter-VehiclePropertyStore: writeValue id=[557924697]
12-30 10:20:04.538   398   464 I vw-vhal : notifyVehicleProperty, propId = 0x21414159, data = {status: 2, int32Values: [65, 48, 49]}
12-30 10:20:04.538   398   464 I vw-vhal : CanSignalsAdapter::notifyDiagProperty: propId = 0x21414159, data = {status: 2, int32Values: [65, 48, 49]}
12-30 10:20:04.538   398   464 I vw-vhal : CanSignalsAdapter::notifyVehicleProperty: solvedValue = {.timestamp = 6140360222730, .areaId = 0, .prop = 557924697, .status = AVAILABLE, .value = {.int32Values = [3]{65, 48, 49}, .floatValues = [0]{}, .int64Values = [0]{}, .bytes = [0]{}, .stringValue = ""}}
12-30 10:20:04.538   398   464 I VehiclePropertyStore: begin to write value to Store: {.timestamp = 6140360222730, .areaId = 0, .prop = 557924697, .status = AVAILABLE, .value = {.int32Values = [3]{65, 48, 49}, .floatValues = [0]{}, .int64Values = [0]{}, .bytes = [0]{}, .stringValue = ""}}
12-30 10:20:04.538   398   464 I DefaultVehicleHal_v2_0: DefaultVehicleHal::onPropertyValue, value:{.timestamp = 6140360222730, .areaId = 0, .prop = 557924697, .status = AVAILABLE, .value = {.int32Values = [3]{65, 48, 49}, .floatValues = [0]{}, .int64Values = [0]{}, .bytes = [0]{}, .stringValue = ""}}
12-30 10:20:04.538   398   464 D DiagPropHandler: is not DiagnosticConfig: 0x21414159
12-30 10:20:04.538   398   464 I VehiclePropertyStore: begin to write value to Store: {.timestamp = 6140360222730, .areaId = 0, .prop = 557924697, .status = AVAILABLE, .value = {.int32Values = [3]{65, 48, 49}, .floatValues = [0]{}, .int64Values = [0]{}, .bytes = [0]{}, .stringValue = ""}}
12-30 10:20:04.538   398   464 D adayocomadapter-CommunicationManager: onUpstreamReceive mPropertyId 0x21414159
12-30 10:20:04.538   398   464 D adayocomadapter-CommunicationManager: onUpstreamReceive mPropertyId 0x2141415a
12-30 10:20:04.538   398   464 D adayocomadapter-CommunicationManager: writeValue id=[557924698]
12-30 10:20:04.538   398   464 D adayocomadapter-VehiclePropertyStore: writeValue id=[557924698]
12-30 10:20:04.539   398   464 I vw-vhal : notifyVehicleProperty, propId = 0x2141415a, data = {status: 2, int32Values: [0, 0, 0, 0, 0, 0, 0, 0, 0, 0, 0]}
12-30 10:20:04.539   398   464 I vw-vhal : CanSignalsAdapter::notifyDiagProperty: propId = 0x2141415a, data = {status: 2, int32Values: [0, 0, 0, 0, 0, 0, 0, 0, 0, 0, 0]}
12-30 10:20:04.539   398   464 I vw-vhal : CanSignalsAdapter::notifyVehicleProperty: solvedValue = {.timestamp = 6140361105730, .areaId = 0, .prop = 557924698, .status = AVAILABLE, .value = {.int32Values = [11]{0, 0, 0, 0, 0, 0, 0, 0, 0, 0, 0}, .floatValues = [0]{}, .int64Values = [0]{}, .bytes = [0]{}, .stringValue = ""}}
12-30 10:20:04.539   398   464 I VehiclePropertyStore: begin to write value to Store: {.timestamp = 6140361105730, .areaId = 0, .prop = 557924698, .status = AVAILABLE, .value = {.int32Values = [11]{0, 0, 0, 0, 0, 0, 0, 0, 0, 0, 0}, .floatValues = [0]{}, .int64Values = [0]{}, .bytes = [0]{}, .stringValue = ""}}
12-30 10:20:04.539   398   464 I DefaultVehicleHal_v2_0: DefaultVehicleHal::onPropertyValue, value:{.timestamp = 6140361105730, .areaId = 0, .prop = 557924698, .status = AVAILABLE, .value = {.int32Values = [11]{0, 0, 0, 0, 0, 0, 0, 0, 0, 0, 0}, .floatValues = [0]{}, .int64Values = [0]{}, .bytes = [0]{}, .stringValue = ""}}
12-30 10:20:04.539   398   464 D DiagPropHandler: is not DiagnosticConfig: 0x2141415a
12-30 10:20:04.539   398   464 I VehiclePropertyStore: begin to write value to Store: {.timestamp = 6140361105730, .areaId = 0, .prop = 557924698, .status = AVAILABLE, .value = {.int32Values = [11]{0, 0, 0, 0, 0, 0, 0, 0, 0, 0, 0}, .floatValues = [0]{}, .int64Values = [0]{}, .bytes = [0]{}, .stringValue = ""}}
12-30 10:20:04.539   398   464 D adayocomadapter-CommunicationManager: onUpstreamReceive mPropertyId 0x2141415a
12-30 10:20:04.545   596  3076 E WifiHAL : Invalid data received from driver
12-30 10:20:04.559   360   931 D EvsDriver: forwardFrame
12-30 10:20:04.559   360   931 D EvsDriver: forwardFrameDirect
12-30 10:20:04.559   360   931 D EvsDriver: Delivered 0xb400e2ca9e40e110 as id 0
12-30 10:20:04.559   359  2784 D evsmanagerd: /dev/video-evs0 forwarded the buffer #0 to 0xb400f125d2b26dd0 from 0xb400f125e2b20710
12-30 10:20:04.563  2358  2623 D RcfController: Rcf proxy is not connected!
12-30 10:20:04.570   360   458 D EvsDriver: doneWithFrame
12-30 10:20:04.592   360   931 D EvsDriver: forwardFrame
12-30 10:20:04.592   360   931 D EvsDriver: forwardFrameDirect
12-30 10:20:04.592   360   931 D EvsDriver: Delivered 0xb400e2ca9e40c7a0 as id 1
12-30 10:20:04.592   359  2784 D evsmanagerd: /dev/video-evs0 forwarded the buffer #1 to 0xb400f125d2b26dd0 from 0xb400f125e2b20710
12-30 10:20:04.597   596  3076 E WifiHAL : Invalid data received from driver
12-30 10:20:04.600   360   458 D EvsDriver: doneWithFrame
12-30 10:20:04.614  2358  2623 D RcfController: Rcf proxy is not connected!
12-30 10:20:04.621  1667  2407 I media_message_log->MediaMessageProxy: (SourceFile:1)b connectToService action bind
12-30 10:20:04.622   916  1847 W ActivityManager: Unable to start service Intent { cmp=com.adayo.server.mediamessagetransfer/.MediaMessTransferService (has extras) } U=0: not found
12-30 10:20:04.623  1667  2407 E media_message_log->MediaMessageProxy: (SourceFile:7)a bindServiceAsUser isBound = false
12-30 10:20:04.625   360   931 D EvsDriver: forwardFrame
12-30 10:20:04.625   360   931 D EvsDriver: forwardFrameDirect
12-30 10:20:04.626   360   931 D EvsDriver: Delivered 0xb400e2ca9e40e270 as id 0
12-30 10:20:04.626   359  2784 D evsmanagerd: /dev/video-evs0 forwarded the buffer #0 to 0xb400f125d2b26dd0 from 0xb400f125e2b20710
12-30 10:20:04.631   360   458 D EvsDriver: doneWithFrame
12-30 10:20:04.659   360   931 D EvsDriver: forwardFrame
12-30 10:20:04.659   360   931 D EvsDriver: forwardFrameDirect
12-30 10:20:04.659   360   931 D EvsDriver: Delivered 0xb400e2ca9e40d4b0 as id 1
12-30 10:20:04.659   359  2784 D evsmanagerd: /dev/video-evs0 forwarded the buffer #1 to 0xb400f125d2b26dd0 from 0xb400f125e2b20710
12-30 10:20:04.661   360   458 D EvsDriver: doneWithFrame
12-30 10:20:04.664  2358  2623 D RcfController: Rcf proxy is not connected!
12-30 10:20:04.671   596  3076 E WifiHAL : Invalid data received from driver
12-30 10:20:04.690   798 19903 W adbd    : timed out while waiting for FUNCTIONFS_BIND, trying again
12-30 10:20:04.690   798 19903 I adbd    : UsbFfs: connection terminated: monitor thread finished
12-30 10:20:04.690   798   798 I adbd    : UsbFfs: already offline
12-30 10:20:04.690   798   798 I adbd    : destroying transport UsbFfs
12-30 10:20:04.691   798   798 I adbd    : UsbFfsConnection being destroyed
12-30 10:20:04.692   360   931 D EvsDriver: forwardFrame
12-30 10:20:04.692   360   931 D EvsDriver: forwardFrameDirect
12-30 10:20:04.692   360   931 D EvsDriver: Delivered 0xb400e2ca9e40c2d0 as id 0
12-30 10:20:04.692   359  2784 D evsmanagerd: /dev/video-evs0 forwarded the buffer #0 to 0xb400f125d2b26dd0 from 0xb400f125e2b20710
12-30 10:20:04.702   360   458 D EvsDriver: doneWithFrame
12-30 10:20:04.713   650   729 D fgemcucomm: sd Uart data : 6AA602BFC900029202E0
12-30 10:20:04.713   650   729 D fgemcucomm: rev uart=50793,len=60, data : 6AA681BFC900349202001800000000000000000000000000000000000000000000000000000000000000000000000000000000000000000000000017
12-30 10:20:04.713   398  2883 D adayocomadapter-ParseProtocolFunc: printRaWMsg Name[MCUToUPstream recv] len[52] data[92020018000000000000000000000000000000000000000000000000000000000000000000000000000000000000000000000000]
12-30 10:20:04.713   398  2883 D adayocomadapter-CommunicationManager: onUpstreamback   member[0] dataLength[49] timePoint[6140535]
12-30 10:20:04.713   398  2883 D adayocomadapter-ParseProtocolFunc: printRaWMsg Name[onUpstreamback] len[49] data[18000000000000000000000000000000000000000000000000000000000000000000000000000000000000000000000000]
12-30 10:20:04.714   398   464 D adayocomadapter-UpstreamHandler: processBeforePacket upSreamtProcessTimePoint[6140535] 
12-30 10:20:04.714   398   464 D adayocomadapter-UpstreamHandler: processPacket UPSTREAM_QUEUE_DATA_TIMEOUT
12-30 10:20:04.714   398   464 D adayocomadapter-ParseProtocolFunc: parseCommonIPCLBytes Processing tableNumber[24]
12-30 10:20:04.714   398   464 D adayocomadapter-ParseProtocolFunc: parseCommonIPCLBytes Processing tablename[Table-24] tableSize[49]
12-30 10:20:04.714   398   464 D adayocomadapter-ParseProtocolFunc: printRaWMsg Name[byteStream recv] len[49] data[18000000000000000000000000000000000000000000000000000000000000000000000000000000000000000000000000]
12-30 10:20:04.714   398   464 D adayocomadapter-ParseProtocolFunc: printRaWMsg Name[IPCLtoVHAL] len[8] data[2141211D01000000]
12-30 10:20:04.714   398   464 D adayocomadapter-ParseProtocolFunc: printRaWMsg Name[IPCLtoVHAL] len[7] data[2140207A000000]
12-30 10:20:04.714   398   464 D adayocomadapter-ParseProtocolFunc: printRaWMsg Name[IPCLtoVHAL] len[6] data[214020D30000]
12-30 10:20:04.714  2358  2623 D RcfController: Rcf proxy is not connected!
12-30 10:20:04.714   398   464 D adayocomadapter-ParseProtocolFunc: printRaWMsg Name[IPCLtoVHAL] len[6] data[214020CB0000]
12-30 10:20:04.714   398   464 D adayocomadapter-ParseProtocolFunc: printRaWMsg Name[IPCLtoVHAL] len[7] data[2140203C000000]
12-30 10:20:04.714   398   464 D adayocomadapter-ParseProtocolFunc: printRaWMsg Name[IPCLtoVHAL] len[6] data[214020C90000]
12-30 10:20:04.714   398   464 D adayocomadapter-ParseProtocolFunc: printRaWMsg Name[IPCLtoVHAL] len[6] data[214020CF0000]
12-30 10:20:04.714   398   464 D adayocomadapter-ParseProtocolFunc: printRaWMsg Name[IPCLtoVHAL] len[7] data[21402040000000]
12-30 10:20:04.714   398   464 D adayocomadapter-ParseProtocolFunc: printRaWMsg Name[IPCLtoVHAL] len[6] data[214020D10000]
12-30 10:20:04.714   398   464 D adayocomadapter-ParseProtocolFunc: printRaWMsg Name[IPCLtoVHAL] len[7] data[21402044000000]
12-30 10:20:04.715   398   464 D adayocomadapter-ParseProtocolFunc: printRaWMsg Name[IPCLtoVHAL] len[6] data[214020D50000]
12-30 10:20:04.715   398   464 D adayocomadapter-ParseProtocolFunc: printRaWMsg Name[IPCLtoVHAL] len[7] data[21402038000000]
12-30 10:20:04.715   398   464 D adayocomadapter-ParseProtocolFunc: printRaWMsg Name[IPCLtoVHAL] len[7] data[2140207D000000]
12-30 10:20:04.715   398   464 D adayocomadapter-ParseProtocolFunc: printRaWMsg Name[IPCLtoVHAL] len[7] data[2140207F000000]
12-30 10:20:04.715   398   464 D adayocomadapter-ParseProtocolFunc: printRaWMsg Name[IPCLtoVHAL] len[6] data[214020520000]
12-30 10:20:04.715   398   464 D adayocomadapter-ParseProtocolFunc: printRaWMsg Name[IPCLtoVHAL] len[7] data[21402081000000]
12-30 10:20:04.715   398   464 D adayocomadapter-ParseProtocolFunc: printRaWMsg Name[IPCLtoVHAL] len[7] data[21402080000000]
12-30 10:20:04.715   398   464 D adayocomadapter-ParseProtocolFunc: printRaWMsg Name[IPCLtoVHAL] len[7] data[21402051000000]
12-30 10:20:04.715   398   464 D adayocomadapter-ParseProtocolFunc: printRaWMsg Name[IPCLtoVHAL] len[7] data[2140207B000000]
12-30 10:20:04.715   398   464 D adayocomadapter-ParseProtocolFunc: printRaWMsg Name[IPCLtoVHAL] len[7] data[2140204C000000]
12-30 10:20:04.715   398   464 D adayocomadapter-ParseProtocolFunc: printRaWMsg Name[IPCLtoVHAL] len[7] data[2140207C000000]
12-30 10:20:04.715   398   464 D adayocomadapter-ParseProtocolFunc: printRaWMsg Name[IPCLtoVHAL] len[7] data[2140207E000000]
12-30 10:20:04.715   398   464 D adayocomadapter-ParseProtocolFunc: printRaWMsg Name[IPCLtoVHAL] len[7] data[21402082000000]
12-30 10:20:04.715   398   464 D adayocomadapter-ParseProtocolFunc: printRaWMsg Name[IPCLtoVHAL] len[7] data[21402083000000]
12-30 10:20:04.715   398   464 D adayocomadapter-ParseProtocolFunc: printRaWMsg Name[IPCLtoVHAL] len[7] data[21402084000000]
12-30 10:20:04.715   398   464 D adayocomadapter-ParseProtocolFunc: printRaWMsg Name[IPCLtoVHAL] len[7] data[21402085000000]
