12-30 10:20:08.902   798   838 I adbd    : opening control endpoint /dev/usb-ffs/adb/ep0
12-30 10:20:08.903   798   838 I adbd    : UsbFfsConnection constructed
12-30 10:20:08.903   798 19949 I adbd    : UsbFfs-monitor thread spawned
01-01 09:42:25.912   838   838 I         : read strings
01-01 09:42:25.914     1     1 I init    : Command 'symlink /config/usb_gadget/g1/functions/ffs.adb /config/usb_gadget/g1/configs/b.1/f1' action=sys.usb.config=adb && sys.usb.configfs=1 && sys.usb.ffs.ready=1 (/system/etc/init/hw/init.usb.configfs.rc:22) took 0ms and failed: symlink() failed: File exists
01-01 09:42:25.915     1     1 I init    : processing action (sys.usb.config=adb && sys.usb.configfs=1 && sys.usb.ffs.ready=1) from (/vendor/etc/init/init.x9hp_ms.usb.rc:72)
12-30 10:20:08.914 19948 19948 I ADAYO_LOG_TRACE_RESOURCE: file_path:/mnt/sdcard/logcat_GNSS//gnss_log.log
12-30 10:20:08.925   596  3076 E WifiHAL : Invalid data received from driver
12-30 10:20:08.925   360   931 D EvsDriver: forwardFrame
12-30 10:20:08.925   360   931 D EvsDriver: forwardFrameDirect
12-30 10:20:08.925   360   931 D EvsDriver: Delivered 0xb400e2ca9e40d090 as id 1
12-30 10:20:08.925   359  2784 D evsmanagerd: /dev/video-evs0 forwarded the buffer #1 to 0xb400f125d2b26dd0 from 0xb400f125e2b20710
12-30 10:20:08.931   360   458 D EvsDriver: doneWithFrame
12-30 10:20:08.937  2358  2623 D RcfController: Rcf proxy is not connected!
12-30 10:20:08.958   360   931 D EvsDriver: forwardFrame
12-30 10:20:08.958   360   931 D EvsDriver: forwardFrameDirect
12-30 10:20:08.959   360   931 D EvsDriver: Delivered 0xb400e2ca9e40e110 as id 0
12-30 10:20:08.959   359  2784 D evsmanagerd: /dev/video-evs0 forwarded the buffer #0 to 0xb400f125d2b26dd0 from 0xb400f125e2b20710
12-30 10:20:08.961 19952 19952 I ADAYO_LOG_TRACE_RESOURCE: folder_size:0
12-30 10:20:08.961   360   458 D EvsDriver: doneWithFrame
12-30 10:20:08.988  2358  2623 D RcfController: Rcf proxy is not connected!
12-30 10:20:08.992   360   931 D EvsDriver: forwardFrame
12-30 10:20:08.992   360   931 D EvsDriver: forwardFrameDirect
12-30 10:20:08.992   360   931 D EvsDriver: Delivered 0xb400e2ca9e40c7a0 as id 1
12-30 10:20:08.992   359  2784 D evsmanagerd: /dev/video-evs0 forwarded the buffer #1 to 0xb400f125d2b26dd0 from 0xb400f125e2b20710
12-30 10:20:08.992   596  3076 E WifiHAL : Invalid data received from driver
12-30 10:20:09.002   360   458 D EvsDriver: doneWithFrame
12-30 10:20:09.019   650   729 D fgemcucomm: sd Uart data : 6AA602BFEA00029202BF
12-30 10:20:09.019   650   729 D fgemcucomm: rev uart=50827,len=18, data : 6AA681BFEA000A9202000700000000000031
12-30 10:20:09.019   398  2883 D adayocomadapter-ParseProtocolFunc: printRaWMsg Name[MCUToUPstream recv] len[10] data[92020007000000000000]
12-30 10:20:09.019   398  2883 D adayocomadapter-CommunicationManager: onUpstreamback   member[0] dataLength[7] timePoint[6144841]
12-30 10:20:09.019   398  2883 D adayocomadapter-ParseProtocolFunc: printRaWMsg Name[onUpstreamback] len[7] data[07000000000000]
12-30 10:20:09.019   398   464 D adayocomadapter-UpstreamHandler: processBeforePacket upSreamtProcessTimePoint[6144841] 
12-30 10:20:09.019   398   464 D adayocomadapter-UpstreamHandler: processPacket UPSTREAM_QUEUE_DATA_TIMEOUT
12-30 10:20:09.019   398   464 D adayocomadapter-ParseProtocolFunc: parseCommonIPCLBytes Processing tableNumber[7]
12-30 10:20:09.019   398   464 D adayocomadapter-ParseProtocolFunc: parseCommonIPCLBytes Processing tablename[Table-7] tableSize[7]
12-30 10:20:09.019   398   464 D adayocomadapter-ParseProtocolFunc: printRaWMsg Name[byteStream recv] len[7] data[07000000000000]
12-30 10:20:09.019   398   464 D adayocomadapter-ParseProtocolFunc: printRaWMsg Name[IPCLtoVHAL] len[6] data[214020530000]
12-30 10:20:09.019   398   464 D adayocomadapter-ParseProtocolFunc: printRaWMsg Name[IPCLtoVHAL] len[6] data[214020A00000]
12-30 10:20:09.019   398   464 D adayocomadapter-ParseProtocolFunc: printRaWMsg Name[IPCLtoVHAL] len[6] data[214021310000]
12-30 10:20:09.019   398   464 D adayocomadapter-ParseProtocolFunc: printRaWMsg Name[IPCLtoVHAL] len[6] data[214020A20000]
12-30 10:20:09.019   398   464 D adayocomadapter-ParseProtocolFunc: printRaWMsg Name[IPCLtoVHAL] len[6] data[214020A40000]
12-30 10:20:09.019   398   464 D adayocomadapter-ParseProtocolFunc: printRaWMsg Name[IPCLtoVHAL] len[6] data[214021CE0000]
12-30 10:20:09.019   398   464 D adayocomadapter-CommunicationManager: onUpstreamReceive mPropertyId 0x21402053
12-30 10:20:09.019   398   464 D adayocomadapter-CommunicationManager: convertBytesToInt32Memcpy  0
12-30 10:20:09.019   398   464 I vw-vhal : notifyVehicleProperty, propId = 0x21402053, data = {status: 2, int32Values: [0]}
12-30 10:20:09.020   398   464 I vw-vhal : CanSignalsAdapter::notifyVehicleProperty: solvedValue = {.timestamp = 6144841860397, .areaId = 0, .prop = 557850707, .status = AVAILABLE, .value = {.int32Values = [1]{0}, .floatValues = [0]{}, .int64Values = [0]{}, .bytes = [0]{}, .stringValue = ""}}
12-30 10:20:09.020   398   464 I VehiclePropertyStore: begin to write value to Store: {.timestamp = 6144841860397, .areaId = 0, .prop = 557850707, .status = AVAILABLE, .value = {.int32Values = [1]{0}, .floatValues = [0]{}, .int64Values = [0]{}, .bytes = [0]{}, .stringValue = ""}}
12-30 10:20:09.020   398   464 I DefaultVehicleHal_v2_0: DefaultVehicleHal::onPropertyValue, value:{.timestamp = 6144841860397, .areaId = 0, .prop = 557850707, .status = AVAILABLE, .value = {.int32Values = [1]{0}, .floatValues = [0]{}, .int64Values = [0]{}, .bytes = [0]{}, .stringValue = ""}}
12-30 10:20:09.020   398   464 D DiagPropHandler: is not DiagnosticConfig: 0x21402053
12-30 10:20:09.020   398   464 I VehiclePropertyStore: begin to write value to Store: {.timestamp = 6144841860397, .areaId = 0, .prop = 557850707, .status = AVAILABLE, .value = {.int32Values = [1]{0}, .floatValues = [0]{}, .int64Values = [0]{}, .bytes = [0]{}, .stringValue = ""}}
12-30 10:20:09.020   398   464 D adayocomadapter-CommunicationManager: onUpstreamReceive mPropertyId 0x21402053
12-30 10:20:09.020   398   464 D adayocomadapter-CommunicationManager: onUpstreamReceive mPropertyId 0x214020a0
12-30 10:20:09.020   398   464 D adayocomadapter-CommunicationManager: convertBytesToInt32Memcpy  0
12-30 10:20:09.020   398   464 I vw-vhal : notifyVehicleProperty, propId = 0x214020a0, data = {status: 2, int32Values: [0]}
12-30 10:20:09.020   398   464 I vw-vhal : CanSignalsAdapter::notifyVehicleProperty: solvedValue = {.timestamp = 6144842102063, .areaId = 0, .prop = 557850784, .status = AVAILABLE, .value = {.int32Values = [1]{0}, .floatValues = [0]{}, .int64Values = [0]{}, .bytes = [0]{}, .stringValue = ""}}
12-30 10:20:09.020   398   464 I VehiclePropertyStore: begin to write value to Store: {.timestamp = 6144842102063, .areaId = 0, .prop = 557850784, .status = AVAILABLE, .value = {.int32Values = [1]{0}, .floatValues = [0]{}, .int64Values = [0]{}, .bytes = [0]{}, .stringValue = ""}}
12-30 10:20:09.020   398   464 I DefaultVehicleHal_v2_0: DefaultVehicleHal::onPropertyValue, value:{.timestamp = 6144842102063, .areaId = 0, .prop = 557850784, .status = AVAILABLE, .value = {.int32Values = [1]{0}, .floatValues = [0]{}, .int64Values = [0]{}, .bytes = [0]{}, .stringValue = ""}}
12-30 10:20:09.020   398   464 D DiagPropHandler: is not DiagnosticConfig: 0x214020a0
12-30 10:20:09.020   398   464 I VehiclePropertyStore: begin to write value to Store: {.timestamp = 6144842102063, .areaId = 0, .prop = 557850784, .status = AVAILABLE, .value = {.int32Values = [1]{0}, .floatValues = [0]{}, .int64Values = [0]{}, .bytes = [0]{}, .stringValue = ""}}
12-30 10:20:09.020   398   464 D adayocomadapter-CommunicationManager: onUpstreamReceive mPropertyId 0x214020a0
12-30 10:20:09.020   398   464 D adayocomadapter-CommunicationManager: onUpstreamReceive mPropertyId 0x21402131
12-30 10:20:09.020   398   464 D adayocomadapter-CommunicationManager: convertBytesToInt32Memcpy  0
12-30 10:20:09.020   398   464 I vw-vhal : notifyVehicleProperty, propId = 0x21402131, data = {status: 2, int32Values: [0]}
12-30 10:20:09.020   398   464 I vw-vhal : CanSignalsAdapter::notifyVehicleProperty: solvedValue = {.timestamp = 6144842292397, .areaId = 0, .prop = 557850929, .status = AVAILABLE, .value = {.int32Values = [1]{0}, .floatValues = [0]{}, .int64Values = [0]{}, .bytes = [0]{}, .stringValue = ""}}
12-30 10:20:09.020   398   464 I VehiclePropertyStore: begin to write value to Store: {.timestamp = 6144842292397, .areaId = 0, .prop = 557850929, .status = AVAILABLE, .value = {.int32Values = [1]{0}, .floatValues = [0]{}, .int64Values = [0]{}, .bytes = [0]{}, .stringValue = ""}}
12-30 10:20:09.020   398   464 I DefaultVehicleHal_v2_0: DefaultVehicleHal::onPropertyValue, value:{.timestamp = 6144842292397, .areaId = 0, .prop = 557850929, .status = AVAILABLE, .value = {.int32Values = [1]{0}, .floatValues = [0]{}, .int64Values = [0]{}, .bytes = [0]{}, .stringValue = ""}}
12-30 10:20:09.020   398   464 D DiagPropHandler: is not DiagnosticConfig: 0x21402131
12-30 10:20:09.020   398   464 I VehiclePropertyStore: begin to write value to Store: {.timestamp = 6144842292397, .areaId = 0, .prop = 557850929, .status = AVAILABLE, .value = {.int32Values = [1]{0}, .floatValues = [0]{}, .int64Values = [0]{}, .bytes = [0]{}, .stringValue = ""}}
12-30 10:20:09.020   398   464 D adayocomadapter-CommunicationManager: onUpstreamReceive mPropertyId 0x21402131
12-30 10:20:09.020   398   464 D adayocomadapter-CommunicationManager: onUpstreamReceive mPropertyId 0x214020a2
12-30 10:20:09.020   398   464 D adayocomadapter-CommunicationManager: convertBytesToInt32Memcpy  0
12-30 10:20:09.020   398   464 I vw-vhal : notifyVehicleProperty, propId = 0x214020a2, data = {status: 2, int32Values: [0]}
12-30 10:20:09.020   398   464 I vw-vhal : CanSignalsAdapter::notifyVehicleProperty: solvedValue = {.timestamp = 6144842478397, .areaId = 0, .prop = 557850786, .status = AVAILABLE, .value = {.int32Values = [1]{0}, .floatValues = [0]{}, .int64Values = [0]{}, .bytes = [0]{}, .stringValue = ""}}
12-30 10:20:09.020   398   464 I VehiclePropertyStore: begin to write value to Store: {.timestamp = 6144842478397, .areaId = 0, .prop = 557850786, .status = AVAILABLE, .value = {.int32Values = [1]{0}, .floatValues = [0]{}, .int64Values = [0]{}, .bytes = [0]{}, .stringValue = ""}}
12-30 10:20:09.020   398   464 I DefaultVehicleHal_v2_0: DefaultVehicleHal::onPropertyValue, value:{.timestamp = 6144842478397, .areaId = 0, .prop = 557850786, .status = AVAILABLE, .value = {.int32Values = [1]{0}, .floatValues = [0]{}, .int64Values = [0]{}, .bytes = [0]{}, .stringValue = ""}}
12-30 10:20:09.020   398   464 D DiagPropHandler: is not DiagnosticConfig: 0x214020a2
12-30 10:20:09.020   398   464 I VehiclePropertyStore: begin to write value to Store: {.timestamp = 6144842478397, .areaId = 0, .prop = 557850786, .status = AVAILABLE, .value = {.int32Values = [1]{0}, .floatValues = [0]{}, .int64Values = [0]{}, .bytes = [0]{}, .stringValue = ""}}
12-30 10:20:09.020   398   464 D adayocomadapter-CommunicationManager: onUpstreamReceive mPropertyId 0x214020a2
12-30 10:20:09.020   398   464 D adayocomadapter-CommunicationManager: onUpstreamReceive mPropertyId 0x214020a4
12-30 10:20:09.020   398   464 D adayocomadapter-CommunicationManager: convertBytesToInt32Memcpy  0
12-30 10:20:09.020   398   464 I vw-vhal : notifyVehicleProperty, propId = 0x214020a4, data = {status: 2, int32Values: [0]}
12-30 10:20:09.020   398   464 I vw-vhal : CanSignalsAdapter::notifyVehicleProperty: solvedValue = {.timestamp = 6144842776730, .areaId = 0, .prop = 557850788, .status = AVAILABLE, .value = {.int32Values = [1]{0}, .floatValues = [0]{}, .int64Values = [0]{}, .bytes = [0]{}, .stringValue = ""}}
12-30 10:20:09.020   398   464 I VehiclePropertyStore: begin to write value to Store: {.timestamp = 6144842776730, .areaId = 0, .prop = 557850788, .status = AVAILABLE, .value = {.int32Values = [1]{0}, .floatValues = [0]{}, .int64Values = [0]{}, .bytes = [0]{}, .stringValue = ""}}
12-30 10:20:09.020   398   464 I DefaultVehicleHal_v2_0: DefaultVehicleHal::onPropertyValue, value:{.timestamp = 6144842776730, .areaId = 0, .prop = 557850788, .status = AVAILABLE, .value = {.int32Values = [1]{0}, .floatValues = [0]{}, .int64Values = [0]{}, .bytes = [0]{}, .stringValue = ""}}
12-30 10:20:09.021   398   464 D DiagPropHandler: is not DiagnosticConfig: 0x214020a4
12-30 10:20:09.021   398   464 I VehiclePropertyStore: begin to write value to Store: {.timestamp = 6144842776730, .areaId = 0, .prop = 557850788, .status = AVAILABLE, .value = {.int32Values = [1]{0}, .floatValues = [0]{}, .int64Values = [0]{}, .bytes = [0]{}, .stringValue = ""}}
12-30 10:20:09.021   398   464 D adayocomadapter-CommunicationManager: onUpstreamReceive mPropertyId 0x214020a4
12-30 10:20:09.021   398   464 D adayocomadapter-CommunicationManager: onUpstreamReceive mPropertyId 0x214021ce
12-30 10:20:09.021   398   464 D adayocomadapter-CommunicationManager: convertBytesToInt32Memcpy  0
12-30 10:20:09.021   398   464 I vw-vhal : notifyVehicleProperty, propId = 0x214021ce, data = {status: 2, int32Values: [0]}
12-30 10:20:09.021   398   464 I vw-vhal : CanSignalsAdapter::notifyVehicleProperty: solvedValue = {.timestamp = 6144842973730, .areaId = 0, .prop = 557851086, .status = AVAILABLE, .value = {.int32Values = [1]{0}, .floatValues = [0]{}, .int64Values = [0]{}, .bytes = [0]{}, .stringValue = ""}}
12-30 10:20:09.021   398   464 I VehiclePropertyStore: begin to write value to Store: {.timestamp = 6144842973730, .areaId = 0, .prop = 557851086, .status = AVAILABLE, .value = {.int32Values = [1]{0}, .floatValues = [0]{}, .int64Values = [0]{}, .bytes = [0]{}, .stringValue = ""}}
12-30 10:20:09.021   398   464 I DefaultVehicleHal_v2_0: DefaultVehicleHal::onPropertyValue, value:{.timestamp = 6144842973730, .areaId = 0, .prop = 557851086, .status = AVAILABLE, .value = {.int32Values = [1]{0}, .floatValues = [0]{}, .int64Values = [0]{}, .bytes = [0]{}, .stringValue = ""}}
12-30 10:20:09.021   398   464 D DiagPropHandler: is not DiagnosticConfig: 0x214021ce
12-30 10:20:09.021   398   464 I VehiclePropertyStore: begin to write value to Store: {.timestamp = 6144842973730, .areaId = 0, .prop = 557851086, .status = AVAILABLE, .value = {.int32Values = [1]{0}, .floatValues = [0]{}, .int64Values = [0]{}, .bytes = [0]{}, .stringValue = ""}}
12-30 10:20:09.021   398   464 D adayocomadapter-CommunicationManager: onUpstreamReceive mPropertyId 0x214021ce
12-30 10:20:09.025   360   931 D EvsDriver: forwardFrame
12-30 10:20:09.025   360   931 D EvsDriver: forwardFrameDirect
12-30 10:20:09.025   360   931 D EvsDriver: Delivered 0xb400e2ca9e40e270 as id 0
12-30 10:20:09.025   359  2784 D evsmanagerd: /dev/video-evs0 forwarded the buffer #0 to 0xb400f125d2b26dd0 from 0xb400f125e2b20710
12-30 10:20:09.031  1611  1611 I ADAYO_LOG_: handleMessage(UsbFunc.java:3)copyQnx = 0
12-30 10:20:09.031  1611  1611 I ADAYO_LOG_: handleMessage(UsbFunc.java:12)copyState = 2
12-30 10:20:09.032   360   458 D EvsDriver: doneWithFrame
12-30 10:20:09.036   665  1525 I gps_hdbd: [gps_upgrade_thread 3403]Enter
12-30 10:20:09.036   665  1525 I gps_hdbd: [gps_upgrade_thread 3432] sys.gps.update:0 ,file:not ,upgrate_ing:0
12-30 10:20:09.038  2358  2623 D RcfController: Rcf proxy is not connected!
12-30 10:20:09.038   650   729 D fgemcucomm: sd Uart data : 6AA602BFEB00029202BE
12-30 10:20:09.039   650   729 D fgemcucomm: rev uart=50828,len=14, data : 6AA681BFEB00069202001A000021
12-30 10:20:09.039   398  2883 D adayocomadapter-ParseProtocolFunc: printRaWMsg Name[MCUToUPstream recv] len[6] data[9202001A0000]
12-30 10:20:09.039   398  2883 D adayocomadapter-CommunicationManager: onUpstreamback   member[0] dataLength[3] timePoint[6144861]
12-30 10:20:09.039   398  2883 D adayocomadapter-ParseProtocolFunc: printRaWMsg Name[onUpstreamback] len[3] data[1A0000]
12-30 10:20:09.039   398   464 D adayocomadapter-UpstreamHandler: processBeforePacket upSreamtProcessTimePoint[6144861] 
12-30 10:20:09.039   398   464 D adayocomadapter-UpstreamHandler: processPacket UPSTREAM_QUEUE_DATA_TIMEOUT
12-30 10:20:09.039   398   464 D adayocomadapter-ParseProtocolFunc: parseCommonIPCLBytes Processing tableNumber[26]
12-30 10:20:09.039   398   464 D adayocomadapter-ParseProtocolFunc: parseCommonIPCLBytes Processing tablename[Table-26] tableSize[3]
12-30 10:20:09.039   398   464 D adayocomadapter-ParseProtocolFunc: printRaWMsg Name[byteStream recv] len[3] data[1A0000]
12-30 10:20:09.039   398   464 D adayocomadapter-ParseProtocolFunc: printRaWMsg Name[IPCLtoVHAL] len[6] data[214021C90000]
12-30 10:20:09.039   398   464 D adayocomadapter-ParseProtocolFunc: printRaWMsg Name[IPCLtoVHAL] len[6] data[214022060000]
12-30 10:20:09.039   398   464 D adayocomadapter-CommunicationManager: onUpstreamReceive mPropertyId 0x214021c9
12-30 10:20:09.039   398   464 D adayocomadapter-CommunicationManager: convertBytesToInt32Memcpy  0
12-30 10:20:09.039   398   464 I vw-vhal : notifyVehicleProperty, propId = 0x214021c9, data = {status: 2, int32Values: [0]}
12-30 10:20:09.039   398   464 I vw-vhal : CanSignalsAdapter::notifyVehicleProperty: solvedValue = {.timestamp = 6144861426730, .areaId = 0, .prop = 557851081, .status = AVAILABLE, .value = {.int32Values = [1]{0}, .floatValues = [0]{}, .int64Values = [0]{}, .bytes = [0]{}, .stringValue = ""}}
12-30 10:20:09.039   398   464 I VehiclePropertyStore: begin to write value to Store: {.timestamp = 6144861426730, .areaId = 0, .prop = 557851081, .status = AVAILABLE, .value = {.int32Values = [1]{0}, .floatValues = [0]{}, .int64Values = [0]{}, .bytes = [0]{}, .stringValue = ""}}
12-30 10:20:09.039   398   464 I DefaultVehicleHal_v2_0: DefaultVehicleHal::onPropertyValue, value:{.timestamp = 6144861426730, .areaId = 0, .prop = 557851081, .status = AVAILABLE, .value = {.int32Values = [1]{0}, .floatValues = [0]{}, .int64Values = [0]{}, .bytes = [0]{}, .stringValue = ""}}
12-30 10:20:09.039   398   464 D DiagPropHandler: is not DiagnosticConfig: 0x214021c9
12-30 10:20:09.039   398   464 I VehiclePropertyStore: begin to write value to Store: {.timestamp = 6144861426730, .areaId = 0, .prop = 557851081, .status = AVAILABLE, .value = {.int32Values = [1]{0}, .floatValues = [0]{}, .int64Values = [0]{}, .bytes = [0]{}, .stringValue = ""}}
12-30 10:20:09.039   398   464 D adayocomadapter-CommunicationManager: onUpstreamReceive mPropertyId 0x214021c9
12-30 10:20:09.039   398   464 D adayocomadapter-CommunicationManager: onUpstreamReceive mPropertyId 0x21402206
12-30 10:20:09.039   398   464 D adayocomadapter-CommunicationManager: convertBytesToInt32Memcpy  0
12-30 10:20:09.039   398   464 I vw-vhal : notifyVehicleProperty, propId = 0x21402206, data = {status: 2, int32Values: [0]}
12-30 10:20:09.039   398   464 I vw-vhal : CanSignalsAdapter::notifyVehicleProperty: solvedValue = {.timestamp = 6144861673063, .areaId = 0, .prop = 557851142, .status = AVAILABLE, .value = {.int32Values = [1]{0}, .floatValues = [0]{}, .int64Values = [0]{}, .bytes = [0]{}, .stringValue = ""}}
12-30 10:20:09.039   398   464 I VehiclePropertyStore: begin to write value to Store: {.timestamp = 6144861673063, .areaId = 0, .prop = 557851142, .status = AVAILABLE, .value = {.int32Values = [1]{0}, .floatValues = [0]{}, .int64Values = [0]{}, .bytes = [0]{}, .stringValue = ""}}
12-30 10:20:09.039   398   464 I DefaultVehicleHal_v2_0: DefaultVehicleHal::onPropertyValue, value:{.timestamp = 6144861673063, .areaId = 0, .prop = 557851142, .status = AVAILABLE, .value = {.int32Values = [1]{0}, .floatValues = [0]{}, .int64Values = [0]{}, .bytes = [0]{}, .stringValue = ""}}
12-30 10:20:09.039   398   464 D DiagPropHandler: is not DiagnosticConfig: 0x21402206
12-30 10:20:09.039   398   464 I VehiclePropertyStore: begin to write value to Store: {.timestamp = 6144861673063, .areaId = 0, .prop = 557851142, .status = AVAILABLE, .value = {.int32Values = [1]{0}, .floatValues = [0]{}, .int64Values = [0]{}, .bytes = [0]{}, .stringValue = ""}}
12-30 10:20:09.039   398   464 D adayocomadapter-CommunicationManager: onUpstreamReceive mPropertyId 0x21402206
12-30 10:20:09.051   596  3076 E WifiHAL : Invalid data received from driver
12-30 10:20:09.058   360   931 I EvsDriver: /dev/video-evs0 VideoCapture fps 30.0003
12-30 10:20:09.059   360   931 D EvsDriver: forwardFrame
12-30 10:20:09.059   360   931 D EvsDriver: forwardFrameDirect
12-30 10:20:09.059   360   931 D EvsDriver: Delivered 0xb400e2ca9e40d4b0 as id 1
12-30 10:20:09.059   359  2784 D evsmanagerd: /dev/video-evs0 forwarded the buffer #1 to 0xb400f125d2b26dd0 from 0xb400f125e2b20710
12-30 10:20:09.062   360   458 D EvsDriver: doneWithFrame
12-30 10:20:09.068   650   729 D fgemcucomm: sd Uart data : 6AA602BFEC00029202BD
12-30 10:20:09.069   650   729 D fgemcucomm: rev uart=50829,len=15, data : 6AA681BFEC0007920206214145028A
12-30 10:20:09.069   398  2883 D adayocomadapter-ParseProtocolFunc: printRaWMsg Name[MCUToUPstream recv] len[7] data[92020621414502]
12-30 10:20:09.069   398  2883 D adayocomadapter-CommunicationManager: onUpstreamback   member[6] dataLength[4] timePoint[6144891]
12-30 10:20:09.069   398  2883 D adayocomadapter-ParseProtocolFunc: printRaWMsg Name[onUpstreamback] len[4] data[21414502]
12-30 10:20:09.069   398   464 D adayocomadapter-UpstreamHandler: processBeforePacket upSreamtProcessTimePoint[6144891] 
12-30 10:20:09.069   398   464 D adayocomadapter-ParseProtocolFunc: parseGeneralIPCLBytes Processing tablename[Table-3] tableSize[0]
12-30 10:20:09.069   398   464 D adayocomadapter-ParseProtocolFunc: printRaWMsg Name[byteStream recv] len[4] data[21414502]
12-30 10:20:09.072   398   464 D adayocomadapter-ParseProtocolFunc: printRaWMsg Name[IPCLtoVHAL] len[8520] data[2141450201214145020000000000000000000000000160000000000B8B00000000000000002140215F000000000000000000000000010101000000940F0000000000000000508A712E6DFB00B40000000000000000018100000000150D0000000000000000D0F0710E6DFB00B40000000000000000016000000000F0020000000000000000214021C0000000000000000000000000016000000000C27F0000000000000000214022510000000000000000000000000140000000007246000000000000000000000000000000000000000000000000014000000000403B000000000000000000000000000000000000000000000000010101000000605A0000000000000000288B712E6DFB00B400000000000000000160000000009B2400000000000000000000000000000000000000000000000001010100000004A000000000000000000000000000000000C089712E6DFB00B4016000000000FFDE00000000000000002140222A00000000000000000000000001600000000060AD00000000000000002140223A00000000000000000000000001600000000052D0000000000000000021402241000000000000000000000000014000000000E2E9000000000000000000000000000000000000000000000000010101000000FF29000000000000000010B172CE6
12-30 10:20:09.072   398   464 D adayocomadapter-CommunicationManager: onUpstreamReceive mPropertyId 0x21414502
12-30 10:20:09.072   398   464 D adayocomadapter-CommunicationManager: writeValue id=[557925634]
12-30 10:20:09.072   398   464 D adayocomadapter-VehiclePropertyStore: writeValue id=[557925634]
12-30 10:20:09.079   398   464 I vw-vhal : notifyVehicleProperty, propId = 0x21414502, data = {status: 2, int32Values: [33, 65, 69, 2, 0, 0, 0, 0, 0, 0, 0, 0, 0, 0, 0, 0, 1, 96, 0, 0, 0, 0, 11, 139, 0, 0, 0, 0, 0, 0, 0, 0, 33, 64, 33, 95, 0, 0, 0, 0, 0, 0, 0, 0, 0, 0, 0, 0, 1, 1, 1, 0, 0, 0, 148, 15, 0, 0, 0, 0, 0, 0, 0, 0, 80, 138, 113, 46, 109, 251, 0, 180, 0, 0, 0, 0, 0, 0, 0, 0, 1, 129, 0, 0, 0, 0, 21, 13, 0, 0, 0, 0, 0, 0, 0, 0, 208, 240, 113, 14, 109, 251, 0, 180, 0, 0, 0, 0, 0, 0, 0, 0, 1, 96, 0, 0, 0, 0, 240, 2, 0, 0, 0, 0, 0, 0, 0, 0, 33, 64, 33, 192, 0, 0, 0, 0, 0, 0, 0, 0, 0, 0, 0, 0, 1, 96, 0, 0, 0, 0, 194, 127, 0, 0, 0, 0, 0, 0, 0, 0, 33, 64, 34, 81, 0, 0, 0, 0, 0, 0, 0, 0, 0, 0, 0, 0, 1, 64, 0, 0, 0, 0, 114, 70, 0, 0, 0, 0, 0, 0, 0, 0, 0, 0, 0, 0, 0, 0, 0, 0, 0, 0, 0, 0, 0, 0, 0, 0, 1, 64, 0, 0, 0, 0, 64, 59, 0, 0, 0, 0, 0, 0, 0, 0, 0, 0, 0, 0, 0, 0, 0, 0, 0, 0, 0, 0, 0, 0, 0, 0, 1, 1, 1, 0, 0, 0, 96, 90, 0, 0, 0, 0, 0, 0, 0, 0, 40, 139, 113, 46, 109, 251, 0, 180, 0, 0, 0, 0, 0, 0, 0, 0, 1, 96, 0, 0, 0, 0, 155, 36, 0, 0, 0, 0, 0, 0, 0, 
12-30 10:20:09.086   398   464 I vw-vhal : CanSignalsAdapter::notifyDiagProperty: propId = 0x21414502, data = {status: 2, int32Values: [33, 65, 69, 2, 0, 0, 0, 0, 0, 0, 0, 0, 0, 0, 0, 0, 1, 96, 0, 0, 0, 0, 11, 139, 0, 0, 0, 0, 0, 0, 0, 0, 33, 64, 33, 95, 0, 0, 0, 0, 0, 0, 0, 0, 0, 0, 0, 0, 1, 1, 1, 0, 0, 0, 148, 15, 0, 0, 0, 0, 0, 0, 0, 0, 80, 138, 113, 46, 109, 251, 0, 180, 0, 0, 0, 0, 0, 0, 0, 0, 1, 129, 0, 0, 0, 0, 21, 13, 0, 0, 0, 0, 0, 0, 0, 0, 208, 240, 113, 14, 109, 251, 0, 180, 0, 0, 0, 0, 0, 0, 0, 0, 1, 96, 0, 0, 0, 0, 240, 2, 0, 0, 0, 0, 0, 0, 0, 0, 33, 64, 33, 192, 0, 0, 0, 0, 0, 0, 0, 0, 0, 0, 0, 0, 1, 96, 0, 0, 0, 0, 194, 127, 0, 0, 0, 0, 0, 0, 0, 0, 33, 64, 34, 81, 0, 0, 0, 0, 0, 0, 0, 0, 0, 0, 0, 0, 1, 64, 0, 0, 0, 0, 114, 70, 0, 0, 0, 0, 0, 0, 0, 0, 0, 0, 0, 0, 0, 0, 0, 0, 0, 0, 0, 0, 0, 0, 0, 0, 1, 64, 0, 0, 0, 0, 64, 59, 0, 0, 0, 0, 0, 0, 0, 0, 0, 0, 0, 0, 0, 0, 0, 0, 0, 0, 0, 0, 0, 0, 0, 0, 1, 1, 1, 0, 0, 0, 96, 90, 0, 0, 0, 0, 0, 0, 0, 0, 40, 139, 113, 46, 109, 251, 0, 180, 0, 0, 0, 0, 0, 0, 0, 0, 1, 96, 0, 0, 0, 0, 155, 36, 0, 0,
12-30 10:20:09.088  2358  2623 D RcfController: Rcf proxy is not connected!
12-30 10:20:09.089   398   464 I vw-vhal : CanSignalsAdapter::notifyVehicleProperty: solvedValue = {.timestamp = 6144908016730, .areaId = 0, .prop = 557925634, .status = AVAILABLE, .value = {.int32Values = [8515]{33, 65, 69, 2, 0, 0, 0, 0, 0, 0, 0, 0, 0, 0, 0, 0, 1, 96, 0, 0, 0, 0, 11, 139, 0, 0, 0, 0, 0, 0, 0, 0, 33, 64, 33, 95, 0, 0, 0, 0, 0, 0, 0, 0, 0, 0, 0, 0, 1, 1, 1, 0, 0, 0, 148, 15, 0, 0, 0, 0, 0, 0, 0, 0, 80, 138, 113, 46, 109, 251, 0, 180, 0, 0, 0, 0, 0, 0, 0, 0, 1, 129, 0, 0, 0, 0, 21, 13, 0, 0, 0, 0, 0, 0, 0, 0, 208, 240, 113, 14, 109, 251, 0, 180, 0, 0, 0, 0, 0, 0, 0, 0, 1, 96, 0, 0, 0, 0, 240, 2, 0, 0, 0, 0, 0, 0, 0, 0, 33, 64, 33, 192, 0, 0, 0, 0, 0, 0, 0, 0, 0, 0, 0, 0, 1, 96, 0, 0, 0, 0, 194, 127, 0, 0, 0, 0, 0, 0, 0, 0, 33, 64, 34, 81, 0, 0, 0, 0, 0, 0, 0, 0, 0, 0, 0, 0, 1, 64, 0, 0, 0, 0, 114, 70, 0, 0, 0, 0, 0, 0, 0, 0, 0, 0, 0, 0, 0, 0, 0, 0, 0, 0, 0, 0, 0, 0, 0, 0, 1, 64, 0, 0, 0, 0, 64, 59, 0, 0, 0, 0, 0, 0, 0, 0, 0, 0, 0, 0, 0, 0, 0, 0, 0, 0, 0, 0, 0, 0, 0, 0, 1, 1, 1, 0, 0, 0, 96, 90, 0, 0, 0, 0, 0, 0, 0, 0, 40, 139, 113, 46
12-30 10:20:09.092   360   931 D EvsDriver: forwardFrame
12-30 10:20:09.092   360   931 D EvsDriver: forwardFrameDirect
12-30 10:20:09.092   360   931 D EvsDriver: Delivered 0xb400e2ca9e40c2d0 as id 0
12-30 10:20:09.092   359  2784 D evsmanagerd: /dev/video-evs0 forwarded the buffer #0 to 0xb400f125d2b26dd0 from 0xb400f125e2b20710
12-30 10:20:09.092   360   458 D EvsDriver: doneWithFrame
12-30 10:20:09.093   398   464 I VehiclePropertyStore: begin to write value to Store: {.timestamp = 6144908016730, .areaId = 0, .prop = 557925634, .status = AVAILABLE, .value = {.int32Values = [8515]{33, 65, 69, 2, 0, 0, 0, 0, 0, 0, 0, 0, 0, 0, 0, 0, 1, 96, 0, 0, 0, 0, 11, 139, 0, 0, 0, 0, 0, 0, 0, 0, 33, 64, 33, 95, 0, 0, 0, 0, 0, 0, 0, 0, 0, 0, 0, 0, 1, 1, 1, 0, 0, 0, 148, 15, 0, 0, 0, 0, 0, 0, 0, 0, 80, 138, 113, 46, 109, 251, 0, 180, 0, 0, 0, 0, 0, 0, 0, 0, 1, 129, 0, 0, 0, 0, 21, 13, 0, 0, 0, 0, 0, 0, 0, 0, 208, 240, 113, 14, 109, 251, 0, 180, 0, 0, 0, 0, 0, 0, 0, 0, 1, 96, 0, 0, 0, 0, 240, 2, 0, 0, 0, 0, 0, 0, 0, 0, 33, 64, 33, 192, 0, 0, 0, 0, 0, 0, 0, 0, 0, 0, 0, 0, 1, 96, 0, 0, 0, 0, 194, 127, 0, 0, 0, 0, 0, 0, 0, 0, 33, 64, 34, 81, 0, 0, 0, 0, 0, 0, 0, 0, 0, 0, 0, 0, 1, 64, 0, 0, 0, 0, 114, 70, 0, 0, 0, 0, 0, 0, 0, 0, 0, 0, 0, 0, 0, 0, 0, 0, 0, 0, 0, 0, 0, 0, 0, 0, 1, 64, 0, 0, 0, 0, 64, 59, 0, 0, 0, 0, 0, 0, 0, 0, 0, 0, 0, 0, 0, 0, 0, 0, 0, 0, 0, 0, 0, 0, 0, 0, 1, 1, 1, 0, 0, 0, 96, 90, 0, 0, 0, 0, 0, 0, 0, 0, 40, 139, 113, 46, 109, 251, 0, 180, 0, 0,
12-30 10:20:09.097   398   464 I VehiclePropertyStore: Prop wirte value to Store success: {.timestamp = 6144908016730, .areaId = 0, .prop = 557925634, .status = AVAILABLE, .value = {.int32Values = [8515]{33, 65, 69, 2, 0, 0, 0, 0, 0, 0, 0, 0, 0, 0, 0, 0, 1, 96, 0, 0, 0, 0, 11, 139, 0, 0, 0, 0, 0, 0, 0, 0, 33, 64, 33, 95, 0, 0, 0, 0, 0, 0, 0, 0, 0, 0, 0, 0, 1, 1, 1, 0, 0, 0, 148, 15, 0, 0, 0, 0, 0, 0, 0, 0, 80, 138, 113, 46, 109, 251, 0, 180, 0, 0, 0, 0, 0, 0, 0, 0, 1, 129, 0, 0, 0, 0, 21, 13, 0, 0, 0, 0, 0, 0, 0, 0, 208, 240, 113, 14, 109, 251, 0, 180, 0, 0, 0, 0, 0, 0, 0, 0, 1, 96, 0, 0, 0, 0, 240, 2, 0, 0, 0, 0, 0, 0, 0, 0, 33, 64, 33, 192, 0, 0, 0, 0, 0, 0, 0, 0, 0, 0, 0, 0, 1, 96, 0, 0, 0, 0, 194, 127, 0, 0, 0, 0, 0, 0, 0, 0, 33, 64, 34, 81, 0, 0, 0, 0, 0, 0, 0, 0, 0, 0, 0, 0, 1, 64, 0, 0, 0, 0, 114, 70, 0, 0, 0, 0, 0, 0, 0, 0, 0, 0, 0, 0, 0, 0, 0, 0, 0, 0, 0, 0, 0, 0, 0, 0, 1, 64, 0, 0, 0, 0, 64, 59, 0, 0, 0, 0, 0, 0, 0, 0, 0, 0, 0, 0, 0, 0, 0, 0, 0, 0, 0, 0, 0, 0, 0, 0, 1, 1, 1, 0, 0, 0, 96, 90, 0, 0, 0, 0, 0, 0, 0, 0, 40, 139, 113, 46, 109, 251, 0, 180, 0
12-30 10:20:09.100   398   464 I DefaultVehicleHal_v2_0: DefaultVehicleHal::onPropertyValue, value:{.timestamp = 6144908016730, .areaId = 0, .prop = 557925634, .status = AVAILABLE, .value = {.int32Values = [8515]{33, 65, 69, 2, 0, 0, 0, 0, 0, 0, 0, 0, 0, 0, 0, 0, 1, 96, 0, 0, 0, 0, 11, 139, 0, 0, 0, 0, 0, 0, 0, 0, 33, 64, 33, 95, 0, 0, 0, 0, 0, 0, 0, 0, 0, 0, 0, 0, 1, 1, 1, 0, 0, 0, 148, 15, 0, 0, 0, 0, 0, 0, 0, 0, 80, 138, 113, 46, 109, 251, 0, 180, 0, 0, 0, 0, 0, 0, 0, 0, 1, 129, 0, 0, 0, 0, 21, 13, 0, 0, 0, 0, 0, 0, 0, 0, 208, 240, 113, 14, 109, 251, 0, 180, 0, 0, 0, 0, 0, 0, 0, 0, 1, 96, 0, 0, 0, 0, 240, 2, 0, 0, 0, 0, 0, 0, 0, 0, 33, 64, 33, 192, 0, 0, 0, 0, 0, 0, 0, 0, 0, 0, 0, 0, 1, 96, 0, 0, 0, 0, 194, 127, 0, 0, 0, 0, 0, 0, 0, 0, 33, 64, 34, 81, 0, 0, 0, 0, 0, 0, 0, 0, 0, 0, 0, 0, 1, 64, 0, 0, 0, 0, 114, 70, 0, 0, 0, 0, 0, 0, 0, 0, 0, 0, 0, 0, 0, 0, 0, 0, 0, 0, 0, 0, 0, 0, 0, 0, 1, 64, 0, 0, 0, 0, 64, 59, 0, 0, 0, 0, 0, 0, 0, 0, 0, 0, 0, 0, 0, 0, 0, 0, 0, 0, 0, 0, 0, 0, 0, 0, 1, 1, 1, 0, 0, 0, 96, 90, 0, 0, 0, 0, 0, 0, 0, 0, 40, 139, 113, 46, 109, 251, 0,
12-30 10:20:09.100   398   464 D DiagPropHandler: is not DiagnosticConfig: 0x21414502
12-30 10:20:09.104   398   464 I VehiclePropertyStore: begin to write value to Store: {.timestamp = 6144908016730, .areaId = 0, .prop = 557925634, .status = AVAILABLE, .value = {.int32Values = [8515]{33, 65, 69, 2, 0, 0, 0, 0, 0, 0, 0, 0, 0, 0, 0, 0, 1, 96, 0, 0, 0, 0, 11, 139, 0, 0, 0, 0, 0, 0, 0, 0, 33, 64, 33, 95, 0, 0, 0, 0, 0, 0, 0, 0, 0, 0, 0, 0, 1, 1, 1, 0, 0, 0, 148, 15, 0, 0, 0, 0, 0, 0, 0, 0, 80, 138, 113, 46, 109, 251, 0, 180, 0, 0, 0, 0, 0, 0, 0, 0, 1, 129, 0, 0, 0, 0, 21, 13, 0, 0, 0, 0, 0, 0, 0, 0, 208, 240, 113, 14, 109, 251, 0, 180, 0, 0, 0, 0, 0, 0, 0, 0, 1, 96, 0, 0, 0, 0, 240, 2, 0, 0, 0, 0, 0, 0, 0, 0, 33, 64, 33, 192, 0, 0, 0, 0, 0, 0, 0, 0, 0, 0, 0, 0, 1, 96, 0, 0, 0, 0, 194, 127, 0, 0, 0, 0, 0, 0, 0, 0, 33, 64, 34, 81, 0, 0, 0, 0, 0, 0, 0, 0, 0, 0, 0, 0, 1, 64, 0, 0, 0, 0, 114, 70, 0, 0, 0, 0, 0, 0, 0, 0, 0, 0, 0, 0, 0, 0, 0, 0, 0, 0, 0, 0, 0, 0, 0, 0, 1, 64, 0, 0, 0, 0, 64, 59, 0, 0, 0, 0, 0, 0, 0, 0, 0, 0, 0, 0, 0, 0, 0, 0, 0, 0, 0, 0, 0, 0, 0, 0, 1, 1, 1, 0, 0, 0, 96, 90, 0, 0, 0, 0, 0, 0, 0, 0, 40, 139, 113, 46, 109, 251, 0, 180, 0, 0,
12-30 10:20:09.107   398   464 I VehiclePropertyStore: Prop wirte value to Store success: {.timestamp = 6144908016730, .areaId = 0, .prop = 557925634, .status = AVAILABLE, .value = {.int32Values = [8515]{33, 65, 69, 2, 0, 0, 0, 0, 0, 0, 0, 0, 0, 0, 0, 0, 1, 96, 0, 0, 0, 0, 11, 139, 0, 0, 0, 0, 0, 0, 0, 0, 33, 64, 33, 95, 0, 0, 0, 0, 0, 0, 0, 0, 0, 0, 0, 0, 1, 1, 1, 0, 0, 0, 148, 15, 0, 0, 0, 0, 0, 0, 0, 0, 80, 138, 113, 46, 109, 251, 0, 180, 0, 0, 0, 0, 0, 0, 0, 0, 1, 129, 0, 0, 0, 0, 21, 13, 0, 0, 0, 0, 0, 0, 0, 0, 208, 240, 113, 14, 109, 251, 0, 180, 0, 0, 0, 0, 0, 0, 0, 0, 1, 96, 0, 0, 0, 0, 240, 2, 0, 0, 0, 0, 0, 0, 0, 0, 33, 64, 33, 192, 0, 0, 0, 0, 0, 0, 0, 0, 0, 0, 0, 0, 1, 96, 0, 0, 0, 0, 194, 127, 0, 0, 0, 0, 0, 0, 0, 0, 33, 64, 34, 81, 0, 0, 0, 0, 0, 0, 0, 0, 0, 0, 0, 0, 1, 64, 0, 0, 0, 0, 114, 70, 0, 0, 0, 0, 0, 0, 0, 0, 0, 0, 0, 0, 0, 0, 0, 0, 0, 0, 0, 0, 0, 0, 0, 0, 1, 64, 0, 0, 0, 0, 64, 59, 0, 0, 0, 0, 0, 0, 0, 0, 0, 0, 0, 0, 0, 0, 0, 0, 0, 0, 0, 0, 0, 0, 0, 0, 1, 1, 1, 0, 0, 0, 96, 90, 0, 0, 0, 0, 0, 0, 0, 0, 40, 139, 113, 46, 109, 251, 0, 180, 0
12-30 10:20:09.107   398   464 D adayocomadapter-CommunicationManager: onUpstreamReceive mPropertyId 0x21414502
12-30 10:20:09.125   360   931 D EvsDriver: forwardFrame
12-30 10:20:09.125   360   931 D EvsDriver: forwardFrameDirect
12-30 10:20:09.125   360   931 D EvsDriver: Delivered 0xb400e2ca9e40d090 as id 1
12-30 10:20:09.125   359  2784 D evsmanagerd: /dev/video-evs0 forwarded the buffer #1 to 0xb400f125d2b26dd0 from 0xb400f125e2b20710
12-30 10:20:09.133   360   458 D EvsDriver: doneWithFrame
12-30 10:20:09.138  2358  2623 D RcfController: Rcf proxy is not connected!
12-30 10:20:09.153   596  3076 E WifiHAL : Invalid data received from driver
12-30 10:20:09.158   360   931 D EvsDriver: forwardFrame
12-30 10:20:09.158   360   931 D EvsDriver: forwardFrameDirect
12-30 10:20:09.159   360   931 D EvsDriver: Delivered 0xb400e2ca9e40e110 as id 0
12-30 10:20:09.159   359  2784 D evsmanagerd: /dev/video-evs0 forwarded the buffer #0 to 0xb400f125d2b26dd0 from 0xb400f125e2b20710
12-30 10:20:09.163   360   458 D EvsDriver: doneWithFrame
12-30 10:20:09.170   650   729 D fgemcucomm: sd Uart data : 6AA602BFED00029202BC
12-30 10:20:09.170   650   729 D fgemcucomm: rev uart=50830,len=29, data : 6AA681BFED001592020013000000000000000000000000000000000017
12-30 10:20:09.170   398  2883 D adayocomadapter-ParseProtocolFunc: printRaWMsg Name[MCUToUPstream recv] len[21] data[920200130000000000000000000000000000000000]
12-30 10:20:09.170   398  2883 D adayocomadapter-CommunicationManager: onUpstreamback   member[0] dataLength[18] timePoint[6144992]
12-30 10:20:09.170   398  2883 D adayocomadapter-ParseProtocolFunc: printRaWMsg Name[onUpstreamback] len[18] data[130000000000000000000000000000000000]
12-30 10:20:09.170   398   464 D adayocomadapter-UpstreamHandler: processBeforePacket upSreamtProcessTimePoint[6144992] 
12-30 10:20:09.170   398   464 D adayocomadapter-UpstreamHandler: processPacket UPSTREAM_QUEUE_DATA_TIMEOUT
12-30 10:20:09.170   398   464 D adayocomadapter-ParseProtocolFunc: parseCommonIPCLBytes Processing tableNumber[19]
12-30 10:20:09.170   398   464 D adayocomadapter-ParseProtocolFunc: parseCommonIPCLBytes Processing tablename[Table-19] tableSize[18]
12-30 10:20:09.170   398   464 D adayocomadapter-ParseProtocolFunc: printRaWMsg Name[byteStream recv] len[18] data[130000000000000000000000000000000000]
12-30 10:20:09.170   398   464 D adayocomadapter-ParseProtocolFunc: printRaWMsg Name[IPCLtoVHAL] len[6] data[214010280000]
12-30 10:20:09.170   398   464 D adayocomadapter-ParseProtocolFunc: printRaWMsg Name[IPCLtoVHAL] len[6] data[214010290000]
12-30 10:20:09.170   398   464 D adayocomadapter-ParseProtocolFunc: printRaWMsg Name[IPCLtoVHAL] len[6] data[2140102E0000]
12-30 10:20:09.170   398   464 D adayocomadapter-ParseProtocolFunc: printRaWMsg Name[IPCLtoVHAL] len[6] data[2140102B0000]
12-30 10:20:09.170   398   464 D adayocomadapter-ParseProtocolFunc: printRaWMsg Name[IPCLtoVHAL] len[6] data[2140104C0000]
12-30 10:20:09.170   398   464 D adayocomadapter-ParseProtocolFunc: printRaWMsg Name[IPCLtoVHAL] len[6] data[2140102C0000]
12-30 10:20:09.170   398   464 D adayocomadapter-ParseProtocolFunc: printRaWMsg Name[IPCLtoVHAL] len[7] data[21402007000000]
12-30 10:20:09.170   398   464 D adayocomadapter-ParseProtocolFunc: printRaWMsg Name[IPCLtoVHAL] len[6] data[2140102F0000]
12-30 10:20:09.170   398   464 D adayocomadapter-ParseProtocolFunc: printRaWMsg Name[IPCLtoVHAL] len[6] data[214010310000]
12-30 10:20:09.170   398   464 D adayocomadapter-ParseProtocolFunc: printRaWMsg Name[IPCLtoVHAL] len[7] data[21402022000000]
12-30 10:20:09.170   398   464 D adayocomadapter-ParseProtocolFunc: printRaWMsg Name[IPCLtoVHAL] len[9] data[214020230000000000]
12-30 10:20:09.170   398   464 D adayocomadapter-ParseProtocolFunc: printRaWMsg Name[IPCLtoVHAL] len[6] data[2140104D0000]
12-30 10:20:09.170   398   464 D adayocomadapter-CommunicationManager: onUpstreamReceive mPropertyId 0x21401028
12-30 10:20:09.170   398   464 D adayocomadapter-CommunicationManager: convertBytesToInt32Memcpy  0
12-30 10:20:09.170   398   464 I vw-vhal : notifyVehicleProperty, propId = 0x21401028, data = {status: 2, int32Values: [0]}
12-30 10:20:09.170   398   464 I vw-vhal : CanSignalsAdapter::notifyVehicleProperty: solvedValue = {.timestamp = 6144992817397, .areaId = 0, .prop = 557846568, .status = AVAILABLE, .value = {.int32Values = [1]{0}, .floatValues = [0]{}, .int64Values = [0]{}, .bytes = [0]{}, .stringValue = ""}}
12-30 10:20:09.171   398   464 I VehiclePropertyStore: begin to write value to Store: {.timestamp = 6144992817397, .areaId = 0, .prop = 557846568, .status = AVAILABLE, .value = {.int32Values = [1]{0}, .floatValues = [0]{}, .int64Values = [0]{}, .bytes = [0]{}, .stringValue = ""}}
12-30 10:20:09.171   398   464 I DefaultVehicleHal_v2_0: DefaultVehicleHal::onPropertyValue, value:{.timestamp = 6144992817397, .areaId = 0, .prop = 557846568, .status = AVAILABLE, .value = {.int32Values = [1]{0}, .floatValues = [0]{}, .int64Values = [0]{}, .bytes = [0]{}, .stringValue = ""}}
12-30 10:20:09.171   398   464 D DiagPropHandler: is not DiagnosticConfig: 0x21401028
12-30 10:20:09.171   398   464 I VehiclePropertyStore: begin to write value to Store: {.timestamp = 6144992817397, .areaId = 0, .prop = 557846568, .status = AVAILABLE, .value = {.int32Values = [1]{0}, .floatValues = [0]{}, .int64Values = [0]{}, .bytes = [0]{}, .stringValue = ""}}
12-30 10:20:09.171   398   464 D adayocomadapter-CommunicationManager: onUpstreamReceive mPropertyId 0x21401028
12-30 10:20:09.171   398   464 D adayocomadapter-CommunicationManager: onUpstreamReceive mPropertyId 0x21401029
12-30 10:20:09.171   398   464 D adayocomadapter-CommunicationManager: convertBytesToInt32Memcpy  0
12-30 10:20:09.171   398   464 I vw-vhal : notifyVehicleProperty, propId = 0x21401029, data = {status: 2, int32Values: [0]}
12-30 10:20:09.171   398   464 I vw-vhal : CanSignalsAdapter::notifyVehicleProperty: solvedValue = {.timestamp = 6144993082063, .areaId = 0, .prop = 557846569, .status = AVAILABLE, .value = {.int32Values = [1]{0}, .floatValues = [0]{}, .int64Values = [0]{}, .bytes = [0]{}, .stringValue = ""}}
12-30 10:20:09.171   398   464 I VehiclePropertyStore: begin to write value to Store: {.timestamp = 6144993082063, .areaId = 0, .prop = 557846569, .status = AVAILABLE, .value = {.int32Values = [1]{0}, .floatValues = [0]{}, .int64Values = [0]{}, .bytes = [0]{}, .stringValue = ""}}
12-30 10:20:09.171   398   464 I DefaultVehicleHal_v2_0: DefaultVehicleHal::onPropertyValue, value:{.timestamp = 6144993082063, .areaId = 0, .prop = 557846569, .status = AVAILABLE, .value = {.int32Values = [1]{0}, .floatValues = [0]{}, .int64Values = [0]{}, .bytes = [0]{}, .stringValue = ""}}
12-30 10:20:09.171   398   464 D DiagPropHandler: is not DiagnosticConfig: 0x21401029
12-30 10:20:09.171   398   464 I VehiclePropertyStore: begin to write value to Store: {.timestamp = 6144993082063, .areaId = 0, .prop = 557846569, .status = AVAILABLE, .value = {.int32Values = [1]{0}, .floatValues = [0]{}, .int64Values = [0]{}, .bytes = [0]{}, .stringValue = ""}}
12-30 10:20:09.171   398   464 D adayocomadapter-CommunicationManager: onUpstreamReceive mPropertyId 0x21401029
12-30 10:20:09.171   398   464 D adayocomadapter-CommunicationManager: onUpstreamReceive mPropertyId 0x2140102e
12-30 10:20:09.171   398   464 D adayocomadapter-CommunicationManager: convertBytesToInt32Memcpy  0
12-30 10:20:09.171   398   464 I vw-vhal : notifyVehicleProperty, propId = 0x2140102e, data = {status: 2, int32Values: [0]}
12-30 10:20:09.171   398   464 I vw-vhal : CanSignalsAdapter::notifyVehicleProperty: solvedValue = {.timestamp = 6144993321397, .areaId = 0, .prop = 557846574, .status = AVAILABLE, .value = {.int32Values = [1]{0}, .floatValues = [0]{}, .int64Values = [0]{}, .bytes = [0]{}, .stringValue = ""}}
12-30 10:20:09.171   398   464 I VehiclePropertyStore: begin to write value to Store: {.timestamp = 6144993321397, .areaId = 0, .prop = 557846574, .status = AVAILABLE, .value = {.int32Values = [1]{0}, .floatValues = [0]{}, .int64Values = [0]{}, .bytes = [0]{}, .stringValue = ""}}
12-30 10:20:09.171   398   464 I DefaultVehicleHal_v2_0: DefaultVehicleHal::onPropertyValue, value:{.timestamp = 6144993321397, .areaId = 0, .prop = 557846574, .status = AVAILABLE, .value = {.int32Values = [1]{0}, .floatValues = [0]{}, .int64Values = [0]{}, .bytes = [0]{}, .stringValue = ""}}
12-30 10:20:09.171   398   464 D DiagPropHandler: is not DiagnosticConfig: 0x2140102e
12-30 10:20:09.171   398   464 I VehiclePropertyStore: begin to write value to Store: {.timestamp = 6144993321397, .areaId = 0, .prop = 557846574, .status = AVAILABLE, .value = {.int32Values = [1]{0}, .floatValues = [0]{}, .int64Values = [0]{}, .bytes = [0]{}, .stringValue = ""}}
12-30 10:20:09.171   398   464 D adayocomadapter-CommunicationManager: onUpstreamReceive mPropertyId 0x2140102e
12-30 10:20:09.171   398   464 D adayocomadapter-CommunicationManager: onUpstreamReceive mPropertyId 0x2140102b
12-30 10:20:09.171   398   464 D adayocomadapter-CommunicationManager: convertBytesToInt32Memcpy  0
12-30 10:20:09.171   398   464 I vw-vhal : notifyVehicleProperty, propId = 0x2140102b, data = {status: 2, int32Values: [0]}
12-30 10:20:09.171   398   464 I vw-vhal : CanSignalsAdapter::notifyVehicleProperty: solvedValue = {.timestamp = 6144993556730, .areaId = 0, .prop = 557846571, .status = AVAILABLE, .value = {.int32Values = [1]{0}, .floatValues = [0]{}, .int64Values = [0]{}, .bytes = [0]{}, .stringValue = ""}}
12-30 10:20:09.171   398   464 I VehiclePropertyStore: begin to write value to Store: {.timestamp = 6144993556730, .areaId = 0, .prop = 557846571, .status = AVAILABLE, .value = {.int32Values = [1]{0}, .floatValues = [0]{}, .int64Values = [0]{}, .bytes = [0]{}, .stringValue = ""}}
12-30 10:20:09.171   398   464 I DefaultVehicleHal_v2_0: DefaultVehicleHal::onPropertyValue, value:{.timestamp = 6144993556730, .areaId = 0, .prop = 557846571, .status = AVAILABLE, .value = {.int32Values = [1]{0}, .floatValues = [0]{}, .int64Values = [0]{}, .bytes = [0]{}, .stringValue = ""}}
12-30 10:20:09.171   398   464 D DiagPropHandler: is not DiagnosticConfig: 0x2140102b
12-30 10:20:09.171   398   464 I VehiclePropertyStore: begin to write value to Store: {.timestamp = 6144993556730, .areaId = 0, .prop = 557846571, .status = AVAILABLE, .value = {.int32Values = [1]{0}, .floatValues = [0]{}, .int64Values = [0]{}, .bytes = [0]{}, .stringValue = ""}}
12-30 10:20:09.171   398   464 D adayocomadapter-CommunicationManager: onUpstreamReceive mPropertyId 0x2140102b
12-30 10:20:09.171   398   464 D adayocomadapter-CommunicationManager: onUpstreamReceive mPropertyId 0x2140104c
12-30 10:20:09.171   398   464 D adayocomadapter-CommunicationManager: convertBytesToInt32Memcpy  0
12-30 10:20:09.171   398   464 I vw-vhal : notifyVehicleProperty, propId = 0x2140104c, data = {status: 2, int32Values: [0]}
12-30 10:20:09.171   398   464 I vw-vhal : CanSignalsAdapter::notifyVehicleProperty: solvedValue = {.timestamp = 6144993789397, .areaId = 0, .prop = 557846604, .status = AVAILABLE, .value = {.int32Values = [1]{0}, .floatValues = [0]{}, .int64Values = [0]{}, .bytes = [0]{}, .stringValue = ""}}
12-30 10:20:09.171   398   464 I VehiclePropertyStore: begin to write value to Store: {.timestamp = 6144993789397, .areaId = 0, .prop = 557846604, .status = AVAILABLE, .value = {.int32Values = [1]{0}, .floatValues = [0]{}, .int64Values = [0]{}, .bytes = [0]{}, .stringValue = ""}}
12-30 10:20:09.172   398   464 I DefaultVehicleHal_v2_0: DefaultVehicleHal::onPropertyValue, value:{.timestamp = 6144993789397, .areaId = 0, .prop = 557846604, .status = AVAILABLE, .value = {.int32Values = [1]{0}, .floatValues = [0]{}, .int64Values = [0]{}, .bytes = [0]{}, .stringValue = ""}}
12-30 10:20:09.172   398   464 D DiagPropHandler: is not DiagnosticConfig: 0x2140104c
12-30 10:20:09.172   398   464 I VehiclePropertyStore: begin to write value to Store: {.timestamp = 6144993789397, .areaId = 0, .prop = 557846604, .status = AVAILABLE, .value = {.int32Values = [1]{0}, .floatValues = [0]{}, .int64Values = [0]{}, .bytes = [0]{}, .stringValue = ""}}
12-30 10:20:09.172   398   464 D adayocomadapter-CommunicationManager: onUpstreamReceive mPropertyId 0x2140104c
12-30 10:20:09.172   398   464 D adayocomadapter-CommunicationManager: onUpstreamReceive mPropertyId 0x2140102c
12-30 10:20:09.172   398   464 D adayocomadapter-CommunicationManager: convertBytesToInt32Memcpy  0
12-30 10:20:09.172   398   464 I vw-vhal : notifyVehicleProperty, propId = 0x2140102c, data = {status: 2, int32Values: [0]}
12-30 10:20:09.172   398   464 I vw-vhal : CanSignalsAdapter::notifyVehicleProperty: solvedValue = {.timestamp = 6144994031730, .areaId = 0, .prop = 557846572, .status = AVAILABLE, .value = {.int32Values = [1]{0}, .floatValues = [0]{}, .int64Values = [0]{}, .bytes = [0]{}, .stringValue = ""}}
12-30 10:20:09.172   398   464 I VehiclePropertyStore: begin to write value to Store: {.timestamp = 6144994031730, .areaId = 0, .prop = 557846572, .status = AVAILABLE, .value = {.int32Values = [1]{0}, .floatValues = [0]{}, .int64Values = [0]{}, .bytes = [0]{}, .stringValue = ""}}
12-30 10:20:09.172   398   464 I DefaultVehicleHal_v2_0: DefaultVehicleHal::onPropertyValue, value:{.timestamp = 6144994031730, .areaId = 0, .prop = 557846572, .status = AVAILABLE, .value = {.int32Values = [1]{0}, .floatValues = [0]{}, .int64Values = [0]{}, .bytes = [0]{}, .stringValue = ""}}
12-30 10:20:09.172   398   464 D DiagPropHandler: is not DiagnosticConfig: 0x2140102c
12-30 10:20:09.172   398   464 I VehiclePropertyStore: begin to write value to Store: {.timestamp = 6144994031730, .areaId = 0, .prop = 557846572, .status = AVAILABLE, .value = {.int32Values = [1]{0}, .floatValues = [0]{}, .int64Values = [0]{}, .bytes = [0]{}, .stringValue = ""}}
12-30 10:20:09.172   398   464 D adayocomadapter-CommunicationManager: onUpstreamReceive mPropertyId 0x2140102c
12-30 10:20:09.172   398   464 D adayocomadapter-CommunicationManager: onUpstreamReceive mPropertyId 0x21402007
12-30 10:20:09.172   398   464 D adayocomadapter-CommunicationManager: convertBytesToInt32Memcpy  0
12-30 10:20:09.172   398   464 I vw-vhal : notifyVehicleProperty, propId = 0x21402007, data = {status: 2, int32Values: [0]}
12-30 10:20:09.172   398   464 I vw-vhal : CanSignalsAdapter::notifyVehicleProperty: solvedValue = {.timestamp = 6144994257730, .areaId = 0, .prop = 557850631, .status = AVAILABLE, .value = {.int32Values = [1]{0}, .floatValues = [0]{}, .int64Values = [0]{}, .bytes = [0]{}, .stringValue = ""}}
12-30 10:20:09.172   398   464 I VehiclePropertyStore: begin to write value to Store: {.timestamp = 6144994257730, .areaId = 0, .prop = 557850631, .status = AVAILABLE, .value = {.int32Values = [1]{0}, .floatValues = [0]{}, .int64Values = [0]{}, .bytes = [0]{}, .stringValue = ""}}
12-30 10:20:09.172   398   464 I DefaultVehicleHal_v2_0: DefaultVehicleHal::onPropertyValue, value:{.timestamp = 6144994257730, .areaId = 0, .prop = 557850631, .status = AVAILABLE, .value = {.int32Values = [1]{0}, .floatValues = [0]{}, .int64Values = [0]{}, .bytes = [0]{}, .stringValue = ""}}
12-30 10:20:09.172   398   464 D DiagPropHandler: is not DiagnosticConfig: 0x21402007
12-30 10:20:09.172   398   464 I VehiclePropertyStore: begin to write value to Store: {.timestamp = 6144994257730, .areaId = 0, .prop = 557850631, .status = AVAILABLE, .value = {.int32Values = [1]{0}, .floatValues = [0]{}, .int64Values = [0]{}, .bytes = [0]{}, .stringValue = ""}}
12-30 10:20:09.172   398   464 D adayocomadapter-CommunicationManager: onUpstreamReceive mPropertyId 0x21402007
12-30 10:20:09.172   398   464 D adayocomadapter-CommunicationManager: onUpstreamReceive mPropertyId 0x2140102f
12-30 10:20:09.172   398   464 D adayocomadapter-CommunicationManager: convertBytesToInt32Memcpy  0
12-30 10:20:09.172   398   464 I vw-vhal : notifyVehicleProperty, propId = 0x2140102f, data = {status: 2, int32Values: [0]}
12-30 10:20:09.172   398   464 I vw-vhal : CanSignalsAdapter::notifyVehicleProperty: solvedValue = {.timestamp = 6144994477063, .areaId = 0, .prop = 557846575, .status = AVAILABLE, .value = {.int32Values = [1]{0}, .floatValues = [0]{}, .int64Values = [0]{}, .bytes = [0]{}, .stringValue = ""}}
12-30 10:20:09.172   398   464 I VehiclePropertyStore: begin to write value to Store: {.timestamp = 6144994477063, .areaId = 0, .prop = 557846575, .status = AVAILABLE, .value = {.int32Values = [1]{0}, .floatValues = [0]{}, .int64Values = [0]{}, .bytes = [0]{}, .stringValue = ""}}
12-30 10:20:09.172   398   464 I DefaultVehicleHal_v2_0: DefaultVehicleHal::onPropertyValue, value:{.timestamp = 6144994477063, .areaId = 0, .prop = 557846575, .status = AVAILABLE, .value = {.int32Values = [1]{0}, .floatValues = [0]{}, .int64Values = [0]{}, .bytes = [0]{}, .stringValue = ""}}
12-30 10:20:09.172   398   464 D DiagPropHandler: is not DiagnosticConfig: 0x2140102f
12-30 10:20:09.172   398   464 I VehiclePropertyStore: begin to write value to Store: {.timestamp = 6144994477063, .areaId = 0, .prop = 557846575, .status = AVAILABLE, .value = {.int32Values = [1]{0}, .floatValues = [0]{}, .int64Values = [0]{}, .bytes = [0]{}, .stringValue = ""}}
12-30 10:20:09.172   398   464 D adayocomadapter-CommunicationManager: onUpstreamReceive mPropertyId 0x2140102f
12-30 10:20:09.172   398   464 D adayocomadapter-CommunicationManager: onUpstreamReceive mPropertyId 0x21401031
12-30 10:20:09.172   398   464 D adayocomadapter-CommunicationManager: convertBytesToInt32Memcpy  0
12-30 10:20:09.172   398   464 I vw-vhal : notifyVehicleProperty, propId = 0x21401031, data = {status: 2, int32Values: [0]}
