12-30 10:20:06.416   398   464 D adayocomadapter-CommunicationManager: convertBytesToInt32Memcpy  0
12-30 10:20:06.416   398   464 I vw-vhal : notifyVehicleProperty, propId = 0x21402024, data = {status: 2, int32Values: [0]}
12-30 10:20:06.416   398   464 I vw-vhal : CanSignalsAdapter::notifyVehicleProperty: solvedValue = {.timestamp = 6142238019063, .areaId = 0, .prop = 557850660, .status = AVAILABLE, .value = {.int32Values = [1]{0}, .floatValues = [0]{}, .int64Values = [0]{}, .bytes = [0]{}, .stringValue = ""}}
12-30 10:20:06.416   398   464 I VehiclePropertyStore: begin to write value to Store: {.timestamp = 6142238019063, .areaId = 0, .prop = 557850660, .status = AVAILABLE, .value = {.int32Values = [1]{0}, .floatValues = [0]{}, .int64Values = [0]{}, .bytes = [0]{}, .stringValue = ""}}
12-30 10:20:06.416   398   464 I DefaultVehicleHal_v2_0: DefaultVehicleHal::onPropertyValue, value:{.timestamp = 6142238019063, .areaId = 0, .prop = 557850660, .status = AVAILABLE, .value = {.int32Values = [1]{0}, .floatValues = [0]{}, .int64Values = [0]{}, .bytes = [0]{}, .stringValue = ""}}
12-30 10:20:06.416   398   464 D DiagPropHandler: is not DiagnosticConfig: 0x21402024
12-30 10:20:06.416   398   464 I VehiclePropertyStore: begin to write value to Store: {.timestamp = 6142238019063, .areaId = 0, .prop = 557850660, .status = AVAILABLE, .value = {.int32Values = [1]{0}, .floatValues = [0]{}, .int64Values = [0]{}, .bytes = [0]{}, .stringValue = ""}}
12-30 10:20:06.416   398   464 D adayocomadapter-CommunicationManager: onUpstreamReceive mPropertyId 0x21402024
12-30 10:20:06.416   398   464 D adayocomadapter-CommunicationManager: onUpstreamReceive mPropertyId 0x21402120
12-30 10:20:06.416   398   464 D adayocomadapter-CommunicationManager: convertBytesToInt32Memcpy  0
12-30 10:20:06.416   398   464 I vw-vhal : notifyVehicleProperty, propId = 0x21402120, data = {status: 2, int32Values: [0]}
12-30 10:20:06.416   398   464 I vw-vhal : CanSignalsAdapter::notifyVehicleProperty: solvedValue = {.timestamp = 6142238367063, .areaId = 0, .prop = 557850912, .status = AVAILABLE, .value = {.int32Values = [1]{0}, .floatValues = [0]{}, .int64Values = [0]{}, .bytes = [0]{}, .stringValue = ""}}
12-30 10:20:06.416   398   464 I VehiclePropertyStore: begin to write value to Store: {.timestamp = 6142238367063, .areaId = 0, .prop = 557850912, .status = AVAILABLE, .value = {.int32Values = [1]{0}, .floatValues = [0]{}, .int64Values = [0]{}, .bytes = [0]{}, .stringValue = ""}}
12-30 10:20:06.416   398   464 I DefaultVehicleHal_v2_0: DefaultVehicleHal::onPropertyValue, value:{.timestamp = 6142238367063, .areaId = 0, .prop = 557850912, .status = AVAILABLE, .value = {.int32Values = [1]{0}, .floatValues = [0]{}, .int64Values = [0]{}, .bytes = [0]{}, .stringValue = ""}}
12-30 10:20:06.416   398   464 D DiagPropHandler: is not DiagnosticConfig: 0x21402120
12-30 10:20:06.416   398   464 I VehiclePropertyStore: begin to write value to Store: {.timestamp = 6142238367063, .areaId = 0, .prop = 557850912, .status = AVAILABLE, .value = {.int32Values = [1]{0}, .floatValues = [0]{}, .int64Values = [0]{}, .bytes = [0]{}, .stringValue = ""}}
12-30 10:20:06.416   398   464 D adayocomadapter-CommunicationManager: onUpstreamReceive mPropertyId 0x21402120
12-30 10:20:06.416   398   464 D adayocomadapter-CommunicationManager: onUpstreamReceive mPropertyId 0x21402109
12-30 10:20:06.416   398   464 D adayocomadapter-CommunicationManager: convertBytesToInt32Memcpy  0
12-30 10:20:06.416   398   464 I vw-vhal : notifyVehicleProperty, propId = 0x21402109, data = {status: 2, int32Values: [0]}
12-30 10:20:06.416   398   464 I vw-vhal : CanSignalsAdapter::notifyVehicleProperty: solvedValue = {.timestamp = 6142238716396, .areaId = 0, .prop = 557850889, .status = AVAILABLE, .value = {.int32Values = [1]{0}, .floatValues = [0]{}, .int64Values = [0]{}, .bytes = [0]{}, .stringValue = ""}}
12-30 10:20:06.416   398   464 I VehiclePropertyStore: begin to write value to Store: {.timestamp = 6142238716396, .areaId = 0, .prop = 557850889, .status = AVAILABLE, .value = {.int32Values = [1]{0}, .floatValues = [0]{}, .int64Values = [0]{}, .bytes = [0]{}, .stringValue = ""}}
12-30 10:20:06.416   398   464 I DefaultVehicleHal_v2_0: DefaultVehicleHal::onPropertyValue, value:{.timestamp = 6142238716396, .areaId = 0, .prop = 557850889, .status = AVAILABLE, .value = {.int32Values = [1]{0}, .floatValues = [0]{}, .int64Values = [0]{}, .bytes = [0]{}, .stringValue = ""}}
12-30 10:20:06.417   398   464 D DiagPropHandler: is not DiagnosticConfig: 0x21402109
12-30 10:20:06.417   398   464 I VehiclePropertyStore: begin to write value to Store: {.timestamp = 6142238716396, .areaId = 0, .prop = 557850889, .status = AVAILABLE, .value = {.int32Values = [1]{0}, .floatValues = [0]{}, .int64Values = [0]{}, .bytes = [0]{}, .stringValue = ""}}
12-30 10:20:06.417   398   464 D adayocomadapter-CommunicationManager: onUpstreamReceive mPropertyId 0x21402109
12-30 10:20:06.417   398   464 D adayocomadapter-CommunicationManager: onUpstreamReceive mPropertyId 0x214020a7
12-30 10:20:06.417   398   464 D adayocomadapter-CommunicationManager: convertBytesToInt32Memcpy  0
12-30 10:20:06.417   398   464 I vw-vhal : notifyVehicleProperty, propId = 0x214020a7, data = {status: 2, int32Values: [0]}
12-30 10:20:06.417   398   464 I vw-vhal : CanSignalsAdapter::notifyVehicleProperty: solvedValue = {.timestamp = 6142239064730, .areaId = 0, .prop = 557850791, .status = AVAILABLE, .value = {.int32Values = [1]{0}, .floatValues = [0]{}, .int64Values = [0]{}, .bytes = [0]{}, .stringValue = ""}}
12-30 10:20:06.417   398   464 I VehiclePropertyStore: begin to write value to Store: {.timestamp = 6142239064730, .areaId = 0, .prop = 557850791, .status = AVAILABLE, .value = {.int32Values = [1]{0}, .floatValues = [0]{}, .int64Values = [0]{}, .bytes = [0]{}, .stringValue = ""}}
12-30 10:20:06.417   398   464 I DefaultVehicleHal_v2_0: DefaultVehicleHal::onPropertyValue, value:{.timestamp = 6142239064730, .areaId = 0, .prop = 557850791, .status = AVAILABLE, .value = {.int32Values = [1]{0}, .floatValues = [0]{}, .int64Values = [0]{}, .bytes = [0]{}, .stringValue = ""}}
12-30 10:20:06.417   398   464 D DiagPropHandler: is not DiagnosticConfig: 0x214020a7
12-30 10:20:06.417   398   464 I VehiclePropertyStore: begin to write value to Store: {.timestamp = 6142239064730, .areaId = 0, .prop = 557850791, .status = AVAILABLE, .value = {.int32Values = [1]{0}, .floatValues = [0]{}, .int64Values = [0]{}, .bytes = [0]{}, .stringValue = ""}}
12-30 10:20:06.417   398   464 D adayocomadapter-CommunicationManager: onUpstreamReceive mPropertyId 0x214020a7
12-30 10:20:06.417   398   464 D adayocomadapter-CommunicationManager: onUpstreamReceive mPropertyId 0x2140212e
12-30 10:20:06.417   398   464 D adayocomadapter-CommunicationManager: convertBytesToInt32Memcpy  0
12-30 10:20:06.417   398   464 I vw-vhal : notifyVehicleProperty, propId = 0x2140212e, data = {status: 2, int32Values: [0]}
12-30 10:20:06.417   398   464 I vw-vhal : CanSignalsAdapter::notifyVehicleProperty: solvedValue = {.timestamp = 6142239412730, .areaId = 0, .prop = 557850926, .status = AVAILABLE, .value = {.int32Values = [1]{0}, .floatValues = [0]{}, .int64Values = [0]{}, .bytes = [0]{}, .stringValue = ""}}
12-30 10:20:06.417   398   464 I VehiclePropertyStore: begin to write value to Store: {.timestamp = 6142239412730, .areaId = 0, .prop = 557850926, .status = AVAILABLE, .value = {.int32Values = [1]{0}, .floatValues = [0]{}, .int64Values = [0]{}, .bytes = [0]{}, .stringValue = ""}}
12-30 10:20:06.417   398   464 I DefaultVehicleHal_v2_0: DefaultVehicleHal::onPropertyValue, value:{.timestamp = 6142239412730, .areaId = 0, .prop = 557850926, .status = AVAILABLE, .value = {.int32Values = [1]{0}, .floatValues = [0]{}, .int64Values = [0]{}, .bytes = [0]{}, .stringValue = ""}}
12-30 10:20:06.417   398   464 D DiagPropHandler: is not DiagnosticConfig: 0x2140212e
12-30 10:20:06.417   398   464 I VehiclePropertyStore: begin to write value to Store: {.timestamp = 6142239412730, .areaId = 0, .prop = 557850926, .status = AVAILABLE, .value = {.int32Values = [1]{0}, .floatValues = [0]{}, .int64Values = [0]{}, .bytes = [0]{}, .stringValue = ""}}
12-30 10:20:06.417   398   464 D adayocomadapter-CommunicationManager: onUpstreamReceive mPropertyId 0x2140212e
12-30 10:20:06.417   398   464 D adayocomadapter-CommunicationManager: onUpstreamReceive mPropertyId 0x2140205f
12-30 10:20:06.417   398   464 D adayocomadapter-CommunicationManager: convertBytesToInt32Memcpy  0
12-30 10:20:06.417   398   464 I vw-vhal : notifyVehicleProperty, propId = 0x2140205f, data = {status: 2, int32Values: [0]}
12-30 10:20:06.417   398   464 I vw-vhal : CanSignalsAdapter::notifyVehicleProperty: solvedValue = {.timestamp = 6142239766063, .areaId = 0, .prop = 557850719, .status = AVAILABLE, .value = {.int32Values = [1]{0}, .floatValues = [0]{}, .int64Values = [0]{}, .bytes = [0]{}, .stringValue = ""}}
12-30 10:20:06.417   398   464 I VehiclePropertyStore: begin to write value to Store: {.timestamp = 6142239766063, .areaId = 0, .prop = 557850719, .status = AVAILABLE, .value = {.int32Values = [1]{0}, .floatValues = [0]{}, .int64Values = [0]{}, .bytes = [0]{}, .stringValue = ""}}
12-30 10:20:06.418   398   464 I DefaultVehicleHal_v2_0: DefaultVehicleHal::onPropertyValue, value:{.timestamp = 6142239766063, .areaId = 0, .prop = 557850719, .status = AVAILABLE, .value = {.int32Values = [1]{0}, .floatValues = [0]{}, .int64Values = [0]{}, .bytes = [0]{}, .stringValue = ""}}
12-30 10:20:06.418   398   464 D DiagPropHandler: is not DiagnosticConfig: 0x2140205f
12-30 10:20:06.418   398   464 I VehiclePropertyStore: begin to write value to Store: {.timestamp = 6142239766063, .areaId = 0, .prop = 557850719, .status = AVAILABLE, .value = {.int32Values = [1]{0}, .floatValues = [0]{}, .int64Values = [0]{}, .bytes = [0]{}, .stringValue = ""}}
12-30 10:20:06.418   398   464 D adayocomadapter-CommunicationManager: onUpstreamReceive mPropertyId 0x2140205f
12-30 10:20:06.418   398   464 D adayocomadapter-CommunicationManager: onUpstreamReceive mPropertyId 0x21402100
12-30 10:20:06.418   398   464 D adayocomadapter-CommunicationManager: convertBytesToInt32Memcpy  0
12-30 10:20:06.418   398   464 I vw-vhal : notifyVehicleProperty, propId = 0x21402100, data = {status: 2, int32Values: [0]}
12-30 10:20:06.418   398   464 I vw-vhal : CanSignalsAdapter::notifyVehicleProperty: solvedValue = {.timestamp = 6142240153730, .areaId = 0, .prop = 557850880, .status = AVAILABLE, .value = {.int32Values = [1]{0}, .floatValues = [0]{}, .int64Values = [0]{}, .bytes = [0]{}, .stringValue = ""}}
12-30 10:20:06.418   398   464 I VehiclePropertyStore: begin to write value to Store: {.timestamp = 6142240153730, .areaId = 0, .prop = 557850880, .status = AVAILABLE, .value = {.int32Values = [1]{0}, .floatValues = [0]{}, .int64Values = [0]{}, .bytes = [0]{}, .stringValue = ""}}
12-30 10:20:06.418   398   464 I DefaultVehicleHal_v2_0: DefaultVehicleHal::onPropertyValue, value:{.timestamp = 6142240153730, .areaId = 0, .prop = 557850880, .status = AVAILABLE, .value = {.int32Values = [1]{0}, .floatValues = [0]{}, .int64Values = [0]{}, .bytes = [0]{}, .stringValue = ""}}
12-30 10:20:06.418   398   464 D DiagPropHandler: is not DiagnosticConfig: 0x21402100
12-30 10:20:06.418   398   464 I VehiclePropertyStore: begin to write value to Store: {.timestamp = 6142240153730, .areaId = 0, .prop = 557850880, .status = AVAILABLE, .value = {.int32Values = [1]{0}, .floatValues = [0]{}, .int64Values = [0]{}, .bytes = [0]{}, .stringValue = ""}}
12-30 10:20:06.418   398   464 D adayocomadapter-CommunicationManager: onUpstreamReceive mPropertyId 0x21402100
12-30 10:20:06.418   398   464 D adayocomadapter-CommunicationManager: onUpstreamReceive mPropertyId 0x214021a1
12-30 10:20:06.418   398   464 D adayocomadapter-CommunicationManager: convertBytesToInt32Memcpy  0
12-30 10:20:06.418   398   464 I vw-vhal : notifyVehicleProperty, propId = 0x214021a1, data = {status: 2, int32Values: [0]}
12-30 10:20:06.418   398   464 I vw-vhal : CanSignalsAdapter::notifyVehicleProperty: solvedValue = {.timestamp = 6142240506063, .areaId = 0, .prop = 557851041, .status = AVAILABLE, .value = {.int32Values = [1]{0}, .floatValues = [0]{}, .int64Values = [0]{}, .bytes = [0]{}, .stringValue = ""}}
12-30 10:20:06.418   398   464 I VehiclePropertyStore: begin to write value to Store: {.timestamp = 6142240506063, .areaId = 0, .prop = 557851041, .status = AVAILABLE, .value = {.int32Values = [1]{0}, .floatValues = [0]{}, .int64Values = [0]{}, .bytes = [0]{}, .stringValue = ""}}
12-30 10:20:06.418   398   464 I DefaultVehicleHal_v2_0: DefaultVehicleHal::onPropertyValue, value:{.timestamp = 6142240506063, .areaId = 0, .prop = 557851041, .status = AVAILABLE, .value = {.int32Values = [1]{0}, .floatValues = [0]{}, .int64Values = [0]{}, .bytes = [0]{}, .stringValue = ""}}
12-30 10:20:06.418   398   464 D DiagPropHandler: is not DiagnosticConfig: 0x214021a1
12-30 10:20:06.418   398   464 I VehiclePropertyStore: begin to write value to Store: {.timestamp = 6142240506063, .areaId = 0, .prop = 557851041, .status = AVAILABLE, .value = {.int32Values = [1]{0}, .floatValues = [0]{}, .int64Values = [0]{}, .bytes = [0]{}, .stringValue = ""}}
12-30 10:20:06.418   398   464 D adayocomadapter-CommunicationManager: onUpstreamReceive mPropertyId 0x214021a1
12-30 10:20:06.418   398   464 D adayocomadapter-CommunicationManager: onUpstreamReceive mPropertyId 0x21402027
12-30 10:20:06.418   398   464 D adayocomadapter-CommunicationManager: convertBytesToInt32Memcpy  0
12-30 10:20:06.418   398   464 I vw-vhal : notifyVehicleProperty, propId = 0x21402027, data = {status: 2, int32Values: [0]}
12-30 10:20:06.419   398   464 I vw-vhal : CanSignalsAdapter::notifyVehicleProperty: solvedValue = {.timestamp = 6142240849730, .areaId = 0, .prop = 557850663, .status = AVAILABLE, .value = {.int32Values = [1]{0}, .floatValues = [0]{}, .int64Values = [0]{}, .bytes = [0]{}, .stringValue = ""}}
12-30 10:20:06.419   398   464 I VehiclePropertyStore: begin to write value to Store: {.timestamp = 6142240849730, .areaId = 0, .prop = 557850663, .status = AVAILABLE, .value = {.int32Values = [1]{0}, .floatValues = [0]{}, .int64Values = [0]{}, .bytes = [0]{}, .stringValue = ""}}
12-30 10:20:06.419   398   464 I DefaultVehicleHal_v2_0: DefaultVehicleHal::onPropertyValue, value:{.timestamp = 6142240849730, .areaId = 0, .prop = 557850663, .status = AVAILABLE, .value = {.int32Values = [1]{0}, .floatValues = [0]{}, .int64Values = [0]{}, .bytes = [0]{}, .stringValue = ""}}
12-30 10:20:06.419   398   464 D DiagPropHandler: is not DiagnosticConfig: 0x21402027
12-30 10:20:06.419   398   464 I VehiclePropertyStore: begin to write value to Store: {.timestamp = 6142240849730, .areaId = 0, .prop = 557850663, .status = AVAILABLE, .value = {.int32Values = [1]{0}, .floatValues = [0]{}, .int64Values = [0]{}, .bytes = [0]{}, .stringValue = ""}}
12-30 10:20:06.419   398   464 D adayocomadapter-CommunicationManager: onUpstreamReceive mPropertyId 0x21402027
12-30 10:20:06.419   398   464 D adayocomadapter-CommunicationManager: onUpstreamReceive mPropertyId 0x21402180
12-30 10:20:06.419   398   464 D adayocomadapter-CommunicationManager: convertBytesToInt32Memcpy  0
12-30 10:20:06.419   398   464 I vw-vhal : notifyVehicleProperty, propId = 0x21402180, data = {status: 2, int32Values: [0]}
12-30 10:20:06.419   398   464 I vw-vhal : CanSignalsAdapter::notifyVehicleProperty: solvedValue = {.timestamp = 6142241196396, .areaId = 0, .prop = 557851008, .status = AVAILABLE, .value = {.int32Values = [1]{0}, .floatValues = [0]{}, .int64Values = [0]{}, .bytes = [0]{}, .stringValue = ""}}
12-30 10:20:06.419   398   464 I VehiclePropertyStore: begin to write value to Store: {.timestamp = 6142241196396, .areaId = 0, .prop = 557851008, .status = AVAILABLE, .value = {.int32Values = [1]{0}, .floatValues = [0]{}, .int64Values = [0]{}, .bytes = [0]{}, .stringValue = ""}}
12-30 10:20:06.419   398   464 I DefaultVehicleHal_v2_0: DefaultVehicleHal::onPropertyValue, value:{.timestamp = 6142241196396, .areaId = 0, .prop = 557851008, .status = AVAILABLE, .value = {.int32Values = [1]{0}, .floatValues = [0]{}, .int64Values = [0]{}, .bytes = [0]{}, .stringValue = ""}}
12-30 10:20:06.419   398   464 D DiagPropHandler: is not DiagnosticConfig: 0x21402180
12-30 10:20:06.419   398   464 I VehiclePropertyStore: begin to write value to Store: {.timestamp = 6142241196396, .areaId = 0, .prop = 557851008, .status = AVAILABLE, .value = {.int32Values = [1]{0}, .floatValues = [0]{}, .int64Values = [0]{}, .bytes = [0]{}, .stringValue = ""}}
12-30 10:20:06.419   398   464 D adayocomadapter-CommunicationManager: onUpstreamReceive mPropertyId 0x21402180
12-30 10:20:06.419   398   464 D adayocomadapter-CommunicationManager: onUpstreamReceive mPropertyId 0x2140210b
12-30 10:20:06.419   398   464 D adayocomadapter-CommunicationManager: convertBytesToInt32Memcpy  0
12-30 10:20:06.419   398   464 I vw-vhal : notifyVehicleProperty, propId = 0x2140210b, data = {status: 2, int32Values: [0]}
12-30 10:20:06.419   398   464 I vw-vhal : CanSignalsAdapter::notifyVehicleProperty: solvedValue = {.timestamp = 6142241545396, .areaId = 0, .prop = 557850891, .status = AVAILABLE, .value = {.int32Values = [1]{0}, .floatValues = [0]{}, .int64Values = [0]{}, .bytes = [0]{}, .stringValue = ""}}
12-30 10:20:06.419   398   464 I VehiclePropertyStore: begin to write value to Store: {.timestamp = 6142241545396, .areaId = 0, .prop = 557850891, .status = AVAILABLE, .value = {.int32Values = [1]{0}, .floatValues = [0]{}, .int64Values = [0]{}, .bytes = [0]{}, .stringValue = ""}}
12-30 10:20:06.419   398   464 I DefaultVehicleHal_v2_0: DefaultVehicleHal::onPropertyValue, value:{.timestamp = 6142241545396, .areaId = 0, .prop = 557850891, .status = AVAILABLE, .value = {.int32Values = [1]{0}, .floatValues = [0]{}, .int64Values = [0]{}, .bytes = [0]{}, .stringValue = ""}}
12-30 10:20:06.419   398   464 D DiagPropHandler: is not DiagnosticConfig: 0x2140210b
12-30 10:20:06.419   398   464 I VehiclePropertyStore: begin to write value to Store: {.timestamp = 6142241545396, .areaId = 0, .prop = 557850891, .status = AVAILABLE, .value = {.int32Values = [1]{0}, .floatValues = [0]{}, .int64Values = [0]{}, .bytes = [0]{}, .stringValue = ""}}
12-30 10:20:06.419   398   464 D adayocomadapter-CommunicationManager: onUpstreamReceive mPropertyId 0x2140210b
12-30 10:20:06.419   398   464 D adayocomadapter-CommunicationManager: onUpstreamReceive mPropertyId 0x2140217e
12-30 10:20:06.419   398   464 D adayocomadapter-CommunicationManager: convertBytesToInt32Memcpy  0
12-30 10:20:06.420   398   464 I vw-vhal : notifyVehicleProperty, propId = 0x2140217e, data = {status: 2, int32Values: [0]}
12-30 10:20:06.420   398   464 I vw-vhal : CanSignalsAdapter::notifyVehicleProperty: solvedValue = {.timestamp = 6142241900396, .areaId = 0, .prop = 557851006, .status = AVAILABLE, .value = {.int32Values = [1]{0}, .floatValues = [0]{}, .int64Values = [0]{}, .bytes = [0]{}, .stringValue = ""}}
12-30 10:20:06.420   398   464 I VehiclePropertyStore: begin to write value to Store: {.timestamp = 6142241900396, .areaId = 0, .prop = 557851006, .status = AVAILABLE, .value = {.int32Values = [1]{0}, .floatValues = [0]{}, .int64Values = [0]{}, .bytes = [0]{}, .stringValue = ""}}
12-30 10:20:06.420   398   464 I DefaultVehicleHal_v2_0: DefaultVehicleHal::onPropertyValue, value:{.timestamp = 6142241900396, .areaId = 0, .prop = 557851006, .status = AVAILABLE, .value = {.int32Values = [1]{0}, .floatValues = [0]{}, .int64Values = [0]{}, .bytes = [0]{}, .stringValue = ""}}
12-30 10:20:06.420   398   464 D DiagPropHandler: is not DiagnosticConfig: 0x2140217e
12-30 10:20:06.420   398   464 I VehiclePropertyStore: begin to write value to Store: {.timestamp = 6142241900396, .areaId = 0, .prop = 557851006, .status = AVAILABLE, .value = {.int32Values = [1]{0}, .floatValues = [0]{}, .int64Values = [0]{}, .bytes = [0]{}, .stringValue = ""}}
12-30 10:20:06.420   398   464 D adayocomadapter-CommunicationManager: onUpstreamReceive mPropertyId 0x2140217e
12-30 10:20:06.420   398   464 D adayocomadapter-CommunicationManager: onUpstreamReceive mPropertyId 0x214020fe
12-30 10:20:06.420   398   464 D adayocomadapter-CommunicationManager: convertBytesToInt32Memcpy  0
12-30 10:20:06.420   398   464 I vw-vhal : notifyVehicleProperty, propId = 0x214020fe, data = {status: 2, int32Values: [0]}
12-30 10:20:06.420   398   464 I vw-vhal : CanSignalsAdapter::notifyVehicleProperty: solvedValue = {.timestamp = 6142242261063, .areaId = 0, .prop = 557850878, .status = AVAILABLE, .value = {.int32Values = [1]{0}, .floatValues = [0]{}, .int64Values = [0]{}, .bytes = [0]{}, .stringValue = ""}}
12-30 10:20:06.420   398   464 I VehiclePropertyStore: begin to write value to Store: {.timestamp = 6142242261063, .areaId = 0, .prop = 557850878, .status = AVAILABLE, .value = {.int32Values = [1]{0}, .floatValues = [0]{}, .int64Values = [0]{}, .bytes = [0]{}, .stringValue = ""}}
12-30 10:20:06.420   398   464 I DefaultVehicleHal_v2_0: DefaultVehicleHal::onPropertyValue, value:{.timestamp = 6142242261063, .areaId = 0, .prop = 557850878, .status = AVAILABLE, .value = {.int32Values = [1]{0}, .floatValues = [0]{}, .int64Values = [0]{}, .bytes = [0]{}, .stringValue = ""}}
12-30 10:20:06.420   398   464 D DiagPropHandler: is not DiagnosticConfig: 0x214020fe
12-30 10:20:06.420   398   464 I VehiclePropertyStore: begin to write value to Store: {.timestamp = 6142242261063, .areaId = 0, .prop = 557850878, .status = AVAILABLE, .value = {.int32Values = [1]{0}, .floatValues = [0]{}, .int64Values = [0]{}, .bytes = [0]{}, .stringValue = ""}}
12-30 10:20:06.420   398   464 D adayocomadapter-CommunicationManager: onUpstreamReceive mPropertyId 0x214020fe
12-30 10:20:06.420   398   464 D adayocomadapter-CommunicationManager: onUpstreamReceive mPropertyId 0x214020ff
12-30 10:20:06.420   398   464 D adayocomadapter-CommunicationManager: convertBytesToInt32Memcpy  0
12-30 10:20:06.420   398   464 I vw-vhal : notifyVehicleProperty, propId = 0x214020ff, data = {status: 2, int32Values: [0]}
12-30 10:20:06.420   398   464 I vw-vhal : CanSignalsAdapter::notifyVehicleProperty: solvedValue = {.timestamp = 6142242620730, .areaId = 0, .prop = 557850879, .status = AVAILABLE, .value = {.int32Values = [1]{0}, .floatValues = [0]{}, .int64Values = [0]{}, .bytes = [0]{}, .stringValue = ""}}
12-30 10:20:06.420   398   464 I VehiclePropertyStore: begin to write value to Store: {.timestamp = 6142242620730, .areaId = 0, .prop = 557850879, .status = AVAILABLE, .value = {.int32Values = [1]{0}, .floatValues = [0]{}, .int64Values = [0]{}, .bytes = [0]{}, .stringValue = ""}}
12-30 10:20:06.420   398   464 I DefaultVehicleHal_v2_0: DefaultVehicleHal::onPropertyValue, value:{.timestamp = 6142242620730, .areaId = 0, .prop = 557850879, .status = AVAILABLE, .value = {.int32Values = [1]{0}, .floatValues = [0]{}, .int64Values = [0]{}, .bytes = [0]{}, .stringValue = ""}}
12-30 10:20:06.420   398   464 D DiagPropHandler: is not DiagnosticConfig: 0x214020ff
12-30 10:20:06.420   398   464 I VehiclePropertyStore: begin to write value to Store: {.timestamp = 6142242620730, .areaId = 0, .prop = 557850879, .status = AVAILABLE, .value = {.int32Values = [1]{0}, .floatValues = [0]{}, .int64Values = [0]{}, .bytes = [0]{}, .stringValue = ""}}
12-30 10:20:06.421   398   464 D adayocomadapter-CommunicationManager: onUpstreamReceive mPropertyId 0x214020ff
12-30 10:20:06.421   398   464 D adayocomadapter-CommunicationManager: onUpstreamReceive mPropertyId 0x21402182
12-30 10:20:06.421   398   464 D adayocomadapter-CommunicationManager: convertBytesToInt32Memcpy  0
12-30 10:20:06.421   398   464 I vw-vhal : notifyVehicleProperty, propId = 0x21402182, data = {status: 2, int32Values: [0]}
12-30 10:20:06.421   398   464 I vw-vhal : CanSignalsAdapter::notifyVehicleProperty: solvedValue = {.timestamp = 6142242978730, .areaId = 0, .prop = 557851010, .status = AVAILABLE, .value = {.int32Values = [1]{0}, .floatValues = [0]{}, .int64Values = [0]{}, .bytes = [0]{}, .stringValue = ""}}
12-30 10:20:06.421   398   464 I VehiclePropertyStore: begin to write value to Store: {.timestamp = 6142242978730, .areaId = 0, .prop = 557851010, .status = AVAILABLE, .value = {.int32Values = [1]{0}, .floatValues = [0]{}, .int64Values = [0]{}, .bytes = [0]{}, .stringValue = ""}}
12-30 10:20:06.421   398   464 I DefaultVehicleHal_v2_0: DefaultVehicleHal::onPropertyValue, value:{.timestamp = 6142242978730, .areaId = 0, .prop = 557851010, .status = AVAILABLE, .value = {.int32Values = [1]{0}, .floatValues = [0]{}, .int64Values = [0]{}, .bytes = [0]{}, .stringValue = ""}}
12-30 10:20:06.421   398   464 D DiagPropHandler: is not DiagnosticConfig: 0x21402182
12-30 10:20:06.421   398   464 I VehiclePropertyStore: begin to write value to Store: {.timestamp = 6142242978730, .areaId = 0, .prop = 557851010, .status = AVAILABLE, .value = {.int32Values = [1]{0}, .floatValues = [0]{}, .int64Values = [0]{}, .bytes = [0]{}, .stringValue = ""}}
12-30 10:20:06.421   398   464 D adayocomadapter-CommunicationManager: onUpstreamReceive mPropertyId 0x21402182
12-30 10:20:06.424  2358  2623 D RcfController: Rcf proxy is not connected!
12-30 10:20:06.425   360   931 D EvsDriver: forwardFrame
12-30 10:20:06.425   360   931 D EvsDriver: forwardFrameDirect
12-30 10:20:06.425   360   931 D EvsDriver: Delivered 0xb400e2ca9e40e270 as id 0
12-30 10:20:06.425   359  2784 D evsmanagerd: /dev/video-evs0 forwarded the buffer #0 to 0xb400f125d2b26dd0 from 0xb400f125e2b20710
12-30 10:20:06.432   360   458 D EvsDriver: doneWithFrame
12-30 10:20:06.450   650   730 D fgemcucomm: sd Uart data : 6AA600129E0002060147
12-30 10:20:06.452   596  3076 E WifiHAL : Invalid data received from driver
12-30 10:20:06.458   360   931 D EvsDriver: forwardFrame
12-30 10:20:06.458   360   931 D EvsDriver: forwardFrameDirect
12-30 10:20:06.459   360   931 D EvsDriver: Delivered 0xb400e2ca9e40d4b0 as id 1
12-30 10:20:06.459   359  2784 D evsmanagerd: /dev/video-evs0 forwarded the buffer #1 to 0xb400f125d2b26dd0 from 0xb400f125e2b20710
12-30 10:20:06.462   360   458 D EvsDriver: doneWithFrame
12-30 10:20:06.474  2358  2623 D RcfController: Rcf proxy is not connected!
12-30 10:20:06.492   360   931 D EvsDriver: forwardFrame
12-30 10:20:06.492   360   931 D EvsDriver: forwardFrameDirect
12-30 10:20:06.492   360   931 D EvsDriver: Delivered 0xb400e2ca9e40c2d0 as id 0
12-30 10:20:06.492   359  2784 D evsmanagerd: /dev/video-evs0 forwarded the buffer #0 to 0xb400f125d2b26dd0 from 0xb400f125e2b20710
12-30 10:20:06.503   360   458 D EvsDriver: doneWithFrame
12-30 10:20:06.514   596  3076 E WifiHAL : Invalid data received from driver
12-30 10:20:06.524  2358  2623 D RcfController: Rcf proxy is not connected!
12-30 10:20:06.525   360   931 D EvsDriver: forwardFrame
12-30 10:20:06.525   360   931 D EvsDriver: forwardFrameDirect
12-30 10:20:06.525   360   931 D EvsDriver: Delivered 0xb400e2ca9e40d090 as id 1
12-30 10:20:06.525   359  2784 D evsmanagerd: /dev/video-evs0 forwarded the buffer #1 to 0xb400f125d2b26dd0 from 0xb400f125e2b20710
12-30 10:20:06.533   360   458 D EvsDriver: doneWithFrame
12-30 10:20:06.558   360   931 D EvsDriver: forwardFrame
12-30 10:20:06.559   360   931 D EvsDriver: forwardFrameDirect
12-30 10:20:06.559   360   931 D EvsDriver: Delivered 0xb400e2ca9e40e110 as id 0
12-30 10:20:06.559   359  2784 D evsmanagerd: /dev/video-evs0 forwarded the buffer #0 to 0xb400f125d2b26dd0 from 0xb400f125e2b20710
12-30 10:20:06.563   360   458 D EvsDriver: doneWithFrame
12-30 10:20:06.568   596  3076 E WifiHAL : Invalid data received from driver
12-30 10:20:06.574  2358  2623 D RcfController: Rcf proxy is not connected!
12-30 10:20:06.592   360   931 D EvsDriver: forwardFrame
12-30 10:20:06.592   360   931 D EvsDriver: forwardFrameDirect
12-30 10:20:06.592   360   931 D EvsDriver: Delivered 0xb400e2ca9e40c7a0 as id 1
12-30 10:20:06.592   359  2784 D evsmanagerd: /dev/video-evs0 forwarded the buffer #1 to 0xb400f125d2b26dd0 from 0xb400f125e2b20710
12-30 10:20:06.594   360   458 D EvsDriver: doneWithFrame
12-30 10:20:06.625  2358  2623 D RcfController: Rcf proxy is not connected!
12-30 10:20:06.625   360   931 D EvsDriver: forwardFrame
12-30 10:20:06.625   360   931 D EvsDriver: forwardFrameDirect
12-30 10:20:06.626   360   931 D EvsDriver: Delivered 0xb400e2ca9e40e270 as id 0
12-30 10:20:06.626   359  2784 D evsmanagerd: /dev/video-evs0 forwarded the buffer #0 to 0xb400f125d2b26dd0 from 0xb400f125e2b20710
12-30 10:20:06.626  1667  2407 I media_message_log->MediaMessageProxy: (SourceFile:1)b connectToService action bind
12-30 10:20:06.627   916  1847 W ActivityManager: Unable to start service Intent { cmp=com.adayo.server.mediamessagetransfer/.MediaMessTransferService (has extras) } U=0: not found
12-30 10:20:06.628  1667  2407 E media_message_log->MediaMessageProxy: (SourceFile:7)a bindServiceAsUser isBound = false
12-30 10:20:06.634   360   458 D EvsDriver: doneWithFrame
12-30 10:20:06.649   650   729 D fgemcucomm: sd Uart data : 6AA602BFDC00029202CD
12-30 10:20:06.649   596  3076 E WifiHAL : Invalid data received from driver
12-30 10:20:06.649   650   729 D fgemcucomm: rev uart=50813,len=18, data : 6AA681BFDC000A9202000D00000000000039
12-30 10:20:06.650   398  2883 D adayocomadapter-ParseProtocolFunc: printRaWMsg Name[MCUToUPstream recv] len[10] data[9202000D000000000000]
12-30 10:20:06.650   398  2883 D adayocomadapter-CommunicationManager: onUpstreamback   member[0] dataLength[7] timePoint[6142471]
12-30 10:20:06.650   398  2883 D adayocomadapter-ParseProtocolFunc: printRaWMsg Name[onUpstreamback] len[7] data[0D000000000000]
12-30 10:20:06.650   398   464 D adayocomadapter-UpstreamHandler: processBeforePacket upSreamtProcessTimePoint[6142472] 
12-30 10:20:06.650   398   464 D adayocomadapter-UpstreamHandler: processPacket UPSTREAM_QUEUE_DATA_TIMEOUT
12-30 10:20:06.650   398   464 D adayocomadapter-ParseProtocolFunc: parseCommonIPCLBytes Processing tableNumber[13]
12-30 10:20:06.650   398   464 D adayocomadapter-ParseProtocolFunc: parseCommonIPCLBytes Processing tablename[Table-13] tableSize[7]
12-30 10:20:06.650   398   464 D adayocomadapter-ParseProtocolFunc: printRaWMsg Name[byteStream recv] len[7] data[0D000000000000]
12-30 10:20:06.650   398   464 D adayocomadapter-ParseProtocolFunc: printRaWMsg Name[IPCLtoVHAL] len[6] data[214020BB0000]
12-30 10:20:06.650   398   464 D adayocomadapter-ParseProtocolFunc: printRaWMsg Name[IPCLtoVHAL] len[6] data[214020E30000]
12-30 10:20:06.650   398   464 D adayocomadapter-ParseProtocolFunc: printRaWMsg Name[IPCLtoVHAL] len[6] data[214020C70000]
12-30 10:20:06.650   398   464 D adayocomadapter-ParseProtocolFunc: printRaWMsg Name[IPCLtoVHAL] len[6] data[214020DD0000]
12-30 10:20:06.650   398   464 D adayocomadapter-ParseProtocolFunc: printRaWMsg Name[IPCLtoVHAL] len[6] data[214020DF0000]
12-30 10:20:06.650   398   464 D adayocomadapter-ParseProtocolFunc: printRaWMsg Name[IPCLtoVHAL] len[6] data[214020E40000]
12-30 10:20:06.651   398   464 D adayocomadapter-CommunicationManager: onUpstreamReceive mPropertyId 0x214020bb
12-30 10:20:06.651   398   464 D adayocomadapter-CommunicationManager: convertBytesToInt32Memcpy  0
12-30 10:20:06.651   398   464 I vw-vhal : notifyVehicleProperty, propId = 0x214020bb, data = {status: 2, int32Values: [0]}
12-30 10:20:06.651   398   464 I vw-vhal : CanSignalsAdapter::notifyVehicleProperty: solvedValue = {.timestamp = 6142473147063, .areaId = 0, .prop = 557850811, .status = AVAILABLE, .value = {.int32Values = [1]{0}, .floatValues = [0]{}, .int64Values = [0]{}, .bytes = [0]{}, .stringValue = ""}}
12-30 10:20:06.651   398   464 I VehiclePropertyStore: begin to write value to Store: {.timestamp = 6142473147063, .areaId = 0, .prop = 557850811, .status = AVAILABLE, .value = {.int32Values = [1]{0}, .floatValues = [0]{}, .int64Values = [0]{}, .bytes = [0]{}, .stringValue = ""}}
12-30 10:20:06.651   398   464 I DefaultVehicleHal_v2_0: DefaultVehicleHal::onPropertyValue, value:{.timestamp = 6142473147063, .areaId = 0, .prop = 557850811, .status = AVAILABLE, .value = {.int32Values = [1]{0}, .floatValues = [0]{}, .int64Values = [0]{}, .bytes = [0]{}, .stringValue = ""}}
12-30 10:20:06.651   398   464 D DiagPropHandler: is not DiagnosticConfig: 0x214020bb
12-30 10:20:06.651   398   464 I VehiclePropertyStore: begin to write value to Store: {.timestamp = 6142473147063, .areaId = 0, .prop = 557850811, .status = AVAILABLE, .value = {.int32Values = [1]{0}, .floatValues = [0]{}, .int64Values = [0]{}, .bytes = [0]{}, .stringValue = ""}}
12-30 10:20:06.651   398   464 D adayocomadapter-CommunicationManager: onUpstreamReceive mPropertyId 0x214020bb
12-30 10:20:06.651   398   464 D adayocomadapter-CommunicationManager: onUpstreamReceive mPropertyId 0x214020e3
12-30 10:20:06.651   398   464 D adayocomadapter-CommunicationManager: convertBytesToInt32Memcpy  0
12-30 10:20:06.651   398   464 I vw-vhal : notifyVehicleProperty, propId = 0x214020e3, data = {status: 2, int32Values: [0]}
12-30 10:20:06.652   398   464 I vw-vhal : CanSignalsAdapter::notifyVehicleProperty: solvedValue = {.timestamp = 6142473871730, .areaId = 0, .prop = 557850851, .status = AVAILABLE, .value = {.int32Values = [1]{0}, .floatValues = [0]{}, .int64Values = [0]{}, .bytes = [0]{}, .stringValue = ""}}
12-30 10:20:06.652   398   464 I VehiclePropertyStore: begin to write value to Store: {.timestamp = 6142473871730, .areaId = 0, .prop = 557850851, .status = AVAILABLE, .value = {.int32Values = [1]{0}, .floatValues = [0]{}, .int64Values = [0]{}, .bytes = [0]{}, .stringValue = ""}}
12-30 10:20:06.652   398   464 I DefaultVehicleHal_v2_0: DefaultVehicleHal::onPropertyValue, value:{.timestamp = 6142473871730, .areaId = 0, .prop = 557850851, .status = AVAILABLE, .value = {.int32Values = [1]{0}, .floatValues = [0]{}, .int64Values = [0]{}, .bytes = [0]{}, .stringValue = ""}}
12-30 10:20:06.652   398   464 D DiagPropHandler: is not DiagnosticConfig: 0x214020e3
12-30 10:20:06.652   398   464 I VehiclePropertyStore: begin to write value to Store: {.timestamp = 6142473871730, .areaId = 0, .prop = 557850851, .status = AVAILABLE, .value = {.int32Values = [1]{0}, .floatValues = [0]{}, .int64Values = [0]{}, .bytes = [0]{}, .stringValue = ""}}
12-30 10:20:06.652   398   464 D adayocomadapter-CommunicationManager: onUpstreamReceive mPropertyId 0x214020e3
12-30 10:20:06.652   398   464 D adayocomadapter-CommunicationManager: onUpstreamReceive mPropertyId 0x214020c7
12-30 10:20:06.652   398   464 D adayocomadapter-CommunicationManager: convertBytesToInt32Memcpy  0
12-30 10:20:06.652   398   464 I vw-vhal : notifyVehicleProperty, propId = 0x214020c7, data = {status: 2, int32Values: [0]}
12-30 10:20:06.652   398   464 I vw-vhal : CanSignalsAdapter::notifyVehicleProperty: solvedValue = {.timestamp = 6142474536396, .areaId = 0, .prop = 557850823, .status = AVAILABLE, .value = {.int32Values = [1]{0}, .floatValues = [0]{}, .int64Values = [0]{}, .bytes = [0]{}, .stringValue = ""}}
12-30 10:20:06.652   398   464 I VehiclePropertyStore: begin to write value to Store: {.timestamp = 6142474536396, .areaId = 0, .prop = 557850823, .status = AVAILABLE, .value = {.int32Values = [1]{0}, .floatValues = [0]{}, .int64Values = [0]{}, .bytes = [0]{}, .stringValue = ""}}
12-30 10:20:06.652   398   464 I DefaultVehicleHal_v2_0: DefaultVehicleHal::onPropertyValue, value:{.timestamp = 6142474536396, .areaId = 0, .prop = 557850823, .status = AVAILABLE, .value = {.int32Values = [1]{0}, .floatValues = [0]{}, .int64Values = [0]{}, .bytes = [0]{}, .stringValue = ""}}
12-30 10:20:06.652   398   464 D DiagPropHandler: is not DiagnosticConfig: 0x214020c7
12-30 10:20:06.653   398   464 I VehiclePropertyStore: begin to write value to Store: {.timestamp = 6142474536396, .areaId = 0, .prop = 557850823, .status = AVAILABLE, .value = {.int32Values = [1]{0}, .floatValues = [0]{}, .int64Values = [0]{}, .bytes = [0]{}, .stringValue = ""}}
12-30 10:20:06.653   398   464 D adayocomadapter-CommunicationManager: onUpstreamReceive mPropertyId 0x214020c7
12-30 10:20:06.653   398   464 D adayocomadapter-CommunicationManager: onUpstreamReceive mPropertyId 0x214020dd
12-30 10:20:06.653   398   464 D adayocomadapter-CommunicationManager: convertBytesToInt32Memcpy  0
12-30 10:20:06.653   398   464 I vw-vhal : notifyVehicleProperty, propId = 0x214020dd, data = {status: 2, int32Values: [0]}
12-30 10:20:06.653   398   464 I vw-vhal : CanSignalsAdapter::notifyVehicleProperty: solvedValue = {.timestamp = 6142475187396, .areaId = 0, .prop = 557850845, .status = AVAILABLE, .value = {.int32Values = [1]{0}, .floatValues = [0]{}, .int64Values = [0]{}, .bytes = [0]{}, .stringValue = ""}}
12-30 10:20:06.653   398   464 I VehiclePropertyStore: begin to write value to Store: {.timestamp = 6142475187396, .areaId = 0, .prop = 557850845, .status = AVAILABLE, .value = {.int32Values = [1]{0}, .floatValues = [0]{}, .int64Values = [0]{}, .bytes = [0]{}, .stringValue = ""}}
12-30 10:20:06.653   398   464 I DefaultVehicleHal_v2_0: DefaultVehicleHal::onPropertyValue, value:{.timestamp = 6142475187396, .areaId = 0, .prop = 557850845, .status = AVAILABLE, .value = {.int32Values = [1]{0}, .floatValues = [0]{}, .int64Values = [0]{}, .bytes = [0]{}, .stringValue = ""}}
12-30 10:20:06.653   398   464 D DiagPropHandler: is not DiagnosticConfig: 0x214020dd
12-30 10:20:06.653   398   464 I VehiclePropertyStore: begin to write value to Store: {.timestamp = 6142475187396, .areaId = 0, .prop = 557850845, .status = AVAILABLE, .value = {.int32Values = [1]{0}, .floatValues = [0]{}, .int64Values = [0]{}, .bytes = [0]{}, .stringValue = ""}}
12-30 10:20:06.653   398   464 D adayocomadapter-CommunicationManager: onUpstreamReceive mPropertyId 0x214020dd
12-30 10:20:06.653   398   464 D adayocomadapter-CommunicationManager: onUpstreamReceive mPropertyId 0x214020df
12-30 10:20:06.653   398   464 D adayocomadapter-CommunicationManager: convertBytesToInt32Memcpy  0
12-30 10:20:06.653   398   464 I vw-vhal : notifyVehicleProperty, propId = 0x214020df, data = {status: 2, int32Values: [0]}
12-30 10:20:06.654   398   464 I vw-vhal : CanSignalsAdapter::notifyVehicleProperty: solvedValue = {.timestamp = 6142475839730, .areaId = 0, .prop = 557850847, .status = AVAILABLE, .value = {.int32Values = [1]{0}, .floatValues = [0]{}, .int64Values = [0]{}, .bytes = [0]{}, .stringValue = ""}}
12-30 10:20:06.654   398   464 I VehiclePropertyStore: begin to write value to Store: {.timestamp = 6142475839730, .areaId = 0, .prop = 557850847, .status = AVAILABLE, .value = {.int32Values = [1]{0}, .floatValues = [0]{}, .int64Values = [0]{}, .bytes = [0]{}, .stringValue = ""}}
12-30 10:20:06.654   398   464 I DefaultVehicleHal_v2_0: DefaultVehicleHal::onPropertyValue, value:{.timestamp = 6142475839730, .areaId = 0, .prop = 557850847, .status = AVAILABLE, .value = {.int32Values = [1]{0}, .floatValues = [0]{}, .int64Values = [0]{}, .bytes = [0]{}, .stringValue = ""}}
12-30 10:20:06.654   398   464 D DiagPropHandler: is not DiagnosticConfig: 0x214020df
12-30 10:20:06.654   398   464 I VehiclePropertyStore: begin to write value to Store: {.timestamp = 6142475839730, .areaId = 0, .prop = 557850847, .status = AVAILABLE, .value = {.int32Values = [1]{0}, .floatValues = [0]{}, .int64Values = [0]{}, .bytes = [0]{}, .stringValue = ""}}
12-30 10:20:06.654   398   464 D adayocomadapter-CommunicationManager: onUpstreamReceive mPropertyId 0x214020df
12-30 10:20:06.654   398   464 D adayocomadapter-CommunicationManager: onUpstreamReceive mPropertyId 0x214020e4
12-30 10:20:06.654   398   464 D adayocomadapter-CommunicationManager: convertBytesToInt32Memcpy  0
12-30 10:20:06.654   398   464 I vw-vhal : notifyVehicleProperty, propId = 0x214020e4, data = {status: 2, int32Values: [0]}
12-30 10:20:06.654   398   464 I vw-vhal : CanSignalsAdapter::notifyVehicleProperty: solvedValue = {.timestamp = 6142476575063, .areaId = 0, .prop = 557850852, .status = AVAILABLE, .value = {.int32Values = [1]{0}, .floatValues = [0]{}, .int64Values = [0]{}, .bytes = [0]{}, .stringValue = ""}}
12-30 10:20:06.654   398   464 I VehiclePropertyStore: begin to write value to Store: {.timestamp = 6142476575063, .areaId = 0, .prop = 557850852, .status = AVAILABLE, .value = {.int32Values = [1]{0}, .floatValues = [0]{}, .int64Values = [0]{}, .bytes = [0]{}, .stringValue = ""}}
12-30 10:20:06.654   398   464 I DefaultVehicleHal_v2_0: DefaultVehicleHal::onPropertyValue, value:{.timestamp = 6142476575063, .areaId = 0, .prop = 557850852, .status = AVAILABLE, .value = {.int32Values = [1]{0}, .floatValues = [0]{}, .int64Values = [0]{}, .bytes = [0]{}, .stringValue = ""}}
12-30 10:20:06.655   398   464 D DiagPropHandler: is not DiagnosticConfig: 0x214020e4
12-30 10:20:06.655   398   464 I VehiclePropertyStore: begin to write value to Store: {.timestamp = 6142476575063, .areaId = 0, .prop = 557850852, .status = AVAILABLE, .value = {.int32Values = [1]{0}, .floatValues = [0]{}, .int64Values = [0]{}, .bytes = [0]{}, .stringValue = ""}}
12-30 10:20:06.655   398   464 D adayocomadapter-CommunicationManager: onUpstreamReceive mPropertyId 0x214020e4
12-30 10:20:06.659   360   931 D EvsDriver: forwardFrame
12-30 10:20:06.659   360   931 D EvsDriver: forwardFrameDirect
12-30 10:20:06.659   360   931 D EvsDriver: Delivered 0xb400e2ca9e40d4b0 as id 1
12-30 10:20:06.659   359  2784 D evsmanagerd: /dev/video-evs0 forwarded the buffer #1 to 0xb400f125d2b26dd0 from 0xb400f125e2b20710
12-30 10:20:06.665   360   458 D EvsDriver: doneWithFrame
12-30 10:20:06.675  2358  2623 D RcfController: Rcf proxy is not connected!
12-30 10:20:06.675   596  3076 E WifiHAL : Invalid data received from driver
12-30 10:20:06.675   596  3076 E WifiHAL : Invalid data received from driver
12-30 10:20:06.675   596  3076 E WifiHAL : Invalid data received from driver
12-30 10:20:06.675   596  3076 E WifiHAL : Invalid data received from driver
12-30 10:20:06.675   596  3076 E WifiHAL : Invalid data received from driver
12-30 10:20:06.676   596  3076 E WifiHAL : Invalid data received from driver
12-30 10:20:06.676   596  3076 E WifiHAL : Invalid data received from driver
12-30 10:20:06.692   360   931 D EvsDriver: forwardFrame
12-30 10:20:06.692   360   931 D EvsDriver: forwardFrameDirect
12-30 10:20:06.692   360   931 D EvsDriver: Delivered 0xb400e2ca9e40c2d0 as id 0
12-30 10:20:06.692   359  2784 D evsmanagerd: /dev/video-evs0 forwarded the buffer #0 to 0xb400f125d2b26dd0 from 0xb400f125e2b20710
12-30 10:20:06.695   360   458 D EvsDriver: doneWithFrame
12-30 10:20:06.719   596  3076 E WifiHAL : Invalid data received from driver
12-30 10:20:06.725   360   931 D EvsDriver: forwardFrame
12-30 10:20:06.725  2358  2623 D RcfController: Rcf proxy is not connected!
12-30 10:20:06.725   360   931 D EvsDriver: forwardFrameDirect
12-30 10:20:06.726   360   931 D EvsDriver: Delivered 0xb400e2ca9e40d090 as id 1
12-30 10:20:06.726   359  2784 D evsmanagerd: /dev/video-evs0 forwarded the buffer #1 to 0xb400f125d2b26dd0 from 0xb400f125e2b20710
12-30 10:20:06.736   360   458 D EvsDriver: doneWithFrame
12-30 10:20:06.758   360   931 D EvsDriver: forwardFrame
12-30 10:20:06.759   360   931 D EvsDriver: forwardFrameDirect
12-30 10:20:06.759   360   931 D EvsDriver: Delivered 0xb400e2ca9e40e110 as id 0
12-30 10:20:06.759   359  2784 D evsmanagerd: /dev/video-evs0 forwarded the buffer #0 to 0xb400f125d2b26dd0 from 0xb400f125e2b20710
12-30 10:20:06.766   360   458 D EvsDriver: doneWithFrame
12-30 10:20:06.775  2358  2623 D RcfController: Rcf proxy is not connected!
12-30 10:20:06.781   798 19932 W adbd    : timed out while waiting for FUNCTIONFS_BIND, trying again
12-30 10:20:06.781   798 19932 I adbd    : UsbFfs: connection terminated: monitor thread finished
12-30 10:20:06.781   798   798 I adbd    : UsbFfs: already offline
12-30 10:20:06.781   798   798 I adbd    : destroying transport UsbFfs
12-30 10:20:06.781   798   798 I adbd    : UsbFfsConnection being destroyed
12-30 10:20:06.792   360   931 D EvsDriver: forwardFrame
12-30 10:20:06.792   360   931 D EvsDriver: forwardFrameDirect
12-30 10:20:06.792   360   931 D EvsDriver: Delivered 0xb400e2ca9e40c7a0 as id 1
12-30 10:20:06.792   359  2784 D evsmanagerd: /dev/video-evs0 forwarded the buffer #1 to 0xb400f125d2b26dd0 from 0xb400f125e2b20710
12-30 10:20:06.795  2475  2681 I TtsServiceAgent: check thread start checking, threadId = 29
12-30 10:20:06.795  2475  2681 D TtsServiceAgent: start bind service...
12-30 10:20:06.796  2475  2681 D TtsServiceAgent: ----->initService, usage = 16
12-30 10:20:06.796  2475  2681 W ContextImpl: Calling a method in the system process without a qualified user: android.app.ContextImpl.bindService:1988 android.content.ContextWrapper.bindService:861 com.iflytek.autofly.ttsaidl.ttsproxy.TtsServiceAgent.initService:189 com.iflytek.autofly.ttsaidl.ttsproxy.TtsServiceAgent.initService:133 com.iflytek.autofly.ttsaidl.ttsproxy.TtsServiceAgent$2.run:517 
12-30 10:20:06.796   360   458 D EvsDriver: doneWithFrame
12-30 10:20:06.797   916  1847 W ActivityManager: Unable to start service Intent { act=com.iflytek.autofly.tts.ttsservice.TtsAdapterService cmp=com.iflytek.cutefly.speechclient.hmi/com.iflytek.autofly.tts.ttsservice.TtsAdapterService } U=0: not found
12-30 10:20:06.797  2475  2681 D TtsServiceAgent: bindService: false
12-30 10:20:06.797  2475  2681 D TtsServiceAgent: start reInitService
12-30 10:20:06.797  2475  2681 D TtsServiceAgent: aidlCheckThreadRunning = true
12-30 10:20:06.797  2475  2681 D TtsServiceAgent: ----->check connection status in 1000s...
12-30 10:20:06.798   596  3076 E WifiHAL : Invalid data received from driver
12-30 10:20:06.806   657   908 D EvsApp  : state:255,subState:255,desiredState:0,subDesiredState:0
12-30 10:20:06.810   798   838 I adbd    : opening control endpoint /dev/usb-ffs/adb/ep0
12-30 10:20:06.811   798   838 I adbd    : UsbFfsConnection constructed
12-30 10:20:06.812   798 19933 I adbd    : UsbFfs-monitor thread spawned
01-01 09:42:23.820   838   838 I         : read descriptors
01-01 09:42:23.820   838   838 I         : read strings
12-30 10:20:06.817  1582  3078 I c       : checkService in back thread add: adayo.upgrade.v2.0
12-30 10:20:06.818  1582  3078 E upgradeApp_251223_V1  l: d(null:11)pre->c(null:23)-> serviceBinder is null
12-30 10:20:06.818  1582  3078 W c       : doBindService in back thread fail: adayo.upgrade.v2.0
12-30 10:20:06.825   360   931 D EvsDriver: forwardFrame
12-30 10:20:06.825   360   931 D EvsDriver: forwardFrameDirect
12-30 10:20:06.826   360   931 D EvsDriver: Delivered 0xb400e2ca9e40e270 as id 0
12-30 10:20:06.826  2358  2623 D RcfController: Rcf proxy is not connected!
12-30 10:20:06.826   359  2784 D evsmanagerd: /dev/video-evs0 forwarded the buffer #0 to 0xb400f125d2b26dd0 from 0xb400f125e2b20710
12-30 10:20:06.827   360   458 D EvsDriver: doneWithFrame
12-30 10:20:06.841  1667  2513 W ContextImpl: Calling a method in the system process without a qualified user: android.app.ContextImpl.bindService:1988 android.content.ContextWrapper.bindService:861 com.ford.sync.fnvservice.analytics.AnalyticsManager$RetryHandler.a:126 com.ford.sync.fnvservice.analytics.AnalyticsManager$RetryHandler.handleMessage:103 android.os.Handler.dispatchMessage:106 
12-30 10:20:06.842   916  1847 W ActivityManager: Unable to start service Intent { cmp=com.ford.sync.fnvservice/.analytics.AnalyticsService } U=0: not found
12-30 10:20:06.842  1667  2513 W AnalyticsManager:  bind ford Analytics failed -> sendRetryMessage 
12-30 10:20:06.858   360   931 D EvsDriver: forwardFrame
12-30 10:20:06.859   360   931 D EvsDriver: forwardFrameDirect
12-30 10:20:06.859   360   931 D EvsDriver: Delivered 0xb400e2ca9e40d4b0 as id 1
12-30 10:20:06.859   359  2784 D evsmanagerd: /dev/video-evs0 forwarded the buffer #1 to 0xb400f125d2b26dd0 from 0xb400f125e2b20710
12-30 10:20:06.867   360   458 D EvsDriver: doneWithFrame
12-30 10:20:06.873   596  3076 E WifiHAL : Invalid data received from driver
12-30 10:20:06.876  2358  2623 D RcfController: Rcf proxy is not connected!
12-30 10:20:06.887  1667  2410 I media_message_log->MediaMessageUserProxy: (SourceFile:1)b connectToService action bind
12-30 10:20:06.888   916  1847 W ActivityManager: Unable to start service Intent { cmp=com.adayo.server.mediamessagetransfer/.MediaMessTransferService (has extras) } U=0: not found
12-30 10:20:06.889  1667  2410 E media_message_log->MediaMessageUserProxy: (SourceFile:7)a bindServiceAsUser isBound = false
12-30 10:20:06.892   360   931 D EvsDriver: forwardFrame
12-30 10:20:06.892   360   931 D EvsDriver: forwardFrameDirect
12-30 10:20:06.892   360   931 D EvsDriver: Delivered 0xb400e2ca9e40c2d0 as id 0
12-30 10:20:06.892   359  2784 D evsmanagerd: /dev/video-evs0 forwarded the buffer #0 to 0xb400f125d2b26dd0 from 0xb400f125e2b20710
12-30 10:20:06.898   360   458 D EvsDriver: doneWithFrame
12-30 10:20:06.925   360   931 D EvsDriver: forwardFrame
12-30 10:20:06.925   360   931 D EvsDriver: forwardFrameDirect
12-30 10:20:06.925   360   931 D EvsDriver: Delivered 0xb400e2ca9e40d090 as id 1
12-30 10:20:06.926   359  2784 D evsmanagerd: /dev/video-evs0 forwarded the buffer #1 to 0xb400f125d2b26dd0 from 0xb400f125e2b20710
12-30 10:20:06.926  2358  2623 D RcfController: Rcf proxy is not connected!
12-30 10:20:06.928   360   458 D EvsDriver: doneWithFrame
12-30 10:20:06.950   596  3076 E WifiHAL : Invalid data received from driver
12-30 10:20:06.958   360   931 D EvsDriver: forwardFrame
12-30 10:20:06.959   360   931 D EvsDriver: forwardFrameDirect
12-30 10:20:06.959   360   931 D EvsDriver: Delivered 0xb400e2ca9e40e110 as id 0
12-30 10:20:06.959   359  2784 D evsmanagerd: /dev/video-evs0 forwarded the buffer #0 to 0xb400f125d2b26dd0 from 0xb400f125e2b20710
12-30 10:20:06.968   360   458 D EvsDriver: doneWithFrame
12-30 10:20:06.977  2358  2623 D RcfController: Rcf proxy is not connected!
12-30 10:20:06.992   360   931 I EvsDriver: /dev/video-evs0 VideoCapture fps 30.0005
12-30 10:20:06.992   360   931 D EvsDriver: forwardFrame
