12-30 10:20:01.446   398   464 I vw-vhal : notifyVehicleProperty, propId = 0x21401018, data = {status: 2, int32Values: [0]}
12-30 10:20:01.447   398   464 I vw-vhal : CanSignalsAdapter::notifyVehicleProperty: solvedValue = {.timestamp = 6137268861063, .areaId = 0, .prop = 557846552, .status = AVAILABLE, .value = {.int32Values = [1]{0}, .floatValues = [0]{}, .int64Values = [0]{}, .bytes = [0]{}, .stringValue = ""}}
12-30 10:20:01.447   398   464 I VehiclePropertyStore: begin to write value to Store: {.timestamp = 6137268861063, .areaId = 0, .prop = 557846552, .status = AVAILABLE, .value = {.int32Values = [1]{0}, .floatValues = [0]{}, .int64Values = [0]{}, .bytes = [0]{}, .stringValue = ""}}
12-30 10:20:01.447   398   464 I DefaultVehicleHal_v2_0: DefaultVehicleHal::onPropertyValue, value:{.timestamp = 6137268861063, .areaId = 0, .prop = 557846552, .status = AVAILABLE, .value = {.int32Values = [1]{0}, .floatValues = [0]{}, .int64Values = [0]{}, .bytes = [0]{}, .stringValue = ""}}
12-30 10:20:01.447   398   464 D DiagPropHandler: is not DiagnosticConfig: 0x21401018
12-30 10:20:01.447   398   464 I VehiclePropertyStore: begin to write value to Store: {.timestamp = 6137268861063, .areaId = 0, .prop = 557846552, .status = AVAILABLE, .value = {.int32Values = [1]{0}, .floatValues = [0]{}, .int64Values = [0]{}, .bytes = [0]{}, .stringValue = ""}}
12-30 10:20:01.447   398   464 D adayocomadapter-CommunicationManager: onUpstreamReceive mPropertyId 0x21401018
12-30 10:20:01.447   398   464 D adayocomadapter-CommunicationManager: onUpstreamReceive mPropertyId 0x214020a9
12-30 10:20:01.447   398   464 D adayocomadapter-CommunicationManager: convertBytesToInt32Memcpy  0
12-30 10:20:01.447   398   464 I vw-vhal : notifyVehicleProperty, propId = 0x214020a9, data = {status: 2, int32Values: [0]}
12-30 10:20:01.447   398   464 I vw-vhal : CanSignalsAdapter::notifyVehicleProperty: solvedValue = {.timestamp = 6137269064063, .areaId = 0, .prop = 557850793, .status = AVAILABLE, .value = {.int32Values = [1]{0}, .floatValues = [0]{}, .int64Values = [0]{}, .bytes = [0]{}, .stringValue = ""}}
12-30 10:20:01.447   398   464 I VehiclePropertyStore: begin to write value to Store: {.timestamp = 6137269064063, .areaId = 0, .prop = 557850793, .status = AVAILABLE, .value = {.int32Values = [1]{0}, .floatValues = [0]{}, .int64Values = [0]{}, .bytes = [0]{}, .stringValue = ""}}
12-30 10:20:01.447   398   464 I DefaultVehicleHal_v2_0: DefaultVehicleHal::onPropertyValue, value:{.timestamp = 6137269064063, .areaId = 0, .prop = 557850793, .status = AVAILABLE, .value = {.int32Values = [1]{0}, .floatValues = [0]{}, .int64Values = [0]{}, .bytes = [0]{}, .stringValue = ""}}
12-30 10:20:01.447   398   464 D DiagPropHandler: is not DiagnosticConfig: 0x214020a9
12-30 10:20:01.447   398   464 I VehiclePropertyStore: begin to write value to Store: {.timestamp = 6137269064063, .areaId = 0, .prop = 557850793, .status = AVAILABLE, .value = {.int32Values = [1]{0}, .floatValues = [0]{}, .int64Values = [0]{}, .bytes = [0]{}, .stringValue = ""}}
12-30 10:20:01.447   398   464 D adayocomadapter-CommunicationManager: onUpstreamReceive mPropertyId 0x214020a9
12-30 10:20:01.447   398   464 D adayocomadapter-CommunicationManager: onUpstreamReceive mPropertyId 0x214020ab
12-30 10:20:01.447   398   464 D adayocomadapter-CommunicationManager: convertBytesToInt32Memcpy  0
12-30 10:20:01.447   398   464 I vw-vhal : notifyVehicleProperty, propId = 0x214020ab, data = {status: 2, int32Values: [0]}
12-30 10:20:01.447   398   464 I vw-vhal : CanSignalsAdapter::notifyVehicleProperty: solvedValue = {.timestamp = 6137269284063, .areaId = 0, .prop = 557850795, .status = AVAILABLE, .value = {.int32Values = [1]{0}, .floatValues = [0]{}, .int64Values = [0]{}, .bytes = [0]{}, .stringValue = ""}}
12-30 10:20:01.447   398   464 I VehiclePropertyStore: begin to write value to Store: {.timestamp = 6137269284063, .areaId = 0, .prop = 557850795, .status = AVAILABLE, .value = {.int32Values = [1]{0}, .floatValues = [0]{}, .int64Values = [0]{}, .bytes = [0]{}, .stringValue = ""}}
12-30 10:20:01.447   398   464 I DefaultVehicleHal_v2_0: DefaultVehicleHal::onPropertyValue, value:{.timestamp = 6137269284063, .areaId = 0, .prop = 557850795, .status = AVAILABLE, .value = {.int32Values = [1]{0}, .floatValues = [0]{}, .int64Values = [0]{}, .bytes = [0]{}, .stringValue = ""}}
12-30 10:20:01.447   398   464 D DiagPropHandler: is not DiagnosticConfig: 0x214020ab
12-30 10:20:01.447   398   464 I VehiclePropertyStore: begin to write value to Store: {.timestamp = 6137269284063, .areaId = 0, .prop = 557850795, .status = AVAILABLE, .value = {.int32Values = [1]{0}, .floatValues = [0]{}, .int64Values = [0]{}, .bytes = [0]{}, .stringValue = ""}}
12-30 10:20:01.447   398   464 D adayocomadapter-CommunicationManager: onUpstreamReceive mPropertyId 0x214020ab
12-30 10:20:01.447   398   464 D adayocomadapter-CommunicationManager: onUpstreamReceive mPropertyId 0x214020ad
12-30 10:20:01.447   398   464 D adayocomadapter-CommunicationManager: convertBytesToInt32Memcpy  0
12-30 10:20:01.447   398   464 I vw-vhal : notifyVehicleProperty, propId = 0x214020ad, data = {status: 2, int32Values: [0]}
12-30 10:20:01.447   398   464 I vw-vhal : CanSignalsAdapter::notifyVehicleProperty: solvedValue = {.timestamp = 6137269492729, .areaId = 0, .prop = 557850797, .status = AVAILABLE, .value = {.int32Values = [1]{0}, .floatValues = [0]{}, .int64Values = [0]{}, .bytes = [0]{}, .stringValue = ""}}
12-30 10:20:01.447   398   464 I VehiclePropertyStore: begin to write value to Store: {.timestamp = 6137269492729, .areaId = 0, .prop = 557850797, .status = AVAILABLE, .value = {.int32Values = [1]{0}, .floatValues = [0]{}, .int64Values = [0]{}, .bytes = [0]{}, .stringValue = ""}}
12-30 10:20:01.447   398   464 I DefaultVehicleHal_v2_0: DefaultVehicleHal::onPropertyValue, value:{.timestamp = 6137269492729, .areaId = 0, .prop = 557850797, .status = AVAILABLE, .value = {.int32Values = [1]{0}, .floatValues = [0]{}, .int64Values = [0]{}, .bytes = [0]{}, .stringValue = ""}}
12-30 10:20:01.447   398   464 D DiagPropHandler: is not DiagnosticConfig: 0x214020ad
12-30 10:20:01.447   398   464 I VehiclePropertyStore: begin to write value to Store: {.timestamp = 6137269492729, .areaId = 0, .prop = 557850797, .status = AVAILABLE, .value = {.int32Values = [1]{0}, .floatValues = [0]{}, .int64Values = [0]{}, .bytes = [0]{}, .stringValue = ""}}
12-30 10:20:01.447   398   464 D adayocomadapter-CommunicationManager: onUpstreamReceive mPropertyId 0x214020ad
12-30 10:20:01.447   398   464 D adayocomadapter-CommunicationManager: onUpstreamReceive mPropertyId 0x2140213a
12-30 10:20:01.447   398   464 D adayocomadapter-CommunicationManager: convertBytesToInt32Memcpy  0
12-30 10:20:01.447   398   464 I vw-vhal : notifyVehicleProperty, propId = 0x2140213a, data = {status: 2, int32Values: [0]}
12-30 10:20:01.447   398   464 I vw-vhal : CanSignalsAdapter::notifyVehicleProperty: solvedValue = {.timestamp = 6137269687063, .areaId = 0, .prop = 557850938, .status = AVAILABLE, .value = {.int32Values = [1]{0}, .floatValues = [0]{}, .int64Values = [0]{}, .bytes = [0]{}, .stringValue = ""}}
12-30 10:20:01.447   398   464 I VehiclePropertyStore: begin to write value to Store: {.timestamp = 6137269687063, .areaId = 0, .prop = 557850938, .status = AVAILABLE, .value = {.int32Values = [1]{0}, .floatValues = [0]{}, .int64Values = [0]{}, .bytes = [0]{}, .stringValue = ""}}
12-30 10:20:01.447   398   464 I DefaultVehicleHal_v2_0: DefaultVehicleHal::onPropertyValue, value:{.timestamp = 6137269687063, .areaId = 0, .prop = 557850938, .status = AVAILABLE, .value = {.int32Values = [1]{0}, .floatValues = [0]{}, .int64Values = [0]{}, .bytes = [0]{}, .stringValue = ""}}
12-30 10:20:01.447   398   464 D DiagPropHandler: is not DiagnosticConfig: 0x2140213a
12-30 10:20:01.447   398   464 I VehiclePropertyStore: begin to write value to Store: {.timestamp = 6137269687063, .areaId = 0, .prop = 557850938, .status = AVAILABLE, .value = {.int32Values = [1]{0}, .floatValues = [0]{}, .int64Values = [0]{}, .bytes = [0]{}, .stringValue = ""}}
12-30 10:20:01.447   398   464 D adayocomadapter-CommunicationManager: onUpstreamReceive mPropertyId 0x2140213a
12-30 10:20:01.447   398   464 D adayocomadapter-CommunicationManager: onUpstreamReceive mPropertyId 0x214021c7
12-30 10:20:01.447   398   464 D adayocomadapter-CommunicationManager: convertBytesToInt32Memcpy  0
12-30 10:20:01.448   398   464 I vw-vhal : notifyVehicleProperty, propId = 0x214021c7, data = {status: 2, int32Values: [0]}
12-30 10:20:01.448   398   464 I vw-vhal : CanSignalsAdapter::notifyVehicleProperty: solvedValue = {.timestamp = 6137269880396, .areaId = 0, .prop = 557851079, .status = AVAILABLE, .value = {.int32Values = [1]{0}, .floatValues = [0]{}, .int64Values = [0]{}, .bytes = [0]{}, .stringValue = ""}}
12-30 10:20:01.448   398   464 I VehiclePropertyStore: begin to write value to Store: {.timestamp = 6137269880396, .areaId = 0, .prop = 557851079, .status = AVAILABLE, .value = {.int32Values = [1]{0}, .floatValues = [0]{}, .int64Values = [0]{}, .bytes = [0]{}, .stringValue = ""}}
12-30 10:20:01.448   398   464 I DefaultVehicleHal_v2_0: DefaultVehicleHal::onPropertyValue, value:{.timestamp = 6137269880396, .areaId = 0, .prop = 557851079, .status = AVAILABLE, .value = {.int32Values = [1]{0}, .floatValues = [0]{}, .int64Values = [0]{}, .bytes = [0]{}, .stringValue = ""}}
12-30 10:20:01.448   398   464 D DiagPropHandler: is not DiagnosticConfig: 0x214021c7
12-30 10:20:01.448   398   464 I VehiclePropertyStore: begin to write value to Store: {.timestamp = 6137269880396, .areaId = 0, .prop = 557851079, .status = AVAILABLE, .value = {.int32Values = [1]{0}, .floatValues = [0]{}, .int64Values = [0]{}, .bytes = [0]{}, .stringValue = ""}}
12-30 10:20:01.448   398   464 D adayocomadapter-CommunicationManager: onUpstreamReceive mPropertyId 0x214021c7
12-30 10:20:01.448   398   464 D adayocomadapter-CommunicationManager: onUpstreamReceive mPropertyId 0x214020f2
12-30 10:20:01.448   398   464 D adayocomadapter-CommunicationManager: convertBytesToInt32Memcpy  0
12-30 10:20:01.448   398   464 I vw-vhal : notifyVehicleProperty, propId = 0x214020f2, data = {status: 2, int32Values: [0]}
12-30 10:20:01.448   398   464 I vw-vhal : CanSignalsAdapter::notifyVehicleProperty: solvedValue = {.timestamp = 6137270079729, .areaId = 0, .prop = 557850866, .status = AVAILABLE, .value = {.int32Values = [1]{0}, .floatValues = [0]{}, .int64Values = [0]{}, .bytes = [0]{}, .stringValue = ""}}
12-30 10:20:01.448   398   464 I VehiclePropertyStore: begin to write value to Store: {.timestamp = 6137270079729, .areaId = 0, .prop = 557850866, .status = AVAILABLE, .value = {.int32Values = [1]{0}, .floatValues = [0]{}, .int64Values = [0]{}, .bytes = [0]{}, .stringValue = ""}}
12-30 10:20:01.448   398   464 I DefaultVehicleHal_v2_0: DefaultVehicleHal::onPropertyValue, value:{.timestamp = 6137270079729, .areaId = 0, .prop = 557850866, .status = AVAILABLE, .value = {.int32Values = [1]{0}, .floatValues = [0]{}, .int64Values = [0]{}, .bytes = [0]{}, .stringValue = ""}}
12-30 10:20:01.448   398   464 D DiagPropHandler: is not DiagnosticConfig: 0x214020f2
12-30 10:20:01.448   398   464 I VehiclePropertyStore: begin to write value to Store: {.timestamp = 6137270079729, .areaId = 0, .prop = 557850866, .status = AVAILABLE, .value = {.int32Values = [1]{0}, .floatValues = [0]{}, .int64Values = [0]{}, .bytes = [0]{}, .stringValue = ""}}
12-30 10:20:01.448   398   464 D adayocomadapter-CommunicationManager: onUpstreamReceive mPropertyId 0x214020f2
12-30 10:20:01.448   398   464 D adayocomadapter-CommunicationManager: onUpstreamReceive mPropertyId 0x214020f1
12-30 10:20:01.448   398   464 D adayocomadapter-CommunicationManager: convertBytesToInt32Memcpy  0
12-30 10:20:01.448   398   464 I vw-vhal : notifyVehicleProperty, propId = 0x214020f1, data = {status: 2, int32Values: [0]}
12-30 10:20:01.448   398   464 I vw-vhal : CanSignalsAdapter::notifyVehicleProperty: solvedValue = {.timestamp = 6137270294396, .areaId = 0, .prop = 557850865, .status = AVAILABLE, .value = {.int32Values = [1]{0}, .floatValues = [0]{}, .int64Values = [0]{}, .bytes = [0]{}, .stringValue = ""}}
12-30 10:20:01.448   398   464 I VehiclePropertyStore: begin to write value to Store: {.timestamp = 6137270294396, .areaId = 0, .prop = 557850865, .status = AVAILABLE, .value = {.int32Values = [1]{0}, .floatValues = [0]{}, .int64Values = [0]{}, .bytes = [0]{}, .stringValue = ""}}
12-30 10:20:01.448   398   464 I DefaultVehicleHal_v2_0: DefaultVehicleHal::onPropertyValue, value:{.timestamp = 6137270294396, .areaId = 0, .prop = 557850865, .status = AVAILABLE, .value = {.int32Values = [1]{0}, .floatValues = [0]{}, .int64Values = [0]{}, .bytes = [0]{}, .stringValue = ""}}
12-30 10:20:01.448   398   464 D DiagPropHandler: is not DiagnosticConfig: 0x214020f1
12-30 10:20:01.448   398   464 I VehiclePropertyStore: begin to write value to Store: {.timestamp = 6137270294396, .areaId = 0, .prop = 557850865, .status = AVAILABLE, .value = {.int32Values = [1]{0}, .floatValues = [0]{}, .int64Values = [0]{}, .bytes = [0]{}, .stringValue = ""}}
12-30 10:20:01.448   398   464 D adayocomadapter-CommunicationManager: onUpstreamReceive mPropertyId 0x214020f1
12-30 10:20:01.448   398   464 D adayocomadapter-CommunicationManager: onUpstreamReceive mPropertyId 0x21402112
12-30 10:20:01.448   398   464 D adayocomadapter-CommunicationManager: convertBytesToInt32Memcpy  0
12-30 10:20:01.448   398   464 I vw-vhal : notifyVehicleProperty, propId = 0x21402112, data = {status: 2, int32Values: [0]}
12-30 10:20:01.448   398   464 I vw-vhal : CanSignalsAdapter::notifyVehicleProperty: solvedValue = {.timestamp = 6137270540729, .areaId = 0, .prop = 557850898, .status = AVAILABLE, .value = {.int32Values = [1]{0}, .floatValues = [0]{}, .int64Values = [0]{}, .bytes = [0]{}, .stringValue = ""}}
12-30 10:20:01.448   398   464 I VehiclePropertyStore: begin to write value to Store: {.timestamp = 6137270540729, .areaId = 0, .prop = 557850898, .status = AVAILABLE, .value = {.int32Values = [1]{0}, .floatValues = [0]{}, .int64Values = [0]{}, .bytes = [0]{}, .stringValue = ""}}
12-30 10:20:01.448   398   464 I DefaultVehicleHal_v2_0: DefaultVehicleHal::onPropertyValue, value:{.timestamp = 6137270540729, .areaId = 0, .prop = 557850898, .status = AVAILABLE, .value = {.int32Values = [1]{0}, .floatValues = [0]{}, .int64Values = [0]{}, .bytes = [0]{}, .stringValue = ""}}
12-30 10:20:01.448   398   464 D DiagPropHandler: is not DiagnosticConfig: 0x21402112
12-30 10:20:01.448   398   464 I VehiclePropertyStore: begin to write value to Store: {.timestamp = 6137270540729, .areaId = 0, .prop = 557850898, .status = AVAILABLE, .value = {.int32Values = [1]{0}, .floatValues = [0]{}, .int64Values = [0]{}, .bytes = [0]{}, .stringValue = ""}}
12-30 10:20:01.448   398   464 D adayocomadapter-CommunicationManager: onUpstreamReceive mPropertyId 0x21402112
12-30 10:20:01.448   398   464 D adayocomadapter-CommunicationManager: onUpstreamReceive mPropertyId 0x2140219f
12-30 10:20:01.448   398   464 D adayocomadapter-CommunicationManager: convertBytesToInt32Memcpy  0
12-30 10:20:01.448   398   464 I vw-vhal : notifyVehicleProperty, propId = 0x2140219f, data = {status: 2, int32Values: [0]}
12-30 10:20:01.448   398   464 I vw-vhal : CanSignalsAdapter::notifyVehicleProperty: solvedValue = {.timestamp = 6137270742729, .areaId = 0, .prop = 557851039, .status = AVAILABLE, .value = {.int32Values = [1]{0}, .floatValues = [0]{}, .int64Values = [0]{}, .bytes = [0]{}, .stringValue = ""}}
12-30 10:20:01.448   398   464 I VehiclePropertyStore: begin to write value to Store: {.timestamp = 6137270742729, .areaId = 0, .prop = 557851039, .status = AVAILABLE, .value = {.int32Values = [1]{0}, .floatValues = [0]{}, .int64Values = [0]{}, .bytes = [0]{}, .stringValue = ""}}
12-30 10:20:01.448   398   464 I DefaultVehicleHal_v2_0: DefaultVehicleHal::onPropertyValue, value:{.timestamp = 6137270742729, .areaId = 0, .prop = 557851039, .status = AVAILABLE, .value = {.int32Values = [1]{0}, .floatValues = [0]{}, .int64Values = [0]{}, .bytes = [0]{}, .stringValue = ""}}
12-30 10:20:01.448   398   464 D DiagPropHandler: is not DiagnosticConfig: 0x2140219f
12-30 10:20:01.449   398   464 I VehiclePropertyStore: begin to write value to Store: {.timestamp = 6137270742729, .areaId = 0, .prop = 557851039, .status = AVAILABLE, .value = {.int32Values = [1]{0}, .floatValues = [0]{}, .int64Values = [0]{}, .bytes = [0]{}, .stringValue = ""}}
12-30 10:20:01.449   398   464 D adayocomadapter-CommunicationManager: onUpstreamReceive mPropertyId 0x2140219f
12-30 10:20:01.449   398   464 D adayocomadapter-CommunicationManager: onUpstreamReceive mPropertyId 0x21402139
12-30 10:20:01.449   398   464 D adayocomadapter-CommunicationManager: convertBytesToInt32Memcpy  0
12-30 10:20:01.449   398   464 I vw-vhal : notifyVehicleProperty, propId = 0x21402139, data = {status: 2, int32Values: [0]}
12-30 10:20:01.449   398   464 I vw-vhal : CanSignalsAdapter::notifyVehicleProperty: solvedValue = {.timestamp = 6137270941729, .areaId = 0, .prop = 557850937, .status = AVAILABLE, .value = {.int32Values = [1]{0}, .floatValues = [0]{}, .int64Values = [0]{}, .bytes = [0]{}, .stringValue = ""}}
12-30 10:20:01.449   398   464 I VehiclePropertyStore: begin to write value to Store: {.timestamp = 6137270941729, .areaId = 0, .prop = 557850937, .status = AVAILABLE, .value = {.int32Values = [1]{0}, .floatValues = [0]{}, .int64Values = [0]{}, .bytes = [0]{}, .stringValue = ""}}
12-30 10:20:01.449   398   464 I DefaultVehicleHal_v2_0: DefaultVehicleHal::onPropertyValue, value:{.timestamp = 6137270941729, .areaId = 0, .prop = 557850937, .status = AVAILABLE, .value = {.int32Values = [1]{0}, .floatValues = [0]{}, .int64Values = [0]{}, .bytes = [0]{}, .stringValue = ""}}
12-30 10:20:01.449   398   464 D DiagPropHandler: is not DiagnosticConfig: 0x21402139
12-30 10:20:01.449   398   464 I VehiclePropertyStore: begin to write value to Store: {.timestamp = 6137270941729, .areaId = 0, .prop = 557850937, .status = AVAILABLE, .value = {.int32Values = [1]{0}, .floatValues = [0]{}, .int64Values = [0]{}, .bytes = [0]{}, .stringValue = ""}}
12-30 10:20:01.449   398   464 D adayocomadapter-CommunicationManager: onUpstreamReceive mPropertyId 0x21402139
12-30 10:20:01.449   398   464 D adayocomadapter-CommunicationManager: onUpstreamReceive mPropertyId 0x21402025
12-30 10:20:01.449   398   464 D adayocomadapter-CommunicationManager: convertBytesToInt32Memcpy  0
12-30 10:20:01.449   398   464 I vw-vhal : notifyVehicleProperty, propId = 0x21402025, data = {status: 2, int32Values: [0]}
12-30 10:20:01.449   398   464 I vw-vhal : CanSignalsAdapter::notifyVehicleProperty: solvedValue = {.timestamp = 6137271164729, .areaId = 0, .prop = 557850661, .status = AVAILABLE, .value = {.int32Values = [1]{0}, .floatValues = [0]{}, .int64Values = [0]{}, .bytes = [0]{}, .stringValue = ""}}
12-30 10:20:01.449   398   464 I VehiclePropertyStore: begin to write value to Store: {.timestamp = 6137271164729, .areaId = 0, .prop = 557850661, .status = AVAILABLE, .value = {.int32Values = [1]{0}, .floatValues = [0]{}, .int64Values = [0]{}, .bytes = [0]{}, .stringValue = ""}}
12-30 10:20:01.449   398   464 I DefaultVehicleHal_v2_0: DefaultVehicleHal::onPropertyValue, value:{.timestamp = 6137271164729, .areaId = 0, .prop = 557850661, .status = AVAILABLE, .value = {.int32Values = [1]{0}, .floatValues = [0]{}, .int64Values = [0]{}, .bytes = [0]{}, .stringValue = ""}}
12-30 10:20:01.449   398   464 D DiagPropHandler: is not DiagnosticConfig: 0x21402025
12-30 10:20:01.449   398   464 I VehiclePropertyStore: begin to write value to Store: {.timestamp = 6137271164729, .areaId = 0, .prop = 557850661, .status = AVAILABLE, .value = {.int32Values = [1]{0}, .floatValues = [0]{}, .int64Values = [0]{}, .bytes = [0]{}, .stringValue = ""}}
12-30 10:20:01.449   398   464 D adayocomadapter-CommunicationManager: onUpstreamReceive mPropertyId 0x21402025
12-30 10:20:01.449   398   464 D adayocomadapter-CommunicationManager: onUpstreamReceive mPropertyId 0x21402033
12-30 10:20:01.449   398   464 D adayocomadapter-CommunicationManager: convertBytesToInt32Memcpy  0
12-30 10:20:01.449   398   464 I vw-vhal : notifyVehicleProperty, propId = 0x21402033, data = {status: 2, int32Values: [0]}
12-30 10:20:01.449   398   464 I vw-vhal : CanSignalsAdapter::notifyVehicleProperty: solvedValue = {.timestamp = 6137271366396, .areaId = 0, .prop = 557850675, .status = AVAILABLE, .value = {.int32Values = [1]{0}, .floatValues = [0]{}, .int64Values = [0]{}, .bytes = [0]{}, .stringValue = ""}}
12-30 10:20:01.449   398   464 I VehiclePropertyStore: begin to write value to Store: {.timestamp = 6137271366396, .areaId = 0, .prop = 557850675, .status = AVAILABLE, .value = {.int32Values = [1]{0}, .floatValues = [0]{}, .int64Values = [0]{}, .bytes = [0]{}, .stringValue = ""}}
12-30 10:20:01.449   398   464 I DefaultVehicleHal_v2_0: DefaultVehicleHal::onPropertyValue, value:{.timestamp = 6137271366396, .areaId = 0, .prop = 557850675, .status = AVAILABLE, .value = {.int32Values = [1]{0}, .floatValues = [0]{}, .int64Values = [0]{}, .bytes = [0]{}, .stringValue = ""}}
12-30 10:20:01.449   398   464 D DiagPropHandler: is not DiagnosticConfig: 0x21402033
12-30 10:20:01.449   398   464 I VehiclePropertyStore: begin to write value to Store: {.timestamp = 6137271366396, .areaId = 0, .prop = 557850675, .status = AVAILABLE, .value = {.int32Values = [1]{0}, .floatValues = [0]{}, .int64Values = [0]{}, .bytes = [0]{}, .stringValue = ""}}
12-30 10:20:01.449   398   464 D adayocomadapter-CommunicationManager: onUpstreamReceive mPropertyId 0x21402033
12-30 10:20:01.449  2358  2623 D RcfController: Rcf proxy is not connected!
12-30 10:20:01.449   398   464 D adayocomadapter-CommunicationManager: onUpstreamReceive mPropertyId 0x21402034
12-30 10:20:01.449   398   464 D adayocomadapter-CommunicationManager: convertBytesToInt32Memcpy  0
12-30 10:20:01.449   398   464 I vw-vhal : notifyVehicleProperty, propId = 0x21402034, data = {status: 2, int32Values: [0]}
12-30 10:20:01.449   398   464 I vw-vhal : CanSignalsAdapter::notifyVehicleProperty: solvedValue = {.timestamp = 6137271560729, .areaId = 0, .prop = 557850676, .status = AVAILABLE, .value = {.int32Values = [1]{0}, .floatValues = [0]{}, .int64Values = [0]{}, .bytes = [0]{}, .stringValue = ""}}
12-30 10:20:01.449   398   464 I VehiclePropertyStore: begin to write value to Store: {.timestamp = 6137271560729, .areaId = 0, .prop = 557850676, .status = AVAILABLE, .value = {.int32Values = [1]{0}, .floatValues = [0]{}, .int64Values = [0]{}, .bytes = [0]{}, .stringValue = ""}}
12-30 10:20:01.449   398   464 I DefaultVehicleHal_v2_0: DefaultVehicleHal::onPropertyValue, value:{.timestamp = 6137271560729, .areaId = 0, .prop = 557850676, .status = AVAILABLE, .value = {.int32Values = [1]{0}, .floatValues = [0]{}, .int64Values = [0]{}, .bytes = [0]{}, .stringValue = ""}}
12-30 10:20:01.449   398   464 D DiagPropHandler: is not DiagnosticConfig: 0x21402034
12-30 10:20:01.449   398   464 I VehiclePropertyStore: begin to write value to Store: {.timestamp = 6137271560729, .areaId = 0, .prop = 557850676, .status = AVAILABLE, .value = {.int32Values = [1]{0}, .floatValues = [0]{}, .int64Values = [0]{}, .bytes = [0]{}, .stringValue = ""}}
12-30 10:20:01.449   398   464 D adayocomadapter-CommunicationManager: onUpstreamReceive mPropertyId 0x21402034
12-30 10:20:01.449   398   464 D adayocomadapter-CommunicationManager: onUpstreamReceive mPropertyId 0x2140218c
12-30 10:20:01.449   398   464 D adayocomadapter-CommunicationManager: convertBytesToInt32Memcpy  0
12-30 10:20:01.449   398   464 I vw-vhal : notifyVehicleProperty, propId = 0x2140218c, data = {status: 2, int32Values: [0]}
12-30 10:20:01.449   398   464 I vw-vhal : CanSignalsAdapter::notifyVehicleProperty: solvedValue = {.timestamp = 6137271766729, .areaId = 0, .prop = 557851020, .status = AVAILABLE, .value = {.int32Values = [1]{0}, .floatValues = [0]{}, .int64Values = [0]{}, .bytes = [0]{}, .stringValue = ""}}
12-30 10:20:01.449   398   464 I VehiclePropertyStore: begin to write value to Store: {.timestamp = 6137271766729, .areaId = 0, .prop = 557851020, .status = AVAILABLE, .value = {.int32Values = [1]{0}, .floatValues = [0]{}, .int64Values = [0]{}, .bytes = [0]{}, .stringValue = ""}}
12-30 10:20:01.449   398   464 I DefaultVehicleHal_v2_0: DefaultVehicleHal::onPropertyValue, value:{.timestamp = 6137271766729, .areaId = 0, .prop = 557851020, .status = AVAILABLE, .value = {.int32Values = [1]{0}, .floatValues = [0]{}, .int64Values = [0]{}, .bytes = [0]{}, .stringValue = ""}}
12-30 10:20:01.449   398   464 D DiagPropHandler: is not DiagnosticConfig: 0x2140218c
12-30 10:20:01.450   398   464 I VehiclePropertyStore: begin to write value to Store: {.timestamp = 6137271766729, .areaId = 0, .prop = 557851020, .status = AVAILABLE, .value = {.int32Values = [1]{0}, .floatValues = [0]{}, .int64Values = [0]{}, .bytes = [0]{}, .stringValue = ""}}
12-30 10:20:01.450   398   464 D adayocomadapter-CommunicationManager: onUpstreamReceive mPropertyId 0x2140218c
12-30 10:20:01.450   398   464 D adayocomadapter-CommunicationManager: onUpstreamReceive mPropertyId 0x2140219b
12-30 10:20:01.450   398   464 D adayocomadapter-CommunicationManager: convertBytesToInt32Memcpy  0
12-30 10:20:01.450   398   464 I vw-vhal : notifyVehicleProperty, propId = 0x2140219b, data = {status: 2, int32Values: [0]}
12-30 10:20:01.450   398   464 I vw-vhal : CanSignalsAdapter::notifyVehicleProperty: solvedValue = {.timestamp = 6137271962729, .areaId = 0, .prop = 557851035, .status = AVAILABLE, .value = {.int32Values = [1]{0}, .floatValues = [0]{}, .int64Values = [0]{}, .bytes = [0]{}, .stringValue = ""}}
12-30 10:20:01.450   398   464 I VehiclePropertyStore: begin to write value to Store: {.timestamp = 6137271962729, .areaId = 0, .prop = 557851035, .status = AVAILABLE, .value = {.int32Values = [1]{0}, .floatValues = [0]{}, .int64Values = [0]{}, .bytes = [0]{}, .stringValue = ""}}
12-30 10:20:01.451   398   464 I DefaultVehicleHal_v2_0: DefaultVehicleHal::onPropertyValue, value:{.timestamp = 6137271962729, .areaId = 0, .prop = 557851035, .status = AVAILABLE, .value = {.int32Values = [1]{0}, .floatValues = [0]{}, .int64Values = [0]{}, .bytes = [0]{}, .stringValue = ""}}
12-30 10:20:01.451   398   464 D DiagPropHandler: is not DiagnosticConfig: 0x2140219b
12-30 10:20:01.451   398   464 I VehiclePropertyStore: begin to write value to Store: {.timestamp = 6137271962729, .areaId = 0, .prop = 557851035, .status = AVAILABLE, .value = {.int32Values = [1]{0}, .floatValues = [0]{}, .int64Values = [0]{}, .bytes = [0]{}, .stringValue = ""}}
12-30 10:20:01.451   398   464 D adayocomadapter-CommunicationManager: onUpstreamReceive mPropertyId 0x2140219b
12-30 10:20:01.451   398   464 D adayocomadapter-CommunicationManager: onUpstreamReceive mPropertyId 0x214021a0
12-30 10:20:01.451   398   464 D adayocomadapter-CommunicationManager: convertBytesToInt32Memcpy  0
12-30 10:20:01.451   398   464 I vw-vhal : notifyVehicleProperty, propId = 0x214021a0, data = {status: 2, int32Values: [0]}
12-30 10:20:01.451   398   464 I vw-vhal : CanSignalsAdapter::notifyVehicleProperty: solvedValue = {.timestamp = 6137273032396, .areaId = 0, .prop = 557851040, .status = AVAILABLE, .value = {.int32Values = [1]{0}, .floatValues = [0]{}, .int64Values = [0]{}, .bytes = [0]{}, .stringValue = ""}}
12-30 10:20:01.451   398   464 I VehiclePropertyStore: begin to write value to Store: {.timestamp = 6137273032396, .areaId = 0, .prop = 557851040, .status = AVAILABLE, .value = {.int32Values = [1]{0}, .floatValues = [0]{}, .int64Values = [0]{}, .bytes = [0]{}, .stringValue = ""}}
12-30 10:20:01.451   398   464 I DefaultVehicleHal_v2_0: DefaultVehicleHal::onPropertyValue, value:{.timestamp = 6137273032396, .areaId = 0, .prop = 557851040, .status = AVAILABLE, .value = {.int32Values = [1]{0}, .floatValues = [0]{}, .int64Values = [0]{}, .bytes = [0]{}, .stringValue = ""}}
12-30 10:20:01.451   398   464 D DiagPropHandler: is not DiagnosticConfig: 0x214021a0
12-30 10:20:01.451   398   464 I VehiclePropertyStore: begin to write value to Store: {.timestamp = 6137273032396, .areaId = 0, .prop = 557851040, .status = AVAILABLE, .value = {.int32Values = [1]{0}, .floatValues = [0]{}, .int64Values = [0]{}, .bytes = [0]{}, .stringValue = ""}}
12-30 10:20:01.451   398   464 D adayocomadapter-CommunicationManager: onUpstreamReceive mPropertyId 0x214021a0
12-30 10:20:01.451   398   464 D adayocomadapter-CommunicationManager: onUpstreamReceive mPropertyId 0x214021a3
12-30 10:20:01.451   398   464 D adayocomadapter-CommunicationManager: convertBytesToInt32Memcpy  0
12-30 10:20:01.451   398   464 I vw-vhal : notifyVehicleProperty, propId = 0x214021a3, data = {status: 2, int32Values: [0]}
12-30 10:20:01.451   398   464 I vw-vhal : CanSignalsAdapter::notifyVehicleProperty: solvedValue = {.timestamp = 6137273233729, .areaId = 0, .prop = 557851043, .status = AVAILABLE, .value = {.int32Values = [1]{0}, .floatValues = [0]{}, .int64Values = [0]{}, .bytes = [0]{}, .stringValue = ""}}
12-30 10:20:01.451   398   464 I VehiclePropertyStore: begin to write value to Store: {.timestamp = 6137273233729, .areaId = 0, .prop = 557851043, .status = AVAILABLE, .value = {.int32Values = [1]{0}, .floatValues = [0]{}, .int64Values = [0]{}, .bytes = [0]{}, .stringValue = ""}}
12-30 10:20:01.451   398   464 I DefaultVehicleHal_v2_0: DefaultVehicleHal::onPropertyValue, value:{.timestamp = 6137273233729, .areaId = 0, .prop = 557851043, .status = AVAILABLE, .value = {.int32Values = [1]{0}, .floatValues = [0]{}, .int64Values = [0]{}, .bytes = [0]{}, .stringValue = ""}}
12-30 10:20:01.451   398   464 D DiagPropHandler: is not DiagnosticConfig: 0x214021a3
12-30 10:20:01.451   398   464 I VehiclePropertyStore: begin to write value to Store: {.timestamp = 6137273233729, .areaId = 0, .prop = 557851043, .status = AVAILABLE, .value = {.int32Values = [1]{0}, .floatValues = [0]{}, .int64Values = [0]{}, .bytes = [0]{}, .stringValue = ""}}
12-30 10:20:01.451   398   464 D adayocomadapter-CommunicationManager: onUpstreamReceive mPropertyId 0x214021a3
12-30 10:20:01.451   398   464 D adayocomadapter-CommunicationManager: onUpstreamReceive mPropertyId 0x214021a4
12-30 10:20:01.451   398   464 D adayocomadapter-CommunicationManager: convertBytesToInt32Memcpy  0
12-30 10:20:01.451   398   464 I vw-vhal : notifyVehicleProperty, propId = 0x214021a4, data = {status: 2, int32Values: [0]}
12-30 10:20:01.451   398   464 I vw-vhal : CanSignalsAdapter::notifyVehicleProperty: solvedValue = {.timestamp = 6137273434063, .areaId = 0, .prop = 557851044, .status = AVAILABLE, .value = {.int32Values = [1]{0}, .floatValues = [0]{}, .int64Values = [0]{}, .bytes = [0]{}, .stringValue = ""}}
12-30 10:20:01.451   398   464 I VehiclePropertyStore: begin to write value to Store: {.timestamp = 6137273434063, .areaId = 0, .prop = 557851044, .status = AVAILABLE, .value = {.int32Values = [1]{0}, .floatValues = [0]{}, .int64Values = [0]{}, .bytes = [0]{}, .stringValue = ""}}
12-30 10:20:01.451   398   464 I DefaultVehicleHal_v2_0: DefaultVehicleHal::onPropertyValue, value:{.timestamp = 6137273434063, .areaId = 0, .prop = 557851044, .status = AVAILABLE, .value = {.int32Values = [1]{0}, .floatValues = [0]{}, .int64Values = [0]{}, .bytes = [0]{}, .stringValue = ""}}
12-30 10:20:01.451   398   464 D DiagPropHandler: is not DiagnosticConfig: 0x214021a4
12-30 10:20:01.451   398   464 I VehiclePropertyStore: begin to write value to Store: {.timestamp = 6137273434063, .areaId = 0, .prop = 557851044, .status = AVAILABLE, .value = {.int32Values = [1]{0}, .floatValues = [0]{}, .int64Values = [0]{}, .bytes = [0]{}, .stringValue = ""}}
12-30 10:20:01.451   398   464 D adayocomadapter-CommunicationManager: onUpstreamReceive mPropertyId 0x214021a4
12-30 10:20:01.451   398   464 D adayocomadapter-CommunicationManager: onUpstreamReceive mPropertyId 0x214021cb
12-30 10:20:01.451   398   464 D adayocomadapter-CommunicationManager: convertBytesToInt32Memcpy  0
12-30 10:20:01.451   398   464 I vw-vhal : notifyVehicleProperty, propId = 0x214021cb, data = {status: 2, int32Values: [0]}
12-30 10:20:01.451   398   464 I vw-vhal : CanSignalsAdapter::notifyVehicleProperty: solvedValue = {.timestamp = 6137273634063, .areaId = 0, .prop = 557851083, .status = AVAILABLE, .value = {.int32Values = [1]{0}, .floatValues = [0]{}, .int64Values = [0]{}, .bytes = [0]{}, .stringValue = ""}}
12-30 10:20:01.451   398   464 I VehiclePropertyStore: begin to write value to Store: {.timestamp = 6137273634063, .areaId = 0, .prop = 557851083, .status = AVAILABLE, .value = {.int32Values = [1]{0}, .floatValues = [0]{}, .int64Values = [0]{}, .bytes = [0]{}, .stringValue = ""}}
12-30 10:20:01.451   398   464 I DefaultVehicleHal_v2_0: DefaultVehicleHal::onPropertyValue, value:{.timestamp = 6137273634063, .areaId = 0, .prop = 557851083, .status = AVAILABLE, .value = {.int32Values = [1]{0}, .floatValues = [0]{}, .int64Values = [0]{}, .bytes = [0]{}, .stringValue = ""}}
12-30 10:20:01.451   398   464 D DiagPropHandler: is not DiagnosticConfig: 0x214021cb
12-30 10:20:01.451   398   464 I VehiclePropertyStore: begin to write value to Store: {.timestamp = 6137273634063, .areaId = 0, .prop = 557851083, .status = AVAILABLE, .value = {.int32Values = [1]{0}, .floatValues = [0]{}, .int64Values = [0]{}, .bytes = [0]{}, .stringValue = ""}}
12-30 10:20:01.451   398   464 D adayocomadapter-CommunicationManager: onUpstreamReceive mPropertyId 0x214021cb
12-30 10:20:01.454 19884 19884 I ADAYO_LOG_TRACE_LOGCAT: folder_size:
12-30 10:20:01.457   596  3076 E WifiHAL : Invalid data received from driver
12-30 10:20:01.457  3066  3066 D hostapd : nl80211: BSS Event 59 (NL80211_CMD_FRAME) received for wlan1
12-30 10:20:01.457  3066  3066 D hostapd : nl80211: RX frame da=ff:ff:ff:ff:ff:ff sa=ee:74:72:d7:de:af bssid=ee:74:72:d7:de:af freq=5745 ssi_signal=-8800 fc=0xd0 seq_ctrl=0x6740 stype=13 (WLAN_FC_STYPE_ACTION) len=42
12-30 10:20:01.457  3066  3066 D hostapd : wlan1: Event RX_MGMT (18) received
12-30 10:20:01.457  3066  3066 D hostapd : Receive wpa msg : Event RX_MGMT (18) received
12-30 10:20:01.459   360   931 D EvsDriver: forwardFrame
12-30 10:20:01.459   360   931 D EvsDriver: forwardFrameDirect
12-30 10:20:01.459   360   931 D EvsDriver: Delivered 0xb400e2ca9e40d4b0 as id 1
12-30 10:20:01.459   359  2784 D evsmanagerd: /dev/video-evs0 forwarded the buffer #1 to 0xb400f125d2b26dd0 from 0xb400f125e2b20710
12-30 10:20:01.469   360   458 D EvsDriver: doneWithFrame
12-30 10:20:01.477  3066  3066 D hostapd : nl80211: BSS Event 59 (NL80211_CMD_FRAME) received for wlan1
12-30 10:20:01.477  3066  3066 D hostapd : nl80211: RX frame da=ff:ff:ff:ff:ff:ff sa=ee:74:72:d7:de:af bssid=ee:74:72:d7:de:af freq=5745 ssi_signal=-8900 fc=0xd0 seq_ctrl=0x6750 stype=13 (WLAN_FC_STYPE_ACTION) len=42
12-30 10:20:01.477  3066  3066 D hostapd : wlan1: Event RX_MGMT (18) received
12-30 10:20:01.477  3066  3066 D hostapd : Receive wpa msg : Event RX_MGMT (18) received
12-30 10:20:01.479   650   729 D fgemcucomm: sd Uart data : 6AA602BFAF00029202FA
12-30 10:20:01.479   650   729 D fgemcucomm: rev uart=50767,len=18, data : 6AA681BFAF000A920200070000000000006C
12-30 10:20:01.479   398  2883 D adayocomadapter-ParseProtocolFunc: printRaWMsg Name[MCUToUPstream recv] len[10] data[92020007000000000000]
12-30 10:20:01.479   398  2883 D adayocomadapter-CommunicationManager: onUpstreamback   member[0] dataLength[7] timePoint[6137301]
12-30 10:20:01.479   398  2883 D adayocomadapter-ParseProtocolFunc: printRaWMsg Name[onUpstreamback] len[7] data[07000000000000]
12-30 10:20:01.479   398   464 D adayocomadapter-UpstreamHandler: processBeforePacket upSreamtProcessTimePoint[6137301] 
12-30 10:20:01.479   398   464 D adayocomadapter-UpstreamHandler: processPacket UPSTREAM_QUEUE_DATA_TIMEOUT
12-30 10:20:01.479   398   464 D adayocomadapter-ParseProtocolFunc: parseCommonIPCLBytes Processing tableNumber[7]
12-30 10:20:01.479   398   464 D adayocomadapter-ParseProtocolFunc: parseCommonIPCLBytes Processing tablename[Table-7] tableSize[7]
12-30 10:20:01.479   398   464 D adayocomadapter-ParseProtocolFunc: printRaWMsg Name[byteStream recv] len[7] data[07000000000000]
12-30 10:20:01.479   398   464 D adayocomadapter-ParseProtocolFunc: printRaWMsg Name[IPCLtoVHAL] len[6] data[214020530000]
12-30 10:20:01.479   398   464 D adayocomadapter-ParseProtocolFunc: printRaWMsg Name[IPCLtoVHAL] len[6] data[214020A00000]
12-30 10:20:01.479   398   464 D adayocomadapter-ParseProtocolFunc: printRaWMsg Name[IPCLtoVHAL] len[6] data[214021310000]
12-30 10:20:01.479   398   464 D adayocomadapter-ParseProtocolFunc: printRaWMsg Name[IPCLtoVHAL] len[6] data[214020A20000]
12-30 10:20:01.480   398   464 D adayocomadapter-ParseProtocolFunc: printRaWMsg Name[IPCLtoVHAL] len[6] data[214020A40000]
12-30 10:20:01.480   398   464 D adayocomadapter-ParseProtocolFunc: printRaWMsg Name[IPCLtoVHAL] len[6] data[214021CE0000]
12-30 10:20:01.480   398   464 D adayocomadapter-CommunicationManager: onUpstreamReceive mPropertyId 0x21402053
12-30 10:20:01.480   398   464 D adayocomadapter-CommunicationManager: convertBytesToInt32Memcpy  0
12-30 10:20:01.480   398   464 I vw-vhal : notifyVehicleProperty, propId = 0x21402053, data = {status: 2, int32Values: [0]}
12-30 10:20:01.480   398   464 I vw-vhal : CanSignalsAdapter::notifyVehicleProperty: solvedValue = {.timestamp = 6137301990396, .areaId = 0, .prop = 557850707, .status = AVAILABLE, .value = {.int32Values = [1]{0}, .floatValues = [0]{}, .int64Values = [0]{}, .bytes = [0]{}, .stringValue = ""}}
12-30 10:20:01.480   398   464 I VehiclePropertyStore: begin to write value to Store: {.timestamp = 6137301990396, .areaId = 0, .prop = 557850707, .status = AVAILABLE, .value = {.int32Values = [1]{0}, .floatValues = [0]{}, .int64Values = [0]{}, .bytes = [0]{}, .stringValue = ""}}
12-30 10:20:01.480   398   464 I DefaultVehicleHal_v2_0: DefaultVehicleHal::onPropertyValue, value:{.timestamp = 6137301990396, .areaId = 0, .prop = 557850707, .status = AVAILABLE, .value = {.int32Values = [1]{0}, .floatValues = [0]{}, .int64Values = [0]{}, .bytes = [0]{}, .stringValue = ""}}
12-30 10:20:01.480   398   464 D DiagPropHandler: is not DiagnosticConfig: 0x21402053
12-30 10:20:01.480   398   464 I VehiclePropertyStore: begin to write value to Store: {.timestamp = 6137301990396, .areaId = 0, .prop = 557850707, .status = AVAILABLE, .value = {.int32Values = [1]{0}, .floatValues = [0]{}, .int64Values = [0]{}, .bytes = [0]{}, .stringValue = ""}}
12-30 10:20:01.480   398   464 D adayocomadapter-CommunicationManager: onUpstreamReceive mPropertyId 0x21402053
12-30 10:20:01.480   398   464 D adayocomadapter-CommunicationManager: onUpstreamReceive mPropertyId 0x214020a0
12-30 10:20:01.480   398   464 D adayocomadapter-CommunicationManager: convertBytesToInt32Memcpy  0
12-30 10:20:01.480   398   464 I vw-vhal : notifyVehicleProperty, propId = 0x214020a0, data = {status: 2, int32Values: [0]}
12-30 10:20:01.480   398   464 I vw-vhal : CanSignalsAdapter::notifyVehicleProperty: solvedValue = {.timestamp = 6137302237063, .areaId = 0, .prop = 557850784, .status = AVAILABLE, .value = {.int32Values = [1]{0}, .floatValues = [0]{}, .int64Values = [0]{}, .bytes = [0]{}, .stringValue = ""}}
12-30 10:20:01.480   398   464 I VehiclePropertyStore: begin to write value to Store: {.timestamp = 6137302237063, .areaId = 0, .prop = 557850784, .status = AVAILABLE, .value = {.int32Values = [1]{0}, .floatValues = [0]{}, .int64Values = [0]{}, .bytes = [0]{}, .stringValue = ""}}
12-30 10:20:01.480   398   464 I DefaultVehicleHal_v2_0: DefaultVehicleHal::onPropertyValue, value:{.timestamp = 6137302237063, .areaId = 0, .prop = 557850784, .status = AVAILABLE, .value = {.int32Values = [1]{0}, .floatValues = [0]{}, .int64Values = [0]{}, .bytes = [0]{}, .stringValue = ""}}
12-30 10:20:01.480   398   464 D DiagPropHandler: is not DiagnosticConfig: 0x214020a0
12-30 10:20:01.480   398   464 I VehiclePropertyStore: begin to write value to Store: {.timestamp = 6137302237063, .areaId = 0, .prop = 557850784, .status = AVAILABLE, .value = {.int32Values = [1]{0}, .floatValues = [0]{}, .int64Values = [0]{}, .bytes = [0]{}, .stringValue = ""}}
12-30 10:20:01.480   398   464 D adayocomadapter-CommunicationManager: onUpstreamReceive mPropertyId 0x214020a0
12-30 10:20:01.480   398   464 D adayocomadapter-CommunicationManager: onUpstreamReceive mPropertyId 0x21402131
12-30 10:20:01.480   398   464 D adayocomadapter-CommunicationManager: convertBytesToInt32Memcpy  0
12-30 10:20:01.480   398   464 I vw-vhal : notifyVehicleProperty, propId = 0x21402131, data = {status: 2, int32Values: [0]}
12-30 10:20:01.480   398   464 I vw-vhal : CanSignalsAdapter::notifyVehicleProperty: solvedValue = {.timestamp = 6137302446729, .areaId = 0, .prop = 557850929, .status = AVAILABLE, .value = {.int32Values = [1]{0}, .floatValues = [0]{}, .int64Values = [0]{}, .bytes = [0]{}, .stringValue = ""}}
12-30 10:20:01.480   398   464 I VehiclePropertyStore: begin to write value to Store: {.timestamp = 6137302446729, .areaId = 0, .prop = 557850929, .status = AVAILABLE, .value = {.int32Values = [1]{0}, .floatValues = [0]{}, .int64Values = [0]{}, .bytes = [0]{}, .stringValue = ""}}
12-30 10:20:01.480   398   464 I DefaultVehicleHal_v2_0: DefaultVehicleHal::onPropertyValue, value:{.timestamp = 6137302446729, .areaId = 0, .prop = 557850929, .status = AVAILABLE, .value = {.int32Values = [1]{0}, .floatValues = [0]{}, .int64Values = [0]{}, .bytes = [0]{}, .stringValue = ""}}
12-30 10:20:01.480   398   464 D DiagPropHandler: is not DiagnosticConfig: 0x21402131
12-30 10:20:01.480   398   464 I VehiclePropertyStore: begin to write value to Store: {.timestamp = 6137302446729, .areaId = 0, .prop = 557850929, .status = AVAILABLE, .value = {.int32Values = [1]{0}, .floatValues = [0]{}, .int64Values = [0]{}, .bytes = [0]{}, .stringValue = ""}}
12-30 10:20:01.480   398   464 D adayocomadapter-CommunicationManager: onUpstreamReceive mPropertyId 0x21402131
12-30 10:20:01.480   398   464 D adayocomadapter-CommunicationManager: onUpstreamReceive mPropertyId 0x214020a2
12-30 10:20:01.480   398   464 D adayocomadapter-CommunicationManager: convertBytesToInt32Memcpy  0
12-30 10:20:01.480   398   464 I vw-vhal : notifyVehicleProperty, propId = 0x214020a2, data = {status: 2, int32Values: [0]}
12-30 10:20:01.480   398   464 I vw-vhal : CanSignalsAdapter::notifyVehicleProperty: solvedValue = {.timestamp = 6137302647396, .areaId = 0, .prop = 557850786, .status = AVAILABLE, .value = {.int32Values = [1]{0}, .floatValues = [0]{}, .int64Values = [0]{}, .bytes = [0]{}, .stringValue = ""}}
12-30 10:20:01.480   398   464 I VehiclePropertyStore: begin to write value to Store: {.timestamp = 6137302647396, .areaId = 0, .prop = 557850786, .status = AVAILABLE, .value = {.int32Values = [1]{0}, .floatValues = [0]{}, .int64Values = [0]{}, .bytes = [0]{}, .stringValue = ""}}
12-30 10:20:01.480   398   464 I DefaultVehicleHal_v2_0: DefaultVehicleHal::onPropertyValue, value:{.timestamp = 6137302647396, .areaId = 0, .prop = 557850786, .status = AVAILABLE, .value = {.int32Values = [1]{0}, .floatValues = [0]{}, .int64Values = [0]{}, .bytes = [0]{}, .stringValue = ""}}
12-30 10:20:01.480   398   464 D DiagPropHandler: is not DiagnosticConfig: 0x214020a2
12-30 10:20:01.480   398   464 I VehiclePropertyStore: begin to write value to Store: {.timestamp = 6137302647396, .areaId = 0, .prop = 557850786, .status = AVAILABLE, .value = {.int32Values = [1]{0}, .floatValues = [0]{}, .int64Values = [0]{}, .bytes = [0]{}, .stringValue = ""}}
12-30 10:20:01.480   398   464 D adayocomadapter-CommunicationManager: onUpstreamReceive mPropertyId 0x214020a2
12-30 10:20:01.480   398   464 D adayocomadapter-CommunicationManager: onUpstreamReceive mPropertyId 0x214020a4
12-30 10:20:01.480   398   464 D adayocomadapter-CommunicationManager: convertBytesToInt32Memcpy  0
12-30 10:20:01.480   398   464 I vw-vhal : notifyVehicleProperty, propId = 0x214020a4, data = {status: 2, int32Values: [0]}
12-30 10:20:01.481   398   464 I vw-vhal : CanSignalsAdapter::notifyVehicleProperty: solvedValue = {.timestamp = 6137302853396, .areaId = 0, .prop = 557850788, .status = AVAILABLE, .value = {.int32Values = [1]{0}, .floatValues = [0]{}, .int64Values = [0]{}, .bytes = [0]{}, .stringValue = ""}}
12-30 10:20:01.481   398   464 I VehiclePropertyStore: begin to write value to Store: {.timestamp = 6137302853396, .areaId = 0, .prop = 557850788, .status = AVAILABLE, .value = {.int32Values = [1]{0}, .floatValues = [0]{}, .int64Values = [0]{}, .bytes = [0]{}, .stringValue = ""}}
12-30 10:20:01.481   398   464 I DefaultVehicleHal_v2_0: DefaultVehicleHal::onPropertyValue, value:{.timestamp = 6137302853396, .areaId = 0, .prop = 557850788, .status = AVAILABLE, .value = {.int32Values = [1]{0}, .floatValues = [0]{}, .int64Values = [0]{}, .bytes = [0]{}, .stringValue = ""}}
12-30 10:20:01.481   398   464 D DiagPropHandler: is not DiagnosticConfig: 0x214020a4
12-30 10:20:01.481   398   464 I VehiclePropertyStore: begin to write value to Store: {.timestamp = 6137302853396, .areaId = 0, .prop = 557850788, .status = AVAILABLE, .value = {.int32Values = [1]{0}, .floatValues = [0]{}, .int64Values = [0]{}, .bytes = [0]{}, .stringValue = ""}}
12-30 10:20:01.481   398   464 D adayocomadapter-CommunicationManager: onUpstreamReceive mPropertyId 0x214020a4
12-30 10:20:01.481   398   464 D adayocomadapter-CommunicationManager: onUpstreamReceive mPropertyId 0x214021ce
12-30 10:20:01.481   398   464 D adayocomadapter-CommunicationManager: convertBytesToInt32Memcpy  0
12-30 10:20:01.481   398   464 I vw-vhal : notifyVehicleProperty, propId = 0x214021ce, data = {status: 2, int32Values: [0]}
12-30 10:20:01.481   398   464 I vw-vhal : CanSignalsAdapter::notifyVehicleProperty: solvedValue = {.timestamp = 6137303064396, .areaId = 0, .prop = 557851086, .status = AVAILABLE, .value = {.int32Values = [1]{0}, .floatValues = [0]{}, .int64Values = [0]{}, .bytes = [0]{}, .stringValue = ""}}
12-30 10:20:01.481   398   464 I VehiclePropertyStore: begin to write value to Store: {.timestamp = 6137303064396, .areaId = 0, .prop = 557851086, .status = AVAILABLE, .value = {.int32Values = [1]{0}, .floatValues = [0]{}, .int64Values = [0]{}, .bytes = [0]{}, .stringValue = ""}}
12-30 10:20:01.481   398   464 I DefaultVehicleHal_v2_0: DefaultVehicleHal::onPropertyValue, value:{.timestamp = 6137303064396, .areaId = 0, .prop = 557851086, .status = AVAILABLE, .value = {.int32Values = [1]{0}, .floatValues = [0]{}, .int64Values = [0]{}, .bytes = [0]{}, .stringValue = ""}}
12-30 10:20:01.481   398   464 D DiagPropHandler: is not DiagnosticConfig: 0x214021ce
12-30 10:20:01.481   398   464 I VehiclePropertyStore: begin to write value to Store: {.timestamp = 6137303064396, .areaId = 0, .prop = 557851086, .status = AVAILABLE, .value = {.int32Values = [1]{0}, .floatValues = [0]{}, .int64Values = [0]{}, .bytes = [0]{}, .stringValue = ""}}
12-30 10:20:01.481   398   464 D adayocomadapter-CommunicationManager: onUpstreamReceive mPropertyId 0x214021ce
12-30 10:20:01.492   360   931 D EvsDriver: forwardFrame
12-30 10:20:01.492   360   931 D EvsDriver: forwardFrameDirect
12-30 10:20:01.492   360   931 D EvsDriver: Delivered 0xb400e2ca9e40c2d0 as id 0
12-30 10:20:01.492   359  2784 D evsmanagerd: /dev/video-evs0 forwarded the buffer #0 to 0xb400f125d2b26dd0 from 0xb400f125e2b20710
12-30 10:20:01.496   596  3076 E WifiHAL : Invalid data received from driver
12-30 10:20:01.499   360   458 D EvsDriver: doneWithFrame
12-30 10:20:01.499  2358  2623 D RcfController: Rcf proxy is not connected!
12-30 10:20:01.508   650   729 D fgemcucomm: sd Uart data : 6AA602BFB000029202F9
12-30 10:20:01.509   650   729 D fgemcucomm: rev uart=50768,len=15, data : 6AA681BFB000079202000200000073
12-30 10:20:01.509   398  2883 D adayocomadapter-ParseProtocolFunc: printRaWMsg Name[MCUToUPstream recv] len[7] data[92020002000000]
12-30 10:20:01.509   398  2883 D adayocomadapter-CommunicationManager: onUpstreamback   member[0] dataLength[4] timePoint[6137331]
12-30 10:20:01.509   398  2883 D adayocomadapter-ParseProtocolFunc: printRaWMsg Name[onUpstreamback] len[4] data[02000000]
12-30 10:20:01.509   398   464 D adayocomadapter-UpstreamHandler: processBeforePacket upSreamtProcessTimePoint[6137331] 
12-30 10:20:01.509   398   464 D adayocomadapter-UpstreamHandler: processPacket UPSTREAM_QUEUE_DATA_TIMEOUT
12-30 10:20:01.509   398   464 D adayocomadapter-ParseProtocolFunc: parseCommonIPCLBytes Processing tableNumber[2]
12-30 10:20:01.509   398   464 D adayocomadapter-ParseProtocolFunc: parseCommonIPCLBytes Processing tablename[Table-2] tableSize[4]
12-30 10:20:01.509   398   464 D adayocomadapter-ParseProtocolFunc: printRaWMsg Name[byteStream recv] len[4] data[02000000]
12-30 10:20:01.509   398   464 D adayocomadapter-ParseProtocolFunc: printRaWMsg Name[IPCLtoVHAL] len[6] data[214020490000]
12-30 10:20:01.509   398   464 D adayocomadapter-ParseProtocolFunc: printRaWMsg Name[IPCLtoVHAL] len[6] data[214021A20000]
12-30 10:20:01.509   398   464 D adayocomadapter-ParseProtocolFunc: printRaWMsg Name[IPCLtoVHAL] len[6] data[214020EA0000]
12-30 10:20:01.509   398   464 D adayocomadapter-CommunicationManager: onUpstreamReceive mPropertyId 0x21402049
12-30 10:20:01.509   398   464 D adayocomadapter-CommunicationManager: convertBytesToInt32Memcpy  0
12-30 10:20:01.509   398   464 I vw-vhal : notifyVehicleProperty, propId = 0x21402049, data = {status: 2, int32Values: [0]}
12-30 10:20:01.509   398   464 I vw-vhal : CanSignalsAdapter::notifyVehicleProperty: solvedValue = {.timestamp = 6137331611396, .areaId = 0, .prop = 557850697, .status = AVAILABLE, .value = {.int32Values = [1]{0}, .floatValues = [0]{}, .int64Values = [0]{}, .bytes = [0]{}, .stringValue = ""}}
