12-30 10:20:04.791  2475  2681 I TtsServiceAgent: check thread start checking, threadId = 29
12-30 10:20:04.791  2475  2681 D TtsServiceAgent: start bind service...
12-30 10:20:04.792  2475  2681 D TtsServiceAgent: ----->initService, usage = 16
12-30 10:20:04.792  2475  2681 W ContextImpl: Calling a method in the system process without a qualified user: android.app.ContextImpl.bindService:1988 android.content.ContextWrapper.bindService:861 com.iflytek.autofly.ttsaidl.ttsproxy.TtsServiceAgent.initService:189 com.iflytek.autofly.ttsaidl.ttsproxy.TtsServiceAgent.initService:133 com.iflytek.autofly.ttsaidl.ttsproxy.TtsServiceAgent$2.run:517 
12-30 10:20:04.792   360   931 D EvsDriver: forwardFrame
12-30 10:20:04.792   360   931 D EvsDriver: forwardFrameDirect
12-30 10:20:04.792   360   931 D EvsDriver: Delivered 0xb400e2ca9e40c7a0 as id 1
12-30 10:20:04.792   359  2784 D evsmanagerd: /dev/video-evs0 forwarded the buffer #1 to 0xb400f125d2b26dd0 from 0xb400f125e2b20710
12-30 10:20:04.793   916  1847 W ActivityManager: Unable to start service Intent { act=com.iflytek.autofly.tts.ttsservice.TtsAdapterService cmp=com.iflytek.cutefly.speechclient.hmi/com.iflytek.autofly.tts.ttsservice.TtsAdapterService } U=0: not found
12-30 10:20:04.793  2475  2681 D TtsServiceAgent: bindService: false
12-30 10:20:04.793  2475  2681 D TtsServiceAgent: start reInitService
12-30 10:20:04.793  2475  2681 D TtsServiceAgent: aidlCheckThreadRunning = true
12-30 10:20:04.793  2475  2681 D TtsServiceAgent: ----->check connection status in 1000s...
12-30 10:20:04.800   596  3076 E WifiHAL : Invalid data received from driver
12-30 10:20:04.803   360   458 D EvsDriver: doneWithFrame
12-30 10:20:04.814  1582  3078 I c       : checkService in back thread add: adayo.upgrade.v2.0
12-30 10:20:04.815  2358  2623 D RcfController: Rcf proxy is not connected!
12-30 10:20:04.815  1582  3078 E upgradeApp_251223_V1  l: d(null:11)pre->c(null:23)-> serviceBinder is null
12-30 10:20:04.815  1582  3078 W c       : doBindService in back thread fail: adayo.upgrade.v2.0
12-30 10:20:04.825   360   931 D EvsDriver: forwardFrame
12-30 10:20:04.825   360   931 D EvsDriver: forwardFrameDirect
12-30 10:20:04.826   360   931 D EvsDriver: Delivered 0xb400e2ca9e40e270 as id 0
12-30 10:20:04.826   359  2784 D evsmanagerd: /dev/video-evs0 forwarded the buffer #0 to 0xb400f125d2b26dd0 from 0xb400f125e2b20710
12-30 10:20:04.833   360   458 D EvsDriver: doneWithFrame
12-30 10:20:04.836  1667  2513 W ContextImpl: Calling a method in the system process without a qualified user: android.app.ContextImpl.bindService:1988 android.content.ContextWrapper.bindService:861 com.ford.sync.fnvservice.analytics.AnalyticsManager$RetryHandler.a:126 com.ford.sync.fnvservice.analytics.AnalyticsManager$RetryHandler.handleMessage:103 android.os.Handler.dispatchMessage:106 
12-30 10:20:04.837   916  1847 W ActivityManager: Unable to start service Intent { cmp=com.ford.sync.fnvservice/.analytics.AnalyticsService } U=0: not found
12-30 10:20:04.837  1667  2513 W AnalyticsManager:  bind ford Analytics failed -> sendRetryMessage 
12-30 10:20:04.859   360   931 D EvsDriver: forwardFrame
12-30 10:20:04.859   360   931 D EvsDriver: forwardFrameDirect
12-30 10:20:04.859   360   931 D EvsDriver: Delivered 0xb400e2ca9e40d4b0 as id 1
12-30 10:20:04.859   359  2784 D evsmanagerd: /dev/video-evs0 forwarded the buffer #1 to 0xb400f125d2b26dd0 from 0xb400f125e2b20710
12-30 10:20:04.864   360   458 D EvsDriver: doneWithFrame
12-30 10:20:04.865  2358  2623 D RcfController: Rcf proxy is not connected!
12-30 10:20:04.870   596  3076 E WifiHAL : Invalid data received from driver
12-30 10:20:04.880   650   729 D fgemcucomm: sd Uart data : 6AA602BFCA00029202DF
12-30 10:20:04.881   650   729 D fgemcucomm: rev uart=50794,len=35, data : 6AA681BFCA001B92020203000000000000000000000000000000000000000000000042
12-30 10:20:04.881   398  2883 D adayocomadapter-ParseProtocolFunc: printRaWMsg Name[MCUToUPstream recv] len[27] data[920202030000000000000000000000000000000000000000000000]
12-30 10:20:04.881   398  2883 D adayocomadapter-CommunicationManager: onUpstreamback   member[2] dataLength[24] timePoint[6140703]
12-30 10:20:04.881   398  2883 D adayocomadapter-ParseProtocolFunc: printRaWMsg Name[onUpstreamback] len[24] data[030000000000000000000000000000000000000000000000]
12-30 10:20:04.881   398   464 D adayocomadapter-UpstreamHandler: processBeforePacket upSreamtProcessTimePoint[6140703] 
12-30 10:20:04.881   398   464 D adayocomadapter-ParseProtocolFunc: parseGeneralIPCLBytes Processing tablename[Table-3] tableSize[23]
12-30 10:20:04.882   398   464 D adayocomadapter-ParseProtocolFunc: printRaWMsg Name[byteStream recv] len[24] data[030000000000000000000000000000000000000000000000]
12-30 10:20:04.882   398   464 D adayocomadapter-ParseProtocolFunc: printRaWMsg Name[IPCLtoVHAL] len[28] data[2110208E010000000000000000000000000000000000000000000000]
12-30 10:20:04.882   398   464 D adayocomadapter-CommunicationManager: onUpstreamReceive mPropertyId 0x2110208e
12-30 10:20:04.882   398   464 D adayocomadapter-CommunicationManager: byteArrayToHexString  
12-30 10:20:04.882   398   464 I vw-vhal : notifyVehicleProperty, propId = 0x2110208e, data = {status: 2, stringValue: "
12-30 10:20:04.882  1667  2410 I media_message_log->MediaMessageUserProxy: (SourceFile:1)b connectToService action bind
12-30 10:20:04.882   398   464 I vw-vhal : CanSignalsAdapter::notifyVehicleProperty: solvedValue = {.timestamp = 6140704324730, .areaId = 0, .prop = 554705038, .status = AVAILABLE, .value = {.int32Values = [0]{}, .floatValues = [0]{}, .int64Values = [0]{}, .bytes = [0]{}, .stringValue = ""}}
12-30 10:20:04.882   398   464 I VehiclePropertyStore: begin to write value to Store: {.timestamp = 6140704324730, .areaId = 0, .prop = 554705038, .status = AVAILABLE, .value = {.int32Values = [0]{}, .floatValues = [0]{}, .int64Values = [0]{}, .bytes = [0]{}, .stringValue = ""}}
12-30 10:20:04.882   398   464 I DefaultVehicleHal_v2_0: DefaultVehicleHal::onPropertyValue, value:{.timestamp = 6140704324730, .areaId = 0, .prop = 554705038, .status = AVAILABLE, .value = {.int32Values = [0]{}, .floatValues = [0]{}, .int64Values = [0]{}, .bytes = [0]{}, .stringValue = ""}}
12-30 10:20:04.882   398   464 D DiagPropHandler: is not DiagnosticConfig: 0x2110208e
12-30 10:20:04.882   398   464 I VehiclePropertyStore: begin to write value to Store: {.timestamp = 6140704324730, .areaId = 0, .prop = 554705038, .status = AVAILABLE, .value = {.int32Values = [0]{}, .floatValues = [0]{}, .int64Values = [0]{}, .bytes = [0]{}, .stringValue = ""}}
12-30 10:20:04.882   398   464 D adayocomadapter-CommunicationManager: onUpstreamReceive mPropertyId 0x2110208e
12-30 10:20:04.883   916  1847 W ActivityManager: Unable to start service Intent { cmp=com.adayo.server.mediamessagetransfer/.MediaMessTransferService (has extras) } U=0: not found
12-30 10:20:04.884  1667  2410 E media_message_log->MediaMessageUserProxy: (SourceFile:7)a bindServiceAsUser isBound = false
12-30 10:20:04.892   360   931 D EvsDriver: forwardFrame
12-30 10:20:04.892   360   931 D EvsDriver: forwardFrameDirect
12-30 10:20:04.892   360   931 D EvsDriver: Delivered 0xb400e2ca9e40c2d0 as id 0
12-30 10:20:04.892   359  2784 D evsmanagerd: /dev/video-evs0 forwarded the buffer #0 to 0xb400f125d2b26dd0 from 0xb400f125e2b20710
12-30 10:20:04.894   360   458 D EvsDriver: doneWithFrame
12-30 10:20:04.915  2358  2623 D RcfController: Rcf proxy is not connected!
12-30 10:20:04.925   360   931 I EvsDriver: /dev/video-evs0 VideoCapture fps 29.9997
12-30 10:20:04.925   360   931 D EvsDriver: forwardFrame
12-30 10:20:04.925   360   931 D EvsDriver: forwardFrameDirect
12-30 10:20:04.926   360   931 D EvsDriver: Delivered 0xb400e2ca9e40d090 as id 1
12-30 10:20:04.926   359  2784 D evsmanagerd: /dev/video-evs0 forwarded the buffer #1 to 0xb400f125d2b26dd0 from 0xb400f125e2b20710
12-30 10:20:04.935   360   458 D EvsDriver: doneWithFrame
12-30 10:20:04.938   596  3076 E WifiHAL : Invalid data received from driver
12-30 10:20:04.959   360   931 D EvsDriver: forwardFrame
12-30 10:20:04.959   360   931 D EvsDriver: forwardFrameDirect
12-30 10:20:04.959   360   931 D EvsDriver: Delivered 0xb400e2ca9e40e110 as id 0
12-30 10:20:04.959   359  2784 D evsmanagerd: /dev/video-evs0 forwarded the buffer #0 to 0xb400f125d2b26dd0 from 0xb400f125e2b20710
12-30 10:20:04.965   360   458 D EvsDriver: doneWithFrame
12-30 10:20:04.966  2358  2623 D RcfController: Rcf proxy is not connected!
12-30 10:20:04.979   650   729 D fgemcucomm: sd Uart data : 6AA602BFCB0002800AE8
12-30 10:20:04.979   650   729 D fgemcucomm: rev uart=50795,len=13, data : 6AA681BFCB0005800A04000062
12-30 10:20:04.979   398  2883 D adayocomadapter-ParseProtocolFunc: printRaWMsg Name[MCUToUPstream recv] len[4] data[800A0400]
12-30 10:20:04.979   398  2883 D adayocomadapter-CommunicationManager: onUpstreamback   member[7] dataLength[2] timePoint[6140801]
12-30 10:20:04.979   398  2883 D adayocomadapter-ParseProtocolFunc: printRaWMsg Name[onUpstreamback] len[2] data[0400]
12-30 10:20:04.979   398   464 D adayocomadapter-UpstreamHandler: processBeforePacket upSreamtProcessTimePoint[6140801] 
12-30 10:20:04.980   398   464 D adayocomadapter-ParseProtocolFunc: parseGeneralIPCLBytes Processing tablename[Table-0] tableSize[2]
12-30 10:20:04.980   398   464 D adayocomadapter-ParseProtocolFunc: printRaWMsg Name[byteStream recv] len[2] data[0400]
12-30 10:20:04.980   398   464 D adayocomadapter-ParseProtocolFunc: printRaWMsg Name[IPCLtoVHAL] len[6] data[314010020000]
12-30 10:20:04.980   398   464 D adayocomadapter-ParseProtocolFunc: printRaWMsg Name[IPCLtoVHAL] len[6] data[314010010004]
12-30 10:20:04.980   398   464 D adayocomadapter-CommunicationManager: onUpstreamReceive mPropertyId 0x31401002
12-30 10:20:04.980   398   464 D adayocomadapter-CommunicationManager: convertBytesToInt32Memcpy  0
12-30 10:20:04.980   398   464 I vw-vhal : notifyVehicleProperty, propId = 0x31401002, data = {status: 2, int32Values: [0]}
12-30 10:20:04.980   398   464 I vw-vhal : CanSignalsAdapter::notifyVehicleProperty: solvedValue = {.timestamp = 6140802350063, .areaId = 0, .prop = 826281986, .status = AVAILABLE, .value = {.int32Values = [1]{0}, .floatValues = [0]{}, .int64Values = [0]{}, .bytes = [0]{}, .stringValue = ""}}
12-30 10:20:04.980   398   464 I VehiclePropertyStore: begin to write value to Store: {.timestamp = 6140802350063, .areaId = 0, .prop = 826281986, .status = AVAILABLE, .value = {.int32Values = [1]{0}, .floatValues = [0]{}, .int64Values = [0]{}, .bytes = [0]{}, .stringValue = ""}}
12-30 10:20:04.980   398   464 I DefaultVehicleHal_v2_0: DefaultVehicleHal::onPropertyValue, value:{.timestamp = 6140802350063, .areaId = 0, .prop = 826281986, .status = AVAILABLE, .value = {.int32Values = [1]{0}, .floatValues = [0]{}, .int64Values = [0]{}, .bytes = [0]{}, .stringValue = ""}}
12-30 10:20:04.980   398   464 D DiagPropHandler: is not DiagnosticConfig: 0x31401002
12-30 10:20:04.980   398   464 I VehiclePropertyStore: begin to write value to Store: {.timestamp = 6140802350063, .areaId = 0, .prop = 826281986, .status = AVAILABLE, .value = {.int32Values = [1]{0}, .floatValues = [0]{}, .int64Values = [0]{}, .bytes = [0]{}, .stringValue = ""}}
12-30 10:20:04.980   398   464 D adayocomadapter-CommunicationManager: onUpstreamReceive mPropertyId 0x31401002
12-30 10:20:04.981   398   464 D adayocomadapter-CommunicationManager: onUpstreamReceive mPropertyId 0x31401001
12-30 10:20:04.981   398   464 D adayocomadapter-CommunicationManager: convertBytesToInt32Memcpy  4
12-30 10:20:04.981   398   464 I vw-vhal : notifyVehicleProperty, propId = 0x31401001, data = {status: 2, int32Values: [4]}
12-30 10:20:04.981   398   464 I vw-vhal : CanSignalsAdapter::notifyVehicleProperty: solvedValue = {.timestamp = 6140803041063, .areaId = 0, .prop = 826281985, .status = AVAILABLE, .value = {.int32Values = [1]{4}, .floatValues = [0]{}, .int64Values = [0]{}, .bytes = [0]{}, .stringValue = ""}}
12-30 10:20:04.981   398   464 I VehiclePropertyStore: begin to write value to Store: {.timestamp = 6140803041063, .areaId = 0, .prop = 826281985, .status = AVAILABLE, .value = {.int32Values = [1]{4}, .floatValues = [0]{}, .int64Values = [0]{}, .bytes = [0]{}, .stringValue = ""}}
12-30 10:20:04.981   398   464 I DefaultVehicleHal_v2_0: DefaultVehicleHal::onPropertyValue, value:{.timestamp = 6140803041063, .areaId = 0, .prop = 826281985, .status = AVAILABLE, .value = {.int32Values = [1]{4}, .floatValues = [0]{}, .int64Values = [0]{}, .bytes = [0]{}, .stringValue = ""}}
12-30 10:20:04.981   398   464 D DiagPropHandler: is not DiagnosticConfig: 0x31401001
12-30 10:20:04.981   398   464 I VehiclePropertyStore: begin to write value to Store: {.timestamp = 6140803041063, .areaId = 0, .prop = 826281985, .status = AVAILABLE, .value = {.int32Values = [1]{4}, .floatValues = [0]{}, .int64Values = [0]{}, .bytes = [0]{}, .stringValue = ""}}
12-30 10:20:04.981   398   464 D adayocomadapter-CommunicationManager: onUpstreamReceive mPropertyId 0x31401001
12-30 10:20:04.992   360   931 D EvsDriver: forwardFrame
12-30 10:20:04.992   360   931 D EvsDriver: forwardFrameDirect
12-30 10:20:04.992   360   931 D EvsDriver: Delivered 0xb400e2ca9e40c7a0 as id 1
12-30 10:20:04.992   359  2784 D evsmanagerd: /dev/video-evs0 forwarded the buffer #1 to 0xb400f125d2b26dd0 from 0xb400f125e2b20710
12-30 10:20:04.995   360   458 D EvsDriver: doneWithFrame
12-30 10:20:04.999   596  3076 E WifiHAL : Invalid data received from driver
12-30 10:20:05.016  2358  2623 D RcfController: Rcf proxy is not connected!
12-30 10:20:05.025   360   931 D EvsDriver: forwardFrame
12-30 10:20:05.025   360   931 D EvsDriver: forwardFrameDirect
12-30 10:20:05.026   360   931 D EvsDriver: Delivered 0xb400e2ca9e40e270 as id 0
12-30 10:20:05.026   359  2784 D evsmanagerd: /dev/video-evs0 forwarded the buffer #0 to 0xb400f125d2b26dd0 from 0xb400f125e2b20710
12-30 10:20:05.027  1611  1611 I ADAYO_LOG_: handleMessage(UsbFunc.java:3)copyQnx = 0
12-30 10:20:05.027  1611  1611 I ADAYO_LOG_: handleMessage(UsbFunc.java:12)copyState = 2
12-30 10:20:05.036   360   458 D EvsDriver: doneWithFrame
12-30 10:20:05.045   596  3076 E WifiHAL : Invalid data received from driver
12-30 10:20:05.059   360   931 D EvsDriver: forwardFrame
12-30 10:20:05.059   360   931 D EvsDriver: forwardFrameDirect
12-30 10:20:05.059   360   931 D EvsDriver: Delivered 0xb400e2ca9e40d4b0 as id 1
12-30 10:20:05.059   359  2784 D evsmanagerd: /dev/video-evs0 forwarded the buffer #1 to 0xb400f125d2b26dd0 from 0xb400f125e2b20710
12-30 10:20:05.066   360   458 D EvsDriver: doneWithFrame
12-30 10:20:05.066  2358  2623 D RcfController: Rcf proxy is not connected!
12-30 10:20:05.084   916  1202 D CpuMonitorService: Added latest delta time in state info for policy id 0
12-30 10:20:05.086   916  1202 D CpuMonitorService: Read dynamic policy info DynamicPolicyInfo{curCpuFreqKHz = 550000, maxCpuFreqKHz = 2200000, avgTimeInStateCpuFreqKHz = 1055341, affectedCpuCores = [0, 1, 2, 3, 4, 5]} for policy id 0
12-30 10:20:05.086   916  1202 D CpuMonitorService: Added CpuInfo{ cpuCore = 0, cpusetCategories = [FLAG_CPUSET_CATEGORY_TOP_APP|FLAG_CPUSET_CATEGORY_BACKGROUND], isOnline = Yes, curCpuFreqKHz = 550000, maxCpuFreqKHz = 2200000, avgTimeInStateCpuFreqKHz = 1055341, latestCpuUsageStats = CpuUsageStats{ userTimeMillis = 2010, niceTimeMillis = 590, systemTimeMillis = 5510, idleTimeMillis = 48840, iowaitTimeMillis = 40, irqTimeMillis = 780, softirqTimeMillis = 880, stealTimeMillis = 0, guestTimeMillis = 0, guestNiceTimeMillis = 0 }, mNormalizedAvailableCpuFreqKHz = 2023480 } for CPU core 0
12-30 10:20:05.086   916  1202 D CpuMonitorService: Added CpuInfo{ cpuCore = 1, cpusetCategories = [FLAG_CPUSET_CATEGORY_TOP_APP|FLAG_CPUSET_CATEGORY_BACKGROUND], isOnline = Yes, curCpuFreqKHz = 550000, maxCpuFreqKHz = 2200000, avgTimeInStateCpuFreqKHz = 1055341, latestCpuUsageStats = CpuUsageStats{ userTimeMillis = 2140, niceTimeMillis = 540, systemTimeMillis = 5250, idleTimeMillis = 50210, iowaitTimeMillis = 30, irqTimeMillis = 600, softirqTimeMillis = 100, stealTimeMillis = 0, guestTimeMillis = 0, guestNiceTimeMillis = 0 }, mNormalizedAvailableCpuFreqKHz = 2044755 } for CPU core 1
12-30 10:20:05.086   916  1202 D CpuMonitorService: Added CpuInfo{ cpuCore = 2, cpusetCategories = [FLAG_CPUSET_CATEGORY_TOP_APP|FLAG_CPUSET_CATEGORY_BACKGROUND], isOnline = Yes, curCpuFreqKHz = 550000, maxCpuFreqKHz = 2200000, avgTimeInStateCpuFreqKHz = 1055341, latestCpuUsageStats = CpuUsageStats{ userTimeMillis = 2080, niceTimeMillis = 450, systemTimeMillis = 5000, idleTimeMillis = 50480, iowaitTimeMillis = 40, irqTimeMillis = 610, softirqTimeMillis = 90, stealTimeMillis = 0, guestTimeMillis = 0, guestNiceTimeMillis = 0 }, mNormalizedAvailableCpuFreqKHz = 2051443 } for CPU core 2
12-30 10:20:05.087   916  1202 D CpuMonitorService: Added CpuInfo{ cpuCore = 3, cpusetCategories = [FLAG_CPUSET_CATEGORY_TOP_APP|FLAG_CPUSET_CATEGORY_BACKGROUND], isOnline = Yes, curCpuFreqKHz = 550000, maxCpuFreqKHz = 2200000, avgTimeInStateCpuFreqKHz = 1055341, latestCpuUsageStats = CpuUsageStats{ userTimeMillis = 3680, niceTimeMillis = 90, systemTimeMillis = 4720, idleTimeMillis = 49740, iowaitTimeMillis = 60, irqTimeMillis = 550, softirqTimeMillis = 120, stealTimeMillis = 0, guestTimeMillis = 0, guestNiceTimeMillis = 0 }, mNormalizedAvailableCpuFreqKHz = 2034968 } for CPU core 3
12-30 10:20:05.087   916  1202 D CpuMonitorService: Added CpuInfo{ cpuCore = 4, cpusetCategories = [FLAG_CPUSET_CATEGORY_TOP_APP|FLAG_CPUSET_CATEGORY_BACKGROUND], isOnline = Yes, curCpuFreqKHz = 550000, maxCpuFreqKHz = 2200000, avgTimeInStateCpuFreqKHz = 1055341, latestCpuUsageStats = CpuUsageStats{ userTimeMillis = 4410, niceTimeMillis = 80, systemTimeMillis = 4480, idleTimeMillis = 49200, iowaitTimeMillis = 70, irqTimeMillis = 570, softirqTimeMillis = 120, stealTimeMillis = 0, guestTimeMillis = 0, guestNiceTimeMillis = 0 }, mNormalizedAvailableCpuFreqKHz = 2025751 } for CPU core 4
12-30 10:20:05.087   916  1202 D CpuMonitorService: Added CpuInfo{ cpuCore = 5, cpusetCategories = [FLAG_CPUSET_CATEGORY_TOP_APP|FLAG_CPUSET_CATEGORY_BACKGROUND], isOnline = Yes, curCpuFreqKHz = 550000, maxCpuFreqKHz = 2200000, avgTimeInStateCpuFreqKHz = 1055341, latestCpuUsageStats = CpuUsageStats{ userTimeMillis = 2900, niceTimeMillis = 60, systemTimeMillis = 4670, idleTimeMillis = 50330, iowaitTimeMillis = 90, irqTimeMillis = 570, softirqTimeMillis = 140, stealTimeMillis = 0, guestTimeMillis = 0, guestNiceTimeMillis = 0 }, mNormalizedAvailableCpuFreqKHz = 2048595 } for CPU core 5
12-30 10:20:05.092   360   931 D EvsDriver: forwardFrame
12-30 10:20:05.092   360   931 D EvsDriver: forwardFrameDirect
12-30 10:20:05.092   360   931 D EvsDriver: Delivered 0xb400e2ca9e40c2d0 as id 0
12-30 10:20:05.092   359  2784 D evsmanagerd: /dev/video-evs0 forwarded the buffer #0 to 0xb400f125d2b26dd0 from 0xb400f125e2b20710
12-30 10:20:05.096   360   458 D EvsDriver: doneWithFrame
12-30 10:20:05.113   596  3076 E WifiHAL : Invalid data received from driver
12-30 10:20:05.116  2358  2623 D RcfController: Rcf proxy is not connected!
12-30 10:20:05.125   360   931 D EvsDriver: forwardFrame
12-30 10:20:05.125   360   931 D EvsDriver: forwardFrameDirect
12-30 10:20:05.126   360   931 D EvsDriver: Delivered 0xb400e2ca9e40d090 as id 1
12-30 10:20:05.126   359  2784 D evsmanagerd: /dev/video-evs0 forwarded the buffer #1 to 0xb400f125d2b26dd0 from 0xb400f125e2b20710
12-30 10:20:05.127   360   458 D EvsDriver: doneWithFrame
12-30 10:20:05.145   650   729 D fgemcucomm: sd Uart data : 6AA602BFCC00028B30B6
12-30 10:20:05.146   650   729 D fgemcucomm: rev uart=50796,len=92, data : 6AA681BFCC00548B30B01E0A1403A55A880000010001010E000000000000000000000000000000000000000023C204C30428808080808080808031040AFF0A0D0D09000900BBBBBBBBBBBBBBBBBB000000000000000000004F020529
12-30 10:20:05.159   650   729 D fgemcucomm: sd Uart data : 6AA602BFCD00029202DC
12-30 10:20:05.159   360   931 D EvsDriver: forwardFrame
12-30 10:20:05.159   360   931 D EvsDriver: forwardFrameDirect
12-30 10:20:05.159   650   729 D fgemcucomm: rev uart=50797,len=14, data : 6AA681BFCD00069202001A00003F
12-30 10:20:05.159   360   931 D EvsDriver: Delivered 0xb400e2ca9e40e110 as id 0
12-30 10:20:05.159   359  2784 D evsmanagerd: /dev/video-evs0 forwarded the buffer #0 to 0xb400f125d2b26dd0 from 0xb400f125e2b20710
12-30 10:20:05.159   398  2883 D adayocomadapter-ParseProtocolFunc: printRaWMsg Name[MCUToUPstream recv] len[6] data[9202001A0000]
12-30 10:20:05.159   398  2883 D adayocomadapter-CommunicationManager: onUpstreamback   member[0] dataLength[3] timePoint[6140981]
12-30 10:20:05.159   398  2883 D adayocomadapter-ParseProtocolFunc: printRaWMsg Name[onUpstreamback] len[3] data[1A0000]
12-30 10:20:05.159   398   464 D adayocomadapter-UpstreamHandler: processBeforePacket upSreamtProcessTimePoint[6140981] 
12-30 10:20:05.160   398   464 D adayocomadapter-UpstreamHandler: processPacket UPSTREAM_QUEUE_DATA_TIMEOUT
12-30 10:20:05.160   398   464 D adayocomadapter-ParseProtocolFunc: parseCommonIPCLBytes Processing tableNumber[26]
12-30 10:20:05.160   398   464 D adayocomadapter-ParseProtocolFunc: parseCommonIPCLBytes Processing tablename[Table-26] tableSize[3]
12-30 10:20:05.160   398   464 D adayocomadapter-ParseProtocolFunc: printRaWMsg Name[byteStream recv] len[3] data[1A0000]
12-30 10:20:05.160   398   464 D adayocomadapter-ParseProtocolFunc: printRaWMsg Name[IPCLtoVHAL] len[6] data[214021C90000]
12-30 10:20:05.160   398   464 D adayocomadapter-ParseProtocolFunc: printRaWMsg Name[IPCLtoVHAL] len[6] data[214022060000]
12-30 10:20:05.160   398   464 D adayocomadapter-CommunicationManager: onUpstreamReceive mPropertyId 0x214021c9
12-30 10:20:05.160   398   464 D adayocomadapter-CommunicationManager: convertBytesToInt32Memcpy  0
12-30 10:20:05.160   398   464 I vw-vhal : notifyVehicleProperty, propId = 0x214021c9, data = {status: 2, int32Values: [0]}
12-30 10:20:05.160   398   464 I vw-vhal : CanSignalsAdapter::notifyVehicleProperty: solvedValue = {.timestamp = 6140982405730, .areaId = 0, .prop = 557851081, .status = AVAILABLE, .value = {.int32Values = [1]{0}, .floatValues = [0]{}, .int64Values = [0]{}, .bytes = [0]{}, .stringValue = ""}}
12-30 10:20:05.160   398   464 I VehiclePropertyStore: begin to write value to Store: {.timestamp = 6140982405730, .areaId = 0, .prop = 557851081, .status = AVAILABLE, .value = {.int32Values = [1]{0}, .floatValues = [0]{}, .int64Values = [0]{}, .bytes = [0]{}, .stringValue = ""}}
12-30 10:20:05.160   398   464 I DefaultVehicleHal_v2_0: DefaultVehicleHal::onPropertyValue, value:{.timestamp = 6140982405730, .areaId = 0, .prop = 557851081, .status = AVAILABLE, .value = {.int32Values = [1]{0}, .floatValues = [0]{}, .int64Values = [0]{}, .bytes = [0]{}, .stringValue = ""}}
12-30 10:20:05.160   398   464 D DiagPropHandler: is not DiagnosticConfig: 0x214021c9
12-30 10:20:05.160   398   464 I VehiclePropertyStore: begin to write value to Store: {.timestamp = 6140982405730, .areaId = 0, .prop = 557851081, .status = AVAILABLE, .value = {.int32Values = [1]{0}, .floatValues = [0]{}, .int64Values = [0]{}, .bytes = [0]{}, .stringValue = ""}}
12-30 10:20:05.161   398   464 D adayocomadapter-CommunicationManager: onUpstreamReceive mPropertyId 0x214021c9
12-30 10:20:05.161   398   464 D adayocomadapter-CommunicationManager: onUpstreamReceive mPropertyId 0x21402206
12-30 10:20:05.161   398   464 D adayocomadapter-CommunicationManager: convertBytesToInt32Memcpy  0
12-30 10:20:05.161   398   464 I vw-vhal : notifyVehicleProperty, propId = 0x21402206, data = {status: 2, int32Values: [0]}
12-30 10:20:05.161   398   464 I vw-vhal : CanSignalsAdapter::notifyVehicleProperty: solvedValue = {.timestamp = 6140983096063, .areaId = 0, .prop = 557851142, .status = AVAILABLE, .value = {.int32Values = [1]{0}, .floatValues = [0]{}, .int64Values = [0]{}, .bytes = [0]{}, .stringValue = ""}}
12-30 10:20:05.161   398   464 I VehiclePropertyStore: begin to write value to Store: {.timestamp = 6140983096063, .areaId = 0, .prop = 557851142, .status = AVAILABLE, .value = {.int32Values = [1]{0}, .floatValues = [0]{}, .int64Values = [0]{}, .bytes = [0]{}, .stringValue = ""}}
12-30 10:20:05.161   398   464 I DefaultVehicleHal_v2_0: DefaultVehicleHal::onPropertyValue, value:{.timestamp = 6140983096063, .areaId = 0, .prop = 557851142, .status = AVAILABLE, .value = {.int32Values = [1]{0}, .floatValues = [0]{}, .int64Values = [0]{}, .bytes = [0]{}, .stringValue = ""}}
12-30 10:20:05.161   398   464 D DiagPropHandler: is not DiagnosticConfig: 0x21402206
12-30 10:20:05.161   398   464 I VehiclePropertyStore: begin to write value to Store: {.timestamp = 6140983096063, .areaId = 0, .prop = 557851142, .status = AVAILABLE, .value = {.int32Values = [1]{0}, .floatValues = [0]{}, .int64Values = [0]{}, .bytes = [0]{}, .stringValue = ""}}
12-30 10:20:05.161   398   464 D adayocomadapter-CommunicationManager: onUpstreamReceive mPropertyId 0x21402206
12-30 10:20:05.167  2358  2623 D RcfController: Rcf proxy is not connected!
12-30 10:20:05.167   360   458 D EvsDriver: doneWithFrame
12-30 10:20:05.179   650   729 D fgemcucomm: sd Uart data : 6AA602BFCE00029202DB
12-30 10:20:05.179   650   729 D fgemcucomm: rev uart=50798,len=15, data : 6AA681BFCE00079202000200000055
12-30 10:20:05.179   398  2883 D adayocomadapter-ParseProtocolFunc: printRaWMsg Name[MCUToUPstream recv] len[7] data[92020002000000]
12-30 10:20:05.179   398  2883 D adayocomadapter-CommunicationManager: onUpstreamback   member[0] dataLength[4] timePoint[6141001]
12-30 10:20:05.179   398  2883 D adayocomadapter-ParseProtocolFunc: printRaWMsg Name[onUpstreamback] len[4] data[02000000]
12-30 10:20:05.180   398   464 D adayocomadapter-UpstreamHandler: processBeforePacket upSreamtProcessTimePoint[6141001] 
12-30 10:20:05.180   398   464 D adayocomadapter-UpstreamHandler: processPacket UPSTREAM_QUEUE_DATA_TIMEOUT
12-30 10:20:05.180   398   464 D adayocomadapter-ParseProtocolFunc: parseCommonIPCLBytes Processing tableNumber[2]
12-30 10:20:05.180   398   464 D adayocomadapter-ParseProtocolFunc: parseCommonIPCLBytes Processing tablename[Table-2] tableSize[4]
12-30 10:20:05.180   398   464 D adayocomadapter-ParseProtocolFunc: printRaWMsg Name[byteStream recv] len[4] data[02000000]
12-30 10:20:05.180   398   464 D adayocomadapter-ParseProtocolFunc: printRaWMsg Name[IPCLtoVHAL] len[6] data[214020490000]
12-30 10:20:05.180   398   464 D adayocomadapter-ParseProtocolFunc: printRaWMsg Name[IPCLtoVHAL] len[6] data[214021A20000]
12-30 10:20:05.180   398   464 D adayocomadapter-ParseProtocolFunc: printRaWMsg Name[IPCLtoVHAL] len[6] data[214020EA0000]
12-30 10:20:05.180   398   464 D adayocomadapter-CommunicationManager: onUpstreamReceive mPropertyId 0x21402049
12-30 10:20:05.180   398   464 D adayocomadapter-CommunicationManager: convertBytesToInt32Memcpy  0
12-30 10:20:05.180   398   464 I vw-vhal : notifyVehicleProperty, propId = 0x21402049, data = {status: 2, int32Values: [0]}
12-30 10:20:05.180   398   464 I vw-vhal : CanSignalsAdapter::notifyVehicleProperty: solvedValue = {.timestamp = 6141002518063, .areaId = 0, .prop = 557850697, .status = AVAILABLE, .value = {.int32Values = [1]{0}, .floatValues = [0]{}, .int64Values = [0]{}, .bytes = [0]{}, .stringValue = ""}}
12-30 10:20:05.180   398   464 I VehiclePropertyStore: begin to write value to Store: {.timestamp = 6141002518063, .areaId = 0, .prop = 557850697, .status = AVAILABLE, .value = {.int32Values = [1]{0}, .floatValues = [0]{}, .int64Values = [0]{}, .bytes = [0]{}, .stringValue = ""}}
12-30 10:20:05.180   398   464 I DefaultVehicleHal_v2_0: DefaultVehicleHal::onPropertyValue, value:{.timestamp = 6141002518063, .areaId = 0, .prop = 557850697, .status = AVAILABLE, .value = {.int32Values = [1]{0}, .floatValues = [0]{}, .int64Values = [0]{}, .bytes = [0]{}, .stringValue = ""}}
12-30 10:20:05.180   398   464 D DiagPropHandler: is not DiagnosticConfig: 0x21402049
12-30 10:20:05.181   398   464 I VehiclePropertyStore: begin to write value to Store: {.timestamp = 6141002518063, .areaId = 0, .prop = 557850697, .status = AVAILABLE, .value = {.int32Values = [1]{0}, .floatValues = [0]{}, .int64Values = [0]{}, .bytes = [0]{}, .stringValue = ""}}
12-30 10:20:05.181   398   464 D adayocomadapter-CommunicationManager: onUpstreamReceive mPropertyId 0x21402049
12-30 10:20:05.181   398   464 D adayocomadapter-CommunicationManager: onUpstreamReceive mPropertyId 0x214021a2
12-30 10:20:05.181   398   464 D adayocomadapter-CommunicationManager: convertBytesToInt32Memcpy  0
12-30 10:20:05.181   398   464 I vw-vhal : notifyVehicleProperty, propId = 0x214021a2, data = {status: 2, int32Values: [0]}
12-30 10:20:05.181   398   464 I vw-vhal : CanSignalsAdapter::notifyVehicleProperty: solvedValue = {.timestamp = 6141003198730, .areaId = 0, .prop = 557851042, .status = AVAILABLE, .value = {.int32Values = [1]{0}, .floatValues = [0]{}, .int64Values = [0]{}, .bytes = [0]{}, .stringValue = ""}}
12-30 10:20:05.181   398   464 I VehiclePropertyStore: begin to write value to Store: {.timestamp = 6141003198730, .areaId = 0, .prop = 557851042, .status = AVAILABLE, .value = {.int32Values = [1]{0}, .floatValues = [0]{}, .int64Values = [0]{}, .bytes = [0]{}, .stringValue = ""}}
12-30 10:20:05.181   398   464 I DefaultVehicleHal_v2_0: DefaultVehicleHal::onPropertyValue, value:{.timestamp = 6141003198730, .areaId = 0, .prop = 557851042, .status = AVAILABLE, .value = {.int32Values = [1]{0}, .floatValues = [0]{}, .int64Values = [0]{}, .bytes = [0]{}, .stringValue = ""}}
12-30 10:20:05.181   398   464 D DiagPropHandler: is not DiagnosticConfig: 0x214021a2
12-30 10:20:05.181   398   464 I VehiclePropertyStore: begin to write value to Store: {.timestamp = 6141003198730, .areaId = 0, .prop = 557851042, .status = AVAILABLE, .value = {.int32Values = [1]{0}, .floatValues = [0]{}, .int64Values = [0]{}, .bytes = [0]{}, .stringValue = ""}}
12-30 10:20:05.181   398   464 D adayocomadapter-CommunicationManager: onUpstreamReceive mPropertyId 0x214021a2
12-30 10:20:05.181   398   464 D adayocomadapter-CommunicationManager: onUpstreamReceive mPropertyId 0x214020ea
12-30 10:20:05.181   398   464 D adayocomadapter-CommunicationManager: convertBytesToInt32Memcpy  0
12-30 10:20:05.181   398   464 I vw-vhal : notifyVehicleProperty, propId = 0x214020ea, data = {status: 2, int32Values: [0]}
12-30 10:20:05.182   398   464 I vw-vhal : CanSignalsAdapter::notifyVehicleProperty: solvedValue = {.timestamp = 6141003844396, .areaId = 0, .prop = 557850858, .status = AVAILABLE, .value = {.int32Values = [1]{0}, .floatValues = [0]{}, .int64Values = [0]{}, .bytes = [0]{}, .stringValue = ""}}
12-30 10:20:05.182   398   464 I VehiclePropertyStore: begin to write value to Store: {.timestamp = 6141003844396, .areaId = 0, .prop = 557850858, .status = AVAILABLE, .value = {.int32Values = [1]{0}, .floatValues = [0]{}, .int64Values = [0]{}, .bytes = [0]{}, .stringValue = ""}}
12-30 10:20:05.182   398   464 I DefaultVehicleHal_v2_0: DefaultVehicleHal::onPropertyValue, value:{.timestamp = 6141003844396, .areaId = 0, .prop = 557850858, .status = AVAILABLE, .value = {.int32Values = [1]{0}, .floatValues = [0]{}, .int64Values = [0]{}, .bytes = [0]{}, .stringValue = ""}}
12-30 10:20:05.182   398   464 D DiagPropHandler: is not DiagnosticConfig: 0x214020ea
12-30 10:20:05.182   398   464 I VehiclePropertyStore: begin to write value to Store: {.timestamp = 6141003844396, .areaId = 0, .prop = 557850858, .status = AVAILABLE, .value = {.int32Values = [1]{0}, .floatValues = [0]{}, .int64Values = [0]{}, .bytes = [0]{}, .stringValue = ""}}
12-30 10:20:05.182   398   464 D adayocomadapter-CommunicationManager: onUpstreamReceive mPropertyId 0x214020ea
12-30 10:20:05.192   360   931 D EvsDriver: forwardFrame
12-30 10:20:05.192   360   931 D EvsDriver: forwardFrameDirect
12-30 10:20:05.192   360   931 D EvsDriver: Delivered 0xb400e2ca9e40c7a0 as id 1
12-30 10:20:05.192   359  2784 D evsmanagerd: /dev/video-evs0 forwarded the buffer #1 to 0xb400f125d2b26dd0 from 0xb400f125e2b20710
12-30 10:20:05.198   360   458 D EvsDriver: doneWithFrame
12-30 10:20:05.207   596  3076 E WifiHAL : Invalid data received from driver
12-30 10:20:05.217  2358  2623 D RcfController: Rcf proxy is not connected!
12-30 10:20:05.224   596  3076 E WifiHAL : Invalid data received from driver
12-30 10:20:05.224   596  3076 E WifiHAL : Invalid data received from driver
12-30 10:20:05.225   596  3076 E WifiHAL : Invalid data received from driver
12-30 10:20:05.225   596  3076 E WifiHAL : Invalid data received from driver
12-30 10:20:05.225   596  3076 E WifiHAL : Invalid data received from driver
12-30 10:20:05.225   596  3076 E WifiHAL : Invalid data received from driver
12-30 10:20:05.225   596  3076 E WifiHAL : Invalid data received from driver
12-30 10:20:05.225   360   931 D EvsDriver: forwardFrame
12-30 10:20:05.225   360   931 D EvsDriver: forwardFrameDirect
12-30 10:20:05.226   360   931 D EvsDriver: Delivered 0xb400e2ca9e40e270 as id 0
12-30 10:20:05.226   359  2784 D evsmanagerd: /dev/video-evs0 forwarded the buffer #0 to 0xb400f125d2b26dd0 from 0xb400f125e2b20710
12-30 10:20:05.228   360   458 D EvsDriver: doneWithFrame
12-30 10:20:05.249   650   729 D fgemcucomm: sd Uart data : 6AA602BFCF00029202DA
12-30 10:20:05.249   650   729 D fgemcucomm: rev uart=50799,len=18, data : 6AA681BFCF000A920200070000000000004C
12-30 10:20:05.250   398  2883 D adayocomadapter-ParseProtocolFunc: printRaWMsg Name[MCUToUPstream recv] len[10] data[92020007000000000000]
12-30 10:20:05.250   398  2883 D adayocomadapter-CommunicationManager: onUpstreamback   member[0] dataLength[7] timePoint[6141072]
12-30 10:20:05.250   398  2883 D adayocomadapter-ParseProtocolFunc: printRaWMsg Name[onUpstreamback] len[7] data[07000000000000]
12-30 10:20:05.250   398   464 D adayocomadapter-UpstreamHandler: processBeforePacket upSreamtProcessTimePoint[6141072] 
12-30 10:20:05.250   398   464 D adayocomadapter-UpstreamHandler: processPacket UPSTREAM_QUEUE_DATA_TIMEOUT
12-30 10:20:05.250   398   464 D adayocomadapter-ParseProtocolFunc: parseCommonIPCLBytes Processing tableNumber[7]
12-30 10:20:05.250   398   464 D adayocomadapter-ParseProtocolFunc: parseCommonIPCLBytes Processing tablename[Table-7] tableSize[7]
12-30 10:20:05.250   398   464 D adayocomadapter-ParseProtocolFunc: printRaWMsg Name[byteStream recv] len[7] data[07000000000000]
12-30 10:20:05.250   398   464 D adayocomadapter-ParseProtocolFunc: printRaWMsg Name[IPCLtoVHAL] len[6] data[214020530000]
12-30 10:20:05.250   398   464 D adayocomadapter-ParseProtocolFunc: printRaWMsg Name[IPCLtoVHAL] len[6] data[214020A00000]
12-30 10:20:05.250   398   464 D adayocomadapter-ParseProtocolFunc: printRaWMsg Name[IPCLtoVHAL] len[6] data[214021310000]
12-30 10:20:05.250   398   464 D adayocomadapter-ParseProtocolFunc: printRaWMsg Name[IPCLtoVHAL] len[6] data[214020A20000]
12-30 10:20:05.250   398   464 D adayocomadapter-ParseProtocolFunc: printRaWMsg Name[IPCLtoVHAL] len[6] data[214020A40000]
12-30 10:20:05.251   398   464 D adayocomadapter-ParseProtocolFunc: printRaWMsg Name[IPCLtoVHAL] len[6] data[214021CE0000]
12-30 10:20:05.251   398   464 D adayocomadapter-CommunicationManager: onUpstreamReceive mPropertyId 0x21402053
12-30 10:20:05.251   398   464 D adayocomadapter-CommunicationManager: convertBytesToInt32Memcpy  0
12-30 10:20:05.251   398   464 I vw-vhal : notifyVehicleProperty, propId = 0x21402053, data = {status: 2, int32Values: [0]}
12-30 10:20:05.251   398   464 I vw-vhal : CanSignalsAdapter::notifyVehicleProperty: solvedValue = {.timestamp = 6141073198730, .areaId = 0, .prop = 557850707, .status = AVAILABLE, .value = {.int32Values = [1]{0}, .floatValues = [0]{}, .int64Values = [0]{}, .bytes = [0]{}, .stringValue = ""}}
12-30 10:20:05.251   398   464 I VehiclePropertyStore: begin to write value to Store: {.timestamp = 6141073198730, .areaId = 0, .prop = 557850707, .status = AVAILABLE, .value = {.int32Values = [1]{0}, .floatValues = [0]{}, .int64Values = [0]{}, .bytes = [0]{}, .stringValue = ""}}
12-30 10:20:05.251   398   464 I DefaultVehicleHal_v2_0: DefaultVehicleHal::onPropertyValue, value:{.timestamp = 6141073198730, .areaId = 0, .prop = 557850707, .status = AVAILABLE, .value = {.int32Values = [1]{0}, .floatValues = [0]{}, .int64Values = [0]{}, .bytes = [0]{}, .stringValue = ""}}
12-30 10:20:05.251   398   464 D DiagPropHandler: is not DiagnosticConfig: 0x21402053
12-30 10:20:05.251   398   464 I VehiclePropertyStore: begin to write value to Store: {.timestamp = 6141073198730, .areaId = 0, .prop = 557850707, .status = AVAILABLE, .value = {.int32Values = [1]{0}, .floatValues = [0]{}, .int64Values = [0]{}, .bytes = [0]{}, .stringValue = ""}}
12-30 10:20:05.251   398   464 D adayocomadapter-CommunicationManager: onUpstreamReceive mPropertyId 0x21402053
12-30 10:20:05.251   398   464 D adayocomadapter-CommunicationManager: onUpstreamReceive mPropertyId 0x214020a0
12-30 10:20:05.251   398   464 D adayocomadapter-CommunicationManager: convertBytesToInt32Memcpy  0
12-30 10:20:05.251   398   464 I vw-vhal : notifyVehicleProperty, propId = 0x214020a0, data = {status: 2, int32Values: [0]}
12-30 10:20:05.252   398   464 I vw-vhal : CanSignalsAdapter::notifyVehicleProperty: solvedValue = {.timestamp = 6141073892396, .areaId = 0, .prop = 557850784, .status = AVAILABLE, .value = {.int32Values = [1]{0}, .floatValues = [0]{}, .int64Values = [0]{}, .bytes = [0]{}, .stringValue = ""}}
12-30 10:20:05.252   398   464 I VehiclePropertyStore: begin to write value to Store: {.timestamp = 6141073892396, .areaId = 0, .prop = 557850784, .status = AVAILABLE, .value = {.int32Values = [1]{0}, .floatValues = [0]{}, .int64Values = [0]{}, .bytes = [0]{}, .stringValue = ""}}
12-30 10:20:05.252  1667  2594 W ContextImpl: Calling a method in the system process without a qualified user: android.app.ContextImpl.bindService:1988 android.content.ContextWrapper.bindService:861 com.ford.sync.fnvservice.FordFnv.c:202 com.ford.sync.fnvservice.FordFnv.c:43 com.ford.sync.fnvservice.FordFnv$RetryHandler.handleMessage:245 
12-30 10:20:05.252   398   464 I DefaultVehicleHal_v2_0: DefaultVehicleHal::onPropertyValue, value:{.timestamp = 6141073892396, .areaId = 0, .prop = 557850784, .status = AVAILABLE, .value = {.int32Values = [1]{0}, .floatValues = [0]{}, .int64Values = [0]{}, .bytes = [0]{}, .stringValue = ""}}
12-30 10:20:05.252   398   464 D DiagPropHandler: is not DiagnosticConfig: 0x214020a0
12-30 10:20:05.252   398   464 I VehiclePropertyStore: begin to write value to Store: {.timestamp = 6141073892396, .areaId = 0, .prop = 557850784, .status = AVAILABLE, .value = {.int32Values = [1]{0}, .floatValues = [0]{}, .int64Values = [0]{}, .bytes = [0]{}, .stringValue = ""}}
12-30 10:20:05.252   398   464 D adayocomadapter-CommunicationManager: onUpstreamReceive mPropertyId 0x214020a0
12-30 10:20:05.252   398   464 D adayocomadapter-CommunicationManager: onUpstreamReceive mPropertyId 0x21402131
12-30 10:20:05.252   398   464 D adayocomadapter-CommunicationManager: convertBytesToInt32Memcpy  0
12-30 10:20:05.252   398   464 I vw-vhal : notifyVehicleProperty, propId = 0x21402131, data = {status: 2, int32Values: [0]}
12-30 10:20:05.252   398   464 I vw-vhal : CanSignalsAdapter::notifyVehicleProperty: solvedValue = {.timestamp = 6141074553730, .areaId = 0, .prop = 557850929, .status = AVAILABLE, .value = {.int32Values = [1]{0}, .floatValues = [0]{}, .int64Values = [0]{}, .bytes = [0]{}, .stringValue = ""}}
12-30 10:20:05.252   398   464 I VehiclePropertyStore: begin to write value to Store: {.timestamp = 6141074553730, .areaId = 0, .prop = 557850929, .status = AVAILABLE, .value = {.int32Values = [1]{0}, .floatValues = [0]{}, .int64Values = [0]{}, .bytes = [0]{}, .stringValue = ""}}
12-30 10:20:05.252   398   464 I DefaultVehicleHal_v2_0: DefaultVehicleHal::onPropertyValue, value:{.timestamp = 6141074553730, .areaId = 0, .prop = 557850929, .status = AVAILABLE, .value = {.int32Values = [1]{0}, .floatValues = [0]{}, .int64Values = [0]{}, .bytes = [0]{}, .stringValue = ""}}
12-30 10:20:05.252   398   464 D DiagPropHandler: is not DiagnosticConfig: 0x21402131
12-30 10:20:05.253   398   464 I VehiclePropertyStore: begin to write value to Store: {.timestamp = 6141074553730, .areaId = 0, .prop = 557850929, .status = AVAILABLE, .value = {.int32Values = [1]{0}, .floatValues = [0]{}, .int64Values = [0]{}, .bytes = [0]{}, .stringValue = ""}}
12-30 10:20:05.253   916  1847 W ActivityManager: Unable to start service Intent { cmp=com.ford.sync.fnvservice/.FordFnvService } U=0: not found
12-30 10:20:05.253   398   464 D adayocomadapter-CommunicationManager: onUpstreamReceive mPropertyId 0x21402131
12-30 10:20:05.253   398   464 D adayocomadapter-CommunicationManager: onUpstreamReceive mPropertyId 0x214020a2
12-30 10:20:05.253   398   464 D adayocomadapter-CommunicationManager: convertBytesToInt32Memcpy  0
12-30 10:20:05.253   398   464 I vw-vhal : notifyVehicleProperty, propId = 0x214020a2, data = {status: 2, int32Values: [0]}
12-30 10:20:05.253   398   464 I vw-vhal : CanSignalsAdapter::notifyVehicleProperty: solvedValue = {.timestamp = 6141075207730, .areaId = 0, .prop = 557850786, .status = AVAILABLE, .value = {.int32Values = [1]{0}, .floatValues = [0]{}, .int64Values = [0]{}, .bytes = [0]{}, .stringValue = ""}}
12-30 10:20:05.253   398   464 I VehiclePropertyStore: begin to write value to Store: {.timestamp = 6141075207730, .areaId = 0, .prop = 557850786, .status = AVAILABLE, .value = {.int32Values = [1]{0}, .floatValues = [0]{}, .int64Values = [0]{}, .bytes = [0]{}, .stringValue = ""}}
12-30 10:20:05.253  1667  2594 W FordFnv :  bind ford fnv failed -> sendRetryMessage 
12-30 10:20:05.253   398   464 I DefaultVehicleHal_v2_0: DefaultVehicleHal::onPropertyValue, value:{.timestamp = 6141075207730, .areaId = 0, .prop = 557850786, .status = AVAILABLE, .value = {.int32Values = [1]{0}, .floatValues = [0]{}, .int64Values = [0]{}, .bytes = [0]{}, .stringValue = ""}}
12-30 10:20:05.253   398   464 D DiagPropHandler: is not DiagnosticConfig: 0x214020a2
12-30 10:20:05.253   398   464 I VehiclePropertyStore: begin to write value to Store: {.timestamp = 6141075207730, .areaId = 0, .prop = 557850786, .status = AVAILABLE, .value = {.int32Values = [1]{0}, .floatValues = [0]{}, .int64Values = [0]{}, .bytes = [0]{}, .stringValue = ""}}
12-30 10:20:05.253   398   464 D adayocomadapter-CommunicationManager: onUpstreamReceive mPropertyId 0x214020a2
12-30 10:20:05.253   398   464 D adayocomadapter-CommunicationManager: onUpstreamReceive mPropertyId 0x214020a4
12-30 10:20:05.253   398   464 D adayocomadapter-CommunicationManager: convertBytesToInt32Memcpy  0
12-30 10:20:05.253   398   464 I vw-vhal : notifyVehicleProperty, propId = 0x214020a4, data = {status: 2, int32Values: [0]}
12-30 10:20:05.254   398   464 I vw-vhal : CanSignalsAdapter::notifyVehicleProperty: solvedValue = {.timestamp = 6141075894730, .areaId = 0, .prop = 557850788, .status = AVAILABLE, .value = {.int32Values = [1]{0}, .floatValues = [0]{}, .int64Values = [0]{}, .bytes = [0]{}, .stringValue = ""}}
12-30 10:20:05.254   398   464 I VehiclePropertyStore: begin to write value to Store: {.timestamp = 6141075894730, .areaId = 0, .prop = 557850788, .status = AVAILABLE, .value = {.int32Values = [1]{0}, .floatValues = [0]{}, .int64Values = [0]{}, .bytes = [0]{}, .stringValue = ""}}
12-30 10:20:05.254   398   464 I DefaultVehicleHal_v2_0: DefaultVehicleHal::onPropertyValue, value:{.timestamp = 6141075894730, .areaId = 0, .prop = 557850788, .status = AVAILABLE, .value = {.int32Values = [1]{0}, .floatValues = [0]{}, .int64Values = [0]{}, .bytes = [0]{}, .stringValue = ""}}
12-30 10:20:05.254   398   464 D DiagPropHandler: is not DiagnosticConfig: 0x214020a4
12-30 10:20:05.254   398   464 I VehiclePropertyStore: begin to write value to Store: {.timestamp = 6141075894730, .areaId = 0, .prop = 557850788, .status = AVAILABLE, .value = {.int32Values = [1]{0}, .floatValues = [0]{}, .int64Values = [0]{}, .bytes = [0]{}, .stringValue = ""}}
12-30 10:20:05.254   398   464 D adayocomadapter-CommunicationManager: onUpstreamReceive mPropertyId 0x214020a4
12-30 10:20:05.254   398   464 D adayocomadapter-CommunicationManager: onUpstreamReceive mPropertyId 0x214021ce
12-30 10:20:05.254   398   464 D adayocomadapter-CommunicationManager: convertBytesToInt32Memcpy  0
12-30 10:20:05.254   398   464 I vw-vhal : notifyVehicleProperty, propId = 0x214021ce, data = {status: 2, int32Values: [0]}
12-30 10:20:05.254   398   464 I vw-vhal : CanSignalsAdapter::notifyVehicleProperty: solvedValue = {.timestamp = 6141076574730, .areaId = 0, .prop = 557851086, .status = AVAILABLE, .value = {.int32Values = [1]{0}, .floatValues = [0]{}, .int64Values = [0]{}, .bytes = [0]{}, .stringValue = ""}}
12-30 10:20:05.254   398   464 I VehiclePropertyStore: begin to write value to Store: {.timestamp = 6141076574730, .areaId = 0, .prop = 557851086, .status = AVAILABLE, .value = {.int32Values = [1]{0}, .floatValues = [0]{}, .int64Values = [0]{}, .bytes = [0]{}, .stringValue = ""}}
12-30 10:20:05.254   398   464 I DefaultVehicleHal_v2_0: DefaultVehicleHal::onPropertyValue, value:{.timestamp = 6141076574730, .areaId = 0, .prop = 557851086, .status = AVAILABLE, .value = {.int32Values = [1]{0}, .floatValues = [0]{}, .int64Values = [0]{}, .bytes = [0]{}, .stringValue = ""}}
12-30 10:20:05.254   398   464 D DiagPropHandler: is not DiagnosticConfig: 0x214021ce
12-30 10:20:05.255   398   464 I VehiclePropertyStore: begin to write value to Store: {.timestamp = 6141076574730, .areaId = 0, .prop = 557851086, .status = AVAILABLE, .value = {.int32Values = [1]{0}, .floatValues = [0]{}, .int64Values = [0]{}, .bytes = [0]{}, .stringValue = ""}}
12-30 10:20:05.255   398   464 D adayocomadapter-CommunicationManager: onUpstreamReceive mPropertyId 0x214021ce
12-30 10:20:05.259   360   931 D EvsDriver: forwardFrame
12-30 10:20:05.259   360   931 D EvsDriver: forwardFrameDirect
12-30 10:20:05.259   360   931 D EvsDriver: Delivered 0xb400e2ca9e40d4b0 as id 1
12-30 10:20:05.259   359  2784 D evsmanagerd: /dev/video-evs0 forwarded the buffer #1 to 0xb400f125d2b26dd0 from 0xb400f125e2b20710
12-30 10:20:05.262   596  3076 E WifiHAL : Invalid data received from driver
12-30 10:20:05.267  2358  2623 D RcfController: Rcf proxy is not connected!
12-30 10:20:05.269   360   458 D EvsDriver: doneWithFrame
12-30 10:20:05.292   360   931 D EvsDriver: forwardFrame
12-30 10:20:05.292   360   931 D EvsDriver: forwardFrameDirect
12-30 10:20:05.292   360   931 D EvsDriver: Delivered 0xb400e2ca9e40c2d0 as id 0
12-30 10:20:05.292   359  2784 D evsmanagerd: /dev/video-evs0 forwarded the buffer #0 to 0xb400f125d2b26dd0 from 0xb400f125e2b20710
12-30 10:20:05.299   360   458 D EvsDriver: doneWithFrame
12-30 10:20:05.318  2358  2623 D RcfController: Rcf proxy is not connected!
12-30 10:20:05.325   360   931 D EvsDriver: forwardFrame
12-30 10:20:05.325   360   931 D EvsDriver: forwardFrameDirect
12-30 10:20:05.326   360   931 D EvsDriver: Delivered 0xb400e2ca9e40d090 as id 1
12-30 10:20:05.326   359  2784 D evsmanagerd: /dev/video-evs0 forwarded the buffer #1 to 0xb400f125d2b26dd0 from 0xb400f125e2b20710
12-30 10:20:05.329   360   458 D EvsDriver: doneWithFrame
12-30 10:20:05.334   596  3076 E WifiHAL : Invalid data received from driver
12-30 10:20:05.359   360   931 D EvsDriver: forwardFrame
12-30 10:20:05.359   360   931 D EvsDriver: forwardFrameDirect
12-30 10:20:05.359   360   931 D EvsDriver: Delivered 0xb400e2ca9e40e110 as id 0
12-30 10:20:05.359   359  2784 D evsmanagerd: /dev/video-evs0 forwarded the buffer #0 to 0xb400f125d2b26dd0 from 0xb400f125e2b20710
12-30 10:20:05.368  2358  2623 D RcfController: Rcf proxy is not connected!
12-30 10:20:05.370   360   458 D EvsDriver: doneWithFrame
12-30 10:20:05.390   650   729 D fgemcucomm: sd Uart data : 6AA602BFD000029202D9
12-30 10:20:05.390   650   729 D fgemcucomm: rev uart=50800,len=29, data : 6AA681BFD0001592020013000000000000000000000000000000000034
12-30 10:20:05.391   398  2883 D adayocomadapter-ParseProtocolFunc: printRaWMsg Name[MCUToUPstream recv] len[21] data[920200130000000000000000000000000000000000]
12-30 10:20:05.391   398  2883 D adayocomadapter-CommunicationManager: onUpstreamback   member[0] dataLength[18] timePoint[6141213]
12-30 10:20:05.391   398  2883 D adayocomadapter-ParseProtocolFunc: printRaWMsg Name[onUpstreamback] len[18] data[130000000000000000000000000000000000]
12-30 10:20:05.391   398   464 D adayocomadapter-UpstreamHandler: processBeforePacket upSreamtProcessTimePoint[6141213] 
12-30 10:20:05.391   398   464 D adayocomadapter-UpstreamHandler: processPacket UPSTREAM_QUEUE_DATA_TIMEOUT
12-30 10:20:05.391   398   464 D adayocomadapter-ParseProtocolFunc: parseCommonIPCLBytes Processing tableNumber[19]
12-30 10:20:05.391   398   464 D adayocomadapter-ParseProtocolFunc: parseCommonIPCLBytes Processing tablename[Table-19] tableSize[18]
12-30 10:20:05.391   398   464 D adayocomadapter-ParseProtocolFunc: printRaWMsg Name[byteStream recv] len[18] data[130000000000000000000000000000000000]
12-30 10:20:05.391   398   464 D adayocomadapter-ParseProtocolFunc: printRaWMsg Name[IPCLtoVHAL] len[6] data[214010280000]
12-30 10:20:05.391   398   464 D adayocomadapter-ParseProtocolFunc: printRaWMsg Name[IPCLtoVHAL] len[6] data[214010290000]
12-30 10:20:05.391   398   464 D adayocomadapter-ParseProtocolFunc: printRaWMsg Name[IPCLtoVHAL] len[6] data[2140102E0000]
12-30 10:20:05.391   398   464 D adayocomadapter-ParseProtocolFunc: printRaWMsg Name[IPCLtoVHAL] len[6] data[2140102B0000]
12-30 10:20:05.391   398   464 D adayocomadapter-ParseProtocolFunc: printRaWMsg Name[IPCLtoVHAL] len[6] data[2140104C0000]
12-30 10:20:05.392   398   464 D adayocomadapter-ParseProtocolFunc: printRaWMsg Name[IPCLtoVHAL] len[6] data[2140102C0000]
12-30 10:20:05.392   398   464 D adayocomadapter-ParseProtocolFunc: printRaWMsg Name[IPCLtoVHAL] len[7] data[21402007000000]
