12-30 10:20:06.992   360   931 D EvsDriver: forwardFrameDirect
12-30 10:20:06.992   360   931 D EvsDriver: Delivered 0xb400e2ca9e40c7a0 as id 1
12-30 10:20:06.992   359  2784 D evsmanagerd: /dev/video-evs0 forwarded the buffer #1 to 0xb400f125d2b26dd0 from 0xb400f125e2b20710
12-30 10:20:06.999   650   729 D fgemcucomm: sd Uart data : 6AA602BFDD00029202CC
12-30 10:20:06.999   360   458 D EvsDriver: doneWithFrame
12-30 10:20:06.999   650   729 D fgemcucomm: rev uart=50814,len=14, data : 6AA681BFDD000692020001000048
12-30 10:20:06.999   398  2883 D adayocomadapter-ParseProtocolFunc: printRaWMsg Name[MCUToUPstream recv] len[6] data[920200010000]
12-30 10:20:06.999   398  2883 D adayocomadapter-CommunicationManager: onUpstreamback   member[0] dataLength[3] timePoint[6142821]
12-30 10:20:06.999   398  2883 D adayocomadapter-ParseProtocolFunc: printRaWMsg Name[onUpstreamback] len[3] data[010000]
12-30 10:20:07.000   398   464 D adayocomadapter-UpstreamHandler: processBeforePacket upSreamtProcessTimePoint[6142821] 
12-30 10:20:07.000   398   464 D adayocomadapter-UpstreamHandler: processPacket UPSTREAM_QUEUE_DATA_TIMEOUT
12-30 10:20:07.000   398   464 D adayocomadapter-ParseProtocolFunc: parseCommonIPCLBytes Processing tableNumber[1]
12-30 10:20:07.000   398   464 D adayocomadapter-ParseProtocolFunc: parseCommonIPCLBytes Processing tablename[Table-1] tableSize[3]
12-30 10:20:07.000   398   464 D adayocomadapter-ParseProtocolFunc: printRaWMsg Name[byteStream recv] len[3] data[010000]
12-30 10:20:07.000   398   464 D adayocomadapter-ParseProtocolFunc: printRaWMsg Name[IPCLtoVHAL] len[7] data[21402048000000]
12-30 10:20:07.000   398   464 D adayocomadapter-CommunicationManager: onUpstreamReceive mPropertyId 0x21402048
12-30 10:20:07.000   398   464 D adayocomadapter-CommunicationManager: convertBytesToInt32Memcpy  0
12-30 10:20:07.000   398   464 I vw-vhal : notifyVehicleProperty, propId = 0x21402048, data = {status: 2, int32Values: [0]}
12-30 10:20:07.000   398   464 I vw-vhal : CanSignalsAdapter::notifyVehicleProperty: solvedValue = {.timestamp = 6142822458063, .areaId = 0, .prop = 557850696, .status = AVAILABLE, .value = {.int32Values = [1]{0}, .floatValues = [0]{}, .int64Values = [0]{}, .bytes = [0]{}, .stringValue = ""}}
12-30 10:20:07.000   398   464 I VehiclePropertyStore: begin to write value to Store: {.timestamp = 6142822458063, .areaId = 0, .prop = 557850696, .status = AVAILABLE, .value = {.int32Values = [1]{0}, .floatValues = [0]{}, .int64Values = [0]{}, .bytes = [0]{}, .stringValue = ""}}
12-30 10:20:07.000   398   464 I DefaultVehicleHal_v2_0: DefaultVehicleHal::onPropertyValue, value:{.timestamp = 6142822458063, .areaId = 0, .prop = 557850696, .status = AVAILABLE, .value = {.int32Values = [1]{0}, .floatValues = [0]{}, .int64Values = [0]{}, .bytes = [0]{}, .stringValue = ""}}
12-30 10:20:07.000   398   464 D DiagPropHandler: is not DiagnosticConfig: 0x21402048
12-30 10:20:07.001   398   464 I VehiclePropertyStore: begin to write value to Store: {.timestamp = 6142822458063, .areaId = 0, .prop = 557850696, .status = AVAILABLE, .value = {.int32Values = [1]{0}, .floatValues = [0]{}, .int64Values = [0]{}, .bytes = [0]{}, .stringValue = ""}}
12-30 10:20:07.001   398   464 D adayocomadapter-CommunicationManager: onUpstreamReceive mPropertyId 0x21402048
12-30 10:20:07.019   650   729 D fgemcucomm: sd Uart data : 6AA602BFDE00029202CB
12-30 10:20:07.019   650   729 D fgemcucomm: rev uart=50815,len=16, data : 6AA681BFDE0008920200030000000043
12-30 10:20:07.019   398  2883 D adayocomadapter-ParseProtocolFunc: printRaWMsg Name[MCUToUPstream recv] len[8] data[9202000300000000]
12-30 10:20:07.019   398  2883 D adayocomadapter-CommunicationManager: onUpstreamback   member[0] dataLength[5] timePoint[6142841]
12-30 10:20:07.019   398  2883 D adayocomadapter-ParseProtocolFunc: printRaWMsg Name[onUpstreamback] len[5] data[0300000000]
12-30 10:20:07.019   398   464 D adayocomadapter-UpstreamHandler: processBeforePacket upSreamtProcessTimePoint[6142841] 
12-30 10:20:07.020   398   464 D adayocomadapter-UpstreamHandler: processPacket UPSTREAM_QUEUE_DATA_TIMEOUT
12-30 10:20:07.020   398   464 D adayocomadapter-ParseProtocolFunc: parseCommonIPCLBytes Processing tableNumber[3]
12-30 10:20:07.020   398   464 D adayocomadapter-ParseProtocolFunc: parseCommonIPCLBytes Processing tablename[Table-3] tableSize[5]
12-30 10:20:07.020   398   464 D adayocomadapter-ParseProtocolFunc: printRaWMsg Name[byteStream recv] len[5] data[0300000000]
12-30 10:20:07.020   398   464 D adayocomadapter-ParseProtocolFunc: printRaWMsg Name[IPCLtoVHAL] len[8] data[2141213801000000]
12-30 10:20:07.020   398   464 D adayocomadapter-ParseProtocolFunc: printRaWMsg Name[IPCLtoVHAL] len[6] data[214021D60000]
12-30 10:20:07.020   398   464 D adayocomadapter-CommunicationManager: onUpstreamReceive mPropertyId 0x21412138
12-30 10:20:07.020   398   464 I vw-vhal : notifyVehicleProperty, propId = 0x21412138, data = {status: 2, int32Values: [0, 0, 0]}
12-30 10:20:07.020   398   464 I vw-vhal : CanSignalsAdapter::notifyVehicleProperty: solvedValue = {.timestamp = 6142842421397, .areaId = 0, .prop = 557916472, .status = AVAILABLE, .value = {.int32Values = [3]{0, 0, 0}, .floatValues = [0]{}, .int64Values = [0]{}, .bytes = [0]{}, .stringValue = ""}}
12-30 10:20:07.020   398   464 I VehiclePropertyStore: begin to write value to Store: {.timestamp = 6142842421397, .areaId = 0, .prop = 557916472, .status = AVAILABLE, .value = {.int32Values = [3]{0, 0, 0}, .floatValues = [0]{}, .int64Values = [0]{}, .bytes = [0]{}, .stringValue = ""}}
12-30 10:20:07.020   398   464 I DefaultVehicleHal_v2_0: DefaultVehicleHal::onPropertyValue, value:{.timestamp = 6142842421397, .areaId = 0, .prop = 557916472, .status = AVAILABLE, .value = {.int32Values = [3]{0, 0, 0}, .floatValues = [0]{}, .int64Values = [0]{}, .bytes = [0]{}, .stringValue = ""}}
12-30 10:20:07.020   398   464 D DiagPropHandler: is not DiagnosticConfig: 0x21412138
12-30 10:20:07.020   398   464 I VehiclePropertyStore: begin to write value to Store: {.timestamp = 6142842421397, .areaId = 0, .prop = 557916472, .status = AVAILABLE, .value = {.int32Values = [3]{0, 0, 0}, .floatValues = [0]{}, .int64Values = [0]{}, .bytes = [0]{}, .stringValue = ""}}
12-30 10:20:07.021   398   464 D adayocomadapter-CommunicationManager: onUpstreamReceive mPropertyId 0x21412138
12-30 10:20:07.021   398   464 D adayocomadapter-CommunicationManager: onUpstreamReceive mPropertyId 0x214021d6
12-30 10:20:07.021   398   464 D adayocomadapter-CommunicationManager: convertBytesToInt32Memcpy  0
12-30 10:20:07.021   398   464 I vw-vhal : notifyVehicleProperty, propId = 0x214021d6, data = {status: 2, int32Values: [0]}
12-30 10:20:07.021   398   464 I vw-vhal : CanSignalsAdapter::notifyVehicleProperty: solvedValue = {.timestamp = 6142843109063, .areaId = 0, .prop = 557851094, .status = AVAILABLE, .value = {.int32Values = [1]{0}, .floatValues = [0]{}, .int64Values = [0]{}, .bytes = [0]{}, .stringValue = ""}}
12-30 10:20:07.021   398   464 I VehiclePropertyStore: begin to write value to Store: {.timestamp = 6142843109063, .areaId = 0, .prop = 557851094, .status = AVAILABLE, .value = {.int32Values = [1]{0}, .floatValues = [0]{}, .int64Values = [0]{}, .bytes = [0]{}, .stringValue = ""}}
12-30 10:20:07.021   398   464 I DefaultVehicleHal_v2_0: DefaultVehicleHal::onPropertyValue, value:{.timestamp = 6142843109063, .areaId = 0, .prop = 557851094, .status = AVAILABLE, .value = {.int32Values = [1]{0}, .floatValues = [0]{}, .int64Values = [0]{}, .bytes = [0]{}, .stringValue = ""}}
12-30 10:20:07.021   398   464 D DiagPropHandler: is not DiagnosticConfig: 0x214021d6
12-30 10:20:07.021   398   464 I VehiclePropertyStore: begin to write value to Store: {.timestamp = 6142843109063, .areaId = 0, .prop = 557851094, .status = AVAILABLE, .value = {.int32Values = [1]{0}, .floatValues = [0]{}, .int64Values = [0]{}, .bytes = [0]{}, .stringValue = ""}}
12-30 10:20:07.021   398   464 D adayocomadapter-CommunicationManager: onUpstreamReceive mPropertyId 0x214021d6
12-30 10:20:07.025   360   931 D EvsDriver: forwardFrame
12-30 10:20:07.025   360   931 D EvsDriver: forwardFrameDirect
12-30 10:20:07.026   360   931 D EvsDriver: Delivered 0xb400e2ca9e40e270 as id 0
12-30 10:20:07.026   359  2784 D evsmanagerd: /dev/video-evs0 forwarded the buffer #0 to 0xb400f125d2b26dd0 from 0xb400f125e2b20710
12-30 10:20:07.027  2358  2623 D RcfController: Rcf proxy is not connected!
12-30 10:20:07.028   596  3076 E WifiHAL : Invalid data received from driver
12-30 10:20:07.029   360   458 D EvsDriver: doneWithFrame
12-30 10:20:07.030  1611  1611 I ADAYO_LOG_: handleMessage(UsbFunc.java:3)copyQnx = 0
12-30 10:20:07.030  1611  1611 I ADAYO_LOG_: handleMessage(UsbFunc.java:12)copyState = 2
12-30 10:20:07.058   360   931 D EvsDriver: forwardFrame
12-30 10:20:07.059   360   931 D EvsDriver: forwardFrameDirect
12-30 10:20:07.059   360   931 D EvsDriver: Delivered 0xb400e2ca9e40d4b0 as id 1
12-30 10:20:07.059   359  2784 D evsmanagerd: /dev/video-evs0 forwarded the buffer #1 to 0xb400f125d2b26dd0 from 0xb400f125e2b20710
12-30 10:20:07.070   360   458 D EvsDriver: doneWithFrame
12-30 10:20:07.077  2358  2623 D RcfController: Rcf proxy is not connected!
12-30 10:20:07.091   596  3076 E WifiHAL : Invalid data received from driver
12-30 10:20:07.091   596  3076 E WifiHAL : Invalid data received from driver
12-30 10:20:07.091   596  3076 E WifiHAL : Invalid data received from driver
12-30 10:20:07.092   596  3076 E WifiHAL : Invalid data received from driver
12-30 10:20:07.092   596  3076 E WifiHAL : Invalid data received from driver
12-30 10:20:07.092   360   931 D EvsDriver: forwardFrame
12-30 10:20:07.092   360   931 D EvsDriver: forwardFrameDirect
12-30 10:20:07.092   360   931 D EvsDriver: Delivered 0xb400e2ca9e40c2d0 as id 0
12-30 10:20:07.092   359  2784 D evsmanagerd: /dev/video-evs0 forwarded the buffer #0 to 0xb400f125d2b26dd0 from 0xb400f125e2b20710
12-30 10:20:07.092   596  3076 E WifiHAL : Invalid data received from driver
12-30 10:20:07.093   596  3076 E WifiHAL : Invalid data received from driver
12-30 10:20:07.100   360   458 D EvsDriver: doneWithFrame
12-30 10:20:07.106   596  3076 E WifiHAL : Invalid data received from driver
12-30 10:20:07.125   360   931 D EvsDriver: forwardFrame
12-30 10:20:07.125   360   931 D EvsDriver: forwardFrameDirect
12-30 10:20:07.125   360   931 D EvsDriver: Delivered 0xb400e2ca9e40d090 as id 1
12-30 10:20:07.126   359  2784 D evsmanagerd: /dev/video-evs0 forwarded the buffer #1 to 0xb400f125d2b26dd0 from 0xb400f125e2b20710
12-30 10:20:07.127  2358  2623 D RcfController: Rcf proxy is not connected!
12-30 10:20:07.130   360   458 D EvsDriver: doneWithFrame
12-30 10:20:07.158   360   931 D EvsDriver: forwardFrame
12-30 10:20:07.159   360   931 D EvsDriver: forwardFrameDirect
12-30 10:20:07.159   360   931 D EvsDriver: Delivered 0xb400e2ca9e40e110 as id 0
12-30 10:20:07.159   359  2784 D evsmanagerd: /dev/video-evs0 forwarded the buffer #0 to 0xb400f125d2b26dd0 from 0xb400f125e2b20710
12-30 10:20:07.161   360   458 D EvsDriver: doneWithFrame
12-30 10:20:07.178  2358  2623 D RcfController: Rcf proxy is not connected!
12-30 10:20:07.178   596  3076 E WifiHAL : Invalid data received from driver
12-30 10:20:07.192   360   931 D EvsDriver: forwardFrame
12-30 10:20:07.192   360   931 D EvsDriver: forwardFrameDirect
12-30 10:20:07.192   360   931 D EvsDriver: Delivered 0xb400e2ca9e40c7a0 as id 1
12-30 10:20:07.192   359  2784 D evsmanagerd: /dev/video-evs0 forwarded the buffer #1 to 0xb400f125d2b26dd0 from 0xb400f125e2b20710
12-30 10:20:07.201   360   458 D EvsDriver: doneWithFrame
12-30 10:20:07.225   360   931 D EvsDriver: forwardFrame
12-30 10:20:07.225   360   931 D EvsDriver: forwardFrameDirect
12-30 10:20:07.225   360   931 D EvsDriver: Delivered 0xb400e2ca9e40e270 as id 0
12-30 10:20:07.226   359  2784 D evsmanagerd: /dev/video-evs0 forwarded the buffer #0 to 0xb400f125d2b26dd0 from 0xb400f125e2b20710
12-30 10:20:07.228  2358  2623 D RcfController: Rcf proxy is not connected!
12-30 10:20:07.231   360   458 D EvsDriver: doneWithFrame
12-30 10:20:07.257  1667  2594 W ContextImpl: Calling a method in the system process without a qualified user: android.app.ContextImpl.bindService:1988 android.content.ContextWrapper.bindService:861 com.ford.sync.fnvservice.FordFnv.c:202 com.ford.sync.fnvservice.FordFnv.c:43 com.ford.sync.fnvservice.FordFnv$RetryHandler.handleMessage:245 
12-30 10:20:07.258   916  1847 W ActivityManager: Unable to start service Intent { cmp=com.ford.sync.fnvservice/.FordFnvService } U=0: not found
12-30 10:20:07.258  1667  2594 W FordFnv :  bind ford fnv failed -> sendRetryMessage 
12-30 10:20:07.258   360   931 D EvsDriver: forwardFrame
12-30 10:20:07.259   360   931 D EvsDriver: forwardFrameDirect
12-30 10:20:07.259   360   931 D EvsDriver: Delivered 0xb400e2ca9e40d4b0 as id 1
12-30 10:20:07.259   359  2784 D evsmanagerd: /dev/video-evs0 forwarded the buffer #1 to 0xb400f125d2b26dd0 from 0xb400f125e2b20710
12-30 10:20:07.259   596  3076 E WifiHAL : Invalid data received from driver
12-30 10:20:07.262   360   458 D EvsDriver: doneWithFrame
12-30 10:20:07.278  2358  2623 D RcfController: Rcf proxy is not connected!
12-30 10:20:07.292   360   931 D EvsDriver: forwardFrame
12-30 10:20:07.292   360   931 D EvsDriver: forwardFrameDirect
12-30 10:20:07.292   360   931 D EvsDriver: Delivered 0xb400e2ca9e40c2d0 as id 0
12-30 10:20:07.292   359  2784 D evsmanagerd: /dev/video-evs0 forwarded the buffer #0 to 0xb400f125d2b26dd0 from 0xb400f125e2b20710
12-30 10:20:07.302   360   458 D EvsDriver: doneWithFrame
12-30 10:20:07.325   360   931 D EvsDriver: forwardFrame
12-30 10:20:07.325   360   931 D EvsDriver: forwardFrameDirect
12-30 10:20:07.326   360   931 D EvsDriver: Delivered 0xb400e2ca9e40d090 as id 1
12-30 10:20:07.326   359  2784 D evsmanagerd: /dev/video-evs0 forwarded the buffer #1 to 0xb400f125d2b26dd0 from 0xb400f125e2b20710
12-30 10:20:07.329  2358  2623 D RcfController: Rcf proxy is not connected!
12-30 10:20:07.333   360   458 D EvsDriver: doneWithFrame
12-30 10:20:07.334   596  3076 E WifiHAL : Invalid data received from driver
12-30 10:20:07.358   360   931 D EvsDriver: forwardFrame
12-30 10:20:07.359   360   931 D EvsDriver: forwardFrameDirect
12-30 10:20:07.359   360   931 D EvsDriver: Delivered 0xb400e2ca9e40e110 as id 0
12-30 10:20:07.359   359  2784 D evsmanagerd: /dev/video-evs0 forwarded the buffer #0 to 0xb400f125d2b26dd0 from 0xb400f125e2b20710
12-30 10:20:07.363   360   458 D EvsDriver: doneWithFrame
12-30 10:20:07.379  2358  2623 D RcfController: Rcf proxy is not connected!
12-30 10:20:07.392   360   931 D EvsDriver: forwardFrame
12-30 10:20:07.392   360   931 D EvsDriver: forwardFrameDirect
12-30 10:20:07.392   360   931 D EvsDriver: Delivered 0xb400e2ca9e40c7a0 as id 1
12-30 10:20:07.392   359  2784 D evsmanagerd: /dev/video-evs0 forwarded the buffer #1 to 0xb400f125d2b26dd0 from 0xb400f125e2b20710
12-30 10:20:07.393   360   458 D EvsDriver: doneWithFrame
12-30 10:20:07.425   360   931 D EvsDriver: forwardFrame
12-30 10:20:07.425   360   931 D EvsDriver: forwardFrameDirect
12-30 10:20:07.426   360   931 D EvsDriver: Delivered 0xb400e2ca9e40e270 as id 0
12-30 10:20:07.426   359  2784 D evsmanagerd: /dev/video-evs0 forwarded the buffer #0 to 0xb400f125d2b26dd0 from 0xb400f125e2b20710
12-30 10:20:07.429  2358  2623 D RcfController: Rcf proxy is not connected!
12-30 10:20:07.434   360   458 D EvsDriver: doneWithFrame
12-30 10:20:07.436   596  3076 E WifiHAL : Invalid data received from driver
12-30 10:20:07.443   650   729 D fgemcucomm: sd Uart data : 6AA602BFDF00029202CA
12-30 10:20:07.443   650   729 D fgemcucomm: rev uart=50816,len=65, data : 6AA681BFDF0039920200170000000000000000000000000000000000000000000000000000000000000000000000000000000000000000000000000000000000FD
12-30 10:20:07.444   398  2883 D adayocomadapter-ParseProtocolFunc: printRaWMsg Name[MCUToUPstream recv] len[57] data[920200170000000000000000000000000000000000000000000000000000000000000000000000000000000000000000000000000000000000]
12-30 10:20:07.444   398  2883 D adayocomadapter-CommunicationManager: onUpstreamback   member[0] dataLength[54] timePoint[6143266]
12-30 10:20:07.444   398  2883 D adayocomadapter-ParseProtocolFunc: printRaWMsg Name[onUpstreamback] len[54] data[170000000000000000000000000000000000000000000000000000000000000000000000000000000000000000000000000000000000]
12-30 10:20:07.444   398   464 D adayocomadapter-UpstreamHandler: processBeforePacket upSreamtProcessTimePoint[6143266] 
12-30 10:20:07.444   398   464 D adayocomadapter-UpstreamHandler: processPacket UPSTREAM_QUEUE_DATA_TIMEOUT
12-30 10:20:07.444   398   464 D adayocomadapter-ParseProtocolFunc: parseCommonIPCLBytes Processing tableNumber[23]
12-30 10:20:07.444   398   464 D adayocomadapter-ParseProtocolFunc: parseCommonIPCLBytes Processing tablename[Table-23] tableSize[54]
12-30 10:20:07.444   398   464 D adayocomadapter-ParseProtocolFunc: printRaWMsg Name[byteStream recv] len[54] data[170000000000000000000000000000000000000000000000000000000000000000000000000000000000000000000000000000000000]
12-30 10:20:07.444   398   464 D adayocomadapter-ParseProtocolFunc: printRaWMsg Name[IPCLtoVHAL] len[6] data[214021020000]
12-30 10:20:07.444   398   464 D adayocomadapter-ParseProtocolFunc: printRaWMsg Name[IPCLtoVHAL] len[6] data[214021100000]
12-30 10:20:07.444   398   464 D adayocomadapter-ParseProtocolFunc: printRaWMsg Name[IPCLtoVHAL] len[6] data[214020E20000]
12-30 10:20:07.444   398   464 D adayocomadapter-ParseProtocolFunc: printRaWMsg Name[IPCLtoVHAL] len[7] data[21402043000000]
12-30 10:20:07.445   398   464 D adayocomadapter-ParseProtocolFunc: printRaWMsg Name[IPCLtoVHAL] len[9] data[214020370000000000]
12-30 10:20:07.445   398   464 D adayocomadapter-ParseProtocolFunc: printRaWMsg Name[IPCLtoVHAL] len[6] data[214020EE0000]
12-30 10:20:07.445   398   464 D adayocomadapter-ParseProtocolFunc: printRaWMsg Name[IPCLtoVHAL] len[6] data[214021330000]
12-30 10:20:07.445   398   464 D adayocomadapter-ParseProtocolFunc: printRaWMsg Name[IPCLtoVHAL] len[6] data[2140210F0000]
12-30 10:20:07.445   398   464 D adayocomadapter-ParseProtocolFunc: printRaWMsg Name[IPCLtoVHAL] len[6] data[214020F00000]
12-30 10:20:07.445   398   464 D adayocomadapter-ParseProtocolFunc: printRaWMsg Name[IPCLtoVHAL] len[6] data[214020C10000]
12-30 10:20:07.445   398   464 D adayocomadapter-ParseProtocolFunc: printRaWMsg Name[IPCLtoVHAL] len[6] data[2140211F0000]
12-30 10:20:07.445   398   464 D adayocomadapter-ParseProtocolFunc: printRaWMsg Name[IPCLtoVHAL] len[6] data[214020940000]
12-30 10:20:07.445   398   464 D adayocomadapter-ParseProtocolFunc: printRaWMsg Name[IPCLtoVHAL] len[9] data[214020360000000000]
12-30 10:20:07.445   398   464 D adayocomadapter-ParseProtocolFunc: printRaWMsg Name[IPCLtoVHAL] len[6] data[214020C30000]
12-30 10:20:07.445   398   464 D adayocomadapter-ParseProtocolFunc: printRaWMsg Name[IPCLtoVHAL] len[6] data[214021140000]
12-30 10:20:07.445   398   464 D adayocomadapter-ParseProtocolFunc: printRaWMsg Name[IPCLtoVHAL] len[6] data[214020B60000]
12-30 10:20:07.445   398   464 D adayocomadapter-ParseProtocolFunc: printRaWMsg Name[IPCLtoVHAL] len[6] data[214021150000]
12-30 10:20:07.445   398   464 D adayocomadapter-ParseProtocolFunc: printRaWMsg Name[IPCLtoVHAL] len[6] data[2140211A0000]
12-30 10:20:07.445   398   464 D adayocomadapter-ParseProtocolFunc: printRaWMsg Name[IPCLtoVHAL] len[9] data[2140204B0000000000]
12-30 10:20:07.445   398   464 D adayocomadapter-ParseProtocolFunc: printRaWMsg Name[IPCLtoVHAL] len[6] data[2140211B0000]
12-30 10:20:07.445   398   464 D adayocomadapter-ParseProtocolFunc: printRaWMsg Name[IPCLtoVHAL] len[9] data[2140203B0000000000]
12-30 10:20:07.445   398   464 D adayocomadapter-ParseProtocolFunc: printRaWMsg Name[IPCLtoVHAL] len[7] data[2140203F000000]
12-30 10:20:07.446   398   464 D adayocomadapter-ParseProtocolFunc: printRaWMsg Name[IPCLtoVHAL] len[7] data[2140203A000000]
12-30 10:20:07.446   398   464 D adayocomadapter-ParseProtocolFunc: printRaWMsg Name[IPCLtoVHAL] len[7] data[2140203E000000]
12-30 10:20:07.446   398   464 D adayocomadapter-ParseProtocolFunc: printRaWMsg Name[IPCLtoVHAL] len[7] data[21402042000000]
12-30 10:20:07.446   398   464 D adayocomadapter-ParseProtocolFunc: printRaWMsg Name[IPCLtoVHAL] len[7] data[21402039000000]
12-30 10:20:07.446   398   464 D adayocomadapter-ParseProtocolFunc: printRaWMsg Name[IPCLtoVHAL] len[7] data[2140203D000000]
12-30 10:20:07.446   398   464 D adayocomadapter-ParseProtocolFunc: printRaWMsg Name[IPCLtoVHAL] len[7] data[21402041000000]
12-30 10:20:07.446   398   464 D adayocomadapter-ParseProtocolFunc: printRaWMsg Name[IPCLtoVHAL] len[7] data[21402045000000]
12-30 10:20:07.446   398   464 D adayocomadapter-ParseProtocolFunc: printRaWMsg Name[IPCLtoVHAL] len[7] data[2140204D000000]
12-30 10:20:07.446   398   464 D adayocomadapter-ParseProtocolFunc: printRaWMsg Name[IPCLtoVHAL] len[6] data[2140220B0000]
12-30 10:20:07.446   398   464 D adayocomadapter-CommunicationManager: onUpstreamReceive mPropertyId 0x21402102
12-30 10:20:07.446   398   464 D adayocomadapter-CommunicationManager: convertBytesToInt32Memcpy  0
12-30 10:20:07.446   398   464 I vw-vhal : notifyVehicleProperty, propId = 0x21402102, data = {status: 2, int32Values: [0]}
12-30 10:20:07.446   398   464 I vw-vhal : CanSignalsAdapter::notifyVehicleProperty: solvedValue = {.timestamp = 6143268643063, .areaId = 0, .prop = 557850882, .status = AVAILABLE, .value = {.int32Values = [1]{0}, .floatValues = [0]{}, .int64Values = [0]{}, .bytes = [0]{}, .stringValue = ""}}
12-30 10:20:07.446   398   464 I VehiclePropertyStore: begin to write value to Store: {.timestamp = 6143268643063, .areaId = 0, .prop = 557850882, .status = AVAILABLE, .value = {.int32Values = [1]{0}, .floatValues = [0]{}, .int64Values = [0]{}, .bytes = [0]{}, .stringValue = ""}}
12-30 10:20:07.447   398   464 I DefaultVehicleHal_v2_0: DefaultVehicleHal::onPropertyValue, value:{.timestamp = 6143268643063, .areaId = 0, .prop = 557850882, .status = AVAILABLE, .value = {.int32Values = [1]{0}, .floatValues = [0]{}, .int64Values = [0]{}, .bytes = [0]{}, .stringValue = ""}}
12-30 10:20:07.447   398   464 D DiagPropHandler: is not DiagnosticConfig: 0x21402102
12-30 10:20:07.447   398   464 I VehiclePropertyStore: begin to write value to Store: {.timestamp = 6143268643063, .areaId = 0, .prop = 557850882, .status = AVAILABLE, .value = {.int32Values = [1]{0}, .floatValues = [0]{}, .int64Values = [0]{}, .bytes = [0]{}, .stringValue = ""}}
12-30 10:20:07.447   398   464 D adayocomadapter-CommunicationManager: onUpstreamReceive mPropertyId 0x21402102
12-30 10:20:07.447   398   464 D adayocomadapter-CommunicationManager: onUpstreamReceive mPropertyId 0x21402110
12-30 10:20:07.447   398   464 D adayocomadapter-CommunicationManager: convertBytesToInt32Memcpy  0
12-30 10:20:07.447   398   464 I vw-vhal : notifyVehicleProperty, propId = 0x21402110, data = {status: 2, int32Values: [0]}
12-30 10:20:07.447   398   464 I vw-vhal : CanSignalsAdapter::notifyVehicleProperty: solvedValue = {.timestamp = 6143269313730, .areaId = 0, .prop = 557850896, .status = AVAILABLE, .value = {.int32Values = [1]{0}, .floatValues = [0]{}, .int64Values = [0]{}, .bytes = [0]{}, .stringValue = ""}}
12-30 10:20:07.447   398   464 I VehiclePropertyStore: begin to write value to Store: {.timestamp = 6143269313730, .areaId = 0, .prop = 557850896, .status = AVAILABLE, .value = {.int32Values = [1]{0}, .floatValues = [0]{}, .int64Values = [0]{}, .bytes = [0]{}, .stringValue = ""}}
12-30 10:20:07.447   398   464 I DefaultVehicleHal_v2_0: DefaultVehicleHal::onPropertyValue, value:{.timestamp = 6143269313730, .areaId = 0, .prop = 557850896, .status = AVAILABLE, .value = {.int32Values = [1]{0}, .floatValues = [0]{}, .int64Values = [0]{}, .bytes = [0]{}, .stringValue = ""}}
12-30 10:20:07.447   398   464 D DiagPropHandler: is not DiagnosticConfig: 0x21402110
12-30 10:20:07.447   398   464 I VehiclePropertyStore: begin to write value to Store: {.timestamp = 6143269313730, .areaId = 0, .prop = 557850896, .status = AVAILABLE, .value = {.int32Values = [1]{0}, .floatValues = [0]{}, .int64Values = [0]{}, .bytes = [0]{}, .stringValue = ""}}
12-30 10:20:07.447   398   464 D adayocomadapter-CommunicationManager: onUpstreamReceive mPropertyId 0x21402110
12-30 10:20:07.447   398   464 D adayocomadapter-CommunicationManager: onUpstreamReceive mPropertyId 0x214020e2
12-30 10:20:07.448   398   464 D adayocomadapter-CommunicationManager: convertBytesToInt32Memcpy  0
12-30 10:20:07.448   398   464 I vw-vhal : notifyVehicleProperty, propId = 0x214020e2, data = {status: 2, int32Values: [0]}
12-30 10:20:07.448   398   464 I vw-vhal : CanSignalsAdapter::notifyVehicleProperty: solvedValue = {.timestamp = 6143269989730, .areaId = 0, .prop = 557850850, .status = AVAILABLE, .value = {.int32Values = [1]{0}, .floatValues = [0]{}, .int64Values = [0]{}, .bytes = [0]{}, .stringValue = ""}}
12-30 10:20:07.448   398   464 I VehiclePropertyStore: begin to write value to Store: {.timestamp = 6143269989730, .areaId = 0, .prop = 557850850, .status = AVAILABLE, .value = {.int32Values = [1]{0}, .floatValues = [0]{}, .int64Values = [0]{}, .bytes = [0]{}, .stringValue = ""}}
12-30 10:20:07.448   398   464 I DefaultVehicleHal_v2_0: DefaultVehicleHal::onPropertyValue, value:{.timestamp = 6143269989730, .areaId = 0, .prop = 557850850, .status = AVAILABLE, .value = {.int32Values = [1]{0}, .floatValues = [0]{}, .int64Values = [0]{}, .bytes = [0]{}, .stringValue = ""}}
12-30 10:20:07.448   398   464 D DiagPropHandler: is not DiagnosticConfig: 0x214020e2
12-30 10:20:07.448   398   464 I VehiclePropertyStore: begin to write value to Store: {.timestamp = 6143269989730, .areaId = 0, .prop = 557850850, .status = AVAILABLE, .value = {.int32Values = [1]{0}, .floatValues = [0]{}, .int64Values = [0]{}, .bytes = [0]{}, .stringValue = ""}}
12-30 10:20:07.448   398   464 D adayocomadapter-CommunicationManager: onUpstreamReceive mPropertyId 0x214020e2
12-30 10:20:07.448   398   464 D adayocomadapter-CommunicationManager: onUpstreamReceive mPropertyId 0x21402043
12-30 10:20:07.448   398   464 D adayocomadapter-CommunicationManager: convertBytesToInt32Memcpy  0
12-30 10:20:07.448   398   464 I vw-vhal : notifyVehicleProperty, propId = 0x21402043, data = {status: 2, int32Values: [0]}
12-30 10:20:07.448   398   464 I vw-vhal : CanSignalsAdapter::notifyVehicleProperty: solvedValue = {.timestamp = 6143270653730, .areaId = 0, .prop = 557850691, .status = AVAILABLE, .value = {.int32Values = [1]{0}, .floatValues = [0]{}, .int64Values = [0]{}, .bytes = [0]{}, .stringValue = ""}}
12-30 10:20:07.448   398   464 I VehiclePropertyStore: begin to write value to Store: {.timestamp = 6143270653730, .areaId = 0, .prop = 557850691, .status = AVAILABLE, .value = {.int32Values = [1]{0}, .floatValues = [0]{}, .int64Values = [0]{}, .bytes = [0]{}, .stringValue = ""}}
12-30 10:20:07.449   398   464 I DefaultVehicleHal_v2_0: DefaultVehicleHal::onPropertyValue, value:{.timestamp = 6143270653730, .areaId = 0, .prop = 557850691, .status = AVAILABLE, .value = {.int32Values = [1]{0}, .floatValues = [0]{}, .int64Values = [0]{}, .bytes = [0]{}, .stringValue = ""}}
12-30 10:20:07.449   398   464 D DiagPropHandler: is not DiagnosticConfig: 0x21402043
12-30 10:20:07.449   398   464 I VehiclePropertyStore: begin to write value to Store: {.timestamp = 6143270653730, .areaId = 0, .prop = 557850691, .status = AVAILABLE, .value = {.int32Values = [1]{0}, .floatValues = [0]{}, .int64Values = [0]{}, .bytes = [0]{}, .stringValue = ""}}
12-30 10:20:07.449   398   464 D adayocomadapter-CommunicationManager: onUpstreamReceive mPropertyId 0x21402043
12-30 10:20:07.449   398   464 D adayocomadapter-CommunicationManager: onUpstreamReceive mPropertyId 0x21402037
12-30 10:20:07.449   398   464 D adayocomadapter-CommunicationManager: convertBytesToInt32Memcpy  0
12-30 10:20:07.449   398   464 I vw-vhal : notifyVehicleProperty, propId = 0x21402037, data = {status: 2, int32Values: [0]}
12-30 10:20:07.449   398   464 I vw-vhal : CanSignalsAdapter::notifyVehicleProperty: solvedValue = {.timestamp = 6143271297730, .areaId = 0, .prop = 557850679, .status = AVAILABLE, .value = {.int32Values = [1]{0}, .floatValues = [0]{}, .int64Values = [0]{}, .bytes = [0]{}, .stringValue = ""}}
12-30 10:20:07.449   398   464 I VehiclePropertyStore: begin to write value to Store: {.timestamp = 6143271297730, .areaId = 0, .prop = 557850679, .status = AVAILABLE, .value = {.int32Values = [1]{0}, .floatValues = [0]{}, .int64Values = [0]{}, .bytes = [0]{}, .stringValue = ""}}
12-30 10:20:07.449   398   464 I DefaultVehicleHal_v2_0: DefaultVehicleHal::onPropertyValue, value:{.timestamp = 6143271297730, .areaId = 0, .prop = 557850679, .status = AVAILABLE, .value = {.int32Values = [1]{0}, .floatValues = [0]{}, .int64Values = [0]{}, .bytes = [0]{}, .stringValue = ""}}
12-30 10:20:07.449   398   464 D DiagPropHandler: is not DiagnosticConfig: 0x21402037
12-30 10:20:07.449   398   464 I VehiclePropertyStore: begin to write value to Store: {.timestamp = 6143271297730, .areaId = 0, .prop = 557850679, .status = AVAILABLE, .value = {.int32Values = [1]{0}, .floatValues = [0]{}, .int64Values = [0]{}, .bytes = [0]{}, .stringValue = ""}}
12-30 10:20:07.449   398   464 D adayocomadapter-CommunicationManager: onUpstreamReceive mPropertyId 0x21402037
12-30 10:20:07.449   398   464 D adayocomadapter-CommunicationManager: onUpstreamReceive mPropertyId 0x214020ee
12-30 10:20:07.449   398   464 D adayocomadapter-CommunicationManager: convertBytesToInt32Memcpy  0
12-30 10:20:07.450   398   464 I vw-vhal : notifyVehicleProperty, propId = 0x214020ee, data = {status: 2, int32Values: [0]}
12-30 10:20:07.450   398   464 I vw-vhal : CanSignalsAdapter::notifyVehicleProperty: solvedValue = {.timestamp = 6143271941397, .areaId = 0, .prop = 557850862, .status = AVAILABLE, .value = {.int32Values = [1]{0}, .floatValues = [0]{}, .int64Values = [0]{}, .bytes = [0]{}, .stringValue = ""}}
12-30 10:20:07.450   398   464 I VehiclePropertyStore: begin to write value to Store: {.timestamp = 6143271941397, .areaId = 0, .prop = 557850862, .status = AVAILABLE, .value = {.int32Values = [1]{0}, .floatValues = [0]{}, .int64Values = [0]{}, .bytes = [0]{}, .stringValue = ""}}
12-30 10:20:07.450   398   464 I DefaultVehicleHal_v2_0: DefaultVehicleHal::onPropertyValue, value:{.timestamp = 6143271941397, .areaId = 0, .prop = 557850862, .status = AVAILABLE, .value = {.int32Values = [1]{0}, .floatValues = [0]{}, .int64Values = [0]{}, .bytes = [0]{}, .stringValue = ""}}
12-30 10:20:07.450   398   464 D DiagPropHandler: is not DiagnosticConfig: 0x214020ee
12-30 10:20:07.450   398   464 I VehiclePropertyStore: begin to write value to Store: {.timestamp = 6143271941397, .areaId = 0, .prop = 557850862, .status = AVAILABLE, .value = {.int32Values = [1]{0}, .floatValues = [0]{}, .int64Values = [0]{}, .bytes = [0]{}, .stringValue = ""}}
12-30 10:20:07.450   398   464 D adayocomadapter-CommunicationManager: onUpstreamReceive mPropertyId 0x214020ee
12-30 10:20:07.450   398   464 D adayocomadapter-CommunicationManager: onUpstreamReceive mPropertyId 0x21402133
12-30 10:20:07.450   398   464 D adayocomadapter-CommunicationManager: convertBytesToInt32Memcpy  0
12-30 10:20:07.450   398   464 I vw-vhal : notifyVehicleProperty, propId = 0x21402133, data = {status: 2, int32Values: [0]}
12-30 10:20:07.450   398   464 I vw-vhal : CanSignalsAdapter::notifyVehicleProperty: solvedValue = {.timestamp = 6143272660730, .areaId = 0, .prop = 557850931, .status = AVAILABLE, .value = {.int32Values = [1]{0}, .floatValues = [0]{}, .int64Values = [0]{}, .bytes = [0]{}, .stringValue = ""}}
12-30 10:20:07.450   398   464 I VehiclePropertyStore: begin to write value to Store: {.timestamp = 6143272660730, .areaId = 0, .prop = 557850931, .status = AVAILABLE, .value = {.int32Values = [1]{0}, .floatValues = [0]{}, .int64Values = [0]{}, .bytes = [0]{}, .stringValue = ""}}
12-30 10:20:07.451   398   464 I DefaultVehicleHal_v2_0: DefaultVehicleHal::onPropertyValue, value:{.timestamp = 6143272660730, .areaId = 0, .prop = 557850931, .status = AVAILABLE, .value = {.int32Values = [1]{0}, .floatValues = [0]{}, .int64Values = [0]{}, .bytes = [0]{}, .stringValue = ""}}
12-30 10:20:07.451   398   464 D DiagPropHandler: is not DiagnosticConfig: 0x21402133
12-30 10:20:07.451   398   464 I VehiclePropertyStore: begin to write value to Store: {.timestamp = 6143272660730, .areaId = 0, .prop = 557850931, .status = AVAILABLE, .value = {.int32Values = [1]{0}, .floatValues = [0]{}, .int64Values = [0]{}, .bytes = [0]{}, .stringValue = ""}}
12-30 10:20:07.451   398   464 D adayocomadapter-CommunicationManager: onUpstreamReceive mPropertyId 0x21402133
12-30 10:20:07.451   398   464 D adayocomadapter-CommunicationManager: onUpstreamReceive mPropertyId 0x2140210f
12-30 10:20:07.451   398   464 D adayocomadapter-CommunicationManager: convertBytesToInt32Memcpy  0
12-30 10:20:07.451   398   464 I vw-vhal : notifyVehicleProperty, propId = 0x2140210f, data = {status: 2, int32Values: [0]}
12-30 10:20:07.451   398   464 I vw-vhal : CanSignalsAdapter::notifyVehicleProperty: solvedValue = {.timestamp = 6143273293397, .areaId = 0, .prop = 557850895, .status = AVAILABLE, .value = {.int32Values = [1]{0}, .floatValues = [0]{}, .int64Values = [0]{}, .bytes = [0]{}, .stringValue = ""}}
12-30 10:20:07.451   398   464 I VehiclePropertyStore: begin to write value to Store: {.timestamp = 6143273293397, .areaId = 0, .prop = 557850895, .status = AVAILABLE, .value = {.int32Values = [1]{0}, .floatValues = [0]{}, .int64Values = [0]{}, .bytes = [0]{}, .stringValue = ""}}
12-30 10:20:07.451   398   464 I DefaultVehicleHal_v2_0: DefaultVehicleHal::onPropertyValue, value:{.timestamp = 6143273293397, .areaId = 0, .prop = 557850895, .status = AVAILABLE, .value = {.int32Values = [1]{0}, .floatValues = [0]{}, .int64Values = [0]{}, .bytes = [0]{}, .stringValue = ""}}
12-30 10:20:07.451   398   464 D DiagPropHandler: is not DiagnosticConfig: 0x2140210f
12-30 10:20:07.451   398   464 I VehiclePropertyStore: begin to write value to Store: {.timestamp = 6143273293397, .areaId = 0, .prop = 557850895, .status = AVAILABLE, .value = {.int32Values = [1]{0}, .floatValues = [0]{}, .int64Values = [0]{}, .bytes = [0]{}, .stringValue = ""}}
12-30 10:20:07.451   398   464 D adayocomadapter-CommunicationManager: onUpstreamReceive mPropertyId 0x2140210f
12-30 10:20:07.451   398   464 D adayocomadapter-CommunicationManager: onUpstreamReceive mPropertyId 0x214020f0
12-30 10:20:07.451   398   464 D adayocomadapter-CommunicationManager: convertBytesToInt32Memcpy  0
12-30 10:20:07.452   398   464 I vw-vhal : notifyVehicleProperty, propId = 0x214020f0, data = {status: 2, int32Values: [0]}
12-30 10:20:07.452   398   464 I vw-vhal : CanSignalsAdapter::notifyVehicleProperty: solvedValue = {.timestamp = 6143273925063, .areaId = 0, .prop = 557850864, .status = AVAILABLE, .value = {.int32Values = [1]{0}, .floatValues = [0]{}, .int64Values = [0]{}, .bytes = [0]{}, .stringValue = ""}}
12-30 10:20:07.452   398   464 I VehiclePropertyStore: begin to write value to Store: {.timestamp = 6143273925063, .areaId = 0, .prop = 557850864, .status = AVAILABLE, .value = {.int32Values = [1]{0}, .floatValues = [0]{}, .int64Values = [0]{}, .bytes = [0]{}, .stringValue = ""}}
12-30 10:20:07.452   398   464 I DefaultVehicleHal_v2_0: DefaultVehicleHal::onPropertyValue, value:{.timestamp = 6143273925063, .areaId = 0, .prop = 557850864, .status = AVAILABLE, .value = {.int32Values = [1]{0}, .floatValues = [0]{}, .int64Values = [0]{}, .bytes = [0]{}, .stringValue = ""}}
12-30 10:20:07.452   398   464 D DiagPropHandler: is not DiagnosticConfig: 0x214020f0
12-30 10:20:07.452   398   464 I VehiclePropertyStore: begin to write value to Store: {.timestamp = 6143273925063, .areaId = 0, .prop = 557850864, .status = AVAILABLE, .value = {.int32Values = [1]{0}, .floatValues = [0]{}, .int64Values = [0]{}, .bytes = [0]{}, .stringValue = ""}}
12-30 10:20:07.452   398   464 D adayocomadapter-CommunicationManager: onUpstreamReceive mPropertyId 0x214020f0
12-30 10:20:07.452   398   464 D adayocomadapter-CommunicationManager: onUpstreamReceive mPropertyId 0x214020c1
12-30 10:20:07.452   398   464 D adayocomadapter-CommunicationManager: convertBytesToInt32Memcpy  0
12-30 10:20:07.452   398   464 I vw-vhal : notifyVehicleProperty, propId = 0x214020c1, data = {status: 2, int32Values: [0]}
12-30 10:20:07.452   398   464 I vw-vhal : CanSignalsAdapter::notifyVehicleProperty: solvedValue = {.timestamp = 6143274564730, .areaId = 0, .prop = 557850817, .status = AVAILABLE, .value = {.int32Values = [1]{0}, .floatValues = [0]{}, .int64Values = [0]{}, .bytes = [0]{}, .stringValue = ""}}
12-30 10:20:07.452   398   464 I VehiclePropertyStore: begin to write value to Store: {.timestamp = 6143274564730, .areaId = 0, .prop = 557850817, .status = AVAILABLE, .value = {.int32Values = [1]{0}, .floatValues = [0]{}, .int64Values = [0]{}, .bytes = [0]{}, .stringValue = ""}}
12-30 10:20:07.452   398   464 I DefaultVehicleHal_v2_0: DefaultVehicleHal::onPropertyValue, value:{.timestamp = 6143274564730, .areaId = 0, .prop = 557850817, .status = AVAILABLE, .value = {.int32Values = [1]{0}, .floatValues = [0]{}, .int64Values = [0]{}, .bytes = [0]{}, .stringValue = ""}}
12-30 10:20:07.452   398   464 D DiagPropHandler: is not DiagnosticConfig: 0x214020c1
12-30 10:20:07.453   398   464 I VehiclePropertyStore: begin to write value to Store: {.timestamp = 6143274564730, .areaId = 0, .prop = 557850817, .status = AVAILABLE, .value = {.int32Values = [1]{0}, .floatValues = [0]{}, .int64Values = [0]{}, .bytes = [0]{}, .stringValue = ""}}
12-30 10:20:07.453   398   464 D adayocomadapter-CommunicationManager: onUpstreamReceive mPropertyId 0x214020c1
12-30 10:20:07.453   398   464 D adayocomadapter-CommunicationManager: onUpstreamReceive mPropertyId 0x2140211f
12-30 10:20:07.453   398   464 D adayocomadapter-CommunicationManager: convertBytesToInt32Memcpy  0
12-30 10:20:07.453   398   464 I vw-vhal : notifyVehicleProperty, propId = 0x2140211f, data = {status: 2, int32Values: [0]}
12-30 10:20:07.453   398   464 I vw-vhal : CanSignalsAdapter::notifyVehicleProperty: solvedValue = {.timestamp = 6143275194730, .areaId = 0, .prop = 557850911, .status = AVAILABLE, .value = {.int32Values = [1]{0}, .floatValues = [0]{}, .int64Values = [0]{}, .bytes = [0]{}, .stringValue = ""}}
12-30 10:20:07.453   398   464 I VehiclePropertyStore: begin to write value to Store: {.timestamp = 6143275194730, .areaId = 0, .prop = 557850911, .status = AVAILABLE, .value = {.int32Values = [1]{0}, .floatValues = [0]{}, .int64Values = [0]{}, .bytes = [0]{}, .stringValue = ""}}
12-30 10:20:07.453   398   464 I DefaultVehicleHal_v2_0: DefaultVehicleHal::onPropertyValue, value:{.timestamp = 6143275194730, .areaId = 0, .prop = 557850911, .status = AVAILABLE, .value = {.int32Values = [1]{0}, .floatValues = [0]{}, .int64Values = [0]{}, .bytes = [0]{}, .stringValue = ""}}
12-30 10:20:07.453   398   464 D DiagPropHandler: is not DiagnosticConfig: 0x2140211f
12-30 10:20:07.453   398   464 I VehiclePropertyStore: begin to write value to Store: {.timestamp = 6143275194730, .areaId = 0, .prop = 557850911, .status = AVAILABLE, .value = {.int32Values = [1]{0}, .floatValues = [0]{}, .int64Values = [0]{}, .bytes = [0]{}, .stringValue = ""}}
12-30 10:20:07.453   398   464 D adayocomadapter-CommunicationManager: onUpstreamReceive mPropertyId 0x2140211f
12-30 10:20:07.453   398   464 D adayocomadapter-CommunicationManager: onUpstreamReceive mPropertyId 0x21402094
12-30 10:20:07.453   398   464 D adayocomadapter-CommunicationManager: convertBytesToInt32Memcpy  0
12-30 10:20:07.453   398   464 I vw-vhal : notifyVehicleProperty, propId = 0x21402094, data = {status: 2, int32Values: [0]}
12-30 10:20:07.454   398   464 I vw-vhal : CanSignalsAdapter::notifyVehicleProperty: solvedValue = {.timestamp = 6143275860397, .areaId = 0, .prop = 557850772, .status = AVAILABLE, .value = {.int32Values = [1]{0}, .floatValues = [0]{}, .int64Values = [0]{}, .bytes = [0]{}, .stringValue = ""}}
12-30 10:20:07.454   398   464 I VehiclePropertyStore: begin to write value to Store: {.timestamp = 6143275860397, .areaId = 0, .prop = 557850772, .status = AVAILABLE, .value = {.int32Values = [1]{0}, .floatValues = [0]{}, .int64Values = [0]{}, .bytes = [0]{}, .stringValue = ""}}
12-30 10:20:07.454   398   464 I DefaultVehicleHal_v2_0: DefaultVehicleHal::onPropertyValue, value:{.timestamp = 6143275860397, .areaId = 0, .prop = 557850772, .status = AVAILABLE, .value = {.int32Values = [1]{0}, .floatValues = [0]{}, .int64Values = [0]{}, .bytes = [0]{}, .stringValue = ""}}
12-30 10:20:07.454   398   464 D DiagPropHandler: is not DiagnosticConfig: 0x21402094
12-30 10:20:07.454   398   464 I VehiclePropertyStore: begin to write value to Store: {.timestamp = 6143275860397, .areaId = 0, .prop = 557850772, .status = AVAILABLE, .value = {.int32Values = [1]{0}, .floatValues = [0]{}, .int64Values = [0]{}, .bytes = [0]{}, .stringValue = ""}}
12-30 10:20:07.454   398   464 D adayocomadapter-CommunicationManager: onUpstreamReceive mPropertyId 0x21402094
12-30 10:20:07.454   398   464 D adayocomadapter-CommunicationManager: onUpstreamReceive mPropertyId 0x21402036
12-30 10:20:07.454   398   464 D adayocomadapter-CommunicationManager: convertBytesToInt32Memcpy  0
12-30 10:20:07.454   398   464 I vw-vhal : notifyVehicleProperty, propId = 0x21402036, data = {status: 2, int32Values: [0]}
12-30 10:20:07.454   398   464 I vw-vhal : CanSignalsAdapter::notifyVehicleProperty: solvedValue = {.timestamp = 6143276544063, .areaId = 0, .prop = 557850678, .status = AVAILABLE, .value = {.int32Values = [1]{0}, .floatValues = [0]{}, .int64Values = [0]{}, .bytes = [0]{}, .stringValue = ""}}
12-30 10:20:07.454   398   464 I VehiclePropertyStore: begin to write value to Store: {.timestamp = 6143276544063, .areaId = 0, .prop = 557850678, .status = AVAILABLE, .value = {.int32Values = [1]{0}, .floatValues = [0]{}, .int64Values = [0]{}, .bytes = [0]{}, .stringValue = ""}}
12-30 10:20:07.454   398   464 I DefaultVehicleHal_v2_0: DefaultVehicleHal::onPropertyValue, value:{.timestamp = 6143276544063, .areaId = 0, .prop = 557850678, .status = AVAILABLE, .value = {.int32Values = [1]{0}, .floatValues = [0]{}, .int64Values = [0]{}, .bytes = [0]{}, .stringValue = ""}}
12-30 10:20:07.454   398   464 D DiagPropHandler: is not DiagnosticConfig: 0x21402036
12-30 10:20:07.455   398   464 I VehiclePropertyStore: begin to write value to Store: {.timestamp = 6143276544063, .areaId = 0, .prop = 557850678, .status = AVAILABLE, .value = {.int32Values = [1]{0}, .floatValues = [0]{}, .int64Values = [0]{}, .bytes = [0]{}, .stringValue = ""}}
12-30 10:20:07.455   398   464 D adayocomadapter-CommunicationManager: onUpstreamReceive mPropertyId 0x21402036
12-30 10:20:07.455   398   464 D adayocomadapter-CommunicationManager: onUpstreamReceive mPropertyId 0x214020c3
12-30 10:20:07.455   398   464 D adayocomadapter-CommunicationManager: convertBytesToInt32Memcpy  0
12-30 10:20:07.455   398   464 I vw-vhal : notifyVehicleProperty, propId = 0x214020c3, data = {status: 2, int32Values: [0]}
12-30 10:20:07.455   398   464 I vw-vhal : CanSignalsAdapter::notifyVehicleProperty: solvedValue = {.timestamp = 6143277178397, .areaId = 0, .prop = 557850819, .status = AVAILABLE, .value = {.int32Values = [1]{0}, .floatValues = [0]{}, .int64Values = [0]{}, .bytes = [0]{}, .stringValue = ""}}
12-30 10:20:07.455   398   464 I VehiclePropertyStore: begin to write value to Store: {.timestamp = 6143277178397, .areaId = 0, .prop = 557850819, .status = AVAILABLE, .value = {.int32Values = [1]{0}, .floatValues = [0]{}, .int64Values = [0]{}, .bytes = [0]{}, .stringValue = ""}}
12-30 10:20:07.455   398   464 I DefaultVehicleHal_v2_0: DefaultVehicleHal::onPropertyValue, value:{.timestamp = 6143277178397, .areaId = 0, .prop = 557850819, .status = AVAILABLE, .value = {.int32Values = [1]{0}, .floatValues = [0]{}, .int64Values = [0]{}, .bytes = [0]{}, .stringValue = ""}}
12-30 10:20:07.455   398   464 D DiagPropHandler: is not DiagnosticConfig: 0x214020c3
12-30 10:20:07.455   398   464 I VehiclePropertyStore: begin to write value to Store: {.timestamp = 6143277178397, .areaId = 0, .prop = 557850819, .status = AVAILABLE, .value = {.int32Values = [1]{0}, .floatValues = [0]{}, .int64Values = [0]{}, .bytes = [0]{}, .stringValue = ""}}
12-30 10:20:07.455   398   464 D adayocomadapter-CommunicationManager: onUpstreamReceive mPropertyId 0x214020c3
12-30 10:20:07.455   398   464 D adayocomadapter-CommunicationManager: onUpstreamReceive mPropertyId 0x21402114
12-30 10:20:07.455   398   464 D adayocomadapter-CommunicationManager: convertBytesToInt32Memcpy  0
12-30 10:20:07.455   398   464 I vw-vhal : notifyVehicleProperty, propId = 0x21402114, data = {status: 2, int32Values: [0]}
12-30 10:20:07.456   398   464 I vw-vhal : CanSignalsAdapter::notifyVehicleProperty: solvedValue = {.timestamp = 6143277863063, .areaId = 0, .prop = 557850900, .status = AVAILABLE, .value = {.int32Values = [1]{0}, .floatValues = [0]{}, .int64Values = [0]{}, .bytes = [0]{}, .stringValue = ""}}
12-30 10:20:07.456   398   464 I VehiclePropertyStore: begin to write value to Store: {.timestamp = 6143277863063, .areaId = 0, .prop = 557850900, .status = AVAILABLE, .value = {.int32Values = [1]{0}, .floatValues = [0]{}, .int64Values = [0]{}, .bytes = [0]{}, .stringValue = ""}}
12-30 10:20:07.456   398   464 I DefaultVehicleHal_v2_0: DefaultVehicleHal::onPropertyValue, value:{.timestamp = 6143277863063, .areaId = 0, .prop = 557850900, .status = AVAILABLE, .value = {.int32Values = [1]{0}, .floatValues = [0]{}, .int64Values = [0]{}, .bytes = [0]{}, .stringValue = ""}}
12-30 10:20:07.456   398   464 D DiagPropHandler: is not DiagnosticConfig: 0x21402114
12-30 10:20:07.456   398   464 I VehiclePropertyStore: begin to write value to Store: {.timestamp = 6143277863063, .areaId = 0, .prop = 557850900, .status = AVAILABLE, .value = {.int32Values = [1]{0}, .floatValues = [0]{}, .int64Values = [0]{}, .bytes = [0]{}, .stringValue = ""}}
12-30 10:20:07.456   398   464 D adayocomadapter-CommunicationManager: onUpstreamReceive mPropertyId 0x21402114
12-30 10:20:07.456   398   464 D adayocomadapter-CommunicationManager: onUpstreamReceive mPropertyId 0x214020b6
12-30 10:20:07.456   398   464 D adayocomadapter-CommunicationManager: convertBytesToInt32Memcpy  0
12-30 10:20:07.456   398   464 I vw-vhal : notifyVehicleProperty, propId = 0x214020b6, data = {status: 2, int32Values: [0]}
12-30 10:20:07.456   398   464 I vw-vhal : CanSignalsAdapter::notifyVehicleProperty: solvedValue = {.timestamp = 6143278526730, .areaId = 0, .prop = 557850806, .status = AVAILABLE, .value = {.int32Values = [1]{0}, .floatValues = [0]{}, .int64Values = [0]{}, .bytes = [0]{}, .stringValue = ""}}
12-30 10:20:07.456   398   464 I VehiclePropertyStore: begin to write value to Store: {.timestamp = 6143278526730, .areaId = 0, .prop = 557850806, .status = AVAILABLE, .value = {.int32Values = [1]{0}, .floatValues = [0]{}, .int64Values = [0]{}, .bytes = [0]{}, .stringValue = ""}}
12-30 10:20:07.456   398   464 I DefaultVehicleHal_v2_0: DefaultVehicleHal::onPropertyValue, value:{.timestamp = 6143278526730, .areaId = 0, .prop = 557850806, .status = AVAILABLE, .value = {.int32Values = [1]{0}, .floatValues = [0]{}, .int64Values = [0]{}, .bytes = [0]{}, .stringValue = ""}}
12-30 10:20:07.456   398   464 D DiagPropHandler: is not DiagnosticConfig: 0x214020b6
12-30 10:20:07.457   398   464 I VehiclePropertyStore: begin to write value to Store: {.timestamp = 6143278526730, .areaId = 0, .prop = 557850806, .status = AVAILABLE, .value = {.int32Values = [1]{0}, .floatValues = [0]{}, .int64Values = [0]{}, .bytes = [0]{}, .stringValue = ""}}
12-30 10:20:07.457   398   464 D adayocomadapter-CommunicationManager: onUpstreamReceive mPropertyId 0x214020b6
12-30 10:20:07.457   398   464 D adayocomadapter-CommunicationManager: onUpstreamReceive mPropertyId 0x21402115
12-30 10:20:07.457   398   464 D adayocomadapter-CommunicationManager: convertBytesToInt32Memcpy  0
12-30 10:20:07.457   398   464 I vw-vhal : notifyVehicleProperty, propId = 0x21402115, data = {status: 2, int32Values: [0]}
12-30 10:20:07.457   398   464 I vw-vhal : CanSignalsAdapter::notifyVehicleProperty: solvedValue = {.timestamp = 6143279218063, .areaId = 0, .prop = 557850901, .status = AVAILABLE, .value = {.int32Values = [1]{0}, .floatValues = [0]{}, .int64Values = [0]{}, .bytes = [0]{}, .stringValue = ""}}
12-30 10:20:07.457   398   464 I VehiclePropertyStore: begin to write value to Store: {.timestamp = 6143279218063, .areaId = 0, .prop = 557850901, .status = AVAILABLE, .value = {.int32Values = [1]{0}, .floatValues = [0]{}, .int64Values = [0]{}, .bytes = [0]{}, .stringValue = ""}}
12-30 10:20:07.457   398   464 I DefaultVehicleHal_v2_0: DefaultVehicleHal::onPropertyValue, value:{.timestamp = 6143279218063, .areaId = 0, .prop = 557850901, .status = AVAILABLE, .value = {.int32Values = [1]{0}, .floatValues = [0]{}, .int64Values = [0]{}, .bytes = [0]{}, .stringValue = ""}}
12-30 10:20:07.457   398   464 D DiagPropHandler: is not DiagnosticConfig: 0x21402115
12-30 10:20:07.457   398   464 I VehiclePropertyStore: begin to write value to Store: {.timestamp = 6143279218063, .areaId = 0, .prop = 557850901, .status = AVAILABLE, .value = {.int32Values = [1]{0}, .floatValues = [0]{}, .int64Values = [0]{}, .bytes = [0]{}, .stringValue = ""}}
12-30 10:20:07.457   398   464 D adayocomadapter-CommunicationManager: onUpstreamReceive mPropertyId 0x21402115
12-30 10:20:07.457   398   464 D adayocomadapter-CommunicationManager: onUpstreamReceive mPropertyId 0x2140211a
12-30 10:20:07.457   398   464 D adayocomadapter-CommunicationManager: convertBytesToInt32Memcpy  0
12-30 10:20:07.457   398   464 I vw-vhal : notifyVehicleProperty, propId = 0x2140211a, data = {status: 2, int32Values: [0]}
