12-30 10:15:59.878   398   464 I DefaultVehicleHal_v2_0: DefaultVehicleHal::onPropertyValue, value:{.timestamp = 5895699950700, .areaId = 0, .prop = 557850634, .status = AVAILABLE, .value = {.int32Values = [1]{0}, .floatValues = [0]{}, .int64Values = [0]{}, .bytes = [0]{}, .stringValue = ""}}
12-30 10:15:59.878   398   464 D DiagPropHandler: is not DiagnosticConfig: 0x2140200a
12-30 10:15:59.878   398   464 I VehiclePropertyStore: begin to write value to Store: {.timestamp = 5895699950700, .areaId = 0, .prop = 557850634, .status = AVAILABLE, .value = {.int32Values = [1]{0}, .floatValues = [0]{}, .int64Values = [0]{}, .bytes = [0]{}, .stringValue = ""}}
12-30 10:15:59.878   398   464 D adayocomadapter-CommunicationManager: onUpstreamReceive mPropertyId 0x2140200a
12-30 10:15:59.878   398   464 D adayocomadapter-CommunicationManager: onUpstreamReceive mPropertyId 0x2140223e
12-30 10:15:59.878   398   464 D adayocomadapter-CommunicationManager: convertBytesToInt32Memcpy  0
12-30 10:15:59.878   398   464 I vw-vhal : notifyVehicleProperty, propId = 0x2140223e, data = {status: 2, int32Values: [0]}
12-30 10:15:59.878   398   464 I vw-vhal : CanSignalsAdapter::notifyVehicleProperty: solvedValue = {.timestamp = 5895700187367, .areaId = 0, .prop = 557851198, .status = AVAILABLE, .value = {.int32Values = [1]{0}, .floatValues = [0]{}, .int64Values = [0]{}, .bytes = [0]{}, .stringValue = ""}}
12-30 10:15:59.878   398   464 I VehiclePropertyStore: begin to write value to Store: {.timestamp = 5895700187367, .areaId = 0, .prop = 557851198, .status = AVAILABLE, .value = {.int32Values = [1]{0}, .floatValues = [0]{}, .int64Values = [0]{}, .bytes = [0]{}, .stringValue = ""}}
12-30 10:15:59.878   398   464 I DefaultVehicleHal_v2_0: DefaultVehicleHal::onPropertyValue, value:{.timestamp = 5895700187367, .areaId = 0, .prop = 557851198, .status = AVAILABLE, .value = {.int32Values = [1]{0}, .floatValues = [0]{}, .int64Values = [0]{}, .bytes = [0]{}, .stringValue = ""}}
12-30 10:15:59.878   398   464 D DiagPropHandler: is not DiagnosticConfig: 0x2140223e
12-30 10:15:59.878   398   464 I VehiclePropertyStore: begin to write value to Store: {.timestamp = 5895700187367, .areaId = 0, .prop = 557851198, .status = AVAILABLE, .value = {.int32Values = [1]{0}, .floatValues = [0]{}, .int64Values = [0]{}, .bytes = [0]{}, .stringValue = ""}}
12-30 10:15:59.878   398   464 D adayocomadapter-CommunicationManager: onUpstreamReceive mPropertyId 0x2140223e
12-30 10:15:59.878   398   464 D adayocomadapter-CommunicationManager: onUpstreamReceive mPropertyId 0x21402119
12-30 10:15:59.878   398   464 D adayocomadapter-CommunicationManager: convertBytesToInt32Memcpy  0
12-30 10:15:59.878   398   464 I vw-vhal : notifyVehicleProperty, propId = 0x21402119, data = {status: 2, int32Values: [0]}
12-30 10:15:59.878   398   464 I vw-vhal : CanSignalsAdapter::notifyVehicleProperty: solvedValue = {.timestamp = 5895700395700, .areaId = 0, .prop = 557850905, .status = AVAILABLE, .value = {.int32Values = [1]{0}, .floatValues = [0]{}, .int64Values = [0]{}, .bytes = [0]{}, .stringValue = ""}}
12-30 10:15:59.878   398   464 I VehiclePropertyStore: begin to write value to Store: {.timestamp = 5895700395700, .areaId = 0, .prop = 557850905, .status = AVAILABLE, .value = {.int32Values = [1]{0}, .floatValues = [0]{}, .int64Values = [0]{}, .bytes = [0]{}, .stringValue = ""}}
12-30 10:15:59.878   398   464 I DefaultVehicleHal_v2_0: DefaultVehicleHal::onPropertyValue, value:{.timestamp = 5895700395700, .areaId = 0, .prop = 557850905, .status = AVAILABLE, .value = {.int32Values = [1]{0}, .floatValues = [0]{}, .int64Values = [0]{}, .bytes = [0]{}, .stringValue = ""}}
12-30 10:15:59.878   398   464 D DiagPropHandler: is not DiagnosticConfig: 0x21402119
12-30 10:15:59.878   398   464 I VehiclePropertyStore: begin to write value to Store: {.timestamp = 5895700395700, .areaId = 0, .prop = 557850905, .status = AVAILABLE, .value = {.int32Values = [1]{0}, .floatValues = [0]{}, .int64Values = [0]{}, .bytes = [0]{}, .stringValue = ""}}
12-30 10:15:59.878   398   464 D adayocomadapter-CommunicationManager: onUpstreamReceive mPropertyId 0x21402119
12-30 10:15:59.878   398   464 D adayocomadapter-CommunicationManager: onUpstreamReceive mPropertyId 0x21402005
12-30 10:15:59.878   398   464 D adayocomadapter-CommunicationManager: convertBytesToInt32Memcpy  0
12-30 10:15:59.878   398   464 I vw-vhal : notifyVehicleProperty, propId = 0x21402005, data = {status: 2, int32Values: [0]}
12-30 10:15:59.878   398   464 I vw-vhal : CanSignalsAdapter::notifyVehicleProperty: solvedValue = {.timestamp = 5895700611367, .areaId = 0, .prop = 557850629, .status = AVAILABLE, .value = {.int32Values = [1]{0}, .floatValues = [0]{}, .int64Values = [0]{}, .bytes = [0]{}, .stringValue = ""}}
12-30 10:15:59.878   398   464 I VehiclePropertyStore: begin to write value to Store: {.timestamp = 5895700611367, .areaId = 0, .prop = 557850629, .status = AVAILABLE, .value = {.int32Values = [1]{0}, .floatValues = [0]{}, .int64Values = [0]{}, .bytes = [0]{}, .stringValue = ""}}
12-30 10:15:59.878   398   464 I DefaultVehicleHal_v2_0: DefaultVehicleHal::onPropertyValue, value:{.timestamp = 5895700611367, .areaId = 0, .prop = 557850629, .status = AVAILABLE, .value = {.int32Values = [1]{0}, .floatValues = [0]{}, .int64Values = [0]{}, .bytes = [0]{}, .stringValue = ""}}
12-30 10:15:59.878   398   464 D DiagPropHandler: is not DiagnosticConfig: 0x21402005
12-30 10:15:59.878   398   464 I VehiclePropertyStore: begin to write value to Store: {.timestamp = 5895700611367, .areaId = 0, .prop = 557850629, .status = AVAILABLE, .value = {.int32Values = [1]{0}, .floatValues = [0]{}, .int64Values = [0]{}, .bytes = [0]{}, .stringValue = ""}}
12-30 10:15:59.878   398   464 D adayocomadapter-CommunicationManager: onUpstreamReceive mPropertyId 0x21402005
12-30 10:15:59.878   398   464 D adayocomadapter-CommunicationManager: onUpstreamReceive mPropertyId 0x2140214e
12-30 10:15:59.878   398   464 D adayocomadapter-CommunicationManager: convertBytesToInt32Memcpy  0
12-30 10:15:59.878   398   464 I vw-vhal : notifyVehicleProperty, propId = 0x2140214e, data = {status: 2, int32Values: [0]}
12-30 10:15:59.878   398   464 I vw-vhal : CanSignalsAdapter::notifyVehicleProperty: solvedValue = {.timestamp = 5895700830367, .areaId = 0, .prop = 557850958, .status = AVAILABLE, .value = {.int32Values = [1]{0}, .floatValues = [0]{}, .int64Values = [0]{}, .bytes = [0]{}, .stringValue = ""}}
12-30 10:15:59.879   398   464 I VehiclePropertyStore: begin to write value to Store: {.timestamp = 5895700830367, .areaId = 0, .prop = 557850958, .status = AVAILABLE, .value = {.int32Values = [1]{0}, .floatValues = [0]{}, .int64Values = [0]{}, .bytes = [0]{}, .stringValue = ""}}
12-30 10:15:59.879   398   464 I DefaultVehicleHal_v2_0: DefaultVehicleHal::onPropertyValue, value:{.timestamp = 5895700830367, .areaId = 0, .prop = 557850958, .status = AVAILABLE, .value = {.int32Values = [1]{0}, .floatValues = [0]{}, .int64Values = [0]{}, .bytes = [0]{}, .stringValue = ""}}
12-30 10:15:59.879   398   464 D DiagPropHandler: is not DiagnosticConfig: 0x2140214e
12-30 10:15:59.879   398   464 I VehiclePropertyStore: begin to write value to Store: {.timestamp = 5895700830367, .areaId = 0, .prop = 557850958, .status = AVAILABLE, .value = {.int32Values = [1]{0}, .floatValues = [0]{}, .int64Values = [0]{}, .bytes = [0]{}, .stringValue = ""}}
12-30 10:15:59.879   398   464 D adayocomadapter-CommunicationManager: onUpstreamReceive mPropertyId 0x2140214e
12-30 10:15:59.879   398   464 D adayocomadapter-CommunicationManager: onUpstreamReceive mPropertyId 0x21402056
12-30 10:15:59.879   398   464 D adayocomadapter-CommunicationManager: convertBytesToInt32Memcpy  0
12-30 10:15:59.879   398   464 I vw-vhal : notifyVehicleProperty, propId = 0x21402056, data = {status: 2, int32Values: [0]}
12-30 10:15:59.879   398   464 I vw-vhal : CanSignalsAdapter::notifyVehicleProperty: solvedValue = {.timestamp = 5895701043700, .areaId = 0, .prop = 557850710, .status = AVAILABLE, .value = {.int32Values = [1]{0}, .floatValues = [0]{}, .int64Values = [0]{}, .bytes = [0]{}, .stringValue = ""}}
12-30 10:15:59.879   398   464 I VehiclePropertyStore: begin to write value to Store: {.timestamp = 5895701043700, .areaId = 0, .prop = 557850710, .status = AVAILABLE, .value = {.int32Values = [1]{0}, .floatValues = [0]{}, .int64Values = [0]{}, .bytes = [0]{}, .stringValue = ""}}
12-30 10:15:59.879   398   464 I DefaultVehicleHal_v2_0: DefaultVehicleHal::onPropertyValue, value:{.timestamp = 5895701043700, .areaId = 0, .prop = 557850710, .status = AVAILABLE, .value = {.int32Values = [1]{0}, .floatValues = [0]{}, .int64Values = [0]{}, .bytes = [0]{}, .stringValue = ""}}
12-30 10:15:59.879   398   464 D DiagPropHandler: is not DiagnosticConfig: 0x21402056
12-30 10:15:59.879   398   464 I VehiclePropertyStore: begin to write value to Store: {.timestamp = 5895701043700, .areaId = 0, .prop = 557850710, .status = AVAILABLE, .value = {.int32Values = [1]{0}, .floatValues = [0]{}, .int64Values = [0]{}, .bytes = [0]{}, .stringValue = ""}}
12-30 10:15:59.879   398   464 D adayocomadapter-CommunicationManager: onUpstreamReceive mPropertyId 0x21402056
12-30 10:15:59.879   398   464 D adayocomadapter-CommunicationManager: onUpstreamReceive mPropertyId 0x21402057
12-30 10:15:59.879   398   464 D adayocomadapter-CommunicationManager: convertBytesToInt32Memcpy  0
12-30 10:15:59.879   398   464 I vw-vhal : notifyVehicleProperty, propId = 0x21402057, data = {status: 2, int32Values: [0]}
12-30 10:15:59.879   398   464 I vw-vhal : CanSignalsAdapter::notifyVehicleProperty: solvedValue = {.timestamp = 5895701260367, .areaId = 0, .prop = 557850711, .status = AVAILABLE, .value = {.int32Values = [1]{0}, .floatValues = [0]{}, .int64Values = [0]{}, .bytes = [0]{}, .stringValue = ""}}
12-30 10:15:59.879   398   464 I VehiclePropertyStore: begin to write value to Store: {.timestamp = 5895701260367, .areaId = 0, .prop = 557850711, .status = AVAILABLE, .value = {.int32Values = [1]{0}, .floatValues = [0]{}, .int64Values = [0]{}, .bytes = [0]{}, .stringValue = ""}}
12-30 10:15:59.879   398   464 I DefaultVehicleHal_v2_0: DefaultVehicleHal::onPropertyValue, value:{.timestamp = 5895701260367, .areaId = 0, .prop = 557850711, .status = AVAILABLE, .value = {.int32Values = [1]{0}, .floatValues = [0]{}, .int64Values = [0]{}, .bytes = [0]{}, .stringValue = ""}}
12-30 10:15:59.879   398   464 D DiagPropHandler: is not DiagnosticConfig: 0x21402057
12-30 10:15:59.879   398   464 I VehiclePropertyStore: begin to write value to Store: {.timestamp = 5895701260367, .areaId = 0, .prop = 557850711, .status = AVAILABLE, .value = {.int32Values = [1]{0}, .floatValues = [0]{}, .int64Values = [0]{}, .bytes = [0]{}, .stringValue = ""}}
12-30 10:15:59.879   398   464 D adayocomadapter-CommunicationManager: onUpstreamReceive mPropertyId 0x21402057
12-30 10:15:59.879   398   464 D adayocomadapter-CommunicationManager: onUpstreamReceive mPropertyId 0x21402058
12-30 10:15:59.879   398   464 D adayocomadapter-CommunicationManager: convertBytesToInt32Memcpy  0
12-30 10:15:59.879   398   464 I vw-vhal : notifyVehicleProperty, propId = 0x21402058, data = {status: 2, int32Values: [0]}
12-30 10:15:59.879   398   464 I vw-vhal : CanSignalsAdapter::notifyVehicleProperty: solvedValue = {.timestamp = 5895701474034, .areaId = 0, .prop = 557850712, .status = AVAILABLE, .value = {.int32Values = [1]{0}, .floatValues = [0]{}, .int64Values = [0]{}, .bytes = [0]{}, .stringValue = ""}}
12-30 10:15:59.879   398   464 I VehiclePropertyStore: begin to write value to Store: {.timestamp = 5895701474034, .areaId = 0, .prop = 557850712, .status = AVAILABLE, .value = {.int32Values = [1]{0}, .floatValues = [0]{}, .int64Values = [0]{}, .bytes = [0]{}, .stringValue = ""}}
12-30 10:15:59.879   398   464 I DefaultVehicleHal_v2_0: DefaultVehicleHal::onPropertyValue, value:{.timestamp = 5895701474034, .areaId = 0, .prop = 557850712, .status = AVAILABLE, .value = {.int32Values = [1]{0}, .floatValues = [0]{}, .int64Values = [0]{}, .bytes = [0]{}, .stringValue = ""}}
12-30 10:15:59.879   398   464 D DiagPropHandler: is not DiagnosticConfig: 0x21402058
12-30 10:15:59.879   398   464 I VehiclePropertyStore: begin to write value to Store: {.timestamp = 5895701474034, .areaId = 0, .prop = 557850712, .status = AVAILABLE, .value = {.int32Values = [1]{0}, .floatValues = [0]{}, .int64Values = [0]{}, .bytes = [0]{}, .stringValue = ""}}
12-30 10:15:59.879   398   464 D adayocomadapter-CommunicationManager: onUpstreamReceive mPropertyId 0x21402058
12-30 10:15:59.879   398   464 D adayocomadapter-CommunicationManager: onUpstreamReceive mPropertyId 0x2140205a
12-30 10:15:59.879   398   464 D adayocomadapter-CommunicationManager: convertBytesToInt32Memcpy  0
12-30 10:15:59.879   398   464 I vw-vhal : notifyVehicleProperty, propId = 0x2140205a, data = {status: 2, int32Values: [0]}
12-30 10:15:59.879   398   464 I vw-vhal : CanSignalsAdapter::notifyVehicleProperty: solvedValue = {.timestamp = 5895701690367, .areaId = 0, .prop = 557850714, .status = AVAILABLE, .value = {.int32Values = [1]{0}, .floatValues = [0]{}, .int64Values = [0]{}, .bytes = [0]{}, .stringValue = ""}}
12-30 10:15:59.879   398   464 I VehiclePropertyStore: begin to write value to Store: {.timestamp = 5895701690367, .areaId = 0, .prop = 557850714, .status = AVAILABLE, .value = {.int32Values = [1]{0}, .floatValues = [0]{}, .int64Values = [0]{}, .bytes = [0]{}, .stringValue = ""}}
12-30 10:15:59.879   398   464 I DefaultVehicleHal_v2_0: DefaultVehicleHal::onPropertyValue, value:{.timestamp = 5895701690367, .areaId = 0, .prop = 557850714, .status = AVAILABLE, .value = {.int32Values = [1]{0}, .floatValues = [0]{}, .int64Values = [0]{}, .bytes = [0]{}, .stringValue = ""}}
12-30 10:15:59.879   398   464 D DiagPropHandler: is not DiagnosticConfig: 0x2140205a
12-30 10:15:59.879   398   464 I VehiclePropertyStore: begin to write value to Store: {.timestamp = 5895701690367, .areaId = 0, .prop = 557850714, .status = AVAILABLE, .value = {.int32Values = [1]{0}, .floatValues = [0]{}, .int64Values = [0]{}, .bytes = [0]{}, .stringValue = ""}}
12-30 10:15:59.879   398   464 D adayocomadapter-CommunicationManager: onUpstreamReceive mPropertyId 0x2140205a
12-30 10:15:59.880   398   464 D adayocomadapter-CommunicationManager: onUpstreamReceive mPropertyId 0x2140205b
12-30 10:15:59.880   398   464 D adayocomadapter-CommunicationManager: convertBytesToInt32Memcpy  0
12-30 10:15:59.880   398   464 I vw-vhal : notifyVehicleProperty, propId = 0x2140205b, data = {status: 2, int32Values: [0]}
12-30 10:15:59.880   398   464 I vw-vhal : CanSignalsAdapter::notifyVehicleProperty: solvedValue = {.timestamp = 5895701916700, .areaId = 0, .prop = 557850715, .status = AVAILABLE, .value = {.int32Values = [1]{0}, .floatValues = [0]{}, .int64Values = [0]{}, .bytes = [0]{}, .stringValue = ""}}
12-30 10:15:59.880   398   464 I VehiclePropertyStore: begin to write value to Store: {.timestamp = 5895701916700, .areaId = 0, .prop = 557850715, .status = AVAILABLE, .value = {.int32Values = [1]{0}, .floatValues = [0]{}, .int64Values = [0]{}, .bytes = [0]{}, .stringValue = ""}}
12-30 10:15:59.880   398   464 I DefaultVehicleHal_v2_0: DefaultVehicleHal::onPropertyValue, value:{.timestamp = 5895701916700, .areaId = 0, .prop = 557850715, .status = AVAILABLE, .value = {.int32Values = [1]{0}, .floatValues = [0]{}, .int64Values = [0]{}, .bytes = [0]{}, .stringValue = ""}}
12-30 10:15:59.880   398   464 D DiagPropHandler: is not DiagnosticConfig: 0x2140205b
12-30 10:15:59.880   398   464 I VehiclePropertyStore: begin to write value to Store: {.timestamp = 5895701916700, .areaId = 0, .prop = 557850715, .status = AVAILABLE, .value = {.int32Values = [1]{0}, .floatValues = [0]{}, .int64Values = [0]{}, .bytes = [0]{}, .stringValue = ""}}
12-30 10:15:59.880   398   464 D adayocomadapter-CommunicationManager: onUpstreamReceive mPropertyId 0x2140205b
12-30 10:15:59.880   398   464 D adayocomadapter-CommunicationManager: onUpstreamReceive mPropertyId 0x2140205c
12-30 10:15:59.880   398   464 D adayocomadapter-CommunicationManager: convertBytesToInt32Memcpy  0
12-30 10:15:59.880   398   464 I vw-vhal : notifyVehicleProperty, propId = 0x2140205c, data = {status: 2, int32Values: [0]}
12-30 10:15:59.880   398   464 I vw-vhal : CanSignalsAdapter::notifyVehicleProperty: solvedValue = {.timestamp = 5895702130367, .areaId = 0, .prop = 557850716, .status = AVAILABLE, .value = {.int32Values = [1]{0}, .floatValues = [0]{}, .int64Values = [0]{}, .bytes = [0]{}, .stringValue = ""}}
12-30 10:15:59.880   398   464 I VehiclePropertyStore: begin to write value to Store: {.timestamp = 5895702130367, .areaId = 0, .prop = 557850716, .status = AVAILABLE, .value = {.int32Values = [1]{0}, .floatValues = [0]{}, .int64Values = [0]{}, .bytes = [0]{}, .stringValue = ""}}
12-30 10:15:59.880   398   464 I DefaultVehicleHal_v2_0: DefaultVehicleHal::onPropertyValue, value:{.timestamp = 5895702130367, .areaId = 0, .prop = 557850716, .status = AVAILABLE, .value = {.int32Values = [1]{0}, .floatValues = [0]{}, .int64Values = [0]{}, .bytes = [0]{}, .stringValue = ""}}
12-30 10:15:59.880   398   464 D DiagPropHandler: is not DiagnosticConfig: 0x2140205c
12-30 10:15:59.880   398   464 I VehiclePropertyStore: begin to write value to Store: {.timestamp = 5895702130367, .areaId = 0, .prop = 557850716, .status = AVAILABLE, .value = {.int32Values = [1]{0}, .floatValues = [0]{}, .int64Values = [0]{}, .bytes = [0]{}, .stringValue = ""}}
12-30 10:15:59.880   398   464 D adayocomadapter-CommunicationManager: onUpstreamReceive mPropertyId 0x2140205c
12-30 10:15:59.880   398   464 D adayocomadapter-CommunicationManager: onUpstreamReceive mPropertyId 0x2140218e
12-30 10:15:59.880   398   464 D adayocomadapter-CommunicationManager: convertBytesToInt32Memcpy  0
12-30 10:15:59.880   398   464 I vw-vhal : notifyVehicleProperty, propId = 0x2140218e, data = {status: 2, int32Values: [0]}
12-30 10:15:59.880   398   464 I vw-vhal : CanSignalsAdapter::notifyVehicleProperty: solvedValue = {.timestamp = 5895702347700, .areaId = 0, .prop = 557851022, .status = AVAILABLE, .value = {.int32Values = [1]{0}, .floatValues = [0]{}, .int64Values = [0]{}, .bytes = [0]{}, .stringValue = ""}}
12-30 10:15:59.880   398   464 I VehiclePropertyStore: begin to write value to Store: {.timestamp = 5895702347700, .areaId = 0, .prop = 557851022, .status = AVAILABLE, .value = {.int32Values = [1]{0}, .floatValues = [0]{}, .int64Values = [0]{}, .bytes = [0]{}, .stringValue = ""}}
12-30 10:15:59.880   398   464 I DefaultVehicleHal_v2_0: DefaultVehicleHal::onPropertyValue, value:{.timestamp = 5895702347700, .areaId = 0, .prop = 557851022, .status = AVAILABLE, .value = {.int32Values = [1]{0}, .floatValues = [0]{}, .int64Values = [0]{}, .bytes = [0]{}, .stringValue = ""}}
12-30 10:15:59.880   398   464 D DiagPropHandler: is not DiagnosticConfig: 0x2140218e
12-30 10:15:59.880   398   464 I VehiclePropertyStore: begin to write value to Store: {.timestamp = 5895702347700, .areaId = 0, .prop = 557851022, .status = AVAILABLE, .value = {.int32Values = [1]{0}, .floatValues = [0]{}, .int64Values = [0]{}, .bytes = [0]{}, .stringValue = ""}}
12-30 10:15:59.880   398   464 D adayocomadapter-CommunicationManager: onUpstreamReceive mPropertyId 0x2140218e
12-30 10:15:59.880   398   464 D adayocomadapter-CommunicationManager: onUpstreamReceive mPropertyId 0x2140218f
12-30 10:15:59.880   398   464 D adayocomadapter-CommunicationManager: convertBytesToInt32Memcpy  0
12-30 10:15:59.880   398   464 I vw-vhal : notifyVehicleProperty, propId = 0x2140218f, data = {status: 2, int32Values: [0]}
12-30 10:15:59.880   398   464 I vw-vhal : CanSignalsAdapter::notifyVehicleProperty: solvedValue = {.timestamp = 5895702563700, .areaId = 0, .prop = 557851023, .status = AVAILABLE, .value = {.int32Values = [1]{0}, .floatValues = [0]{}, .int64Values = [0]{}, .bytes = [0]{}, .stringValue = ""}}
12-30 10:15:59.880   398   464 I VehiclePropertyStore: begin to write value to Store: {.timestamp = 5895702563700, .areaId = 0, .prop = 557851023, .status = AVAILABLE, .value = {.int32Values = [1]{0}, .floatValues = [0]{}, .int64Values = [0]{}, .bytes = [0]{}, .stringValue = ""}}
12-30 10:15:59.880   398   464 I DefaultVehicleHal_v2_0: DefaultVehicleHal::onPropertyValue, value:{.timestamp = 5895702563700, .areaId = 0, .prop = 557851023, .status = AVAILABLE, .value = {.int32Values = [1]{0}, .floatValues = [0]{}, .int64Values = [0]{}, .bytes = [0]{}, .stringValue = ""}}
12-30 10:15:59.880   398   464 D DiagPropHandler: is not DiagnosticConfig: 0x2140218f
12-30 10:15:59.880   398   464 I VehiclePropertyStore: begin to write value to Store: {.timestamp = 5895702563700, .areaId = 0, .prop = 557851023, .status = AVAILABLE, .value = {.int32Values = [1]{0}, .floatValues = [0]{}, .int64Values = [0]{}, .bytes = [0]{}, .stringValue = ""}}
12-30 10:15:59.880   398   464 D adayocomadapter-CommunicationManager: onUpstreamReceive mPropertyId 0x2140218f
12-30 10:15:59.880   398   464 D adayocomadapter-CommunicationManager: onUpstreamReceive mPropertyId 0x21402191
12-30 10:15:59.880   398   464 D adayocomadapter-CommunicationManager: convertBytesToInt32Memcpy  0
12-30 10:15:59.880   398   464 I vw-vhal : notifyVehicleProperty, propId = 0x21402191, data = {status: 2, int32Values: [0]}
12-30 10:15:59.880   398   464 I vw-vhal : CanSignalsAdapter::notifyVehicleProperty: solvedValue = {.timestamp = 5895702780367, .areaId = 0, .prop = 557851025, .status = AVAILABLE, .value = {.int32Values = [1]{0}, .floatValues = [0]{}, .int64Values = [0]{}, .bytes = [0]{}, .stringValue = ""}}
12-30 10:15:59.880   398   464 I VehiclePropertyStore: begin to write value to Store: {.timestamp = 5895702780367, .areaId = 0, .prop = 557851025, .status = AVAILABLE, .value = {.int32Values = [1]{0}, .floatValues = [0]{}, .int64Values = [0]{}, .bytes = [0]{}, .stringValue = ""}}
12-30 10:15:59.881   398   464 I DefaultVehicleHal_v2_0: DefaultVehicleHal::onPropertyValue, value:{.timestamp = 5895702780367, .areaId = 0, .prop = 557851025, .status = AVAILABLE, .value = {.int32Values = [1]{0}, .floatValues = [0]{}, .int64Values = [0]{}, .bytes = [0]{}, .stringValue = ""}}
12-30 10:15:59.881   398   464 D DiagPropHandler: is not DiagnosticConfig: 0x21402191
12-30 10:15:59.881   398   464 I VehiclePropertyStore: begin to write value to Store: {.timestamp = 5895702780367, .areaId = 0, .prop = 557851025, .status = AVAILABLE, .value = {.int32Values = [1]{0}, .floatValues = [0]{}, .int64Values = [0]{}, .bytes = [0]{}, .stringValue = ""}}
12-30 10:15:59.881   398   464 D adayocomadapter-CommunicationManager: onUpstreamReceive mPropertyId 0x21402191
12-30 10:15:59.881   398   464 D adayocomadapter-CommunicationManager: onUpstreamReceive mPropertyId 0x2140223d
12-30 10:15:59.881   398   464 D adayocomadapter-CommunicationManager: convertBytesToInt32Memcpy  0
12-30 10:15:59.881   398   464 I vw-vhal : notifyVehicleProperty, propId = 0x2140223d, data = {status: 2, int32Values: [0]}
12-30 10:15:59.881   398   464 I vw-vhal : CanSignalsAdapter::notifyVehicleProperty: solvedValue = {.timestamp = 5895702996034, .areaId = 0, .prop = 557851197, .status = AVAILABLE, .value = {.int32Values = [1]{0}, .floatValues = [0]{}, .int64Values = [0]{}, .bytes = [0]{}, .stringValue = ""}}
12-30 10:15:59.881   398   464 I VehiclePropertyStore: begin to write value to Store: {.timestamp = 5895702996034, .areaId = 0, .prop = 557851197, .status = AVAILABLE, .value = {.int32Values = [1]{0}, .floatValues = [0]{}, .int64Values = [0]{}, .bytes = [0]{}, .stringValue = ""}}
12-30 10:15:59.881   398   464 I DefaultVehicleHal_v2_0: DefaultVehicleHal::onPropertyValue, value:{.timestamp = 5895702996034, .areaId = 0, .prop = 557851197, .status = AVAILABLE, .value = {.int32Values = [1]{0}, .floatValues = [0]{}, .int64Values = [0]{}, .bytes = [0]{}, .stringValue = ""}}
12-30 10:15:59.881   398   464 D DiagPropHandler: is not DiagnosticConfig: 0x2140223d
12-30 10:15:59.881   398   464 I VehiclePropertyStore: begin to write value to Store: {.timestamp = 5895702996034, .areaId = 0, .prop = 557851197, .status = AVAILABLE, .value = {.int32Values = [1]{0}, .floatValues = [0]{}, .int64Values = [0]{}, .bytes = [0]{}, .stringValue = ""}}
12-30 10:15:59.881   398   464 D adayocomadapter-CommunicationManager: onUpstreamReceive mPropertyId 0x2140223d
12-30 10:15:59.881  2358  2623 D RcfController: Rcf proxy is not connected!
12-30 10:15:59.886   798   838 I adbd    : opening control endpoint /dev/usb-ffs/adb/ep0
12-30 10:15:59.887   798   838 I adbd    : UsbFfsConnection constructed
12-30 10:15:59.887   798 18049 I adbd    : UsbFfs-monitor thread spawned
01-01 09:38:16.896   838   838 I         : read descriptors
01-01 09:38:16.896   838   838 I         : read strings
12-30 10:15:59.896   360   931 I EvsDriver: /dev/video-evs0 VideoCapture fps 30.0007
12-30 10:15:59.896   360   931 D EvsDriver: forwardFrame
12-30 10:15:59.896   360   931 D EvsDriver: forwardFrameDirect
12-30 10:15:59.896   360   931 D EvsDriver: Delivered 0xb400e2ca9e40c2d0 as id 0
12-30 10:15:59.896   359  2784 D evsmanagerd: /dev/video-evs0 forwarded the buffer #0 to 0xb400f125d2b26dd0 from 0xb400f125e2b20710
12-30 10:15:59.900   360   458 D EvsDriver: doneWithFrame
12-30 10:15:59.912   596  3076 E WifiHAL : Invalid data received from driver
12-30 10:15:59.929   360   931 D EvsDriver: forwardFrame
12-30 10:15:59.929   360   931 D EvsDriver: forwardFrameDirect
12-30 10:15:59.930   360   931 D EvsDriver: Delivered 0xb400e2ca9e40d090 as id 1
12-30 10:15:59.930   359  2784 D evsmanagerd: /dev/video-evs0 forwarded the buffer #1 to 0xb400f125d2b26dd0 from 0xb400f125e2b20710
12-30 10:15:59.930   360   458 D EvsDriver: doneWithFrame
12-30 10:15:59.931  2358  2623 D RcfController: Rcf proxy is not connected!
12-30 10:15:59.958  1667  2407 I media_message_log->MediaMessageProxy: (SourceFile:1)b connectToService action bind
12-30 10:15:59.958   916  2591 W ActivityManager: Unable to start service Intent { cmp=com.adayo.server.mediamessagetransfer/.MediaMessTransferService (has extras) } U=0: not found
12-30 10:15:59.958  1667  2407 E media_message_log->MediaMessageProxy: (SourceFile:7)a bindServiceAsUser isBound = false
12-30 10:15:59.963   360   931 D EvsDriver: forwardFrame
12-30 10:15:59.963   360   931 D EvsDriver: forwardFrameDirect
12-30 10:15:59.963   360   931 D EvsDriver: Delivered 0xb400e2ca9e40e110 as id 0
12-30 10:15:59.963   359  2784 D evsmanagerd: /dev/video-evs0 forwarded the buffer #0 to 0xb400f125d2b26dd0 from 0xb400f125e2b20710
12-30 10:15:59.971   360   458 D EvsDriver: doneWithFrame
12-30 10:15:59.982  2358  2623 D RcfController: Rcf proxy is not connected!
12-30 10:15:59.989   596  3076 E WifiHAL : Invalid data received from driver
12-30 10:15:59.996   360   931 D EvsDriver: forwardFrame
12-30 10:15:59.996   360   931 D EvsDriver: forwardFrameDirect
12-30 10:15:59.996   360   931 D EvsDriver: Delivered 0xb400e2ca9e40c7a0 as id 1
12-30 10:15:59.996   359  2784 D evsmanagerd: /dev/video-evs0 forwarded the buffer #1 to 0xb400f125d2b26dd0 from 0xb400f125e2b20710
12-30 10:16:00.001   360   458 D EvsDriver: doneWithFrame
12-30 10:16:00.002  2414  2414 I PowerManagerOverlayEngine: PowerManagerEngine onCarEvent powerEvent:14
12-30 10:16:00.002  2414  2414 I SystemTimeProp: 14 handleValueUpdate:1767060960002 start
12-30 10:16:00.003  2414  2414 D SystemTimeProp: 14 handleValueUpdate:1767060960002 end delta:0
12-30 10:16:00.003  2414  3108 D SystemTimeProp: 14 cacheProp SystemTimeProp prop=(1767060960002)
12-30 10:16:00.005   665  1525 I gps_hdbd: [gps_upgrade_thread 3403]Enter
12-30 10:16:00.005   665  1525 I gps_hdbd: [gps_upgrade_thread 3432] sys.gps.update:0 ,file:not ,upgrate_ing:0
12-30 10:16:00.029   360   931 D EvsDriver: forwardFrame
12-30 10:16:00.029   360   931 D EvsDriver: forwardFrameDirect
12-30 10:16:00.030   360   931 D EvsDriver: Delivered 0xb400e2ca9e40e270 as id 0
12-30 10:16:00.030   359  2784 D evsmanagerd: /dev/video-evs0 forwarded the buffer #0 to 0xb400f125d2b26dd0 from 0xb400f125e2b20710
12-30 10:16:00.031   360   458 D EvsDriver: doneWithFrame
12-30 10:16:00.032  2358  2623 D RcfController: Rcf proxy is not connected!
12-30 10:16:00.046   596  3076 E WifiHAL : Invalid data received from driver
12-30 10:16:00.055   881   913 I PerfService: perfservice: set_boost /sys/devices/system/cpu/cpufreq/policy0/scaling_min_freq min=550000
12-30 10:16:00.063   360   931 D EvsDriver: forwardFrame
12-30 10:16:00.063   360   931 D EvsDriver: forwardFrameDirect
12-30 10:16:00.063   360   931 D EvsDriver: Delivered 0xb400e2ca9e40d4b0 as id 1
12-30 10:16:00.063   359  2784 D evsmanagerd: /dev/video-evs0 forwarded the buffer #1 to 0xb400f125d2b26dd0 from 0xb400f125e2b20710
12-30 10:16:00.072   360   458 D EvsDriver: doneWithFrame
12-30 10:16:00.080   650   729 D fgemcucomm: sd Uart data : 6AA602B8300002920280
12-30 10:16:00.080   650   729 D fgemcucomm: rev uart=48781,len=14, data : 6AA681B83000069202001A0000E3
12-30 10:16:00.081   398  2883 D adayocomadapter-ParseProtocolFunc: printRaWMsg Name[MCUToUPstream recv] len[6] data[9202001A0000]
12-30 10:16:00.081   398  2883 D adayocomadapter-CommunicationManager: onUpstreamback   member[0] dataLength[3] timePoint[5895903]
12-30 10:16:00.081   398  2883 D adayocomadapter-ParseProtocolFunc: printRaWMsg Name[onUpstreamback] len[3] data[1A0000]
12-30 10:16:00.081   398   464 D adayocomadapter-UpstreamHandler: processBeforePacket upSreamtProcessTimePoint[5895903] 
12-30 10:16:00.081   398   464 D adayocomadapter-UpstreamHandler: processPacket UPSTREAM_QUEUE_DATA_TIMEOUT
12-30 10:16:00.081   398   464 D adayocomadapter-ParseProtocolFunc: parseCommonIPCLBytes Processing tableNumber[26]
12-30 10:16:00.081   398   464 D adayocomadapter-ParseProtocolFunc: parseCommonIPCLBytes Processing tablename[Table-26] tableSize[3]
12-30 10:16:00.081   398   464 D adayocomadapter-ParseProtocolFunc: printRaWMsg Name[byteStream recv] len[3] data[1A0000]
12-30 10:16:00.081   398   464 D adayocomadapter-ParseProtocolFunc: printRaWMsg Name[IPCLtoVHAL] len[6] data[214021C90000]
12-30 10:16:00.081   398   464 D adayocomadapter-ParseProtocolFunc: printRaWMsg Name[IPCLtoVHAL] len[6] data[214022060000]
12-30 10:16:00.081   398   464 D adayocomadapter-CommunicationManager: onUpstreamReceive mPropertyId 0x214021c9
12-30 10:16:00.081   398   464 D adayocomadapter-CommunicationManager: convertBytesToInt32Memcpy  0
12-30 10:16:00.081   398   464 I vw-vhal : notifyVehicleProperty, propId = 0x214021c9, data = {status: 2, int32Values: [0]}
12-30 10:16:00.081   398   464 I vw-vhal : CanSignalsAdapter::notifyVehicleProperty: solvedValue = {.timestamp = 5895903356700, .areaId = 0, .prop = 557851081, .status = AVAILABLE, .value = {.int32Values = [1]{0}, .floatValues = [0]{}, .int64Values = [0]{}, .bytes = [0]{}, .stringValue = ""}}
12-30 10:16:00.081   398   464 I VehiclePropertyStore: begin to write value to Store: {.timestamp = 5895903356700, .areaId = 0, .prop = 557851081, .status = AVAILABLE, .value = {.int32Values = [1]{0}, .floatValues = [0]{}, .int64Values = [0]{}, .bytes = [0]{}, .stringValue = ""}}
12-30 10:16:00.081   398   464 I DefaultVehicleHal_v2_0: DefaultVehicleHal::onPropertyValue, value:{.timestamp = 5895903356700, .areaId = 0, .prop = 557851081, .status = AVAILABLE, .value = {.int32Values = [1]{0}, .floatValues = [0]{}, .int64Values = [0]{}, .bytes = [0]{}, .stringValue = ""}}
12-30 10:16:00.081   398   464 D DiagPropHandler: is not DiagnosticConfig: 0x214021c9
12-30 10:16:00.081   398   464 I VehiclePropertyStore: begin to write value to Store: {.timestamp = 5895903356700, .areaId = 0, .prop = 557851081, .status = AVAILABLE, .value = {.int32Values = [1]{0}, .floatValues = [0]{}, .int64Values = [0]{}, .bytes = [0]{}, .stringValue = ""}}
12-30 10:16:00.081   398   464 D adayocomadapter-CommunicationManager: onUpstreamReceive mPropertyId 0x214021c9
12-30 10:16:00.081   398   464 D adayocomadapter-CommunicationManager: onUpstreamReceive mPropertyId 0x21402206
12-30 10:16:00.081   398   464 D adayocomadapter-CommunicationManager: convertBytesToInt32Memcpy  0
12-30 10:16:00.081   398   464 I vw-vhal : notifyVehicleProperty, propId = 0x21402206, data = {status: 2, int32Values: [0]}
12-30 10:16:00.081   398   464 I vw-vhal : CanSignalsAdapter::notifyVehicleProperty: solvedValue = {.timestamp = 5895903628700, .areaId = 0, .prop = 557851142, .status = AVAILABLE, .value = {.int32Values = [1]{0}, .floatValues = [0]{}, .int64Values = [0]{}, .bytes = [0]{}, .stringValue = ""}}
12-30 10:16:00.081   398   464 I VehiclePropertyStore: begin to write value to Store: {.timestamp = 5895903628700, .areaId = 0, .prop = 557851142, .status = AVAILABLE, .value = {.int32Values = [1]{0}, .floatValues = [0]{}, .int64Values = [0]{}, .bytes = [0]{}, .stringValue = ""}}
12-30 10:16:00.081   398   464 I DefaultVehicleHal_v2_0: DefaultVehicleHal::onPropertyValue, value:{.timestamp = 5895903628700, .areaId = 0, .prop = 557851142, .status = AVAILABLE, .value = {.int32Values = [1]{0}, .floatValues = [0]{}, .int64Values = [0]{}, .bytes = [0]{}, .stringValue = ""}}
12-30 10:16:00.081   398   464 D DiagPropHandler: is not DiagnosticConfig: 0x21402206
12-30 10:16:00.081   398   464 I VehiclePropertyStore: begin to write value to Store: {.timestamp = 5895903628700, .areaId = 0, .prop = 557851142, .status = AVAILABLE, .value = {.int32Values = [1]{0}, .floatValues = [0]{}, .int64Values = [0]{}, .bytes = [0]{}, .stringValue = ""}}
12-30 10:16:00.081   398   464 D adayocomadapter-CommunicationManager: onUpstreamReceive mPropertyId 0x21402206
12-30 10:16:00.082  2358  2623 D RcfController: Rcf proxy is not connected!
12-30 10:16:00.096   360   931 D EvsDriver: forwardFrame
12-30 10:16:00.096   360   931 D EvsDriver: forwardFrameDirect
12-30 10:16:00.096   360   931 D EvsDriver: Delivered 0xb400e2ca9e40c2d0 as id 0
12-30 10:16:00.096   359  2784 D evsmanagerd: /dev/video-evs0 forwarded the buffer #0 to 0xb400f125d2b26dd0 from 0xb400f125e2b20710
12-30 10:16:00.102   360   458 D EvsDriver: doneWithFrame
12-30 10:16:00.117   596  3076 E WifiHAL : Invalid data received from driver
12-30 10:16:00.117   596  3076 E WifiHAL : Invalid data received from driver
12-30 10:16:00.117   596  3076 E WifiHAL : Invalid data received from driver
12-30 10:16:00.117   596  3076 E WifiHAL : Invalid data received from driver
12-30 10:16:00.117   596  3076 E WifiHAL : Invalid data received from driver
12-30 10:16:00.117   596  3076 E WifiHAL : Invalid data received from driver
12-30 10:16:00.117   596  3076 E WifiHAL : Invalid data received from driver
12-30 10:16:00.121   596  3076 E WifiHAL : Invalid data received from driver
12-30 10:16:00.129   360   931 D EvsDriver: forwardFrame
12-30 10:16:00.129   360   931 D EvsDriver: forwardFrameDirect
12-30 10:16:00.130   360   931 D EvsDriver: Delivered 0xb400e2ca9e40d090 as id 1
12-30 10:16:00.130   359  2784 D evsmanagerd: /dev/video-evs0 forwarded the buffer #1 to 0xb400f125d2b26dd0 from 0xb400f125e2b20710
12-30 10:16:00.132  2358  2623 D RcfController: Rcf proxy is not connected!
12-30 10:16:00.132   360   458 D EvsDriver: doneWithFrame
12-30 10:16:00.163   360   931 D EvsDriver: forwardFrame
12-30 10:16:00.163   360   931 D EvsDriver: forwardFrameDirect
12-30 10:16:00.163   360   931 D EvsDriver: Delivered 0xb400e2ca9e40e110 as id 0
12-30 10:16:00.163   359  2784 D evsmanagerd: /dev/video-evs0 forwarded the buffer #0 to 0xb400f125d2b26dd0 from 0xb400f125e2b20710
12-30 10:16:00.173   360   458 D EvsDriver: doneWithFrame
12-30 10:16:00.180   650   729 D fgemcucomm: sd Uart data : 6AA602B8310002800A89
12-30 10:16:00.181   650   729 D fgemcucomm: rev uart=48782,len=13, data : 6AA681B8310005800A04000003
12-30 10:16:00.181   398  2883 D adayocomadapter-ParseProtocolFunc: printRaWMsg Name[MCUToUPstream recv] len[4] data[800A0400]
12-30 10:16:00.181   398  2883 D adayocomadapter-CommunicationManager: onUpstreamback   member[7] dataLength[2] timePoint[5896003]
12-30 10:16:00.181   398  2883 D adayocomadapter-ParseProtocolFunc: printRaWMsg Name[onUpstreamback] len[2] data[0400]
12-30 10:16:00.181   398   464 D adayocomadapter-UpstreamHandler: processBeforePacket upSreamtProcessTimePoint[5896003] 
12-30 10:16:00.181   398   464 D adayocomadapter-ParseProtocolFunc: parseGeneralIPCLBytes Processing tablename[Table-0] tableSize[2]
12-30 10:16:00.181   398   464 D adayocomadapter-ParseProtocolFunc: printRaWMsg Name[byteStream recv] len[2] data[0400]
12-30 10:16:00.181   398   464 D adayocomadapter-ParseProtocolFunc: printRaWMsg Name[IPCLtoVHAL] len[6] data[314010020000]
12-30 10:16:00.181   398   464 D adayocomadapter-ParseProtocolFunc: printRaWMsg Name[IPCLtoVHAL] len[6] data[314010010004]
12-30 10:16:00.181   398   464 D adayocomadapter-CommunicationManager: onUpstreamReceive mPropertyId 0x31401002
12-30 10:16:00.181   398   464 D adayocomadapter-CommunicationManager: convertBytesToInt32Memcpy  0
12-30 10:16:00.181   398   464 I vw-vhal : notifyVehicleProperty, propId = 0x31401002, data = {status: 2, int32Values: [0]}
12-30 10:16:00.181   398   464 I vw-vhal : CanSignalsAdapter::notifyVehicleProperty: solvedValue = {.timestamp = 5896003378700, .areaId = 0, .prop = 826281986, .status = AVAILABLE, .value = {.int32Values = [1]{0}, .floatValues = [0]{}, .int64Values = [0]{}, .bytes = [0]{}, .stringValue = ""}}
12-30 10:16:00.181   398   464 I VehiclePropertyStore: begin to write value to Store: {.timestamp = 5896003378700, .areaId = 0, .prop = 826281986, .status = AVAILABLE, .value = {.int32Values = [1]{0}, .floatValues = [0]{}, .int64Values = [0]{}, .bytes = [0]{}, .stringValue = ""}}
12-30 10:16:00.181   398   464 I DefaultVehicleHal_v2_0: DefaultVehicleHal::onPropertyValue, value:{.timestamp = 5896003378700, .areaId = 0, .prop = 826281986, .status = AVAILABLE, .value = {.int32Values = [1]{0}, .floatValues = [0]{}, .int64Values = [0]{}, .bytes = [0]{}, .stringValue = ""}}
12-30 10:16:00.181   398   464 D DiagPropHandler: is not DiagnosticConfig: 0x31401002
12-30 10:16:00.181   398   464 I VehiclePropertyStore: begin to write value to Store: {.timestamp = 5896003378700, .areaId = 0, .prop = 826281986, .status = AVAILABLE, .value = {.int32Values = [1]{0}, .floatValues = [0]{}, .int64Values = [0]{}, .bytes = [0]{}, .stringValue = ""}}
12-30 10:16:00.181   398   464 D adayocomadapter-CommunicationManager: onUpstreamReceive mPropertyId 0x31401002
12-30 10:16:00.181   398   464 D adayocomadapter-CommunicationManager: onUpstreamReceive mPropertyId 0x31401001
12-30 10:16:00.181   398   464 D adayocomadapter-CommunicationManager: convertBytesToInt32Memcpy  4
12-30 10:16:00.181   398   464 I vw-vhal : notifyVehicleProperty, propId = 0x31401001, data = {status: 2, int32Values: [4]}
12-30 10:16:00.181   398   464 I vw-vhal : CanSignalsAdapter::notifyVehicleProperty: solvedValue = {.timestamp = 5896003613367, .areaId = 0, .prop = 826281985, .status = AVAILABLE, .value = {.int32Values = [1]{4}, .floatValues = [0]{}, .int64Values = [0]{}, .bytes = [0]{}, .stringValue = ""}}
12-30 10:16:00.181   398   464 I VehiclePropertyStore: begin to write value to Store: {.timestamp = 5896003613367, .areaId = 0, .prop = 826281985, .status = AVAILABLE, .value = {.int32Values = [1]{4}, .floatValues = [0]{}, .int64Values = [0]{}, .bytes = [0]{}, .stringValue = ""}}
12-30 10:16:00.181   398   464 I DefaultVehicleHal_v2_0: DefaultVehicleHal::onPropertyValue, value:{.timestamp = 5896003613367, .areaId = 0, .prop = 826281985, .status = AVAILABLE, .value = {.int32Values = [1]{4}, .floatValues = [0]{}, .int64Values = [0]{}, .bytes = [0]{}, .stringValue = ""}}
12-30 10:16:00.181   398   464 D DiagPropHandler: is not DiagnosticConfig: 0x31401001
12-30 10:16:00.181   398   464 I VehiclePropertyStore: begin to write value to Store: {.timestamp = 5896003613367, .areaId = 0, .prop = 826281985, .status = AVAILABLE, .value = {.int32Values = [1]{4}, .floatValues = [0]{}, .int64Values = [0]{}, .bytes = [0]{}, .stringValue = ""}}
12-30 10:16:00.181   398   464 D adayocomadapter-CommunicationManager: onUpstreamReceive mPropertyId 0x31401001
12-30 10:16:00.182  2358  2623 D RcfController: Rcf proxy is not connected!
12-30 10:16:00.193   596  3076 E WifiHAL : Invalid data received from driver
12-30 10:16:00.196   360   931 D EvsDriver: forwardFrame
12-30 10:16:00.196   360   931 D EvsDriver: forwardFrameDirect
12-30 10:16:00.196   360   931 D EvsDriver: Delivered 0xb400e2ca9e40c7a0 as id 1
12-30 10:16:00.196   359  2784 D evsmanagerd: /dev/video-evs0 forwarded the buffer #1 to 0xb400f125d2b26dd0 from 0xb400f125e2b20710
12-30 10:16:00.203   360   458 D EvsDriver: doneWithFrame
12-30 10:16:00.229   360   931 D EvsDriver: forwardFrame
12-30 10:16:00.229   360   931 D EvsDriver: forwardFrameDirect
12-30 10:16:00.230   360   931 D EvsDriver: Delivered 0xb400e2ca9e40e270 as id 0
12-30 10:16:00.230   359  2784 D evsmanagerd: /dev/video-evs0 forwarded the buffer #0 to 0xb400f125d2b26dd0 from 0xb400f125e2b20710
12-30 10:16:00.232  2358  2623 D RcfController: Rcf proxy is not connected!
12-30 10:16:00.233   360   458 D EvsDriver: doneWithFrame
12-30 10:16:00.245  1667  2410 I media_message_log->MediaMessageUserProxy: (SourceFile:1)b connectToService action bind
12-30 10:16:00.246   916  2591 W ActivityManager: Unable to start service Intent { cmp=com.adayo.server.mediamessagetransfer/.MediaMessTransferService (has extras) } U=0: not found
12-30 10:16:00.246  1667  2410 E media_message_log->MediaMessageUserProxy: (SourceFile:7)a bindServiceAsUser isBound = false
12-30 10:16:00.251   596  3076 E WifiHAL : Invalid data received from driver
12-30 10:16:00.263   360   931 D EvsDriver: forwardFrame
12-30 10:16:00.263   360   931 D EvsDriver: forwardFrameDirect
12-30 10:16:00.263   360   931 D EvsDriver: Delivered 0xb400e2ca9e40d4b0 as id 1
12-30 10:16:00.263   359  2784 D evsmanagerd: /dev/video-evs0 forwarded the buffer #1 to 0xb400f125d2b26dd0 from 0xb400f125e2b20710
12-30 10:16:00.274   360   458 D EvsDriver: doneWithFrame
12-30 10:16:00.275  1667  2513 W ContextImpl: Calling a method in the system process without a qualified user: android.app.ContextImpl.bindService:1988 android.content.ContextWrapper.bindService:861 com.ford.sync.fnvservice.analytics.AnalyticsManager$RetryHandler.a:126 com.ford.sync.fnvservice.analytics.AnalyticsManager$RetryHandler.handleMessage:103 android.os.Handler.dispatchMessage:106 
12-30 10:16:00.276   916  2591 W ActivityManager: Unable to start service Intent { cmp=com.ford.sync.fnvservice/.analytics.AnalyticsService } U=0: not found
12-30 10:16:00.276  1667  2513 W AnalyticsManager:  bind ford Analytics failed -> sendRetryMessage 
12-30 10:16:00.283  2358  2623 D RcfController: Rcf proxy is not connected!
12-30 10:16:00.296   360   931 D EvsDriver: forwardFrame
12-30 10:16:00.296   360   931 D EvsDriver: forwardFrameDirect
12-30 10:16:00.296   360   931 D EvsDriver: Delivered 0xb400e2ca9e40c2d0 as id 0
12-30 10:16:00.296   359  2784 D evsmanagerd: /dev/video-evs0 forwarded the buffer #0 to 0xb400f125d2b26dd0 from 0xb400f125e2b20710
12-30 10:16:00.302   596  3076 E WifiHAL : Invalid data received from driver
12-30 10:16:00.304   360   458 D EvsDriver: doneWithFrame
12-30 10:16:00.305  2475  2681 I TtsServiceAgent: check thread start checking, threadId = 29
12-30 10:16:00.305  2475  2681 D TtsServiceAgent: start bind service...
12-30 10:16:00.305  2475  2681 D TtsServiceAgent: ----->initService, usage = 16
12-30 10:16:00.305  2475  2681 W ContextImpl: Calling a method in the system process without a qualified user: android.app.ContextImpl.bindService:1988 android.content.ContextWrapper.bindService:861 com.iflytek.autofly.ttsaidl.ttsproxy.TtsServiceAgent.initService:189 com.iflytek.autofly.ttsaidl.ttsproxy.TtsServiceAgent.initService:133 com.iflytek.autofly.ttsaidl.ttsproxy.TtsServiceAgent$2.run:517 
12-30 10:16:00.306   916  2591 W ActivityManager: Unable to start service Intent { act=com.iflytek.autofly.tts.ttsservice.TtsAdapterService cmp=com.iflytek.cutefly.speechclient.hmi/com.iflytek.autofly.tts.ttsservice.TtsAdapterService } U=0: not found
12-30 10:16:00.306  2475  2681 D TtsServiceAgent: bindService: false
12-30 10:16:00.306  2475  2681 D TtsServiceAgent: start reInitService
12-30 10:16:00.306  2475  2681 D TtsServiceAgent: aidlCheckThreadRunning = true
12-30 10:16:00.306  2475  2681 D TtsServiceAgent: ----->check connection status in 1000s...
12-30 10:16:00.329   360   931 D EvsDriver: forwardFrame
12-30 10:16:00.329   360   931 D EvsDriver: forwardFrameDirect
12-30 10:16:00.330   360   931 D EvsDriver: Delivered 0xb400e2ca9e40d090 as id 1
12-30 10:16:00.330   359  2784 D evsmanagerd: /dev/video-evs0 forwarded the buffer #1 to 0xb400f125d2b26dd0 from 0xb400f125e2b20710
12-30 10:16:00.333  2358  2623 D RcfController: Rcf proxy is not connected!
12-30 10:16:00.334   360   458 D EvsDriver: doneWithFrame
12-30 10:16:00.363   360   931 D EvsDriver: forwardFrame
12-30 10:16:00.363   360   931 D EvsDriver: forwardFrameDirect
12-30 10:16:00.363   360   931 D EvsDriver: Delivered 0xb400e2ca9e40e110 as id 0
12-30 10:16:00.363   359  2784 D evsmanagerd: /dev/video-evs0 forwarded the buffer #0 to 0xb400f125d2b26dd0 from 0xb400f125e2b20710
12-30 10:16:00.364   360   458 D EvsDriver: doneWithFrame
12-30 10:16:00.373   596  3076 E WifiHAL : Invalid data received from driver
12-30 10:16:00.383  2358  2623 D RcfController: Rcf proxy is not connected!
12-30 10:16:00.396   360   931 D EvsDriver: forwardFrame
12-30 10:16:00.396   360   931 D EvsDriver: forwardFrameDirect
12-30 10:16:00.396   360   931 D EvsDriver: Delivered 0xb400e2ca9e40c7a0 as id 1
12-30 10:16:00.396   359  2784 D evsmanagerd: /dev/video-evs0 forwarded the buffer #1 to 0xb400f125d2b26dd0 from 0xb400f125e2b20710
12-30 10:16:00.405   360   458 D EvsDriver: doneWithFrame
12-30 10:16:00.429   360   931 D EvsDriver: forwardFrame
12-30 10:16:00.429   360   931 D EvsDriver: forwardFrameDirect
12-30 10:16:00.430   360   931 D EvsDriver: Delivered 0xb400e2ca9e40e270 as id 0
12-30 10:16:00.430   359  2784 D evsmanagerd: /dev/video-evs0 forwarded the buffer #0 to 0xb400f125d2b26dd0 from 0xb400f125e2b20710
12-30 10:16:00.433  2358  2623 D RcfController: Rcf proxy is not connected!
12-30 10:16:00.435   360   458 D EvsDriver: doneWithFrame
12-30 10:16:00.449   650   730 D fgemcucomm: sd Uart data : 6AA60011DF0002060107
12-30 10:16:00.463   360   931 D EvsDriver: forwardFrame
12-30 10:16:00.463   360   931 D EvsDriver: forwardFrameDirect
12-30 10:16:00.463   360   931 D EvsDriver: Delivered 0xb400e2ca9e40d4b0 as id 1
12-30 10:16:00.463   359  2784 D evsmanagerd: /dev/video-evs0 forwarded the buffer #1 to 0xb400f125d2b26dd0 from 0xb400f125e2b20710
12-30 10:16:00.465   360   458 D EvsDriver: doneWithFrame
12-30 10:16:00.470   596  3076 E WifiHAL : Invalid data received from driver
12-30 10:16:00.483  2358  2623 D RcfController: Rcf proxy is not connected!
12-30 10:16:00.496   360   931 D EvsDriver: forwardFrame
12-30 10:16:00.496   360   931 D EvsDriver: forwardFrameDirect
12-30 10:16:00.496   360   931 D EvsDriver: Delivered 0xb400e2ca9e40c2d0 as id 0
12-30 10:16:00.496   359  2784 D evsmanagerd: /dev/video-evs0 forwarded the buffer #0 to 0xb400f125d2b26dd0 from 0xb400f125e2b20710
12-30 10:16:00.505   360   458 D EvsDriver: doneWithFrame
12-30 10:16:00.523  1582  3078 I c       : checkService in back thread add: adayo.upgrade.v2.0
12-30 10:16:00.524  1582  3078 E upgradeApp_251223_V1  l: d(null:11)pre->c(null:23)-> serviceBinder is null
12-30 10:16:00.524  1582  3078 W c       : doBindService in back thread fail: adayo.upgrade.v2.0
12-30 10:16:00.529   360   931 D EvsDriver: forwardFrame
12-30 10:16:00.529   360   931 D EvsDriver: forwardFrameDirect
12-30 10:16:00.530   360   931 D EvsDriver: Delivered 0xb400e2ca9e40d090 as id 1
12-30 10:16:00.530   359  2784 D evsmanagerd: /dev/video-evs0 forwarded the buffer #1 to 0xb400f125d2b26dd0 from 0xb400f125e2b20710
12-30 10:16:00.531   596  3076 E WifiHAL : Invalid data received from driver
12-30 10:16:00.534  2358  2623 D RcfController: Rcf proxy is not connected!
12-30 10:16:00.536   360   458 D EvsDriver: doneWithFrame
12-30 10:16:00.563   360   931 D EvsDriver: forwardFrame
12-30 10:16:00.563   360   931 D EvsDriver: forwardFrameDirect
12-30 10:16:00.563   360   931 D EvsDriver: Delivered 0xb400e2ca9e40e110 as id 0
12-30 10:16:00.563   359  2784 D evsmanagerd: /dev/video-evs0 forwarded the buffer #0 to 0xb400f125d2b26dd0 from 0xb400f125e2b20710
12-30 10:16:00.566   360   458 D EvsDriver: doneWithFrame
12-30 10:16:00.584  2358  2623 D RcfController: Rcf proxy is not connected!
12-30 10:16:00.596   360   931 D EvsDriver: forwardFrame
12-30 10:16:00.596   360   931 D EvsDriver: forwardFrameDirect
12-30 10:16:00.596   360   931 D EvsDriver: Delivered 0xb400e2ca9e40c7a0 as id 1
12-30 10:16:00.596   359  2784 D evsmanagerd: /dev/video-evs0 forwarded the buffer #1 to 0xb400f125d2b26dd0 from 0xb400f125e2b20710
12-30 10:16:00.606   360   458 D EvsDriver: doneWithFrame
12-30 10:16:00.613   596  3076 E WifiHAL : Invalid data received from driver
12-30 10:16:00.629   360   931 D EvsDriver: forwardFrame
12-30 10:16:00.629   360   931 D EvsDriver: forwardFrameDirect
12-30 10:16:00.630   360   931 D EvsDriver: Delivered 0xb400e2ca9e40e270 as id 0
12-30 10:16:00.630   359  2784 D evsmanagerd: /dev/video-evs0 forwarded the buffer #0 to 0xb400f125d2b26dd0 from 0xb400f125e2b20710
12-30 10:16:00.633   650   729 D fgemcucomm: sd Uart data : 6AA602B832000292027E
12-30 10:16:00.633   650   729 D fgemcucomm: rev uart=48783,len=40, data : 6AA681B83200209202001600000000000000000000000000000000000000000000000000000000CB
12-30 10:16:00.633   398  2883 D adayocomadapter-ParseProtocolFunc: printRaWMsg Name[MCUToUPstream recv] len[32] data[9202001600000000000000000000000000000000000000000000000000000000]
12-30 10:16:00.633   398  2883 D adayocomadapter-CommunicationManager: onUpstreamback   member[0] dataLength[29] timePoint[5896455]
