12-30 10:16:00.758   650   730 D fgemcucomm: sd Uart data : 6AA60111E200081202022141400D033C
12-30 10:16:00.760   650   729 D fgemcucomm: file = hardware/interfaces/fgemcucomm/1.0/default/mcucomm/src/mcuCommFunctionTimer.cpp, func = stopTimer  stop timer = 4576 
12-30 10:16:00.760   650   729 D fgemcucomm: rev uart=48785,len=10, data : 6AA68211E00002120277
12-30 10:16:00.760   650   730 D fgemcucomm: file = hardware/interfaces/fgemcucomm/1.0/default/mcucomm/src/mcuCommFunctionTimer.cpp, function = startTimer  start timer OK = 4578 
12-30 10:16:00.763   360   931 D EvsDriver: forwardFrame
12-30 10:16:00.763   360   931 D EvsDriver: forwardFrameDirect
12-30 10:16:00.763   360   931 D EvsDriver: Delivered 0xb400e2ca9e40e110 as id 0
12-30 10:16:00.763   359  2784 D evsmanagerd: /dev/video-evs0 forwarded the buffer #0 to 0xb400f125d2b26dd0 from 0xb400f125e2b20710
12-30 10:16:00.768   360   458 D EvsDriver: doneWithFrame
12-30 10:16:00.771  1611  1611 I ADAYO_LOG_: handleMessage(UsbFunc.java:3)copyQnx = 0
12-30 10:16:00.771  1611  1611 I ADAYO_LOG_: handleMessage(UsbFunc.java:12)copyState = 2
12-30 10:16:00.781   650   729 D fgemcucomm: file = hardware/interfaces/fgemcucomm/1.0/default/mcucomm/src/mcuCommFunctionTimer.cpp, func = stopTimer  stop timer = 4577 
12-30 10:16:00.781   650   729 D fgemcucomm: rev uart=48786,len=10, data : 6AA68211E10002120276
12-30 10:16:00.781   650   729 D fgemcucomm: file = hardware/interfaces/fgemcucomm/1.0/default/mcucomm/src/mcuCommFunctionTimer.cpp, func = stopTimer  stop timer = 4578 
12-30 10:16:00.781   650   729 D fgemcucomm: rev uart=48787,len=10, data : 6AA68211E20002120275
12-30 10:16:00.785  2358  2623 D RcfController: Rcf proxy is not connected!
12-30 10:16:00.796   360   931 D EvsDriver: forwardFrame
12-30 10:16:00.796   360   931 D EvsDriver: forwardFrameDirect
12-30 10:16:00.796   360   931 D EvsDriver: Delivered 0xb400e2ca9e40c7a0 as id 1
12-30 10:16:00.796   359  2784 D evsmanagerd: /dev/video-evs0 forwarded the buffer #1 to 0xb400f125d2b26dd0 from 0xb400f125e2b20710
12-30 10:16:00.798   360   458 D EvsDriver: doneWithFrame
12-30 10:16:00.814   596  3076 E WifiHAL : Invalid data received from driver
12-30 10:16:00.829  1611  1820 I ADAYO_LOG_: call(lambda:8)computeLogSize mFileSizes[0]: 64778824
12-30 10:16:00.829   360   931 D EvsDriver: forwardFrame
12-30 10:16:00.829   360   931 D EvsDriver: forwardFrameDirect
12-30 10:16:00.830   360   931 D EvsDriver: Delivered 0xb400e2ca9e40e270 as id 0
12-30 10:16:00.830   359  2784 D evsmanagerd: /dev/video-evs0 forwarded the buffer #0 to 0xb400f125d2b26dd0 from 0xb400f125e2b20710
12-30 10:16:00.830  1611  1820 I ADAYO_LOG_: call(lambda:8)computeLogSize mFileSizes[1]: 182863
12-30 10:16:00.830  1611  1820 I ADAYO_LOG_: call(lambda:8)computeLogSize mFileSizes[2]: 0
12-30 10:16:00.830  1611  1820 I ADAYO_LOG_: call(lambda:11)type: /logcat/, typeMaxSize: 2684354560, size: 64778824
12-30 10:16:00.831  1611  1820 I ADAYO_LOG_: call(lambda:11)type: /kernel/, typeMaxSize: 524288000, size: 182863
12-30 10:16:00.831  1611  1820 I ADAYO_LOG_: call(lambda:11)type: /logcat_GNSS/, typeMaxSize: 104857600, size: 0
12-30 10:16:00.835  2358  2623 D RcfController: Rcf proxy is not connected!
12-30 10:16:00.838   360   458 D EvsDriver: doneWithFrame
12-30 10:16:00.854   650   729 D fgemcucomm: sd Uart data : 6AA602B834000292027C
12-30 10:16:00.854   650   729 D fgemcucomm: rev uart=48788,len=56, data : 6AA681B8340030920200190000000000000000000000000000000000000000000000000000000000000000000000000000000000000000B6
12-30 10:16:00.854   398  2883 D adayocomadapter-ParseProtocolFunc: printRaWMsg Name[MCUToUPstream recv] len[48] data[920200190000000000000000000000000000000000000000000000000000000000000000000000000000000000000000]
12-30 10:16:00.854   398  2883 D adayocomadapter-CommunicationManager: onUpstreamback   member[0] dataLength[45] timePoint[5896676]
12-30 10:16:00.854   398  2883 D adayocomadapter-ParseProtocolFunc: printRaWMsg Name[onUpstreamback] len[45] data[190000000000000000000000000000000000000000000000000000000000000000000000000000000000000000]
12-30 10:16:00.854   398   464 D adayocomadapter-UpstreamHandler: processBeforePacket upSreamtProcessTimePoint[5896676] 
12-30 10:16:00.855   398   464 D adayocomadapter-UpstreamHandler: processPacket UPSTREAM_QUEUE_DATA_TIMEOUT
12-30 10:16:00.855   398   464 D adayocomadapter-ParseProtocolFunc: parseCommonIPCLBytes Processing tableNumber[25]
12-30 10:16:00.855   398   464 D adayocomadapter-ParseProtocolFunc: parseCommonIPCLBytes Processing tablename[Table-25] tableSize[45]
12-30 10:16:00.855   398   464 D adayocomadapter-ParseProtocolFunc: printRaWMsg Name[byteStream recv] len[45] data[190000000000000000000000000000000000000000000000000000000000000000000000000000000000000000]
12-30 10:16:00.855   398   464 D adayocomadapter-ParseProtocolFunc: printRaWMsg Name[IPCLtoVHAL] len[6] data[214020C50000]
12-30 10:16:00.855   398   464 D adayocomadapter-ParseProtocolFunc: printRaWMsg Name[IPCLtoVHAL] len[6] data[214021060000]
12-30 10:16:00.855   398   464 D adayocomadapter-ParseProtocolFunc: printRaWMsg Name[IPCLtoVHAL] len[6] data[214021320000]
12-30 10:16:00.855   398   464 D adayocomadapter-ParseProtocolFunc: printRaWMsg Name[IPCLtoVHAL] len[6] data[214020BF0000]
12-30 10:16:00.855   398   464 D adayocomadapter-ParseProtocolFunc: printRaWMsg Name[IPCLtoVHAL] len[6] data[2140212F0000]
12-30 10:16:00.855   398   464 D adayocomadapter-ParseProtocolFunc: printRaWMsg Name[IPCLtoVHAL] len[6] data[214020260000]
12-30 10:16:00.855   398   464 D adayocomadapter-ParseProtocolFunc: printRaWMsg Name[IPCLtoVHAL] len[6] data[214020B30000]
12-30 10:16:00.855   398   464 D adayocomadapter-ParseProtocolFunc: printRaWMsg Name[IPCLtoVHAL] len[6] data[2140219E0000]
12-30 10:16:00.855   398   464 D adayocomadapter-ParseProtocolFunc: printRaWMsg Name[IPCLtoVHAL] len[6] data[214021300000]
12-30 10:16:00.855   398   464 D adayocomadapter-ParseProtocolFunc: printRaWMsg Name[IPCLtoVHAL] len[11] data[2141204A01000000000000]
12-30 10:16:00.855   398   464 D adayocomadapter-ParseProtocolFunc: printRaWMsg Name[IPCLtoVHAL] len[6] data[214020BD0000]
12-30 10:16:00.855   398   464 D adayocomadapter-ParseProtocolFunc: printRaWMsg Name[IPCLtoVHAL] len[6] data[2140213B0000]
12-30 10:16:00.855   398   464 D adayocomadapter-ParseProtocolFunc: printRaWMsg Name[IPCLtoVHAL] len[6] data[214020AE0000]
12-30 10:16:00.855   398   464 D adayocomadapter-ParseProtocolFunc: printRaWMsg Name[IPCLtoVHAL] len[6] data[2140210D0000]
12-30 10:16:00.855   398   464 D adayocomadapter-ParseProtocolFunc: printRaWMsg Name[IPCLtoVHAL] len[6] data[214010180000]
12-30 10:16:00.855   398   464 D adayocomadapter-ParseProtocolFunc: printRaWMsg Name[IPCLtoVHAL] len[6] data[214020A90000]
12-30 10:16:00.855   398   464 D adayocomadapter-ParseProtocolFunc: printRaWMsg Name[IPCLtoVHAL] len[6] data[214020AB0000]
12-30 10:16:00.855   398   464 D adayocomadapter-ParseProtocolFunc: printRaWMsg Name[IPCLtoVHAL] len[6] data[214020AD0000]
12-30 10:16:00.855   398   464 D adayocomadapter-ParseProtocolFunc: printRaWMsg Name[IPCLtoVHAL] len[6] data[2140213A0000]
12-30 10:16:00.855   398   464 D adayocomadapter-ParseProtocolFunc: printRaWMsg Name[IPCLtoVHAL] len[6] data[214021C70000]
12-30 10:16:00.855   398   464 D adayocomadapter-ParseProtocolFunc: printRaWMsg Name[IPCLtoVHAL] len[6] data[214020F20000]
12-30 10:16:00.855   398   464 D adayocomadapter-ParseProtocolFunc: printRaWMsg Name[IPCLtoVHAL] len[6] data[214020F10000]
12-30 10:16:00.855   398   464 D adayocomadapter-ParseProtocolFunc: printRaWMsg Name[IPCLtoVHAL] len[6] data[214021120000]
12-30 10:16:00.855   398   464 D adayocomadapter-ParseProtocolFunc: printRaWMsg Name[IPCLtoVHAL] len[7] data[2140219F000000]
12-30 10:16:00.855   398   464 D adayocomadapter-ParseProtocolFunc: printRaWMsg Name[IPCLtoVHAL] len[6] data[214021390000]
12-30 10:16:00.855   398   464 D adayocomadapter-ParseProtocolFunc: printRaWMsg Name[IPCLtoVHAL] len[7] data[21402025000000]
12-30 10:16:00.855   398   464 D adayocomadapter-ParseProtocolFunc: printRaWMsg Name[IPCLtoVHAL] len[9] data[214020330000000000]
12-30 10:16:00.855   398   464 D adayocomadapter-ParseProtocolFunc: printRaWMsg Name[IPCLtoVHAL] len[6] data[214020340000]
12-30 10:16:00.855   398   464 D adayocomadapter-ParseProtocolFunc: printRaWMsg Name[IPCLtoVHAL] len[6] data[2140218C0000]
12-30 10:16:00.855   398   464 D adayocomadapter-ParseProtocolFunc: printRaWMsg Name[IPCLtoVHAL] len[6] data[2140219B0000]
12-30 10:16:00.855   398   464 D adayocomadapter-ParseProtocolFunc: printRaWMsg Name[IPCLtoVHAL] len[6] data[214021A00000]
12-30 10:16:00.855   398   464 D adayocomadapter-ParseProtocolFunc: printRaWMsg Name[IPCLtoVHAL] len[6] data[214021A30000]
12-30 10:16:00.855   398   464 D adayocomadapter-ParseProtocolFunc: printRaWMsg Name[IPCLtoVHAL] len[6] data[214021A40000]
12-30 10:16:00.855   398   464 D adayocomadapter-ParseProtocolFunc: printRaWMsg Name[IPCLtoVHAL] len[6] data[214021CB0000]
12-30 10:16:00.855   398   464 D adayocomadapter-CommunicationManager: onUpstreamReceive mPropertyId 0x214020c5
12-30 10:16:00.855   398   464 D adayocomadapter-CommunicationManager: convertBytesToInt32Memcpy  0
12-30 10:16:00.855   398   464 I vw-vhal : notifyVehicleProperty, propId = 0x214020c5, data = {status: 2, int32Values: [0]}
12-30 10:16:00.855   398   464 I vw-vhal : CanSignalsAdapter::notifyVehicleProperty: solvedValue = {.timestamp = 5896677587367, .areaId = 0, .prop = 557850821, .status = AVAILABLE, .value = {.int32Values = [1]{0}, .floatValues = [0]{}, .int64Values = [0]{}, .bytes = [0]{}, .stringValue = ""}}
12-30 10:16:00.855   398   464 I VehiclePropertyStore: begin to write value to Store: {.timestamp = 5896677587367, .areaId = 0, .prop = 557850821, .status = AVAILABLE, .value = {.int32Values = [1]{0}, .floatValues = [0]{}, .int64Values = [0]{}, .bytes = [0]{}, .stringValue = ""}}
12-30 10:16:00.855   398   464 I DefaultVehicleHal_v2_0: DefaultVehicleHal::onPropertyValue, value:{.timestamp = 5896677587367, .areaId = 0, .prop = 557850821, .status = AVAILABLE, .value = {.int32Values = [1]{0}, .floatValues = [0]{}, .int64Values = [0]{}, .bytes = [0]{}, .stringValue = ""}}
12-30 10:16:00.855   398   464 D DiagPropHandler: is not DiagnosticConfig: 0x214020c5
12-30 10:16:00.855   398   464 I VehiclePropertyStore: begin to write value to Store: {.timestamp = 5896677587367, .areaId = 0, .prop = 557850821, .status = AVAILABLE, .value = {.int32Values = [1]{0}, .floatValues = [0]{}, .int64Values = [0]{}, .bytes = [0]{}, .stringValue = ""}}
12-30 10:16:00.855   398   464 D adayocomadapter-CommunicationManager: onUpstreamReceive mPropertyId 0x214020c5
12-30 10:16:00.855   398   464 D adayocomadapter-CommunicationManager: onUpstreamReceive mPropertyId 0x21402106
12-30 10:16:00.855   398   464 D adayocomadapter-CommunicationManager: convertBytesToInt32Memcpy  0
12-30 10:16:00.855   398   464 I vw-vhal : notifyVehicleProperty, propId = 0x21402106, data = {status: 2, int32Values: [0]}
12-30 10:16:00.855   398   464 I vw-vhal : CanSignalsAdapter::notifyVehicleProperty: solvedValue = {.timestamp = 5896677811700, .areaId = 0, .prop = 557850886, .status = AVAILABLE, .value = {.int32Values = [1]{0}, .floatValues = [0]{}, .int64Values = [0]{}, .bytes = [0]{}, .stringValue = ""}}
12-30 10:16:00.855   398   464 I VehiclePropertyStore: begin to write value to Store: {.timestamp = 5896677811700, .areaId = 0, .prop = 557850886, .status = AVAILABLE, .value = {.int32Values = [1]{0}, .floatValues = [0]{}, .int64Values = [0]{}, .bytes = [0]{}, .stringValue = ""}}
12-30 10:16:00.856   398   464 I DefaultVehicleHal_v2_0: DefaultVehicleHal::onPropertyValue, value:{.timestamp = 5896677811700, .areaId = 0, .prop = 557850886, .status = AVAILABLE, .value = {.int32Values = [1]{0}, .floatValues = [0]{}, .int64Values = [0]{}, .bytes = [0]{}, .stringValue = ""}}
12-30 10:16:00.856   398   464 D DiagPropHandler: is not DiagnosticConfig: 0x21402106
12-30 10:16:00.856   398   464 I VehiclePropertyStore: begin to write value to Store: {.timestamp = 5896677811700, .areaId = 0, .prop = 557850886, .status = AVAILABLE, .value = {.int32Values = [1]{0}, .floatValues = [0]{}, .int64Values = [0]{}, .bytes = [0]{}, .stringValue = ""}}
12-30 10:16:00.856   398   464 D adayocomadapter-CommunicationManager: onUpstreamReceive mPropertyId 0x21402106
12-30 10:16:00.856   398   464 D adayocomadapter-CommunicationManager: onUpstreamReceive mPropertyId 0x21402132
12-30 10:16:00.856   398   464 D adayocomadapter-CommunicationManager: convertBytesToInt32Memcpy  0
12-30 10:16:00.856   398   464 I vw-vhal : notifyVehicleProperty, propId = 0x21402132, data = {status: 2, int32Values: [0]}
12-30 10:16:00.856   398   464 I vw-vhal : CanSignalsAdapter::notifyVehicleProperty: solvedValue = {.timestamp = 5896678002367, .areaId = 0, .prop = 557850930, .status = AVAILABLE, .value = {.int32Values = [1]{0}, .floatValues = [0]{}, .int64Values = [0]{}, .bytes = [0]{}, .stringValue = ""}}
12-30 10:16:00.856   398   464 I VehiclePropertyStore: begin to write value to Store: {.timestamp = 5896678002367, .areaId = 0, .prop = 557850930, .status = AVAILABLE, .value = {.int32Values = [1]{0}, .floatValues = [0]{}, .int64Values = [0]{}, .bytes = [0]{}, .stringValue = ""}}
12-30 10:16:00.856   398   464 I DefaultVehicleHal_v2_0: DefaultVehicleHal::onPropertyValue, value:{.timestamp = 5896678002367, .areaId = 0, .prop = 557850930, .status = AVAILABLE, .value = {.int32Values = [1]{0}, .floatValues = [0]{}, .int64Values = [0]{}, .bytes = [0]{}, .stringValue = ""}}
12-30 10:16:00.856   398   464 D DiagPropHandler: is not DiagnosticConfig: 0x21402132
12-30 10:16:00.856   398   464 I VehiclePropertyStore: begin to write value to Store: {.timestamp = 5896678002367, .areaId = 0, .prop = 557850930, .status = AVAILABLE, .value = {.int32Values = [1]{0}, .floatValues = [0]{}, .int64Values = [0]{}, .bytes = [0]{}, .stringValue = ""}}
12-30 10:16:00.856   398   464 D adayocomadapter-CommunicationManager: onUpstreamReceive mPropertyId 0x21402132
12-30 10:16:00.856   398   464 D adayocomadapter-CommunicationManager: onUpstreamReceive mPropertyId 0x214020bf
12-30 10:16:00.856   398   464 D adayocomadapter-CommunicationManager: convertBytesToInt32Memcpy  0
12-30 10:16:00.856   398   464 I vw-vhal : notifyVehicleProperty, propId = 0x214020bf, data = {status: 2, int32Values: [0]}
12-30 10:16:00.856   398   464 I vw-vhal : CanSignalsAdapter::notifyVehicleProperty: solvedValue = {.timestamp = 5896678190700, .areaId = 0, .prop = 557850815, .status = AVAILABLE, .value = {.int32Values = [1]{0}, .floatValues = [0]{}, .int64Values = [0]{}, .bytes = [0]{}, .stringValue = ""}}
12-30 10:16:00.856   398   464 I VehiclePropertyStore: begin to write value to Store: {.timestamp = 5896678190700, .areaId = 0, .prop = 557850815, .status = AVAILABLE, .value = {.int32Values = [1]{0}, .floatValues = [0]{}, .int64Values = [0]{}, .bytes = [0]{}, .stringValue = ""}}
12-30 10:16:00.856   398   464 I DefaultVehicleHal_v2_0: DefaultVehicleHal::onPropertyValue, value:{.timestamp = 5896678190700, .areaId = 0, .prop = 557850815, .status = AVAILABLE, .value = {.int32Values = [1]{0}, .floatValues = [0]{}, .int64Values = [0]{}, .bytes = [0]{}, .stringValue = ""}}
12-30 10:16:00.856   398   464 D DiagPropHandler: is not DiagnosticConfig: 0x214020bf
12-30 10:16:00.856   398   464 I VehiclePropertyStore: begin to write value to Store: {.timestamp = 5896678190700, .areaId = 0, .prop = 557850815, .status = AVAILABLE, .value = {.int32Values = [1]{0}, .floatValues = [0]{}, .int64Values = [0]{}, .bytes = [0]{}, .stringValue = ""}}
12-30 10:16:00.856   398   464 D adayocomadapter-CommunicationManager: onUpstreamReceive mPropertyId 0x214020bf
12-30 10:16:00.856   398   464 D adayocomadapter-CommunicationManager: onUpstreamReceive mPropertyId 0x2140212f
12-30 10:16:00.856   398   464 D adayocomadapter-CommunicationManager: convertBytesToInt32Memcpy  0
12-30 10:16:00.856   398   464 I vw-vhal : notifyVehicleProperty, propId = 0x2140212f, data = {status: 2, int32Values: [0]}
12-30 10:16:00.856   398   464 I vw-vhal : CanSignalsAdapter::notifyVehicleProperty: solvedValue = {.timestamp = 5896678380367, .areaId = 0, .prop = 557850927, .status = AVAILABLE, .value = {.int32Values = [1]{0}, .floatValues = [0]{}, .int64Values = [0]{}, .bytes = [0]{}, .stringValue = ""}}
12-30 10:16:00.856   398   464 I VehiclePropertyStore: begin to write value to Store: {.timestamp = 5896678380367, .areaId = 0, .prop = 557850927, .status = AVAILABLE, .value = {.int32Values = [1]{0}, .floatValues = [0]{}, .int64Values = [0]{}, .bytes = [0]{}, .stringValue = ""}}
12-30 10:16:00.856   398   464 I DefaultVehicleHal_v2_0: DefaultVehicleHal::onPropertyValue, value:{.timestamp = 5896678380367, .areaId = 0, .prop = 557850927, .status = AVAILABLE, .value = {.int32Values = [1]{0}, .floatValues = [0]{}, .int64Values = [0]{}, .bytes = [0]{}, .stringValue = ""}}
12-30 10:16:00.856   398   464 D DiagPropHandler: is not DiagnosticConfig: 0x2140212f
12-30 10:16:00.856   398   464 I VehiclePropertyStore: begin to write value to Store: {.timestamp = 5896678380367, .areaId = 0, .prop = 557850927, .status = AVAILABLE, .value = {.int32Values = [1]{0}, .floatValues = [0]{}, .int64Values = [0]{}, .bytes = [0]{}, .stringValue = ""}}
12-30 10:16:00.856   398   464 D adayocomadapter-CommunicationManager: onUpstreamReceive mPropertyId 0x2140212f
12-30 10:16:00.856   398   464 D adayocomadapter-CommunicationManager: onUpstreamReceive mPropertyId 0x21402026
12-30 10:16:00.856   398   464 D adayocomadapter-CommunicationManager: convertBytesToInt32Memcpy  0
12-30 10:16:00.856   398   464 I vw-vhal : notifyVehicleProperty, propId = 0x21402026, data = {status: 2, int32Values: [0]}
12-30 10:16:00.856   398   464 I vw-vhal : CanSignalsAdapter::notifyVehicleProperty: solvedValue = {.timestamp = 5896678566700, .areaId = 0, .prop = 557850662, .status = AVAILABLE, .value = {.int32Values = [1]{0}, .floatValues = [0]{}, .int64Values = [0]{}, .bytes = [0]{}, .stringValue = ""}}
12-30 10:16:00.856   398   464 I VehiclePropertyStore: begin to write value to Store: {.timestamp = 5896678566700, .areaId = 0, .prop = 557850662, .status = AVAILABLE, .value = {.int32Values = [1]{0}, .floatValues = [0]{}, .int64Values = [0]{}, .bytes = [0]{}, .stringValue = ""}}
12-30 10:16:00.856   398   464 I DefaultVehicleHal_v2_0: DefaultVehicleHal::onPropertyValue, value:{.timestamp = 5896678566700, .areaId = 0, .prop = 557850662, .status = AVAILABLE, .value = {.int32Values = [1]{0}, .floatValues = [0]{}, .int64Values = [0]{}, .bytes = [0]{}, .stringValue = ""}}
12-30 10:16:00.856   398   464 D DiagPropHandler: is not DiagnosticConfig: 0x21402026
12-30 10:16:00.856   398   464 I VehiclePropertyStore: begin to write value to Store: {.timestamp = 5896678566700, .areaId = 0, .prop = 557850662, .status = AVAILABLE, .value = {.int32Values = [1]{0}, .floatValues = [0]{}, .int64Values = [0]{}, .bytes = [0]{}, .stringValue = ""}}
12-30 10:16:00.856   398   464 D adayocomadapter-CommunicationManager: onUpstreamReceive mPropertyId 0x21402026
12-30 10:16:00.856   398   464 D adayocomadapter-CommunicationManager: onUpstreamReceive mPropertyId 0x214020b3
12-30 10:16:00.856   398   464 D adayocomadapter-CommunicationManager: convertBytesToInt32Memcpy  0
12-30 10:16:00.856   398   464 I vw-vhal : notifyVehicleProperty, propId = 0x214020b3, data = {status: 2, int32Values: [0]}
12-30 10:16:00.856   398   464 I vw-vhal : CanSignalsAdapter::notifyVehicleProperty: solvedValue = {.timestamp = 5896678755367, .areaId = 0, .prop = 557850803, .status = AVAILABLE, .value = {.int32Values = [1]{0}, .floatValues = [0]{}, .int64Values = [0]{}, .bytes = [0]{}, .stringValue = ""}}
12-30 10:16:00.856   398   464 I VehiclePropertyStore: begin to write value to Store: {.timestamp = 5896678755367, .areaId = 0, .prop = 557850803, .status = AVAILABLE, .value = {.int32Values = [1]{0}, .floatValues = [0]{}, .int64Values = [0]{}, .bytes = [0]{}, .stringValue = ""}}
12-30 10:16:00.856   398   464 I DefaultVehicleHal_v2_0: DefaultVehicleHal::onPropertyValue, value:{.timestamp = 5896678755367, .areaId = 0, .prop = 557850803, .status = AVAILABLE, .value = {.int32Values = [1]{0}, .floatValues = [0]{}, .int64Values = [0]{}, .bytes = [0]{}, .stringValue = ""}}
12-30 10:16:00.856   398   464 D DiagPropHandler: is not DiagnosticConfig: 0x214020b3
12-30 10:16:00.857   398   464 I VehiclePropertyStore: begin to write value to Store: {.timestamp = 5896678755367, .areaId = 0, .prop = 557850803, .status = AVAILABLE, .value = {.int32Values = [1]{0}, .floatValues = [0]{}, .int64Values = [0]{}, .bytes = [0]{}, .stringValue = ""}}
12-30 10:16:00.857   398   464 D adayocomadapter-CommunicationManager: onUpstreamReceive mPropertyId 0x214020b3
12-30 10:16:00.857   398   464 D adayocomadapter-CommunicationManager: onUpstreamReceive mPropertyId 0x2140219e
12-30 10:16:00.857   398   464 D adayocomadapter-CommunicationManager: convertBytesToInt32Memcpy  0
12-30 10:16:00.857   398   464 I vw-vhal : notifyVehicleProperty, propId = 0x2140219e, data = {status: 2, int32Values: [0]}
12-30 10:16:00.857   398   464 I vw-vhal : CanSignalsAdapter::notifyVehicleProperty: solvedValue = {.timestamp = 5896678943367, .areaId = 0, .prop = 557851038, .status = AVAILABLE, .value = {.int32Values = [1]{0}, .floatValues = [0]{}, .int64Values = [0]{}, .bytes = [0]{}, .stringValue = ""}}
12-30 10:16:00.857   398   464 I VehiclePropertyStore: begin to write value to Store: {.timestamp = 5896678943367, .areaId = 0, .prop = 557851038, .status = AVAILABLE, .value = {.int32Values = [1]{0}, .floatValues = [0]{}, .int64Values = [0]{}, .bytes = [0]{}, .stringValue = ""}}
12-30 10:16:00.857   398   464 I DefaultVehicleHal_v2_0: DefaultVehicleHal::onPropertyValue, value:{.timestamp = 5896678943367, .areaId = 0, .prop = 557851038, .status = AVAILABLE, .value = {.int32Values = [1]{0}, .floatValues = [0]{}, .int64Values = [0]{}, .bytes = [0]{}, .stringValue = ""}}
12-30 10:16:00.857   398   464 D DiagPropHandler: is not DiagnosticConfig: 0x2140219e
12-30 10:16:00.857   398   464 I VehiclePropertyStore: begin to write value to Store: {.timestamp = 5896678943367, .areaId = 0, .prop = 557851038, .status = AVAILABLE, .value = {.int32Values = [1]{0}, .floatValues = [0]{}, .int64Values = [0]{}, .bytes = [0]{}, .stringValue = ""}}
12-30 10:16:00.857   398   464 D adayocomadapter-CommunicationManager: onUpstreamReceive mPropertyId 0x2140219e
12-30 10:16:00.857   398   464 D adayocomadapter-CommunicationManager: onUpstreamReceive mPropertyId 0x21402130
12-30 10:16:00.857   398   464 D adayocomadapter-CommunicationManager: convertBytesToInt32Memcpy  0
12-30 10:16:00.857   398   464 I vw-vhal : notifyVehicleProperty, propId = 0x21402130, data = {status: 2, int32Values: [0]}
12-30 10:16:00.857   398   464 I vw-vhal : CanSignalsAdapter::notifyVehicleProperty: solvedValue = {.timestamp = 5896679127700, .areaId = 0, .prop = 557850928, .status = AVAILABLE, .value = {.int32Values = [1]{0}, .floatValues = [0]{}, .int64Values = [0]{}, .bytes = [0]{}, .stringValue = ""}}
12-30 10:16:00.857   398   464 I VehiclePropertyStore: begin to write value to Store: {.timestamp = 5896679127700, .areaId = 0, .prop = 557850928, .status = AVAILABLE, .value = {.int32Values = [1]{0}, .floatValues = [0]{}, .int64Values = [0]{}, .bytes = [0]{}, .stringValue = ""}}
12-30 10:16:00.857   398   464 I DefaultVehicleHal_v2_0: DefaultVehicleHal::onPropertyValue, value:{.timestamp = 5896679127700, .areaId = 0, .prop = 557850928, .status = AVAILABLE, .value = {.int32Values = [1]{0}, .floatValues = [0]{}, .int64Values = [0]{}, .bytes = [0]{}, .stringValue = ""}}
12-30 10:16:00.857   398   464 D DiagPropHandler: is not DiagnosticConfig: 0x21402130
12-30 10:16:00.857   398   464 I VehiclePropertyStore: begin to write value to Store: {.timestamp = 5896679127700, .areaId = 0, .prop = 557850928, .status = AVAILABLE, .value = {.int32Values = [1]{0}, .floatValues = [0]{}, .int64Values = [0]{}, .bytes = [0]{}, .stringValue = ""}}
12-30 10:16:00.857   398   464 D adayocomadapter-CommunicationManager: onUpstreamReceive mPropertyId 0x21402130
12-30 10:16:00.857   398   464 D adayocomadapter-CommunicationManager: onUpstreamReceive mPropertyId 0x2141204a
12-30 10:16:00.859   398   464 I vw-vhal : notifyVehicleProperty, propId = 0x2141204a, data = {status: 2, int32Values: [0, 0, 0, 0, 0, 0]}
12-30 10:16:00.859   398   464 I vw-vhal : CanSignalsAdapter::notifyVehicleProperty: solvedValue = {.timestamp = 5896681284700, .areaId = 0, .prop = 557916234, .status = AVAILABLE, .value = {.int32Values = [6]{0, 0, 0, 0, 0, 0}, .floatValues = [0]{}, .int64Values = [0]{}, .bytes = [0]{}, .stringValue = ""}}
12-30 10:16:00.859   398   464 I VehiclePropertyStore: begin to write value to Store: {.timestamp = 5896681284700, .areaId = 0, .prop = 557916234, .status = AVAILABLE, .value = {.int32Values = [6]{0, 0, 0, 0, 0, 0}, .floatValues = [0]{}, .int64Values = [0]{}, .bytes = [0]{}, .stringValue = ""}}
12-30 10:16:00.859   398   464 I DefaultVehicleHal_v2_0: DefaultVehicleHal::onPropertyValue, value:{.timestamp = 5896681284700, .areaId = 0, .prop = 557916234, .status = AVAILABLE, .value = {.int32Values = [6]{0, 0, 0, 0, 0, 0}, .floatValues = [0]{}, .int64Values = [0]{}, .bytes = [0]{}, .stringValue = ""}}
12-30 10:16:00.859   398   464 D DiagPropHandler: is not DiagnosticConfig: 0x2141204a
12-30 10:16:00.859   398   464 I VehiclePropertyStore: begin to write value to Store: {.timestamp = 5896681284700, .areaId = 0, .prop = 557916234, .status = AVAILABLE, .value = {.int32Values = [6]{0, 0, 0, 0, 0, 0}, .floatValues = [0]{}, .int64Values = [0]{}, .bytes = [0]{}, .stringValue = ""}}
12-30 10:16:00.859   398   464 D adayocomadapter-CommunicationManager: onUpstreamReceive mPropertyId 0x2141204a
12-30 10:16:00.859   398   464 D adayocomadapter-CommunicationManager: onUpstreamReceive mPropertyId 0x214020bd
12-30 10:16:00.859   398   464 D adayocomadapter-CommunicationManager: convertBytesToInt32Memcpy  0
12-30 10:16:00.859   398   464 I vw-vhal : notifyVehicleProperty, propId = 0x214020bd, data = {status: 2, int32Values: [0]}
12-30 10:16:00.859   398   464 I vw-vhal : CanSignalsAdapter::notifyVehicleProperty: solvedValue = {.timestamp = 5896681501700, .areaId = 0, .prop = 557850813, .status = AVAILABLE, .value = {.int32Values = [1]{0}, .floatValues = [0]{}, .int64Values = [0]{}, .bytes = [0]{}, .stringValue = ""}}
12-30 10:16:00.859   398   464 I VehiclePropertyStore: begin to write value to Store: {.timestamp = 5896681501700, .areaId = 0, .prop = 557850813, .status = AVAILABLE, .value = {.int32Values = [1]{0}, .floatValues = [0]{}, .int64Values = [0]{}, .bytes = [0]{}, .stringValue = ""}}
12-30 10:16:00.859   398   464 I DefaultVehicleHal_v2_0: DefaultVehicleHal::onPropertyValue, value:{.timestamp = 5896681501700, .areaId = 0, .prop = 557850813, .status = AVAILABLE, .value = {.int32Values = [1]{0}, .floatValues = [0]{}, .int64Values = [0]{}, .bytes = [0]{}, .stringValue = ""}}
12-30 10:16:00.859   398   464 D DiagPropHandler: is not DiagnosticConfig: 0x214020bd
12-30 10:16:00.859   398   464 I VehiclePropertyStore: begin to write value to Store: {.timestamp = 5896681501700, .areaId = 0, .prop = 557850813, .status = AVAILABLE, .value = {.int32Values = [1]{0}, .floatValues = [0]{}, .int64Values = [0]{}, .bytes = [0]{}, .stringValue = ""}}
12-30 10:16:00.859   398   464 D adayocomadapter-CommunicationManager: onUpstreamReceive mPropertyId 0x214020bd
12-30 10:16:00.859   398   464 D adayocomadapter-CommunicationManager: onUpstreamReceive mPropertyId 0x2140213b
12-30 10:16:00.859   398   464 D adayocomadapter-CommunicationManager: convertBytesToInt32Memcpy  0
12-30 10:16:00.859   398   464 I vw-vhal : notifyVehicleProperty, propId = 0x2140213b, data = {status: 2, int32Values: [0]}
12-30 10:16:00.859   398   464 I vw-vhal : CanSignalsAdapter::notifyVehicleProperty: solvedValue = {.timestamp = 5896681691034, .areaId = 0, .prop = 557850939, .status = AVAILABLE, .value = {.int32Values = [1]{0}, .floatValues = [0]{}, .int64Values = [0]{}, .bytes = [0]{}, .stringValue = ""}}
12-30 10:16:00.859   398   464 I VehiclePropertyStore: begin to write value to Store: {.timestamp = 5896681691034, .areaId = 0, .prop = 557850939, .status = AVAILABLE, .value = {.int32Values = [1]{0}, .floatValues = [0]{}, .int64Values = [0]{}, .bytes = [0]{}, .stringValue = ""}}
12-30 10:16:00.859   398   464 I DefaultVehicleHal_v2_0: DefaultVehicleHal::onPropertyValue, value:{.timestamp = 5896681691034, .areaId = 0, .prop = 557850939, .status = AVAILABLE, .value = {.int32Values = [1]{0}, .floatValues = [0]{}, .int64Values = [0]{}, .bytes = [0]{}, .stringValue = ""}}
12-30 10:16:00.859   398   464 D DiagPropHandler: is not DiagnosticConfig: 0x2140213b
12-30 10:16:00.859   398   464 I VehiclePropertyStore: begin to write value to Store: {.timestamp = 5896681691034, .areaId = 0, .prop = 557850939, .status = AVAILABLE, .value = {.int32Values = [1]{0}, .floatValues = [0]{}, .int64Values = [0]{}, .bytes = [0]{}, .stringValue = ""}}
12-30 10:16:00.859   398   464 D adayocomadapter-CommunicationManager: onUpstreamReceive mPropertyId 0x2140213b
12-30 10:16:00.859   398   464 D adayocomadapter-CommunicationManager: onUpstreamReceive mPropertyId 0x214020ae
12-30 10:16:00.859   398   464 D adayocomadapter-CommunicationManager: convertBytesToInt32Memcpy  0
12-30 10:16:00.860   398   464 I vw-vhal : notifyVehicleProperty, propId = 0x214020ae, data = {status: 2, int32Values: [0]}
12-30 10:16:00.860   398   464 I vw-vhal : CanSignalsAdapter::notifyVehicleProperty: solvedValue = {.timestamp = 5896681879700, .areaId = 0, .prop = 557850798, .status = AVAILABLE, .value = {.int32Values = [1]{0}, .floatValues = [0]{}, .int64Values = [0]{}, .bytes = [0]{}, .stringValue = ""}}
12-30 10:16:00.860   398   464 I VehiclePropertyStore: begin to write value to Store: {.timestamp = 5896681879700, .areaId = 0, .prop = 557850798, .status = AVAILABLE, .value = {.int32Values = [1]{0}, .floatValues = [0]{}, .int64Values = [0]{}, .bytes = [0]{}, .stringValue = ""}}
12-30 10:16:00.860   398   464 I DefaultVehicleHal_v2_0: DefaultVehicleHal::onPropertyValue, value:{.timestamp = 5896681879700, .areaId = 0, .prop = 557850798, .status = AVAILABLE, .value = {.int32Values = [1]{0}, .floatValues = [0]{}, .int64Values = [0]{}, .bytes = [0]{}, .stringValue = ""}}
12-30 10:16:00.860   398   464 D DiagPropHandler: is not DiagnosticConfig: 0x214020ae
12-30 10:16:00.860   398   464 I VehiclePropertyStore: begin to write value to Store: {.timestamp = 5896681879700, .areaId = 0, .prop = 557850798, .status = AVAILABLE, .value = {.int32Values = [1]{0}, .floatValues = [0]{}, .int64Values = [0]{}, .bytes = [0]{}, .stringValue = ""}}
12-30 10:16:00.860   398   464 D adayocomadapter-CommunicationManager: onUpstreamReceive mPropertyId 0x214020ae
12-30 10:16:00.860   398   464 D adayocomadapter-CommunicationManager: onUpstreamReceive mPropertyId 0x2140210d
12-30 10:16:00.860   398   464 D adayocomadapter-CommunicationManager: convertBytesToInt32Memcpy  0
12-30 10:16:00.860   398   464 I vw-vhal : notifyVehicleProperty, propId = 0x2140210d, data = {status: 2, int32Values: [0]}
12-30 10:16:00.860   398   464 I vw-vhal : CanSignalsAdapter::notifyVehicleProperty: solvedValue = {.timestamp = 5896682065700, .areaId = 0, .prop = 557850893, .status = AVAILABLE, .value = {.int32Values = [1]{0}, .floatValues = [0]{}, .int64Values = [0]{}, .bytes = [0]{}, .stringValue = ""}}
12-30 10:16:00.860   398   464 I VehiclePropertyStore: begin to write value to Store: {.timestamp = 5896682065700, .areaId = 0, .prop = 557850893, .status = AVAILABLE, .value = {.int32Values = [1]{0}, .floatValues = [0]{}, .int64Values = [0]{}, .bytes = [0]{}, .stringValue = ""}}
12-30 10:16:00.860   398   464 I DefaultVehicleHal_v2_0: DefaultVehicleHal::onPropertyValue, value:{.timestamp = 5896682065700, .areaId = 0, .prop = 557850893, .status = AVAILABLE, .value = {.int32Values = [1]{0}, .floatValues = [0]{}, .int64Values = [0]{}, .bytes = [0]{}, .stringValue = ""}}
12-30 10:16:00.860   398   464 D DiagPropHandler: is not DiagnosticConfig: 0x2140210d
12-30 10:16:00.860   398   464 I VehiclePropertyStore: begin to write value to Store: {.timestamp = 5896682065700, .areaId = 0, .prop = 557850893, .status = AVAILABLE, .value = {.int32Values = [1]{0}, .floatValues = [0]{}, .int64Values = [0]{}, .bytes = [0]{}, .stringValue = ""}}
12-30 10:16:00.860   398   464 D adayocomadapter-CommunicationManager: onUpstreamReceive mPropertyId 0x2140210d
12-30 10:16:00.860   398   464 D adayocomadapter-CommunicationManager: onUpstreamReceive mPropertyId 0x21401018
12-30 10:16:00.860   398   464 D adayocomadapter-CommunicationManager: convertBytesToInt32Memcpy  0
12-30 10:16:00.860   398   464 I vw-vhal : notifyVehicleProperty, propId = 0x21401018, data = {status: 2, int32Values: [0]}
12-30 10:16:00.860   398   464 I vw-vhal : CanSignalsAdapter::notifyVehicleProperty: solvedValue = {.timestamp = 5896682254700, .areaId = 0, .prop = 557846552, .status = AVAILABLE, .value = {.int32Values = [1]{0}, .floatValues = [0]{}, .int64Values = [0]{}, .bytes = [0]{}, .stringValue = ""}}
12-30 10:16:00.860   398   464 I VehiclePropertyStore: begin to write value to Store: {.timestamp = 5896682254700, .areaId = 0, .prop = 557846552, .status = AVAILABLE, .value = {.int32Values = [1]{0}, .floatValues = [0]{}, .int64Values = [0]{}, .bytes = [0]{}, .stringValue = ""}}
12-30 10:16:00.860   398   464 I DefaultVehicleHal_v2_0: DefaultVehicleHal::onPropertyValue, value:{.timestamp = 5896682254700, .areaId = 0, .prop = 557846552, .status = AVAILABLE, .value = {.int32Values = [1]{0}, .floatValues = [0]{}, .int64Values = [0]{}, .bytes = [0]{}, .stringValue = ""}}
12-30 10:16:00.860   398   464 D DiagPropHandler: is not DiagnosticConfig: 0x21401018
12-30 10:16:00.860   398   464 I VehiclePropertyStore: begin to write value to Store: {.timestamp = 5896682254700, .areaId = 0, .prop = 557846552, .status = AVAILABLE, .value = {.int32Values = [1]{0}, .floatValues = [0]{}, .int64Values = [0]{}, .bytes = [0]{}, .stringValue = ""}}
12-30 10:16:00.860   398   464 D adayocomadapter-CommunicationManager: onUpstreamReceive mPropertyId 0x21401018
12-30 10:16:00.860   398   464 D adayocomadapter-CommunicationManager: onUpstreamReceive mPropertyId 0x214020a9
12-30 10:16:00.860   398   464 D adayocomadapter-CommunicationManager: convertBytesToInt32Memcpy  0
12-30 10:16:00.860   398   464 I vw-vhal : notifyVehicleProperty, propId = 0x214020a9, data = {status: 2, int32Values: [0]}
12-30 10:16:00.860   398   464 I vw-vhal : CanSignalsAdapter::notifyVehicleProperty: solvedValue = {.timestamp = 5896682442700, .areaId = 0, .prop = 557850793, .status = AVAILABLE, .value = {.int32Values = [1]{0}, .floatValues = [0]{}, .int64Values = [0]{}, .bytes = [0]{}, .stringValue = ""}}
12-30 10:16:00.860   398   464 I VehiclePropertyStore: begin to write value to Store: {.timestamp = 5896682442700, .areaId = 0, .prop = 557850793, .status = AVAILABLE, .value = {.int32Values = [1]{0}, .floatValues = [0]{}, .int64Values = [0]{}, .bytes = [0]{}, .stringValue = ""}}
12-30 10:16:00.860   398   464 I DefaultVehicleHal_v2_0: DefaultVehicleHal::onPropertyValue, value:{.timestamp = 5896682442700, .areaId = 0, .prop = 557850793, .status = AVAILABLE, .value = {.int32Values = [1]{0}, .floatValues = [0]{}, .int64Values = [0]{}, .bytes = [0]{}, .stringValue = ""}}
12-30 10:16:00.860   398   464 D DiagPropHandler: is not DiagnosticConfig: 0x214020a9
12-30 10:16:00.860   398   464 I VehiclePropertyStore: begin to write value to Store: {.timestamp = 5896682442700, .areaId = 0, .prop = 557850793, .status = AVAILABLE, .value = {.int32Values = [1]{0}, .floatValues = [0]{}, .int64Values = [0]{}, .bytes = [0]{}, .stringValue = ""}}
12-30 10:16:00.860   398   464 D adayocomadapter-CommunicationManager: onUpstreamReceive mPropertyId 0x214020a9
12-30 10:16:00.860   398   464 D adayocomadapter-CommunicationManager: onUpstreamReceive mPropertyId 0x214020ab
12-30 10:16:00.860   398   464 D adayocomadapter-CommunicationManager: convertBytesToInt32Memcpy  0
12-30 10:16:00.860   398   464 I vw-vhal : notifyVehicleProperty, propId = 0x214020ab, data = {status: 2, int32Values: [0]}
12-30 10:16:00.860   398   464 I vw-vhal : CanSignalsAdapter::notifyVehicleProperty: solvedValue = {.timestamp = 5896682627034, .areaId = 0, .prop = 557850795, .status = AVAILABLE, .value = {.int32Values = [1]{0}, .floatValues = [0]{}, .int64Values = [0]{}, .bytes = [0]{}, .stringValue = ""}}
12-30 10:16:00.860   398   464 I VehiclePropertyStore: begin to write value to Store: {.timestamp = 5896682627034, .areaId = 0, .prop = 557850795, .status = AVAILABLE, .value = {.int32Values = [1]{0}, .floatValues = [0]{}, .int64Values = [0]{}, .bytes = [0]{}, .stringValue = ""}}
12-30 10:16:00.860   398   464 I DefaultVehicleHal_v2_0: DefaultVehicleHal::onPropertyValue, value:{.timestamp = 5896682627034, .areaId = 0, .prop = 557850795, .status = AVAILABLE, .value = {.int32Values = [1]{0}, .floatValues = [0]{}, .int64Values = [0]{}, .bytes = [0]{}, .stringValue = ""}}
12-30 10:16:00.860   398   464 D DiagPropHandler: is not DiagnosticConfig: 0x214020ab
12-30 10:16:00.860   398   464 I VehiclePropertyStore: begin to write value to Store: {.timestamp = 5896682627034, .areaId = 0, .prop = 557850795, .status = AVAILABLE, .value = {.int32Values = [1]{0}, .floatValues = [0]{}, .int64Values = [0]{}, .bytes = [0]{}, .stringValue = ""}}
12-30 10:16:00.860   398   464 D adayocomadapter-CommunicationManager: onUpstreamReceive mPropertyId 0x214020ab
12-30 10:16:00.860   398   464 D adayocomadapter-CommunicationManager: onUpstreamReceive mPropertyId 0x214020ad
12-30 10:16:00.860   398   464 D adayocomadapter-CommunicationManager: convertBytesToInt32Memcpy  0
12-30 10:16:00.860   398   464 I vw-vhal : notifyVehicleProperty, propId = 0x214020ad, data = {status: 2, int32Values: [0]}
12-30 10:16:00.860   398   464 I vw-vhal : CanSignalsAdapter::notifyVehicleProperty: solvedValue = {.timestamp = 5896682810700, .areaId = 0, .prop = 557850797, .status = AVAILABLE, .value = {.int32Values = [1]{0}, .floatValues = [0]{}, .int64Values = [0]{}, .bytes = [0]{}, .stringValue = ""}}
12-30 10:16:00.860   398   464 I VehiclePropertyStore: begin to write value to Store: {.timestamp = 5896682810700, .areaId = 0, .prop = 557850797, .status = AVAILABLE, .value = {.int32Values = [1]{0}, .floatValues = [0]{}, .int64Values = [0]{}, .bytes = [0]{}, .stringValue = ""}}
12-30 10:16:00.861   398   464 I DefaultVehicleHal_v2_0: DefaultVehicleHal::onPropertyValue, value:{.timestamp = 5896682810700, .areaId = 0, .prop = 557850797, .status = AVAILABLE, .value = {.int32Values = [1]{0}, .floatValues = [0]{}, .int64Values = [0]{}, .bytes = [0]{}, .stringValue = ""}}
12-30 10:16:00.861   398   464 D DiagPropHandler: is not DiagnosticConfig: 0x214020ad
12-30 10:16:00.861   398   464 I VehiclePropertyStore: begin to write value to Store: {.timestamp = 5896682810700, .areaId = 0, .prop = 557850797, .status = AVAILABLE, .value = {.int32Values = [1]{0}, .floatValues = [0]{}, .int64Values = [0]{}, .bytes = [0]{}, .stringValue = ""}}
12-30 10:16:00.861   398   464 D adayocomadapter-CommunicationManager: onUpstreamReceive mPropertyId 0x214020ad
12-30 10:16:00.861   398   464 D adayocomadapter-CommunicationManager: onUpstreamReceive mPropertyId 0x2140213a
12-30 10:16:00.861   398   464 D adayocomadapter-CommunicationManager: convertBytesToInt32Memcpy  0
12-30 10:16:00.861   398   464 I vw-vhal : notifyVehicleProperty, propId = 0x2140213a, data = {status: 2, int32Values: [0]}
12-30 10:16:00.861   398   464 I vw-vhal : CanSignalsAdapter::notifyVehicleProperty: solvedValue = {.timestamp = 5896682994367, .areaId = 0, .prop = 557850938, .status = AVAILABLE, .value = {.int32Values = [1]{0}, .floatValues = [0]{}, .int64Values = [0]{}, .bytes = [0]{}, .stringValue = ""}}
12-30 10:16:00.861   398   464 I VehiclePropertyStore: begin to write value to Store: {.timestamp = 5896682994367, .areaId = 0, .prop = 557850938, .status = AVAILABLE, .value = {.int32Values = [1]{0}, .floatValues = [0]{}, .int64Values = [0]{}, .bytes = [0]{}, .stringValue = ""}}
12-30 10:16:00.861   398   464 I DefaultVehicleHal_v2_0: DefaultVehicleHal::onPropertyValue, value:{.timestamp = 5896682994367, .areaId = 0, .prop = 557850938, .status = AVAILABLE, .value = {.int32Values = [1]{0}, .floatValues = [0]{}, .int64Values = [0]{}, .bytes = [0]{}, .stringValue = ""}}
12-30 10:16:00.861   398   464 D DiagPropHandler: is not DiagnosticConfig: 0x2140213a
12-30 10:16:00.861   398   464 I VehiclePropertyStore: begin to write value to Store: {.timestamp = 5896682994367, .areaId = 0, .prop = 557850938, .status = AVAILABLE, .value = {.int32Values = [1]{0}, .floatValues = [0]{}, .int64Values = [0]{}, .bytes = [0]{}, .stringValue = ""}}
12-30 10:16:00.861   398   464 D adayocomadapter-CommunicationManager: onUpstreamReceive mPropertyId 0x2140213a
12-30 10:16:00.861   398   464 D adayocomadapter-CommunicationManager: onUpstreamReceive mPropertyId 0x214021c7
12-30 10:16:00.861   398   464 D adayocomadapter-CommunicationManager: convertBytesToInt32Memcpy  0
12-30 10:16:00.861   398   464 I vw-vhal : notifyVehicleProperty, propId = 0x214021c7, data = {status: 2, int32Values: [0]}
12-30 10:16:00.861   398   464 I vw-vhal : CanSignalsAdapter::notifyVehicleProperty: solvedValue = {.timestamp = 5896683181700, .areaId = 0, .prop = 557851079, .status = AVAILABLE, .value = {.int32Values = [1]{0}, .floatValues = [0]{}, .int64Values = [0]{}, .bytes = [0]{}, .stringValue = ""}}
12-30 10:16:00.861   398   464 I VehiclePropertyStore: begin to write value to Store: {.timestamp = 5896683181700, .areaId = 0, .prop = 557851079, .status = AVAILABLE, .value = {.int32Values = [1]{0}, .floatValues = [0]{}, .int64Values = [0]{}, .bytes = [0]{}, .stringValue = ""}}
12-30 10:16:00.861   398   464 I DefaultVehicleHal_v2_0: DefaultVehicleHal::onPropertyValue, value:{.timestamp = 5896683181700, .areaId = 0, .prop = 557851079, .status = AVAILABLE, .value = {.int32Values = [1]{0}, .floatValues = [0]{}, .int64Values = [0]{}, .bytes = [0]{}, .stringValue = ""}}
12-30 10:16:00.861   398   464 D DiagPropHandler: is not DiagnosticConfig: 0x214021c7
12-30 10:16:00.861   398   464 I VehiclePropertyStore: begin to write value to Store: {.timestamp = 5896683181700, .areaId = 0, .prop = 557851079, .status = AVAILABLE, .value = {.int32Values = [1]{0}, .floatValues = [0]{}, .int64Values = [0]{}, .bytes = [0]{}, .stringValue = ""}}
12-30 10:16:00.862   398   464 D adayocomadapter-CommunicationManager: onUpstreamReceive mPropertyId 0x214021c7
12-30 10:16:00.862   398   464 D adayocomadapter-CommunicationManager: onUpstreamReceive mPropertyId 0x214020f2
12-30 10:16:00.862   398   464 D adayocomadapter-CommunicationManager: convertBytesToInt32Memcpy  0
12-30 10:16:00.862   398   464 I vw-vhal : notifyVehicleProperty, propId = 0x214020f2, data = {status: 2, int32Values: [0]}
12-30 10:16:00.862   398   464 I vw-vhal : CanSignalsAdapter::notifyVehicleProperty: solvedValue = {.timestamp = 5896684426700, .areaId = 0, .prop = 557850866, .status = AVAILABLE, .value = {.int32Values = [1]{0}, .floatValues = [0]{}, .int64Values = [0]{}, .bytes = [0]{}, .stringValue = ""}}
12-30 10:16:00.862   398   464 I VehiclePropertyStore: begin to write value to Store: {.timestamp = 5896684426700, .areaId = 0, .prop = 557850866, .status = AVAILABLE, .value = {.int32Values = [1]{0}, .floatValues = [0]{}, .int64Values = [0]{}, .bytes = [0]{}, .stringValue = ""}}
12-30 10:16:00.862   398   464 I DefaultVehicleHal_v2_0: DefaultVehicleHal::onPropertyValue, value:{.timestamp = 5896684426700, .areaId = 0, .prop = 557850866, .status = AVAILABLE, .value = {.int32Values = [1]{0}, .floatValues = [0]{}, .int64Values = [0]{}, .bytes = [0]{}, .stringValue = ""}}
12-30 10:16:00.862   398   464 D DiagPropHandler: is not DiagnosticConfig: 0x214020f2
12-30 10:16:00.862   398   464 I VehiclePropertyStore: begin to write value to Store: {.timestamp = 5896684426700, .areaId = 0, .prop = 557850866, .status = AVAILABLE, .value = {.int32Values = [1]{0}, .floatValues = [0]{}, .int64Values = [0]{}, .bytes = [0]{}, .stringValue = ""}}
12-30 10:16:00.862   398   464 D adayocomadapter-CommunicationManager: onUpstreamReceive mPropertyId 0x214020f2
12-30 10:16:00.862   398   464 D adayocomadapter-CommunicationManager: onUpstreamReceive mPropertyId 0x214020f1
12-30 10:16:00.862   398   464 D adayocomadapter-CommunicationManager: convertBytesToInt32Memcpy  0
12-30 10:16:00.862   398   464 I vw-vhal : notifyVehicleProperty, propId = 0x214020f1, data = {status: 2, int32Values: [0]}
12-30 10:16:00.862   398   464 I vw-vhal : CanSignalsAdapter::notifyVehicleProperty: solvedValue = {.timestamp = 5896684658700, .areaId = 0, .prop = 557850865, .status = AVAILABLE, .value = {.int32Values = [1]{0}, .floatValues = [0]{}, .int64Values = [0]{}, .bytes = [0]{}, .stringValue = ""}}
12-30 10:16:00.862   398   464 I VehiclePropertyStore: begin to write value to Store: {.timestamp = 5896684658700, .areaId = 0, .prop = 557850865, .status = AVAILABLE, .value = {.int32Values = [1]{0}, .floatValues = [0]{}, .int64Values = [0]{}, .bytes = [0]{}, .stringValue = ""}}
12-30 10:16:00.862   398   464 I DefaultVehicleHal_v2_0: DefaultVehicleHal::onPropertyValue, value:{.timestamp = 5896684658700, .areaId = 0, .prop = 557850865, .status = AVAILABLE, .value = {.int32Values = [1]{0}, .floatValues = [0]{}, .int64Values = [0]{}, .bytes = [0]{}, .stringValue = ""}}
12-30 10:16:00.862   398   464 D DiagPropHandler: is not DiagnosticConfig: 0x214020f1
12-30 10:16:00.862   398   464 I VehiclePropertyStore: begin to write value to Store: {.timestamp = 5896684658700, .areaId = 0, .prop = 557850865, .status = AVAILABLE, .value = {.int32Values = [1]{0}, .floatValues = [0]{}, .int64Values = [0]{}, .bytes = [0]{}, .stringValue = ""}}
12-30 10:16:00.862   398   464 D adayocomadapter-CommunicationManager: onUpstreamReceive mPropertyId 0x214020f1
12-30 10:16:00.862   398   464 D adayocomadapter-CommunicationManager: onUpstreamReceive mPropertyId 0x21402112
12-30 10:16:00.862   398   464 D adayocomadapter-CommunicationManager: convertBytesToInt32Memcpy  0
12-30 10:16:00.863   398   464 I vw-vhal : notifyVehicleProperty, propId = 0x21402112, data = {status: 2, int32Values: [0]}
12-30 10:16:00.863   398   464 I vw-vhal : CanSignalsAdapter::notifyVehicleProperty: solvedValue = {.timestamp = 5896684871700, .areaId = 0, .prop = 557850898, .status = AVAILABLE, .value = {.int32Values = [1]{0}, .floatValues = [0]{}, .int64Values = [0]{}, .bytes = [0]{}, .stringValue = ""}}
12-30 10:16:00.863   398   464 I VehiclePropertyStore: begin to write value to Store: {.timestamp = 5896684871700, .areaId = 0, .prop = 557850898, .status = AVAILABLE, .value = {.int32Values = [1]{0}, .floatValues = [0]{}, .int64Values = [0]{}, .bytes = [0]{}, .stringValue = ""}}
12-30 10:16:00.863   398   464 I DefaultVehicleHal_v2_0: DefaultVehicleHal::onPropertyValue, value:{.timestamp = 5896684871700, .areaId = 0, .prop = 557850898, .status = AVAILABLE, .value = {.int32Values = [1]{0}, .floatValues = [0]{}, .int64Values = [0]{}, .bytes = [0]{}, .stringValue = ""}}
12-30 10:16:00.863   398   464 D DiagPropHandler: is not DiagnosticConfig: 0x21402112
12-30 10:16:00.863   398   464 I VehiclePropertyStore: begin to write value to Store: {.timestamp = 5896684871700, .areaId = 0, .prop = 557850898, .status = AVAILABLE, .value = {.int32Values = [1]{0}, .floatValues = [0]{}, .int64Values = [0]{}, .bytes = [0]{}, .stringValue = ""}}
12-30 10:16:00.863   398   464 D adayocomadapter-CommunicationManager: onUpstreamReceive mPropertyId 0x21402112
12-30 10:16:00.863   398   464 D adayocomadapter-CommunicationManager: onUpstreamReceive mPropertyId 0x2140219f
12-30 10:16:00.863   398   464 D adayocomadapter-CommunicationManager: convertBytesToInt32Memcpy  0
12-30 10:16:00.863   398   464 I vw-vhal : notifyVehicleProperty, propId = 0x2140219f, data = {status: 2, int32Values: [0]}
12-30 10:16:00.863   398   464 I vw-vhal : CanSignalsAdapter::notifyVehicleProperty: solvedValue = {.timestamp = 5896685069367, .areaId = 0, .prop = 557851039, .status = AVAILABLE, .value = {.int32Values = [1]{0}, .floatValues = [0]{}, .int64Values = [0]{}, .bytes = [0]{}, .stringValue = ""}}
12-30 10:16:00.863   398   464 I VehiclePropertyStore: begin to write value to Store: {.timestamp = 5896685069367, .areaId = 0, .prop = 557851039, .status = AVAILABLE, .value = {.int32Values = [1]{0}, .floatValues = [0]{}, .int64Values = [0]{}, .bytes = [0]{}, .stringValue = ""}}
12-30 10:16:00.863   360   931 D EvsDriver: forwardFrame
12-30 10:16:00.863   398   464 I DefaultVehicleHal_v2_0: DefaultVehicleHal::onPropertyValue, value:{.timestamp = 5896685069367, .areaId = 0, .prop = 557851039, .status = AVAILABLE, .value = {.int32Values = [1]{0}, .floatValues = [0]{}, .int64Values = [0]{}, .bytes = [0]{}, .stringValue = ""}}
12-30 10:16:00.863   398   464 D DiagPropHandler: is not DiagnosticConfig: 0x2140219f
12-30 10:16:00.863   360   931 D EvsDriver: forwardFrameDirect
12-30 10:16:00.863   398   464 I VehiclePropertyStore: begin to write value to Store: {.timestamp = 5896685069367, .areaId = 0, .prop = 557851039, .status = AVAILABLE, .value = {.int32Values = [1]{0}, .floatValues = [0]{}, .int64Values = [0]{}, .bytes = [0]{}, .stringValue = ""}}
12-30 10:16:00.863   398   464 D adayocomadapter-CommunicationManager: onUpstreamReceive mPropertyId 0x2140219f
12-30 10:16:00.863   398   464 D adayocomadapter-CommunicationManager: onUpstreamReceive mPropertyId 0x21402139
12-30 10:16:00.863   398   464 D adayocomadapter-CommunicationManager: convertBytesToInt32Memcpy  0
12-30 10:16:00.863   398   464 I vw-vhal : notifyVehicleProperty, propId = 0x21402139, data = {status: 2, int32Values: [0]}
