12-30 10:16:05.296   359  2784 D evsmanagerd: /dev/video-evs0 forwarded the buffer #0 to 0xb400f125d2b26dd0 from 0xb400f125e2b20710
12-30 10:16:05.305   360   458 D EvsDriver: doneWithFrame
12-30 10:16:05.306  2358  2623 D RcfController: Rcf proxy is not connected!
12-30 10:16:05.314  2475  2681 I TtsServiceAgent: check thread start checking, threadId = 29
12-30 10:16:05.314  2475  2681 D TtsServiceAgent: start bind service...
12-30 10:16:05.314  2475  2681 D TtsServiceAgent: ----->initService, usage = 16
12-30 10:16:05.314  2475  2681 W ContextImpl: Calling a method in the system process without a qualified user: android.app.ContextImpl.bindService:1988 android.content.ContextWrapper.bindService:861 com.iflytek.autofly.ttsaidl.ttsproxy.TtsServiceAgent.initService:189 com.iflytek.autofly.ttsaidl.ttsproxy.TtsServiceAgent.initService:133 com.iflytek.autofly.ttsaidl.ttsproxy.TtsServiceAgent$2.run:517 
12-30 10:16:05.315   916  2591 W ActivityManager: Unable to start service Intent { act=com.iflytek.autofly.tts.ttsservice.TtsAdapterService cmp=com.iflytek.cutefly.speechclient.hmi/com.iflytek.autofly.tts.ttsservice.TtsAdapterService } U=0: not found
12-30 10:16:05.315  2475  2681 D TtsServiceAgent: bindService: false
12-30 10:16:05.315  2475  2681 D TtsServiceAgent: start reInitService
12-30 10:16:05.315  2475  2681 D TtsServiceAgent: aidlCheckThreadRunning = true
12-30 10:16:05.315  2475  2681 D TtsServiceAgent: ----->check connection status in 1000s...
12-30 10:16:05.320   596  3076 E WifiHAL : Invalid data received from driver
12-30 10:16:05.329   360   931 D EvsDriver: forwardFrame
12-30 10:16:05.329   360   931 D EvsDriver: forwardFrameDirect
12-30 10:16:05.330   360   931 D EvsDriver: Delivered 0xb400e2ca9e40d090 as id 1
12-30 10:16:05.330   359  2784 D evsmanagerd: /dev/video-evs0 forwarded the buffer #1 to 0xb400f125d2b26dd0 from 0xb400f125e2b20710
12-30 10:16:05.335   360   458 D EvsDriver: doneWithFrame
12-30 10:16:05.356  2358  2623 D RcfController: Rcf proxy is not connected!
12-30 10:16:05.363   360   931 D EvsDriver: forwardFrame
12-30 10:16:05.363   360   931 D EvsDriver: forwardFrameDirect
12-30 10:16:05.363   360   931 D EvsDriver: Delivered 0xb400e2ca9e40e110 as id 0
12-30 10:16:05.363   359  2784 D evsmanagerd: /dev/video-evs0 forwarded the buffer #0 to 0xb400f125d2b26dd0 from 0xb400f125e2b20710
12-30 10:16:05.366   360   458 D EvsDriver: doneWithFrame
12-30 10:16:05.385   596  3076 E WifiHAL : Invalid data received from driver
12-30 10:16:05.396   360   931 D EvsDriver: forwardFrame
12-30 10:16:05.396   360   931 D EvsDriver: forwardFrameDirect
12-30 10:16:05.396   360   931 D EvsDriver: Delivered 0xb400e2ca9e40c7a0 as id 1
12-30 10:16:05.396   359  2784 D evsmanagerd: /dev/video-evs0 forwarded the buffer #1 to 0xb400f125d2b26dd0 from 0xb400f125e2b20710
12-30 10:16:05.406   360   458 D EvsDriver: doneWithFrame
12-30 10:16:05.407  2358  2623 D RcfController: Rcf proxy is not connected!
12-30 10:16:05.429   360   931 D EvsDriver: forwardFrame
12-30 10:16:05.429   360   931 D EvsDriver: forwardFrameDirect
12-30 10:16:05.430   360   931 D EvsDriver: Delivered 0xb400e2ca9e40e270 as id 0
12-30 10:16:05.430   359  2784 D evsmanagerd: /dev/video-evs0 forwarded the buffer #0 to 0xb400f125d2b26dd0 from 0xb400f125e2b20710
12-30 10:16:05.436   360   458 D EvsDriver: doneWithFrame
12-30 10:16:05.445   596  3076 E WifiHAL : Invalid data received from driver
12-30 10:16:05.457  2358  2623 D RcfController: Rcf proxy is not connected!
12-30 10:16:05.463   360   931 D EvsDriver: forwardFrame
12-30 10:16:05.463   360   931 D EvsDriver: forwardFrameDirect
12-30 10:16:05.463   360   931 D EvsDriver: Delivered 0xb400e2ca9e40d4b0 as id 1
12-30 10:16:05.463   359  2784 D evsmanagerd: /dev/video-evs0 forwarded the buffer #1 to 0xb400f125d2b26dd0 from 0xb400f125e2b20710
12-30 10:16:05.466   360   458 D EvsDriver: doneWithFrame
12-30 10:16:05.496   360   931 D EvsDriver: forwardFrame
12-30 10:16:05.496   360   931 D EvsDriver: forwardFrameDirect
12-30 10:16:05.496   360   931 D EvsDriver: Delivered 0xb400e2ca9e40c2d0 as id 0
12-30 10:16:05.496   359  2784 D evsmanagerd: /dev/video-evs0 forwarded the buffer #0 to 0xb400f125d2b26dd0 from 0xb400f125e2b20710
12-30 10:16:05.507   360   458 D EvsDriver: doneWithFrame
12-30 10:16:05.507  2358  2623 D RcfController: Rcf proxy is not connected!
12-30 10:16:05.529  1582  3078 I c       : checkService in back thread add: adayo.upgrade.v2.0
12-30 10:16:05.529   360   931 D EvsDriver: forwardFrame
12-30 10:16:05.529  1582  3078 E upgradeApp_251223_V1  l: d(null:11)pre->c(null:23)-> serviceBinder is null
12-30 10:16:05.529   360   931 D EvsDriver: forwardFrameDirect
12-30 10:16:05.529  1582  3078 W c       : doBindService in back thread fail: adayo.upgrade.v2.0
12-30 10:16:05.530   360   931 D EvsDriver: Delivered 0xb400e2ca9e40d090 as id 1
12-30 10:16:05.530   359  2784 D evsmanagerd: /dev/video-evs0 forwarded the buffer #1 to 0xb400f125d2b26dd0 from 0xb400f125e2b20710
12-30 10:16:05.530   596  3076 E WifiHAL : Invalid data received from driver
12-30 10:16:05.537   360   458 D EvsDriver: doneWithFrame
12-30 10:16:05.557  2358  2623 D RcfController: Rcf proxy is not connected!
12-30 10:16:05.563   360   931 D EvsDriver: forwardFrame
12-30 10:16:05.563   360   931 D EvsDriver: forwardFrameDirect
12-30 10:16:05.563   360   931 D EvsDriver: Delivered 0xb400e2ca9e40e110 as id 0
12-30 10:16:05.563   359  2784 D evsmanagerd: /dev/video-evs0 forwarded the buffer #0 to 0xb400f125d2b26dd0 from 0xb400f125e2b20710
12-30 10:16:05.567   360   458 D EvsDriver: doneWithFrame
12-30 10:16:05.596   360   931 D EvsDriver: forwardFrame
12-30 10:16:05.596   360   931 D EvsDriver: forwardFrameDirect
12-30 10:16:05.596   360   931 D EvsDriver: Delivered 0xb400e2ca9e40c7a0 as id 1
12-30 10:16:05.596   359  2784 D evsmanagerd: /dev/video-evs0 forwarded the buffer #1 to 0xb400f125d2b26dd0 from 0xb400f125e2b20710
12-30 10:16:05.597   360   458 D EvsDriver: doneWithFrame
12-30 10:16:05.598   596  3076 E WifiHAL : Invalid data received from driver
12-30 10:16:05.607  2358  2623 D RcfController: Rcf proxy is not connected!
12-30 10:16:05.629   360   931 D EvsDriver: forwardFrame
12-30 10:16:05.629   360   931 D EvsDriver: forwardFrameDirect
12-30 10:16:05.630   360   931 D EvsDriver: Delivered 0xb400e2ca9e40e270 as id 0
12-30 10:16:05.630   359  2784 D evsmanagerd: /dev/video-evs0 forwarded the buffer #0 to 0xb400f125d2b26dd0 from 0xb400f125e2b20710
12-30 10:16:05.638   360   458 D EvsDriver: doneWithFrame
12-30 10:16:05.658  2358  2623 D RcfController: Rcf proxy is not connected!
12-30 10:16:05.663   360   931 D EvsDriver: forwardFrame
12-30 10:16:05.663   360   931 D EvsDriver: forwardFrameDirect
12-30 10:16:05.663   360   931 D EvsDriver: Delivered 0xb400e2ca9e40d4b0 as id 1
12-30 10:16:05.663  1628  2702 I CCarServiceManager: CarServiceManager->t()35:link:[48]     ---30:pool-2-thread-3
12-30 10:16:05.663   359  2784 D evsmanagerd: /dev/video-evs0 forwarded the buffer #1 to 0xb400f125d2b26dd0 from 0xb400f125e2b20710
12-30 10:16:05.663  1628  2702 I CCarServiceManager: CarServiceManager->t()64:link 转换后:48     ---30:pool-2-thread-3
12-30 10:16:05.663  1628  2702 I CCarServiceManager: CarServiceManager->t()84:link 转换后:48     ---30:pool-2-thread-3
12-30 10:16:05.663  1628  2702 D CarPropertyManager: setProperty, propertyId: 0x2141400f, areaId: 0x0, class: class [Ljava.lang.Integer;, val: [Ljava.lang.Integer;@307c42a
12-30 10:16:05.664  1365  2014 D CarPropertyService: mSyncGetSetPropertyOpCount: 1
12-30 10:16:05.664   398   882 I DefaultVehicleHal_v2_0: DefaultVehicleHal::set, current value:{.timestamp = 0, .areaId = 0, .prop = 557924367, .status = AVAILABLE, .value = {.int32Values = [1]{0}, .floatValues = [0]{}, .int64Values = [0]{}, .bytes = [0]{}, .stringValue = ""}}
12-30 10:16:05.664   398   882 I DefaultVehicleHalServer: onSetProperty(0x2141400f)
12-30 10:16:05.664   398   882 D vw-vhal : CanSignalsAdapter::setVehicleProperty: propValue = {.timestamp = 0, .areaId = 0, .prop = 557924367, .status = AVAILABLE, .value = {.int32Values = [1]{1}, .floatValues = [0]{}, .int64Values = [0]{}, .bytes = [0]{}, .stringValue = ""}}
12-30 10:16:05.664   398   882 D vw-vhal : CanSignalsAdapter::setVehicleProperty: propId = 0x2141400f, data = {status: 0, int32Values: [1]}
12-30 10:16:05.664   398   882 D adayocomadapter-CommunicationManager: setProperty id=[557924367]
12-30 10:16:05.664   398   882 D adayocomadapter-CommunicationManager: writeValue id=[557924367]
12-30 10:16:05.665   398   882 D adayocomadapter-VehiclePropertyStore: writeValue id=[557924367]
12-30 10:16:05.665   398   882 D adayocomadapter-CommunicationManager: sendToDownstream mPropertyId 0x2141400f
12-30 10:16:05.665   398   882 D adayocomadapter-ParseProtocolFunc: printRaWMsg Name[sendToDownstream] len[4] data[00000000]
12-30 10:16:05.665   398   882 D adayocomadapter-ParseProtocolFunc: printRaWMsg Name[sendToDownstream] len[4] data[2141400F]
12-30 10:16:05.665   398   882 D adayocomadapter-ParseProtocolFunc: printRaWMsg Name[sendToDownstream] len[5] data[2141400F01]
12-30 10:16:05.665   398   882 D adayocomadapter-CommunicationManager: sendToDownstream ret[0]   member[130] dataLength[1] timePoint[5901486] 
12-30 10:16:05.665   398   882 D adayocomadapter-ParseProtocolFunc: printRaWMsg Name[sendToDownstream] len[5] data[2141400F01]
12-30 10:16:05.665   398   882 D adayocomadapter-CommunicationManager: sendToDownstream  000 mPropertyId[0x557924367]  
12-30 10:16:05.665   398   698 D adayocomadapter-DownstreamHandler: processBeforePacket downSreamtProcessTimePoint[5901487] 
12-30 10:16:05.665   398   698 D adayocomadapter-DownstreamHandler: DownstreamHandler processPacket 
12-30 10:16:05.665   398   698 D adayocomadapter-DownstreamHandler: DownstreamHandler processPacket valueIndex 0x2141400f
12-30 10:16:05.665   398   698 D adayocomadapter-DownstreamHandler: DownstreamHandler processPacket 0002
12-30 10:16:05.665   398   698 D adayocomadapter-DownstreamHandler: DownstreamHandler processPacket sendMCUData2 
12-30 10:16:05.665   398   698 D adayocomadapter-CommunicationManager: sendMCUData 
12-30 10:16:05.665  1365  2014 D CarPropertyService: mSyncGetSetPropertyOpCount: 0
12-30 10:16:05.665   398   698 D adayocomadapter-MCUInterfaceHandler: sendToMCU start
12-30 10:16:05.665   650   730 D fgemcucomm: sd Uart data : 6AA60111E500081202022141400F0139
12-30 10:16:05.665   398   698 D adayocomadapter-ParseProtocolFunc: printRaWMsg Name[sendToMCU] len[8] data[1202022141400F01]
12-30 10:16:05.665  1628  2702 I CCarServiceManager: CarServiceManager->t()118:link:0     ---30:pool-2-thread-3
12-30 10:16:05.668   360   458 D EvsDriver: doneWithFrame
12-30 10:16:05.673   596  3076 E WifiHAL : Invalid data received from driver
12-30 10:16:05.683   815   832 D logcollector: [logcollector::zipFilesToFd]  Debug: zipArchive success
12-30 10:16:05.684   650   730 D fgemcucomm: file = hardware/interfaces/fgemcucomm/1.0/default/mcucomm/src/mcuCommFunctionTimer.cpp, function = startTimer  start timer OK = 4581 
12-30 10:16:05.686  1667  2594 W ContextImpl: Calling a method in the system process without a qualified user: android.app.ContextImpl.bindService:1988 android.content.ContextWrapper.bindService:861 com.ford.sync.fnvservice.FordFnv.c:202 com.ford.sync.fnvservice.FordFnv.c:43 com.ford.sync.fnvservice.FordFnv$RetryHandler.handleMessage:245 
12-30 10:16:05.686   916  2591 W ActivityManager: Unable to start service Intent { cmp=com.ford.sync.fnvservice/.FordFnvService } U=0: not found
12-30 10:16:05.687  1667  2594 W FordFnv :  bind ford fnv failed -> sendRetryMessage 
12-30 10:16:05.696   360   931 D EvsDriver: forwardFrame
12-30 10:16:05.696   360   931 D EvsDriver: forwardFrameDirect
12-30 10:16:05.696   360   931 D EvsDriver: Delivered 0xb400e2ca9e40c2d0 as id 0
12-30 10:16:05.696   359  2784 D evsmanagerd: /dev/video-evs0 forwarded the buffer #0 to 0xb400f125d2b26dd0 from 0xb400f125e2b20710
12-30 10:16:05.698   360   458 D EvsDriver: doneWithFrame
12-30 10:16:05.702   650   729 D fgemcucomm: file = hardware/interfaces/fgemcucomm/1.0/default/mcucomm/src/mcuCommFunctionTimer.cpp, func = stopTimer  stop timer = 4581 
12-30 10:16:05.702   650   729 D fgemcucomm: rev uart=48824,len=10, data : 6AA68211E50002120272
12-30 10:16:05.708  2358  2623 D RcfController: Rcf proxy is not connected!
12-30 10:16:05.729   360   931 D EvsDriver: forwardFrame
12-30 10:16:05.729   360   931 D EvsDriver: forwardFrameDirect
12-30 10:16:05.729   360   931 D EvsDriver: Delivered 0xb400e2ca9e40d090 as id 1
12-30 10:16:05.730   359  2784 D evsmanagerd: /dev/video-evs0 forwarded the buffer #1 to 0xb400f125d2b26dd0 from 0xb400f125e2b20710
12-30 10:16:05.738   360   458 D EvsDriver: doneWithFrame
12-30 10:16:05.758  2358  2623 D RcfController: Rcf proxy is not connected!
12-30 10:16:05.763   360   931 D EvsDriver: forwardFrame
12-30 10:16:05.763   360   931 D EvsDriver: forwardFrameDirect
12-30 10:16:05.763   360   931 D EvsDriver: Delivered 0xb400e2ca9e40e110 as id 0
12-30 10:16:05.763   359  2784 D evsmanagerd: /dev/video-evs0 forwarded the buffer #0 to 0xb400f125d2b26dd0 from 0xb400f125e2b20710
12-30 10:16:05.769   360   458 D EvsDriver: doneWithFrame
12-30 10:16:05.780   596  3076 E WifiHAL : Invalid data received from driver
12-30 10:16:05.796   360   931 D EvsDriver: forwardFrame
12-30 10:16:05.796   360   931 D EvsDriver: forwardFrameDirect
12-30 10:16:05.796   360   931 D EvsDriver: Delivered 0xb400e2ca9e40c7a0 as id 1
12-30 10:16:05.796   359  2784 D evsmanagerd: /dev/video-evs0 forwarded the buffer #1 to 0xb400f125d2b26dd0 from 0xb400f125e2b20710
12-30 10:16:05.799   360   458 D EvsDriver: doneWithFrame
12-30 10:16:05.808  2358  2623 D RcfController: Rcf proxy is not connected!
12-30 10:16:05.829   360   931 D EvsDriver: forwardFrame
12-30 10:16:05.829   360   931 D EvsDriver: forwardFrameDirect
12-30 10:16:05.830   360   931 D EvsDriver: Delivered 0xb400e2ca9e40e270 as id 0
12-30 10:16:05.830   359  2784 D evsmanagerd: /dev/video-evs0 forwarded the buffer #0 to 0xb400f125d2b26dd0 from 0xb400f125e2b20710
12-30 10:16:05.839   360   458 D EvsDriver: doneWithFrame
12-30 10:16:05.858  2358  2623 D RcfController: Rcf proxy is not connected!
12-30 10:16:05.863   360   931 D EvsDriver: forwardFrame
12-30 10:16:05.863   360   931 D EvsDriver: forwardFrameDirect
12-30 10:16:05.863   360   931 D EvsDriver: Delivered 0xb400e2ca9e40d4b0 as id 1
12-30 10:16:05.863   359  2784 D evsmanagerd: /dev/video-evs0 forwarded the buffer #1 to 0xb400f125d2b26dd0 from 0xb400f125e2b20710
12-30 10:16:05.869   360   458 D EvsDriver: doneWithFrame
12-30 10:16:05.883   596  3076 E WifiHAL : Invalid data received from driver
12-30 10:16:05.896   360   931 D EvsDriver: forwardFrame
12-30 10:16:05.896   360   931 D EvsDriver: forwardFrameDirect
12-30 10:16:05.896   360   931 D EvsDriver: Delivered 0xb400e2ca9e40c2d0 as id 0
12-30 10:16:05.896   359  2784 D evsmanagerd: /dev/video-evs0 forwarded the buffer #0 to 0xb400f125d2b26dd0 from 0xb400f125e2b20710
12-30 10:16:05.900   360   458 D EvsDriver: doneWithFrame
12-30 10:16:05.909  2358  2623 D RcfController: Rcf proxy is not connected!
12-30 10:16:05.929   360   931 D EvsDriver: forwardFrame
12-30 10:16:05.929   360   931 D EvsDriver: forwardFrameDirect
12-30 10:16:05.930   360   931 D EvsDriver: Delivered 0xb400e2ca9e40d090 as id 1
12-30 10:16:05.930   359  2784 D evsmanagerd: /dev/video-evs0 forwarded the buffer #1 to 0xb400f125d2b26dd0 from 0xb400f125e2b20710
12-30 10:16:05.939   596  3076 E WifiHAL : Invalid data received from driver
12-30 10:16:05.940   360   458 D EvsDriver: doneWithFrame
12-30 10:16:05.959  2358  2623 D RcfController: Rcf proxy is not connected!
12-30 10:16:05.963   360   931 D EvsDriver: forwardFrame
12-30 10:16:05.963   360   931 D EvsDriver: forwardFrameDirect
12-30 10:16:05.963   360   931 D EvsDriver: Delivered 0xb400e2ca9e40e110 as id 0
12-30 10:16:05.963   359  2784 D evsmanagerd: /dev/video-evs0 forwarded the buffer #0 to 0xb400f125d2b26dd0 from 0xb400f125e2b20710
12-30 10:16:05.969  1667  2407 I media_message_log->MediaMessageProxy: (SourceFile:1)b connectToService action bind
12-30 10:16:05.970   916  2591 W ActivityManager: Unable to start service Intent { cmp=com.adayo.server.mediamessagetransfer/.MediaMessTransferService (has extras) } U=0: not found
12-30 10:16:05.971  1667  2407 E media_message_log->MediaMessageProxy: (SourceFile:7)a bindServiceAsUser isBound = false
12-30 10:16:05.971   360   458 D EvsDriver: doneWithFrame
12-30 10:16:05.996   360   931 D EvsDriver: forwardFrame
12-30 10:16:05.996   360   931 D EvsDriver: forwardFrameDirect
12-30 10:16:05.996   360   931 D EvsDriver: Delivered 0xb400e2ca9e40c7a0 as id 1
12-30 10:16:05.997   359  2784 D evsmanagerd: /dev/video-evs0 forwarded the buffer #1 to 0xb400f125d2b26dd0 from 0xb400f125e2b20710
12-30 10:16:06.001   360   458 D EvsDriver: doneWithFrame
12-30 10:16:06.006   665  1525 I gps_hdbd: [gps_upgrade_thread 3403]Enter
12-30 10:16:06.006   665  1525 I gps_hdbd: [gps_upgrade_thread 3432] sys.gps.update:0 ,file:not ,upgrate_ing:0
12-30 10:16:06.007   596  3076 E WifiHAL : Invalid data received from driver
12-30 10:16:06.009  2358  2623 D RcfController: Rcf proxy is not connected!
12-30 10:16:06.029   360   931 I EvsDriver: /dev/video-evs0 VideoCapture fps 29.9993
12-30 10:16:06.029   360   931 D EvsDriver: forwardFrame
12-30 10:16:06.030   360   931 D EvsDriver: forwardFrameDirect
12-30 10:16:06.030   360   931 D EvsDriver: Delivered 0xb400e2ca9e40e270 as id 0
12-30 10:16:06.030   359  2784 D evsmanagerd: /dev/video-evs0 forwarded the buffer #0 to 0xb400f125d2b26dd0 from 0xb400f125e2b20710
12-30 10:16:06.032   360   458 D EvsDriver: doneWithFrame
12-30 10:16:06.059  2358  2623 D RcfController: Rcf proxy is not connected!
12-30 10:16:06.063   360   931 D EvsDriver: forwardFrame
12-30 10:16:06.063   360   931 D EvsDriver: forwardFrameDirect
12-30 10:16:06.063   360   931 D EvsDriver: Delivered 0xb400e2ca9e40d4b0 as id 1
12-30 10:16:06.063   359  2784 D evsmanagerd: /dev/video-evs0 forwarded the buffer #1 to 0xb400f125d2b26dd0 from 0xb400f125e2b20710
12-30 10:16:06.072   360   458 D EvsDriver: doneWithFrame
12-30 10:16:06.073   650   729 D fgemcucomm: sd Uart data : 6AA602B8580002920258
12-30 10:16:06.074   650   729 D fgemcucomm: rev uart=48825,len=14, data : 6AA681B8580006920200010000D4
12-30 10:16:06.074   398   882 D adayocomadapter-ParseProtocolFunc: printRaWMsg Name[MCUToUPstream recv] len[6] data[920200010000]
12-30 10:16:06.074   398   882 D adayocomadapter-CommunicationManager: onUpstreamback   member[0] dataLength[3] timePoint[5901896]
12-30 10:16:06.074   398   882 D adayocomadapter-ParseProtocolFunc: printRaWMsg Name[onUpstreamback] len[3] data[010000]
12-30 10:16:06.074   398   464 D adayocomadapter-UpstreamHandler: processBeforePacket upSreamtProcessTimePoint[5901896] 
12-30 10:16:06.074   398   464 D adayocomadapter-UpstreamHandler: processPacket UPSTREAM_QUEUE_DATA_TIMEOUT
12-30 10:16:06.074   398   464 D adayocomadapter-ParseProtocolFunc: parseCommonIPCLBytes Processing tableNumber[1]
12-30 10:16:06.074   398   464 D adayocomadapter-ParseProtocolFunc: parseCommonIPCLBytes Processing tablename[Table-1] tableSize[3]
12-30 10:16:06.074   398   464 D adayocomadapter-ParseProtocolFunc: printRaWMsg Name[byteStream recv] len[3] data[010000]
12-30 10:16:06.074   398   464 D adayocomadapter-ParseProtocolFunc: printRaWMsg Name[IPCLtoVHAL] len[7] data[21402048000000]
12-30 10:16:06.074   398   464 D adayocomadapter-CommunicationManager: onUpstreamReceive mPropertyId 0x21402048
12-30 10:16:06.075   398   464 D adayocomadapter-CommunicationManager: convertBytesToInt32Memcpy  0
12-30 10:16:06.075   398   464 I vw-vhal : notifyVehicleProperty, propId = 0x21402048, data = {status: 2, int32Values: [0]}
12-30 10:16:06.075   398   464 I vw-vhal : CanSignalsAdapter::notifyVehicleProperty: solvedValue = {.timestamp = 5901897033034, .areaId = 0, .prop = 557850696, .status = AVAILABLE, .value = {.int32Values = [1]{0}, .floatValues = [0]{}, .int64Values = [0]{}, .bytes = [0]{}, .stringValue = ""}}
12-30 10:16:06.075   398   464 I VehiclePropertyStore: begin to write value to Store: {.timestamp = 5901897033034, .areaId = 0, .prop = 557850696, .status = AVAILABLE, .value = {.int32Values = [1]{0}, .floatValues = [0]{}, .int64Values = [0]{}, .bytes = [0]{}, .stringValue = ""}}
12-30 10:16:06.075   398   464 I DefaultVehicleHal_v2_0: DefaultVehicleHal::onPropertyValue, value:{.timestamp = 5901897033034, .areaId = 0, .prop = 557850696, .status = AVAILABLE, .value = {.int32Values = [1]{0}, .floatValues = [0]{}, .int64Values = [0]{}, .bytes = [0]{}, .stringValue = ""}}
12-30 10:16:06.075   398   464 D DiagPropHandler: is not DiagnosticConfig: 0x21402048
12-30 10:16:06.075   398   464 I VehiclePropertyStore: begin to write value to Store: {.timestamp = 5901897033034, .areaId = 0, .prop = 557850696, .status = AVAILABLE, .value = {.int32Values = [1]{0}, .floatValues = [0]{}, .int64Values = [0]{}, .bytes = [0]{}, .stringValue = ""}}
12-30 10:16:06.075   398   464 D adayocomadapter-CommunicationManager: onUpstreamReceive mPropertyId 0x21402048
12-30 10:16:06.076   596  3076 E WifiHAL : Invalid data received from driver
12-30 10:16:06.077   596  3076 E WifiHAL : Invalid data received from driver
12-30 10:16:06.077   596  3076 E WifiHAL : Invalid data received from driver
12-30 10:16:06.077   596  3076 E WifiHAL : Invalid data received from driver
12-30 10:16:06.077   596  3076 E WifiHAL : Invalid data received from driver
12-30 10:16:06.077   596  3076 E WifiHAL : Invalid data received from driver
12-30 10:16:06.077   596  3076 E WifiHAL : Invalid data received from driver
12-30 10:16:06.083   596  3076 E WifiHAL : Invalid data received from driver
12-30 10:16:06.084   798 18089 W adbd    : timed out while waiting for FUNCTIONFS_BIND, trying again
12-30 10:16:06.084   798 18089 I adbd    : UsbFfs: connection terminated: monitor thread finished
12-30 10:16:06.085   798   798 I adbd    : UsbFfs: already offline
12-30 10:16:06.085   798   798 I adbd    : destroying transport UsbFfs
12-30 10:16:06.085   798   798 I adbd    : UsbFfsConnection being destroyed
12-30 10:16:06.096   360   931 D EvsDriver: forwardFrame
12-30 10:16:06.096   360   931 D EvsDriver: forwardFrameDirect
12-30 10:16:06.096   360   931 D EvsDriver: Delivered 0xb400e2ca9e40c2d0 as id 0
12-30 10:16:06.097   359  2784 D evsmanagerd: /dev/video-evs0 forwarded the buffer #0 to 0xb400f125d2b26dd0 from 0xb400f125e2b20710
12-30 10:16:06.102   360   458 D EvsDriver: doneWithFrame
12-30 10:16:06.107   650   729 D fgemcucomm: sd Uart data : 6AA602B8590002920257
12-30 10:16:06.107   650   729 D fgemcucomm: rev uart=48826,len=16, data : 6AA681B85900089202000300000000CF
12-30 10:16:06.107   398   882 D adayocomadapter-ParseProtocolFunc: printRaWMsg Name[MCUToUPstream recv] len[8] data[9202000300000000]
12-30 10:16:06.107   398   882 D adayocomadapter-CommunicationManager: onUpstreamback   member[0] dataLength[5] timePoint[5901929]
12-30 10:16:06.107   398   882 D adayocomadapter-ParseProtocolFunc: printRaWMsg Name[onUpstreamback] len[5] data[0300000000]
12-30 10:16:06.108   398   464 D adayocomadapter-UpstreamHandler: processBeforePacket upSreamtProcessTimePoint[5901929] 
12-30 10:16:06.108   398   464 D adayocomadapter-UpstreamHandler: processPacket UPSTREAM_QUEUE_DATA_TIMEOUT
12-30 10:16:06.108   398   464 D adayocomadapter-ParseProtocolFunc: parseCommonIPCLBytes Processing tableNumber[3]
12-30 10:16:06.108   398   464 D adayocomadapter-ParseProtocolFunc: parseCommonIPCLBytes Processing tablename[Table-3] tableSize[5]
12-30 10:16:06.108   398   464 D adayocomadapter-ParseProtocolFunc: printRaWMsg Name[byteStream recv] len[5] data[0300000000]
12-30 10:16:06.108   398   464 D adayocomadapter-ParseProtocolFunc: printRaWMsg Name[IPCLtoVHAL] len[8] data[2141213801000000]
12-30 10:16:06.108   398   464 D adayocomadapter-ParseProtocolFunc: printRaWMsg Name[IPCLtoVHAL] len[6] data[214021D60000]
12-30 10:16:06.108   398   464 D adayocomadapter-CommunicationManager: onUpstreamReceive mPropertyId 0x21412138
12-30 10:16:06.108   398   464 I vw-vhal : notifyVehicleProperty, propId = 0x21412138, data = {status: 2, int32Values: [0, 0, 0]}
12-30 10:16:06.108   398   464 I vw-vhal : CanSignalsAdapter::notifyVehicleProperty: solvedValue = {.timestamp = 5901930522368, .areaId = 0, .prop = 557916472, .status = AVAILABLE, .value = {.int32Values = [3]{0, 0, 0}, .floatValues = [0]{}, .int64Values = [0]{}, .bytes = [0]{}, .stringValue = ""}}
12-30 10:16:06.108   398   464 I VehiclePropertyStore: begin to write value to Store: {.timestamp = 5901930522368, .areaId = 0, .prop = 557916472, .status = AVAILABLE, .value = {.int32Values = [3]{0, 0, 0}, .floatValues = [0]{}, .int64Values = [0]{}, .bytes = [0]{}, .stringValue = ""}}
12-30 10:16:06.108   398   464 I DefaultVehicleHal_v2_0: DefaultVehicleHal::onPropertyValue, value:{.timestamp = 5901930522368, .areaId = 0, .prop = 557916472, .status = AVAILABLE, .value = {.int32Values = [3]{0, 0, 0}, .floatValues = [0]{}, .int64Values = [0]{}, .bytes = [0]{}, .stringValue = ""}}
12-30 10:16:06.108   398   464 D DiagPropHandler: is not DiagnosticConfig: 0x21412138
12-30 10:16:06.109   398   464 I VehiclePropertyStore: begin to write value to Store: {.timestamp = 5901930522368, .areaId = 0, .prop = 557916472, .status = AVAILABLE, .value = {.int32Values = [3]{0, 0, 0}, .floatValues = [0]{}, .int64Values = [0]{}, .bytes = [0]{}, .stringValue = ""}}
12-30 10:16:06.109   398   464 D adayocomadapter-CommunicationManager: onUpstreamReceive mPropertyId 0x21412138
12-30 10:16:06.109   398   464 D adayocomadapter-CommunicationManager: onUpstreamReceive mPropertyId 0x214021d6
12-30 10:16:06.109   398   464 D adayocomadapter-CommunicationManager: convertBytesToInt32Memcpy  0
12-30 10:16:06.109   398   464 I vw-vhal : notifyVehicleProperty, propId = 0x214021d6, data = {status: 2, int32Values: [0]}
12-30 10:16:06.109   398   464 I vw-vhal : CanSignalsAdapter::notifyVehicleProperty: solvedValue = {.timestamp = 5901931226701, .areaId = 0, .prop = 557851094, .status = AVAILABLE, .value = {.int32Values = [1]{0}, .floatValues = [0]{}, .int64Values = [0]{}, .bytes = [0]{}, .stringValue = ""}}
12-30 10:16:06.109   398   464 I VehiclePropertyStore: begin to write value to Store: {.timestamp = 5901931226701, .areaId = 0, .prop = 557851094, .status = AVAILABLE, .value = {.int32Values = [1]{0}, .floatValues = [0]{}, .int64Values = [0]{}, .bytes = [0]{}, .stringValue = ""}}
12-30 10:16:06.109   398   464 I DefaultVehicleHal_v2_0: DefaultVehicleHal::onPropertyValue, value:{.timestamp = 5901931226701, .areaId = 0, .prop = 557851094, .status = AVAILABLE, .value = {.int32Values = [1]{0}, .floatValues = [0]{}, .int64Values = [0]{}, .bytes = [0]{}, .stringValue = ""}}
12-30 10:16:06.109   398   464 D DiagPropHandler: is not DiagnosticConfig: 0x214021d6
12-30 10:16:06.109   398   464 I VehiclePropertyStore: begin to write value to Store: {.timestamp = 5901931226701, .areaId = 0, .prop = 557851094, .status = AVAILABLE, .value = {.int32Values = [1]{0}, .floatValues = [0]{}, .int64Values = [0]{}, .bytes = [0]{}, .stringValue = ""}}
12-30 10:16:06.109   398   464 D adayocomadapter-CommunicationManager: onUpstreamReceive mPropertyId 0x214021d6
12-30 10:16:06.110  2358  2623 D RcfController: Rcf proxy is not connected!
12-30 10:16:06.126   798   838 I adbd    : opening control endpoint /dev/usb-ffs/adb/ep0
12-30 10:16:06.127   798   838 I adbd    : UsbFfsConnection constructed
12-30 10:16:06.128   798 18096 I adbd    : UsbFfs-monitor thread spawned
12-30 10:16:06.129   360   931 D EvsDriver: forwardFrame
12-30 10:16:06.129   360   931 D EvsDriver: forwardFrameDirect
12-30 10:16:06.130   360   931 D EvsDriver: Delivered 0xb400e2ca9e40d090 as id 1
12-30 10:16:06.130   359  2784 D evsmanagerd: /dev/video-evs0 forwarded the buffer #1 to 0xb400f125d2b26dd0 from 0xb400f125e2b20710
12-30 10:16:06.133   360   458 D EvsDriver: doneWithFrame
12-30 10:16:06.143   596  3076 E WifiHAL : Invalid data received from driver
12-30 10:16:06.160  2358  2623 D RcfController: Rcf proxy is not connected!
12-30 10:16:06.163   360   931 D EvsDriver: forwardFrame
12-30 10:16:06.163   360   931 D EvsDriver: forwardFrameDirect
12-30 10:16:06.163   360   931 D EvsDriver: Delivered 0xb400e2ca9e40e110 as id 0
12-30 10:16:06.163   359  2784 D evsmanagerd: /dev/video-evs0 forwarded the buffer #0 to 0xb400f125d2b26dd0 from 0xb400f125e2b20710
12-30 10:16:06.173   360   458 D EvsDriver: doneWithFrame
12-30 10:16:06.196   360   931 D EvsDriver: forwardFrame
12-30 10:16:06.196   360   931 D EvsDriver: forwardFrameDirect
12-30 10:16:06.196   360   931 D EvsDriver: Delivered 0xb400e2ca9e40c7a0 as id 1
12-30 10:16:06.197   359  2784 D evsmanagerd: /dev/video-evs0 forwarded the buffer #1 to 0xb400f125d2b26dd0 from 0xb400f125e2b20710
12-30 10:16:06.204   360   458 D EvsDriver: doneWithFrame
12-30 10:16:06.210  2358  2623 D RcfController: Rcf proxy is not connected!
12-30 10:16:06.217   596  3076 E WifiHAL : Invalid data received from driver
12-30 10:16:06.229   360   931 D EvsDriver: forwardFrame
12-30 10:16:06.229   360   931 D EvsDriver: forwardFrameDirect
12-30 10:16:06.230   360   931 D EvsDriver: Delivered 0xb400e2ca9e40e270 as id 0
12-30 10:16:06.230   359  2784 D evsmanagerd: /dev/video-evs0 forwarded the buffer #0 to 0xb400f125d2b26dd0 from 0xb400f125e2b20710
12-30 10:16:06.234   360   458 D EvsDriver: doneWithFrame
12-30 10:16:06.248   650   729 D fgemcucomm: sd Uart data : 6AA602B85A0002920256
12-30 10:16:06.248   650   729 D fgemcucomm: rev uart=48827,len=20, data : 6AA681B85A000C920200080000000000000000C5
12-30 10:16:06.249   398   882 D adayocomadapter-ParseProtocolFunc: printRaWMsg Name[MCUToUPstream recv] len[12] data[920200080000000000000000]
12-30 10:16:06.249   398   882 D adayocomadapter-CommunicationManager: onUpstreamback   member[0] dataLength[9] timePoint[5902071]
12-30 10:16:06.249   398   882 D adayocomadapter-ParseProtocolFunc: printRaWMsg Name[onUpstreamback] len[9] data[080000000000000000]
12-30 10:16:06.249   398   464 D adayocomadapter-UpstreamHandler: processBeforePacket upSreamtProcessTimePoint[5902071] 
12-30 10:16:06.249   398   464 D adayocomadapter-UpstreamHandler: processPacket UPSTREAM_QUEUE_DATA_TIMEOUT
12-30 10:16:06.249   398   464 D adayocomadapter-ParseProtocolFunc: parseCommonIPCLBytes Processing tableNumber[8]
12-30 10:16:06.249   398   464 D adayocomadapter-ParseProtocolFunc: parseCommonIPCLBytes Processing tablename[Table-8] tableSize[9]
12-30 10:16:06.249   398   464 D adayocomadapter-ParseProtocolFunc: printRaWMsg Name[byteStream recv] len[9] data[080000000000000000]
12-30 10:16:06.249   398   464 D adayocomadapter-ParseProtocolFunc: printRaWMsg Name[IPCLtoVHAL] len[7] data[2141208F010000]
12-30 10:16:06.249   398   464 D adayocomadapter-ParseProtocolFunc: printRaWMsg Name[IPCLtoVHAL] len[7] data[21412090010000]
12-30 10:16:06.249   398   464 D adayocomadapter-ParseProtocolFunc: printRaWMsg Name[IPCLtoVHAL] len[7] data[21412091010000]
12-30 10:16:06.249   398   464 D adayocomadapter-ParseProtocolFunc: printRaWMsg Name[IPCLtoVHAL] len[7] data[21412092010000]
12-30 10:16:06.249   398   464 D adayocomadapter-CommunicationManager: onUpstreamReceive mPropertyId 0x2141208f
12-30 10:16:06.250   398   464 I vw-vhal : notifyVehicleProperty, propId = 0x2141208f, data = {status: 2, int32Values: [0, 0]}
12-30 10:16:06.250   398   464 I vw-vhal : CanSignalsAdapter::notifyVehicleProperty: solvedValue = {.timestamp = 5902072061701, .areaId = 0, .prop = 557916303, .status = AVAILABLE, .value = {.int32Values = [2]{0, 0}, .floatValues = [0]{}, .int64Values = [0]{}, .bytes = [0]{}, .stringValue = ""}}
12-30 10:16:06.250   398   464 I VehiclePropertyStore: begin to write value to Store: {.timestamp = 5902072061701, .areaId = 0, .prop = 557916303, .status = AVAILABLE, .value = {.int32Values = [2]{0, 0}, .floatValues = [0]{}, .int64Values = [0]{}, .bytes = [0]{}, .stringValue = ""}}
12-30 10:16:06.250   398   464 I DefaultVehicleHal_v2_0: DefaultVehicleHal::onPropertyValue, value:{.timestamp = 5902072061701, .areaId = 0, .prop = 557916303, .status = AVAILABLE, .value = {.int32Values = [2]{0, 0}, .floatValues = [0]{}, .int64Values = [0]{}, .bytes = [0]{}, .stringValue = ""}}
12-30 10:16:06.250   398   464 D DiagPropHandler: is not DiagnosticConfig: 0x2141208f
12-30 10:16:06.250   398   464 I VehiclePropertyStore: begin to write value to Store: {.timestamp = 5902072061701, .areaId = 0, .prop = 557916303, .status = AVAILABLE, .value = {.int32Values = [2]{0, 0}, .floatValues = [0]{}, .int64Values = [0]{}, .bytes = [0]{}, .stringValue = ""}}
12-30 10:16:06.250   398   464 D adayocomadapter-CommunicationManager: onUpstreamReceive mPropertyId 0x2141208f
12-30 10:16:06.250   398   464 D adayocomadapter-CommunicationManager: onUpstreamReceive mPropertyId 0x21412090
12-30 10:16:06.250   398   464 I vw-vhal : notifyVehicleProperty, propId = 0x21412090, data = {status: 2, int32Values: [0, 0]}
12-30 10:16:06.250   398   464 I vw-vhal : CanSignalsAdapter::notifyVehicleProperty: solvedValue = {.timestamp = 5902072746701, .areaId = 0, .prop = 557916304, .status = AVAILABLE, .value = {.int32Values = [2]{0, 0}, .floatValues = [0]{}, .int64Values = [0]{}, .bytes = [0]{}, .stringValue = ""}}
12-30 10:16:06.251   398   464 I VehiclePropertyStore: begin to write value to Store: {.timestamp = 5902072746701, .areaId = 0, .prop = 557916304, .status = AVAILABLE, .value = {.int32Values = [2]{0, 0}, .floatValues = [0]{}, .int64Values = [0]{}, .bytes = [0]{}, .stringValue = ""}}
12-30 10:16:06.251   398   464 I DefaultVehicleHal_v2_0: DefaultVehicleHal::onPropertyValue, value:{.timestamp = 5902072746701, .areaId = 0, .prop = 557916304, .status = AVAILABLE, .value = {.int32Values = [2]{0, 0}, .floatValues = [0]{}, .int64Values = [0]{}, .bytes = [0]{}, .stringValue = ""}}
12-30 10:16:06.251   398   464 D DiagPropHandler: is not DiagnosticConfig: 0x21412090
12-30 10:16:06.251   398   464 I VehiclePropertyStore: begin to write value to Store: {.timestamp = 5902072746701, .areaId = 0, .prop = 557916304, .status = AVAILABLE, .value = {.int32Values = [2]{0, 0}, .floatValues = [0]{}, .int64Values = [0]{}, .bytes = [0]{}, .stringValue = ""}}
12-30 10:16:06.251   398   464 D adayocomadapter-CommunicationManager: onUpstreamReceive mPropertyId 0x21412090
12-30 10:16:06.251   398   464 D adayocomadapter-CommunicationManager: onUpstreamReceive mPropertyId 0x21412091
12-30 10:16:06.251   398   464 I vw-vhal : notifyVehicleProperty, propId = 0x21412091, data = {status: 2, int32Values: [0, 0]}
12-30 10:16:06.251   398   464 I vw-vhal : CanSignalsAdapter::notifyVehicleProperty: solvedValue = {.timestamp = 5902073355368, .areaId = 0, .prop = 557916305, .status = AVAILABLE, .value = {.int32Values = [2]{0, 0}, .floatValues = [0]{}, .int64Values = [0]{}, .bytes = [0]{}, .stringValue = ""}}
12-30 10:16:06.251   398   464 I VehiclePropertyStore: begin to write value to Store: {.timestamp = 5902073355368, .areaId = 0, .prop = 557916305, .status = AVAILABLE, .value = {.int32Values = [2]{0, 0}, .floatValues = [0]{}, .int64Values = [0]{}, .bytes = [0]{}, .stringValue = ""}}
12-30 10:16:06.251   398   464 I DefaultVehicleHal_v2_0: DefaultVehicleHal::onPropertyValue, value:{.timestamp = 5902073355368, .areaId = 0, .prop = 557916305, .status = AVAILABLE, .value = {.int32Values = [2]{0, 0}, .floatValues = [0]{}, .int64Values = [0]{}, .bytes = [0]{}, .stringValue = ""}}
12-30 10:16:06.251   398   464 D DiagPropHandler: is not DiagnosticConfig: 0x21412091
12-30 10:16:06.251   398   464 I VehiclePropertyStore: begin to write value to Store: {.timestamp = 5902073355368, .areaId = 0, .prop = 557916305, .status = AVAILABLE, .value = {.int32Values = [2]{0, 0}, .floatValues = [0]{}, .int64Values = [0]{}, .bytes = [0]{}, .stringValue = ""}}
12-30 10:16:06.251   398   464 D adayocomadapter-CommunicationManager: onUpstreamReceive mPropertyId 0x21412091
12-30 10:16:06.251   398   464 D adayocomadapter-CommunicationManager: onUpstreamReceive mPropertyId 0x21412092
12-30 10:16:06.252   398   464 I vw-vhal : notifyVehicleProperty, propId = 0x21412092, data = {status: 2, int32Values: [0, 0]}
12-30 10:16:06.252   398   464 I vw-vhal : CanSignalsAdapter::notifyVehicleProperty: solvedValue = {.timestamp = 5902073974701, .areaId = 0, .prop = 557916306, .status = AVAILABLE, .value = {.int32Values = [2]{0, 0}, .floatValues = [0]{}, .int64Values = [0]{}, .bytes = [0]{}, .stringValue = ""}}
12-30 10:16:06.252   398   464 I VehiclePropertyStore: begin to write value to Store: {.timestamp = 5902073974701, .areaId = 0, .prop = 557916306, .status = AVAILABLE, .value = {.int32Values = [2]{0, 0}, .floatValues = [0]{}, .int64Values = [0]{}, .bytes = [0]{}, .stringValue = ""}}
12-30 10:16:06.252   398   464 I DefaultVehicleHal_v2_0: DefaultVehicleHal::onPropertyValue, value:{.timestamp = 5902073974701, .areaId = 0, .prop = 557916306, .status = AVAILABLE, .value = {.int32Values = [2]{0, 0}, .floatValues = [0]{}, .int64Values = [0]{}, .bytes = [0]{}, .stringValue = ""}}
12-30 10:16:06.252   398   464 D DiagPropHandler: is not DiagnosticConfig: 0x21412092
12-30 10:16:06.252   398   464 I VehiclePropertyStore: begin to write value to Store: {.timestamp = 5902073974701, .areaId = 0, .prop = 557916306, .status = AVAILABLE, .value = {.int32Values = [2]{0, 0}, .floatValues = [0]{}, .int64Values = [0]{}, .bytes = [0]{}, .stringValue = ""}}
12-30 10:16:06.252   398   464 D adayocomadapter-CommunicationManager: onUpstreamReceive mPropertyId 0x21412092
12-30 10:16:06.259  1667  2410 I media_message_log->MediaMessageUserProxy: (SourceFile:1)b connectToService action bind
12-30 10:16:06.260   916  2591 W ActivityManager: Unable to start service Intent { cmp=com.adayo.server.mediamessagetransfer/.MediaMessTransferService (has extras) } U=0: not found
12-30 10:16:06.261  2358  2623 D RcfController: Rcf proxy is not connected!
12-30 10:16:06.261  1667  2410 E media_message_log->MediaMessageUserProxy: (SourceFile:7)a bindServiceAsUser isBound = false
12-30 10:16:06.263   360   931 D EvsDriver: forwardFrame
12-30 10:16:06.263   360   931 D EvsDriver: forwardFrameDirect
12-30 10:16:06.263   360   931 D EvsDriver: Delivered 0xb400e2ca9e40d4b0 as id 1
12-30 10:16:06.263   359  2784 D evsmanagerd: /dev/video-evs0 forwarded the buffer #1 to 0xb400f125d2b26dd0 from 0xb400f125e2b20710
12-30 10:16:06.264   360   458 D EvsDriver: doneWithFrame
12-30 10:16:06.288  1667  2513 W ContextImpl: Calling a method in the system process without a qualified user: android.app.ContextImpl.bindService:1988 android.content.ContextWrapper.bindService:861 com.ford.sync.fnvservice.analytics.AnalyticsManager$RetryHandler.a:126 com.ford.sync.fnvservice.analytics.AnalyticsManager$RetryHandler.handleMessage:103 android.os.Handler.dispatchMessage:106 
12-30 10:16:06.288   916  2591 W ActivityManager: Unable to start service Intent { cmp=com.ford.sync.fnvservice/.analytics.AnalyticsService } U=0: not found
12-30 10:16:06.289  1667  2513 W AnalyticsManager:  bind ford Analytics failed -> sendRetryMessage 
12-30 10:16:06.296   360   931 D EvsDriver: forwardFrame
12-30 10:16:06.296   360   931 D EvsDriver: forwardFrameDirect
12-30 10:16:06.296   360   931 D EvsDriver: Delivered 0xb400e2ca9e40c2d0 as id 0
12-30 10:16:06.297   359  2784 D evsmanagerd: /dev/video-evs0 forwarded the buffer #0 to 0xb400f125d2b26dd0 from 0xb400f125e2b20710
12-30 10:16:06.298   650   729 D fgemcucomm: sd Uart data : 6AA602B85B0002920255
12-30 10:16:06.299   650   729 D fgemcucomm: rev uart=48828,len=23, data : 6AA681B85B000F920200040000000000000000000000C5
12-30 10:16:06.299   398   882 D adayocomadapter-ParseProtocolFunc: printRaWMsg Name[MCUToUPstream recv] len[15] data[920200040000000000000000000000]
12-30 10:16:06.299   398   882 D adayocomadapter-CommunicationManager: onUpstreamback   member[0] dataLength[12] timePoint[5902121]
12-30 10:16:06.299   398   882 D adayocomadapter-ParseProtocolFunc: printRaWMsg Name[onUpstreamback] len[12] data[040000000000000000000000]
12-30 10:16:06.299   398   464 D adayocomadapter-UpstreamHandler: processBeforePacket upSreamtProcessTimePoint[5902121] 
12-30 10:16:06.299   398   464 D adayocomadapter-UpstreamHandler: processPacket UPSTREAM_QUEUE_DATA_TIMEOUT
12-30 10:16:06.299   398   464 D adayocomadapter-ParseProtocolFunc: parseCommonIPCLBytes Processing tableNumber[4]
12-30 10:16:06.299   398   464 D adayocomadapter-ParseProtocolFunc: parseCommonIPCLBytes Processing tablename[Table-4] tableSize[12]
12-30 10:16:06.299   398   464 D adayocomadapter-ParseProtocolFunc: printRaWMsg Name[byteStream recv] len[12] data[040000000000000000000000]
12-30 10:16:06.299   398   464 D adayocomadapter-ParseProtocolFunc: printRaWMsg Name[IPCLtoVHAL] len[7] data[2140200C000000]
12-30 10:16:06.300   398   464 D adayocomadapter-ParseProtocolFunc: printRaWMsg Name[IPCLtoVHAL] len[7] data[2140200D000000]
12-30 10:16:06.300   398   464 D adayocomadapter-ParseProtocolFunc: printRaWMsg Name[IPCLtoVHAL] len[6] data[214022330000]
12-30 10:16:06.300   398   464 D adayocomadapter-ParseProtocolFunc: printRaWMsg Name[IPCLtoVHAL] len[9] data[2140201D0000000000]
12-30 10:16:06.300   398   464 D adayocomadapter-ParseProtocolFunc: printRaWMsg Name[IPCLtoVHAL] len[7] data[2140201E000000]
12-30 10:16:06.300   398   464 D adayocomadapter-CommunicationManager: onUpstreamReceive mPropertyId 0x2140200c
12-30 10:16:06.300   398   464 D adayocomadapter-CommunicationManager: convertBytesToInt32Memcpy  0
12-30 10:16:06.300   398   464 I vw-vhal : notifyVehicleProperty, propId = 0x2140200c, data = {status: 2, int32Values: [0]}
12-30 10:16:06.300   398   464 I vw-vhal : CanSignalsAdapter::notifyVehicleProperty: solvedValue = {.timestamp = 5902122349701, .areaId = 0, .prop = 557850636, .status = AVAILABLE, .value = {.int32Values = [1]{0}, .floatValues = [0]{}, .int64Values = [0]{}, .bytes = [0]{}, .stringValue = ""}}
12-30 10:16:06.300   398   464 I VehiclePropertyStore: begin to write value to Store: {.timestamp = 5902122349701, .areaId = 0, .prop = 557850636, .status = AVAILABLE, .value = {.int32Values = [1]{0}, .floatValues = [0]{}, .int64Values = [0]{}, .bytes = [0]{}, .stringValue = ""}}
12-30 10:16:06.300   398   464 I DefaultVehicleHal_v2_0: DefaultVehicleHal::onPropertyValue, value:{.timestamp = 5902122349701, .areaId = 0, .prop = 557850636, .status = AVAILABLE, .value = {.int32Values = [1]{0}, .floatValues = [0]{}, .int64Values = [0]{}, .bytes = [0]{}, .stringValue = ""}}
12-30 10:16:06.300   398   464 D DiagPropHandler: is not DiagnosticConfig: 0x2140200c
12-30 10:16:06.300   398   464 I VehiclePropertyStore: begin to write value to Store: {.timestamp = 5902122349701, .areaId = 0, .prop = 557850636, .status = AVAILABLE, .value = {.int32Values = [1]{0}, .floatValues = [0]{}, .int64Values = [0]{}, .bytes = [0]{}, .stringValue = ""}}
12-30 10:16:06.300   398   464 D adayocomadapter-CommunicationManager: onUpstreamReceive mPropertyId 0x2140200c
12-30 10:16:06.301   398   464 D adayocomadapter-CommunicationManager: onUpstreamReceive mPropertyId 0x2140200d
12-30 10:16:06.301   398   464 D adayocomadapter-CommunicationManager: convertBytesToInt32Memcpy  0
12-30 10:16:06.301   398   464 I vw-vhal : notifyVehicleProperty, propId = 0x2140200d, data = {status: 2, int32Values: [0]}
12-30 10:16:06.301   398   464 I vw-vhal : CanSignalsAdapter::notifyVehicleProperty: solvedValue = {.timestamp = 5902123046701, .areaId = 0, .prop = 557850637, .status = AVAILABLE, .value = {.int32Values = [1]{0}, .floatValues = [0]{}, .int64Values = [0]{}, .bytes = [0]{}, .stringValue = ""}}
12-30 10:16:06.301   398   464 I VehiclePropertyStore: begin to write value to Store: {.timestamp = 5902123046701, .areaId = 0, .prop = 557850637, .status = AVAILABLE, .value = {.int32Values = [1]{0}, .floatValues = [0]{}, .int64Values = [0]{}, .bytes = [0]{}, .stringValue = ""}}
12-30 10:16:06.301   398   464 I DefaultVehicleHal_v2_0: DefaultVehicleHal::onPropertyValue, value:{.timestamp = 5902123046701, .areaId = 0, .prop = 557850637, .status = AVAILABLE, .value = {.int32Values = [1]{0}, .floatValues = [0]{}, .int64Values = [0]{}, .bytes = [0]{}, .stringValue = ""}}
12-30 10:16:06.301   398   464 D DiagPropHandler: is not DiagnosticConfig: 0x2140200d
12-30 10:16:06.301   398   464 I VehiclePropertyStore: begin to write value to Store: {.timestamp = 5902123046701, .areaId = 0, .prop = 557850637, .status = AVAILABLE, .value = {.int32Values = [1]{0}, .floatValues = [0]{}, .int64Values = [0]{}, .bytes = [0]{}, .stringValue = ""}}
12-30 10:16:06.301   398   464 D adayocomadapter-CommunicationManager: onUpstreamReceive mPropertyId 0x2140200d
12-30 10:16:06.301   398   464 D adayocomadapter-CommunicationManager: onUpstreamReceive mPropertyId 0x21402233
12-30 10:16:06.301   398   464 D adayocomadapter-CommunicationManager: convertBytesToInt32Memcpy  0
12-30 10:16:06.301   398   464 I vw-vhal : notifyVehicleProperty, propId = 0x21402233, data = {status: 2, int32Values: [0]}
12-30 10:16:06.301   398   464 I vw-vhal : CanSignalsAdapter::notifyVehicleProperty: solvedValue = {.timestamp = 5902123708701, .areaId = 0, .prop = 557851187, .status = AVAILABLE, .value = {.int32Values = [1]{0}, .floatValues = [0]{}, .int64Values = [0]{}, .bytes = [0]{}, .stringValue = ""}}
12-30 10:16:06.301   398   464 I VehiclePropertyStore: begin to write value to Store: {.timestamp = 5902123708701, .areaId = 0, .prop = 557851187, .status = AVAILABLE, .value = {.int32Values = [1]{0}, .floatValues = [0]{}, .int64Values = [0]{}, .bytes = [0]{}, .stringValue = ""}}
12-30 10:16:06.302   398   464 I DefaultVehicleHal_v2_0: DefaultVehicleHal::onPropertyValue, value:{.timestamp = 5902123708701, .areaId = 0, .prop = 557851187, .status = AVAILABLE, .value = {.int32Values = [1]{0}, .floatValues = [0]{}, .int64Values = [0]{}, .bytes = [0]{}, .stringValue = ""}}
12-30 10:16:06.302   398   464 D DiagPropHandler: is not DiagnosticConfig: 0x21402233
12-30 10:16:06.302   398   464 I VehiclePropertyStore: begin to write value to Store: {.timestamp = 5902123708701, .areaId = 0, .prop = 557851187, .status = AVAILABLE, .value = {.int32Values = [1]{0}, .floatValues = [0]{}, .int64Values = [0]{}, .bytes = [0]{}, .stringValue = ""}}
12-30 10:16:06.302   398   464 D adayocomadapter-CommunicationManager: onUpstreamReceive mPropertyId 0x21402233
12-30 10:16:06.302   398   464 D adayocomadapter-CommunicationManager: onUpstreamReceive mPropertyId 0x2140201d
12-30 10:16:06.302   398   464 D adayocomadapter-CommunicationManager: convertBytesToInt32Memcpy  0
12-30 10:16:06.302   398   464 I vw-vhal : notifyVehicleProperty, propId = 0x2140201d, data = {status: 2, int32Values: [0]}
12-30 10:16:06.302   398   464 I vw-vhal : CanSignalsAdapter::notifyVehicleProperty: solvedValue = {.timestamp = 5902124410034, .areaId = 0, .prop = 557850653, .status = AVAILABLE, .value = {.int32Values = [1]{0}, .floatValues = [0]{}, .int64Values = [0]{}, .bytes = [0]{}, .stringValue = ""}}
12-30 10:16:06.302   398   464 I VehiclePropertyStore: begin to write value to Store: {.timestamp = 5902124410034, .areaId = 0, .prop = 557850653, .status = AVAILABLE, .value = {.int32Values = [1]{0}, .floatValues = [0]{}, .int64Values = [0]{}, .bytes = [0]{}, .stringValue = ""}}
12-30 10:16:06.302   398   464 I DefaultVehicleHal_v2_0: DefaultVehicleHal::onPropertyValue, value:{.timestamp = 5902124410034, .areaId = 0, .prop = 557850653, .status = AVAILABLE, .value = {.int32Values = [1]{0}, .floatValues = [0]{}, .int64Values = [0]{}, .bytes = [0]{}, .stringValue = ""}}
12-30 10:16:06.302   398   464 D DiagPropHandler: is not DiagnosticConfig: 0x2140201d
12-30 10:16:06.302   398   464 I VehiclePropertyStore: begin to write value to Store: {.timestamp = 5902124410034, .areaId = 0, .prop = 557850653, .status = AVAILABLE, .value = {.int32Values = [1]{0}, .floatValues = [0]{}, .int64Values = [0]{}, .bytes = [0]{}, .stringValue = ""}}
12-30 10:16:06.302   398   464 D adayocomadapter-CommunicationManager: onUpstreamReceive mPropertyId 0x2140201d
12-30 10:16:06.303   398   464 D adayocomadapter-CommunicationManager: onUpstreamReceive mPropertyId 0x2140201e
12-30 10:16:06.303   398   464 D adayocomadapter-CommunicationManager: convertBytesToInt32Memcpy  0
12-30 10:16:06.303   398   464 I vw-vhal : notifyVehicleProperty, propId = 0x2140201e, data = {status: 2, int32Values: [0]}
12-30 10:16:06.303   398   464 I vw-vhal : CanSignalsAdapter::notifyVehicleProperty: solvedValue = {.timestamp = 5902125050368, .areaId = 0, .prop = 557850654, .status = AVAILABLE, .value = {.int32Values = [1]{0}, .floatValues = [0]{}, .int64Values = [0]{}, .bytes = [0]{}, .stringValue = ""}}
12-30 10:16:06.303   398   464 I VehiclePropertyStore: begin to write value to Store: {.timestamp = 5902125050368, .areaId = 0, .prop = 557850654, .status = AVAILABLE, .value = {.int32Values = [1]{0}, .floatValues = [0]{}, .int64Values = [0]{}, .bytes = [0]{}, .stringValue = ""}}
12-30 10:16:06.303   398   464 I DefaultVehicleHal_v2_0: DefaultVehicleHal::onPropertyValue, value:{.timestamp = 5902125050368, .areaId = 0, .prop = 557850654, .status = AVAILABLE, .value = {.int32Values = [1]{0}, .floatValues = [0]{}, .int64Values = [0]{}, .bytes = [0]{}, .stringValue = ""}}
12-30 10:16:06.303   398   464 D DiagPropHandler: is not DiagnosticConfig: 0x2140201e
12-30 10:16:06.303   398   464 I VehiclePropertyStore: begin to write value to Store: {.timestamp = 5902125050368, .areaId = 0, .prop = 557850654, .status = AVAILABLE, .value = {.int32Values = [1]{0}, .floatValues = [0]{}, .int64Values = [0]{}, .bytes = [0]{}, .stringValue = ""}}
12-30 10:16:06.303   398   464 D adayocomadapter-CommunicationManager: onUpstreamReceive mPropertyId 0x2140201e
12-30 10:16:06.305   360   458 D EvsDriver: doneWithFrame
12-30 10:16:06.306   596  3076 E WifiHAL : Invalid data received from driver
12-30 10:16:06.311  2358  2623 D RcfController: Rcf proxy is not connected!
