12-30 10:16:03.489   398   464 D DiagPropHandler: is not DiagnosticConfig: 0x21402241
12-30 10:16:03.489   398   464 I VehiclePropertyStore: begin to write value to Store: {.timestamp = 5899311055701, .areaId = 0, .prop = 557851201, .status = AVAILABLE, .value = {.int32Values = [1]{0}, .floatValues = [0]{}, .int64Values = [0]{}, .bytes = [0]{}, .stringValue = ""}}
12-30 10:16:03.489   398   464 D adayocomadapter-CommunicationManager: onUpstreamReceive mPropertyId 0x21402241
12-30 10:16:03.489   398   464 D adayocomadapter-CommunicationManager: onUpstreamReceive mPropertyId 0x21402242
12-30 10:16:03.489   398   464 D adayocomadapter-CommunicationManager: convertBytesToInt32Memcpy  0
12-30 10:16:03.489   398   464 I vw-vhal : notifyVehicleProperty, propId = 0x21402242, data = {status: 2, int32Values: [0]}
12-30 10:16:03.489   398   464 I vw-vhal : CanSignalsAdapter::notifyVehicleProperty: solvedValue = {.timestamp = 5899311712034, .areaId = 0, .prop = 557851202, .status = AVAILABLE, .value = {.int32Values = [1]{0}, .floatValues = [0]{}, .int64Values = [0]{}, .bytes = [0]{}, .stringValue = ""}}
12-30 10:16:03.489   398   464 I VehiclePropertyStore: begin to write value to Store: {.timestamp = 5899311712034, .areaId = 0, .prop = 557851202, .status = AVAILABLE, .value = {.int32Values = [1]{0}, .floatValues = [0]{}, .int64Values = [0]{}, .bytes = [0]{}, .stringValue = ""}}
12-30 10:16:03.490   398   464 I DefaultVehicleHal_v2_0: DefaultVehicleHal::onPropertyValue, value:{.timestamp = 5899311712034, .areaId = 0, .prop = 557851202, .status = AVAILABLE, .value = {.int32Values = [1]{0}, .floatValues = [0]{}, .int64Values = [0]{}, .bytes = [0]{}, .stringValue = ""}}
12-30 10:16:03.490   398   464 D DiagPropHandler: is not DiagnosticConfig: 0x21402242
12-30 10:16:03.490   398   464 I VehiclePropertyStore: begin to write value to Store: {.timestamp = 5899311712034, .areaId = 0, .prop = 557851202, .status = AVAILABLE, .value = {.int32Values = [1]{0}, .floatValues = [0]{}, .int64Values = [0]{}, .bytes = [0]{}, .stringValue = ""}}
12-30 10:16:03.490   398   464 D adayocomadapter-CommunicationManager: onUpstreamReceive mPropertyId 0x21402242
12-30 10:16:03.490   398   464 D adayocomadapter-CommunicationManager: onUpstreamReceive mPropertyId 0x214021e1
12-30 10:16:03.490   398   464 D adayocomadapter-CommunicationManager: convertBytesToInt32Memcpy  0
12-30 10:16:03.490   398   464 I vw-vhal : notifyVehicleProperty, propId = 0x214021e1, data = {status: 2, int32Values: [0]}
12-30 10:16:03.490   398   464 I vw-vhal : CanSignalsAdapter::notifyVehicleProperty: solvedValue = {.timestamp = 5899312422367, .areaId = 0, .prop = 557851105, .status = AVAILABLE, .value = {.int32Values = [1]{0}, .floatValues = [0]{}, .int64Values = [0]{}, .bytes = [0]{}, .stringValue = ""}}
12-30 10:16:03.490   398   464 I VehiclePropertyStore: begin to write value to Store: {.timestamp = 5899312422367, .areaId = 0, .prop = 557851105, .status = AVAILABLE, .value = {.int32Values = [1]{0}, .floatValues = [0]{}, .int64Values = [0]{}, .bytes = [0]{}, .stringValue = ""}}
12-30 10:16:03.490   398   464 I DefaultVehicleHal_v2_0: DefaultVehicleHal::onPropertyValue, value:{.timestamp = 5899312422367, .areaId = 0, .prop = 557851105, .status = AVAILABLE, .value = {.int32Values = [1]{0}, .floatValues = [0]{}, .int64Values = [0]{}, .bytes = [0]{}, .stringValue = ""}}
12-30 10:16:03.490   398   464 D DiagPropHandler: is not DiagnosticConfig: 0x214021e1
12-30 10:16:03.490   398   464 I VehiclePropertyStore: begin to write value to Store: {.timestamp = 5899312422367, .areaId = 0, .prop = 557851105, .status = AVAILABLE, .value = {.int32Values = [1]{0}, .floatValues = [0]{}, .int64Values = [0]{}, .bytes = [0]{}, .stringValue = ""}}
12-30 10:16:03.490   398   464 D adayocomadapter-CommunicationManager: onUpstreamReceive mPropertyId 0x214021e1
12-30 10:16:03.491   398   464 D adayocomadapter-CommunicationManager: onUpstreamReceive mPropertyId 0x21402243
12-30 10:16:03.491   398   464 D adayocomadapter-CommunicationManager: convertBytesToInt32Memcpy  0
12-30 10:16:03.491   398   464 I vw-vhal : notifyVehicleProperty, propId = 0x21402243, data = {status: 2, int32Values: [0]}
12-30 10:16:03.491   398   464 I vw-vhal : CanSignalsAdapter::notifyVehicleProperty: solvedValue = {.timestamp = 5899313064367, .areaId = 0, .prop = 557851203, .status = AVAILABLE, .value = {.int32Values = [1]{0}, .floatValues = [0]{}, .int64Values = [0]{}, .bytes = [0]{}, .stringValue = ""}}
12-30 10:16:03.491   398   464 I VehiclePropertyStore: begin to write value to Store: {.timestamp = 5899313064367, .areaId = 0, .prop = 557851203, .status = AVAILABLE, .value = {.int32Values = [1]{0}, .floatValues = [0]{}, .int64Values = [0]{}, .bytes = [0]{}, .stringValue = ""}}
12-30 10:16:03.491   398   464 I DefaultVehicleHal_v2_0: DefaultVehicleHal::onPropertyValue, value:{.timestamp = 5899313064367, .areaId = 0, .prop = 557851203, .status = AVAILABLE, .value = {.int32Values = [1]{0}, .floatValues = [0]{}, .int64Values = [0]{}, .bytes = [0]{}, .stringValue = ""}}
12-30 10:16:03.491   398   464 D DiagPropHandler: is not DiagnosticConfig: 0x21402243
12-30 10:16:03.491   398   464 I VehiclePropertyStore: begin to write value to Store: {.timestamp = 5899313064367, .areaId = 0, .prop = 557851203, .status = AVAILABLE, .value = {.int32Values = [1]{0}, .floatValues = [0]{}, .int64Values = [0]{}, .bytes = [0]{}, .stringValue = ""}}
12-30 10:16:03.491   398   464 D adayocomadapter-CommunicationManager: onUpstreamReceive mPropertyId 0x21402243
12-30 10:16:03.491   398   464 D adayocomadapter-CommunicationManager: onUpstreamReceive mPropertyId 0x21402244
12-30 10:16:03.491   398   464 D adayocomadapter-CommunicationManager: convertBytesToInt32Memcpy  0
12-30 10:16:03.491   398   464 I vw-vhal : notifyVehicleProperty, propId = 0x21402244, data = {status: 2, int32Values: [0]}
12-30 10:16:03.491   398   464 I vw-vhal : CanSignalsAdapter::notifyVehicleProperty: solvedValue = {.timestamp = 5899313718367, .areaId = 0, .prop = 557851204, .status = AVAILABLE, .value = {.int32Values = [1]{0}, .floatValues = [0]{}, .int64Values = [0]{}, .bytes = [0]{}, .stringValue = ""}}
12-30 10:16:03.491   398   464 I VehiclePropertyStore: begin to write value to Store: {.timestamp = 5899313718367, .areaId = 0, .prop = 557851204, .status = AVAILABLE, .value = {.int32Values = [1]{0}, .floatValues = [0]{}, .int64Values = [0]{}, .bytes = [0]{}, .stringValue = ""}}
12-30 10:16:03.492   398   464 I DefaultVehicleHal_v2_0: DefaultVehicleHal::onPropertyValue, value:{.timestamp = 5899313718367, .areaId = 0, .prop = 557851204, .status = AVAILABLE, .value = {.int32Values = [1]{0}, .floatValues = [0]{}, .int64Values = [0]{}, .bytes = [0]{}, .stringValue = ""}}
12-30 10:16:03.492   398   464 D DiagPropHandler: is not DiagnosticConfig: 0x21402244
12-30 10:16:03.492   398   464 I VehiclePropertyStore: begin to write value to Store: {.timestamp = 5899313718367, .areaId = 0, .prop = 557851204, .status = AVAILABLE, .value = {.int32Values = [1]{0}, .floatValues = [0]{}, .int64Values = [0]{}, .bytes = [0]{}, .stringValue = ""}}
12-30 10:16:03.492   398   464 D adayocomadapter-CommunicationManager: onUpstreamReceive mPropertyId 0x21402244
12-30 10:16:03.492   398   464 D adayocomadapter-CommunicationManager: onUpstreamReceive mPropertyId 0x21402245
12-30 10:16:03.492   398   464 D adayocomadapter-CommunicationManager: convertBytesToInt32Memcpy  0
12-30 10:16:03.492   398   464 I vw-vhal : notifyVehicleProperty, propId = 0x21402245, data = {status: 2, int32Values: [0]}
12-30 10:16:03.492   398   464 I vw-vhal : CanSignalsAdapter::notifyVehicleProperty: solvedValue = {.timestamp = 5899314372367, .areaId = 0, .prop = 557851205, .status = AVAILABLE, .value = {.int32Values = [1]{0}, .floatValues = [0]{}, .int64Values = [0]{}, .bytes = [0]{}, .stringValue = ""}}
12-30 10:16:03.492   398   464 I VehiclePropertyStore: begin to write value to Store: {.timestamp = 5899314372367, .areaId = 0, .prop = 557851205, .status = AVAILABLE, .value = {.int32Values = [1]{0}, .floatValues = [0]{}, .int64Values = [0]{}, .bytes = [0]{}, .stringValue = ""}}
12-30 10:16:03.492   398   464 I DefaultVehicleHal_v2_0: DefaultVehicleHal::onPropertyValue, value:{.timestamp = 5899314372367, .areaId = 0, .prop = 557851205, .status = AVAILABLE, .value = {.int32Values = [1]{0}, .floatValues = [0]{}, .int64Values = [0]{}, .bytes = [0]{}, .stringValue = ""}}
12-30 10:16:03.492   398   464 D DiagPropHandler: is not DiagnosticConfig: 0x21402245
12-30 10:16:03.492   398   464 I VehiclePropertyStore: begin to write value to Store: {.timestamp = 5899314372367, .areaId = 0, .prop = 557851205, .status = AVAILABLE, .value = {.int32Values = [1]{0}, .floatValues = [0]{}, .int64Values = [0]{}, .bytes = [0]{}, .stringValue = ""}}
12-30 10:16:03.492   398   464 D adayocomadapter-CommunicationManager: onUpstreamReceive mPropertyId 0x21402245
12-30 10:16:03.493   398   464 D adayocomadapter-CommunicationManager: onUpstreamReceive mPropertyId 0x21402246
12-30 10:16:03.493   398   464 D adayocomadapter-CommunicationManager: convertBytesToInt32Memcpy  0
12-30 10:16:03.493   398   464 I vw-vhal : notifyVehicleProperty, propId = 0x21402246, data = {status: 2, int32Values: [0]}
12-30 10:16:03.493   398   464 I vw-vhal : CanSignalsAdapter::notifyVehicleProperty: solvedValue = {.timestamp = 5899315069034, .areaId = 0, .prop = 557851206, .status = AVAILABLE, .value = {.int32Values = [1]{0}, .floatValues = [0]{}, .int64Values = [0]{}, .bytes = [0]{}, .stringValue = ""}}
12-30 10:16:03.493   398   464 I VehiclePropertyStore: begin to write value to Store: {.timestamp = 5899315069034, .areaId = 0, .prop = 557851206, .status = AVAILABLE, .value = {.int32Values = [1]{0}, .floatValues = [0]{}, .int64Values = [0]{}, .bytes = [0]{}, .stringValue = ""}}
12-30 10:16:03.493   398   464 I DefaultVehicleHal_v2_0: DefaultVehicleHal::onPropertyValue, value:{.timestamp = 5899315069034, .areaId = 0, .prop = 557851206, .status = AVAILABLE, .value = {.int32Values = [1]{0}, .floatValues = [0]{}, .int64Values = [0]{}, .bytes = [0]{}, .stringValue = ""}}
12-30 10:16:03.493   398   464 D DiagPropHandler: is not DiagnosticConfig: 0x21402246
12-30 10:16:03.493   398   464 I VehiclePropertyStore: begin to write value to Store: {.timestamp = 5899315069034, .areaId = 0, .prop = 557851206, .status = AVAILABLE, .value = {.int32Values = [1]{0}, .floatValues = [0]{}, .int64Values = [0]{}, .bytes = [0]{}, .stringValue = ""}}
12-30 10:16:03.493   398   464 D adayocomadapter-CommunicationManager: onUpstreamReceive mPropertyId 0x21402246
12-30 10:16:03.493   398   464 D adayocomadapter-CommunicationManager: onUpstreamReceive mPropertyId 0x21402247
12-30 10:16:03.493   398   464 D adayocomadapter-CommunicationManager: convertBytesToInt32Memcpy  0
12-30 10:16:03.493   398   464 I vw-vhal : notifyVehicleProperty, propId = 0x21402247, data = {status: 2, int32Values: [0]}
12-30 10:16:03.493   398   464 I vw-vhal : CanSignalsAdapter::notifyVehicleProperty: solvedValue = {.timestamp = 5899315732701, .areaId = 0, .prop = 557851207, .status = AVAILABLE, .value = {.int32Values = [1]{0}, .floatValues = [0]{}, .int64Values = [0]{}, .bytes = [0]{}, .stringValue = ""}}
12-30 10:16:03.494   398   464 I VehiclePropertyStore: begin to write value to Store: {.timestamp = 5899315732701, .areaId = 0, .prop = 557851207, .status = AVAILABLE, .value = {.int32Values = [1]{0}, .floatValues = [0]{}, .int64Values = [0]{}, .bytes = [0]{}, .stringValue = ""}}
12-30 10:16:03.494   398   464 I DefaultVehicleHal_v2_0: DefaultVehicleHal::onPropertyValue, value:{.timestamp = 5899315732701, .areaId = 0, .prop = 557851207, .status = AVAILABLE, .value = {.int32Values = [1]{0}, .floatValues = [0]{}, .int64Values = [0]{}, .bytes = [0]{}, .stringValue = ""}}
12-30 10:16:03.494   596  3076 E WifiHAL : Invalid data received from driver
12-30 10:16:03.494   398   464 D DiagPropHandler: is not DiagnosticConfig: 0x21402247
12-30 10:16:03.494   398   464 I VehiclePropertyStore: begin to write value to Store: {.timestamp = 5899315732701, .areaId = 0, .prop = 557851207, .status = AVAILABLE, .value = {.int32Values = [1]{0}, .floatValues = [0]{}, .int64Values = [0]{}, .bytes = [0]{}, .stringValue = ""}}
12-30 10:16:03.494   398   464 D adayocomadapter-CommunicationManager: onUpstreamReceive mPropertyId 0x21402247
12-30 10:16:03.494   398   464 D adayocomadapter-CommunicationManager: onUpstreamReceive mPropertyId 0x21402248
12-30 10:16:03.494   398   464 D adayocomadapter-CommunicationManager: convertBytesToInt32Memcpy  0
12-30 10:16:03.494   398   464 I vw-vhal : notifyVehicleProperty, propId = 0x21402248, data = {status: 2, int32Values: [0]}
12-30 10:16:03.494   398   464 I vw-vhal : CanSignalsAdapter::notifyVehicleProperty: solvedValue = {.timestamp = 5899316519034, .areaId = 0, .prop = 557851208, .status = AVAILABLE, .value = {.int32Values = [1]{0}, .floatValues = [0]{}, .int64Values = [0]{}, .bytes = [0]{}, .stringValue = ""}}
12-30 10:16:03.494   398   464 I VehiclePropertyStore: begin to write value to Store: {.timestamp = 5899316519034, .areaId = 0, .prop = 557851208, .status = AVAILABLE, .value = {.int32Values = [1]{0}, .floatValues = [0]{}, .int64Values = [0]{}, .bytes = [0]{}, .stringValue = ""}}
12-30 10:16:03.494   398   464 I DefaultVehicleHal_v2_0: DefaultVehicleHal::onPropertyValue, value:{.timestamp = 5899316519034, .areaId = 0, .prop = 557851208, .status = AVAILABLE, .value = {.int32Values = [1]{0}, .floatValues = [0]{}, .int64Values = [0]{}, .bytes = [0]{}, .stringValue = ""}}
12-30 10:16:03.494 18067 18067 I ADAYO_LOG_TRACE_RESOURCE: execute start
12-30 10:16:03.494   398   464 D DiagPropHandler: is not DiagnosticConfig: 0x21402248
12-30 10:16:03.495   398   464 I VehiclePropertyStore: begin to write value to Store: {.timestamp = 5899316519034, .areaId = 0, .prop = 557851208, .status = AVAILABLE, .value = {.int32Values = [1]{0}, .floatValues = [0]{}, .int64Values = [0]{}, .bytes = [0]{}, .stringValue = ""}}
12-30 10:16:03.495   398   464 D adayocomadapter-CommunicationManager: onUpstreamReceive mPropertyId 0x21402248
12-30 10:16:03.495   398   464 D adayocomadapter-CommunicationManager: onUpstreamReceive mPropertyId 0x21402249
12-30 10:16:03.495   398   464 D adayocomadapter-CommunicationManager: convertBytesToInt32Memcpy  0
12-30 10:16:03.495   398   464 I vw-vhal : notifyVehicleProperty, propId = 0x21402249, data = {status: 2, int32Values: [0]}
12-30 10:16:03.495   398   464 I vw-vhal : CanSignalsAdapter::notifyVehicleProperty: solvedValue = {.timestamp = 5899317181034, .areaId = 0, .prop = 557851209, .status = AVAILABLE, .value = {.int32Values = [1]{0}, .floatValues = [0]{}, .int64Values = [0]{}, .bytes = [0]{}, .stringValue = ""}}
12-30 10:16:03.495   398   464 I VehiclePropertyStore: begin to write value to Store: {.timestamp = 5899317181034, .areaId = 0, .prop = 557851209, .status = AVAILABLE, .value = {.int32Values = [1]{0}, .floatValues = [0]{}, .int64Values = [0]{}, .bytes = [0]{}, .stringValue = ""}}
12-30 10:16:03.495   398   464 I DefaultVehicleHal_v2_0: DefaultVehicleHal::onPropertyValue, value:{.timestamp = 5899317181034, .areaId = 0, .prop = 557851209, .status = AVAILABLE, .value = {.int32Values = [1]{0}, .floatValues = [0]{}, .int64Values = [0]{}, .bytes = [0]{}, .stringValue = ""}}
12-30 10:16:03.495   398   464 D DiagPropHandler: is not DiagnosticConfig: 0x21402249
12-30 10:16:03.495   398   464 I VehiclePropertyStore: begin to write value to Store: {.timestamp = 5899317181034, .areaId = 0, .prop = 557851209, .status = AVAILABLE, .value = {.int32Values = [1]{0}, .floatValues = [0]{}, .int64Values = [0]{}, .bytes = [0]{}, .stringValue = ""}}
12-30 10:16:03.495   398   464 D adayocomadapter-CommunicationManager: onUpstreamReceive mPropertyId 0x21402249
12-30 10:16:03.495   398   464 D adayocomadapter-CommunicationManager: onUpstreamReceive mPropertyId 0x2140224b
12-30 10:16:03.495   398   464 D adayocomadapter-CommunicationManager: convertBytesToInt32Memcpy  0
12-30 10:16:03.495   398   464 I vw-vhal : notifyVehicleProperty, propId = 0x2140224b, data = {status: 2, int32Values: [0]}
12-30 10:16:03.496   398   464 I vw-vhal : CanSignalsAdapter::notifyVehicleProperty: solvedValue = {.timestamp = 5899317848367, .areaId = 0, .prop = 557851211, .status = AVAILABLE, .value = {.int32Values = [1]{0}, .floatValues = [0]{}, .int64Values = [0]{}, .bytes = [0]{}, .stringValue = ""}}
12-30 10:16:03.496   398   464 I VehiclePropertyStore: begin to write value to Store: {.timestamp = 5899317848367, .areaId = 0, .prop = 557851211, .status = AVAILABLE, .value = {.int32Values = [1]{0}, .floatValues = [0]{}, .int64Values = [0]{}, .bytes = [0]{}, .stringValue = ""}}
12-30 10:16:03.496   398   464 I DefaultVehicleHal_v2_0: DefaultVehicleHal::onPropertyValue, value:{.timestamp = 5899317848367, .areaId = 0, .prop = 557851211, .status = AVAILABLE, .value = {.int32Values = [1]{0}, .floatValues = [0]{}, .int64Values = [0]{}, .bytes = [0]{}, .stringValue = ""}}
12-30 10:16:03.496   398   464 D DiagPropHandler: is not DiagnosticConfig: 0x2140224b
12-30 10:16:03.496   398   464 I VehiclePropertyStore: begin to write value to Store: {.timestamp = 5899317848367, .areaId = 0, .prop = 557851211, .status = AVAILABLE, .value = {.int32Values = [1]{0}, .floatValues = [0]{}, .int64Values = [0]{}, .bytes = [0]{}, .stringValue = ""}}
12-30 10:16:03.496   398   464 D adayocomadapter-CommunicationManager: onUpstreamReceive mPropertyId 0x2140224b
12-30 10:16:03.496   398   464 D adayocomadapter-CommunicationManager: onUpstreamReceive mPropertyId 0x2140224d
12-30 10:16:03.496   398   464 D adayocomadapter-CommunicationManager: convertBytesToInt32Memcpy  0
12-30 10:16:03.496   360   931 D EvsDriver: forwardFrame
12-30 10:16:03.496   398   464 I vw-vhal : notifyVehicleProperty, propId = 0x2140224d, data = {status: 2, int32Values: [0]}
12-30 10:16:03.496   360   931 D EvsDriver: forwardFrameDirect
12-30 10:16:03.496   398   464 I vw-vhal : CanSignalsAdapter::notifyVehicleProperty: solvedValue = {.timestamp = 5899318547701, .areaId = 0, .prop = 557851213, .status = AVAILABLE, .value = {.int32Values = [1]{0}, .floatValues = [0]{}, .int64Values = [0]{}, .bytes = [0]{}, .stringValue = ""}}
12-30 10:16:03.496   398   464 I VehiclePropertyStore: begin to write value to Store: {.timestamp = 5899318547701, .areaId = 0, .prop = 557851213, .status = AVAILABLE, .value = {.int32Values = [1]{0}, .floatValues = [0]{}, .int64Values = [0]{}, .bytes = [0]{}, .stringValue = ""}}
12-30 10:16:03.496   398   464 I DefaultVehicleHal_v2_0: DefaultVehicleHal::onPropertyValue, value:{.timestamp = 5899318547701, .areaId = 0, .prop = 557851213, .status = AVAILABLE, .value = {.int32Values = [1]{0}, .floatValues = [0]{}, .int64Values = [0]{}, .bytes = [0]{}, .stringValue = ""}}
12-30 10:16:03.496   398   464 D DiagPropHandler: is not DiagnosticConfig: 0x2140224d
12-30 10:16:03.497   360   931 D EvsDriver: Delivered 0xb400e2ca9e40c2d0 as id 0
12-30 10:16:03.497   398   464 I VehiclePropertyStore: begin to write value to Store: {.timestamp = 5899318547701, .areaId = 0, .prop = 557851213, .status = AVAILABLE, .value = {.int32Values = [1]{0}, .floatValues = [0]{}, .int64Values = [0]{}, .bytes = [0]{}, .stringValue = ""}}
12-30 10:16:03.497   398   464 D adayocomadapter-CommunicationManager: onUpstreamReceive mPropertyId 0x2140224d
12-30 10:16:03.497   398   464 D adayocomadapter-CommunicationManager: onUpstreamReceive mPropertyId 0x2140224f
12-30 10:16:03.497   398   464 D adayocomadapter-CommunicationManager: convertBytesToInt32Memcpy  0
12-30 10:16:03.497   359  2784 D evsmanagerd: /dev/video-evs0 forwarded the buffer #0 to 0xb400f125d2b26dd0 from 0xb400f125e2b20710
12-30 10:16:03.497   398   464 I vw-vhal : notifyVehicleProperty, propId = 0x2140224f, data = {status: 2, int32Values: [0]}
12-30 10:16:03.497   398   464 I vw-vhal : CanSignalsAdapter::notifyVehicleProperty: solvedValue = {.timestamp = 5899319192701, .areaId = 0, .prop = 557851215, .status = AVAILABLE, .value = {.int32Values = [1]{0}, .floatValues = [0]{}, .int64Values = [0]{}, .bytes = [0]{}, .stringValue = ""}}
12-30 10:16:03.497   398   464 I VehiclePropertyStore: begin to write value to Store: {.timestamp = 5899319192701, .areaId = 0, .prop = 557851215, .status = AVAILABLE, .value = {.int32Values = [1]{0}, .floatValues = [0]{}, .int64Values = [0]{}, .bytes = [0]{}, .stringValue = ""}}
12-30 10:16:03.497   398   464 I DefaultVehicleHal_v2_0: DefaultVehicleHal::onPropertyValue, value:{.timestamp = 5899319192701, .areaId = 0, .prop = 557851215, .status = AVAILABLE, .value = {.int32Values = [1]{0}, .floatValues = [0]{}, .int64Values = [0]{}, .bytes = [0]{}, .stringValue = ""}}
12-30 10:16:03.497   398   464 D DiagPropHandler: is not DiagnosticConfig: 0x2140224f
12-30 10:16:03.497   398   464 I VehiclePropertyStore: begin to write value to Store: {.timestamp = 5899319192701, .areaId = 0, .prop = 557851215, .status = AVAILABLE, .value = {.int32Values = [1]{0}, .floatValues = [0]{}, .int64Values = [0]{}, .bytes = [0]{}, .stringValue = ""}}
12-30 10:16:03.497   398   464 D adayocomadapter-CommunicationManager: onUpstreamReceive mPropertyId 0x2140224f
12-30 10:16:03.497   398   464 D adayocomadapter-CommunicationManager: onUpstreamReceive mPropertyId 0x21402251
12-30 10:16:03.497   398   464 D adayocomadapter-CommunicationManager: convertBytesToInt32Memcpy  0
12-30 10:16:03.497   398   464 I vw-vhal : notifyVehicleProperty, propId = 0x21402251, data = {status: 2, int32Values: [0]}
12-30 10:16:03.498   398   464 I vw-vhal : CanSignalsAdapter::notifyVehicleProperty: solvedValue = {.timestamp = 5899319866701, .areaId = 0, .prop = 557851217, .status = AVAILABLE, .value = {.int32Values = [1]{0}, .floatValues = [0]{}, .int64Values = [0]{}, .bytes = [0]{}, .stringValue = ""}}
12-30 10:16:03.498   398   464 I VehiclePropertyStore: begin to write value to Store: {.timestamp = 5899319866701, .areaId = 0, .prop = 557851217, .status = AVAILABLE, .value = {.int32Values = [1]{0}, .floatValues = [0]{}, .int64Values = [0]{}, .bytes = [0]{}, .stringValue = ""}}
12-30 10:16:03.498  2358  2623 D RcfController: Rcf proxy is not connected!
12-30 10:16:03.498   398   464 I DefaultVehicleHal_v2_0: DefaultVehicleHal::onPropertyValue, value:{.timestamp = 5899319866701, .areaId = 0, .prop = 557851217, .status = AVAILABLE, .value = {.int32Values = [1]{0}, .floatValues = [0]{}, .int64Values = [0]{}, .bytes = [0]{}, .stringValue = ""}}
12-30 10:16:03.498   398   464 D DiagPropHandler: is not DiagnosticConfig: 0x21402251
12-30 10:16:03.498   398   464 I VehiclePropertyStore: begin to write value to Store: {.timestamp = 5899319866701, .areaId = 0, .prop = 557851217, .status = AVAILABLE, .value = {.int32Values = [1]{0}, .floatValues = [0]{}, .int64Values = [0]{}, .bytes = [0]{}, .stringValue = ""}}
12-30 10:16:03.498   398   464 D adayocomadapter-CommunicationManager: onUpstreamReceive mPropertyId 0x21402251
12-30 10:16:03.498   398   464 D adayocomadapter-CommunicationManager: onUpstreamReceive mPropertyId 0x21402253
12-30 10:16:03.498   398   464 D adayocomadapter-CommunicationManager: convertBytesToInt32Memcpy  0
12-30 10:16:03.498   398   464 I vw-vhal : notifyVehicleProperty, propId = 0x21402253, data = {status: 2, int32Values: [0]}
12-30 10:16:03.498   398   464 I vw-vhal : CanSignalsAdapter::notifyVehicleProperty: solvedValue = {.timestamp = 5899320576701, .areaId = 0, .prop = 557851219, .status = AVAILABLE, .value = {.int32Values = [1]{0}, .floatValues = [0]{}, .int64Values = [0]{}, .bytes = [0]{}, .stringValue = ""}}
12-30 10:16:03.498   398   464 I VehiclePropertyStore: begin to write value to Store: {.timestamp = 5899320576701, .areaId = 0, .prop = 557851219, .status = AVAILABLE, .value = {.int32Values = [1]{0}, .floatValues = [0]{}, .int64Values = [0]{}, .bytes = [0]{}, .stringValue = ""}}
12-30 10:16:03.498   398   464 I DefaultVehicleHal_v2_0: DefaultVehicleHal::onPropertyValue, value:{.timestamp = 5899320576701, .areaId = 0, .prop = 557851219, .status = AVAILABLE, .value = {.int32Values = [1]{0}, .floatValues = [0]{}, .int64Values = [0]{}, .bytes = [0]{}, .stringValue = ""}}
12-30 10:16:03.499   398   464 D DiagPropHandler: is not DiagnosticConfig: 0x21402253
12-30 10:16:03.499   398   464 I VehiclePropertyStore: begin to write value to Store: {.timestamp = 5899320576701, .areaId = 0, .prop = 557851219, .status = AVAILABLE, .value = {.int32Values = [1]{0}, .floatValues = [0]{}, .int64Values = [0]{}, .bytes = [0]{}, .stringValue = ""}}
12-30 10:16:03.499   398   464 D adayocomadapter-CommunicationManager: onUpstreamReceive mPropertyId 0x21402253
12-30 10:16:03.499   398   464 D adayocomadapter-CommunicationManager: onUpstreamReceive mPropertyId 0x21402254
12-30 10:16:03.499   398   464 D adayocomadapter-CommunicationManager: convertBytesToInt32Memcpy  0
12-30 10:16:03.499   398   464 I vw-vhal : notifyVehicleProperty, propId = 0x21402254, data = {status: 2, int32Values: [0]}
12-30 10:16:03.499   398   464 I vw-vhal : CanSignalsAdapter::notifyVehicleProperty: solvedValue = {.timestamp = 5899321244367, .areaId = 0, .prop = 557851220, .status = AVAILABLE, .value = {.int32Values = [1]{0}, .floatValues = [0]{}, .int64Values = [0]{}, .bytes = [0]{}, .stringValue = ""}}
12-30 10:16:03.499   398   464 I VehiclePropertyStore: begin to write value to Store: {.timestamp = 5899321244367, .areaId = 0, .prop = 557851220, .status = AVAILABLE, .value = {.int32Values = [1]{0}, .floatValues = [0]{}, .int64Values = [0]{}, .bytes = [0]{}, .stringValue = ""}}
12-30 10:16:03.499   398   464 I DefaultVehicleHal_v2_0: DefaultVehicleHal::onPropertyValue, value:{.timestamp = 5899321244367, .areaId = 0, .prop = 557851220, .status = AVAILABLE, .value = {.int32Values = [1]{0}, .floatValues = [0]{}, .int64Values = [0]{}, .bytes = [0]{}, .stringValue = ""}}
12-30 10:16:03.499   398   464 D DiagPropHandler: is not DiagnosticConfig: 0x21402254
12-30 10:16:03.499   398   464 I VehiclePropertyStore: begin to write value to Store: {.timestamp = 5899321244367, .areaId = 0, .prop = 557851220, .status = AVAILABLE, .value = {.int32Values = [1]{0}, .floatValues = [0]{}, .int64Values = [0]{}, .bytes = [0]{}, .stringValue = ""}}
12-30 10:16:03.499   398   464 D adayocomadapter-CommunicationManager: onUpstreamReceive mPropertyId 0x21402254
12-30 10:16:03.499   398   464 D adayocomadapter-UpstreamHandler: processBeforePacket upSreamtProcessTimePoint[5899321] 
12-30 10:16:03.500   398   464 D adayocomadapter-UpstreamHandler: processPacket UPSTREAM_QUEUE_DATA_TIMEOUT
12-30 10:16:03.500   398   464 D adayocomadapter-ParseProtocolFunc: parseCommonIPCLBytes Processing tableNumber[2]
12-30 10:16:03.500   398   464 D adayocomadapter-ParseProtocolFunc: parseCommonIPCLBytes Processing tablename[Table-2] tableSize[4]
12-30 10:16:03.500   398   464 D adayocomadapter-ParseProtocolFunc: printRaWMsg Name[byteStream recv] len[4] data[02000000]
12-30 10:16:03.500   398   464 D adayocomadapter-ParseProtocolFunc: printRaWMsg Name[IPCLtoVHAL] len[6] data[214020490000]
12-30 10:16:03.500   398   464 D adayocomadapter-ParseProtocolFunc: printRaWMsg Name[IPCLtoVHAL] len[6] data[214021A20000]
12-30 10:16:03.500   398   464 D adayocomadapter-ParseProtocolFunc: printRaWMsg Name[IPCLtoVHAL] len[6] data[214020EA0000]
12-30 10:16:03.500   398   464 D adayocomadapter-CommunicationManager: onUpstreamReceive mPropertyId 0x21402049
12-30 10:16:03.500   398   464 D adayocomadapter-CommunicationManager: convertBytesToInt32Memcpy  0
12-30 10:16:03.500   398   464 I vw-vhal : notifyVehicleProperty, propId = 0x21402049, data = {status: 2, int32Values: [0]}
12-30 10:16:03.500   398   464 I vw-vhal : CanSignalsAdapter::notifyVehicleProperty: solvedValue = {.timestamp = 5899322437034, .areaId = 0, .prop = 557850697, .status = AVAILABLE, .value = {.int32Values = [1]{0}, .floatValues = [0]{}, .int64Values = [0]{}, .bytes = [0]{}, .stringValue = ""}}
12-30 10:16:03.500   398   464 I VehiclePropertyStore: begin to write value to Store: {.timestamp = 5899322437034, .areaId = 0, .prop = 557850697, .status = AVAILABLE, .value = {.int32Values = [1]{0}, .floatValues = [0]{}, .int64Values = [0]{}, .bytes = [0]{}, .stringValue = ""}}
12-30 10:16:03.500   398   464 I DefaultVehicleHal_v2_0: DefaultVehicleHal::onPropertyValue, value:{.timestamp = 5899322437034, .areaId = 0, .prop = 557850697, .status = AVAILABLE, .value = {.int32Values = [1]{0}, .floatValues = [0]{}, .int64Values = [0]{}, .bytes = [0]{}, .stringValue = ""}}
12-30 10:16:03.500   398   464 D DiagPropHandler: is not DiagnosticConfig: 0x21402049
12-30 10:16:03.500   398   464 I VehiclePropertyStore: begin to write value to Store: {.timestamp = 5899322437034, .areaId = 0, .prop = 557850697, .status = AVAILABLE, .value = {.int32Values = [1]{0}, .floatValues = [0]{}, .int64Values = [0]{}, .bytes = [0]{}, .stringValue = ""}}
12-30 10:16:03.501   398   464 D adayocomadapter-CommunicationManager: onUpstreamReceive mPropertyId 0x21402049
12-30 10:16:03.501   398   464 D adayocomadapter-CommunicationManager: onUpstreamReceive mPropertyId 0x214021a2
12-30 10:16:03.501   398   464 D adayocomadapter-CommunicationManager: convertBytesToInt32Memcpy  0
12-30 10:16:03.501   398   464 I vw-vhal : notifyVehicleProperty, propId = 0x214021a2, data = {status: 2, int32Values: [0]}
12-30 10:16:03.501   398   464 I vw-vhal : CanSignalsAdapter::notifyVehicleProperty: solvedValue = {.timestamp = 5899323222367, .areaId = 0, .prop = 557851042, .status = AVAILABLE, .value = {.int32Values = [1]{0}, .floatValues = [0]{}, .int64Values = [0]{}, .bytes = [0]{}, .stringValue = ""}}
12-30 10:16:03.501   398   464 I VehiclePropertyStore: begin to write value to Store: {.timestamp = 5899323222367, .areaId = 0, .prop = 557851042, .status = AVAILABLE, .value = {.int32Values = [1]{0}, .floatValues = [0]{}, .int64Values = [0]{}, .bytes = [0]{}, .stringValue = ""}}
12-30 10:16:03.501   398   464 I DefaultVehicleHal_v2_0: DefaultVehicleHal::onPropertyValue, value:{.timestamp = 5899323222367, .areaId = 0, .prop = 557851042, .status = AVAILABLE, .value = {.int32Values = [1]{0}, .floatValues = [0]{}, .int64Values = [0]{}, .bytes = [0]{}, .stringValue = ""}}
12-30 10:16:03.501   398   464 D DiagPropHandler: is not DiagnosticConfig: 0x214021a2
12-30 10:16:03.501   398   464 I VehiclePropertyStore: begin to write value to Store: {.timestamp = 5899323222367, .areaId = 0, .prop = 557851042, .status = AVAILABLE, .value = {.int32Values = [1]{0}, .floatValues = [0]{}, .int64Values = [0]{}, .bytes = [0]{}, .stringValue = ""}}
12-30 10:16:03.502   398   464 D adayocomadapter-CommunicationManager: onUpstreamReceive mPropertyId 0x214021a2
12-30 10:16:03.502   398   464 D adayocomadapter-CommunicationManager: onUpstreamReceive mPropertyId 0x214020ea
12-30 10:16:03.502   398   464 D adayocomadapter-CommunicationManager: convertBytesToInt32Memcpy  0
12-30 10:16:03.502   398   464 I vw-vhal : notifyVehicleProperty, propId = 0x214020ea, data = {status: 2, int32Values: [0]}
12-30 10:16:03.502   398   464 I vw-vhal : CanSignalsAdapter::notifyVehicleProperty: solvedValue = {.timestamp = 5899324394367, .areaId = 0, .prop = 557850858, .status = AVAILABLE, .value = {.int32Values = [1]{0}, .floatValues = [0]{}, .int64Values = [0]{}, .bytes = [0]{}, .stringValue = ""}}
12-30 10:16:03.502   398   464 I VehiclePropertyStore: begin to write value to Store: {.timestamp = 5899324394367, .areaId = 0, .prop = 557850858, .status = AVAILABLE, .value = {.int32Values = [1]{0}, .floatValues = [0]{}, .int64Values = [0]{}, .bytes = [0]{}, .stringValue = ""}}
12-30 10:16:03.502   398   464 I DefaultVehicleHal_v2_0: DefaultVehicleHal::onPropertyValue, value:{.timestamp = 5899324394367, .areaId = 0, .prop = 557850858, .status = AVAILABLE, .value = {.int32Values = [1]{0}, .floatValues = [0]{}, .int64Values = [0]{}, .bytes = [0]{}, .stringValue = ""}}
12-30 10:16:03.502   398   464 D DiagPropHandler: is not DiagnosticConfig: 0x214020ea
12-30 10:16:03.503   398   464 I VehiclePropertyStore: begin to write value to Store: {.timestamp = 5899324394367, .areaId = 0, .prop = 557850858, .status = AVAILABLE, .value = {.int32Values = [1]{0}, .floatValues = [0]{}, .int64Values = [0]{}, .bytes = [0]{}, .stringValue = ""}}
12-30 10:16:03.503   398   464 D adayocomadapter-CommunicationManager: onUpstreamReceive mPropertyId 0x214020ea
12-30 10:16:03.503   398   464 D adayocomadapter-UpstreamHandler: processPacket UPSTREAM_QUEUE_DATA_TIMEOUT
12-30 10:16:03.503   398   464 D adayocomadapter-ParseProtocolFunc: parseCommonIPCLBytes Processing tableNumber[21]
12-30 10:16:03.503   398   464 D adayocomadapter-ParseProtocolFunc: parseCommonIPCLBytes Processing tablename[Table-21] tableSize[12]
12-30 10:16:03.503   398   464 D adayocomadapter-ParseProtocolFunc: printRaWMsg Name[byteStream recv] len[12] data[150000000000000000000000]
12-30 10:16:03.503   398   464 D adayocomadapter-ParseProtocolFunc: printRaWMsg Name[IPCLtoVHAL] len[6] data[2140208B0000]
12-30 10:16:03.503   398   464 D adayocomadapter-ParseProtocolFunc: printRaWMsg Name[IPCLtoVHAL] len[6] data[214021930000]
12-30 10:16:03.503   398   464 D adayocomadapter-ParseProtocolFunc: printRaWMsg Name[IPCLtoVHAL] len[6] data[2140208C0000]
12-30 10:16:03.503   398   464 D adayocomadapter-ParseProtocolFunc: printRaWMsg Name[IPCLtoVHAL] len[6] data[214021940000]
12-30 10:16:03.503   398   464 D adayocomadapter-ParseProtocolFunc: printRaWMsg Name[IPCLtoVHAL] len[6] data[2140208D0000]
12-30 10:16:03.504   398   464 D adayocomadapter-ParseProtocolFunc: printRaWMsg Name[IPCLtoVHAL] len[6] data[214021950000]
12-30 10:16:03.504   398   464 D adayocomadapter-ParseProtocolFunc: printRaWMsg Name[IPCLtoVHAL] len[6] data[214021920000]
12-30 10:16:03.504   398   464 D adayocomadapter-ParseProtocolFunc: printRaWMsg Name[IPCLtoVHAL] len[6] data[2140208A0000]
12-30 10:16:03.504   398   464 D adayocomadapter-ParseProtocolFunc: printRaWMsg Name[IPCLtoVHAL] len[6] data[214021960000]
12-30 10:16:03.504   398   464 D adayocomadapter-ParseProtocolFunc: printRaWMsg Name[IPCLtoVHAL] len[6] data[214021970000]
12-30 10:16:03.504   398   464 D adayocomadapter-ParseProtocolFunc: printRaWMsg Name[IPCLtoVHAL] len[6] data[214021990000]
12-30 10:16:03.504   398   464 D adayocomadapter-CommunicationManager: onUpstreamReceive mPropertyId 0x2140208b
12-30 10:16:03.504   398   464 D adayocomadapter-CommunicationManager: convertBytesToInt32Memcpy  0
12-30 10:16:03.504   398   464 I vw-vhal : notifyVehicleProperty, propId = 0x2140208b, data = {status: 2, int32Values: [0]}
12-30 10:16:03.504   398   464 I vw-vhal : CanSignalsAdapter::notifyVehicleProperty: solvedValue = {.timestamp = 5899326444034, .areaId = 0, .prop = 557850763, .status = AVAILABLE, .value = {.int32Values = [1]{0}, .floatValues = [0]{}, .int64Values = [0]{}, .bytes = [0]{}, .stringValue = ""}}
12-30 10:16:03.504   398   464 I VehiclePropertyStore: begin to write value to Store: {.timestamp = 5899326444034, .areaId = 0, .prop = 557850763, .status = AVAILABLE, .value = {.int32Values = [1]{0}, .floatValues = [0]{}, .int64Values = [0]{}, .bytes = [0]{}, .stringValue = ""}}
12-30 10:16:03.504   398   464 I DefaultVehicleHal_v2_0: DefaultVehicleHal::onPropertyValue, value:{.timestamp = 5899326444034, .areaId = 0, .prop = 557850763, .status = AVAILABLE, .value = {.int32Values = [1]{0}, .floatValues = [0]{}, .int64Values = [0]{}, .bytes = [0]{}, .stringValue = ""}}
12-30 10:16:03.504   398   464 D DiagPropHandler: is not DiagnosticConfig: 0x2140208b
12-30 10:16:03.504   398   464 I VehiclePropertyStore: begin to write value to Store: {.timestamp = 5899326444034, .areaId = 0, .prop = 557850763, .status = AVAILABLE, .value = {.int32Values = [1]{0}, .floatValues = [0]{}, .int64Values = [0]{}, .bytes = [0]{}, .stringValue = ""}}
12-30 10:16:03.505   398   464 D adayocomadapter-CommunicationManager: onUpstreamReceive mPropertyId 0x2140208b
12-30 10:16:03.505   398   464 D adayocomadapter-CommunicationManager: onUpstreamReceive mPropertyId 0x21402193
12-30 10:16:03.505   398   464 D adayocomadapter-CommunicationManager: convertBytesToInt32Memcpy  0
12-30 10:16:03.505   398   464 I vw-vhal : notifyVehicleProperty, propId = 0x21402193, data = {status: 2, int32Values: [0]}
12-30 10:16:03.505   398   464 I vw-vhal : CanSignalsAdapter::notifyVehicleProperty: solvedValue = {.timestamp = 5899327089367, .areaId = 0, .prop = 557851027, .status = AVAILABLE, .value = {.int32Values = [1]{0}, .floatValues = [0]{}, .int64Values = [0]{}, .bytes = [0]{}, .stringValue = ""}}
12-30 10:16:03.505   398   464 I VehiclePropertyStore: begin to write value to Store: {.timestamp = 5899327089367, .areaId = 0, .prop = 557851027, .status = AVAILABLE, .value = {.int32Values = [1]{0}, .floatValues = [0]{}, .int64Values = [0]{}, .bytes = [0]{}, .stringValue = ""}}
12-30 10:16:03.505   398   464 I DefaultVehicleHal_v2_0: DefaultVehicleHal::onPropertyValue, value:{.timestamp = 5899327089367, .areaId = 0, .prop = 557851027, .status = AVAILABLE, .value = {.int32Values = [1]{0}, .floatValues = [0]{}, .int64Values = [0]{}, .bytes = [0]{}, .stringValue = ""}}
12-30 10:16:03.505   398   464 D DiagPropHandler: is not DiagnosticConfig: 0x21402193
12-30 10:16:03.505   398   464 I VehiclePropertyStore: begin to write value to Store: {.timestamp = 5899327089367, .areaId = 0, .prop = 557851027, .status = AVAILABLE, .value = {.int32Values = [1]{0}, .floatValues = [0]{}, .int64Values = [0]{}, .bytes = [0]{}, .stringValue = ""}}
12-30 10:16:03.505   398   464 D adayocomadapter-CommunicationManager: onUpstreamReceive mPropertyId 0x21402193
12-30 10:16:03.505   398   464 D adayocomadapter-CommunicationManager: onUpstreamReceive mPropertyId 0x2140208c
12-30 10:16:03.505   398   464 D adayocomadapter-CommunicationManager: convertBytesToInt32Memcpy  0
12-30 10:16:03.505   398   464 I vw-vhal : notifyVehicleProperty, propId = 0x2140208c, data = {status: 2, int32Values: [0]}
12-30 10:16:03.505   398   464 I vw-vhal : CanSignalsAdapter::notifyVehicleProperty: solvedValue = {.timestamp = 5899327757367, .areaId = 0, .prop = 557850764, .status = AVAILABLE, .value = {.int32Values = [1]{0}, .floatValues = [0]{}, .int64Values = [0]{}, .bytes = [0]{}, .stringValue = ""}}
12-30 10:16:03.506   398   464 I VehiclePropertyStore: begin to write value to Store: {.timestamp = 5899327757367, .areaId = 0, .prop = 557850764, .status = AVAILABLE, .value = {.int32Values = [1]{0}, .floatValues = [0]{}, .int64Values = [0]{}, .bytes = [0]{}, .stringValue = ""}}
12-30 10:16:03.506   398   464 I DefaultVehicleHal_v2_0: DefaultVehicleHal::onPropertyValue, value:{.timestamp = 5899327757367, .areaId = 0, .prop = 557850764, .status = AVAILABLE, .value = {.int32Values = [1]{0}, .floatValues = [0]{}, .int64Values = [0]{}, .bytes = [0]{}, .stringValue = ""}}
12-30 10:16:03.506   398   464 D DiagPropHandler: is not DiagnosticConfig: 0x2140208c
12-30 10:16:03.506   398   464 I VehiclePropertyStore: begin to write value to Store: {.timestamp = 5899327757367, .areaId = 0, .prop = 557850764, .status = AVAILABLE, .value = {.int32Values = [1]{0}, .floatValues = [0]{}, .int64Values = [0]{}, .bytes = [0]{}, .stringValue = ""}}
12-30 10:16:03.506   398   464 D adayocomadapter-CommunicationManager: onUpstreamReceive mPropertyId 0x2140208c
12-30 10:16:03.506   398   464 D adayocomadapter-CommunicationManager: onUpstreamReceive mPropertyId 0x21402194
12-30 10:16:03.506   398   464 D adayocomadapter-CommunicationManager: convertBytesToInt32Memcpy  0
12-30 10:16:03.506   398   464 I vw-vhal : notifyVehicleProperty, propId = 0x21402194, data = {status: 2, int32Values: [0]}
12-30 10:16:03.506   398   464 I vw-vhal : CanSignalsAdapter::notifyVehicleProperty: solvedValue = {.timestamp = 5899328462034, .areaId = 0, .prop = 557851028, .status = AVAILABLE, .value = {.int32Values = [1]{0}, .floatValues = [0]{}, .int64Values = [0]{}, .bytes = [0]{}, .stringValue = ""}}
12-30 10:16:03.506   398   464 I VehiclePropertyStore: begin to write value to Store: {.timestamp = 5899328462034, .areaId = 0, .prop = 557851028, .status = AVAILABLE, .value = {.int32Values = [1]{0}, .floatValues = [0]{}, .int64Values = [0]{}, .bytes = [0]{}, .stringValue = ""}}
12-30 10:16:03.506   398   464 I DefaultVehicleHal_v2_0: DefaultVehicleHal::onPropertyValue, value:{.timestamp = 5899328462034, .areaId = 0, .prop = 557851028, .status = AVAILABLE, .value = {.int32Values = [1]{0}, .floatValues = [0]{}, .int64Values = [0]{}, .bytes = [0]{}, .stringValue = ""}}
12-30 10:16:03.506   398   464 D DiagPropHandler: is not DiagnosticConfig: 0x21402194
12-30 10:16:03.506   398   464 I VehiclePropertyStore: begin to write value to Store: {.timestamp = 5899328462034, .areaId = 0, .prop = 557851028, .status = AVAILABLE, .value = {.int32Values = [1]{0}, .floatValues = [0]{}, .int64Values = [0]{}, .bytes = [0]{}, .stringValue = ""}}
12-30 10:16:03.507   360   458 D EvsDriver: doneWithFrame
12-30 10:16:03.507   398   464 D adayocomadapter-CommunicationManager: onUpstreamReceive mPropertyId 0x21402194
12-30 10:16:03.507   398   464 D adayocomadapter-CommunicationManager: onUpstreamReceive mPropertyId 0x2140208d
12-30 10:16:03.507   398   464 D adayocomadapter-CommunicationManager: convertBytesToInt32Memcpy  0
12-30 10:16:03.507   398   464 I vw-vhal : notifyVehicleProperty, propId = 0x2140208d, data = {status: 2, int32Values: [0]}
12-30 10:16:03.507   398   464 I vw-vhal : CanSignalsAdapter::notifyVehicleProperty: solvedValue = {.timestamp = 5899329141034, .areaId = 0, .prop = 557850765, .status = AVAILABLE, .value = {.int32Values = [1]{0}, .floatValues = [0]{}, .int64Values = [0]{}, .bytes = [0]{}, .stringValue = ""}}
12-30 10:16:03.507   398   464 I VehiclePropertyStore: begin to write value to Store: {.timestamp = 5899329141034, .areaId = 0, .prop = 557850765, .status = AVAILABLE, .value = {.int32Values = [1]{0}, .floatValues = [0]{}, .int64Values = [0]{}, .bytes = [0]{}, .stringValue = ""}}
12-30 10:16:03.507   398   464 I DefaultVehicleHal_v2_0: DefaultVehicleHal::onPropertyValue, value:{.timestamp = 5899329141034, .areaId = 0, .prop = 557850765, .status = AVAILABLE, .value = {.int32Values = [1]{0}, .floatValues = [0]{}, .int64Values = [0]{}, .bytes = [0]{}, .stringValue = ""}}
12-30 10:16:03.507   398   464 D DiagPropHandler: is not DiagnosticConfig: 0x2140208d
12-30 10:16:03.507   398   464 I VehiclePropertyStore: begin to write value to Store: {.timestamp = 5899329141034, .areaId = 0, .prop = 557850765, .status = AVAILABLE, .value = {.int32Values = [1]{0}, .floatValues = [0]{}, .int64Values = [0]{}, .bytes = [0]{}, .stringValue = ""}}
12-30 10:16:03.507   398   464 D adayocomadapter-CommunicationManager: onUpstreamReceive mPropertyId 0x2140208d
12-30 10:16:03.507   398   464 D adayocomadapter-CommunicationManager: onUpstreamReceive mPropertyId 0x21402195
12-30 10:16:03.507   398   464 D adayocomadapter-CommunicationManager: convertBytesToInt32Memcpy  0
12-30 10:16:03.507   398   464 I vw-vhal : notifyVehicleProperty, propId = 0x21402195, data = {status: 2, int32Values: [0]}
12-30 10:16:03.508   398   464 I vw-vhal : CanSignalsAdapter::notifyVehicleProperty: solvedValue = {.timestamp = 5899330396701, .areaId = 0, .prop = 557851029, .status = AVAILABLE, .value = {.int32Values = [1]{0}, .floatValues = [0]{}, .int64Values = [0]{}, .bytes = [0]{}, .stringValue = ""}}
12-30 10:16:03.508   398   464 I VehiclePropertyStore: begin to write value to Store: {.timestamp = 5899330396701, .areaId = 0, .prop = 557851029, .status = AVAILABLE, .value = {.int32Values = [1]{0}, .floatValues = [0]{}, .int64Values = [0]{}, .bytes = [0]{}, .stringValue = ""}}
12-30 10:16:03.508   398   464 I DefaultVehicleHal_v2_0: DefaultVehicleHal::onPropertyValue, value:{.timestamp = 5899330396701, .areaId = 0, .prop = 557851029, .status = AVAILABLE, .value = {.int32Values = [1]{0}, .floatValues = [0]{}, .int64Values = [0]{}, .bytes = [0]{}, .stringValue = ""}}
12-30 10:16:03.508   398   464 D DiagPropHandler: is not DiagnosticConfig: 0x21402195
12-30 10:16:03.508   398   464 I VehiclePropertyStore: begin to write value to Store: {.timestamp = 5899330396701, .areaId = 0, .prop = 557851029, .status = AVAILABLE, .value = {.int32Values = [1]{0}, .floatValues = [0]{}, .int64Values = [0]{}, .bytes = [0]{}, .stringValue = ""}}
12-30 10:16:03.509   398   464 D adayocomadapter-CommunicationManager: onUpstreamReceive mPropertyId 0x21402195
12-30 10:16:03.509   398   464 D adayocomadapter-CommunicationManager: onUpstreamReceive mPropertyId 0x21402192
12-30 10:16:03.509   398   464 D adayocomadapter-CommunicationManager: convertBytesToInt32Memcpy  0
12-30 10:16:03.509   398   464 I vw-vhal : notifyVehicleProperty, propId = 0x21402192, data = {status: 2, int32Values: [0]}
12-30 10:16:03.509   398   464 I vw-vhal : CanSignalsAdapter::notifyVehicleProperty: solvedValue = {.timestamp = 5899331217034, .areaId = 0, .prop = 557851026, .status = AVAILABLE, .value = {.int32Values = [1]{0}, .floatValues = [0]{}, .int64Values = [0]{}, .bytes = [0]{}, .stringValue = ""}}
12-30 10:16:03.509   398   464 I VehiclePropertyStore: begin to write value to Store: {.timestamp = 5899331217034, .areaId = 0, .prop = 557851026, .status = AVAILABLE, .value = {.int32Values = [1]{0}, .floatValues = [0]{}, .int64Values = [0]{}, .bytes = [0]{}, .stringValue = ""}}
12-30 10:16:03.509   398   464 I DefaultVehicleHal_v2_0: DefaultVehicleHal::onPropertyValue, value:{.timestamp = 5899331217034, .areaId = 0, .prop = 557851026, .status = AVAILABLE, .value = {.int32Values = [1]{0}, .floatValues = [0]{}, .int64Values = [0]{}, .bytes = [0]{}, .stringValue = ""}}
12-30 10:16:03.509   398   464 D DiagPropHandler: is not DiagnosticConfig: 0x21402192
12-30 10:16:03.509   398   464 I VehiclePropertyStore: begin to write value to Store: {.timestamp = 5899331217034, .areaId = 0, .prop = 557851026, .status = AVAILABLE, .value = {.int32Values = [1]{0}, .floatValues = [0]{}, .int64Values = [0]{}, .bytes = [0]{}, .stringValue = ""}}
12-30 10:16:03.509   398   464 D adayocomadapter-CommunicationManager: onUpstreamReceive mPropertyId 0x21402192
12-30 10:16:03.509   398   464 D adayocomadapter-CommunicationManager: onUpstreamReceive mPropertyId 0x2140208a
12-30 10:16:03.509   398   464 D adayocomadapter-CommunicationManager: convertBytesToInt32Memcpy  0
12-30 10:16:03.509   398   464 I vw-vhal : notifyVehicleProperty, propId = 0x2140208a, data = {status: 2, int32Values: [0]}
12-30 10:16:03.509   398   464 I vw-vhal : CanSignalsAdapter::notifyVehicleProperty: solvedValue = {.timestamp = 5899331717034, .areaId = 0, .prop = 557850762, .status = AVAILABLE, .value = {.int32Values = [1]{0}, .floatValues = [0]{}, .int64Values = [0]{}, .bytes = [0]{}, .stringValue = ""}}
12-30 10:16:03.509   398   464 I VehiclePropertyStore: begin to write value to Store: {.timestamp = 5899331717034, .areaId = 0, .prop = 557850762, .status = AVAILABLE, .value = {.int32Values = [1]{0}, .floatValues = [0]{}, .int64Values = [0]{}, .bytes = [0]{}, .stringValue = ""}}
12-30 10:16:03.509   398   464 I DefaultVehicleHal_v2_0: DefaultVehicleHal::onPropertyValue, value:{.timestamp = 5899331717034, .areaId = 0, .prop = 557850762, .status = AVAILABLE, .value = {.int32Values = [1]{0}, .floatValues = [0]{}, .int64Values = [0]{}, .bytes = [0]{}, .stringValue = ""}}
12-30 10:16:03.509   398   464 D DiagPropHandler: is not DiagnosticConfig: 0x2140208a
12-30 10:16:03.509   398   464 I VehiclePropertyStore: begin to write value to Store: {.timestamp = 5899331717034, .areaId = 0, .prop = 557850762, .status = AVAILABLE, .value = {.int32Values = [1]{0}, .floatValues = [0]{}, .int64Values = [0]{}, .bytes = [0]{}, .stringValue = ""}}
12-30 10:16:03.509   398   464 D adayocomadapter-CommunicationManager: onUpstreamReceive mPropertyId 0x2140208a
12-30 10:16:03.510   398   464 D adayocomadapter-CommunicationManager: onUpstreamReceive mPropertyId 0x21402196
12-30 10:16:03.510   398   464 D adayocomadapter-CommunicationManager: convertBytesToInt32Memcpy  0
12-30 10:16:03.510   398   464 I vw-vhal : notifyVehicleProperty, propId = 0x21402196, data = {status: 2, int32Values: [0]}
12-30 10:16:03.510   398   464 I vw-vhal : CanSignalsAdapter::notifyVehicleProperty: solvedValue = {.timestamp = 5899331925367, .areaId = 0, .prop = 557851030, .status = AVAILABLE, .value = {.int32Values = [1]{0}, .floatValues = [0]{}, .int64Values = [0]{}, .bytes = [0]{}, .stringValue = ""}}
12-30 10:16:03.510   398   464 I VehiclePropertyStore: begin to write value to Store: {.timestamp = 5899331925367, .areaId = 0, .prop = 557851030, .status = AVAILABLE, .value = {.int32Values = [1]{0}, .floatValues = [0]{}, .int64Values = [0]{}, .bytes = [0]{}, .stringValue = ""}}
12-30 10:16:03.510   398   464 I DefaultVehicleHal_v2_0: DefaultVehicleHal::onPropertyValue, value:{.timestamp = 5899331925367, .areaId = 0, .prop = 557851030, .status = AVAILABLE, .value = {.int32Values = [1]{0}, .floatValues = [0]{}, .int64Values = [0]{}, .bytes = [0]{}, .stringValue = ""}}
12-30 10:16:03.510   398   464 D DiagPropHandler: is not DiagnosticConfig: 0x21402196
12-30 10:16:03.510   398   464 I VehiclePropertyStore: begin to write value to Store: {.timestamp = 5899331925367, .areaId = 0, .prop = 557851030, .status = AVAILABLE, .value = {.int32Values = [1]{0}, .floatValues = [0]{}, .int64Values = [0]{}, .bytes = [0]{}, .stringValue = ""}}
12-30 10:16:03.510   398   464 D adayocomadapter-CommunicationManager: onUpstreamReceive mPropertyId 0x21402196
12-30 10:16:03.510   398   464 D adayocomadapter-CommunicationManager: onUpstreamReceive mPropertyId 0x21402197
12-30 10:16:03.510   398   464 D adayocomadapter-CommunicationManager: convertBytesToInt32Memcpy  0
12-30 10:16:03.510   398   464 I vw-vhal : notifyVehicleProperty, propId = 0x21402197, data = {status: 2, int32Values: [0]}
