12-30 10:16:03.448   398   464 I VehiclePropertyStore: begin to write value to Store: {.timestamp = 5899270000034, .areaId = 0, .prop = 557851162, .status = AVAILABLE, .value = {.int32Values = [1]{0}, .floatValues = [0]{}, .int64Values = [0]{}, .bytes = [0]{}, .stringValue = ""}}
12-30 10:16:03.448   398   464 I DefaultVehicleHal_v2_0: DefaultVehicleHal::onPropertyValue, value:{.timestamp = 5899270000034, .areaId = 0, .prop = 557851162, .status = AVAILABLE, .value = {.int32Values = [1]{0}, .floatValues = [0]{}, .int64Values = [0]{}, .bytes = [0]{}, .stringValue = ""}}
12-30 10:16:03.448   398   464 D DiagPropHandler: is not DiagnosticConfig: 0x2140221a
12-30 10:16:03.448   398   464 I VehiclePropertyStore: begin to write value to Store: {.timestamp = 5899270000034, .areaId = 0, .prop = 557851162, .status = AVAILABLE, .value = {.int32Values = [1]{0}, .floatValues = [0]{}, .int64Values = [0]{}, .bytes = [0]{}, .stringValue = ""}}
12-30 10:16:03.448   398   464 D adayocomadapter-CommunicationManager: onUpstreamReceive mPropertyId 0x2140221a
12-30 10:16:03.448   398   464 D adayocomadapter-CommunicationManager: onUpstreamReceive mPropertyId 0x214021bb
12-30 10:16:03.448   398   464 D adayocomadapter-CommunicationManager: convertBytesToInt32Memcpy  0
12-30 10:16:03.448   398   464 I vw-vhal : notifyVehicleProperty, propId = 0x214021bb, data = {status: 2, int32Values: [0]}
12-30 10:16:03.448   398   464 I vw-vhal : CanSignalsAdapter::notifyVehicleProperty: solvedValue = {.timestamp = 5899270703367, .areaId = 0, .prop = 557851067, .status = AVAILABLE, .value = {.int32Values = [1]{0}, .floatValues = [0]{}, .int64Values = [0]{}, .bytes = [0]{}, .stringValue = ""}}
12-30 10:16:03.448   398   464 I VehiclePropertyStore: begin to write value to Store: {.timestamp = 5899270703367, .areaId = 0, .prop = 557851067, .status = AVAILABLE, .value = {.int32Values = [1]{0}, .floatValues = [0]{}, .int64Values = [0]{}, .bytes = [0]{}, .stringValue = ""}}
12-30 10:16:03.449   398   464 I DefaultVehicleHal_v2_0: DefaultVehicleHal::onPropertyValue, value:{.timestamp = 5899270703367, .areaId = 0, .prop = 557851067, .status = AVAILABLE, .value = {.int32Values = [1]{0}, .floatValues = [0]{}, .int64Values = [0]{}, .bytes = [0]{}, .stringValue = ""}}
12-30 10:16:03.449   398   464 D DiagPropHandler: is not DiagnosticConfig: 0x214021bb
12-30 10:16:03.449   398   464 I VehiclePropertyStore: begin to write value to Store: {.timestamp = 5899270703367, .areaId = 0, .prop = 557851067, .status = AVAILABLE, .value = {.int32Values = [1]{0}, .floatValues = [0]{}, .int64Values = [0]{}, .bytes = [0]{}, .stringValue = ""}}
12-30 10:16:03.449   398   464 D adayocomadapter-CommunicationManager: onUpstreamReceive mPropertyId 0x214021bb
12-30 10:16:03.449   398   464 D adayocomadapter-CommunicationManager: onUpstreamReceive mPropertyId 0x2140215a
12-30 10:16:03.449   398   464 D adayocomadapter-CommunicationManager: convertBytesToInt32Memcpy  0
12-30 10:16:03.449   398   464 I vw-vhal : notifyVehicleProperty, propId = 0x2140215a, data = {status: 2, int32Values: [0]}
12-30 10:16:03.449   398   464 I vw-vhal : CanSignalsAdapter::notifyVehicleProperty: solvedValue = {.timestamp = 5899271410034, .areaId = 0, .prop = 557850970, .status = AVAILABLE, .value = {.int32Values = [1]{0}, .floatValues = [0]{}, .int64Values = [0]{}, .bytes = [0]{}, .stringValue = ""}}
12-30 10:16:03.449   398   464 I VehiclePropertyStore: begin to write value to Store: {.timestamp = 5899271410034, .areaId = 0, .prop = 557850970, .status = AVAILABLE, .value = {.int32Values = [1]{0}, .floatValues = [0]{}, .int64Values = [0]{}, .bytes = [0]{}, .stringValue = ""}}
12-30 10:16:03.449   398   464 I DefaultVehicleHal_v2_0: DefaultVehicleHal::onPropertyValue, value:{.timestamp = 5899271410034, .areaId = 0, .prop = 557850970, .status = AVAILABLE, .value = {.int32Values = [1]{0}, .floatValues = [0]{}, .int64Values = [0]{}, .bytes = [0]{}, .stringValue = ""}}
12-30 10:16:03.449   398   464 D DiagPropHandler: is not DiagnosticConfig: 0x2140215a
12-30 10:16:03.449   398   464 I VehiclePropertyStore: begin to write value to Store: {.timestamp = 5899271410034, .areaId = 0, .prop = 557850970, .status = AVAILABLE, .value = {.int32Values = [1]{0}, .floatValues = [0]{}, .int64Values = [0]{}, .bytes = [0]{}, .stringValue = ""}}
12-30 10:16:03.449   398   464 D adayocomadapter-CommunicationManager: onUpstreamReceive mPropertyId 0x2140215a
12-30 10:16:03.450   398   464 D adayocomadapter-CommunicationManager: onUpstreamReceive mPropertyId 0x2140221c
12-30 10:16:03.450   398   464 D adayocomadapter-CommunicationManager: convertBytesToInt32Memcpy  0
12-30 10:16:03.450   398   464 I vw-vhal : notifyVehicleProperty, propId = 0x2140221c, data = {status: 2, int32Values: [0]}
12-30 10:16:03.450   398   464 I vw-vhal : CanSignalsAdapter::notifyVehicleProperty: solvedValue = {.timestamp = 5899272134367, .areaId = 0, .prop = 557851164, .status = AVAILABLE, .value = {.int32Values = [1]{0}, .floatValues = [0]{}, .int64Values = [0]{}, .bytes = [0]{}, .stringValue = ""}}
12-30 10:16:03.450   398   464 I VehiclePropertyStore: begin to write value to Store: {.timestamp = 5899272134367, .areaId = 0, .prop = 557851164, .status = AVAILABLE, .value = {.int32Values = [1]{0}, .floatValues = [0]{}, .int64Values = [0]{}, .bytes = [0]{}, .stringValue = ""}}
12-30 10:16:03.450   398   464 I DefaultVehicleHal_v2_0: DefaultVehicleHal::onPropertyValue, value:{.timestamp = 5899272134367, .areaId = 0, .prop = 557851164, .status = AVAILABLE, .value = {.int32Values = [1]{0}, .floatValues = [0]{}, .int64Values = [0]{}, .bytes = [0]{}, .stringValue = ""}}
12-30 10:16:03.450   398   464 D DiagPropHandler: is not DiagnosticConfig: 0x2140221c
12-30 10:16:03.450   398   464 I VehiclePropertyStore: begin to write value to Store: {.timestamp = 5899272134367, .areaId = 0, .prop = 557851164, .status = AVAILABLE, .value = {.int32Values = [1]{0}, .floatValues = [0]{}, .int64Values = [0]{}, .bytes = [0]{}, .stringValue = ""}}
12-30 10:16:03.450   398   464 D adayocomadapter-CommunicationManager: onUpstreamReceive mPropertyId 0x2140221c
12-30 10:16:03.450   398   464 D adayocomadapter-CommunicationManager: onUpstreamReceive mPropertyId 0x214021be
12-30 10:16:03.450   398   464 D adayocomadapter-CommunicationManager: convertBytesToInt32Memcpy  0
12-30 10:16:03.450   398   464 I vw-vhal : notifyVehicleProperty, propId = 0x214021be, data = {status: 2, int32Values: [0]}
12-30 10:16:03.450   398   464 I vw-vhal : CanSignalsAdapter::notifyVehicleProperty: solvedValue = {.timestamp = 5899272790701, .areaId = 0, .prop = 557851070, .status = AVAILABLE, .value = {.int32Values = [1]{0}, .floatValues = [0]{}, .int64Values = [0]{}, .bytes = [0]{}, .stringValue = ""}}
12-30 10:16:03.451   398   464 I VehiclePropertyStore: begin to write value to Store: {.timestamp = 5899272790701, .areaId = 0, .prop = 557851070, .status = AVAILABLE, .value = {.int32Values = [1]{0}, .floatValues = [0]{}, .int64Values = [0]{}, .bytes = [0]{}, .stringValue = ""}}
12-30 10:16:03.451   398   464 I DefaultVehicleHal_v2_0: DefaultVehicleHal::onPropertyValue, value:{.timestamp = 5899272790701, .areaId = 0, .prop = 557851070, .status = AVAILABLE, .value = {.int32Values = [1]{0}, .floatValues = [0]{}, .int64Values = [0]{}, .bytes = [0]{}, .stringValue = ""}}
12-30 10:16:03.451   398   464 D DiagPropHandler: is not DiagnosticConfig: 0x214021be
12-30 10:16:03.451   398   464 I VehiclePropertyStore: begin to write value to Store: {.timestamp = 5899272790701, .areaId = 0, .prop = 557851070, .status = AVAILABLE, .value = {.int32Values = [1]{0}, .floatValues = [0]{}, .int64Values = [0]{}, .bytes = [0]{}, .stringValue = ""}}
12-30 10:16:03.451   398   464 D adayocomadapter-CommunicationManager: onUpstreamReceive mPropertyId 0x214021be
12-30 10:16:03.451   398   464 D adayocomadapter-CommunicationManager: onUpstreamReceive mPropertyId 0x2140215d
12-30 10:16:03.451   398   464 D adayocomadapter-CommunicationManager: convertBytesToInt32Memcpy  0
12-30 10:16:03.451   398   464 I vw-vhal : notifyVehicleProperty, propId = 0x2140215d, data = {status: 2, int32Values: [0]}
12-30 10:16:03.451   398   464 I vw-vhal : CanSignalsAdapter::notifyVehicleProperty: solvedValue = {.timestamp = 5899273471367, .areaId = 0, .prop = 557850973, .status = AVAILABLE, .value = {.int32Values = [1]{0}, .floatValues = [0]{}, .int64Values = [0]{}, .bytes = [0]{}, .stringValue = ""}}
12-30 10:16:03.451   398   464 I VehiclePropertyStore: begin to write value to Store: {.timestamp = 5899273471367, .areaId = 0, .prop = 557850973, .status = AVAILABLE, .value = {.int32Values = [1]{0}, .floatValues = [0]{}, .int64Values = [0]{}, .bytes = [0]{}, .stringValue = ""}}
12-30 10:16:03.451   398   464 I DefaultVehicleHal_v2_0: DefaultVehicleHal::onPropertyValue, value:{.timestamp = 5899273471367, .areaId = 0, .prop = 557850973, .status = AVAILABLE, .value = {.int32Values = [1]{0}, .floatValues = [0]{}, .int64Values = [0]{}, .bytes = [0]{}, .stringValue = ""}}
12-30 10:16:03.451   398   464 D DiagPropHandler: is not DiagnosticConfig: 0x2140215d
12-30 10:16:03.452   398   464 I VehiclePropertyStore: begin to write value to Store: {.timestamp = 5899273471367, .areaId = 0, .prop = 557850973, .status = AVAILABLE, .value = {.int32Values = [1]{0}, .floatValues = [0]{}, .int64Values = [0]{}, .bytes = [0]{}, .stringValue = ""}}
12-30 10:16:03.452   398   464 D adayocomadapter-CommunicationManager: onUpstreamReceive mPropertyId 0x2140215d
12-30 10:16:03.452   398   464 D adayocomadapter-CommunicationManager: onUpstreamReceive mPropertyId 0x2140221f
12-30 10:16:03.452   398   464 D adayocomadapter-CommunicationManager: convertBytesToInt32Memcpy  0
12-30 10:16:03.452   398   464 I vw-vhal : notifyVehicleProperty, propId = 0x2140221f, data = {status: 2, int32Values: [0]}
12-30 10:16:03.452   398   464 I vw-vhal : CanSignalsAdapter::notifyVehicleProperty: solvedValue = {.timestamp = 5899274151701, .areaId = 0, .prop = 557851167, .status = AVAILABLE, .value = {.int32Values = [1]{0}, .floatValues = [0]{}, .int64Values = [0]{}, .bytes = [0]{}, .stringValue = ""}}
12-30 10:16:03.452   398   464 I VehiclePropertyStore: begin to write value to Store: {.timestamp = 5899274151701, .areaId = 0, .prop = 557851167, .status = AVAILABLE, .value = {.int32Values = [1]{0}, .floatValues = [0]{}, .int64Values = [0]{}, .bytes = [0]{}, .stringValue = ""}}
12-30 10:16:03.452   398   464 I DefaultVehicleHal_v2_0: DefaultVehicleHal::onPropertyValue, value:{.timestamp = 5899274151701, .areaId = 0, .prop = 557851167, .status = AVAILABLE, .value = {.int32Values = [1]{0}, .floatValues = [0]{}, .int64Values = [0]{}, .bytes = [0]{}, .stringValue = ""}}
12-30 10:16:03.452   398   464 D DiagPropHandler: is not DiagnosticConfig: 0x2140221f
12-30 10:16:03.452   398   464 I VehiclePropertyStore: begin to write value to Store: {.timestamp = 5899274151701, .areaId = 0, .prop = 557851167, .status = AVAILABLE, .value = {.int32Values = [1]{0}, .floatValues = [0]{}, .int64Values = [0]{}, .bytes = [0]{}, .stringValue = ""}}
12-30 10:16:03.452   398   464 D adayocomadapter-CommunicationManager: onUpstreamReceive mPropertyId 0x2140221f
12-30 10:16:03.452   398   464 D adayocomadapter-CommunicationManager: onUpstreamReceive mPropertyId 0x214021a5
12-30 10:16:03.452   398   464 D adayocomadapter-CommunicationManager: convertBytesToInt32Memcpy  0
12-30 10:16:03.452   398   464 I vw-vhal : notifyVehicleProperty, propId = 0x214021a5, data = {status: 2, int32Values: [0]}
12-30 10:16:03.453   398   464 I vw-vhal : CanSignalsAdapter::notifyVehicleProperty: solvedValue = {.timestamp = 5899274879701, .areaId = 0, .prop = 557851045, .status = AVAILABLE, .value = {.int32Values = [1]{0}, .floatValues = [0]{}, .int64Values = [0]{}, .bytes = [0]{}, .stringValue = ""}}
12-30 10:16:03.453   398   464 I VehiclePropertyStore: begin to write value to Store: {.timestamp = 5899274879701, .areaId = 0, .prop = 557851045, .status = AVAILABLE, .value = {.int32Values = [1]{0}, .floatValues = [0]{}, .int64Values = [0]{}, .bytes = [0]{}, .stringValue = ""}}
12-30 10:16:03.453   398   464 I DefaultVehicleHal_v2_0: DefaultVehicleHal::onPropertyValue, value:{.timestamp = 5899274879701, .areaId = 0, .prop = 557851045, .status = AVAILABLE, .value = {.int32Values = [1]{0}, .floatValues = [0]{}, .int64Values = [0]{}, .bytes = [0]{}, .stringValue = ""}}
12-30 10:16:03.453   398   464 D DiagPropHandler: is not DiagnosticConfig: 0x214021a5
12-30 10:16:03.453   398   464 I VehiclePropertyStore: begin to write value to Store: {.timestamp = 5899274879701, .areaId = 0, .prop = 557851045, .status = AVAILABLE, .value = {.int32Values = [1]{0}, .floatValues = [0]{}, .int64Values = [0]{}, .bytes = [0]{}, .stringValue = ""}}
12-30 10:16:03.453   398   464 D adayocomadapter-CommunicationManager: onUpstreamReceive mPropertyId 0x214021a5
12-30 10:16:03.453   398   464 D adayocomadapter-CommunicationManager: onUpstreamReceive mPropertyId 0x21402107
12-30 10:16:03.453   398   464 D adayocomadapter-CommunicationManager: convertBytesToInt32Memcpy  0
12-30 10:16:03.453   398   464 I vw-vhal : notifyVehicleProperty, propId = 0x21402107, data = {status: 2, int32Values: [0]}
12-30 10:16:03.453   398   464 I vw-vhal : CanSignalsAdapter::notifyVehicleProperty: solvedValue = {.timestamp = 5899275587034, .areaId = 0, .prop = 557850887, .status = AVAILABLE, .value = {.int32Values = [1]{0}, .floatValues = [0]{}, .int64Values = [0]{}, .bytes = [0]{}, .stringValue = ""}}
12-30 10:16:03.453   398   464 I VehiclePropertyStore: begin to write value to Store: {.timestamp = 5899275587034, .areaId = 0, .prop = 557850887, .status = AVAILABLE, .value = {.int32Values = [1]{0}, .floatValues = [0]{}, .int64Values = [0]{}, .bytes = [0]{}, .stringValue = ""}}
12-30 10:16:03.453   398   464 I DefaultVehicleHal_v2_0: DefaultVehicleHal::onPropertyValue, value:{.timestamp = 5899275587034, .areaId = 0, .prop = 557850887, .status = AVAILABLE, .value = {.int32Values = [1]{0}, .floatValues = [0]{}, .int64Values = [0]{}, .bytes = [0]{}, .stringValue = ""}}
12-30 10:16:03.454   398   464 D DiagPropHandler: is not DiagnosticConfig: 0x21402107
12-30 10:16:03.454   398   464 I VehiclePropertyStore: begin to write value to Store: {.timestamp = 5899275587034, .areaId = 0, .prop = 557850887, .status = AVAILABLE, .value = {.int32Values = [1]{0}, .floatValues = [0]{}, .int64Values = [0]{}, .bytes = [0]{}, .stringValue = ""}}
12-30 10:16:03.454   398   464 D adayocomadapter-CommunicationManager: onUpstreamReceive mPropertyId 0x21402107
12-30 10:16:03.454   398   464 D adayocomadapter-CommunicationManager: onUpstreamReceive mPropertyId 0x2140222a
12-30 10:16:03.454   398   464 D adayocomadapter-CommunicationManager: convertBytesToInt32Memcpy  0
12-30 10:16:03.454   398   464 I vw-vhal : notifyVehicleProperty, propId = 0x2140222a, data = {status: 2, int32Values: [0]}
12-30 10:16:03.454   398   464 I vw-vhal : CanSignalsAdapter::notifyVehicleProperty: solvedValue = {.timestamp = 5899276385701, .areaId = 0, .prop = 557851178, .status = AVAILABLE, .value = {.int32Values = [1]{0}, .floatValues = [0]{}, .int64Values = [0]{}, .bytes = [0]{}, .stringValue = ""}}
12-30 10:16:03.454   398   464 I VehiclePropertyStore: begin to write value to Store: {.timestamp = 5899276385701, .areaId = 0, .prop = 557851178, .status = AVAILABLE, .value = {.int32Values = [1]{0}, .floatValues = [0]{}, .int64Values = [0]{}, .bytes = [0]{}, .stringValue = ""}}
12-30 10:16:03.454   398   464 I DefaultVehicleHal_v2_0: DefaultVehicleHal::onPropertyValue, value:{.timestamp = 5899276385701, .areaId = 0, .prop = 557851178, .status = AVAILABLE, .value = {.int32Values = [1]{0}, .floatValues = [0]{}, .int64Values = [0]{}, .bytes = [0]{}, .stringValue = ""}}
12-30 10:16:03.454   398   464 D DiagPropHandler: is not DiagnosticConfig: 0x2140222a
12-30 10:16:03.454   398   464 I VehiclePropertyStore: begin to write value to Store: {.timestamp = 5899276385701, .areaId = 0, .prop = 557851178, .status = AVAILABLE, .value = {.int32Values = [1]{0}, .floatValues = [0]{}, .int64Values = [0]{}, .bytes = [0]{}, .stringValue = ""}}
12-30 10:16:03.454   398   464 D adayocomadapter-CommunicationManager: onUpstreamReceive mPropertyId 0x2140222a
12-30 10:16:03.455   398   464 D adayocomadapter-CommunicationManager: onUpstreamReceive mPropertyId 0x214021c3
12-30 10:16:03.455   398   464 D adayocomadapter-CommunicationManager: convertBytesToInt32Memcpy  0
12-30 10:16:03.455   398   464 I vw-vhal : notifyVehicleProperty, propId = 0x214021c3, data = {status: 2, int32Values: [0]}
12-30 10:16:03.455   398   464 I vw-vhal : CanSignalsAdapter::notifyVehicleProperty: solvedValue = {.timestamp = 5899277101034, .areaId = 0, .prop = 557851075, .status = AVAILABLE, .value = {.int32Values = [1]{0}, .floatValues = [0]{}, .int64Values = [0]{}, .bytes = [0]{}, .stringValue = ""}}
12-30 10:16:03.455   398   464 I VehiclePropertyStore: begin to write value to Store: {.timestamp = 5899277101034, .areaId = 0, .prop = 557851075, .status = AVAILABLE, .value = {.int32Values = [1]{0}, .floatValues = [0]{}, .int64Values = [0]{}, .bytes = [0]{}, .stringValue = ""}}
12-30 10:16:03.455   398   464 I DefaultVehicleHal_v2_0: DefaultVehicleHal::onPropertyValue, value:{.timestamp = 5899277101034, .areaId = 0, .prop = 557851075, .status = AVAILABLE, .value = {.int32Values = [1]{0}, .floatValues = [0]{}, .int64Values = [0]{}, .bytes = [0]{}, .stringValue = ""}}
12-30 10:16:03.455   398   464 D DiagPropHandler: is not DiagnosticConfig: 0x214021c3
12-30 10:16:03.455   398   464 I VehiclePropertyStore: begin to write value to Store: {.timestamp = 5899277101034, .areaId = 0, .prop = 557851075, .status = AVAILABLE, .value = {.int32Values = [1]{0}, .floatValues = [0]{}, .int64Values = [0]{}, .bytes = [0]{}, .stringValue = ""}}
12-30 10:16:03.455   398   464 D adayocomadapter-CommunicationManager: onUpstreamReceive mPropertyId 0x214021c3
12-30 10:16:03.455   398   464 D adayocomadapter-CommunicationManager: onUpstreamReceive mPropertyId 0x214021a8
12-30 10:16:03.455   398   464 D adayocomadapter-CommunicationManager: convertBytesToInt32Memcpy  0
12-30 10:16:03.455   398   464 I vw-vhal : notifyVehicleProperty, propId = 0x214021a8, data = {status: 2, int32Values: [0]}
12-30 10:16:03.456   398   464 I vw-vhal : CanSignalsAdapter::notifyVehicleProperty: solvedValue = {.timestamp = 5899277828034, .areaId = 0, .prop = 557851048, .status = AVAILABLE, .value = {.int32Values = [1]{0}, .floatValues = [0]{}, .int64Values = [0]{}, .bytes = [0]{}, .stringValue = ""}}
12-30 10:16:03.456   398   464 I VehiclePropertyStore: begin to write value to Store: {.timestamp = 5899277828034, .areaId = 0, .prop = 557851048, .status = AVAILABLE, .value = {.int32Values = [1]{0}, .floatValues = [0]{}, .int64Values = [0]{}, .bytes = [0]{}, .stringValue = ""}}
12-30 10:16:03.456   398   464 I DefaultVehicleHal_v2_0: DefaultVehicleHal::onPropertyValue, value:{.timestamp = 5899277828034, .areaId = 0, .prop = 557851048, .status = AVAILABLE, .value = {.int32Values = [1]{0}, .floatValues = [0]{}, .int64Values = [0]{}, .bytes = [0]{}, .stringValue = ""}}
12-30 10:16:03.456   398   464 D DiagPropHandler: is not DiagnosticConfig: 0x214021a8
12-30 10:16:03.456   398   464 I VehiclePropertyStore: begin to write value to Store: {.timestamp = 5899277828034, .areaId = 0, .prop = 557851048, .status = AVAILABLE, .value = {.int32Values = [1]{0}, .floatValues = [0]{}, .int64Values = [0]{}, .bytes = [0]{}, .stringValue = ""}}
12-30 10:16:03.456   398   464 D adayocomadapter-CommunicationManager: onUpstreamReceive mPropertyId 0x214021a8
12-30 10:16:03.456   398   464 D adayocomadapter-CommunicationManager: onUpstreamReceive mPropertyId 0x214021a6
12-30 10:16:03.456   398   464 D adayocomadapter-CommunicationManager: convertBytesToInt32Memcpy  0
12-30 10:16:03.456   398   464 I vw-vhal : notifyVehicleProperty, propId = 0x214021a6, data = {status: 2, int32Values: [0]}
12-30 10:16:03.456   398   464 I vw-vhal : CanSignalsAdapter::notifyVehicleProperty: solvedValue = {.timestamp = 5899278563701, .areaId = 0, .prop = 557851046, .status = AVAILABLE, .value = {.int32Values = [1]{0}, .floatValues = [0]{}, .int64Values = [0]{}, .bytes = [0]{}, .stringValue = ""}}
12-30 10:16:03.456   398   464 I VehiclePropertyStore: begin to write value to Store: {.timestamp = 5899278563701, .areaId = 0, .prop = 557851046, .status = AVAILABLE, .value = {.int32Values = [1]{0}, .floatValues = [0]{}, .int64Values = [0]{}, .bytes = [0]{}, .stringValue = ""}}
12-30 10:16:03.456   398   464 I DefaultVehicleHal_v2_0: DefaultVehicleHal::onPropertyValue, value:{.timestamp = 5899278563701, .areaId = 0, .prop = 557851046, .status = AVAILABLE, .value = {.int32Values = [1]{0}, .floatValues = [0]{}, .int64Values = [0]{}, .bytes = [0]{}, .stringValue = ""}}
12-30 10:16:03.457   398   464 D DiagPropHandler: is not DiagnosticConfig: 0x214021a6
12-30 10:16:03.457   398   464 I VehiclePropertyStore: begin to write value to Store: {.timestamp = 5899278563701, .areaId = 0, .prop = 557851046, .status = AVAILABLE, .value = {.int32Values = [1]{0}, .floatValues = [0]{}, .int64Values = [0]{}, .bytes = [0]{}, .stringValue = ""}}
12-30 10:16:03.457   398   464 D adayocomadapter-CommunicationManager: onUpstreamReceive mPropertyId 0x214021a6
12-30 10:16:03.457   398   464 D adayocomadapter-CommunicationManager: onUpstreamReceive mPropertyId 0x214021a7
12-30 10:16:03.457   398   464 D adayocomadapter-CommunicationManager: convertBytesToInt32Memcpy  0
12-30 10:16:03.457   398   464 I vw-vhal : notifyVehicleProperty, propId = 0x214021a7, data = {status: 2, int32Values: [0]}
12-30 10:16:03.457   398   464 I vw-vhal : CanSignalsAdapter::notifyVehicleProperty: solvedValue = {.timestamp = 5899279270701, .areaId = 0, .prop = 557851047, .status = AVAILABLE, .value = {.int32Values = [1]{0}, .floatValues = [0]{}, .int64Values = [0]{}, .bytes = [0]{}, .stringValue = ""}}
12-30 10:16:03.457   398   464 I VehiclePropertyStore: begin to write value to Store: {.timestamp = 5899279270701, .areaId = 0, .prop = 557851047, .status = AVAILABLE, .value = {.int32Values = [1]{0}, .floatValues = [0]{}, .int64Values = [0]{}, .bytes = [0]{}, .stringValue = ""}}
12-30 10:16:03.457   398   464 I DefaultVehicleHal_v2_0: DefaultVehicleHal::onPropertyValue, value:{.timestamp = 5899279270701, .areaId = 0, .prop = 557851047, .status = AVAILABLE, .value = {.int32Values = [1]{0}, .floatValues = [0]{}, .int64Values = [0]{}, .bytes = [0]{}, .stringValue = ""}}
12-30 10:16:03.457   398   464 D DiagPropHandler: is not DiagnosticConfig: 0x214021a7
12-30 10:16:03.457   398   464 I VehiclePropertyStore: begin to write value to Store: {.timestamp = 5899279270701, .areaId = 0, .prop = 557851047, .status = AVAILABLE, .value = {.int32Values = [1]{0}, .floatValues = [0]{}, .int64Values = [0]{}, .bytes = [0]{}, .stringValue = ""}}
12-30 10:16:03.457   398   464 D adayocomadapter-CommunicationManager: onUpstreamReceive mPropertyId 0x214021a7
12-30 10:16:03.457   398   464 D adayocomadapter-CommunicationManager: onUpstreamReceive mPropertyId 0x21402208
12-30 10:16:03.457   398   464 D adayocomadapter-CommunicationManager: convertBytesToInt32Memcpy  0
12-30 10:16:03.458   398   464 I vw-vhal : notifyVehicleProperty, propId = 0x21402208, data = {status: 2, int32Values: [0]}
12-30 10:16:03.458   398   464 I vw-vhal : CanSignalsAdapter::notifyVehicleProperty: solvedValue = {.timestamp = 5899279986701, .areaId = 0, .prop = 557851144, .status = AVAILABLE, .value = {.int32Values = [1]{0}, .floatValues = [0]{}, .int64Values = [0]{}, .bytes = [0]{}, .stringValue = ""}}
12-30 10:16:03.458   398   464 I VehiclePropertyStore: begin to write value to Store: {.timestamp = 5899279986701, .areaId = 0, .prop = 557851144, .status = AVAILABLE, .value = {.int32Values = [1]{0}, .floatValues = [0]{}, .int64Values = [0]{}, .bytes = [0]{}, .stringValue = ""}}
12-30 10:16:03.458   398   464 I DefaultVehicleHal_v2_0: DefaultVehicleHal::onPropertyValue, value:{.timestamp = 5899279986701, .areaId = 0, .prop = 557851144, .status = AVAILABLE, .value = {.int32Values = [1]{0}, .floatValues = [0]{}, .int64Values = [0]{}, .bytes = [0]{}, .stringValue = ""}}
12-30 10:16:03.458   398   464 D DiagPropHandler: is not DiagnosticConfig: 0x21402208
12-30 10:16:03.458   398   464 I VehiclePropertyStore: begin to write value to Store: {.timestamp = 5899279986701, .areaId = 0, .prop = 557851144, .status = AVAILABLE, .value = {.int32Values = [1]{0}, .floatValues = [0]{}, .int64Values = [0]{}, .bytes = [0]{}, .stringValue = ""}}
12-30 10:16:03.458   398   464 D adayocomadapter-CommunicationManager: onUpstreamReceive mPropertyId 0x21402208
12-30 10:16:03.458   398   464 D adayocomadapter-CommunicationManager: onUpstreamReceive mPropertyId 0x214021a9
12-30 10:16:03.458   398   464 D adayocomadapter-CommunicationManager: convertBytesToInt32Memcpy  0
12-30 10:16:03.458   398   464 I vw-vhal : notifyVehicleProperty, propId = 0x214021a9, data = {status: 2, int32Values: [0]}
12-30 10:16:03.458   398   464 I vw-vhal : CanSignalsAdapter::notifyVehicleProperty: solvedValue = {.timestamp = 5899280770701, .areaId = 0, .prop = 557851049, .status = AVAILABLE, .value = {.int32Values = [1]{0}, .floatValues = [0]{}, .int64Values = [0]{}, .bytes = [0]{}, .stringValue = ""}}
12-30 10:16:03.459   398   464 I VehiclePropertyStore: begin to write value to Store: {.timestamp = 5899280770701, .areaId = 0, .prop = 557851049, .status = AVAILABLE, .value = {.int32Values = [1]{0}, .floatValues = [0]{}, .int64Values = [0]{}, .bytes = [0]{}, .stringValue = ""}}
12-30 10:16:03.459   398   464 I DefaultVehicleHal_v2_0: DefaultVehicleHal::onPropertyValue, value:{.timestamp = 5899280770701, .areaId = 0, .prop = 557851049, .status = AVAILABLE, .value = {.int32Values = [1]{0}, .floatValues = [0]{}, .int64Values = [0]{}, .bytes = [0]{}, .stringValue = ""}}
12-30 10:16:03.459   398   464 D DiagPropHandler: is not DiagnosticConfig: 0x214021a9
12-30 10:16:03.459   398   464 I VehiclePropertyStore: begin to write value to Store: {.timestamp = 5899280770701, .areaId = 0, .prop = 557851049, .status = AVAILABLE, .value = {.int32Values = [1]{0}, .floatValues = [0]{}, .int64Values = [0]{}, .bytes = [0]{}, .stringValue = ""}}
12-30 10:16:03.459   398   464 D adayocomadapter-CommunicationManager: onUpstreamReceive mPropertyId 0x214021a9
12-30 10:16:03.459   398   464 D adayocomadapter-CommunicationManager: onUpstreamReceive mPropertyId 0x214021aa
12-30 10:16:03.459   398   464 D adayocomadapter-CommunicationManager: convertBytesToInt32Memcpy  0
12-30 10:16:03.459   398   464 I vw-vhal : notifyVehicleProperty, propId = 0x214021aa, data = {status: 2, int32Values: [0]}
12-30 10:16:03.459   398   464 I vw-vhal : CanSignalsAdapter::notifyVehicleProperty: solvedValue = {.timestamp = 5899281447034, .areaId = 0, .prop = 557851050, .status = AVAILABLE, .value = {.int32Values = [1]{0}, .floatValues = [0]{}, .int64Values = [0]{}, .bytes = [0]{}, .stringValue = ""}}
12-30 10:16:03.459   398   464 I VehiclePropertyStore: begin to write value to Store: {.timestamp = 5899281447034, .areaId = 0, .prop = 557851050, .status = AVAILABLE, .value = {.int32Values = [1]{0}, .floatValues = [0]{}, .int64Values = [0]{}, .bytes = [0]{}, .stringValue = ""}}
12-30 10:16:03.459   398   464 I DefaultVehicleHal_v2_0: DefaultVehicleHal::onPropertyValue, value:{.timestamp = 5899281447034, .areaId = 0, .prop = 557851050, .status = AVAILABLE, .value = {.int32Values = [1]{0}, .floatValues = [0]{}, .int64Values = [0]{}, .bytes = [0]{}, .stringValue = ""}}
12-30 10:16:03.459   398   464 D DiagPropHandler: is not DiagnosticConfig: 0x214021aa
12-30 10:16:03.459   398   464 I VehiclePropertyStore: begin to write value to Store: {.timestamp = 5899281447034, .areaId = 0, .prop = 557851050, .status = AVAILABLE, .value = {.int32Values = [1]{0}, .floatValues = [0]{}, .int64Values = [0]{}, .bytes = [0]{}, .stringValue = ""}}
12-30 10:16:03.460   398   464 D adayocomadapter-CommunicationManager: onUpstreamReceive mPropertyId 0x214021aa
12-30 10:16:03.460   398   464 D adayocomadapter-CommunicationManager: onUpstreamReceive mPropertyId 0x214021ab
12-30 10:16:03.460   398   464 D adayocomadapter-CommunicationManager: convertBytesToInt32Memcpy  0
12-30 10:16:03.460   398   464 I vw-vhal : notifyVehicleProperty, propId = 0x214021ab, data = {status: 2, int32Values: [0]}
12-30 10:16:03.460   398   464 I vw-vhal : CanSignalsAdapter::notifyVehicleProperty: solvedValue = {.timestamp = 5899282084034, .areaId = 0, .prop = 557851051, .status = AVAILABLE, .value = {.int32Values = [1]{0}, .floatValues = [0]{}, .int64Values = [0]{}, .bytes = [0]{}, .stringValue = ""}}
12-30 10:16:03.460   398   464 I VehiclePropertyStore: begin to write value to Store: {.timestamp = 5899282084034, .areaId = 0, .prop = 557851051, .status = AVAILABLE, .value = {.int32Values = [1]{0}, .floatValues = [0]{}, .int64Values = [0]{}, .bytes = [0]{}, .stringValue = ""}}
12-30 10:16:03.460   398   464 I DefaultVehicleHal_v2_0: DefaultVehicleHal::onPropertyValue, value:{.timestamp = 5899282084034, .areaId = 0, .prop = 557851051, .status = AVAILABLE, .value = {.int32Values = [1]{0}, .floatValues = [0]{}, .int64Values = [0]{}, .bytes = [0]{}, .stringValue = ""}}
12-30 10:16:03.460   398   464 D DiagPropHandler: is not DiagnosticConfig: 0x214021ab
12-30 10:16:03.460   398   464 I VehiclePropertyStore: begin to write value to Store: {.timestamp = 5899282084034, .areaId = 0, .prop = 557851051, .status = AVAILABLE, .value = {.int32Values = [1]{0}, .floatValues = [0]{}, .int64Values = [0]{}, .bytes = [0]{}, .stringValue = ""}}
12-30 10:16:03.460   398   464 D adayocomadapter-CommunicationManager: onUpstreamReceive mPropertyId 0x214021ab
12-30 10:16:03.460   398   464 D adayocomadapter-CommunicationManager: onUpstreamReceive mPropertyId 0x214021ac
12-30 10:16:03.460   398   464 D adayocomadapter-CommunicationManager: convertBytesToInt32Memcpy  0
12-30 10:16:03.460   398   464 I vw-vhal : notifyVehicleProperty, propId = 0x214021ac, data = {status: 2, int32Values: [0]}
12-30 10:16:03.460   398   464 I vw-vhal : CanSignalsAdapter::notifyVehicleProperty: solvedValue = {.timestamp = 5899282721034, .areaId = 0, .prop = 557851052, .status = AVAILABLE, .value = {.int32Values = [1]{0}, .floatValues = [0]{}, .int64Values = [0]{}, .bytes = [0]{}, .stringValue = ""}}
12-30 10:16:03.460   398   464 I VehiclePropertyStore: begin to write value to Store: {.timestamp = 5899282721034, .areaId = 0, .prop = 557851052, .status = AVAILABLE, .value = {.int32Values = [1]{0}, .floatValues = [0]{}, .int64Values = [0]{}, .bytes = [0]{}, .stringValue = ""}}
12-30 10:16:03.461   398   464 I DefaultVehicleHal_v2_0: DefaultVehicleHal::onPropertyValue, value:{.timestamp = 5899282721034, .areaId = 0, .prop = 557851052, .status = AVAILABLE, .value = {.int32Values = [1]{0}, .floatValues = [0]{}, .int64Values = [0]{}, .bytes = [0]{}, .stringValue = ""}}
12-30 10:16:03.461   398   464 D DiagPropHandler: is not DiagnosticConfig: 0x214021ac
12-30 10:16:03.461   398   464 I VehiclePropertyStore: begin to write value to Store: {.timestamp = 5899282721034, .areaId = 0, .prop = 557851052, .status = AVAILABLE, .value = {.int32Values = [1]{0}, .floatValues = [0]{}, .int64Values = [0]{}, .bytes = [0]{}, .stringValue = ""}}
12-30 10:16:03.461   398   464 D adayocomadapter-CommunicationManager: onUpstreamReceive mPropertyId 0x214021ac
12-30 10:16:03.461   398   464 D adayocomadapter-CommunicationManager: onUpstreamReceive mPropertyId 0x2140220d
12-30 10:16:03.461   398   464 D adayocomadapter-CommunicationManager: convertBytesToInt32Memcpy  0
12-30 10:16:03.461   398   464 I vw-vhal : notifyVehicleProperty, propId = 0x2140220d, data = {status: 2, int32Values: [0]}
12-30 10:16:03.461   398   464 I vw-vhal : CanSignalsAdapter::notifyVehicleProperty: solvedValue = {.timestamp = 5899283384701, .areaId = 0, .prop = 557851149, .status = AVAILABLE, .value = {.int32Values = [1]{0}, .floatValues = [0]{}, .int64Values = [0]{}, .bytes = [0]{}, .stringValue = ""}}
12-30 10:16:03.461   398   464 I VehiclePropertyStore: begin to write value to Store: {.timestamp = 5899283384701, .areaId = 0, .prop = 557851149, .status = AVAILABLE, .value = {.int32Values = [1]{0}, .floatValues = [0]{}, .int64Values = [0]{}, .bytes = [0]{}, .stringValue = ""}}
12-30 10:16:03.461   398   464 I DefaultVehicleHal_v2_0: DefaultVehicleHal::onPropertyValue, value:{.timestamp = 5899283384701, .areaId = 0, .prop = 557851149, .status = AVAILABLE, .value = {.int32Values = [1]{0}, .floatValues = [0]{}, .int64Values = [0]{}, .bytes = [0]{}, .stringValue = ""}}
12-30 10:16:03.461   398   464 D DiagPropHandler: is not DiagnosticConfig: 0x2140220d
12-30 10:16:03.461   398   464 I VehiclePropertyStore: begin to write value to Store: {.timestamp = 5899283384701, .areaId = 0, .prop = 557851149, .status = AVAILABLE, .value = {.int32Values = [1]{0}, .floatValues = [0]{}, .int64Values = [0]{}, .bytes = [0]{}, .stringValue = ""}}
12-30 10:16:03.461   398   464 D adayocomadapter-CommunicationManager: onUpstreamReceive mPropertyId 0x2140220d
12-30 10:16:03.462   398   464 D adayocomadapter-CommunicationManager: onUpstreamReceive mPropertyId 0x214021ad
12-30 10:16:03.462   398   464 D adayocomadapter-CommunicationManager: convertBytesToInt32Memcpy  0
12-30 10:16:03.462   398   464 I vw-vhal : notifyVehicleProperty, propId = 0x214021ad, data = {status: 2, int32Values: [0]}
12-30 10:16:03.462   398   464 I vw-vhal : CanSignalsAdapter::notifyVehicleProperty: solvedValue = {.timestamp = 5899284073701, .areaId = 0, .prop = 557851053, .status = AVAILABLE, .value = {.int32Values = [1]{0}, .floatValues = [0]{}, .int64Values = [0]{}, .bytes = [0]{}, .stringValue = ""}}
12-30 10:16:03.462   398   464 I VehiclePropertyStore: begin to write value to Store: {.timestamp = 5899284073701, .areaId = 0, .prop = 557851053, .status = AVAILABLE, .value = {.int32Values = [1]{0}, .floatValues = [0]{}, .int64Values = [0]{}, .bytes = [0]{}, .stringValue = ""}}
12-30 10:16:03.462   398   464 I DefaultVehicleHal_v2_0: DefaultVehicleHal::onPropertyValue, value:{.timestamp = 5899284073701, .areaId = 0, .prop = 557851053, .status = AVAILABLE, .value = {.int32Values = [1]{0}, .floatValues = [0]{}, .int64Values = [0]{}, .bytes = [0]{}, .stringValue = ""}}
12-30 10:16:03.462   398   464 D DiagPropHandler: is not DiagnosticConfig: 0x214021ad
12-30 10:16:03.462   398   464 I VehiclePropertyStore: begin to write value to Store: {.timestamp = 5899284073701, .areaId = 0, .prop = 557851053, .status = AVAILABLE, .value = {.int32Values = [1]{0}, .floatValues = [0]{}, .int64Values = [0]{}, .bytes = [0]{}, .stringValue = ""}}
12-30 10:16:03.462   398   464 D adayocomadapter-CommunicationManager: onUpstreamReceive mPropertyId 0x214021ad
12-30 10:16:03.462   398   464 D adayocomadapter-CommunicationManager: onUpstreamReceive mPropertyId 0x214021ae
12-30 10:16:03.462   398   464 D adayocomadapter-CommunicationManager: convertBytesToInt32Memcpy  0
12-30 10:16:03.462   398   464 I vw-vhal : notifyVehicleProperty, propId = 0x214021ae, data = {status: 2, int32Values: [0]}
12-30 10:16:03.462   398   464 I vw-vhal : CanSignalsAdapter::notifyVehicleProperty: solvedValue = {.timestamp = 5899284717701, .areaId = 0, .prop = 557851054, .status = AVAILABLE, .value = {.int32Values = [1]{0}, .floatValues = [0]{}, .int64Values = [0]{}, .bytes = [0]{}, .stringValue = ""}}
12-30 10:16:03.462   398   464 I VehiclePropertyStore: begin to write value to Store: {.timestamp = 5899284717701, .areaId = 0, .prop = 557851054, .status = AVAILABLE, .value = {.int32Values = [1]{0}, .floatValues = [0]{}, .int64Values = [0]{}, .bytes = [0]{}, .stringValue = ""}}
12-30 10:16:03.463   398   464 I DefaultVehicleHal_v2_0: DefaultVehicleHal::onPropertyValue, value:{.timestamp = 5899284717701, .areaId = 0, .prop = 557851054, .status = AVAILABLE, .value = {.int32Values = [1]{0}, .floatValues = [0]{}, .int64Values = [0]{}, .bytes = [0]{}, .stringValue = ""}}
12-30 10:16:03.463   398   464 D DiagPropHandler: is not DiagnosticConfig: 0x214021ae
12-30 10:16:03.463   360   931 D EvsDriver: forwardFrame
12-30 10:16:03.463   360   931 D EvsDriver: forwardFrameDirect
12-30 10:16:03.463   650   729 D fgemcucomm: sd Uart data : 6AA602B84A0002920266
12-30 10:16:03.463   398   464 I VehiclePropertyStore: begin to write value to Store: {.timestamp = 5899284717701, .areaId = 0, .prop = 557851054, .status = AVAILABLE, .value = {.int32Values = [1]{0}, .floatValues = [0]{}, .int64Values = [0]{}, .bytes = [0]{}, .stringValue = ""}}
12-30 10:16:03.463   398   464 D adayocomadapter-CommunicationManager: onUpstreamReceive mPropertyId 0x214021ae
12-30 10:16:03.463   398   464 D adayocomadapter-CommunicationManager: onUpstreamReceive mPropertyId 0x214021af
12-30 10:16:03.463   398   464 D adayocomadapter-CommunicationManager: convertBytesToInt32Memcpy  0
12-30 10:16:03.463   360   931 D EvsDriver: Delivered 0xb400e2ca9e40d4b0 as id 1
12-30 10:16:03.463   398   464 I vw-vhal : notifyVehicleProperty, propId = 0x214021af, data = {status: 2, int32Values: [0]}
12-30 10:16:03.463   359  2784 D evsmanagerd: /dev/video-evs0 forwarded the buffer #1 to 0xb400f125d2b26dd0 from 0xb400f125e2b20710
12-30 10:16:03.463   398   464 I vw-vhal : CanSignalsAdapter::notifyVehicleProperty: solvedValue = {.timestamp = 5899285676367, .areaId = 0, .prop = 557851055, .status = AVAILABLE, .value = {.int32Values = [1]{0}, .floatValues = [0]{}, .int64Values = [0]{}, .bytes = [0]{}, .stringValue = ""}}
12-30 10:16:03.463   650   729 D fgemcucomm: rev uart=48810,len=23, data : 6AA681B84A000F920200150000000000000000000000C5
12-30 10:16:03.463   650   729 D fgemcucomm: sd Uart data : 6AA602B84B0002920265
12-30 10:16:03.463   398   464 I VehiclePropertyStore: begin to write value to Store: {.timestamp = 5899285676367, .areaId = 0, .prop = 557851055, .status = AVAILABLE, .value = {.int32Values = [1]{0}, .floatValues = [0]{}, .int64Values = [0]{}, .bytes = [0]{}, .stringValue = ""}}
12-30 10:16:03.464   398   464 I DefaultVehicleHal_v2_0: DefaultVehicleHal::onPropertyValue, value:{.timestamp = 5899285676367, .areaId = 0, .prop = 557851055, .status = AVAILABLE, .value = {.int32Values = [1]{0}, .floatValues = [0]{}, .int64Values = [0]{}, .bytes = [0]{}, .stringValue = ""}}
12-30 10:16:03.464   398   464 D DiagPropHandler: is not DiagnosticConfig: 0x214021af
12-30 10:16:03.464   398   464 I VehiclePropertyStore: begin to write value to Store: {.timestamp = 5899285676367, .areaId = 0, .prop = 557851055, .status = AVAILABLE, .value = {.int32Values = [1]{0}, .floatValues = [0]{}, .int64Values = [0]{}, .bytes = [0]{}, .stringValue = ""}}
12-30 10:16:03.464   398   464 D adayocomadapter-CommunicationManager: onUpstreamReceive mPropertyId 0x214021af
12-30 10:16:03.464   398   464 D adayocomadapter-CommunicationManager: onUpstreamReceive mPropertyId 0x21402210
12-30 10:16:03.464   398   882 D adayocomadapter-ParseProtocolFunc: printRaWMsg Name[MCUToUPstream recv] len[15] data[920200150000000000000000000000]
12-30 10:16:03.464   398   464 D adayocomadapter-CommunicationManager: convertBytesToInt32Memcpy  0
12-30 10:16:03.464   398   882 D adayocomadapter-CommunicationManager: onUpstreamback   member[0] dataLength[12] timePoint[5899286]
12-30 10:16:03.464   398   464 I vw-vhal : notifyVehicleProperty, propId = 0x21402210, data = {status: 2, int32Values: [0]}
12-30 10:16:03.464   398   882 D adayocomadapter-ParseProtocolFunc: printRaWMsg Name[onUpstreamback] len[12] data[150000000000000000000000]
12-30 10:16:03.464   398   464 I vw-vhal : CanSignalsAdapter::notifyVehicleProperty: solvedValue = {.timestamp = 5899286405367, .areaId = 0, .prop = 557851152, .status = AVAILABLE, .value = {.int32Values = [1]{0}, .floatValues = [0]{}, .int64Values = [0]{}, .bytes = [0]{}, .stringValue = ""}}
12-30 10:16:03.464   398   464 I VehiclePropertyStore: begin to write value to Store: {.timestamp = 5899286405367, .areaId = 0, .prop = 557851152, .status = AVAILABLE, .value = {.int32Values = [1]{0}, .floatValues = [0]{}, .int64Values = [0]{}, .bytes = [0]{}, .stringValue = ""}}
12-30 10:16:03.464   398   464 I DefaultVehicleHal_v2_0: DefaultVehicleHal::onPropertyValue, value:{.timestamp = 5899286405367, .areaId = 0, .prop = 557851152, .status = AVAILABLE, .value = {.int32Values = [1]{0}, .floatValues = [0]{}, .int64Values = [0]{}, .bytes = [0]{}, .stringValue = ""}}
12-30 10:16:03.464   650   729 D fgemcucomm: rev uart=48811,len=17, data : 6AA681B84B0009920200060000000000D9
12-30 10:16:03.464   398   464 D DiagPropHandler: is not DiagnosticConfig: 0x21402210
12-30 10:16:03.464   398   464 I VehiclePropertyStore: begin to write value to Store: {.timestamp = 5899286405367, .areaId = 0, .prop = 557851152, .status = AVAILABLE, .value = {.int32Values = [1]{0}, .floatValues = [0]{}, .int64Values = [0]{}, .bytes = [0]{}, .stringValue = ""}}
12-30 10:16:03.464   398   464 D adayocomadapter-CommunicationManager: onUpstreamReceive mPropertyId 0x21402210
12-30 10:16:03.464   398   882 D adayocomadapter-ParseProtocolFunc: printRaWMsg Name[MCUToUPstream recv] len[9] data[920200060000000000]
12-30 10:16:03.465   398   464 D adayocomadapter-CommunicationManager: onUpstreamReceive mPropertyId 0x214021b0
12-30 10:16:03.465   398   882 D adayocomadapter-CommunicationManager: onUpstreamback   member[0] dataLength[6] timePoint[5899286]
12-30 10:16:03.465   398   464 D adayocomadapter-CommunicationManager: convertBytesToInt32Memcpy  0
12-30 10:16:03.465   398   882 D adayocomadapter-ParseProtocolFunc: printRaWMsg Name[onUpstreamback] len[6] data[060000000000]
12-30 10:16:03.465   398   464 I vw-vhal : notifyVehicleProperty, propId = 0x214021b0, data = {status: 2, int32Values: [0]}
12-30 10:16:03.465   398   464 I vw-vhal : CanSignalsAdapter::notifyVehicleProperty: solvedValue = {.timestamp = 5899287065701, .areaId = 0, .prop = 557851056, .status = AVAILABLE, .value = {.int32Values = [1]{0}, .floatValues = [0]{}, .int64Values = [0]{}, .bytes = [0]{}, .stringValue = ""}}
12-30 10:16:03.465   398   464 I VehiclePropertyStore: begin to write value to Store: {.timestamp = 5899287065701, .areaId = 0, .prop = 557851056, .status = AVAILABLE, .value = {.int32Values = [1]{0}, .floatValues = [0]{}, .int64Values = [0]{}, .bytes = [0]{}, .stringValue = ""}}
12-30 10:16:03.465   398   464 I DefaultVehicleHal_v2_0: DefaultVehicleHal::onPropertyValue, value:{.timestamp = 5899287065701, .areaId = 0, .prop = 557851056, .status = AVAILABLE, .value = {.int32Values = [1]{0}, .floatValues = [0]{}, .int64Values = [0]{}, .bytes = [0]{}, .stringValue = ""}}
12-30 10:16:03.465   398   464 D DiagPropHandler: is not DiagnosticConfig: 0x214021b0
12-30 10:16:03.465   398   464 I VehiclePropertyStore: begin to write value to Store: {.timestamp = 5899287065701, .areaId = 0, .prop = 557851056, .status = AVAILABLE, .value = {.int32Values = [1]{0}, .floatValues = [0]{}, .int64Values = [0]{}, .bytes = [0]{}, .stringValue = ""}}
12-30 10:16:03.465   398   464 D adayocomadapter-CommunicationManager: onUpstreamReceive mPropertyId 0x214021b0
12-30 10:16:03.465   398   464 D adayocomadapter-CommunicationManager: onUpstreamReceive mPropertyId 0x21402211
12-30 10:16:03.465   398   464 D adayocomadapter-CommunicationManager: convertBytesToInt32Memcpy  0
12-30 10:16:03.465   398   464 I vw-vhal : notifyVehicleProperty, propId = 0x21402211, data = {status: 2, int32Values: [0]}
12-30 10:16:03.465   398   464 I vw-vhal : CanSignalsAdapter::notifyVehicleProperty: solvedValue = {.timestamp = 5899287735367, .areaId = 0, .prop = 557851153, .status = AVAILABLE, .value = {.int32Values = [1]{0}, .floatValues = [0]{}, .int64Values = [0]{}, .bytes = [0]{}, .stringValue = ""}}
12-30 10:16:03.466   398   464 I VehiclePropertyStore: begin to write value to Store: {.timestamp = 5899287735367, .areaId = 0, .prop = 557851153, .status = AVAILABLE, .value = {.int32Values = [1]{0}, .floatValues = [0]{}, .int64Values = [0]{}, .bytes = [0]{}, .stringValue = ""}}
12-30 10:16:03.466   398   464 I DefaultVehicleHal_v2_0: DefaultVehicleHal::onPropertyValue, value:{.timestamp = 5899287735367, .areaId = 0, .prop = 557851153, .status = AVAILABLE, .value = {.int32Values = [1]{0}, .floatValues = [0]{}, .int64Values = [0]{}, .bytes = [0]{}, .stringValue = ""}}
12-30 10:16:03.466   398   464 D DiagPropHandler: is not DiagnosticConfig: 0x21402211
12-30 10:16:03.466   360   458 D EvsDriver: doneWithFrame
12-30 10:16:03.466   398   464 I VehiclePropertyStore: begin to write value to Store: {.timestamp = 5899287735367, .areaId = 0, .prop = 557851153, .status = AVAILABLE, .value = {.int32Values = [1]{0}, .floatValues = [0]{}, .int64Values = [0]{}, .bytes = [0]{}, .stringValue = ""}}
12-30 10:16:03.466   398   464 D adayocomadapter-CommunicationManager: onUpstreamReceive mPropertyId 0x21402211
12-30 10:16:03.466   398   464 D adayocomadapter-CommunicationManager: onUpstreamReceive mPropertyId 0x214021b6
12-30 10:16:03.466   398   464 D adayocomadapter-CommunicationManager: convertBytesToInt32Memcpy  0
12-30 10:16:03.466   398   464 I vw-vhal : notifyVehicleProperty, propId = 0x214021b6, data = {status: 2, int32Values: [0]}
12-30 10:16:03.466   398   464 I vw-vhal : CanSignalsAdapter::notifyVehicleProperty: solvedValue = {.timestamp = 5899288526701, .areaId = 0, .prop = 557851062, .status = AVAILABLE, .value = {.int32Values = [1]{0}, .floatValues = [0]{}, .int64Values = [0]{}, .bytes = [0]{}, .stringValue = ""}}
12-30 10:16:03.466   398   464 I VehiclePropertyStore: begin to write value to Store: {.timestamp = 5899288526701, .areaId = 0, .prop = 557851062, .status = AVAILABLE, .value = {.int32Values = [1]{0}, .floatValues = [0]{}, .int64Values = [0]{}, .bytes = [0]{}, .stringValue = ""}}
12-30 10:16:03.466   398   464 I DefaultVehicleHal_v2_0: DefaultVehicleHal::onPropertyValue, value:{.timestamp = 5899288526701, .areaId = 0, .prop = 557851062, .status = AVAILABLE, .value = {.int32Values = [1]{0}, .floatValues = [0]{}, .int64Values = [0]{}, .bytes = [0]{}, .stringValue = ""}}
12-30 10:16:03.466   398   464 D DiagPropHandler: is not DiagnosticConfig: 0x214021b6
12-30 10:16:03.467   398   464 I VehiclePropertyStore: begin to write value to Store: {.timestamp = 5899288526701, .areaId = 0, .prop = 557851062, .status = AVAILABLE, .value = {.int32Values = [1]{0}, .floatValues = [0]{}, .int64Values = [0]{}, .bytes = [0]{}, .stringValue = ""}}
12-30 10:16:03.467   398   464 D adayocomadapter-CommunicationManager: onUpstreamReceive mPropertyId 0x214021b6
12-30 10:16:03.467   398   464 D adayocomadapter-CommunicationManager: onUpstreamReceive mPropertyId 0x21402155
12-30 10:16:03.467   398   464 D adayocomadapter-CommunicationManager: convertBytesToInt32Memcpy  0
12-30 10:16:03.467   398   464 I vw-vhal : notifyVehicleProperty, propId = 0x21402155, data = {status: 2, int32Values: [0]}
12-30 10:16:03.467   398   464 I vw-vhal : CanSignalsAdapter::notifyVehicleProperty: solvedValue = {.timestamp = 5899289288034, .areaId = 0, .prop = 557850965, .status = AVAILABLE, .value = {.int32Values = [1]{0}, .floatValues = [0]{}, .int64Values = [0]{}, .bytes = [0]{}, .stringValue = ""}}
12-30 10:16:03.467   398   464 I VehiclePropertyStore: begin to write value to Store: {.timestamp = 5899289288034, .areaId = 0, .prop = 557850965, .status = AVAILABLE, .value = {.int32Values = [1]{0}, .floatValues = [0]{}, .int64Values = [0]{}, .bytes = [0]{}, .stringValue = ""}}
12-30 10:16:03.467   398   464 I DefaultVehicleHal_v2_0: DefaultVehicleHal::onPropertyValue, value:{.timestamp = 5899289288034, .areaId = 0, .prop = 557850965, .status = AVAILABLE, .value = {.int32Values = [1]{0}, .floatValues = [0]{}, .int64Values = [0]{}, .bytes = [0]{}, .stringValue = ""}}
12-30 10:16:03.467   398   464 D DiagPropHandler: is not DiagnosticConfig: 0x21402155
12-30 10:16:03.467   398   464 I VehiclePropertyStore: begin to write value to Store: {.timestamp = 5899289288034, .areaId = 0, .prop = 557850965, .status = AVAILABLE, .value = {.int32Values = [1]{0}, .floatValues = [0]{}, .int64Values = [0]{}, .bytes = [0]{}, .stringValue = ""}}
12-30 10:16:03.467   398   464 D adayocomadapter-CommunicationManager: onUpstreamReceive mPropertyId 0x21402155
12-30 10:16:03.467   398   464 D adayocomadapter-CommunicationManager: onUpstreamReceive mPropertyId 0x214021ba
12-30 10:16:03.468   398   464 D adayocomadapter-CommunicationManager: convertBytesToInt32Memcpy  0
12-30 10:16:03.468   398   464 I vw-vhal : notifyVehicleProperty, propId = 0x214021ba, data = {status: 2, int32Values: [0]}
12-30 10:16:03.468   398   464 I vw-vhal : CanSignalsAdapter::notifyVehicleProperty: solvedValue = {.timestamp = 5899290041034, .areaId = 0, .prop = 557851066, .status = AVAILABLE, .value = {.int32Values = [1]{0}, .floatValues = [0]{}, .int64Values = [0]{}, .bytes = [0]{}, .stringValue = ""}}
12-30 10:16:03.468   398   464 I VehiclePropertyStore: begin to write value to Store: {.timestamp = 5899290041034, .areaId = 0, .prop = 557851066, .status = AVAILABLE, .value = {.int32Values = [1]{0}, .floatValues = [0]{}, .int64Values = [0]{}, .bytes = [0]{}, .stringValue = ""}}
12-30 10:16:03.468   398   464 I DefaultVehicleHal_v2_0: DefaultVehicleHal::onPropertyValue, value:{.timestamp = 5899290041034, .areaId = 0, .prop = 557851066, .status = AVAILABLE, .value = {.int32Values = [1]{0}, .floatValues = [0]{}, .int64Values = [0]{}, .bytes = [0]{}, .stringValue = ""}}
12-30 10:16:03.468   398   464 D DiagPropHandler: is not DiagnosticConfig: 0x214021ba
12-30 10:16:03.468   398   464 I VehiclePropertyStore: begin to write value to Store: {.timestamp = 5899290041034, .areaId = 0, .prop = 557851066, .status = AVAILABLE, .value = {.int32Values = [1]{0}, .floatValues = [0]{}, .int64Values = [0]{}, .bytes = [0]{}, .stringValue = ""}}
12-30 10:16:03.468   398   464 D adayocomadapter-CommunicationManager: onUpstreamReceive mPropertyId 0x214021ba
12-30 10:16:03.468   398   464 D adayocomadapter-CommunicationManager: onUpstreamReceive mPropertyId 0x21402159
