12-30 10:11:30.661   398   464 D adayocomadapter-CommunicationManager: onUpstreamReceive mPropertyId 0x214020c3
12-30 10:11:30.661   398   464 D adayocomadapter-CommunicationManager: onUpstreamReceive mPropertyId 0x21402114
12-30 10:11:30.661   398   464 D adayocomadapter-CommunicationManager: convertBytesToInt32Memcpy  0
12-30 10:11:30.661   398   464 I vw-vhal : notifyVehicleProperty, propId = 0x21402114, data = {status: 2, int32Values: [0]}
12-30 10:11:30.661   398   464 I vw-vhal : CanSignalsAdapter::notifyVehicleProperty: solvedValue = {.timestamp = 5626483726002, .areaId = 0, .prop = 557850900, .status = AVAILABLE, .value = {.int32Values = [1]{0}, .floatValues = [0]{}, .int64Values = [0]{}, .bytes = [0]{}, .stringValue = ""}}
12-30 10:11:30.662   398   464 I VehiclePropertyStore: begin to write value to Store: {.timestamp = 5626483726002, .areaId = 0, .prop = 557850900, .status = AVAILABLE, .value = {.int32Values = [1]{0}, .floatValues = [0]{}, .int64Values = [0]{}, .bytes = [0]{}, .stringValue = ""}}
12-30 10:11:30.662   398   464 I DefaultVehicleHal_v2_0: DefaultVehicleHal::onPropertyValue, value:{.timestamp = 5626483726002, .areaId = 0, .prop = 557850900, .status = AVAILABLE, .value = {.int32Values = [1]{0}, .floatValues = [0]{}, .int64Values = [0]{}, .bytes = [0]{}, .stringValue = ""}}
12-30 10:11:30.662   398   464 D DiagPropHandler: is not DiagnosticConfig: 0x21402114
12-30 10:11:30.662   398   464 I VehiclePropertyStore: begin to write value to Store: {.timestamp = 5626483726002, .areaId = 0, .prop = 557850900, .status = AVAILABLE, .value = {.int32Values = [1]{0}, .floatValues = [0]{}, .int64Values = [0]{}, .bytes = [0]{}, .stringValue = ""}}
12-30 10:11:30.662   398   464 D adayocomadapter-CommunicationManager: onUpstreamReceive mPropertyId 0x21402114
12-30 10:11:30.662   398   464 D adayocomadapter-CommunicationManager: onUpstreamReceive mPropertyId 0x214020b6
12-30 10:11:30.662   398   464 D adayocomadapter-CommunicationManager: convertBytesToInt32Memcpy  0
12-30 10:11:30.662   398   464 I vw-vhal : notifyVehicleProperty, propId = 0x214020b6, data = {status: 2, int32Values: [0]}
12-30 10:11:30.662   398   464 I vw-vhal : CanSignalsAdapter::notifyVehicleProperty: solvedValue = {.timestamp = 5626484445668, .areaId = 0, .prop = 557850806, .status = AVAILABLE, .value = {.int32Values = [1]{0}, .floatValues = [0]{}, .int64Values = [0]{}, .bytes = [0]{}, .stringValue = ""}}
12-30 10:11:30.662   398   464 I VehiclePropertyStore: begin to write value to Store: {.timestamp = 5626484445668, .areaId = 0, .prop = 557850806, .status = AVAILABLE, .value = {.int32Values = [1]{0}, .floatValues = [0]{}, .int64Values = [0]{}, .bytes = [0]{}, .stringValue = ""}}
12-30 10:11:30.662   398   464 I DefaultVehicleHal_v2_0: DefaultVehicleHal::onPropertyValue, value:{.timestamp = 5626484445668, .areaId = 0, .prop = 557850806, .status = AVAILABLE, .value = {.int32Values = [1]{0}, .floatValues = [0]{}, .int64Values = [0]{}, .bytes = [0]{}, .stringValue = ""}}
12-30 10:11:30.662   398   464 D DiagPropHandler: is not DiagnosticConfig: 0x214020b6
12-30 10:11:30.662   398   464 I VehiclePropertyStore: begin to write value to Store: {.timestamp = 5626484445668, .areaId = 0, .prop = 557850806, .status = AVAILABLE, .value = {.int32Values = [1]{0}, .floatValues = [0]{}, .int64Values = [0]{}, .bytes = [0]{}, .stringValue = ""}}
12-30 10:11:30.663   398   464 D adayocomadapter-CommunicationManager: onUpstreamReceive mPropertyId 0x214020b6
12-30 10:11:30.663   398   464 D adayocomadapter-CommunicationManager: onUpstreamReceive mPropertyId 0x21402115
12-30 10:11:30.663   398   464 D adayocomadapter-CommunicationManager: convertBytesToInt32Memcpy  0
12-30 10:11:30.663   398   464 I vw-vhal : notifyVehicleProperty, propId = 0x21402115, data = {status: 2, int32Values: [0]}
12-30 10:11:30.663   398   464 I vw-vhal : CanSignalsAdapter::notifyVehicleProperty: solvedValue = {.timestamp = 5626485092668, .areaId = 0, .prop = 557850901, .status = AVAILABLE, .value = {.int32Values = [1]{0}, .floatValues = [0]{}, .int64Values = [0]{}, .bytes = [0]{}, .stringValue = ""}}
12-30 10:11:30.663   398   464 I VehiclePropertyStore: begin to write value to Store: {.timestamp = 5626485092668, .areaId = 0, .prop = 557850901, .status = AVAILABLE, .value = {.int32Values = [1]{0}, .floatValues = [0]{}, .int64Values = [0]{}, .bytes = [0]{}, .stringValue = ""}}
12-30 10:11:30.663   398   464 I DefaultVehicleHal_v2_0: DefaultVehicleHal::onPropertyValue, value:{.timestamp = 5626485092668, .areaId = 0, .prop = 557850901, .status = AVAILABLE, .value = {.int32Values = [1]{0}, .floatValues = [0]{}, .int64Values = [0]{}, .bytes = [0]{}, .stringValue = ""}}
12-30 10:11:30.663   398   464 D DiagPropHandler: is not DiagnosticConfig: 0x21402115
12-30 10:11:30.663   398   464 I VehiclePropertyStore: begin to write value to Store: {.timestamp = 5626485092668, .areaId = 0, .prop = 557850901, .status = AVAILABLE, .value = {.int32Values = [1]{0}, .floatValues = [0]{}, .int64Values = [0]{}, .bytes = [0]{}, .stringValue = ""}}
12-30 10:11:30.663  1628  1858 I CCarServiceManager: CarServiceManager->t()35:link:[48]     ---29:pool-2-thread-2
12-30 10:11:30.663   398   464 D adayocomadapter-CommunicationManager: onUpstreamReceive mPropertyId 0x21402115
12-30 10:11:30.663   398   464 D adayocomadapter-CommunicationManager: onUpstreamReceive mPropertyId 0x2140211a
12-30 10:11:30.663   398   464 D adayocomadapter-CommunicationManager: convertBytesToInt32Memcpy  0
12-30 10:11:30.663   398   464 I vw-vhal : notifyVehicleProperty, propId = 0x2140211a, data = {status: 2, int32Values: [0]}
12-30 10:11:30.663  1628  1858 I CCarServiceManager: CarServiceManager->t()64:link 转换后:48     ---29:pool-2-thread-2
12-30 10:11:30.663   398   464 I vw-vhal : CanSignalsAdapter::notifyVehicleProperty: solvedValue = {.timestamp = 5626485718002, .areaId = 0, .prop = 557850906, .status = AVAILABLE, .value = {.int32Values = [1]{0}, .floatValues = [0]{}, .int64Values = [0]{}, .bytes = [0]{}, .stringValue = ""}}
12-30 10:11:30.663   398   464 I VehiclePropertyStore: begin to write value to Store: {.timestamp = 5626485718002, .areaId = 0, .prop = 557850906, .status = AVAILABLE, .value = {.int32Values = [1]{0}, .floatValues = [0]{}, .int64Values = [0]{}, .bytes = [0]{}, .stringValue = ""}}
12-30 10:11:30.664  1628  1858 I CCarServiceManager: CarServiceManager->t()84:link 转换后:48     ---29:pool-2-thread-2
12-30 10:11:30.664   398   464 I DefaultVehicleHal_v2_0: DefaultVehicleHal::onPropertyValue, value:{.timestamp = 5626485718002, .areaId = 0, .prop = 557850906, .status = AVAILABLE, .value = {.int32Values = [1]{0}, .floatValues = [0]{}, .int64Values = [0]{}, .bytes = [0]{}, .stringValue = ""}}
12-30 10:11:30.664   398   464 D DiagPropHandler: is not DiagnosticConfig: 0x2140211a
12-30 10:11:30.664  1628  1858 D CarPropertyManager: setProperty, propertyId: 0x2141400f, areaId: 0x0, class: class [Ljava.lang.Integer;, val: [Ljava.lang.Integer;@672cf86
12-30 10:11:30.664   398   464 I VehiclePropertyStore: begin to write value to Store: {.timestamp = 5626485718002, .areaId = 0, .prop = 557850906, .status = AVAILABLE, .value = {.int32Values = [1]{0}, .floatValues = [0]{}, .int64Values = [0]{}, .bytes = [0]{}, .stringValue = ""}}
12-30 10:11:30.664   398   464 D adayocomadapter-CommunicationManager: onUpstreamReceive mPropertyId 0x2140211a
12-30 10:11:30.664   398   464 D adayocomadapter-CommunicationManager: onUpstreamReceive mPropertyId 0x2140204b
12-30 10:11:30.664   398   464 D adayocomadapter-CommunicationManager: convertBytesToInt32Memcpy  0
12-30 10:11:30.664   398   464 I vw-vhal : notifyVehicleProperty, propId = 0x2140204b, data = {status: 2, int32Values: [0]}
12-30 10:11:30.664   398   464 I vw-vhal : CanSignalsAdapter::notifyVehicleProperty: solvedValue = {.timestamp = 5626486364002, .areaId = 0, .prop = 557850699, .status = AVAILABLE, .value = {.int32Values = [1]{0}, .floatValues = [0]{}, .int64Values = [0]{}, .bytes = [0]{}, .stringValue = ""}}
12-30 10:11:30.664   398   464 I VehiclePropertyStore: begin to write value to Store: {.timestamp = 5626486364002, .areaId = 0, .prop = 557850699, .status = AVAILABLE, .value = {.int32Values = [1]{0}, .floatValues = [0]{}, .int64Values = [0]{}, .bytes = [0]{}, .stringValue = ""}}
12-30 10:11:30.664   398   464 I DefaultVehicleHal_v2_0: DefaultVehicleHal::onPropertyValue, value:{.timestamp = 5626486364002, .areaId = 0, .prop = 557850699, .status = AVAILABLE, .value = {.int32Values = [1]{0}, .floatValues = [0]{}, .int64Values = [0]{}, .bytes = [0]{}, .stringValue = ""}}
12-30 10:11:30.664   398   464 D DiagPropHandler: is not DiagnosticConfig: 0x2140204b
12-30 10:11:30.664   398   464 I VehiclePropertyStore: begin to write value to Store: {.timestamp = 5626486364002, .areaId = 0, .prop = 557850699, .status = AVAILABLE, .value = {.int32Values = [1]{0}, .floatValues = [0]{}, .int64Values = [0]{}, .bytes = [0]{}, .stringValue = ""}}
12-30 10:11:30.664   398   464 D adayocomadapter-CommunicationManager: onUpstreamReceive mPropertyId 0x2140204b
12-30 10:11:30.664   398   464 D adayocomadapter-CommunicationManager: onUpstreamReceive mPropertyId 0x2140211b
12-30 10:11:30.665   398   464 D adayocomadapter-CommunicationManager: convertBytesToInt32Memcpy  0
12-30 10:11:30.665   398   464 I vw-vhal : notifyVehicleProperty, propId = 0x2140211b, data = {status: 2, int32Values: [0]}
12-30 10:11:30.665   398   464 I vw-vhal : CanSignalsAdapter::notifyVehicleProperty: solvedValue = {.timestamp = 5626486996668, .areaId = 0, .prop = 557850907, .status = AVAILABLE, .value = {.int32Values = [1]{0}, .floatValues = [0]{}, .int64Values = [0]{}, .bytes = [0]{}, .stringValue = ""}}
12-30 10:11:30.665   398   464 I VehiclePropertyStore: begin to write value to Store: {.timestamp = 5626486996668, .areaId = 0, .prop = 557850907, .status = AVAILABLE, .value = {.int32Values = [1]{0}, .floatValues = [0]{}, .int64Values = [0]{}, .bytes = [0]{}, .stringValue = ""}}
12-30 10:11:30.665   398   464 I DefaultVehicleHal_v2_0: DefaultVehicleHal::onPropertyValue, value:{.timestamp = 5626486996668, .areaId = 0, .prop = 557850907, .status = AVAILABLE, .value = {.int32Values = [1]{0}, .floatValues = [0]{}, .int64Values = [0]{}, .bytes = [0]{}, .stringValue = ""}}
12-30 10:11:30.665   398   464 D DiagPropHandler: is not DiagnosticConfig: 0x2140211b
12-30 10:11:30.665   398   464 I VehiclePropertyStore: begin to write value to Store: {.timestamp = 5626486996668, .areaId = 0, .prop = 557850907, .status = AVAILABLE, .value = {.int32Values = [1]{0}, .floatValues = [0]{}, .int64Values = [0]{}, .bytes = [0]{}, .stringValue = ""}}
12-30 10:11:30.665   398   464 D adayocomadapter-CommunicationManager: onUpstreamReceive mPropertyId 0x2140211b
12-30 10:11:30.665   398   464 D adayocomadapter-CommunicationManager: onUpstreamReceive mPropertyId 0x2140203b
12-30 10:11:30.665  1365  2014 D CarPropertyService: mSyncGetSetPropertyOpCount: 1
12-30 10:11:30.665   398   464 D adayocomadapter-CommunicationManager: convertBytesToInt32Memcpy  0
12-30 10:11:30.665   398   464 I vw-vhal : notifyVehicleProperty, propId = 0x2140203b, data = {status: 2, int32Values: [0]}
12-30 10:11:30.665   398   464 I vw-vhal : CanSignalsAdapter::notifyVehicleProperty: solvedValue = {.timestamp = 5626487679002, .areaId = 0, .prop = 557850683, .status = AVAILABLE, .value = {.int32Values = [1]{0}, .floatValues = [0]{}, .int64Values = [0]{}, .bytes = [0]{}, .stringValue = ""}}
12-30 10:11:30.665   398   464 I VehiclePropertyStore: begin to write value to Store: {.timestamp = 5626487679002, .areaId = 0, .prop = 557850683, .status = AVAILABLE, .value = {.int32Values = [1]{0}, .floatValues = [0]{}, .int64Values = [0]{}, .bytes = [0]{}, .stringValue = ""}}
12-30 10:11:30.666   398   464 I DefaultVehicleHal_v2_0: DefaultVehicleHal::onPropertyValue, value:{.timestamp = 5626487679002, .areaId = 0, .prop = 557850683, .status = AVAILABLE, .value = {.int32Values = [1]{0}, .floatValues = [0]{}, .int64Values = [0]{}, .bytes = [0]{}, .stringValue = ""}}
12-30 10:11:30.666   398   464 D DiagPropHandler: is not DiagnosticConfig: 0x2140203b
12-30 10:11:30.666   398   464 I VehiclePropertyStore: begin to write value to Store: {.timestamp = 5626487679002, .areaId = 0, .prop = 557850683, .status = AVAILABLE, .value = {.int32Values = [1]{0}, .floatValues = [0]{}, .int64Values = [0]{}, .bytes = [0]{}, .stringValue = ""}}
12-30 10:11:30.666   398   464 D adayocomadapter-CommunicationManager: onUpstreamReceive mPropertyId 0x2140203b
12-30 10:11:30.666   398   464 D adayocomadapter-CommunicationManager: onUpstreamReceive mPropertyId 0x2140203f
12-30 10:11:30.666   398   464 D adayocomadapter-CommunicationManager: convertBytesToInt32Memcpy  0
12-30 10:11:30.666   398   882 I DefaultVehicleHal_v2_0: DefaultVehicleHal::set, current value:{.timestamp = 0, .areaId = 0, .prop = 557924367, .status = AVAILABLE, .value = {.int32Values = [1]{0}, .floatValues = [0]{}, .int64Values = [0]{}, .bytes = [0]{}, .stringValue = ""}}
12-30 10:11:30.666   398   464 I vw-vhal : notifyVehicleProperty, propId = 0x2140203f, data = {status: 2, int32Values: [0]}
12-30 10:11:30.666   398   882 I DefaultVehicleHalServer: onSetProperty(0x2141400f)
12-30 10:11:30.666   398   464 I vw-vhal : CanSignalsAdapter::notifyVehicleProperty: solvedValue = {.timestamp = 5626488376335, .areaId = 0, .prop = 557850687, .status = AVAILABLE, .value = {.int32Values = [1]{0}, .floatValues = [0]{}, .int64Values = [0]{}, .bytes = [0]{}, .stringValue = ""}}
12-30 10:11:30.666   398   882 D vw-vhal : CanSignalsAdapter::setVehicleProperty: propValue = {.timestamp = 0, .areaId = 0, .prop = 557924367, .status = AVAILABLE, .value = {.int32Values = [1]{1}, .floatValues = [0]{}, .int64Values = [0]{}, .bytes = [0]{}, .stringValue = ""}}
12-30 10:11:30.666   398   464 I VehiclePropertyStore: begin to write value to Store: {.timestamp = 5626488376335, .areaId = 0, .prop = 557850687, .status = AVAILABLE, .value = {.int32Values = [1]{0}, .floatValues = [0]{}, .int64Values = [0]{}, .bytes = [0]{}, .stringValue = ""}}
12-30 10:11:30.666   398   882 D vw-vhal : CanSignalsAdapter::setVehicleProperty: propId = 0x2141400f, data = {status: 0, int32Values: [1]}
12-30 10:11:30.666   398   464 I DefaultVehicleHal_v2_0: DefaultVehicleHal::onPropertyValue, value:{.timestamp = 5626488376335, .areaId = 0, .prop = 557850687, .status = AVAILABLE, .value = {.int32Values = [1]{0}, .floatValues = [0]{}, .int64Values = [0]{}, .bytes = [0]{}, .stringValue = ""}}
12-30 10:11:30.666   398   882 D adayocomadapter-CommunicationManager: setProperty id=[557924367]
12-30 10:11:30.666   398   464 D DiagPropHandler: is not DiagnosticConfig: 0x2140203f
12-30 10:11:30.666   398   882 D adayocomadapter-CommunicationManager: writeValue id=[557924367]
12-30 10:11:30.666   398   882 D adayocomadapter-VehiclePropertyStore: writeValue id=[557924367]
12-30 10:11:30.666   398   464 I VehiclePropertyStore: begin to write value to Store: {.timestamp = 5626488376335, .areaId = 0, .prop = 557850687, .status = AVAILABLE, .value = {.int32Values = [1]{0}, .floatValues = [0]{}, .int64Values = [0]{}, .bytes = [0]{}, .stringValue = ""}}
12-30 10:11:30.666   398   882 D adayocomadapter-CommunicationManager: sendToDownstream mPropertyId 0x2141400f
12-30 10:11:30.666   398   464 D adayocomadapter-CommunicationManager: onUpstreamReceive mPropertyId 0x2140203f
12-30 10:11:30.667   398   464 D adayocomadapter-CommunicationManager: onUpstreamReceive mPropertyId 0x2140203a
12-30 10:11:30.667   398   882 D adayocomadapter-ParseProtocolFunc: printRaWMsg Name[sendToDownstream] len[4] data[00000000]
12-30 10:11:30.667   398   464 D adayocomadapter-CommunicationManager: convertBytesToInt32Memcpy  0
12-30 10:11:30.667   398   882 D adayocomadapter-ParseProtocolFunc: printRaWMsg Name[sendToDownstream] len[4] data[2141400F]
12-30 10:11:30.667   398   882 D adayocomadapter-ParseProtocolFunc: printRaWMsg Name[sendToDownstream] len[5] data[2141400F01]
12-30 10:11:30.667   398   464 I vw-vhal : notifyVehicleProperty, propId = 0x2140203a, data = {status: 2, int32Values: [0]}
12-30 10:11:30.667   398   882 D adayocomadapter-CommunicationManager: sendToDownstream ret[0]   member[130] dataLength[1] timePoint[5626489] 
12-30 10:11:30.667   398   882 D adayocomadapter-ParseProtocolFunc: printRaWMsg Name[sendToDownstream] len[5] data[2141400F01]
12-30 10:11:30.667   398   464 I vw-vhal : CanSignalsAdapter::notifyVehicleProperty: solvedValue = {.timestamp = 5626489075335, .areaId = 0, .prop = 557850682, .status = AVAILABLE, .value = {.int32Values = [1]{0}, .floatValues = [0]{}, .int64Values = [0]{}, .bytes = [0]{}, .stringValue = ""}}
12-30 10:11:30.667   398   882 D adayocomadapter-CommunicationManager: sendToDownstream  000 mPropertyId[0x557924367]  
12-30 10:11:30.667   398   464 I VehiclePropertyStore: begin to write value to Store: {.timestamp = 5626489075335, .areaId = 0, .prop = 557850682, .status = AVAILABLE, .value = {.int32Values = [1]{0}, .floatValues = [0]{}, .int64Values = [0]{}, .bytes = [0]{}, .stringValue = ""}}
12-30 10:11:30.667   398   698 D adayocomadapter-DownstreamHandler: processBeforePacket downSreamtProcessTimePoint[5626489] 
12-30 10:11:30.667   398   464 I DefaultVehicleHal_v2_0: DefaultVehicleHal::onPropertyValue, value:{.timestamp = 5626489075335, .areaId = 0, .prop = 557850682, .status = AVAILABLE, .value = {.int32Values = [1]{0}, .floatValues = [0]{}, .int64Values = [0]{}, .bytes = [0]{}, .stringValue = ""}}
12-30 10:11:30.667   398   698 D adayocomadapter-DownstreamHandler: DownstreamHandler processPacket 
12-30 10:11:30.667   398   464 D DiagPropHandler: is not DiagnosticConfig: 0x2140203a
12-30 10:11:30.667   398   698 D adayocomadapter-DownstreamHandler: DownstreamHandler processPacket valueIndex 0x2141400f
12-30 10:11:30.667   398   464 I VehiclePropertyStore: begin to write value to Store: {.timestamp = 5626489075335, .areaId = 0, .prop = 557850682, .status = AVAILABLE, .value = {.int32Values = [1]{0}, .floatValues = [0]{}, .int64Values = [0]{}, .bytes = [0]{}, .stringValue = ""}}
12-30 10:11:30.667  1365  2014 D CarPropertyService: mSyncGetSetPropertyOpCount: 0
12-30 10:11:30.667   398   698 D adayocomadapter-DownstreamHandler: DownstreamHandler processPacket 0002
12-30 10:11:30.667   398   464 D adayocomadapter-CommunicationManager: onUpstreamReceive mPropertyId 0x2140203a
12-30 10:11:30.667   398   698 D adayocomadapter-DownstreamHandler: DownstreamHandler processPacket sendMCUData2 
12-30 10:11:30.667   398   464 D adayocomadapter-CommunicationManager: onUpstreamReceive mPropertyId 0x2140203e
12-30 10:11:30.667   398   698 D adayocomadapter-CommunicationManager: sendMCUData 
12-30 10:11:30.668   360   931 D EvsDriver: forwardFrame
12-30 10:11:30.668   398   464 D adayocomadapter-CommunicationManager: convertBytesToInt32Memcpy  0
12-30 10:11:30.668   398   464 I vw-vhal : notifyVehicleProperty, propId = 0x2140203e, data = {status: 2, int32Values: [0]}
12-30 10:11:30.668   398   464 I vw-vhal : CanSignalsAdapter::notifyVehicleProperty: solvedValue = {.timestamp = 5626490132002, .areaId = 0, .prop = 557850686, .status = AVAILABLE, .value = {.int32Values = [1]{0}, .floatValues = [0]{}, .int64Values = [0]{}, .bytes = [0]{}, .stringValue = ""}}
12-30 10:11:30.668  1628  1858 I CCarServiceManager: CarServiceManager->t()118:link:0     ---29:pool-2-thread-2
12-30 10:11:30.668   398   464 I VehiclePropertyStore: begin to write value to Store: {.timestamp = 5626490132002, .areaId = 0, .prop = 557850686, .status = AVAILABLE, .value = {.int32Values = [1]{0}, .floatValues = [0]{}, .int64Values = [0]{}, .bytes = [0]{}, .stringValue = ""}}
12-30 10:11:30.668   398   698 D adayocomadapter-MCUInterfaceHandler: sendToMCU start
12-30 10:11:30.668   360   931 D EvsDriver: forwardFrameDirect
12-30 10:11:30.668  1628  1858 D CarPropertyManager: setProperty, propertyId: 0x2141400b, areaId: 0x0, class: class [Ljava.lang.Integer;, val: [Ljava.lang.Integer;@1c16047
12-30 10:11:30.668   360   931 D EvsDriver: Delivered 0xb400e2ca9e40d4b0 as id 1
12-30 10:11:30.669   650   730 D fgemcucomm: sd Uart data : 6AA601111100081202022141400F010D
12-30 10:11:30.669   359  2784 D evsmanagerd: /dev/video-evs0 forwarded the buffer #1 to 0xb400f125d2b26dd0 from 0xb400f125e2b20710
12-30 10:11:30.669   398   464 I DefaultVehicleHal_v2_0: DefaultVehicleHal::onPropertyValue, value:{.timestamp = 5626490132002, .areaId = 0, .prop = 557850686, .status = AVAILABLE, .value = {.int32Values = [1]{0}, .floatValues = [0]{}, .int64Values = [0]{}, .bytes = [0]{}, .stringValue = ""}}
12-30 10:11:30.669   398   464 D DiagPropHandler: is not DiagnosticConfig: 0x2140203e
12-30 10:11:30.669   398   464 I VehiclePropertyStore: begin to write value to Store: {.timestamp = 5626490132002, .areaId = 0, .prop = 557850686, .status = AVAILABLE, .value = {.int32Values = [1]{0}, .floatValues = [0]{}, .int64Values = [0]{}, .bytes = [0]{}, .stringValue = ""}}
12-30 10:11:30.669   398   698 D adayocomadapter-ParseProtocolFunc: printRaWMsg Name[sendToMCU] len[8] data[1202022141400F01]
12-30 10:11:30.669   398   464 D adayocomadapter-CommunicationManager: onUpstreamReceive mPropertyId 0x2140203e
12-30 10:11:30.669   398   464 D adayocomadapter-CommunicationManager: onUpstreamReceive mPropertyId 0x21402042
12-30 10:11:30.669   398   464 D adayocomadapter-CommunicationManager: convertBytesToInt32Memcpy  0
12-30 10:11:30.669   398   464 I vw-vhal : notifyVehicleProperty, propId = 0x21402042, data = {status: 2, int32Values: [0]}
12-30 10:11:30.669   398   464 I vw-vhal : CanSignalsAdapter::notifyVehicleProperty: solvedValue = {.timestamp = 5626491452668, .areaId = 0, .prop = 557850690, .status = AVAILABLE, .value = {.int32Values = [1]{0}, .floatValues = [0]{}, .int64Values = [0]{}, .bytes = [0]{}, .stringValue = ""}}
12-30 10:11:30.669   398   464 I VehiclePropertyStore: begin to write value to Store: {.timestamp = 5626491452668, .areaId = 0, .prop = 557850690, .status = AVAILABLE, .value = {.int32Values = [1]{0}, .floatValues = [0]{}, .int64Values = [0]{}, .bytes = [0]{}, .stringValue = ""}}
12-30 10:11:30.669   398   464 I DefaultVehicleHal_v2_0: DefaultVehicleHal::onPropertyValue, value:{.timestamp = 5626491452668, .areaId = 0, .prop = 557850690, .status = AVAILABLE, .value = {.int32Values = [1]{0}, .floatValues = [0]{}, .int64Values = [0]{}, .bytes = [0]{}, .stringValue = ""}}
12-30 10:11:30.669  1365  2014 D CarPropertyService: mSyncGetSetPropertyOpCount: 1
12-30 10:11:30.669   398   464 D DiagPropHandler: is not DiagnosticConfig: 0x21402042
12-30 10:11:30.670   398   464 I VehiclePropertyStore: begin to write value to Store: {.timestamp = 5626491452668, .areaId = 0, .prop = 557850690, .status = AVAILABLE, .value = {.int32Values = [1]{0}, .floatValues = [0]{}, .int64Values = [0]{}, .bytes = [0]{}, .stringValue = ""}}
12-30 10:11:30.670   398   464 D adayocomadapter-CommunicationManager: onUpstreamReceive mPropertyId 0x21402042
12-30 10:11:30.670   398   464 D adayocomadapter-CommunicationManager: onUpstreamReceive mPropertyId 0x21402039
12-30 10:11:30.670   398   464 D adayocomadapter-CommunicationManager: convertBytesToInt32Memcpy  0
12-30 10:11:30.670   398   464 I vw-vhal : notifyVehicleProperty, propId = 0x21402039, data = {status: 2, int32Values: [0]}
12-30 10:11:30.670   398   882 I DefaultVehicleHal_v2_0: DefaultVehicleHal::set, current value:{.timestamp = 0, .areaId = 0, .prop = 557924363, .status = AVAILABLE, .value = {.int32Values = [1]{0}, .floatValues = [0]{}, .int64Values = [0]{}, .bytes = [0]{}, .stringValue = ""}}
12-30 10:11:30.670   398   464 I vw-vhal : CanSignalsAdapter::notifyVehicleProperty: solvedValue = {.timestamp = 5626492382002, .areaId = 0, .prop = 557850681, .status = AVAILABLE, .value = {.int32Values = [1]{0}, .floatValues = [0]{}, .int64Values = [0]{}, .bytes = [0]{}, .stringValue = ""}}
12-30 10:11:30.670   398   464 I VehiclePropertyStore: begin to write value to Store: {.timestamp = 5626492382002, .areaId = 0, .prop = 557850681, .status = AVAILABLE, .value = {.int32Values = [1]{0}, .floatValues = [0]{}, .int64Values = [0]{}, .bytes = [0]{}, .stringValue = ""}}
12-30 10:11:30.670   398   464 I DefaultVehicleHal_v2_0: DefaultVehicleHal::onPropertyValue, value:{.timestamp = 5626492382002, .areaId = 0, .prop = 557850681, .status = AVAILABLE, .value = {.int32Values = [1]{0}, .floatValues = [0]{}, .int64Values = [0]{}, .bytes = [0]{}, .stringValue = ""}}
12-30 10:11:30.670   360   458 D EvsDriver: doneWithFrame
12-30 10:11:30.670   398   464 D DiagPropHandler: is not DiagnosticConfig: 0x21402039
12-30 10:11:30.670   398   464 I VehiclePropertyStore: begin to write value to Store: {.timestamp = 5626492382002, .areaId = 0, .prop = 557850681, .status = AVAILABLE, .value = {.int32Values = [1]{0}, .floatValues = [0]{}, .int64Values = [0]{}, .bytes = [0]{}, .stringValue = ""}}
12-30 10:11:30.670   398   882 I DefaultVehicleHalServer: onSetProperty(0x2141400b)
12-30 10:11:30.670   398   464 D adayocomadapter-CommunicationManager: onUpstreamReceive mPropertyId 0x21402039
12-30 10:11:30.671   398   882 D vw-vhal : CanSignalsAdapter::setVehicleProperty: propValue = {.timestamp = 0, .areaId = 0, .prop = 557924363, .status = AVAILABLE, .value = {.int32Values = [1]{2}, .floatValues = [0]{}, .int64Values = [0]{}, .bytes = [0]{}, .stringValue = ""}}
12-30 10:11:30.671   398   464 D adayocomadapter-CommunicationManager: onUpstreamReceive mPropertyId 0x2140203d
12-30 10:11:30.671   398   464 D adayocomadapter-CommunicationManager: convertBytesToInt32Memcpy  0
12-30 10:11:30.671   398   882 D vw-vhal : CanSignalsAdapter::setVehicleProperty: propId = 0x2141400b, data = {status: 0, int32Values: [2]}
12-30 10:11:30.671   398   882 D adayocomadapter-CommunicationManager: setProperty id=[557924363]
12-30 10:11:30.671   398   464 I vw-vhal : notifyVehicleProperty, propId = 0x2140203d, data = {status: 2, int32Values: [0]}
12-30 10:11:30.671   398   882 D adayocomadapter-CommunicationManager: writeValue id=[557924363]
12-30 10:11:30.671   398   882 D adayocomadapter-VehiclePropertyStore: writeValue id=[557924363]
12-30 10:11:30.671   398   464 I vw-vhal : CanSignalsAdapter::notifyVehicleProperty: solvedValue = {.timestamp = 5626493168668, .areaId = 0, .prop = 557850685, .status = AVAILABLE, .value = {.int32Values = [1]{0}, .floatValues = [0]{}, .int64Values = [0]{}, .bytes = [0]{}, .stringValue = ""}}
12-30 10:11:30.671   398   882 D adayocomadapter-CommunicationManager: sendToDownstream mPropertyId 0x2141400b
12-30 10:11:30.671   398   464 I VehiclePropertyStore: begin to write value to Store: {.timestamp = 5626493168668, .areaId = 0, .prop = 557850685, .status = AVAILABLE, .value = {.int32Values = [1]{0}, .floatValues = [0]{}, .int64Values = [0]{}, .bytes = [0]{}, .stringValue = ""}}
12-30 10:11:30.671   398   882 D adayocomadapter-ParseProtocolFunc: printRaWMsg Name[sendToDownstream] len[4] data[00000000]
12-30 10:11:30.671   398   882 D adayocomadapter-ParseProtocolFunc: printRaWMsg Name[sendToDownstream] len[4] data[2141400B]
12-30 10:11:30.671   398   464 I DefaultVehicleHal_v2_0: DefaultVehicleHal::onPropertyValue, value:{.timestamp = 5626493168668, .areaId = 0, .prop = 557850685, .status = AVAILABLE, .value = {.int32Values = [1]{0}, .floatValues = [0]{}, .int64Values = [0]{}, .bytes = [0]{}, .stringValue = ""}}
12-30 10:11:30.671   398   464 D DiagPropHandler: is not DiagnosticConfig: 0x2140203d
12-30 10:11:30.671   398   882 D adayocomadapter-ParseProtocolFunc: printRaWMsg Name[sendToDownstream] len[5] data[2141400B02]
12-30 10:11:30.671   398   464 I VehiclePropertyStore: begin to write value to Store: {.timestamp = 5626493168668, .areaId = 0, .prop = 557850685, .status = AVAILABLE, .value = {.int32Values = [1]{0}, .floatValues = [0]{}, .int64Values = [0]{}, .bytes = [0]{}, .stringValue = ""}}
12-30 10:11:30.671   398   882 D adayocomadapter-CommunicationManager: sendToDownstream ret[0]   member[130] dataLength[1] timePoint[5626493] 
12-30 10:11:30.671   398   464 D adayocomadapter-CommunicationManager: onUpstreamReceive mPropertyId 0x2140203d
12-30 10:11:30.671   398   882 D adayocomadapter-ParseProtocolFunc: printRaWMsg Name[sendToDownstream] len[5] data[2141400B02]
12-30 10:11:30.671   398   464 D adayocomadapter-CommunicationManager: onUpstreamReceive mPropertyId 0x21402041
12-30 10:11:30.671   398   882 D adayocomadapter-CommunicationManager: sendToDownstream  000 mPropertyId[0x557924363]  
12-30 10:11:30.671   398   464 D adayocomadapter-CommunicationManager: convertBytesToInt32Memcpy  0
12-30 10:11:30.671   398   464 I vw-vhal : notifyVehicleProperty, propId = 0x21402041, data = {status: 2, int32Values: [0]}
12-30 10:11:30.671   398   698 D adayocomadapter-DownstreamHandler: processBeforePacket downSreamtProcessTimePoint[5626493] 
12-30 10:11:30.672   398   698 D adayocomadapter-DownstreamHandler: DownstreamHandler processPacket 
12-30 10:11:30.672   398   464 I vw-vhal : CanSignalsAdapter::notifyVehicleProperty: solvedValue = {.timestamp = 5626493869668, .areaId = 0, .prop = 557850689, .status = AVAILABLE, .value = {.int32Values = [1]{0}, .floatValues = [0]{}, .int64Values = [0]{}, .bytes = [0]{}, .stringValue = ""}}
12-30 10:11:30.672   398   698 D adayocomadapter-DownstreamHandler: DownstreamHandler processPacket valueIndex 0x2141400b
12-30 10:11:30.672   398   698 D adayocomadapter-DownstreamHandler: DownstreamHandler processPacket 0002
12-30 10:11:30.672   398   464 I VehiclePropertyStore: begin to write value to Store: {.timestamp = 5626493869668, .areaId = 0, .prop = 557850689, .status = AVAILABLE, .value = {.int32Values = [1]{0}, .floatValues = [0]{}, .int64Values = [0]{}, .bytes = [0]{}, .stringValue = ""}}
12-30 10:11:30.672   398   698 D adayocomadapter-DownstreamHandler: DownstreamHandler processPacket sendMCUData2 
12-30 10:11:30.672  1365  2014 D CarPropertyService: mSyncGetSetPropertyOpCount: 0
12-30 10:11:30.672   398   464 I DefaultVehicleHal_v2_0: DefaultVehicleHal::onPropertyValue, value:{.timestamp = 5626493869668, .areaId = 0, .prop = 557850689, .status = AVAILABLE, .value = {.int32Values = [1]{0}, .floatValues = [0]{}, .int64Values = [0]{}, .bytes = [0]{}, .stringValue = ""}}
12-30 10:11:30.672   398   698 D adayocomadapter-CommunicationManager: sendMCUData 
12-30 10:11:30.672   398   698 D adayocomadapter-MCUInterfaceHandler: sendToMCU start
12-30 10:11:30.672   398   464 D DiagPropHandler: is not DiagnosticConfig: 0x21402041
12-30 10:11:30.672   398   464 I VehiclePropertyStore: begin to write value to Store: {.timestamp = 5626493869668, .areaId = 0, .prop = 557850689, .status = AVAILABLE, .value = {.int32Values = [1]{0}, .floatValues = [0]{}, .int64Values = [0]{}, .bytes = [0]{}, .stringValue = ""}}
12-30 10:11:30.672   398   464 D adayocomadapter-CommunicationManager: onUpstreamReceive mPropertyId 0x21402041
12-30 10:11:30.672   398   464 D adayocomadapter-CommunicationManager: onUpstreamReceive mPropertyId 0x21402045
12-30 10:11:30.672   398   464 D adayocomadapter-CommunicationManager: convertBytesToInt32Memcpy  0
12-30 10:11:30.672   398   464 I vw-vhal : notifyVehicleProperty, propId = 0x21402045, data = {status: 2, int32Values: [0]}
12-30 10:11:30.672   398   698 D adayocomadapter-ParseProtocolFunc: printRaWMsg Name[sendToMCU] len[8] data[1202022141400B02]
12-30 10:11:30.672   398   464 I vw-vhal : CanSignalsAdapter::notifyVehicleProperty: solvedValue = {.timestamp = 5626494544335, .areaId = 0, .prop = 557850693, .status = AVAILABLE, .value = {.int32Values = [1]{0}, .floatValues = [0]{}, .int64Values = [0]{}, .bytes = [0]{}, .stringValue = ""}}
12-30 10:11:30.672   398   464 I VehiclePropertyStore: begin to write value to Store: {.timestamp = 5626494544335, .areaId = 0, .prop = 557850693, .status = AVAILABLE, .value = {.int32Values = [1]{0}, .floatValues = [0]{}, .int64Values = [0]{}, .bytes = [0]{}, .stringValue = ""}}
12-30 10:11:30.672  1628  1858 I CCarServiceManager: CarServiceManager->t()178:temp:[52, 49]     ---29:pool-2-thread-2
12-30 10:11:30.672   398   464 I DefaultVehicleHal_v2_0: DefaultVehicleHal::onPropertyValue, value:{.timestamp = 5626494544335, .areaId = 0, .prop = 557850693, .status = AVAILABLE, .value = {.int32Values = [1]{0}, .floatValues = [0]{}, .int64Values = [0]{}, .bytes = [0]{}, .stringValue = ""}}
12-30 10:11:30.672   398   464 D DiagPropHandler: is not DiagnosticConfig: 0x21402045
12-30 10:11:30.673  1628  1858 D CarPropertyManager: setProperty, propertyId: 0x2141400d, areaId: 0x0, class: class [Ljava.lang.Integer;, val: [Ljava.lang.Integer;@895d074
12-30 10:11:30.673   398   464 I VehiclePropertyStore: begin to write value to Store: {.timestamp = 5626494544335, .areaId = 0, .prop = 557850693, .status = AVAILABLE, .value = {.int32Values = [1]{0}, .floatValues = [0]{}, .int64Values = [0]{}, .bytes = [0]{}, .stringValue = ""}}
12-30 10:11:30.673   398   464 D adayocomadapter-CommunicationManager: onUpstreamReceive mPropertyId 0x21402045
12-30 10:11:30.673   398   464 D adayocomadapter-CommunicationManager: onUpstreamReceive mPropertyId 0x2140204d
12-30 10:11:30.673   398   464 D adayocomadapter-CommunicationManager: convertBytesToInt32Memcpy  0
12-30 10:11:30.673   398   464 I vw-vhal : notifyVehicleProperty, propId = 0x2140204d, data = {status: 2, int32Values: [0]}
12-30 10:11:30.673   398   464 I vw-vhal : CanSignalsAdapter::notifyVehicleProperty: solvedValue = {.timestamp = 5626495204668, .areaId = 0, .prop = 557850701, .status = AVAILABLE, .value = {.int32Values = [1]{0}, .floatValues = [0]{}, .int64Values = [0]{}, .bytes = [0]{}, .stringValue = ""}}
12-30 10:11:30.673   398   464 I VehiclePropertyStore: begin to write value to Store: {.timestamp = 5626495204668, .areaId = 0, .prop = 557850701, .status = AVAILABLE, .value = {.int32Values = [1]{0}, .floatValues = [0]{}, .int64Values = [0]{}, .bytes = [0]{}, .stringValue = ""}}
12-30 10:11:30.673   398   464 I DefaultVehicleHal_v2_0: DefaultVehicleHal::onPropertyValue, value:{.timestamp = 5626495204668, .areaId = 0, .prop = 557850701, .status = AVAILABLE, .value = {.int32Values = [1]{0}, .floatValues = [0]{}, .int64Values = [0]{}, .bytes = [0]{}, .stringValue = ""}}
12-30 10:11:30.673   398   464 D DiagPropHandler: is not DiagnosticConfig: 0x2140204d
12-30 10:11:30.673   398   464 I VehiclePropertyStore: begin to write value to Store: {.timestamp = 5626495204668, .areaId = 0, .prop = 557850701, .status = AVAILABLE, .value = {.int32Values = [1]{0}, .floatValues = [0]{}, .int64Values = [0]{}, .bytes = [0]{}, .stringValue = ""}}
12-30 10:11:30.673   398   464 D adayocomadapter-CommunicationManager: onUpstreamReceive mPropertyId 0x2140204d
12-30 10:11:30.673   398   464 D adayocomadapter-CommunicationManager: onUpstreamReceive mPropertyId 0x2140220b
12-30 10:11:30.673   398   464 D adayocomadapter-CommunicationManager: convertBytesToInt32Memcpy  0
12-30 10:11:30.673   398   464 I vw-vhal : notifyVehicleProperty, propId = 0x2140220b, data = {status: 2, int32Values: [0]}
12-30 10:11:30.674   398   464 I vw-vhal : CanSignalsAdapter::notifyVehicleProperty: solvedValue = {.timestamp = 5626495929335, .areaId = 0, .prop = 557851147, .status = AVAILABLE, .value = {.int32Values = [1]{0}, .floatValues = [0]{}, .int64Values = [0]{}, .bytes = [0]{}, .stringValue = ""}}
12-30 10:11:30.674  1365  2014 D CarPropertyService: mSyncGetSetPropertyOpCount: 1
12-30 10:11:30.674   398   464 I VehiclePropertyStore: begin to write value to Store: {.timestamp = 5626495929335, .areaId = 0, .prop = 557851147, .status = AVAILABLE, .value = {.int32Values = [1]{0}, .floatValues = [0]{}, .int64Values = [0]{}, .bytes = [0]{}, .stringValue = ""}}
12-30 10:11:30.674   398   464 I DefaultVehicleHal_v2_0: DefaultVehicleHal::onPropertyValue, value:{.timestamp = 5626495929335, .areaId = 0, .prop = 557851147, .status = AVAILABLE, .value = {.int32Values = [1]{0}, .floatValues = [0]{}, .int64Values = [0]{}, .bytes = [0]{}, .stringValue = ""}}
12-30 10:11:30.674   398   882 I DefaultVehicleHal_v2_0: DefaultVehicleHal::set, current value:{.timestamp = 0, .areaId = 0, .prop = 557924365, .status = AVAILABLE, .value = {.int32Values = [1]{0}, .floatValues = [0]{}, .int64Values = [0]{}, .bytes = [0]{}, .stringValue = ""}}
12-30 10:11:30.674   398   882 I DefaultVehicleHalServer: onSetProperty(0x2141400d)
12-30 10:11:30.674   398   464 D DiagPropHandler: is not DiagnosticConfig: 0x2140220b
12-30 10:11:30.674   650   729 D fgemcucomm: sd Uart data : 6AA602AFC900029202F0
12-30 10:11:30.674   398   882 D vw-vhal : CanSignalsAdapter::setVehicleProperty: propValue = {.timestamp = 0, .areaId = 0, .prop = 557924365, .status = AVAILABLE, .value = {.int32Values = [1]{3}, .floatValues = [0]{}, .int64Values = [0]{}, .bytes = [0]{}, .stringValue = ""}}
12-30 10:11:30.675   398   464 I VehiclePropertyStore: begin to write value to Store: {.timestamp = 5626495929335, .areaId = 0, .prop = 557851147, .status = AVAILABLE, .value = {.int32Values = [1]{0}, .floatValues = [0]{}, .int64Values = [0]{}, .bytes = [0]{}, .stringValue = ""}}
12-30 10:11:30.675   398   882 D vw-vhal : CanSignalsAdapter::setVehicleProperty: propId = 0x2141400d, data = {status: 0, int32Values: [3]}
12-30 10:11:30.675   650   729 D fgemcucomm: rev uart=46558,len=20, data : 6AA681AFC9000C92020005000000000000000062
12-30 10:11:30.675   398   464 D adayocomadapter-CommunicationManager: onUpstreamReceive mPropertyId 0x2140220b
12-30 10:11:30.675   398   882 D adayocomadapter-CommunicationManager: setProperty id=[557924365]
12-30 10:11:30.675   398   882 D adayocomadapter-CommunicationManager: writeValue id=[557924365]
12-30 10:11:30.675   398   882 D adayocomadapter-VehiclePropertyStore: writeValue id=[557924365]
12-30 10:11:30.675   398   882 D adayocomadapter-CommunicationManager: sendToDownstream mPropertyId 0x2141400d
12-30 10:11:30.675   398  2883 D adayocomadapter-ParseProtocolFunc: printRaWMsg Name[MCUToUPstream recv] len[12] data[920200050000000000000000]
12-30 10:11:30.675   398   882 D adayocomadapter-ParseProtocolFunc: printRaWMsg Name[sendToDownstream] len[4] data[00000000]
12-30 10:11:30.675   398  2883 D adayocomadapter-CommunicationManager: onUpstreamback   member[0] dataLength[9] timePoint[5626497]
12-30 10:11:30.675   398   882 D adayocomadapter-ParseProtocolFunc: printRaWMsg Name[sendToDownstream] len[4] data[2141400D]
12-30 10:11:30.675   398   882 D adayocomadapter-ParseProtocolFunc: printRaWMsg Name[sendToDownstream] len[5] data[2141400D03]
12-30 10:11:30.675   398  2883 D adayocomadapter-ParseProtocolFunc: printRaWMsg Name[onUpstreamback] len[9] data[050000000000000000]
12-30 10:11:30.675   650   730 D fgemcucomm: file = hardware/interfaces/fgemcucomm/1.0/default/mcucomm/src/mcuCommFunctionTimer.cpp, function = startTimer  start timer OK = 4369 
12-30 10:11:30.675   398   882 D adayocomadapter-CommunicationManager: sendToDownstream ret[0]   member[130] dataLength[1] timePoint[5626497] 
12-30 10:11:30.675   398   882 D adayocomadapter-ParseProtocolFunc: printRaWMsg Name[sendToDownstream] len[5] data[2141400D03]
12-30 10:11:30.675   398   464 D adayocomadapter-UpstreamHandler: processBeforePacket upSreamtProcessTimePoint[5626497] 
12-30 10:11:30.675   398   882 D adayocomadapter-CommunicationManager: sendToDownstream  000 mPropertyId[0x557924365]  
12-30 10:11:30.675   398   464 D adayocomadapter-UpstreamHandler: processPacket UPSTREAM_QUEUE_DATA_TIMEOUT
12-30 10:11:30.676   398   464 D adayocomadapter-ParseProtocolFunc: parseCommonIPCLBytes Processing tableNumber[5]
12-30 10:11:30.676   398   464 D adayocomadapter-ParseProtocolFunc: parseCommonIPCLBytes Processing tablename[Table-5] tableSize[9]
12-30 10:11:30.676   398   698 D adayocomadapter-DownstreamHandler: processBeforePacket downSreamtProcessTimePoint[5626497] 
12-30 10:11:30.676   398   464 D adayocomadapter-ParseProtocolFunc: printRaWMsg Name[byteStream recv] len[9] data[050000000000000000]
12-30 10:11:30.676   398   698 D adayocomadapter-DownstreamHandler: DownstreamHandler processPacket 
12-30 10:11:30.676   398   698 D adayocomadapter-DownstreamHandler: DownstreamHandler processPacket valueIndex 0x2141400d
12-30 10:11:30.676   398   464 D adayocomadapter-ParseProtocolFunc: printRaWMsg Name[IPCLtoVHAL] len[7] data[21402134000000]
12-30 10:11:30.676   398   698 D adayocomadapter-DownstreamHandler: DownstreamHandler processPacket 0002
12-30 10:11:30.676  1365  2014 D CarPropertyService: mSyncGetSetPropertyOpCount: 0
12-30 10:11:30.676   398   464 D adayocomadapter-ParseProtocolFunc: printRaWMsg Name[IPCLtoVHAL] len[7] data[21402135000000]
12-30 10:11:30.676   398   698 D adayocomadapter-DownstreamHandler: DownstreamHandler processPacket sendMCUData2 
12-30 10:11:30.676   398   464 D adayocomadapter-ParseProtocolFunc: printRaWMsg Name[IPCLtoVHAL] len[7] data[21402136000000]
12-30 10:11:30.676   398   698 D adayocomadapter-CommunicationManager: sendMCUData 
12-30 10:11:30.676   398   698 D adayocomadapter-MCUInterfaceHandler: sendToMCU start
12-30 10:11:30.676   398   464 D adayocomadapter-ParseProtocolFunc: printRaWMsg Name[IPCLtoVHAL] len[7] data[21402137000000]
12-30 10:11:30.676   398   464 D adayocomadapter-CommunicationManager: onUpstreamReceive mPropertyId 0x21402134
12-30 10:11:30.676   398   464 D adayocomadapter-CommunicationManager: convertBytesToInt32Memcpy  0
12-30 10:11:30.676   398   464 I vw-vhal : notifyVehicleProperty, propId = 0x21402134, data = {status: 2, int32Values: [0]}
12-30 10:11:30.676   398   464 I vw-vhal : CanSignalsAdapter::notifyVehicleProperty: solvedValue = {.timestamp = 5626498574668, .areaId = 0, .prop = 557850932, .status = AVAILABLE, .value = {.int32Values = [1]{0}, .floatValues = [0]{}, .int64Values = [0]{}, .bytes = [0]{}, .stringValue = ""}}
12-30 10:11:30.676   398   698 D adayocomadapter-ParseProtocolFunc: printRaWMsg Name[sendToMCU] len[8] data[1202022141400D03]
12-30 10:11:30.676   398   464 I VehiclePropertyStore: begin to write value to Store: {.timestamp = 5626498574668, .areaId = 0, .prop = 557850932, .status = AVAILABLE, .value = {.int32Values = [1]{0}, .floatValues = [0]{}, .int64Values = [0]{}, .bytes = [0]{}, .stringValue = ""}}
12-30 10:11:30.676   398   464 I DefaultVehicleHal_v2_0: DefaultVehicleHal::onPropertyValue, value:{.timestamp = 5626498574668, .areaId = 0, .prop = 557850932, .status = AVAILABLE, .value = {.int32Values = [1]{0}, .floatValues = [0]{}, .int64Values = [0]{}, .bytes = [0]{}, .stringValue = ""}}
12-30 10:11:30.677  1628  1858 I CCarServiceManager: CarServiceManager->t()223:version:[48, 48, 48, 51, 48, 48, 48, 52]     ---29:pool-2-thread-2
12-30 10:11:30.677   398   464 D DiagPropHandler: is not DiagnosticConfig: 0x21402134
12-30 10:11:30.677   398   464 I VehiclePropertyStore: begin to write value to Store: {.timestamp = 5626498574668, .areaId = 0, .prop = 557850932, .status = AVAILABLE, .value = {.int32Values = [1]{0}, .floatValues = [0]{}, .int64Values = [0]{}, .bytes = [0]{}, .stringValue = ""}}
12-30 10:11:30.677   398   464 D adayocomadapter-CommunicationManager: onUpstreamReceive mPropertyId 0x21402134
12-30 10:11:30.677   398   464 D adayocomadapter-CommunicationManager: onUpstreamReceive mPropertyId 0x21402135
12-30 10:11:30.677   398   464 D adayocomadapter-CommunicationManager: convertBytesToInt32Memcpy  0
12-30 10:11:30.677   398   464 I vw-vhal : notifyVehicleProperty, propId = 0x21402135, data = {status: 2, int32Values: [0]}
12-30 10:11:30.677   398   464 I vw-vhal : CanSignalsAdapter::notifyVehicleProperty: solvedValue = {.timestamp = 5626499262335, .areaId = 0, .prop = 557850933, .status = AVAILABLE, .value = {.int32Values = [1]{0}, .floatValues = [0]{}, .int64Values = [0]{}, .bytes = [0]{}, .stringValue = ""}}
12-30 10:11:30.677   398   464 I VehiclePropertyStore: begin to write value to Store: {.timestamp = 5626499262335, .areaId = 0, .prop = 557850933, .status = AVAILABLE, .value = {.int32Values = [1]{0}, .floatValues = [0]{}, .int64Values = [0]{}, .bytes = [0]{}, .stringValue = ""}}
12-30 10:11:30.677   398   464 I DefaultVehicleHal_v2_0: DefaultVehicleHal::onPropertyValue, value:{.timestamp = 5626499262335, .areaId = 0, .prop = 557850933, .status = AVAILABLE, .value = {.int32Values = [1]{0}, .floatValues = [0]{}, .int64Values = [0]{}, .bytes = [0]{}, .stringValue = ""}}
12-30 10:11:30.677   398   464 D DiagPropHandler: is not DiagnosticConfig: 0x21402135
12-30 10:11:30.677   398   464 I VehiclePropertyStore: begin to write value to Store: {.timestamp = 5626499262335, .areaId = 0, .prop = 557850933, .status = AVAILABLE, .value = {.int32Values = [1]{0}, .floatValues = [0]{}, .int64Values = [0]{}, .bytes = [0]{}, .stringValue = ""}}
12-30 10:11:30.677   398   464 D adayocomadapter-CommunicationManager: onUpstreamReceive mPropertyId 0x21402135
12-30 10:11:30.677   398   464 D adayocomadapter-CommunicationManager: onUpstreamReceive mPropertyId 0x21402136
12-30 10:11:30.677   398   464 D adayocomadapter-CommunicationManager: convertBytesToInt32Memcpy  0
12-30 10:11:30.678   398   464 I vw-vhal : notifyVehicleProperty, propId = 0x21402136, data = {status: 2, int32Values: [0]}
12-30 10:11:30.678   398   464 I vw-vhal : CanSignalsAdapter::notifyVehicleProperty: solvedValue = {.timestamp = 5626499924335, .areaId = 0, .prop = 557850934, .status = AVAILABLE, .value = {.int32Values = [1]{0}, .floatValues = [0]{}, .int64Values = [0]{}, .bytes = [0]{}, .stringValue = ""}}
12-30 10:11:30.678   398   464 I VehiclePropertyStore: begin to write value to Store: {.timestamp = 5626499924335, .areaId = 0, .prop = 557850934, .status = AVAILABLE, .value = {.int32Values = [1]{0}, .floatValues = [0]{}, .int64Values = [0]{}, .bytes = [0]{}, .stringValue = ""}}
12-30 10:11:30.678   398   464 I DefaultVehicleHal_v2_0: DefaultVehicleHal::onPropertyValue, value:{.timestamp = 5626499924335, .areaId = 0, .prop = 557850934, .status = AVAILABLE, .value = {.int32Values = [1]{0}, .floatValues = [0]{}, .int64Values = [0]{}, .bytes = [0]{}, .stringValue = ""}}
12-30 10:11:30.678   398   464 D DiagPropHandler: is not DiagnosticConfig: 0x21402136
12-30 10:11:30.678   398   464 I VehiclePropertyStore: begin to write value to Store: {.timestamp = 5626499924335, .areaId = 0, .prop = 557850934, .status = AVAILABLE, .value = {.int32Values = [1]{0}, .floatValues = [0]{}, .int64Values = [0]{}, .bytes = [0]{}, .stringValue = ""}}
12-30 10:11:30.678   398   464 D adayocomadapter-CommunicationManager: onUpstreamReceive mPropertyId 0x21402136
12-30 10:11:30.678   398   464 D adayocomadapter-CommunicationManager: onUpstreamReceive mPropertyId 0x21402137
12-30 10:11:30.678   398   464 D adayocomadapter-CommunicationManager: convertBytesToInt32Memcpy  0
12-30 10:11:30.678   398   464 I vw-vhal : notifyVehicleProperty, propId = 0x21402137, data = {status: 2, int32Values: [0]}
12-30 10:11:30.679   398   464 I vw-vhal : CanSignalsAdapter::notifyVehicleProperty: solvedValue = {.timestamp = 5626500880335, .areaId = 0, .prop = 557850935, .status = AVAILABLE, .value = {.int32Values = [1]{0}, .floatValues = [0]{}, .int64Values = [0]{}, .bytes = [0]{}, .stringValue = ""}}
12-30 10:11:30.679   398   464 I VehiclePropertyStore: begin to write value to Store: {.timestamp = 5626500880335, .areaId = 0, .prop = 557850935, .status = AVAILABLE, .value = {.int32Values = [1]{0}, .floatValues = [0]{}, .int64Values = [0]{}, .bytes = [0]{}, .stringValue = ""}}
12-30 10:11:30.679   398   464 I DefaultVehicleHal_v2_0: DefaultVehicleHal::onPropertyValue, value:{.timestamp = 5626500880335, .areaId = 0, .prop = 557850935, .status = AVAILABLE, .value = {.int32Values = [1]{0}, .floatValues = [0]{}, .int64Values = [0]{}, .bytes = [0]{}, .stringValue = ""}}
12-30 10:11:30.679   398   464 D DiagPropHandler: is not DiagnosticConfig: 0x21402137
12-30 10:11:30.679   398   464 I VehiclePropertyStore: begin to write value to Store: {.timestamp = 5626500880335, .areaId = 0, .prop = 557850935, .status = AVAILABLE, .value = {.int32Values = [1]{0}, .floatValues = [0]{}, .int64Values = [0]{}, .bytes = [0]{}, .stringValue = ""}}
12-30 10:11:30.679   398   464 D adayocomadapter-CommunicationManager: onUpstreamReceive mPropertyId 0x21402137
12-30 10:11:30.679   596  3076 E WifiHAL : Invalid data received from driver
12-30 10:11:30.685  2358  2623 D RcfController: Rcf proxy is not connected!
12-30 10:11:30.685   650   730 D fgemcucomm: sd Uart data : 6AA601111200081202022141400B020F
12-30 10:11:30.694   650   729 D fgemcucomm: file = hardware/interfaces/fgemcucomm/1.0/default/mcucomm/src/mcuCommFunctionTimer.cpp, func = stopTimer  stop timer = 4369 
12-30 10:11:30.694   650   729 D fgemcucomm: rev uart=46559,len=10, data : 6AA68211110002120246
12-30 10:11:30.694   650   730 D fgemcucomm: file = hardware/interfaces/fgemcucomm/1.0/default/mcucomm/src/mcuCommFunctionTimer.cpp, function = startTimer  start timer OK = 4370 
12-30 10:11:30.701   360   931 D EvsDriver: forwardFrame
12-30 10:11:30.701   360   931 D EvsDriver: forwardFrameDirect
12-30 10:11:30.701   360   931 D EvsDriver: Delivered 0xb400e2ca9e40c2d0 as id 0
12-30 10:11:30.701   359  2784 D evsmanagerd: /dev/video-evs0 forwarded the buffer #0 to 0xb400f125d2b26dd0 from 0xb400f125e2b20710
12-30 10:11:30.705   650   730 D fgemcucomm: sd Uart data : 6AA601111300081202022141400D030B
12-30 10:11:30.711   360   458 D EvsDriver: doneWithFrame
12-30 10:11:30.708   657   657 I auditd  : type=1400 audit(0.0:632480): avc:  denied  { ioctl } for  comm="evs_app.adayo" path="/dev/g2d0" dev="tmpfs" ino=690 ioctlcmd=0x6703 scontext=u:r:evs_app_adayo:s0 tcontext=u:object_r:g2d_device:s0 tclass=chr_file permissive=1
12-30 10:11:30.708   657   657 I evs_app.adayo: type=1400 audit(0.0:632480): avc:  denied  { ioctl } for  path="/dev/g2d0" dev="tmpfs" ino=690 ioctlcmd=0x6703 scontext=u:r:evs_app_adayo:s0 tcontext=u:object_r:g2d_device:s0 tclass=chr_file permissive=1
12-30 10:11:30.714   650   729 D fgemcucomm: file = hardware/interfaces/fgemcucomm/1.0/default/mcucomm/src/mcuCommFunctionTimer.cpp, func = stopTimer  stop timer = 4370 
12-30 10:11:30.714   650   729 D fgemcucomm: rev uart=46560,len=10, data : 6AA68211120002120245
