12-30 10:11:36.045   398   464 D adayocomadapter-CommunicationManager: onUpstreamReceive mPropertyId 0x21412090
12-30 10:11:36.045   398   464 I vw-vhal : notifyVehicleProperty, propId = 0x21412090, data = {status: 2, int32Values: [0, 0]}
12-30 10:11:36.046   398   464 I vw-vhal : CanSignalsAdapter::notifyVehicleProperty: solvedValue = {.timestamp = 5631867875002, .areaId = 0, .prop = 557916304, .status = AVAILABLE, .value = {.int32Values = [2]{0, 0}, .floatValues = [0]{}, .int64Values = [0]{}, .bytes = [0]{}, .stringValue = ""}}
12-30 10:11:36.046   398   464 I VehiclePropertyStore: begin to write value to Store: {.timestamp = 5631867875002, .areaId = 0, .prop = 557916304, .status = AVAILABLE, .value = {.int32Values = [2]{0, 0}, .floatValues = [0]{}, .int64Values = [0]{}, .bytes = [0]{}, .stringValue = ""}}
12-30 10:11:36.046   398   464 I DefaultVehicleHal_v2_0: DefaultVehicleHal::onPropertyValue, value:{.timestamp = 5631867875002, .areaId = 0, .prop = 557916304, .status = AVAILABLE, .value = {.int32Values = [2]{0, 0}, .floatValues = [0]{}, .int64Values = [0]{}, .bytes = [0]{}, .stringValue = ""}}
12-30 10:11:36.046   398   464 D DiagPropHandler: is not DiagnosticConfig: 0x21412090
12-30 10:11:36.046   398   464 I VehiclePropertyStore: begin to write value to Store: {.timestamp = 5631867875002, .areaId = 0, .prop = 557916304, .status = AVAILABLE, .value = {.int32Values = [2]{0, 0}, .floatValues = [0]{}, .int64Values = [0]{}, .bytes = [0]{}, .stringValue = ""}}
12-30 10:11:36.046   398   464 D adayocomadapter-CommunicationManager: onUpstreamReceive mPropertyId 0x21412090
12-30 10:11:36.046   398   464 D adayocomadapter-CommunicationManager: onUpstreamReceive mPropertyId 0x21412091
12-30 10:11:36.046   398   464 I vw-vhal : notifyVehicleProperty, propId = 0x21412091, data = {status: 2, int32Values: [0, 0]}
12-30 10:11:36.046   398   464 I vw-vhal : CanSignalsAdapter::notifyVehicleProperty: solvedValue = {.timestamp = 5631868246669, .areaId = 0, .prop = 557916305, .status = AVAILABLE, .value = {.int32Values = [2]{0, 0}, .floatValues = [0]{}, .int64Values = [0]{}, .bytes = [0]{}, .stringValue = ""}}
12-30 10:11:36.046   398   464 I VehiclePropertyStore: begin to write value to Store: {.timestamp = 5631868246669, .areaId = 0, .prop = 557916305, .status = AVAILABLE, .value = {.int32Values = [2]{0, 0}, .floatValues = [0]{}, .int64Values = [0]{}, .bytes = [0]{}, .stringValue = ""}}
12-30 10:11:36.046   398   464 I DefaultVehicleHal_v2_0: DefaultVehicleHal::onPropertyValue, value:{.timestamp = 5631868246669, .areaId = 0, .prop = 557916305, .status = AVAILABLE, .value = {.int32Values = [2]{0, 0}, .floatValues = [0]{}, .int64Values = [0]{}, .bytes = [0]{}, .stringValue = ""}}
12-30 10:11:36.046   398   464 D DiagPropHandler: is not DiagnosticConfig: 0x21412091
12-30 10:11:36.046   398   464 I VehiclePropertyStore: begin to write value to Store: {.timestamp = 5631868246669, .areaId = 0, .prop = 557916305, .status = AVAILABLE, .value = {.int32Values = [2]{0, 0}, .floatValues = [0]{}, .int64Values = [0]{}, .bytes = [0]{}, .stringValue = ""}}
12-30 10:11:36.046   398   464 D adayocomadapter-CommunicationManager: onUpstreamReceive mPropertyId 0x21412091
12-30 10:11:36.046   398   464 D adayocomadapter-CommunicationManager: onUpstreamReceive mPropertyId 0x21412092
12-30 10:11:36.046   398   464 I vw-vhal : notifyVehicleProperty, propId = 0x21412092, data = {status: 2, int32Values: [0, 0]}
12-30 10:11:36.046   398   464 I vw-vhal : CanSignalsAdapter::notifyVehicleProperty: solvedValue = {.timestamp = 5631868567336, .areaId = 0, .prop = 557916306, .status = AVAILABLE, .value = {.int32Values = [2]{0, 0}, .floatValues = [0]{}, .int64Values = [0]{}, .bytes = [0]{}, .stringValue = ""}}
12-30 10:11:36.046   398   464 I VehiclePropertyStore: begin to write value to Store: {.timestamp = 5631868567336, .areaId = 0, .prop = 557916306, .status = AVAILABLE, .value = {.int32Values = [2]{0, 0}, .floatValues = [0]{}, .int64Values = [0]{}, .bytes = [0]{}, .stringValue = ""}}
12-30 10:11:36.046   398   464 I DefaultVehicleHal_v2_0: DefaultVehicleHal::onPropertyValue, value:{.timestamp = 5631868567336, .areaId = 0, .prop = 557916306, .status = AVAILABLE, .value = {.int32Values = [2]{0, 0}, .floatValues = [0]{}, .int64Values = [0]{}, .bytes = [0]{}, .stringValue = ""}}
12-30 10:11:36.046   398   464 D DiagPropHandler: is not DiagnosticConfig: 0x21412092
12-30 10:11:36.046   398   464 I VehiclePropertyStore: begin to write value to Store: {.timestamp = 5631868567336, .areaId = 0, .prop = 557916306, .status = AVAILABLE, .value = {.int32Values = [2]{0, 0}, .floatValues = [0]{}, .int64Values = [0]{}, .bytes = [0]{}, .stringValue = ""}}
12-30 10:11:36.046   398   464 D adayocomadapter-CommunicationManager: onUpstreamReceive mPropertyId 0x21412092
12-30 10:11:36.056  1667  2594 W ContextImpl: Calling a method in the system process without a qualified user: android.app.ContextImpl.bindService:1988 android.content.ContextWrapper.bindService:861 com.ford.sync.fnvservice.FordFnv.c:202 com.ford.sync.fnvservice.FordFnv.c:43 com.ford.sync.fnvservice.FordFnv$RetryHandler.handleMessage:245 
12-30 10:11:36.057   916  1847 W ActivityManager: Unable to start service Intent { cmp=com.ford.sync.fnvservice/.FordFnvService } U=0: not found
12-30 10:11:36.057  1667  2594 W FordFnv :  bind ford fnv failed -> sendRetryMessage 
12-30 10:11:36.063  2358  2623 D RcfController: Rcf proxy is not connected!
12-30 10:11:36.067   596  3076 E WifiHAL : Invalid data received from driver
12-30 10:11:36.067   360   931 D EvsDriver: forwardFrame
12-30 10:11:36.067   360   931 D EvsDriver: forwardFrameDirect
12-30 10:11:36.068   360   931 D EvsDriver: Delivered 0xb400e2ca9e40d4b0 as id 1
12-30 10:11:36.068   359  2784 D evsmanagerd: /dev/video-evs0 forwarded the buffer #1 to 0xb400f125d2b26dd0 from 0xb400f125e2b20710
12-30 10:11:36.072   360   458 D EvsDriver: doneWithFrame
12-30 10:11:36.101   360   931 D EvsDriver: forwardFrame
12-30 10:11:36.101   360   931 D EvsDriver: forwardFrameDirect
12-30 10:11:36.101   360   931 D EvsDriver: Delivered 0xb400e2ca9e40c2d0 as id 0
12-30 10:11:36.101   359  2784 D evsmanagerd: /dev/video-evs0 forwarded the buffer #0 to 0xb400f125d2b26dd0 from 0xb400f125e2b20710
12-30 10:11:36.103   360   458 D EvsDriver: doneWithFrame
12-30 10:11:36.113  2358  2623 D RcfController: Rcf proxy is not connected!
12-30 10:11:36.114   650   729 D fgemcucomm: sd Uart data : 6AA602AFF200029202C7
12-30 10:11:36.114   650   729 D fgemcucomm: rev uart=46603,len=15, data : 6AA681AFF200079202000200000041
12-30 10:11:36.114   398   882 D adayocomadapter-ParseProtocolFunc: printRaWMsg Name[MCUToUPstream recv] len[7] data[92020002000000]
12-30 10:11:36.114   398   882 D adayocomadapter-CommunicationManager: onUpstreamback   member[0] dataLength[4] timePoint[5631936]
12-30 10:11:36.114   398   882 D adayocomadapter-ParseProtocolFunc: printRaWMsg Name[onUpstreamback] len[4] data[02000000]
12-30 10:11:36.114   398   464 D adayocomadapter-UpstreamHandler: processBeforePacket upSreamtProcessTimePoint[5631936] 
12-30 10:11:36.114   398   464 D adayocomadapter-UpstreamHandler: processPacket UPSTREAM_QUEUE_DATA_TIMEOUT
12-30 10:11:36.114   398   464 D adayocomadapter-ParseProtocolFunc: parseCommonIPCLBytes Processing tableNumber[2]
12-30 10:11:36.114   398   464 D adayocomadapter-ParseProtocolFunc: parseCommonIPCLBytes Processing tablename[Table-2] tableSize[4]
12-30 10:11:36.114   398   464 D adayocomadapter-ParseProtocolFunc: printRaWMsg Name[byteStream recv] len[4] data[02000000]
12-30 10:11:36.115   398   464 D adayocomadapter-ParseProtocolFunc: printRaWMsg Name[IPCLtoVHAL] len[6] data[214020490000]
12-30 10:11:36.115   398   464 D adayocomadapter-ParseProtocolFunc: printRaWMsg Name[IPCLtoVHAL] len[6] data[214021A20000]
12-30 10:11:36.115   398   464 D adayocomadapter-ParseProtocolFunc: printRaWMsg Name[IPCLtoVHAL] len[6] data[214020EA0000]
12-30 10:11:36.115   398   464 D adayocomadapter-CommunicationManager: onUpstreamReceive mPropertyId 0x21402049
12-30 10:11:36.115   398   464 D adayocomadapter-CommunicationManager: convertBytesToInt32Memcpy  0
12-30 10:11:36.115   398   464 I vw-vhal : notifyVehicleProperty, propId = 0x21402049, data = {status: 2, int32Values: [0]}
12-30 10:11:36.115   398   464 I vw-vhal : CanSignalsAdapter::notifyVehicleProperty: solvedValue = {.timestamp = 5631937081669, .areaId = 0, .prop = 557850697, .status = AVAILABLE, .value = {.int32Values = [1]{0}, .floatValues = [0]{}, .int64Values = [0]{}, .bytes = [0]{}, .stringValue = ""}}
12-30 10:11:36.115   398   464 I VehiclePropertyStore: begin to write value to Store: {.timestamp = 5631937081669, .areaId = 0, .prop = 557850697, .status = AVAILABLE, .value = {.int32Values = [1]{0}, .floatValues = [0]{}, .int64Values = [0]{}, .bytes = [0]{}, .stringValue = ""}}
12-30 10:11:36.115   398   464 I DefaultVehicleHal_v2_0: DefaultVehicleHal::onPropertyValue, value:{.timestamp = 5631937081669, .areaId = 0, .prop = 557850697, .status = AVAILABLE, .value = {.int32Values = [1]{0}, .floatValues = [0]{}, .int64Values = [0]{}, .bytes = [0]{}, .stringValue = ""}}
12-30 10:11:36.115   398   464 D DiagPropHandler: is not DiagnosticConfig: 0x21402049
12-30 10:11:36.115   398   464 I VehiclePropertyStore: begin to write value to Store: {.timestamp = 5631937081669, .areaId = 0, .prop = 557850697, .status = AVAILABLE, .value = {.int32Values = [1]{0}, .floatValues = [0]{}, .int64Values = [0]{}, .bytes = [0]{}, .stringValue = ""}}
12-30 10:11:36.115   398   464 D adayocomadapter-CommunicationManager: onUpstreamReceive mPropertyId 0x21402049
12-30 10:11:36.115   398   464 D adayocomadapter-CommunicationManager: onUpstreamReceive mPropertyId 0x214021a2
12-30 10:11:36.115   398   464 D adayocomadapter-CommunicationManager: convertBytesToInt32Memcpy  0
12-30 10:11:36.115   398   464 I vw-vhal : notifyVehicleProperty, propId = 0x214021a2, data = {status: 2, int32Values: [0]}
12-30 10:11:36.115   398   464 I vw-vhal : CanSignalsAdapter::notifyVehicleProperty: solvedValue = {.timestamp = 5631937470669, .areaId = 0, .prop = 557851042, .status = AVAILABLE, .value = {.int32Values = [1]{0}, .floatValues = [0]{}, .int64Values = [0]{}, .bytes = [0]{}, .stringValue = ""}}
12-30 10:11:36.115   398   464 I VehiclePropertyStore: begin to write value to Store: {.timestamp = 5631937470669, .areaId = 0, .prop = 557851042, .status = AVAILABLE, .value = {.int32Values = [1]{0}, .floatValues = [0]{}, .int64Values = [0]{}, .bytes = [0]{}, .stringValue = ""}}
12-30 10:11:36.115   398   464 I DefaultVehicleHal_v2_0: DefaultVehicleHal::onPropertyValue, value:{.timestamp = 5631937470669, .areaId = 0, .prop = 557851042, .status = AVAILABLE, .value = {.int32Values = [1]{0}, .floatValues = [0]{}, .int64Values = [0]{}, .bytes = [0]{}, .stringValue = ""}}
12-30 10:11:36.115   398   464 D DiagPropHandler: is not DiagnosticConfig: 0x214021a2
12-30 10:11:36.115   398   464 I VehiclePropertyStore: begin to write value to Store: {.timestamp = 5631937470669, .areaId = 0, .prop = 557851042, .status = AVAILABLE, .value = {.int32Values = [1]{0}, .floatValues = [0]{}, .int64Values = [0]{}, .bytes = [0]{}, .stringValue = ""}}
12-30 10:11:36.115   398   464 D adayocomadapter-CommunicationManager: onUpstreamReceive mPropertyId 0x214021a2
12-30 10:11:36.115   398   464 D adayocomadapter-CommunicationManager: onUpstreamReceive mPropertyId 0x214020ea
12-30 10:11:36.115   398   464 D adayocomadapter-CommunicationManager: convertBytesToInt32Memcpy  0
12-30 10:11:36.115   398   464 I vw-vhal : notifyVehicleProperty, propId = 0x214020ea, data = {status: 2, int32Values: [0]}
12-30 10:11:36.115   398   464 I vw-vhal : CanSignalsAdapter::notifyVehicleProperty: solvedValue = {.timestamp = 5631937823336, .areaId = 0, .prop = 557850858, .status = AVAILABLE, .value = {.int32Values = [1]{0}, .floatValues = [0]{}, .int64Values = [0]{}, .bytes = [0]{}, .stringValue = ""}}
12-30 10:11:36.116   398   464 I VehiclePropertyStore: begin to write value to Store: {.timestamp = 5631937823336, .areaId = 0, .prop = 557850858, .status = AVAILABLE, .value = {.int32Values = [1]{0}, .floatValues = [0]{}, .int64Values = [0]{}, .bytes = [0]{}, .stringValue = ""}}
12-30 10:11:36.116   398   464 I DefaultVehicleHal_v2_0: DefaultVehicleHal::onPropertyValue, value:{.timestamp = 5631937823336, .areaId = 0, .prop = 557850858, .status = AVAILABLE, .value = {.int32Values = [1]{0}, .floatValues = [0]{}, .int64Values = [0]{}, .bytes = [0]{}, .stringValue = ""}}
12-30 10:11:36.116   398   464 D DiagPropHandler: is not DiagnosticConfig: 0x214020ea
12-30 10:11:36.116   398   464 I VehiclePropertyStore: begin to write value to Store: {.timestamp = 5631937823336, .areaId = 0, .prop = 557850858, .status = AVAILABLE, .value = {.int32Values = [1]{0}, .floatValues = [0]{}, .int64Values = [0]{}, .bytes = [0]{}, .stringValue = ""}}
12-30 10:11:36.116   398   464 D adayocomadapter-CommunicationManager: onUpstreamReceive mPropertyId 0x214020ea
12-30 10:11:36.134   360   931 D EvsDriver: forwardFrame
12-30 10:11:36.134   360   931 D EvsDriver: forwardFrameDirect
12-30 10:11:36.134   360   931 D EvsDriver: Delivered 0xb400e2ca9e40d090 as id 1
12-30 10:11:36.134   359  2784 D evsmanagerd: /dev/video-evs0 forwarded the buffer #1 to 0xb400f125d2b26dd0 from 0xb400f125e2b20710
12-30 10:11:36.138   596  3076 E WifiHAL : Invalid data received from driver
12-30 10:11:36.143   360   458 D EvsDriver: doneWithFrame
12-30 10:11:36.164  2358  2623 D RcfController: Rcf proxy is not connected!
12-30 10:11:36.160   699   699 I auditd  : type=1400 audit(0.0:633070): avc:  denied  { read } for  comm="name_server" laddr=172.20.2.35 lport=34880 faddr=172.20.2.36 fport=60000 scontext=u:r:name_server:s0 tcontext=u:r:name_server:s0 tclass=tcp_socket permissive=1
12-30 10:11:36.160   699   699 I name_server: type=1400 audit(0.0:633070): avc:  denied  { read } for  laddr=172.20.2.35 lport=34880 faddr=172.20.2.36 fport=60000 scontext=u:r:name_server:s0 tcontext=u:r:name_server:s0 tclass=tcp_socket permissive=1
12-30 10:11:36.160   699   699 I auditd  : type=1400 audit(0.0:633071): avc:  denied  { write } for  comm="name_server" laddr=172.20.2.35 lport=34880 faddr=172.20.2.36 fport=60000 scontext=u:r:name_server:s0 tcontext=u:r:name_server:s0 tclass=tcp_socket permissive=1
12-30 10:11:36.160   699   699 I name_server: type=1400 audit(0.0:633071): avc:  denied  { write } for  laddr=172.20.2.35 lport=34880 faddr=172.20.2.36 fport=60000 scontext=u:r:name_server:s0 tcontext=u:r:name_server:s0 tclass=tcp_socket permissive=1
12-30 10:11:36.164 15305 15305 I auditd  : type=1400 audit(0.0:633072): avc:  denied  { syslog_mod } for  comm="cat" scontext=u:r:trace_kernel:s0 tcontext=u:r:kernel:s0 tclass=system permissive=1
12-30 10:11:36.164 15305 15305 I cat     : type=1400 audit(0.0:633072): avc:  denied  { syslog_mod } for  scontext=u:r:trace_kernel:s0 tcontext=u:r:kernel:s0 tclass=system permissive=1
12-30 10:11:36.167   360   931 D EvsDriver: forwardFrame
12-30 10:11:36.167   650   729 D fgemcucomm: sd Uart data : 6AA602AFF300029202C6
12-30 10:11:36.167   360   931 D EvsDriver: forwardFrameDirect
12-30 10:11:36.168   360   931 D EvsDriver: Delivered 0xb400e2ca9e40e110 as id 0
12-30 10:11:36.168   650   729 D fgemcucomm: rev uart=46604,len=57, data : 6AA681AFF300319202001200000000000000000000000000000000000000000000000000000000000000000000000000000000000000000006
12-30 10:11:36.168   359  2784 D evsmanagerd: /dev/video-evs0 forwarded the buffer #0 to 0xb400f125d2b26dd0 from 0xb400f125e2b20710
12-30 10:11:36.168   398   882 D adayocomadapter-ParseProtocolFunc: printRaWMsg Name[MCUToUPstream recv] len[49] data[92020012000000000000000000000000000000000000000000000000000000000000000000000000000000000000000000]
12-30 10:11:36.168   398   882 D adayocomadapter-CommunicationManager: onUpstreamback   member[0] dataLength[46] timePoint[5631990]
12-30 10:11:36.168   398   882 D adayocomadapter-ParseProtocolFunc: printRaWMsg Name[onUpstreamback] len[46] data[12000000000000000000000000000000000000000000000000000000000000000000000000000000000000000000]
12-30 10:11:36.168   398   464 D adayocomadapter-UpstreamHandler: processBeforePacket upSreamtProcessTimePoint[5631990] 
12-30 10:11:36.168   398   464 D adayocomadapter-UpstreamHandler: processPacket UPSTREAM_QUEUE_DATA_TIMEOUT
12-30 10:11:36.168   398   464 D adayocomadapter-ParseProtocolFunc: parseCommonIPCLBytes Processing tableNumber[18]
12-30 10:11:36.168   398   464 D adayocomadapter-ParseProtocolFunc: parseCommonIPCLBytes Processing tablename[Table-18] tableSize[46]
12-30 10:11:36.168   398   464 D adayocomadapter-ParseProtocolFunc: printRaWMsg Name[byteStream recv] len[46] data[12000000000000000000000000000000000000000000000000000000000000000000000000000000000000000000]
12-30 10:11:36.168   398   464 D adayocomadapter-ParseProtocolFunc: printRaWMsg Name[IPCLtoVHAL] len[6] data[214010020000]
12-30 10:11:36.168   398   464 D adayocomadapter-ParseProtocolFunc: printRaWMsg Name[IPCLtoVHAL] len[6] data[2140101A0000]
12-30 10:11:36.168   398   464 D adayocomadapter-ParseProtocolFunc: printRaWMsg Name[IPCLtoVHAL] len[6] data[2140100E0000]
12-30 10:11:36.168   398   464 D adayocomadapter-ParseProtocolFunc: printRaWMsg Name[IPCLtoVHAL] len[6] data[214021DD0000]
12-30 10:11:36.168   398   464 D adayocomadapter-ParseProtocolFunc: printRaWMsg Name[IPCLtoVHAL] len[6] data[2140103C0000]
12-30 10:11:36.168   398   464 D adayocomadapter-ParseProtocolFunc: printRaWMsg Name[IPCLtoVHAL] len[6] data[2140101E0000]
12-30 10:11:36.168   398   464 D adayocomadapter-ParseProtocolFunc: printRaWMsg Name[IPCLtoVHAL] len[6] data[214010350000]
12-30 10:11:36.168   398   464 D adayocomadapter-ParseProtocolFunc: printRaWMsg Name[IPCLtoVHAL] len[6] data[214022040000]
12-30 10:11:36.168   398   464 D adayocomadapter-ParseProtocolFunc: printRaWMsg Name[IPCLtoVHAL] len[6] data[214010120000]
12-30 10:11:36.169   398   464 D adayocomadapter-ParseProtocolFunc: printRaWMsg Name[IPCLtoVHAL] len[6] data[214010140000]
12-30 10:11:36.169   398   464 D adayocomadapter-ParseProtocolFunc: printRaWMsg Name[IPCLtoVHAL] len[6] data[214010430000]
12-30 10:11:36.169   398   464 D adayocomadapter-ParseProtocolFunc: printRaWMsg Name[IPCLtoVHAL] len[6] data[214010420000]
12-30 10:11:36.169   398   464 D adayocomadapter-ParseProtocolFunc: printRaWMsg Name[IPCLtoVHAL] len[6] data[214010160000]
12-30 10:11:36.169   398   464 D adayocomadapter-ParseProtocolFunc: printRaWMsg Name[IPCLtoVHAL] len[6] data[2140101C0000]
12-30 10:11:36.169   398   464 D adayocomadapter-ParseProtocolFunc: printRaWMsg Name[IPCLtoVHAL] len[6] data[214010330000]
12-30 10:11:36.169   398   464 D adayocomadapter-ParseProtocolFunc: printRaWMsg Name[IPCLtoVHAL] len[6] data[214010040000]
12-30 10:11:36.169   398   464 D adayocomadapter-ParseProtocolFunc: printRaWMsg Name[IPCLtoVHAL] len[6] data[214010200000]
12-30 10:11:36.169   398   464 D adayocomadapter-ParseProtocolFunc: printRaWMsg Name[IPCLtoVHAL] len[6] data[214021620000]
12-30 10:11:36.169   398   464 D adayocomadapter-ParseProtocolFunc: printRaWMsg Name[IPCLtoVHAL] len[6] data[214010370000]
12-30 10:11:36.169   398   464 D adayocomadapter-ParseProtocolFunc: printRaWMsg Name[IPCLtoVHAL] len[6] data[214010080000]
12-30 10:11:36.169   398   464 D adayocomadapter-ParseProtocolFunc: printRaWMsg Name[IPCLtoVHAL] len[6] data[214010220000]
12-30 10:11:36.169   398   464 D adayocomadapter-ParseProtocolFunc: printRaWMsg Name[IPCLtoVHAL] len[6] data[214021640000]
12-30 10:11:36.169   398   464 D adayocomadapter-ParseProtocolFunc: printRaWMsg Name[IPCLtoVHAL] len[6] data[214010390000]
12-30 10:11:36.169   398   464 D adayocomadapter-ParseProtocolFunc: printRaWMsg Name[IPCLtoVHAL] len[6] data[214021D90000]
12-30 10:11:36.169   398   464 D adayocomadapter-ParseProtocolFunc: printRaWMsg Name[IPCLtoVHAL] len[6] data[214010240000]
12-30 10:11:36.169   398   464 D adayocomadapter-ParseProtocolFunc: printRaWMsg Name[IPCLtoVHAL] len[6] data[2140103B0000]
12-30 10:11:36.169   398   464 D adayocomadapter-ParseProtocolFunc: printRaWMsg Name[IPCLtoVHAL] len[6] data[2140100C0000]
12-30 10:11:36.169   398   464 D adayocomadapter-ParseProtocolFunc: printRaWMsg Name[IPCLtoVHAL] len[6] data[214021DB0000]
12-30 10:11:36.169   398   464 D adayocomadapter-ParseProtocolFunc: printRaWMsg Name[IPCLtoVHAL] len[6] data[214010260000]
12-30 10:11:36.169   398   464 D adayocomadapter-ParseProtocolFunc: printRaWMsg Name[IPCLtoVHAL] len[6] data[214021680000]
12-30 10:11:36.169   398   464 D adayocomadapter-ParseProtocolFunc: printRaWMsg Name[IPCLtoVHAL] len[6] data[2140103E0000]
12-30 10:11:36.169   398   464 D adayocomadapter-ParseProtocolFunc: printRaWMsg Name[IPCLtoVHAL] len[6] data[2140216A0000]
12-30 10:11:36.169   398   464 D adayocomadapter-ParseProtocolFunc: printRaWMsg Name[IPCLtoVHAL] len[6] data[2140216E0000]
12-30 10:11:36.169   398   464 D adayocomadapter-ParseProtocolFunc: printRaWMsg Name[IPCLtoVHAL] len[6] data[214021700000]
12-30 10:11:36.169   398   464 D adayocomadapter-ParseProtocolFunc: printRaWMsg Name[IPCLtoVHAL] len[6] data[214021720000]
12-30 10:11:36.169   398   464 D adayocomadapter-ParseProtocolFunc: printRaWMsg Name[IPCLtoVHAL] len[6] data[214021740000]
12-30 10:11:36.169   398   464 D adayocomadapter-ParseProtocolFunc: printRaWMsg Name[IPCLtoVHAL] len[6] data[214021760000]
12-30 10:11:36.169   398   464 D adayocomadapter-ParseProtocolFunc: printRaWMsg Name[IPCLtoVHAL] len[6] data[214021780000]
12-30 10:11:36.169   398   464 D adayocomadapter-ParseProtocolFunc: printRaWMsg Name[IPCLtoVHAL] len[6] data[2140205E0000]
12-30 10:11:36.169   398   464 D adayocomadapter-ParseProtocolFunc: printRaWMsg Name[IPCLtoVHAL] len[6] data[2140217A0000]
12-30 10:11:36.169   398   464 D adayocomadapter-ParseProtocolFunc: printRaWMsg Name[IPCLtoVHAL] len[6] data[214022070000]
12-30 10:11:36.169   398   464 D adayocomadapter-ParseProtocolFunc: printRaWMsg Name[IPCLtoVHAL] len[6] data[2140217C0000]
12-30 10:11:36.169   398   464 D adayocomadapter-ParseProtocolFunc: printRaWMsg Name[IPCLtoVHAL] len[6] data[2140219C0000]
12-30 10:11:36.170   398   464 D adayocomadapter-ParseProtocolFunc: printRaWMsg Name[IPCLtoVHAL] len[6] data[214021DF0000]
12-30 10:11:36.170   398   464 D adayocomadapter-CommunicationManager: onUpstreamReceive mPropertyId 0x21401002
12-30 10:11:36.170   398   464 D adayocomadapter-CommunicationManager: convertBytesToInt32Memcpy  0
12-30 10:11:36.170   398   464 I vw-vhal : notifyVehicleProperty, propId = 0x21401002, data = {status: 2, int32Values: [0]}
12-30 10:11:36.170   398   464 I vw-vhal : CanSignalsAdapter::notifyVehicleProperty: solvedValue = {.timestamp = 5631992082336, .areaId = 0, .prop = 557846530, .status = AVAILABLE, .value = {.int32Values = [1]{0}, .floatValues = [0]{}, .int64Values = [0]{}, .bytes = [0]{}, .stringValue = ""}}
12-30 10:11:36.170   398   464 I VehiclePropertyStore: begin to write value to Store: {.timestamp = 5631992082336, .areaId = 0, .prop = 557846530, .status = AVAILABLE, .value = {.int32Values = [1]{0}, .floatValues = [0]{}, .int64Values = [0]{}, .bytes = [0]{}, .stringValue = ""}}
12-30 10:11:36.170   398   464 I DefaultVehicleHal_v2_0: DefaultVehicleHal::onPropertyValue, value:{.timestamp = 5631992082336, .areaId = 0, .prop = 557846530, .status = AVAILABLE, .value = {.int32Values = [1]{0}, .floatValues = [0]{}, .int64Values = [0]{}, .bytes = [0]{}, .stringValue = ""}}
12-30 10:11:36.170   398   464 D DiagPropHandler: is not DiagnosticConfig: 0x21401002
12-30 10:11:36.170   398   464 I VehiclePropertyStore: begin to write value to Store: {.timestamp = 5631992082336, .areaId = 0, .prop = 557846530, .status = AVAILABLE, .value = {.int32Values = [1]{0}, .floatValues = [0]{}, .int64Values = [0]{}, .bytes = [0]{}, .stringValue = ""}}
12-30 10:11:36.170   398   464 D adayocomadapter-CommunicationManager: onUpstreamReceive mPropertyId 0x21401002
12-30 10:11:36.170   398   464 D adayocomadapter-CommunicationManager: onUpstreamReceive mPropertyId 0x2140101a
12-30 10:11:36.170   398   464 D adayocomadapter-CommunicationManager: convertBytesToInt32Memcpy  0
12-30 10:11:36.170   398   464 I vw-vhal : notifyVehicleProperty, propId = 0x2140101a, data = {status: 2, int32Values: [0]}
12-30 10:11:36.170   398   464 I vw-vhal : CanSignalsAdapter::notifyVehicleProperty: solvedValue = {.timestamp = 5631992493336, .areaId = 0, .prop = 557846554, .status = AVAILABLE, .value = {.int32Values = [1]{0}, .floatValues = [0]{}, .int64Values = [0]{}, .bytes = [0]{}, .stringValue = ""}}
12-30 10:11:36.170   398   464 I VehiclePropertyStore: begin to write value to Store: {.timestamp = 5631992493336, .areaId = 0, .prop = 557846554, .status = AVAILABLE, .value = {.int32Values = [1]{0}, .floatValues = [0]{}, .int64Values = [0]{}, .bytes = [0]{}, .stringValue = ""}}
12-30 10:11:36.170   398   464 I DefaultVehicleHal_v2_0: DefaultVehicleHal::onPropertyValue, value:{.timestamp = 5631992493336, .areaId = 0, .prop = 557846554, .status = AVAILABLE, .value = {.int32Values = [1]{0}, .floatValues = [0]{}, .int64Values = [0]{}, .bytes = [0]{}, .stringValue = ""}}
12-30 10:11:36.170   398   464 D DiagPropHandler: is not DiagnosticConfig: 0x2140101a
12-30 10:11:36.170   398   464 I VehiclePropertyStore: begin to write value to Store: {.timestamp = 5631992493336, .areaId = 0, .prop = 557846554, .status = AVAILABLE, .value = {.int32Values = [1]{0}, .floatValues = [0]{}, .int64Values = [0]{}, .bytes = [0]{}, .stringValue = ""}}
12-30 10:11:36.170   398   464 D adayocomadapter-CommunicationManager: onUpstreamReceive mPropertyId 0x2140101a
12-30 10:11:36.170   398   464 D adayocomadapter-CommunicationManager: onUpstreamReceive mPropertyId 0x2140100e
12-30 10:11:36.170   398   464 D adayocomadapter-CommunicationManager: convertBytesToInt32Memcpy  0
12-30 10:11:36.170   398   464 I vw-vhal : notifyVehicleProperty, propId = 0x2140100e, data = {status: 2, int32Values: [0]}
12-30 10:11:36.171   398   464 I vw-vhal : CanSignalsAdapter::notifyVehicleProperty: solvedValue = {.timestamp = 5631992851669, .areaId = 0, .prop = 557846542, .status = AVAILABLE, .value = {.int32Values = [1]{0}, .floatValues = [0]{}, .int64Values = [0]{}, .bytes = [0]{}, .stringValue = ""}}
12-30 10:11:36.171   398   464 I VehiclePropertyStore: begin to write value to Store: {.timestamp = 5631992851669, .areaId = 0, .prop = 557846542, .status = AVAILABLE, .value = {.int32Values = [1]{0}, .floatValues = [0]{}, .int64Values = [0]{}, .bytes = [0]{}, .stringValue = ""}}
12-30 10:11:36.171   398   464 I DefaultVehicleHal_v2_0: DefaultVehicleHal::onPropertyValue, value:{.timestamp = 5631992851669, .areaId = 0, .prop = 557846542, .status = AVAILABLE, .value = {.int32Values = [1]{0}, .floatValues = [0]{}, .int64Values = [0]{}, .bytes = [0]{}, .stringValue = ""}}
12-30 10:11:36.171   398   464 D DiagPropHandler: is not DiagnosticConfig: 0x2140100e
12-30 10:11:36.171   398   464 I VehiclePropertyStore: begin to write value to Store: {.timestamp = 5631992851669, .areaId = 0, .prop = 557846542, .status = AVAILABLE, .value = {.int32Values = [1]{0}, .floatValues = [0]{}, .int64Values = [0]{}, .bytes = [0]{}, .stringValue = ""}}
12-30 10:11:36.171   398   464 D adayocomadapter-CommunicationManager: onUpstreamReceive mPropertyId 0x2140100e
12-30 10:11:36.171   398   464 D adayocomadapter-CommunicationManager: onUpstreamReceive mPropertyId 0x214021dd
12-30 10:11:36.171   398   464 D adayocomadapter-CommunicationManager: convertBytesToInt32Memcpy  0
12-30 10:11:36.171   398   464 I vw-vhal : notifyVehicleProperty, propId = 0x214021dd, data = {status: 2, int32Values: [0]}
12-30 10:11:36.171   398   464 I vw-vhal : CanSignalsAdapter::notifyVehicleProperty: solvedValue = {.timestamp = 5631993212669, .areaId = 0, .prop = 557851101, .status = AVAILABLE, .value = {.int32Values = [1]{0}, .floatValues = [0]{}, .int64Values = [0]{}, .bytes = [0]{}, .stringValue = ""}}
12-30 10:11:36.171   398   464 I VehiclePropertyStore: begin to write value to Store: {.timestamp = 5631993212669, .areaId = 0, .prop = 557851101, .status = AVAILABLE, .value = {.int32Values = [1]{0}, .floatValues = [0]{}, .int64Values = [0]{}, .bytes = [0]{}, .stringValue = ""}}
12-30 10:11:36.171   398   464 I DefaultVehicleHal_v2_0: DefaultVehicleHal::onPropertyValue, value:{.timestamp = 5631993212669, .areaId = 0, .prop = 557851101, .status = AVAILABLE, .value = {.int32Values = [1]{0}, .floatValues = [0]{}, .int64Values = [0]{}, .bytes = [0]{}, .stringValue = ""}}
12-30 10:11:36.171   398   464 D DiagPropHandler: is not DiagnosticConfig: 0x214021dd
12-30 10:11:36.171   398   464 I VehiclePropertyStore: begin to write value to Store: {.timestamp = 5631993212669, .areaId = 0, .prop = 557851101, .status = AVAILABLE, .value = {.int32Values = [1]{0}, .floatValues = [0]{}, .int64Values = [0]{}, .bytes = [0]{}, .stringValue = ""}}
12-30 10:11:36.171   398   464 D adayocomadapter-CommunicationManager: onUpstreamReceive mPropertyId 0x214021dd
12-30 10:11:36.171   398   464 D adayocomadapter-CommunicationManager: onUpstreamReceive mPropertyId 0x2140103c
12-30 10:11:36.171   398   464 D adayocomadapter-CommunicationManager: convertBytesToInt32Memcpy  0
12-30 10:11:36.171   398   464 I vw-vhal : notifyVehicleProperty, propId = 0x2140103c, data = {status: 2, int32Values: [0]}
12-30 10:11:36.171   398   464 I vw-vhal : CanSignalsAdapter::notifyVehicleProperty: solvedValue = {.timestamp = 5631993580336, .areaId = 0, .prop = 557846588, .status = AVAILABLE, .value = {.int32Values = [1]{0}, .floatValues = [0]{}, .int64Values = [0]{}, .bytes = [0]{}, .stringValue = ""}}
12-30 10:11:36.171   398   464 I VehiclePropertyStore: begin to write value to Store: {.timestamp = 5631993580336, .areaId = 0, .prop = 557846588, .status = AVAILABLE, .value = {.int32Values = [1]{0}, .floatValues = [0]{}, .int64Values = [0]{}, .bytes = [0]{}, .stringValue = ""}}
12-30 10:11:36.171   398   464 I DefaultVehicleHal_v2_0: DefaultVehicleHal::onPropertyValue, value:{.timestamp = 5631993580336, .areaId = 0, .prop = 557846588, .status = AVAILABLE, .value = {.int32Values = [1]{0}, .floatValues = [0]{}, .int64Values = [0]{}, .bytes = [0]{}, .stringValue = ""}}
12-30 10:11:36.171   398   464 D DiagPropHandler: is not DiagnosticConfig: 0x2140103c
12-30 10:11:36.171   398   464 I VehiclePropertyStore: begin to write value to Store: {.timestamp = 5631993580336, .areaId = 0, .prop = 557846588, .status = AVAILABLE, .value = {.int32Values = [1]{0}, .floatValues = [0]{}, .int64Values = [0]{}, .bytes = [0]{}, .stringValue = ""}}
12-30 10:11:36.171   398   464 D adayocomadapter-CommunicationManager: onUpstreamReceive mPropertyId 0x2140103c
12-30 10:11:36.171   398   464 D adayocomadapter-CommunicationManager: onUpstreamReceive mPropertyId 0x2140101e
12-30 10:11:36.172   398   464 D adayocomadapter-CommunicationManager: convertBytesToInt32Memcpy  0
12-30 10:11:36.172   398   464 I vw-vhal : notifyVehicleProperty, propId = 0x2140101e, data = {status: 2, int32Values: [0]}
12-30 10:11:36.172   398   464 I vw-vhal : CanSignalsAdapter::notifyVehicleProperty: solvedValue = {.timestamp = 5631993934002, .areaId = 0, .prop = 557846558, .status = AVAILABLE, .value = {.int32Values = [1]{0}, .floatValues = [0]{}, .int64Values = [0]{}, .bytes = [0]{}, .stringValue = ""}}
12-30 10:11:36.172   398   464 I VehiclePropertyStore: begin to write value to Store: {.timestamp = 5631993934002, .areaId = 0, .prop = 557846558, .status = AVAILABLE, .value = {.int32Values = [1]{0}, .floatValues = [0]{}, .int64Values = [0]{}, .bytes = [0]{}, .stringValue = ""}}
12-30 10:11:36.172   398   464 I DefaultVehicleHal_v2_0: DefaultVehicleHal::onPropertyValue, value:{.timestamp = 5631993934002, .areaId = 0, .prop = 557846558, .status = AVAILABLE, .value = {.int32Values = [1]{0}, .floatValues = [0]{}, .int64Values = [0]{}, .bytes = [0]{}, .stringValue = ""}}
12-30 10:11:36.172   398   464 D DiagPropHandler: is not DiagnosticConfig: 0x2140101e
12-30 10:11:36.172   398   464 I VehiclePropertyStore: begin to write value to Store: {.timestamp = 5631993934002, .areaId = 0, .prop = 557846558, .status = AVAILABLE, .value = {.int32Values = [1]{0}, .floatValues = [0]{}, .int64Values = [0]{}, .bytes = [0]{}, .stringValue = ""}}
12-30 10:11:36.172   398   464 D adayocomadapter-CommunicationManager: onUpstreamReceive mPropertyId 0x2140101e
12-30 10:11:36.172   398   464 D adayocomadapter-CommunicationManager: onUpstreamReceive mPropertyId 0x21401035
12-30 10:11:36.172   398   464 D adayocomadapter-CommunicationManager: convertBytesToInt32Memcpy  0
12-30 10:11:36.172   398   464 I vw-vhal : notifyVehicleProperty, propId = 0x21401035, data = {status: 2, int32Values: [0]}
12-30 10:11:36.172   398   464 I vw-vhal : CanSignalsAdapter::notifyVehicleProperty: solvedValue = {.timestamp = 5631994287002, .areaId = 0, .prop = 557846581, .status = AVAILABLE, .value = {.int32Values = [1]{0}, .floatValues = [0]{}, .int64Values = [0]{}, .bytes = [0]{}, .stringValue = ""}}
12-30 10:11:36.172   398   464 I VehiclePropertyStore: begin to write value to Store: {.timestamp = 5631994287002, .areaId = 0, .prop = 557846581, .status = AVAILABLE, .value = {.int32Values = [1]{0}, .floatValues = [0]{}, .int64Values = [0]{}, .bytes = [0]{}, .stringValue = ""}}
12-30 10:11:36.172   398   464 I DefaultVehicleHal_v2_0: DefaultVehicleHal::onPropertyValue, value:{.timestamp = 5631994287002, .areaId = 0, .prop = 557846581, .status = AVAILABLE, .value = {.int32Values = [1]{0}, .floatValues = [0]{}, .int64Values = [0]{}, .bytes = [0]{}, .stringValue = ""}}
12-30 10:11:36.172   398   464 D DiagPropHandler: is not DiagnosticConfig: 0x21401035
12-30 10:11:36.172   398   464 I VehiclePropertyStore: begin to write value to Store: {.timestamp = 5631994287002, .areaId = 0, .prop = 557846581, .status = AVAILABLE, .value = {.int32Values = [1]{0}, .floatValues = [0]{}, .int64Values = [0]{}, .bytes = [0]{}, .stringValue = ""}}
12-30 10:11:36.172   398   464 D adayocomadapter-CommunicationManager: onUpstreamReceive mPropertyId 0x21401035
12-30 10:11:36.172   398   464 D adayocomadapter-CommunicationManager: onUpstreamReceive mPropertyId 0x21402204
12-30 10:11:36.172   398   464 D adayocomadapter-CommunicationManager: convertBytesToInt32Memcpy  0
12-30 10:11:36.172   398   464 I vw-vhal : notifyVehicleProperty, propId = 0x21402204, data = {status: 2, int32Values: [0]}
12-30 10:11:36.172   398   464 I vw-vhal : CanSignalsAdapter::notifyVehicleProperty: solvedValue = {.timestamp = 5631994648336, .areaId = 0, .prop = 557851140, .status = AVAILABLE, .value = {.int32Values = [1]{0}, .floatValues = [0]{}, .int64Values = [0]{}, .bytes = [0]{}, .stringValue = ""}}
12-30 10:11:36.172   398   464 I VehiclePropertyStore: begin to write value to Store: {.timestamp = 5631994648336, .areaId = 0, .prop = 557851140, .status = AVAILABLE, .value = {.int32Values = [1]{0}, .floatValues = [0]{}, .int64Values = [0]{}, .bytes = [0]{}, .stringValue = ""}}
12-30 10:11:36.172   398   464 I DefaultVehicleHal_v2_0: DefaultVehicleHal::onPropertyValue, value:{.timestamp = 5631994648336, .areaId = 0, .prop = 557851140, .status = AVAILABLE, .value = {.int32Values = [1]{0}, .floatValues = [0]{}, .int64Values = [0]{}, .bytes = [0]{}, .stringValue = ""}}
12-30 10:11:36.172   398   464 D DiagPropHandler: is not DiagnosticConfig: 0x21402204
12-30 10:11:36.172   398   464 I VehiclePropertyStore: begin to write value to Store: {.timestamp = 5631994648336, .areaId = 0, .prop = 557851140, .status = AVAILABLE, .value = {.int32Values = [1]{0}, .floatValues = [0]{}, .int64Values = [0]{}, .bytes = [0]{}, .stringValue = ""}}
12-30 10:11:36.173   398   464 D adayocomadapter-CommunicationManager: onUpstreamReceive mPropertyId 0x21402204
12-30 10:11:36.173   398   464 D adayocomadapter-CommunicationManager: onUpstreamReceive mPropertyId 0x21401012
12-30 10:11:36.173   398   464 D adayocomadapter-CommunicationManager: convertBytesToInt32Memcpy  0
12-30 10:11:36.173   398   464 I vw-vhal : notifyVehicleProperty, propId = 0x21401012, data = {status: 2, int32Values: [0]}
12-30 10:11:36.173   398   464 I vw-vhal : CanSignalsAdapter::notifyVehicleProperty: solvedValue = {.timestamp = 5631995008336, .areaId = 0, .prop = 557846546, .status = AVAILABLE, .value = {.int32Values = [1]{0}, .floatValues = [0]{}, .int64Values = [0]{}, .bytes = [0]{}, .stringValue = ""}}
12-30 10:11:36.173   398   464 I VehiclePropertyStore: begin to write value to Store: {.timestamp = 5631995008336, .areaId = 0, .prop = 557846546, .status = AVAILABLE, .value = {.int32Values = [1]{0}, .floatValues = [0]{}, .int64Values = [0]{}, .bytes = [0]{}, .stringValue = ""}}
12-30 10:11:36.173   398   464 I DefaultVehicleHal_v2_0: DefaultVehicleHal::onPropertyValue, value:{.timestamp = 5631995008336, .areaId = 0, .prop = 557846546, .status = AVAILABLE, .value = {.int32Values = [1]{0}, .floatValues = [0]{}, .int64Values = [0]{}, .bytes = [0]{}, .stringValue = ""}}
12-30 10:11:36.173   398   464 D DiagPropHandler: is not DiagnosticConfig: 0x21401012
12-30 10:11:36.173   398   464 I VehiclePropertyStore: begin to write value to Store: {.timestamp = 5631995008336, .areaId = 0, .prop = 557846546, .status = AVAILABLE, .value = {.int32Values = [1]{0}, .floatValues = [0]{}, .int64Values = [0]{}, .bytes = [0]{}, .stringValue = ""}}
12-30 10:11:36.173   398   464 D adayocomadapter-CommunicationManager: onUpstreamReceive mPropertyId 0x21401012
12-30 10:11:36.173   398   464 D adayocomadapter-CommunicationManager: onUpstreamReceive mPropertyId 0x21401014
12-30 10:11:36.173   398   464 D adayocomadapter-CommunicationManager: convertBytesToInt32Memcpy  0
12-30 10:11:36.173   398   464 I vw-vhal : notifyVehicleProperty, propId = 0x21401014, data = {status: 2, int32Values: [0]}
12-30 10:11:36.173   398   464 I vw-vhal : CanSignalsAdapter::notifyVehicleProperty: solvedValue = {.timestamp = 5631995647336, .areaId = 0, .prop = 557846548, .status = AVAILABLE, .value = {.int32Values = [1]{0}, .floatValues = [0]{}, .int64Values = [0]{}, .bytes = [0]{}, .stringValue = ""}}
12-30 10:11:36.173   398   464 I VehiclePropertyStore: begin to write value to Store: {.timestamp = 5631995647336, .areaId = 0, .prop = 557846548, .status = AVAILABLE, .value = {.int32Values = [1]{0}, .floatValues = [0]{}, .int64Values = [0]{}, .bytes = [0]{}, .stringValue = ""}}
12-30 10:11:36.174   398   464 I DefaultVehicleHal_v2_0: DefaultVehicleHal::onPropertyValue, value:{.timestamp = 5631995647336, .areaId = 0, .prop = 557846548, .status = AVAILABLE, .value = {.int32Values = [1]{0}, .floatValues = [0]{}, .int64Values = [0]{}, .bytes = [0]{}, .stringValue = ""}}
12-30 10:11:36.174   398   464 D DiagPropHandler: is not DiagnosticConfig: 0x21401014
12-30 10:11:36.174   360   458 D EvsDriver: doneWithFrame
12-30 10:11:36.174   398   464 I VehiclePropertyStore: begin to write value to Store: {.timestamp = 5631995647336, .areaId = 0, .prop = 557846548, .status = AVAILABLE, .value = {.int32Values = [1]{0}, .floatValues = [0]{}, .int64Values = [0]{}, .bytes = [0]{}, .stringValue = ""}}
12-30 10:11:36.174   398   464 D adayocomadapter-CommunicationManager: onUpstreamReceive mPropertyId 0x21401014
12-30 10:11:36.174   398   464 D adayocomadapter-CommunicationManager: onUpstreamReceive mPropertyId 0x21401043
12-30 10:11:36.174   398   464 D adayocomadapter-CommunicationManager: convertBytesToInt32Memcpy  0
12-30 10:11:36.174   398   464 I vw-vhal : notifyVehicleProperty, propId = 0x21401043, data = {status: 2, int32Values: [0]}
12-30 10:11:36.174   398   464 I vw-vhal : CanSignalsAdapter::notifyVehicleProperty: solvedValue = {.timestamp = 5631996424002, .areaId = 0, .prop = 557846595, .status = AVAILABLE, .value = {.int32Values = [1]{0}, .floatValues = [0]{}, .int64Values = [0]{}, .bytes = [0]{}, .stringValue = ""}}
12-30 10:11:36.174   398   464 I VehiclePropertyStore: begin to write value to Store: {.timestamp = 5631996424002, .areaId = 0, .prop = 557846595, .status = AVAILABLE, .value = {.int32Values = [1]{0}, .floatValues = [0]{}, .int64Values = [0]{}, .bytes = [0]{}, .stringValue = ""}}
12-30 10:11:36.174   398   464 I DefaultVehicleHal_v2_0: DefaultVehicleHal::onPropertyValue, value:{.timestamp = 5631996424002, .areaId = 0, .prop = 557846595, .status = AVAILABLE, .value = {.int32Values = [1]{0}, .floatValues = [0]{}, .int64Values = [0]{}, .bytes = [0]{}, .stringValue = ""}}
12-30 10:11:36.174   398   464 D DiagPropHandler: is not DiagnosticConfig: 0x21401043
12-30 10:11:36.174   398   464 I VehiclePropertyStore: begin to write value to Store: {.timestamp = 5631996424002, .areaId = 0, .prop = 557846595, .status = AVAILABLE, .value = {.int32Values = [1]{0}, .floatValues = [0]{}, .int64Values = [0]{}, .bytes = [0]{}, .stringValue = ""}}
12-30 10:11:36.175   398   464 D adayocomadapter-CommunicationManager: onUpstreamReceive mPropertyId 0x21401043
12-30 10:11:36.175   398   464 D adayocomadapter-CommunicationManager: onUpstreamReceive mPropertyId 0x21401042
12-30 10:11:36.175   398   464 D adayocomadapter-CommunicationManager: convertBytesToInt32Memcpy  0
12-30 10:11:36.175   398   464 I vw-vhal : notifyVehicleProperty, propId = 0x21401042, data = {status: 2, int32Values: [0]}
12-30 10:11:36.175   398   464 I vw-vhal : CanSignalsAdapter::notifyVehicleProperty: solvedValue = {.timestamp = 5631997106336, .areaId = 0, .prop = 557846594, .status = AVAILABLE, .value = {.int32Values = [1]{0}, .floatValues = [0]{}, .int64Values = [0]{}, .bytes = [0]{}, .stringValue = ""}}
12-30 10:11:36.175   398   464 I VehiclePropertyStore: begin to write value to Store: {.timestamp = 5631997106336, .areaId = 0, .prop = 557846594, .status = AVAILABLE, .value = {.int32Values = [1]{0}, .floatValues = [0]{}, .int64Values = [0]{}, .bytes = [0]{}, .stringValue = ""}}
12-30 10:11:36.175   398   464 I DefaultVehicleHal_v2_0: DefaultVehicleHal::onPropertyValue, value:{.timestamp = 5631997106336, .areaId = 0, .prop = 557846594, .status = AVAILABLE, .value = {.int32Values = [1]{0}, .floatValues = [0]{}, .int64Values = [0]{}, .bytes = [0]{}, .stringValue = ""}}
12-30 10:11:36.175   398   464 D DiagPropHandler: is not DiagnosticConfig: 0x21401042
12-30 10:11:36.175   398   464 I VehiclePropertyStore: begin to write value to Store: {.timestamp = 5631997106336, .areaId = 0, .prop = 557846594, .status = AVAILABLE, .value = {.int32Values = [1]{0}, .floatValues = [0]{}, .int64Values = [0]{}, .bytes = [0]{}, .stringValue = ""}}
12-30 10:11:36.175   398   464 D adayocomadapter-CommunicationManager: onUpstreamReceive mPropertyId 0x21401042
12-30 10:11:36.175   398   464 D adayocomadapter-CommunicationManager: onUpstreamReceive mPropertyId 0x21401016
12-30 10:11:36.175   398   464 D adayocomadapter-CommunicationManager: convertBytesToInt32Memcpy  0
12-30 10:11:36.175   398   464 I vw-vhal : notifyVehicleProperty, propId = 0x21401016, data = {status: 2, int32Values: [0]}
12-30 10:11:36.175   398   464 I vw-vhal : CanSignalsAdapter::notifyVehicleProperty: solvedValue = {.timestamp = 5631997771002, .areaId = 0, .prop = 557846550, .status = AVAILABLE, .value = {.int32Values = [1]{0}, .floatValues = [0]{}, .int64Values = [0]{}, .bytes = [0]{}, .stringValue = ""}}
12-30 10:11:36.176   398   464 I VehiclePropertyStore: begin to write value to Store: {.timestamp = 5631997771002, .areaId = 0, .prop = 557846550, .status = AVAILABLE, .value = {.int32Values = [1]{0}, .floatValues = [0]{}, .int64Values = [0]{}, .bytes = [0]{}, .stringValue = ""}}
12-30 10:11:36.176   398   464 I DefaultVehicleHal_v2_0: DefaultVehicleHal::onPropertyValue, value:{.timestamp = 5631997771002, .areaId = 0, .prop = 557846550, .status = AVAILABLE, .value = {.int32Values = [1]{0}, .floatValues = [0]{}, .int64Values = [0]{}, .bytes = [0]{}, .stringValue = ""}}
12-30 10:11:36.176   398   464 D DiagPropHandler: is not DiagnosticConfig: 0x21401016
12-30 10:11:36.176   398   464 I VehiclePropertyStore: begin to write value to Store: {.timestamp = 5631997771002, .areaId = 0, .prop = 557846550, .status = AVAILABLE, .value = {.int32Values = [1]{0}, .floatValues = [0]{}, .int64Values = [0]{}, .bytes = [0]{}, .stringValue = ""}}
12-30 10:11:36.176   398   464 D adayocomadapter-CommunicationManager: onUpstreamReceive mPropertyId 0x21401016
12-30 10:11:36.176   398   464 D adayocomadapter-CommunicationManager: onUpstreamReceive mPropertyId 0x2140101c
12-30 10:11:36.176   398   464 D adayocomadapter-CommunicationManager: convertBytesToInt32Memcpy  0
12-30 10:11:36.176   398   464 I vw-vhal : notifyVehicleProperty, propId = 0x2140101c, data = {status: 2, int32Values: [0]}
12-30 10:11:36.176   398   464 I vw-vhal : CanSignalsAdapter::notifyVehicleProperty: solvedValue = {.timestamp = 5631998444002, .areaId = 0, .prop = 557846556, .status = AVAILABLE, .value = {.int32Values = [1]{0}, .floatValues = [0]{}, .int64Values = [0]{}, .bytes = [0]{}, .stringValue = ""}}
12-30 10:11:36.176   398   464 I VehiclePropertyStore: begin to write value to Store: {.timestamp = 5631998444002, .areaId = 0, .prop = 557846556, .status = AVAILABLE, .value = {.int32Values = [1]{0}, .floatValues = [0]{}, .int64Values = [0]{}, .bytes = [0]{}, .stringValue = ""}}
12-30 10:11:36.176   398   464 I DefaultVehicleHal_v2_0: DefaultVehicleHal::onPropertyValue, value:{.timestamp = 5631998444002, .areaId = 0, .prop = 557846556, .status = AVAILABLE, .value = {.int32Values = [1]{0}, .floatValues = [0]{}, .int64Values = [0]{}, .bytes = [0]{}, .stringValue = ""}}
12-30 10:11:36.176   398   464 D DiagPropHandler: is not DiagnosticConfig: 0x2140101c
12-30 10:11:36.176   398   464 I VehiclePropertyStore: begin to write value to Store: {.timestamp = 5631998444002, .areaId = 0, .prop = 557846556, .status = AVAILABLE, .value = {.int32Values = [1]{0}, .floatValues = [0]{}, .int64Values = [0]{}, .bytes = [0]{}, .stringValue = ""}}
12-30 10:11:36.177   398   464 D adayocomadapter-CommunicationManager: onUpstreamReceive mPropertyId 0x2140101c
12-30 10:11:36.177   398   464 D adayocomadapter-CommunicationManager: onUpstreamReceive mPropertyId 0x21401033
12-30 10:11:36.177   398   464 D adayocomadapter-CommunicationManager: convertBytesToInt32Memcpy  0
12-30 10:11:36.177   398   464 I vw-vhal : notifyVehicleProperty, propId = 0x21401033, data = {status: 2, int32Values: [0]}
12-30 10:11:36.177   398   464 I vw-vhal : CanSignalsAdapter::notifyVehicleProperty: solvedValue = {.timestamp = 5631999246336, .areaId = 0, .prop = 557846579, .status = AVAILABLE, .value = {.int32Values = [1]{0}, .floatValues = [0]{}, .int64Values = [0]{}, .bytes = [0]{}, .stringValue = ""}}
12-30 10:11:36.177   398   464 I VehiclePropertyStore: begin to write value to Store: {.timestamp = 5631999246336, .areaId = 0, .prop = 557846579, .status = AVAILABLE, .value = {.int32Values = [1]{0}, .floatValues = [0]{}, .int64Values = [0]{}, .bytes = [0]{}, .stringValue = ""}}
12-30 10:11:36.177   398   464 I DefaultVehicleHal_v2_0: DefaultVehicleHal::onPropertyValue, value:{.timestamp = 5631999246336, .areaId = 0, .prop = 557846579, .status = AVAILABLE, .value = {.int32Values = [1]{0}, .floatValues = [0]{}, .int64Values = [0]{}, .bytes = [0]{}, .stringValue = ""}}
12-30 10:11:36.177   398   464 D DiagPropHandler: is not DiagnosticConfig: 0x21401033
12-30 10:11:36.177   398   464 I VehiclePropertyStore: begin to write value to Store: {.timestamp = 5631999246336, .areaId = 0, .prop = 557846579, .status = AVAILABLE, .value = {.int32Values = [1]{0}, .floatValues = [0]{}, .int64Values = [0]{}, .bytes = [0]{}, .stringValue = ""}}
12-30 10:11:36.177   398   464 D adayocomadapter-CommunicationManager: onUpstreamReceive mPropertyId 0x21401033
12-30 10:11:36.177   398   464 D adayocomadapter-CommunicationManager: onUpstreamReceive mPropertyId 0x21401004
12-30 10:11:36.177   398   464 D adayocomadapter-CommunicationManager: convertBytesToInt32Memcpy  0
12-30 10:11:36.178   398   464 I vw-vhal : notifyVehicleProperty, propId = 0x21401004, data = {status: 2, int32Values: [0]}
12-30 10:11:36.178   398   464 I vw-vhal : CanSignalsAdapter::notifyVehicleProperty: solvedValue = {.timestamp = 5631999968002, .areaId = 0, .prop = 557846532, .status = AVAILABLE, .value = {.int32Values = [1]{0}, .floatValues = [0]{}, .int64Values = [0]{}, .bytes = [0]{}, .stringValue = ""}}
12-30 10:11:36.178   398   464 I VehiclePropertyStore: begin to write value to Store: {.timestamp = 5631999968002, .areaId = 0, .prop = 557846532, .status = AVAILABLE, .value = {.int32Values = [1]{0}, .floatValues = [0]{}, .int64Values = [0]{}, .bytes = [0]{}, .stringValue = ""}}
12-30 10:11:36.178   398   464 I DefaultVehicleHal_v2_0: DefaultVehicleHal::onPropertyValue, value:{.timestamp = 5631999968002, .areaId = 0, .prop = 557846532, .status = AVAILABLE, .value = {.int32Values = [1]{0}, .floatValues = [0]{}, .int64Values = [0]{}, .bytes = [0]{}, .stringValue = ""}}
12-30 10:11:36.178   398   464 D DiagPropHandler: is not DiagnosticConfig: 0x21401004
12-30 10:11:36.178   398   464 I VehiclePropertyStore: begin to write value to Store: {.timestamp = 5631999968002, .areaId = 0, .prop = 557846532, .status = AVAILABLE, .value = {.int32Values = [1]{0}, .floatValues = [0]{}, .int64Values = [0]{}, .bytes = [0]{}, .stringValue = ""}}
12-30 10:11:36.178   398   464 D adayocomadapter-CommunicationManager: onUpstreamReceive mPropertyId 0x21401004
12-30 10:11:36.178   398   464 D adayocomadapter-CommunicationManager: onUpstreamReceive mPropertyId 0x21401020
12-30 10:11:36.178   398   464 D adayocomadapter-CommunicationManager: convertBytesToInt32Memcpy  0
12-30 10:11:36.178   398   464 I vw-vhal : notifyVehicleProperty, propId = 0x21401020, data = {status: 2, int32Values: [0]}
12-30 10:11:36.178   398   464 I vw-vhal : CanSignalsAdapter::notifyVehicleProperty: solvedValue = {.timestamp = 5632000788002, .areaId = 0, .prop = 557846560, .status = AVAILABLE, .value = {.int32Values = [1]{0}, .floatValues = [0]{}, .int64Values = [0]{}, .bytes = [0]{}, .stringValue = ""}}
