12-30 10:11:33.221   398   464 D adayocomadapter-CommunicationManager: onUpstreamReceive mPropertyId 0x214021a1
12-30 10:11:33.221   398   464 D adayocomadapter-CommunicationManager: convertBytesToInt32Memcpy  0
12-30 10:11:33.221   398   464 I vw-vhal : notifyVehicleProperty, propId = 0x214021a1, data = {status: 2, int32Values: [0]}
12-30 10:11:33.221   398   464 I vw-vhal : CanSignalsAdapter::notifyVehicleProperty: solvedValue = {.timestamp = 5629043257002, .areaId = 0, .prop = 557851041, .status = AVAILABLE, .value = {.int32Values = [1]{0}, .floatValues = [0]{}, .int64Values = [0]{}, .bytes = [0]{}, .stringValue = ""}}
12-30 10:11:33.221   398   464 I VehiclePropertyStore: begin to write value to Store: {.timestamp = 5629043257002, .areaId = 0, .prop = 557851041, .status = AVAILABLE, .value = {.int32Values = [1]{0}, .floatValues = [0]{}, .int64Values = [0]{}, .bytes = [0]{}, .stringValue = ""}}
12-30 10:11:33.221   398   464 I DefaultVehicleHal_v2_0: DefaultVehicleHal::onPropertyValue, value:{.timestamp = 5629043257002, .areaId = 0, .prop = 557851041, .status = AVAILABLE, .value = {.int32Values = [1]{0}, .floatValues = [0]{}, .int64Values = [0]{}, .bytes = [0]{}, .stringValue = ""}}
12-30 10:11:33.221   398   464 D DiagPropHandler: is not DiagnosticConfig: 0x214021a1
12-30 10:11:33.221   398   464 I VehiclePropertyStore: begin to write value to Store: {.timestamp = 5629043257002, .areaId = 0, .prop = 557851041, .status = AVAILABLE, .value = {.int32Values = [1]{0}, .floatValues = [0]{}, .int64Values = [0]{}, .bytes = [0]{}, .stringValue = ""}}
12-30 10:11:33.221   398   464 D adayocomadapter-CommunicationManager: onUpstreamReceive mPropertyId 0x214021a1
12-30 10:11:33.221   398   464 D adayocomadapter-CommunicationManager: onUpstreamReceive mPropertyId 0x21402027
12-30 10:11:33.221   398   464 D adayocomadapter-CommunicationManager: convertBytesToInt32Memcpy  0
12-30 10:11:33.221   398   464 I vw-vhal : notifyVehicleProperty, propId = 0x21402027, data = {status: 2, int32Values: [0]}
12-30 10:11:33.221   398   464 I vw-vhal : CanSignalsAdapter::notifyVehicleProperty: solvedValue = {.timestamp = 5629043446335, .areaId = 0, .prop = 557850663, .status = AVAILABLE, .value = {.int32Values = [1]{0}, .floatValues = [0]{}, .int64Values = [0]{}, .bytes = [0]{}, .stringValue = ""}}
12-30 10:11:33.221   398   464 I VehiclePropertyStore: begin to write value to Store: {.timestamp = 5629043446335, .areaId = 0, .prop = 557850663, .status = AVAILABLE, .value = {.int32Values = [1]{0}, .floatValues = [0]{}, .int64Values = [0]{}, .bytes = [0]{}, .stringValue = ""}}
12-30 10:11:33.221   398   464 I DefaultVehicleHal_v2_0: DefaultVehicleHal::onPropertyValue, value:{.timestamp = 5629043446335, .areaId = 0, .prop = 557850663, .status = AVAILABLE, .value = {.int32Values = [1]{0}, .floatValues = [0]{}, .int64Values = [0]{}, .bytes = [0]{}, .stringValue = ""}}
12-30 10:11:33.221   398   464 D DiagPropHandler: is not DiagnosticConfig: 0x21402027
12-30 10:11:33.221   398   464 I VehiclePropertyStore: begin to write value to Store: {.timestamp = 5629043446335, .areaId = 0, .prop = 557850663, .status = AVAILABLE, .value = {.int32Values = [1]{0}, .floatValues = [0]{}, .int64Values = [0]{}, .bytes = [0]{}, .stringValue = ""}}
12-30 10:11:33.221   398   464 D adayocomadapter-CommunicationManager: onUpstreamReceive mPropertyId 0x21402027
12-30 10:11:33.221   398   464 D adayocomadapter-CommunicationManager: onUpstreamReceive mPropertyId 0x21402180
12-30 10:11:33.221   398   464 D adayocomadapter-CommunicationManager: convertBytesToInt32Memcpy  0
12-30 10:11:33.221   398   464 I vw-vhal : notifyVehicleProperty, propId = 0x21402180, data = {status: 2, int32Values: [0]}
12-30 10:11:33.221   398   464 I vw-vhal : CanSignalsAdapter::notifyVehicleProperty: solvedValue = {.timestamp = 5629043638002, .areaId = 0, .prop = 557851008, .status = AVAILABLE, .value = {.int32Values = [1]{0}, .floatValues = [0]{}, .int64Values = [0]{}, .bytes = [0]{}, .stringValue = ""}}
12-30 10:11:33.221   398   464 I VehiclePropertyStore: begin to write value to Store: {.timestamp = 5629043638002, .areaId = 0, .prop = 557851008, .status = AVAILABLE, .value = {.int32Values = [1]{0}, .floatValues = [0]{}, .int64Values = [0]{}, .bytes = [0]{}, .stringValue = ""}}
12-30 10:11:33.221   398   464 I DefaultVehicleHal_v2_0: DefaultVehicleHal::onPropertyValue, value:{.timestamp = 5629043638002, .areaId = 0, .prop = 557851008, .status = AVAILABLE, .value = {.int32Values = [1]{0}, .floatValues = [0]{}, .int64Values = [0]{}, .bytes = [0]{}, .stringValue = ""}}
12-30 10:11:33.221   398   464 D DiagPropHandler: is not DiagnosticConfig: 0x21402180
12-30 10:11:33.221   398   464 I VehiclePropertyStore: begin to write value to Store: {.timestamp = 5629043638002, .areaId = 0, .prop = 557851008, .status = AVAILABLE, .value = {.int32Values = [1]{0}, .floatValues = [0]{}, .int64Values = [0]{}, .bytes = [0]{}, .stringValue = ""}}
12-30 10:11:33.221   398   464 D adayocomadapter-CommunicationManager: onUpstreamReceive mPropertyId 0x21402180
12-30 10:11:33.221   398   464 D adayocomadapter-CommunicationManager: onUpstreamReceive mPropertyId 0x2140210b
12-30 10:11:33.221   398   464 D adayocomadapter-CommunicationManager: convertBytesToInt32Memcpy  0
12-30 10:11:33.221   398   464 I vw-vhal : notifyVehicleProperty, propId = 0x2140210b, data = {status: 2, int32Values: [0]}
12-30 10:11:33.221   398   464 I vw-vhal : CanSignalsAdapter::notifyVehicleProperty: solvedValue = {.timestamp = 5629043829669, .areaId = 0, .prop = 557850891, .status = AVAILABLE, .value = {.int32Values = [1]{0}, .floatValues = [0]{}, .int64Values = [0]{}, .bytes = [0]{}, .stringValue = ""}}
12-30 10:11:33.222   398   464 I VehiclePropertyStore: begin to write value to Store: {.timestamp = 5629043829669, .areaId = 0, .prop = 557850891, .status = AVAILABLE, .value = {.int32Values = [1]{0}, .floatValues = [0]{}, .int64Values = [0]{}, .bytes = [0]{}, .stringValue = ""}}
12-30 10:11:33.222   398   464 I DefaultVehicleHal_v2_0: DefaultVehicleHal::onPropertyValue, value:{.timestamp = 5629043829669, .areaId = 0, .prop = 557850891, .status = AVAILABLE, .value = {.int32Values = [1]{0}, .floatValues = [0]{}, .int64Values = [0]{}, .bytes = [0]{}, .stringValue = ""}}
12-30 10:11:33.222   398   464 D DiagPropHandler: is not DiagnosticConfig: 0x2140210b
12-30 10:11:33.222   398   464 I VehiclePropertyStore: begin to write value to Store: {.timestamp = 5629043829669, .areaId = 0, .prop = 557850891, .status = AVAILABLE, .value = {.int32Values = [1]{0}, .floatValues = [0]{}, .int64Values = [0]{}, .bytes = [0]{}, .stringValue = ""}}
12-30 10:11:33.222   398   464 D adayocomadapter-CommunicationManager: onUpstreamReceive mPropertyId 0x2140210b
12-30 10:11:33.222   398   464 D adayocomadapter-CommunicationManager: onUpstreamReceive mPropertyId 0x2140217e
12-30 10:11:33.222   398   464 D adayocomadapter-CommunicationManager: convertBytesToInt32Memcpy  0
12-30 10:11:33.222   398   464 I vw-vhal : notifyVehicleProperty, propId = 0x2140217e, data = {status: 2, int32Values: [0]}
12-30 10:11:33.222   398   464 I vw-vhal : CanSignalsAdapter::notifyVehicleProperty: solvedValue = {.timestamp = 5629044048669, .areaId = 0, .prop = 557851006, .status = AVAILABLE, .value = {.int32Values = [1]{0}, .floatValues = [0]{}, .int64Values = [0]{}, .bytes = [0]{}, .stringValue = ""}}
12-30 10:11:33.222   398   464 I VehiclePropertyStore: begin to write value to Store: {.timestamp = 5629044048669, .areaId = 0, .prop = 557851006, .status = AVAILABLE, .value = {.int32Values = [1]{0}, .floatValues = [0]{}, .int64Values = [0]{}, .bytes = [0]{}, .stringValue = ""}}
12-30 10:11:33.222   398   464 I DefaultVehicleHal_v2_0: DefaultVehicleHal::onPropertyValue, value:{.timestamp = 5629044048669, .areaId = 0, .prop = 557851006, .status = AVAILABLE, .value = {.int32Values = [1]{0}, .floatValues = [0]{}, .int64Values = [0]{}, .bytes = [0]{}, .stringValue = ""}}
12-30 10:11:33.222   398   464 D DiagPropHandler: is not DiagnosticConfig: 0x2140217e
12-30 10:11:33.222   398   464 I VehiclePropertyStore: begin to write value to Store: {.timestamp = 5629044048669, .areaId = 0, .prop = 557851006, .status = AVAILABLE, .value = {.int32Values = [1]{0}, .floatValues = [0]{}, .int64Values = [0]{}, .bytes = [0]{}, .stringValue = ""}}
12-30 10:11:33.222   398   464 D adayocomadapter-CommunicationManager: onUpstreamReceive mPropertyId 0x2140217e
12-30 10:11:33.222   398   464 D adayocomadapter-CommunicationManager: onUpstreamReceive mPropertyId 0x214020fe
12-30 10:11:33.222   398   464 D adayocomadapter-CommunicationManager: convertBytesToInt32Memcpy  0
12-30 10:11:33.222   398   464 I vw-vhal : notifyVehicleProperty, propId = 0x214020fe, data = {status: 2, int32Values: [0]}
12-30 10:11:33.222   398   464 I vw-vhal : CanSignalsAdapter::notifyVehicleProperty: solvedValue = {.timestamp = 5629044240669, .areaId = 0, .prop = 557850878, .status = AVAILABLE, .value = {.int32Values = [1]{0}, .floatValues = [0]{}, .int64Values = [0]{}, .bytes = [0]{}, .stringValue = ""}}
12-30 10:11:33.222   398   464 I VehiclePropertyStore: begin to write value to Store: {.timestamp = 5629044240669, .areaId = 0, .prop = 557850878, .status = AVAILABLE, .value = {.int32Values = [1]{0}, .floatValues = [0]{}, .int64Values = [0]{}, .bytes = [0]{}, .stringValue = ""}}
12-30 10:11:33.222   398   464 I DefaultVehicleHal_v2_0: DefaultVehicleHal::onPropertyValue, value:{.timestamp = 5629044240669, .areaId = 0, .prop = 557850878, .status = AVAILABLE, .value = {.int32Values = [1]{0}, .floatValues = [0]{}, .int64Values = [0]{}, .bytes = [0]{}, .stringValue = ""}}
12-30 10:11:33.222   398   464 D DiagPropHandler: is not DiagnosticConfig: 0x214020fe
12-30 10:11:33.222   398   464 I VehiclePropertyStore: begin to write value to Store: {.timestamp = 5629044240669, .areaId = 0, .prop = 557850878, .status = AVAILABLE, .value = {.int32Values = [1]{0}, .floatValues = [0]{}, .int64Values = [0]{}, .bytes = [0]{}, .stringValue = ""}}
12-30 10:11:33.222   398   464 D adayocomadapter-CommunicationManager: onUpstreamReceive mPropertyId 0x214020fe
12-30 10:11:33.222   398   464 D adayocomadapter-CommunicationManager: onUpstreamReceive mPropertyId 0x214020ff
12-30 10:11:33.222   398   464 D adayocomadapter-CommunicationManager: convertBytesToInt32Memcpy  0
12-30 10:11:33.222   398   464 I vw-vhal : notifyVehicleProperty, propId = 0x214020ff, data = {status: 2, int32Values: [0]}
12-30 10:11:33.222   398   464 I vw-vhal : CanSignalsAdapter::notifyVehicleProperty: solvedValue = {.timestamp = 5629044433669, .areaId = 0, .prop = 557850879, .status = AVAILABLE, .value = {.int32Values = [1]{0}, .floatValues = [0]{}, .int64Values = [0]{}, .bytes = [0]{}, .stringValue = ""}}
12-30 10:11:33.222   398   464 I VehiclePropertyStore: begin to write value to Store: {.timestamp = 5629044433669, .areaId = 0, .prop = 557850879, .status = AVAILABLE, .value = {.int32Values = [1]{0}, .floatValues = [0]{}, .int64Values = [0]{}, .bytes = [0]{}, .stringValue = ""}}
12-30 10:11:33.222   398   464 I DefaultVehicleHal_v2_0: DefaultVehicleHal::onPropertyValue, value:{.timestamp = 5629044433669, .areaId = 0, .prop = 557850879, .status = AVAILABLE, .value = {.int32Values = [1]{0}, .floatValues = [0]{}, .int64Values = [0]{}, .bytes = [0]{}, .stringValue = ""}}
12-30 10:11:33.222   398   464 D DiagPropHandler: is not DiagnosticConfig: 0x214020ff
12-30 10:11:33.222   398   464 I VehiclePropertyStore: begin to write value to Store: {.timestamp = 5629044433669, .areaId = 0, .prop = 557850879, .status = AVAILABLE, .value = {.int32Values = [1]{0}, .floatValues = [0]{}, .int64Values = [0]{}, .bytes = [0]{}, .stringValue = ""}}
12-30 10:11:33.222   398   464 D adayocomadapter-CommunicationManager: onUpstreamReceive mPropertyId 0x214020ff
12-30 10:11:33.222   398   464 D adayocomadapter-CommunicationManager: onUpstreamReceive mPropertyId 0x21402182
12-30 10:11:33.222   398   464 D adayocomadapter-CommunicationManager: convertBytesToInt32Memcpy  0
12-30 10:11:33.222   398   464 I vw-vhal : notifyVehicleProperty, propId = 0x21402182, data = {status: 2, int32Values: [0]}
12-30 10:11:33.222   398   464 I vw-vhal : CanSignalsAdapter::notifyVehicleProperty: solvedValue = {.timestamp = 5629044627669, .areaId = 0, .prop = 557851010, .status = AVAILABLE, .value = {.int32Values = [1]{0}, .floatValues = [0]{}, .int64Values = [0]{}, .bytes = [0]{}, .stringValue = ""}}
12-30 10:11:33.222   398   464 I VehiclePropertyStore: begin to write value to Store: {.timestamp = 5629044627669, .areaId = 0, .prop = 557851010, .status = AVAILABLE, .value = {.int32Values = [1]{0}, .floatValues = [0]{}, .int64Values = [0]{}, .bytes = [0]{}, .stringValue = ""}}
12-30 10:11:33.222   398   464 I DefaultVehicleHal_v2_0: DefaultVehicleHal::onPropertyValue, value:{.timestamp = 5629044627669, .areaId = 0, .prop = 557851010, .status = AVAILABLE, .value = {.int32Values = [1]{0}, .floatValues = [0]{}, .int64Values = [0]{}, .bytes = [0]{}, .stringValue = ""}}
12-30 10:11:33.222   398   464 D DiagPropHandler: is not DiagnosticConfig: 0x21402182
12-30 10:11:33.222   398   464 I VehiclePropertyStore: begin to write value to Store: {.timestamp = 5629044627669, .areaId = 0, .prop = 557851010, .status = AVAILABLE, .value = {.int32Values = [1]{0}, .floatValues = [0]{}, .int64Values = [0]{}, .bytes = [0]{}, .stringValue = ""}}
12-30 10:11:33.222   398   464 D adayocomadapter-CommunicationManager: onUpstreamReceive mPropertyId 0x21402182
12-30 10:11:33.234   650   729 D fgemcucomm: sd Uart data : 6AA602AFDE00029202DB
12-30 10:11:33.234   650   729 D fgemcucomm: rev uart=46582,len=13, data : 6AA681AFDE00059202000C004D
12-30 10:11:33.234   398   882 D adayocomadapter-ParseProtocolFunc: printRaWMsg Name[MCUToUPstream recv] len[5] data[9202000C00]
12-30 10:11:33.234   398   882 D adayocomadapter-CommunicationManager: onUpstreamback   member[0] dataLength[2] timePoint[5629056]
12-30 10:11:33.234   360   931 D EvsDriver: forwardFrame
12-30 10:11:33.234   398   882 D adayocomadapter-ParseProtocolFunc: printRaWMsg Name[onUpstreamback] len[2] data[0C00]
12-30 10:11:33.234   360   931 D EvsDriver: forwardFrameDirect
12-30 10:11:33.234   398   464 D adayocomadapter-UpstreamHandler: processBeforePacket upSreamtProcessTimePoint[5629056] 
12-30 10:11:33.234   398   464 D adayocomadapter-UpstreamHandler: processPacket UPSTREAM_QUEUE_DATA_TIMEOUT
12-30 10:11:33.234   398   464 D adayocomadapter-ParseProtocolFunc: parseCommonIPCLBytes Processing tableNumber[12]
12-30 10:11:33.234   398   464 D adayocomadapter-ParseProtocolFunc: parseCommonIPCLBytes Processing tablename[Table-12] tableSize[2]
12-30 10:11:33.234   398   464 D adayocomadapter-ParseProtocolFunc: printRaWMsg Name[byteStream recv] len[2] data[0C00]
12-30 10:11:33.234   398   464 D adayocomadapter-ParseProtocolFunc: printRaWMsg Name[IPCLtoVHAL] len[6] data[214021660000]
12-30 10:11:33.234   398   464 D adayocomadapter-CommunicationManager: onUpstreamReceive mPropertyId 0x21402166
12-30 10:11:33.234   398   464 D adayocomadapter-CommunicationManager: convertBytesToInt32Memcpy  0
12-30 10:11:33.234   360   931 D EvsDriver: Delivered 0xb400e2ca9e40e270 as id 0
12-30 10:11:33.234   398   464 I vw-vhal : notifyVehicleProperty, propId = 0x21402166, data = {status: 2, int32Values: [0]}
12-30 10:11:33.234   398   464 I vw-vhal : CanSignalsAdapter::notifyVehicleProperty: solvedValue = {.timestamp = 5629056709669, .areaId = 0, .prop = 557850982, .status = AVAILABLE, .value = {.int32Values = [1]{0}, .floatValues = [0]{}, .int64Values = [0]{}, .bytes = [0]{}, .stringValue = ""}}
12-30 10:11:33.234   359  2784 D evsmanagerd: /dev/video-evs0 forwarded the buffer #0 to 0xb400f125d2b26dd0 from 0xb400f125e2b20710
12-30 10:11:33.234   398   464 I VehiclePropertyStore: begin to write value to Store: {.timestamp = 5629056709669, .areaId = 0, .prop = 557850982, .status = AVAILABLE, .value = {.int32Values = [1]{0}, .floatValues = [0]{}, .int64Values = [0]{}, .bytes = [0]{}, .stringValue = ""}}
12-30 10:11:33.234   398   464 I DefaultVehicleHal_v2_0: DefaultVehicleHal::onPropertyValue, value:{.timestamp = 5629056709669, .areaId = 0, .prop = 557850982, .status = AVAILABLE, .value = {.int32Values = [1]{0}, .floatValues = [0]{}, .int64Values = [0]{}, .bytes = [0]{}, .stringValue = ""}}
12-30 10:11:33.234   398   464 D DiagPropHandler: is not DiagnosticConfig: 0x21402166
12-30 10:11:33.234   398   464 I VehiclePropertyStore: begin to write value to Store: {.timestamp = 5629056709669, .areaId = 0, .prop = 557850982, .status = AVAILABLE, .value = {.int32Values = [1]{0}, .floatValues = [0]{}, .int64Values = [0]{}, .bytes = [0]{}, .stringValue = ""}}
12-30 10:11:33.235   398   464 D adayocomadapter-CommunicationManager: onUpstreamReceive mPropertyId 0x21402166
12-30 10:11:33.238 16029 16029 I ADAYO_LOG_TRACE_RESOURCE: collect_dest_path:/mnt/sdcard/logcat_GNSS/
12-30 10:11:33.240   360   458 D EvsDriver: doneWithFrame
12-30 10:11:33.248  2358  2623 D RcfController: Rcf proxy is not connected!
12-30 10:11:33.254   650   729 D fgemcucomm: sd Uart data : 6AA602AFDF00029202DA
12-30 10:11:33.254   650   729 D fgemcucomm: rev uart=46583,len=16, data : 6AA681AFDF00089202000E0000000047
12-30 10:11:33.254   398   882 D adayocomadapter-ParseProtocolFunc: printRaWMsg Name[MCUToUPstream recv] len[8] data[9202000E00000000]
12-30 10:11:33.254   398   882 D adayocomadapter-CommunicationManager: onUpstreamback   member[0] dataLength[5] timePoint[5629076]
12-30 10:11:33.254   398   882 D adayocomadapter-ParseProtocolFunc: printRaWMsg Name[onUpstreamback] len[5] data[0E00000000]
12-30 10:11:33.254   398   464 D adayocomadapter-UpstreamHandler: processBeforePacket upSreamtProcessTimePoint[5629076] 
12-30 10:11:33.254   398   464 D adayocomadapter-UpstreamHandler: processPacket UPSTREAM_QUEUE_DATA_TIMEOUT
12-30 10:11:33.254   398   464 D adayocomadapter-ParseProtocolFunc: parseCommonIPCLBytes Processing tableNumber[14]
12-30 10:11:33.254   398   464 D adayocomadapter-ParseProtocolFunc: parseCommonIPCLBytes Processing tablename[Table-14] tableSize[5]
12-30 10:11:33.254   398   464 D adayocomadapter-ParseProtocolFunc: printRaWMsg Name[byteStream recv] len[5] data[0E00000000]
12-30 10:11:33.254   398   464 D adayocomadapter-ParseProtocolFunc: printRaWMsg Name[IPCLtoVHAL] len[6] data[214020DE0000]
12-30 10:11:33.254   398   464 D adayocomadapter-ParseProtocolFunc: printRaWMsg Name[IPCLtoVHAL] len[6] data[214020E00000]
12-30 10:11:33.254   398   464 D adayocomadapter-ParseProtocolFunc: printRaWMsg Name[IPCLtoVHAL] len[6] data[214020E50000]
12-30 10:11:33.254   398   464 D adayocomadapter-ParseProtocolFunc: printRaWMsg Name[IPCLtoVHAL] len[6] data[214020E60000]
12-30 10:11:33.254   398   464 D adayocomadapter-CommunicationManager: onUpstreamReceive mPropertyId 0x214020de
12-30 10:11:33.255   398   464 D adayocomadapter-CommunicationManager: convertBytesToInt32Memcpy  0
12-30 10:11:33.255   398   464 I vw-vhal : notifyVehicleProperty, propId = 0x214020de, data = {status: 2, int32Values: [0]}
12-30 10:11:33.255   398   464 I vw-vhal : CanSignalsAdapter::notifyVehicleProperty: solvedValue = {.timestamp = 5629076935002, .areaId = 0, .prop = 557850846, .status = AVAILABLE, .value = {.int32Values = [1]{0}, .floatValues = [0]{}, .int64Values = [0]{}, .bytes = [0]{}, .stringValue = ""}}
12-30 10:11:33.255   398   464 I VehiclePropertyStore: begin to write value to Store: {.timestamp = 5629076935002, .areaId = 0, .prop = 557850846, .status = AVAILABLE, .value = {.int32Values = [1]{0}, .floatValues = [0]{}, .int64Values = [0]{}, .bytes = [0]{}, .stringValue = ""}}
12-30 10:11:33.255   398   464 I DefaultVehicleHal_v2_0: DefaultVehicleHal::onPropertyValue, value:{.timestamp = 5629076935002, .areaId = 0, .prop = 557850846, .status = AVAILABLE, .value = {.int32Values = [1]{0}, .floatValues = [0]{}, .int64Values = [0]{}, .bytes = [0]{}, .stringValue = ""}}
12-30 10:11:33.255   398   464 D DiagPropHandler: is not DiagnosticConfig: 0x214020de
12-30 10:11:33.255   398   464 I VehiclePropertyStore: begin to write value to Store: {.timestamp = 5629076935002, .areaId = 0, .prop = 557850846, .status = AVAILABLE, .value = {.int32Values = [1]{0}, .floatValues = [0]{}, .int64Values = [0]{}, .bytes = [0]{}, .stringValue = ""}}
12-30 10:11:33.255   398   464 D adayocomadapter-CommunicationManager: onUpstreamReceive mPropertyId 0x214020de
12-30 10:11:33.255   398   464 D adayocomadapter-CommunicationManager: onUpstreamReceive mPropertyId 0x214020e0
12-30 10:11:33.255   398   464 D adayocomadapter-CommunicationManager: convertBytesToInt32Memcpy  0
12-30 10:11:33.255   398   464 I vw-vhal : notifyVehicleProperty, propId = 0x214020e0, data = {status: 2, int32Values: [0]}
12-30 10:11:33.255   398   464 I vw-vhal : CanSignalsAdapter::notifyVehicleProperty: solvedValue = {.timestamp = 5629077177002, .areaId = 0, .prop = 557850848, .status = AVAILABLE, .value = {.int32Values = [1]{0}, .floatValues = [0]{}, .int64Values = [0]{}, .bytes = [0]{}, .stringValue = ""}}
12-30 10:11:33.255   398   464 I VehiclePropertyStore: begin to write value to Store: {.timestamp = 5629077177002, .areaId = 0, .prop = 557850848, .status = AVAILABLE, .value = {.int32Values = [1]{0}, .floatValues = [0]{}, .int64Values = [0]{}, .bytes = [0]{}, .stringValue = ""}}
12-30 10:11:33.255   398   464 I DefaultVehicleHal_v2_0: DefaultVehicleHal::onPropertyValue, value:{.timestamp = 5629077177002, .areaId = 0, .prop = 557850848, .status = AVAILABLE, .value = {.int32Values = [1]{0}, .floatValues = [0]{}, .int64Values = [0]{}, .bytes = [0]{}, .stringValue = ""}}
12-30 10:11:33.255   398   464 D DiagPropHandler: is not DiagnosticConfig: 0x214020e0
12-30 10:11:33.255   398   464 I VehiclePropertyStore: begin to write value to Store: {.timestamp = 5629077177002, .areaId = 0, .prop = 557850848, .status = AVAILABLE, .value = {.int32Values = [1]{0}, .floatValues = [0]{}, .int64Values = [0]{}, .bytes = [0]{}, .stringValue = ""}}
12-30 10:11:33.255   398   464 D adayocomadapter-CommunicationManager: onUpstreamReceive mPropertyId 0x214020e0
12-30 10:11:33.255   398   464 D adayocomadapter-CommunicationManager: onUpstreamReceive mPropertyId 0x214020e5
12-30 10:11:33.255   398   464 D adayocomadapter-CommunicationManager: convertBytesToInt32Memcpy  0
12-30 10:11:33.255   398   464 I vw-vhal : notifyVehicleProperty, propId = 0x214020e5, data = {status: 2, int32Values: [0]}
12-30 10:11:33.255   398   464 I vw-vhal : CanSignalsAdapter::notifyVehicleProperty: solvedValue = {.timestamp = 5629077377335, .areaId = 0, .prop = 557850853, .status = AVAILABLE, .value = {.int32Values = [1]{0}, .floatValues = [0]{}, .int64Values = [0]{}, .bytes = [0]{}, .stringValue = ""}}
12-30 10:11:33.255   398   464 I VehiclePropertyStore: begin to write value to Store: {.timestamp = 5629077377335, .areaId = 0, .prop = 557850853, .status = AVAILABLE, .value = {.int32Values = [1]{0}, .floatValues = [0]{}, .int64Values = [0]{}, .bytes = [0]{}, .stringValue = ""}}
12-30 10:11:33.255   398   464 I DefaultVehicleHal_v2_0: DefaultVehicleHal::onPropertyValue, value:{.timestamp = 5629077377335, .areaId = 0, .prop = 557850853, .status = AVAILABLE, .value = {.int32Values = [1]{0}, .floatValues = [0]{}, .int64Values = [0]{}, .bytes = [0]{}, .stringValue = ""}}
12-30 10:11:33.255   398   464 D DiagPropHandler: is not DiagnosticConfig: 0x214020e5
12-30 10:11:33.255   398   464 I VehiclePropertyStore: begin to write value to Store: {.timestamp = 5629077377335, .areaId = 0, .prop = 557850853, .status = AVAILABLE, .value = {.int32Values = [1]{0}, .floatValues = [0]{}, .int64Values = [0]{}, .bytes = [0]{}, .stringValue = ""}}
12-30 10:11:33.255   398   464 D adayocomadapter-CommunicationManager: onUpstreamReceive mPropertyId 0x214020e5
12-30 10:11:33.255   398   464 D adayocomadapter-CommunicationManager: onUpstreamReceive mPropertyId 0x214020e6
12-30 10:11:33.255   398   464 D adayocomadapter-CommunicationManager: convertBytesToInt32Memcpy  0
12-30 10:11:33.255   398   464 I vw-vhal : notifyVehicleProperty, propId = 0x214020e6, data = {status: 2, int32Values: [0]}
12-30 10:11:33.255   398   464 I vw-vhal : CanSignalsAdapter::notifyVehicleProperty: solvedValue = {.timestamp = 5629077571002, .areaId = 0, .prop = 557850854, .status = AVAILABLE, .value = {.int32Values = [1]{0}, .floatValues = [0]{}, .int64Values = [0]{}, .bytes = [0]{}, .stringValue = ""}}
12-30 10:11:33.255   398   464 I VehiclePropertyStore: begin to write value to Store: {.timestamp = 5629077571002, .areaId = 0, .prop = 557850854, .status = AVAILABLE, .value = {.int32Values = [1]{0}, .floatValues = [0]{}, .int64Values = [0]{}, .bytes = [0]{}, .stringValue = ""}}
12-30 10:11:33.255   398   464 I DefaultVehicleHal_v2_0: DefaultVehicleHal::onPropertyValue, value:{.timestamp = 5629077571002, .areaId = 0, .prop = 557850854, .status = AVAILABLE, .value = {.int32Values = [1]{0}, .floatValues = [0]{}, .int64Values = [0]{}, .bytes = [0]{}, .stringValue = ""}}
12-30 10:11:33.255   398   464 D DiagPropHandler: is not DiagnosticConfig: 0x214020e6
12-30 10:11:33.255   398   464 I VehiclePropertyStore: begin to write value to Store: {.timestamp = 5629077571002, .areaId = 0, .prop = 557850854, .status = AVAILABLE, .value = {.int32Values = [1]{0}, .floatValues = [0]{}, .int64Values = [0]{}, .bytes = [0]{}, .stringValue = ""}}
12-30 10:11:33.255   398   464 D adayocomadapter-CommunicationManager: onUpstreamReceive mPropertyId 0x214020e6
12-30 10:11:33.267   360   931 D EvsDriver: forwardFrame
12-30 10:11:33.267   360   931 D EvsDriver: forwardFrameDirect
12-30 10:11:33.268   360   931 D EvsDriver: Delivered 0xb400e2ca9e40d4b0 as id 1
12-30 10:11:33.268   359  2784 D evsmanagerd: /dev/video-evs0 forwarded the buffer #1 to 0xb400f125d2b26dd0 from 0xb400f125e2b20710
12-30 10:11:33.270   360   458 D EvsDriver: doneWithFrame
12-30 10:11:33.280  1667  2407 I media_message_log->MediaMessageProxy: (SourceFile:1)b connectToService action bind
12-30 10:11:33.281   916  1847 W ActivityManager: Unable to start service Intent { cmp=com.adayo.server.mediamessagetransfer/.MediaMessTransferService (has extras) } U=0: not found
12-30 10:11:33.281  1667  2407 E media_message_log->MediaMessageProxy: (SourceFile:7)a bindServiceAsUser isBound = false
12-30 10:11:33.297   596  3076 E WifiHAL : Invalid data received from driver
12-30 10:11:33.299  2358  2623 D RcfController: Rcf proxy is not connected!
12-30 10:11:33.301   360   931 D EvsDriver: forwardFrame
12-30 10:11:33.301   360   931 D EvsDriver: forwardFrameDirect
12-30 10:11:33.301   360   931 D EvsDriver: Delivered 0xb400e2ca9e40c2d0 as id 0
12-30 10:11:33.301   359  2784 D evsmanagerd: /dev/video-evs0 forwarded the buffer #0 to 0xb400f125d2b26dd0 from 0xb400f125e2b20710
12-30 10:11:33.309 16032 16032 I ADAYO_LOG_TRACE_RESOURCE: file_path:/mnt/sdcard/logcat_GNSS//gnss_log.log
12-30 10:11:33.311   360   458 D EvsDriver: doneWithFrame
12-30 10:11:33.311  1547  2118 D ANWAPI  : (1547|0x6EF3FCB0)[BTAPI] testing: step3: (2)
12-30 10:11:33.311  1547  2118 D ANWAPI  : (1547|0x6EF3FCB0)[BTAPI] testing: step1: send HCI local read infor
12-30 10:11:33.311  1547  2118 D ANWStack: [   5629133][ANWBT] HCI: Sending HCI_ReadLocalVersionInformation command
12-30 10:11:33.311  1547  2118 D ANWStack: [   5629133][ANWBT] HCI Rx: CommandComplete event for ReadLocalVersionInformation, numCommandPackets=0x1, status=0x00 (Success)
12-30 10:11:33.311  1547  2118 D ANWStack: 
12-30 10:11:33.311  1547  2118 D ANWStack: [   5629133][ANWBT] HCI Rx:     CommandComplete Parameters: HCIversion=0xD, HCIrevision=0x0, LMP version=0xD, ManufacturerId=0x1D, LMP subversion=0x80E9
12-30 10:11:33.311  1547  2118 D ANWStack: 
12-30 10:11:33.311  1547  2118 D ANWAPI  : (1547|0x6EF3FCB0)[BTAPI] AnwhciEventCallback 14 1
12-30 10:11:33.311  1547  2118 D ANWAPI  : (1547|0x6EF3FCB0)[BTAPI] btsdk_command_complete_event_handler cmdOpcode = 4097
12-30 10:11:33.311  1547  2118 D ANWAPI  : (1547|0x6EF3FCB0)[BTAPI] testing: step2: receive complete(1)
12-30 10:11:33.311  1547  2118 D ANWStack: [   5629133][ANWBT] HCI: Host Controller manufacturer ID 0x001D
12-30 10:11:33.311  1547  2118 D ANWStack: 
12-30 10:11:33.334   360   931 D EvsDriver: forwardFrame
12-30 10:11:33.334   360   931 D EvsDriver: forwardFrameDirect
12-30 10:11:33.334   360   931 D EvsDriver: Delivered 0xb400e2ca9e40d090 as id 1
12-30 10:11:33.334   359  2784 D evsmanagerd: /dev/video-evs0 forwarded the buffer #1 to 0xb400f125d2b26dd0 from 0xb400f125e2b20710
12-30 10:11:33.341   360   458 D EvsDriver: doneWithFrame
12-30 10:11:33.349  2358  2623 D RcfController: Rcf proxy is not connected!
12-30 10:11:33.356 16035 16035 I ADAYO_LOG_TRACE_RESOURCE: folder_size:0
12-30 10:11:33.360   596  3076 E WifiHAL : Invalid data received from driver
12-30 10:11:33.367   360   931 D EvsDriver: forwardFrame
12-30 10:11:33.367   360   931 D EvsDriver: forwardFrameDirect
12-30 10:11:33.368   360   931 D EvsDriver: Delivered 0xb400e2ca9e40e110 as id 0
12-30 10:11:33.368   359  2784 D evsmanagerd: /dev/video-evs0 forwarded the buffer #0 to 0xb400f125d2b26dd0 from 0xb400f125e2b20710
12-30 10:11:33.371   360   458 D EvsDriver: doneWithFrame
12-30 10:11:33.377   798 16018 W adbd    : timed out while waiting for FUNCTIONFS_BIND, trying again
12-30 10:11:33.378   798 16018 I adbd    : UsbFfs: connection terminated: monitor thread finished
12-30 10:11:33.378   798   798 I adbd    : UsbFfs: already offline
12-30 10:11:33.378   798   798 I adbd    : destroying transport UsbFfs
12-30 10:11:33.378   798   798 I adbd    : UsbFfsConnection being destroyed
12-30 10:11:33.399  2358  2623 D RcfController: Rcf proxy is not connected!
12-30 10:11:33.401   360   931 D EvsDriver: forwardFrame
12-30 10:11:33.401   360   931 D EvsDriver: forwardFrameDirect
12-30 10:11:33.401   360   931 D EvsDriver: Delivered 0xb400e2ca9e40c7a0 as id 1
12-30 10:11:33.401   359  2784 D evsmanagerd: /dev/video-evs0 forwarded the buffer #1 to 0xb400f125d2b26dd0 from 0xb400f125e2b20710
12-30 10:11:33.401   360   458 D EvsDriver: doneWithFrame
12-30 10:11:33.407   650   729 D fgemcucomm: sd Uart data : 6AA602AFE000029202D9
12-30 10:11:33.407   650   729 D fgemcucomm: rev uart=46584,len=48, data : 6AA681AFE000289202001B4A503130333531353242204A503130333531353242204130310000000000000000000000BD
12-30 10:11:33.407   398   882 D adayocomadapter-ParseProtocolFunc: printRaWMsg Name[MCUToUPstream recv] len[40] data[9202001B4A503130333531353242204A503130333531353242204130310000000000000000000000]
12-30 10:11:33.407   398   882 D adayocomadapter-CommunicationManager: onUpstreamback   member[0] dataLength[37] timePoint[5629229]
12-30 10:11:33.407   398   882 D adayocomadapter-ParseProtocolFunc: printRaWMsg Name[onUpstreamback] len[37] data[1B4A503130333531353242204A503130333531353242204130310000000000000000000000]
12-30 10:11:33.407   398   464 D adayocomadapter-UpstreamHandler: processBeforePacket upSreamtProcessTimePoint[5629229] 
12-30 10:11:33.407   398   464 D adayocomadapter-UpstreamHandler: processPacket UPSTREAM_QUEUE_DATA_TIMEOUT
12-30 10:11:33.407   398   464 D adayocomadapter-ParseProtocolFunc: parseCommonIPCLBytes Processing tableNumber[27]
12-30 10:11:33.407   398   464 D adayocomadapter-ParseProtocolFunc: parseCommonIPCLBytes Processing tablename[Table-27] tableSize[37]
12-30 10:11:33.407   398   464 D adayocomadapter-ParseProtocolFunc: printRaWMsg Name[byteStream recv] len[37] data[1B4A503130333531353242204A503130333531353242204130310000000000000000000000]
12-30 10:11:33.407   398   464 D adayocomadapter-ParseProtocolFunc: printRaWMsg Name[IPCLtoVHAL] len[16] data[21414157014A50313033353135324220]
12-30 10:11:33.407   398   464 D adayocomadapter-ParseProtocolFunc: printRaWMsg Name[IPCLtoVHAL] len[16] data[21414158014A50313033353135324220]
12-30 10:11:33.407   398   464 D adayocomadapter-ParseProtocolFunc: printRaWMsg Name[IPCLtoVHAL] len[8] data[2141415901413031]
12-30 10:11:33.407   398   464 D adayocomadapter-ParseProtocolFunc: printRaWMsg Name[IPCLtoVHAL] len[16] data[2141415A010000000000000000000000]
12-30 10:11:33.407   398   464 D adayocomadapter-CommunicationManager: onUpstreamReceive mPropertyId 0x21414157
12-30 10:11:33.407   398   464 D adayocomadapter-CommunicationManager: writeValue id=[557924695]
12-30 10:11:33.407   398   464 D adayocomadapter-VehiclePropertyStore: writeValue id=[557924695]
12-30 10:11:33.407   398   464 I vw-vhal : notifyVehicleProperty, propId = 0x21414157, data = {status: 2, int32Values: [74, 80, 49, 48, 51, 53, 49, 53, 50, 66, 32]}
12-30 10:11:33.407   398   464 I vw-vhal : CanSignalsAdapter::notifyDiagProperty: propId = 0x21414157, data = {status: 2, int32Values: [74, 80, 49, 48, 51, 53, 49, 53, 50, 66, 32]}
12-30 10:11:33.407   398   464 I vw-vhal : CanSignalsAdapter::notifyVehicleProperty: solvedValue = {.timestamp = 5629229806669, .areaId = 0, .prop = 557924695, .status = AVAILABLE, .value = {.int32Values = [11]{74, 80, 49, 48, 51, 53, 49, 53, 50, 66, 32}, .floatValues = [0]{}, .int64Values = [0]{}, .bytes = [0]{}, .stringValue = ""}}
12-30 10:11:33.408   398   464 I VehiclePropertyStore: begin to write value to Store: {.timestamp = 5629229806669, .areaId = 0, .prop = 557924695, .status = AVAILABLE, .value = {.int32Values = [11]{74, 80, 49, 48, 51, 53, 49, 53, 50, 66, 32}, .floatValues = [0]{}, .int64Values = [0]{}, .bytes = [0]{}, .stringValue = ""}}
12-30 10:11:33.408   398   464 I DefaultVehicleHal_v2_0: DefaultVehicleHal::onPropertyValue, value:{.timestamp = 5629229806669, .areaId = 0, .prop = 557924695, .status = AVAILABLE, .value = {.int32Values = [11]{74, 80, 49, 48, 51, 53, 49, 53, 50, 66, 32}, .floatValues = [0]{}, .int64Values = [0]{}, .bytes = [0]{}, .stringValue = ""}}
12-30 10:11:33.408   398   464 D DiagPropHandler: isDiagnosticConfig: 0x21414157
12-30 10:11:33.408   398   464 D DefaultVehicleHal_v2_0: onPropertyValue: Diagnostic config property: 0x21414157
12-30 10:11:33.408   398   464 D DiagPropHandler: Processing request for prop: 0x21414157
12-30 10:11:33.408   398   464 D DiagPropHandler: String length: 11, size = 11
12-30 10:11:33.408   682   682 I vendor.fawvw.hardware.persistenceservice: [193][persistence_client_library_prct_access::get_db_context] key VW_Spare_Part_Number is not in RCT,will be stored in cached
12-30 10:11:33.408   682   682 I vendor.fawvw.hardware.persistenceservice: [39][PersistenceService::setValue]Receive aidl setValue:key is VW_Spare_Part_Number,value is JP1035152B ,serviceid is 2
12-30 10:11:33.408   398   464 D DiagPropHandler: Successfully set property [VW_Spare_Part_Number] = JP1035152B 
12-30 10:11:33.408   398   464 I VehiclePropertyStore: begin to write value to Store: {.timestamp = 5629229806669, .areaId = 0, .prop = 557924695, .status = AVAILABLE, .value = {.int32Values = [11]{74, 80, 49, 48, 51, 53, 49, 53, 50, 66, 32}, .floatValues = [0]{}, .int64Values = [0]{}, .bytes = [0]{}, .stringValue = ""}}
12-30 10:11:33.408   398   464 D adayocomadapter-CommunicationManager: onUpstreamReceive mPropertyId 0x21414157
12-30 10:11:33.409   398   464 D adayocomadapter-CommunicationManager: onUpstreamReceive mPropertyId 0x21414158
12-30 10:11:33.409   398   464 D adayocomadapter-CommunicationManager: writeValue id=[557924696]
12-30 10:11:33.409   398   464 D adayocomadapter-VehiclePropertyStore: writeValue id=[557924696]
12-30 10:11:33.409   398   464 I vw-vhal : notifyVehicleProperty, propId = 0x21414158, data = {status: 2, int32Values: [74, 80, 49, 48, 51, 53, 49, 53, 50, 66, 32]}
12-30 10:11:33.409   398   464 I vw-vhal : CanSignalsAdapter::notifyDiagProperty: propId = 0x21414158, data = {status: 2, int32Values: [74, 80, 49, 48, 51, 53, 49, 53, 50, 66, 32]}
12-30 10:11:33.409   398   464 I vw-vhal : CanSignalsAdapter::notifyVehicleProperty: solvedValue = {.timestamp = 5629231020335, .areaId = 0, .prop = 557924696, .status = AVAILABLE, .value = {.int32Values = [11]{74, 80, 49, 48, 51, 53, 49, 53, 50, 66, 32}, .floatValues = [0]{}, .int64Values = [0]{}, .bytes = [0]{}, .stringValue = ""}}
12-30 10:11:33.409   398   464 I VehiclePropertyStore: begin to write value to Store: {.timestamp = 5629231020335, .areaId = 0, .prop = 557924696, .status = AVAILABLE, .value = {.int32Values = [11]{74, 80, 49, 48, 51, 53, 49, 53, 50, 66, 32}, .floatValues = [0]{}, .int64Values = [0]{}, .bytes = [0]{}, .stringValue = ""}}
12-30 10:11:33.409   398   464 I DefaultVehicleHal_v2_0: DefaultVehicleHal::onPropertyValue, value:{.timestamp = 5629231020335, .areaId = 0, .prop = 557924696, .status = AVAILABLE, .value = {.int32Values = [11]{74, 80, 49, 48, 51, 53, 49, 53, 50, 66, 32}, .floatValues = [0]{}, .int64Values = [0]{}, .bytes = [0]{}, .stringValue = ""}}
12-30 10:11:33.409   398   464 D DiagPropHandler: is not DiagnosticConfig: 0x21414158
12-30 10:11:33.409   398   464 I VehiclePropertyStore: begin to write value to Store: {.timestamp = 5629231020335, .areaId = 0, .prop = 557924696, .status = AVAILABLE, .value = {.int32Values = [11]{74, 80, 49, 48, 51, 53, 49, 53, 50, 66, 32}, .floatValues = [0]{}, .int64Values = [0]{}, .bytes = [0]{}, .stringValue = ""}}
12-30 10:11:33.409   398   464 D adayocomadapter-CommunicationManager: onUpstreamReceive mPropertyId 0x21414158
12-30 10:11:33.409   398   464 D adayocomadapter-CommunicationManager: onUpstreamReceive mPropertyId 0x21414159
12-30 10:11:33.409   398   464 D adayocomadapter-CommunicationManager: writeValue id=[557924697]
12-30 10:11:33.409   398   464 D adayocomadapter-VehiclePropertyStore: writeValue id=[557924697]
12-30 10:11:33.409   398   464 I vw-vhal : notifyVehicleProperty, propId = 0x21414159, data = {status: 2, int32Values: [65, 48, 49]}
12-30 10:11:33.409   398   464 I vw-vhal : CanSignalsAdapter::notifyDiagProperty: propId = 0x21414159, data = {status: 2, int32Values: [65, 48, 49]}
12-30 10:11:33.409   398   464 I vw-vhal : CanSignalsAdapter::notifyVehicleProperty: solvedValue = {.timestamp = 5629231291335, .areaId = 0, .prop = 557924697, .status = AVAILABLE, .value = {.int32Values = [3]{65, 48, 49}, .floatValues = [0]{}, .int64Values = [0]{}, .bytes = [0]{}, .stringValue = ""}}
12-30 10:11:33.409   398   464 I VehiclePropertyStore: begin to write value to Store: {.timestamp = 5629231291335, .areaId = 0, .prop = 557924697, .status = AVAILABLE, .value = {.int32Values = [3]{65, 48, 49}, .floatValues = [0]{}, .int64Values = [0]{}, .bytes = [0]{}, .stringValue = ""}}
12-30 10:11:33.409   398   464 I DefaultVehicleHal_v2_0: DefaultVehicleHal::onPropertyValue, value:{.timestamp = 5629231291335, .areaId = 0, .prop = 557924697, .status = AVAILABLE, .value = {.int32Values = [3]{65, 48, 49}, .floatValues = [0]{}, .int64Values = [0]{}, .bytes = [0]{}, .stringValue = ""}}
12-30 10:11:33.409   398   464 D DiagPropHandler: is not DiagnosticConfig: 0x21414159
12-30 10:11:33.409   398   464 I VehiclePropertyStore: begin to write value to Store: {.timestamp = 5629231291335, .areaId = 0, .prop = 557924697, .status = AVAILABLE, .value = {.int32Values = [3]{65, 48, 49}, .floatValues = [0]{}, .int64Values = [0]{}, .bytes = [0]{}, .stringValue = ""}}
12-30 10:11:33.409   398   464 D adayocomadapter-CommunicationManager: onUpstreamReceive mPropertyId 0x21414159
12-30 10:11:33.409   398   464 D adayocomadapter-CommunicationManager: onUpstreamReceive mPropertyId 0x2141415a
12-30 10:11:33.409   398   464 D adayocomadapter-CommunicationManager: writeValue id=[557924698]
12-30 10:11:33.409   398   464 D adayocomadapter-VehiclePropertyStore: writeValue id=[557924698]
12-30 10:11:33.409   398   464 I vw-vhal : notifyVehicleProperty, propId = 0x2141415a, data = {status: 2, int32Values: [0, 0, 0, 0, 0, 0, 0, 0, 0, 0, 0]}
12-30 10:11:33.409   398   464 I vw-vhal : CanSignalsAdapter::notifyDiagProperty: propId = 0x2141415a, data = {status: 2, int32Values: [0, 0, 0, 0, 0, 0, 0, 0, 0, 0, 0]}
12-30 10:11:33.409   398   464 I vw-vhal : CanSignalsAdapter::notifyVehicleProperty: solvedValue = {.timestamp = 5629231539669, .areaId = 0, .prop = 557924698, .status = AVAILABLE, .value = {.int32Values = [11]{0, 0, 0, 0, 0, 0, 0, 0, 0, 0, 0}, .floatValues = [0]{}, .int64Values = [0]{}, .bytes = [0]{}, .stringValue = ""}}
12-30 10:11:33.409   398   464 I VehiclePropertyStore: begin to write value to Store: {.timestamp = 5629231539669, .areaId = 0, .prop = 557924698, .status = AVAILABLE, .value = {.int32Values = [11]{0, 0, 0, 0, 0, 0, 0, 0, 0, 0, 0}, .floatValues = [0]{}, .int64Values = [0]{}, .bytes = [0]{}, .stringValue = ""}}
12-30 10:11:33.409   398   464 I DefaultVehicleHal_v2_0: DefaultVehicleHal::onPropertyValue, value:{.timestamp = 5629231539669, .areaId = 0, .prop = 557924698, .status = AVAILABLE, .value = {.int32Values = [11]{0, 0, 0, 0, 0, 0, 0, 0, 0, 0, 0}, .floatValues = [0]{}, .int64Values = [0]{}, .bytes = [0]{}, .stringValue = ""}}
12-30 10:11:33.409   398   464 D DiagPropHandler: is not DiagnosticConfig: 0x2141415a
12-30 10:11:33.409   398   464 I VehiclePropertyStore: begin to write value to Store: {.timestamp = 5629231539669, .areaId = 0, .prop = 557924698, .status = AVAILABLE, .value = {.int32Values = [11]{0, 0, 0, 0, 0, 0, 0, 0, 0, 0, 0}, .floatValues = [0]{}, .int64Values = [0]{}, .bytes = [0]{}, .stringValue = ""}}
12-30 10:11:33.409   398   464 D adayocomadapter-CommunicationManager: onUpstreamReceive mPropertyId 0x2141415a
12-30 10:11:33.434   360   931 D EvsDriver: forwardFrame
12-30 10:11:33.434   360   931 D EvsDriver: forwardFrameDirect
12-30 10:11:33.434   798   838 I adbd    : opening control endpoint /dev/usb-ffs/adb/ep0
12-30 10:11:33.434   360   931 D EvsDriver: Delivered 0xb400e2ca9e40e270 as id 0
12-30 10:11:33.434   359  2784 D evsmanagerd: /dev/video-evs0 forwarded the buffer #0 to 0xb400f125d2b26dd0 from 0xb400f125e2b20710
12-30 10:11:33.435   798   838 I adbd    : UsbFfsConnection constructed
12-30 10:11:33.435   798 16040 I adbd    : UsbFfs-monitor thread spawned
01-01 09:33:50.444   838   838 I         : read descriptors
01-01 09:33:50.445     1     1 I init    : processing action (sys.usb.config=adb && sys.usb.configfs=1 && sys.usb.ffs.ready=1) from (/system/etc/init/hw/init.usb.configfs.rc:20)
01-01 09:33:50.447     1     1 I init    : Command 'write /config/usb_gadget/g1/UDC ${sys.usb.controller}' action=sys.usb.config=adb && sys.usb.configfs=1 && sys.usb.ffs.ready=1 (/system/etc/init/hw/init.usb.configfs.rc:23) took 0ms and failed: Unable to write to file '/config/usb_gadget/g1/UDC': Unable to write file contents: Device or resource busy
12-30 10:11:33.442   360   458 D EvsDriver: doneWithFrame
12-30 10:11:33.449  2358  2623 D RcfController: Rcf proxy is not connected!
12-30 10:11:33.454   596  3076 E WifiHAL : Invalid data received from driver
12-30 10:11:33.467   360   931 I EvsDriver: /dev/video-evs0 VideoCapture fps 30.0015
12-30 10:11:33.468   360   931 D EvsDriver: forwardFrame
12-30 10:11:33.468   360   931 D EvsDriver: forwardFrameDirect
12-30 10:11:33.468   360   931 D EvsDriver: Delivered 0xb400e2ca9e40d4b0 as id 1
12-30 10:11:33.468   359  2784 D evsmanagerd: /dev/video-evs0 forwarded the buffer #1 to 0xb400f125d2b26dd0 from 0xb400f125e2b20710
12-30 10:11:33.472   360   458 D EvsDriver: doneWithFrame
12-30 10:11:33.500  2358  2623 D RcfController: Rcf proxy is not connected!
12-30 10:11:33.501   360   931 D EvsDriver: forwardFrame
12-30 10:11:33.501   360   931 D EvsDriver: forwardFrameDirect
12-30 10:11:33.501   360   931 D EvsDriver: Delivered 0xb400e2ca9e40c2d0 as id 0
12-30 10:11:33.501   359  2784 D evsmanagerd: /dev/video-evs0 forwarded the buffer #0 to 0xb400f125d2b26dd0 from 0xb400f125e2b20710
12-30 10:11:33.502   360   458 D EvsDriver: doneWithFrame
12-30 10:11:33.519   596  3076 E WifiHAL : Invalid data received from driver
12-30 10:11:33.519   596  3076 E WifiHAL : Invalid data received from driver
12-30 10:11:33.519   596  3076 E WifiHAL : Invalid data received from driver
12-30 10:11:33.519   596  3076 E WifiHAL : Invalid data received from driver
12-30 10:11:33.519   596  3076 E WifiHAL : Invalid data received from driver
12-30 10:11:33.519   596  3076 E WifiHAL : Invalid data received from driver
12-30 10:11:33.519   596  3076 E WifiHAL : Invalid data received from driver
12-30 10:11:33.534   360   931 D EvsDriver: forwardFrame
12-30 10:11:33.534   360   931 D EvsDriver: forwardFrameDirect
12-30 10:11:33.534   360   931 D EvsDriver: Delivered 0xb400e2ca9e40d090 as id 1
12-30 10:11:33.534   359  2784 D evsmanagerd: /dev/video-evs0 forwarded the buffer #1 to 0xb400f125d2b26dd0 from 0xb400f125e2b20710
12-30 10:11:33.539  1667  2410 I media_message_log->MediaMessageUserProxy: (SourceFile:1)b connectToService action bind
12-30 10:11:33.540   916  1847 W ActivityManager: Unable to start service Intent { cmp=com.adayo.server.mediamessagetransfer/.MediaMessTransferService (has extras) } U=0: not found
12-30 10:11:33.540  1667  2410 E media_message_log->MediaMessageUserProxy: (SourceFile:7)a bindServiceAsUser isBound = false
12-30 10:11:33.543   360   458 D EvsDriver: doneWithFrame
12-30 10:11:33.550  2358  2623 D RcfController: Rcf proxy is not connected!
12-30 10:11:33.556   596  3076 E WifiHAL : Invalid data received from driver
12-30 10:11:33.567   360   931 D EvsDriver: forwardFrame
12-30 10:11:33.567   360   931 D EvsDriver: forwardFrameDirect
12-30 10:11:33.568   360   931 D EvsDriver: Delivered 0xb400e2ca9e40e110 as id 0
12-30 10:11:33.568   359  2784 D evsmanagerd: /dev/video-evs0 forwarded the buffer #0 to 0xb400f125d2b26dd0 from 0xb400f125e2b20710
12-30 10:11:33.572 16044 16044 I ADAYO_LOG_TRACE_RESOURCE: execute interrupt
12-30 10:11:33.573   360   458 D EvsDriver: doneWithFrame
12-30 10:11:33.584   650   729 D fgemcucomm: sd Uart data : 6AA602AFE100029202D8
12-30 10:11:33.584   650   729 D fgemcucomm: rev uart=46585,len=17, data : 6AA681AFE100099202000A000000000048
12-30 10:11:33.584   398   882 D adayocomadapter-ParseProtocolFunc: printRaWMsg Name[MCUToUPstream recv] len[9] data[9202000A0000000000]
12-30 10:11:33.584   398   882 D adayocomadapter-CommunicationManager: onUpstreamback   member[0] dataLength[6] timePoint[5629406]
12-30 10:11:33.584   398   882 D adayocomadapter-ParseProtocolFunc: printRaWMsg Name[onUpstreamback] len[6] data[0A0000000000]
12-30 10:11:33.584   398   464 D adayocomadapter-UpstreamHandler: processBeforePacket upSreamtProcessTimePoint[5629406] 
12-30 10:11:33.584   398   464 D adayocomadapter-UpstreamHandler: processPacket UPSTREAM_QUEUE_DATA_TIMEOUT
12-30 10:11:33.584   398   464 D adayocomadapter-ParseProtocolFunc: parseCommonIPCLBytes Processing tableNumber[10]
12-30 10:11:33.584   398   464 D adayocomadapter-ParseProtocolFunc: parseCommonIPCLBytes Processing tablename[Table-10] tableSize[6]
12-30 10:11:33.585   398   464 D adayocomadapter-ParseProtocolFunc: printRaWMsg Name[byteStream recv] len[6] data[0A0000000000]
12-30 10:11:33.585   398   464 D adayocomadapter-ParseProtocolFunc: printRaWMsg Name[IPCLtoVHAL] len[9] data[2140201C0000000000]
12-30 10:11:33.585   398   464 D adayocomadapter-ParseProtocolFunc: printRaWMsg Name[IPCLtoVHAL] len[6] data[214022320000]
12-30 10:11:33.585   398   464 D adayocomadapter-CommunicationManager: onUpstreamReceive mPropertyId 0x2140201c
12-30 10:11:33.585   398   464 D adayocomadapter-CommunicationManager: convertBytesToInt32Memcpy  0
12-30 10:11:33.585   398   464 I vw-vhal : notifyVehicleProperty, propId = 0x2140201c, data = {status: 2, int32Values: [0]}
12-30 10:11:33.585   398   464 I vw-vhal : CanSignalsAdapter::notifyVehicleProperty: solvedValue = {.timestamp = 5629407009335, .areaId = 0, .prop = 557850652, .status = AVAILABLE, .value = {.int32Values = [1]{0}, .floatValues = [0]{}, .int64Values = [0]{}, .bytes = [0]{}, .stringValue = ""}}
12-30 10:11:33.585   398   464 I VehiclePropertyStore: begin to write value to Store: {.timestamp = 5629407009335, .areaId = 0, .prop = 557850652, .status = AVAILABLE, .value = {.int32Values = [1]{0}, .floatValues = [0]{}, .int64Values = [0]{}, .bytes = [0]{}, .stringValue = ""}}
12-30 10:11:33.585   398   464 I DefaultVehicleHal_v2_0: DefaultVehicleHal::onPropertyValue, value:{.timestamp = 5629407009335, .areaId = 0, .prop = 557850652, .status = AVAILABLE, .value = {.int32Values = [1]{0}, .floatValues = [0]{}, .int64Values = [0]{}, .bytes = [0]{}, .stringValue = ""}}
12-30 10:11:33.585   398   464 D DiagPropHandler: is not DiagnosticConfig: 0x2140201c
12-30 10:11:33.585   398   464 I VehiclePropertyStore: begin to write value to Store: {.timestamp = 5629407009335, .areaId = 0, .prop = 557850652, .status = AVAILABLE, .value = {.int32Values = [1]{0}, .floatValues = [0]{}, .int64Values = [0]{}, .bytes = [0]{}, .stringValue = ""}}
12-30 10:11:33.585   398   464 D adayocomadapter-CommunicationManager: onUpstreamReceive mPropertyId 0x2140201c
12-30 10:11:33.585   398   464 D adayocomadapter-CommunicationManager: onUpstreamReceive mPropertyId 0x21402232
12-30 10:11:33.585   398   464 D adayocomadapter-CommunicationManager: convertBytesToInt32Memcpy  0
12-30 10:11:33.585   398   464 I vw-vhal : notifyVehicleProperty, propId = 0x21402232, data = {status: 2, int32Values: [0]}
12-30 10:11:33.585   398   464 I vw-vhal : CanSignalsAdapter::notifyVehicleProperty: solvedValue = {.timestamp = 5629407257335, .areaId = 0, .prop = 557851186, .status = AVAILABLE, .value = {.int32Values = [1]{0}, .floatValues = [0]{}, .int64Values = [0]{}, .bytes = [0]{}, .stringValue = ""}}
12-30 10:11:33.585   398   464 I VehiclePropertyStore: begin to write value to Store: {.timestamp = 5629407257335, .areaId = 0, .prop = 557851186, .status = AVAILABLE, .value = {.int32Values = [1]{0}, .floatValues = [0]{}, .int64Values = [0]{}, .bytes = [0]{}, .stringValue = ""}}
12-30 10:11:33.585   398   464 I DefaultVehicleHal_v2_0: DefaultVehicleHal::onPropertyValue, value:{.timestamp = 5629407257335, .areaId = 0, .prop = 557851186, .status = AVAILABLE, .value = {.int32Values = [1]{0}, .floatValues = [0]{}, .int64Values = [0]{}, .bytes = [0]{}, .stringValue = ""}}
12-30 10:11:33.585   398   464 D DiagPropHandler: is not DiagnosticConfig: 0x21402232
