12-30 10:11:32.562   398   464 I vw-vhal : CanSignalsAdapter::notifyVehicleProperty: solvedValue = {.timestamp = 5628383965002, .areaId = 0, .prop = 557850945, .status = AVAILABLE, .value = {.int32Values = [1]{0}, .floatValues = [0]{}, .int64Values = [0]{}, .bytes = [0]{}, .stringValue = ""}}
12-30 10:11:32.562   398   464 I VehiclePropertyStore: begin to write value to Store: {.timestamp = 5628383965002, .areaId = 0, .prop = 557850945, .status = AVAILABLE, .value = {.int32Values = [1]{0}, .floatValues = [0]{}, .int64Values = [0]{}, .bytes = [0]{}, .stringValue = ""}}
12-30 10:11:32.562   398   464 I DefaultVehicleHal_v2_0: DefaultVehicleHal::onPropertyValue, value:{.timestamp = 5628383965002, .areaId = 0, .prop = 557850945, .status = AVAILABLE, .value = {.int32Values = [1]{0}, .floatValues = [0]{}, .int64Values = [0]{}, .bytes = [0]{}, .stringValue = ""}}
12-30 10:11:32.562   398   464 D DiagPropHandler: is not DiagnosticConfig: 0x21402141
12-30 10:11:32.562   398   464 I VehiclePropertyStore: begin to write value to Store: {.timestamp = 5628383965002, .areaId = 0, .prop = 557850945, .status = AVAILABLE, .value = {.int32Values = [1]{0}, .floatValues = [0]{}, .int64Values = [0]{}, .bytes = [0]{}, .stringValue = ""}}
12-30 10:11:32.562   398   464 D adayocomadapter-CommunicationManager: onUpstreamReceive mPropertyId 0x21402141
12-30 10:11:32.562   398   464 D adayocomadapter-CommunicationManager: onUpstreamReceive mPropertyId 0x21402142
12-30 10:11:32.562   398   464 D adayocomadapter-CommunicationManager: convertBytesToInt32Memcpy  0
12-30 10:11:32.562   398   464 I vw-vhal : notifyVehicleProperty, propId = 0x21402142, data = {status: 2, int32Values: [0]}
12-30 10:11:32.562   398   464 I vw-vhal : CanSignalsAdapter::notifyVehicleProperty: solvedValue = {.timestamp = 5628384673669, .areaId = 0, .prop = 557850946, .status = AVAILABLE, .value = {.int32Values = [1]{0}, .floatValues = [0]{}, .int64Values = [0]{}, .bytes = [0]{}, .stringValue = ""}}
12-30 10:11:32.562   398   464 I VehiclePropertyStore: begin to write value to Store: {.timestamp = 5628384673669, .areaId = 0, .prop = 557850946, .status = AVAILABLE, .value = {.int32Values = [1]{0}, .floatValues = [0]{}, .int64Values = [0]{}, .bytes = [0]{}, .stringValue = ""}}
12-30 10:11:32.563   398   464 I DefaultVehicleHal_v2_0: DefaultVehicleHal::onPropertyValue, value:{.timestamp = 5628384673669, .areaId = 0, .prop = 557850946, .status = AVAILABLE, .value = {.int32Values = [1]{0}, .floatValues = [0]{}, .int64Values = [0]{}, .bytes = [0]{}, .stringValue = ""}}
12-30 10:11:32.563   398   464 D DiagPropHandler: is not DiagnosticConfig: 0x21402142
12-30 10:11:32.563   398   464 I VehiclePropertyStore: begin to write value to Store: {.timestamp = 5628384673669, .areaId = 0, .prop = 557850946, .status = AVAILABLE, .value = {.int32Values = [1]{0}, .floatValues = [0]{}, .int64Values = [0]{}, .bytes = [0]{}, .stringValue = ""}}
12-30 10:11:32.563   398   464 D adayocomadapter-CommunicationManager: onUpstreamReceive mPropertyId 0x21402142
12-30 10:11:32.563   398   464 D adayocomadapter-CommunicationManager: onUpstreamReceive mPropertyId 0x2140214d
12-30 10:11:32.563   398   464 D adayocomadapter-CommunicationManager: convertBytesToInt32Memcpy  0
12-30 10:11:32.563   398   464 I vw-vhal : notifyVehicleProperty, propId = 0x2140214d, data = {status: 2, int32Values: [0]}
12-30 10:11:32.563   398   464 I vw-vhal : CanSignalsAdapter::notifyVehicleProperty: solvedValue = {.timestamp = 5628385317002, .areaId = 0, .prop = 557850957, .status = AVAILABLE, .value = {.int32Values = [1]{0}, .floatValues = [0]{}, .int64Values = [0]{}, .bytes = [0]{}, .stringValue = ""}}
12-30 10:11:32.563   398   464 I VehiclePropertyStore: begin to write value to Store: {.timestamp = 5628385317002, .areaId = 0, .prop = 557850957, .status = AVAILABLE, .value = {.int32Values = [1]{0}, .floatValues = [0]{}, .int64Values = [0]{}, .bytes = [0]{}, .stringValue = ""}}
12-30 10:11:32.563   398   464 I DefaultVehicleHal_v2_0: DefaultVehicleHal::onPropertyValue, value:{.timestamp = 5628385317002, .areaId = 0, .prop = 557850957, .status = AVAILABLE, .value = {.int32Values = [1]{0}, .floatValues = [0]{}, .int64Values = [0]{}, .bytes = [0]{}, .stringValue = ""}}
12-30 10:11:32.563   398   464 D DiagPropHandler: is not DiagnosticConfig: 0x2140214d
12-30 10:11:32.563   398   464 I VehiclePropertyStore: begin to write value to Store: {.timestamp = 5628385317002, .areaId = 0, .prop = 557850957, .status = AVAILABLE, .value = {.int32Values = [1]{0}, .floatValues = [0]{}, .int64Values = [0]{}, .bytes = [0]{}, .stringValue = ""}}
12-30 10:11:32.563   398   464 D adayocomadapter-CommunicationManager: onUpstreamReceive mPropertyId 0x2140214d
12-30 10:11:32.563   398   464 D adayocomadapter-CommunicationManager: onUpstreamReceive mPropertyId 0x214021d7
12-30 10:11:32.563   398   464 D adayocomadapter-CommunicationManager: convertBytesToInt32Memcpy  0
12-30 10:11:32.564   398   464 I vw-vhal : notifyVehicleProperty, propId = 0x214021d7, data = {status: 2, int32Values: [0]}
12-30 10:11:32.564   398   464 I vw-vhal : CanSignalsAdapter::notifyVehicleProperty: solvedValue = {.timestamp = 5628385974002, .areaId = 0, .prop = 557851095, .status = AVAILABLE, .value = {.int32Values = [1]{0}, .floatValues = [0]{}, .int64Values = [0]{}, .bytes = [0]{}, .stringValue = ""}}
12-30 10:11:32.564   398   464 I VehiclePropertyStore: begin to write value to Store: {.timestamp = 5628385974002, .areaId = 0, .prop = 557851095, .status = AVAILABLE, .value = {.int32Values = [1]{0}, .floatValues = [0]{}, .int64Values = [0]{}, .bytes = [0]{}, .stringValue = ""}}
12-30 10:11:32.564   398   464 I DefaultVehicleHal_v2_0: DefaultVehicleHal::onPropertyValue, value:{.timestamp = 5628385974002, .areaId = 0, .prop = 557851095, .status = AVAILABLE, .value = {.int32Values = [1]{0}, .floatValues = [0]{}, .int64Values = [0]{}, .bytes = [0]{}, .stringValue = ""}}
12-30 10:11:32.564   398   464 D DiagPropHandler: is not DiagnosticConfig: 0x214021d7
12-30 10:11:32.564   398   464 I VehiclePropertyStore: begin to write value to Store: {.timestamp = 5628385974002, .areaId = 0, .prop = 557851095, .status = AVAILABLE, .value = {.int32Values = [1]{0}, .floatValues = [0]{}, .int64Values = [0]{}, .bytes = [0]{}, .stringValue = ""}}
12-30 10:11:32.564   398   464 D adayocomadapter-CommunicationManager: onUpstreamReceive mPropertyId 0x214021d7
12-30 10:11:32.564   398   464 D adayocomadapter-CommunicationManager: onUpstreamReceive mPropertyId 0x21402143
12-30 10:11:32.564   398   464 D adayocomadapter-CommunicationManager: convertBytesToInt32Memcpy  0
12-30 10:11:32.564   398   464 I vw-vhal : notifyVehicleProperty, propId = 0x21402143, data = {status: 2, int32Values: [0]}
12-30 10:11:32.564   398   464 I vw-vhal : CanSignalsAdapter::notifyVehicleProperty: solvedValue = {.timestamp = 5628386668335, .areaId = 0, .prop = 557850947, .status = AVAILABLE, .value = {.int32Values = [1]{0}, .floatValues = [0]{}, .int64Values = [0]{}, .bytes = [0]{}, .stringValue = ""}}
12-30 10:11:32.564   398   464 I VehiclePropertyStore: begin to write value to Store: {.timestamp = 5628386668335, .areaId = 0, .prop = 557850947, .status = AVAILABLE, .value = {.int32Values = [1]{0}, .floatValues = [0]{}, .int64Values = [0]{}, .bytes = [0]{}, .stringValue = ""}}
12-30 10:11:32.565   398   464 I DefaultVehicleHal_v2_0: DefaultVehicleHal::onPropertyValue, value:{.timestamp = 5628386668335, .areaId = 0, .prop = 557850947, .status = AVAILABLE, .value = {.int32Values = [1]{0}, .floatValues = [0]{}, .int64Values = [0]{}, .bytes = [0]{}, .stringValue = ""}}
12-30 10:11:32.565   398   464 D DiagPropHandler: is not DiagnosticConfig: 0x21402143
12-30 10:11:32.565   398   464 I VehiclePropertyStore: begin to write value to Store: {.timestamp = 5628386668335, .areaId = 0, .prop = 557850947, .status = AVAILABLE, .value = {.int32Values = [1]{0}, .floatValues = [0]{}, .int64Values = [0]{}, .bytes = [0]{}, .stringValue = ""}}
12-30 10:11:32.565   398   464 D adayocomadapter-CommunicationManager: onUpstreamReceive mPropertyId 0x21402143
12-30 10:11:32.565   398   464 D adayocomadapter-CommunicationManager: onUpstreamReceive mPropertyId 0x21402146
12-30 10:11:32.565   398   464 D adayocomadapter-CommunicationManager: convertBytesToInt32Memcpy  0
12-30 10:11:32.565   398   464 I vw-vhal : notifyVehicleProperty, propId = 0x21402146, data = {status: 2, int32Values: [0]}
12-30 10:11:32.565   398   464 I vw-vhal : CanSignalsAdapter::notifyVehicleProperty: solvedValue = {.timestamp = 5628387344669, .areaId = 0, .prop = 557850950, .status = AVAILABLE, .value = {.int32Values = [1]{0}, .floatValues = [0]{}, .int64Values = [0]{}, .bytes = [0]{}, .stringValue = ""}}
12-30 10:11:32.565   398   464 I VehiclePropertyStore: begin to write value to Store: {.timestamp = 5628387344669, .areaId = 0, .prop = 557850950, .status = AVAILABLE, .value = {.int32Values = [1]{0}, .floatValues = [0]{}, .int64Values = [0]{}, .bytes = [0]{}, .stringValue = ""}}
12-30 10:11:32.565   398   464 I DefaultVehicleHal_v2_0: DefaultVehicleHal::onPropertyValue, value:{.timestamp = 5628387344669, .areaId = 0, .prop = 557850950, .status = AVAILABLE, .value = {.int32Values = [1]{0}, .floatValues = [0]{}, .int64Values = [0]{}, .bytes = [0]{}, .stringValue = ""}}
12-30 10:11:32.565   398   464 D DiagPropHandler: is not DiagnosticConfig: 0x21402146
12-30 10:11:32.565   398   464 I VehiclePropertyStore: begin to write value to Store: {.timestamp = 5628387344669, .areaId = 0, .prop = 557850950, .status = AVAILABLE, .value = {.int32Values = [1]{0}, .floatValues = [0]{}, .int64Values = [0]{}, .bytes = [0]{}, .stringValue = ""}}
12-30 10:11:32.565   398   464 D adayocomadapter-CommunicationManager: onUpstreamReceive mPropertyId 0x21402146
12-30 10:11:32.565   398   464 D adayocomadapter-CommunicationManager: onUpstreamReceive mPropertyId 0x21402147
12-30 10:11:32.566   398   464 D adayocomadapter-CommunicationManager: convertBytesToInt32Memcpy  0
12-30 10:11:32.566   398   464 I vw-vhal : notifyVehicleProperty, propId = 0x21402147, data = {status: 2, int32Values: [0]}
12-30 10:11:32.566   398   464 I vw-vhal : CanSignalsAdapter::notifyVehicleProperty: solvedValue = {.timestamp = 5628387997335, .areaId = 0, .prop = 557850951, .status = AVAILABLE, .value = {.int32Values = [1]{0}, .floatValues = [0]{}, .int64Values = [0]{}, .bytes = [0]{}, .stringValue = ""}}
12-30 10:11:32.566   398   464 I VehiclePropertyStore: begin to write value to Store: {.timestamp = 5628387997335, .areaId = 0, .prop = 557850951, .status = AVAILABLE, .value = {.int32Values = [1]{0}, .floatValues = [0]{}, .int64Values = [0]{}, .bytes = [0]{}, .stringValue = ""}}
12-30 10:11:32.566   398   464 I DefaultVehicleHal_v2_0: DefaultVehicleHal::onPropertyValue, value:{.timestamp = 5628387997335, .areaId = 0, .prop = 557850951, .status = AVAILABLE, .value = {.int32Values = [1]{0}, .floatValues = [0]{}, .int64Values = [0]{}, .bytes = [0]{}, .stringValue = ""}}
12-30 10:11:32.566   398   464 D DiagPropHandler: is not DiagnosticConfig: 0x21402147
12-30 10:11:32.566   398   464 I VehiclePropertyStore: begin to write value to Store: {.timestamp = 5628387997335, .areaId = 0, .prop = 557850951, .status = AVAILABLE, .value = {.int32Values = [1]{0}, .floatValues = [0]{}, .int64Values = [0]{}, .bytes = [0]{}, .stringValue = ""}}
12-30 10:11:32.566   398   464 D adayocomadapter-CommunicationManager: onUpstreamReceive mPropertyId 0x21402147
12-30 10:11:32.566   398   464 D adayocomadapter-CommunicationManager: onUpstreamReceive mPropertyId 0x21402148
12-30 10:11:32.566   398   464 D adayocomadapter-CommunicationManager: convertBytesToInt32Memcpy  0
12-30 10:11:32.566   398   464 I vw-vhal : notifyVehicleProperty, propId = 0x21402148, data = {status: 2, int32Values: [0]}
12-30 10:11:32.566   398   464 I vw-vhal : CanSignalsAdapter::notifyVehicleProperty: solvedValue = {.timestamp = 5628388689669, .areaId = 0, .prop = 557850952, .status = AVAILABLE, .value = {.int32Values = [1]{0}, .floatValues = [0]{}, .int64Values = [0]{}, .bytes = [0]{}, .stringValue = ""}}
12-30 10:11:32.566   398   464 I VehiclePropertyStore: begin to write value to Store: {.timestamp = 5628388689669, .areaId = 0, .prop = 557850952, .status = AVAILABLE, .value = {.int32Values = [1]{0}, .floatValues = [0]{}, .int64Values = [0]{}, .bytes = [0]{}, .stringValue = ""}}
12-30 10:11:32.567   398   464 I DefaultVehicleHal_v2_0: DefaultVehicleHal::onPropertyValue, value:{.timestamp = 5628388689669, .areaId = 0, .prop = 557850952, .status = AVAILABLE, .value = {.int32Values = [1]{0}, .floatValues = [0]{}, .int64Values = [0]{}, .bytes = [0]{}, .stringValue = ""}}
12-30 10:11:32.567   398   464 D DiagPropHandler: is not DiagnosticConfig: 0x21402148
12-30 10:11:32.567   398   464 I VehiclePropertyStore: begin to write value to Store: {.timestamp = 5628388689669, .areaId = 0, .prop = 557850952, .status = AVAILABLE, .value = {.int32Values = [1]{0}, .floatValues = [0]{}, .int64Values = [0]{}, .bytes = [0]{}, .stringValue = ""}}
12-30 10:11:32.567   398   464 D adayocomadapter-CommunicationManager: onUpstreamReceive mPropertyId 0x21402148
12-30 10:11:32.567   398   464 D adayocomadapter-CommunicationManager: onUpstreamReceive mPropertyId 0x21402149
12-30 10:11:32.567   398   464 D adayocomadapter-CommunicationManager: convertBytesToInt32Memcpy  0
12-30 10:11:32.567   398   464 I vw-vhal : notifyVehicleProperty, propId = 0x21402149, data = {status: 2, int32Values: [0]}
12-30 10:11:32.567   398   464 I vw-vhal : CanSignalsAdapter::notifyVehicleProperty: solvedValue = {.timestamp = 5628389355669, .areaId = 0, .prop = 557850953, .status = AVAILABLE, .value = {.int32Values = [1]{0}, .floatValues = [0]{}, .int64Values = [0]{}, .bytes = [0]{}, .stringValue = ""}}
12-30 10:11:32.567   398   464 I VehiclePropertyStore: begin to write value to Store: {.timestamp = 5628389355669, .areaId = 0, .prop = 557850953, .status = AVAILABLE, .value = {.int32Values = [1]{0}, .floatValues = [0]{}, .int64Values = [0]{}, .bytes = [0]{}, .stringValue = ""}}
12-30 10:11:32.567   398   464 I DefaultVehicleHal_v2_0: DefaultVehicleHal::onPropertyValue, value:{.timestamp = 5628389355669, .areaId = 0, .prop = 557850953, .status = AVAILABLE, .value = {.int32Values = [1]{0}, .floatValues = [0]{}, .int64Values = [0]{}, .bytes = [0]{}, .stringValue = ""}}
12-30 10:11:32.567   398   464 D DiagPropHandler: is not DiagnosticConfig: 0x21402149
12-30 10:11:32.567   360   931 D EvsDriver: forwardFrame
12-30 10:11:32.568   360   931 D EvsDriver: forwardFrameDirect
12-30 10:11:32.568   360   931 D EvsDriver: Delivered 0xb400e2ca9e40e110 as id 0
12-30 10:11:32.568   398   464 I VehiclePropertyStore: begin to write value to Store: {.timestamp = 5628389355669, .areaId = 0, .prop = 557850953, .status = AVAILABLE, .value = {.int32Values = [1]{0}, .floatValues = [0]{}, .int64Values = [0]{}, .bytes = [0]{}, .stringValue = ""}}
12-30 10:11:32.568   398   464 D adayocomadapter-CommunicationManager: onUpstreamReceive mPropertyId 0x21402149
12-30 10:11:32.568   359  2784 D evsmanagerd: /dev/video-evs0 forwarded the buffer #0 to 0xb400f125d2b26dd0 from 0xb400f125e2b20710
12-30 10:11:32.568   398   464 D adayocomadapter-CommunicationManager: onUpstreamReceive mPropertyId 0x2140214f
12-30 10:11:32.568   398   464 D adayocomadapter-CommunicationManager: convertBytesToInt32Memcpy  0
12-30 10:11:32.568   398   464 I vw-vhal : notifyVehicleProperty, propId = 0x2140214f, data = {status: 2, int32Values: [0]}
12-30 10:11:32.568   398   464 I vw-vhal : CanSignalsAdapter::notifyVehicleProperty: solvedValue = {.timestamp = 5628390779335, .areaId = 0, .prop = 557850959, .status = AVAILABLE, .value = {.int32Values = [1]{0}, .floatValues = [0]{}, .int64Values = [0]{}, .bytes = [0]{}, .stringValue = ""}}
12-30 10:11:32.568   398   464 I VehiclePropertyStore: begin to write value to Store: {.timestamp = 5628390779335, .areaId = 0, .prop = 557850959, .status = AVAILABLE, .value = {.int32Values = [1]{0}, .floatValues = [0]{}, .int64Values = [0]{}, .bytes = [0]{}, .stringValue = ""}}
12-30 10:11:32.568   398   464 I DefaultVehicleHal_v2_0: DefaultVehicleHal::onPropertyValue, value:{.timestamp = 5628390779335, .areaId = 0, .prop = 557850959, .status = AVAILABLE, .value = {.int32Values = [1]{0}, .floatValues = [0]{}, .int64Values = [0]{}, .bytes = [0]{}, .stringValue = ""}}
12-30 10:11:32.569   398   464 D DiagPropHandler: is not DiagnosticConfig: 0x2140214f
12-30 10:11:32.569   398   464 I VehiclePropertyStore: begin to write value to Store: {.timestamp = 5628390779335, .areaId = 0, .prop = 557850959, .status = AVAILABLE, .value = {.int32Values = [1]{0}, .floatValues = [0]{}, .int64Values = [0]{}, .bytes = [0]{}, .stringValue = ""}}
12-30 10:11:32.569   398   464 D adayocomadapter-CommunicationManager: onUpstreamReceive mPropertyId 0x2140214f
12-30 10:11:32.569   398   464 D adayocomadapter-CommunicationManager: onUpstreamReceive mPropertyId 0x21402150
12-30 10:11:32.569   398   464 D adayocomadapter-CommunicationManager: convertBytesToInt32Memcpy  0
12-30 10:11:32.569   398   464 I vw-vhal : notifyVehicleProperty, propId = 0x21402150, data = {status: 2, int32Values: [0]}
12-30 10:11:32.569   398   464 I vw-vhal : CanSignalsAdapter::notifyVehicleProperty: solvedValue = {.timestamp = 5628390987669, .areaId = 0, .prop = 557850960, .status = AVAILABLE, .value = {.int32Values = [1]{0}, .floatValues = [0]{}, .int64Values = [0]{}, .bytes = [0]{}, .stringValue = ""}}
12-30 10:11:32.569   398   464 I VehiclePropertyStore: begin to write value to Store: {.timestamp = 5628390987669, .areaId = 0, .prop = 557850960, .status = AVAILABLE, .value = {.int32Values = [1]{0}, .floatValues = [0]{}, .int64Values = [0]{}, .bytes = [0]{}, .stringValue = ""}}
12-30 10:11:32.569   398   464 I DefaultVehicleHal_v2_0: DefaultVehicleHal::onPropertyValue, value:{.timestamp = 5628390987669, .areaId = 0, .prop = 557850960, .status = AVAILABLE, .value = {.int32Values = [1]{0}, .floatValues = [0]{}, .int64Values = [0]{}, .bytes = [0]{}, .stringValue = ""}}
12-30 10:11:32.569   398   464 D DiagPropHandler: is not DiagnosticConfig: 0x21402150
12-30 10:11:32.569   398   464 I VehiclePropertyStore: begin to write value to Store: {.timestamp = 5628390987669, .areaId = 0, .prop = 557850960, .status = AVAILABLE, .value = {.int32Values = [1]{0}, .floatValues = [0]{}, .int64Values = [0]{}, .bytes = [0]{}, .stringValue = ""}}
12-30 10:11:32.569   398   464 D adayocomadapter-CommunicationManager: onUpstreamReceive mPropertyId 0x21402150
12-30 10:11:32.569   398   464 D adayocomadapter-CommunicationManager: onUpstreamReceive mPropertyId 0x21402144
12-30 10:11:32.569   398   464 I vw-vhal : notifyVehicleProperty, propId = 0x21402144, data = {status: 2, int32Values: [0, 0]}
12-30 10:11:32.569   398   464 D adayocomadapter-CommunicationManager: onUpstreamReceive mPropertyId 0x21402144
12-30 10:11:32.569   398   464 D adayocomadapter-CommunicationManager: onUpstreamReceive mPropertyId 0x21402151
12-30 10:11:32.569   398   464 D adayocomadapter-CommunicationManager: convertBytesToInt32Memcpy  0
12-30 10:11:32.569   398   464 I vw-vhal : notifyVehicleProperty, propId = 0x21402151, data = {status: 2, int32Values: [0]}
12-30 10:11:32.569   398   464 I vw-vhal : CanSignalsAdapter::notifyVehicleProperty: solvedValue = {.timestamp = 5628391237335, .areaId = 0, .prop = 557850961, .status = AVAILABLE, .value = {.int32Values = [1]{0}, .floatValues = [0]{}, .int64Values = [0]{}, .bytes = [0]{}, .stringValue = ""}}
12-30 10:11:32.569   398   464 I VehiclePropertyStore: begin to write value to Store: {.timestamp = 5628391237335, .areaId = 0, .prop = 557850961, .status = AVAILABLE, .value = {.int32Values = [1]{0}, .floatValues = [0]{}, .int64Values = [0]{}, .bytes = [0]{}, .stringValue = ""}}
12-30 10:11:32.569   398   464 I DefaultVehicleHal_v2_0: DefaultVehicleHal::onPropertyValue, value:{.timestamp = 5628391237335, .areaId = 0, .prop = 557850961, .status = AVAILABLE, .value = {.int32Values = [1]{0}, .floatValues = [0]{}, .int64Values = [0]{}, .bytes = [0]{}, .stringValue = ""}}
12-30 10:11:32.569   398   464 D DiagPropHandler: is not DiagnosticConfig: 0x21402151
12-30 10:11:32.569   398   464 I VehiclePropertyStore: begin to write value to Store: {.timestamp = 5628391237335, .areaId = 0, .prop = 557850961, .status = AVAILABLE, .value = {.int32Values = [1]{0}, .floatValues = [0]{}, .int64Values = [0]{}, .bytes = [0]{}, .stringValue = ""}}
12-30 10:11:32.569   398   464 D adayocomadapter-CommunicationManager: onUpstreamReceive mPropertyId 0x21402151
12-30 10:11:32.569   398   464 D adayocomadapter-CommunicationManager: onUpstreamReceive mPropertyId 0x21402145
12-30 10:11:32.569   398   464 I vw-vhal : notifyVehicleProperty, propId = 0x21402145, data = {status: 2, int32Values: [0, 0]}
12-30 10:11:32.569   398   464 D adayocomadapter-CommunicationManager: onUpstreamReceive mPropertyId 0x21402145
12-30 10:11:32.569   398   464 D adayocomadapter-CommunicationManager: onUpstreamReceive mPropertyId 0x2140213d
12-30 10:11:32.569   398   464 D adayocomadapter-CommunicationManager: convertBytesToInt32Memcpy  0
12-30 10:11:32.569   398   464 I vw-vhal : notifyVehicleProperty, propId = 0x2140213d, data = {status: 2, int32Values: [0]}
12-30 10:11:32.569   398   464 I vw-vhal : CanSignalsAdapter::notifyVehicleProperty: solvedValue = {.timestamp = 5628391479335, .areaId = 0, .prop = 557850941, .status = AVAILABLE, .value = {.int32Values = [1]{0}, .floatValues = [0]{}, .int64Values = [0]{}, .bytes = [0]{}, .stringValue = ""}}
12-30 10:11:32.569   398   464 I VehiclePropertyStore: begin to write value to Store: {.timestamp = 5628391479335, .areaId = 0, .prop = 557850941, .status = AVAILABLE, .value = {.int32Values = [1]{0}, .floatValues = [0]{}, .int64Values = [0]{}, .bytes = [0]{}, .stringValue = ""}}
12-30 10:11:32.569   398   464 I DefaultVehicleHal_v2_0: DefaultVehicleHal::onPropertyValue, value:{.timestamp = 5628391479335, .areaId = 0, .prop = 557850941, .status = AVAILABLE, .value = {.int32Values = [1]{0}, .floatValues = [0]{}, .int64Values = [0]{}, .bytes = [0]{}, .stringValue = ""}}
12-30 10:11:32.569   398   464 D DiagPropHandler: is not DiagnosticConfig: 0x2140213d
12-30 10:11:32.569   398   464 I VehiclePropertyStore: begin to write value to Store: {.timestamp = 5628391479335, .areaId = 0, .prop = 557850941, .status = AVAILABLE, .value = {.int32Values = [1]{0}, .floatValues = [0]{}, .int64Values = [0]{}, .bytes = [0]{}, .stringValue = ""}}
12-30 10:11:32.569   398   464 D adayocomadapter-CommunicationManager: onUpstreamReceive mPropertyId 0x2140213d
12-30 10:11:32.569   398   464 D adayocomadapter-CommunicationManager: onUpstreamReceive mPropertyId 0x2140213e
12-30 10:11:32.569   398   464 D adayocomadapter-CommunicationManager: convertBytesToInt32Memcpy  0
12-30 10:11:32.569   398   464 I vw-vhal : notifyVehicleProperty, propId = 0x2140213e, data = {status: 2, int32Values: [0]}
12-30 10:11:32.569   398   464 I vw-vhal : CanSignalsAdapter::notifyVehicleProperty: solvedValue = {.timestamp = 5628391676335, .areaId = 0, .prop = 557850942, .status = AVAILABLE, .value = {.int32Values = [1]{0}, .floatValues = [0]{}, .int64Values = [0]{}, .bytes = [0]{}, .stringValue = ""}}
12-30 10:11:32.569   398   464 I VehiclePropertyStore: begin to write value to Store: {.timestamp = 5628391676335, .areaId = 0, .prop = 557850942, .status = AVAILABLE, .value = {.int32Values = [1]{0}, .floatValues = [0]{}, .int64Values = [0]{}, .bytes = [0]{}, .stringValue = ""}}
12-30 10:11:32.569   398   464 I DefaultVehicleHal_v2_0: DefaultVehicleHal::onPropertyValue, value:{.timestamp = 5628391676335, .areaId = 0, .prop = 557850942, .status = AVAILABLE, .value = {.int32Values = [1]{0}, .floatValues = [0]{}, .int64Values = [0]{}, .bytes = [0]{}, .stringValue = ""}}
12-30 10:11:32.569   398   464 D DiagPropHandler: is not DiagnosticConfig: 0x2140213e
12-30 10:11:32.569   398   464 I VehiclePropertyStore: begin to write value to Store: {.timestamp = 5628391676335, .areaId = 0, .prop = 557850942, .status = AVAILABLE, .value = {.int32Values = [1]{0}, .floatValues = [0]{}, .int64Values = [0]{}, .bytes = [0]{}, .stringValue = ""}}
12-30 10:11:32.569   398   464 D adayocomadapter-CommunicationManager: onUpstreamReceive mPropertyId 0x2140213e
12-30 10:11:32.569   398   464 D adayocomadapter-CommunicationManager: onUpstreamReceive mPropertyId 0x2140214a
12-30 10:11:32.569   398   464 D adayocomadapter-CommunicationManager: convertBytesToInt32Memcpy  0
12-30 10:11:32.570   398   464 I vw-vhal : notifyVehicleProperty, propId = 0x2140214a, data = {status: 2, int32Values: [0]}
12-30 10:11:32.570   398   464 I vw-vhal : CanSignalsAdapter::notifyVehicleProperty: solvedValue = {.timestamp = 5628391883335, .areaId = 0, .prop = 557850954, .status = AVAILABLE, .value = {.int32Values = [1]{0}, .floatValues = [0]{}, .int64Values = [0]{}, .bytes = [0]{}, .stringValue = ""}}
12-30 10:11:32.570   398   464 I VehiclePropertyStore: begin to write value to Store: {.timestamp = 5628391883335, .areaId = 0, .prop = 557850954, .status = AVAILABLE, .value = {.int32Values = [1]{0}, .floatValues = [0]{}, .int64Values = [0]{}, .bytes = [0]{}, .stringValue = ""}}
12-30 10:11:32.570   398   464 I DefaultVehicleHal_v2_0: DefaultVehicleHal::onPropertyValue, value:{.timestamp = 5628391883335, .areaId = 0, .prop = 557850954, .status = AVAILABLE, .value = {.int32Values = [1]{0}, .floatValues = [0]{}, .int64Values = [0]{}, .bytes = [0]{}, .stringValue = ""}}
12-30 10:11:32.570   398   464 D DiagPropHandler: is not DiagnosticConfig: 0x2140214a
12-30 10:11:32.570   398   464 I VehiclePropertyStore: begin to write value to Store: {.timestamp = 5628391883335, .areaId = 0, .prop = 557850954, .status = AVAILABLE, .value = {.int32Values = [1]{0}, .floatValues = [0]{}, .int64Values = [0]{}, .bytes = [0]{}, .stringValue = ""}}
12-30 10:11:32.570   398   464 D adayocomadapter-CommunicationManager: onUpstreamReceive mPropertyId 0x2140214a
12-30 10:11:32.573   360   458 D EvsDriver: doneWithFrame
12-30 10:11:32.595  2358  2623 D RcfController: Rcf proxy is not connected!
12-30 10:11:32.601   360   931 D EvsDriver: forwardFrame
12-30 10:11:32.601   360   931 D EvsDriver: forwardFrameDirect
12-30 10:11:32.601   360   931 D EvsDriver: Delivered 0xb400e2ca9e40c7a0 as id 1
12-30 10:11:32.601   359  2784 D evsmanagerd: /dev/video-evs0 forwarded the buffer #1 to 0xb400f125d2b26dd0 from 0xb400f125e2b20710
12-30 10:11:32.603   360   458 D EvsDriver: doneWithFrame
12-30 10:11:32.634   360   931 D EvsDriver: forwardFrame
12-30 10:11:32.634   360   931 D EvsDriver: forwardFrameDirect
12-30 10:11:32.634   360   931 D EvsDriver: Delivered 0xb400e2ca9e40e270 as id 0
12-30 10:11:32.634   359  2784 D evsmanagerd: /dev/video-evs0 forwarded the buffer #0 to 0xb400f125d2b26dd0 from 0xb400f125e2b20710
12-30 10:11:32.638   596  3076 E WifiHAL : Invalid data received from driver
12-30 10:11:32.643   360   458 D EvsDriver: doneWithFrame
12-30 10:11:32.644  1667  2513 W ContextImpl: Calling a method in the system process without a qualified user: android.app.ContextImpl.bindService:1988 android.content.ContextWrapper.bindService:861 com.ford.sync.fnvservice.analytics.AnalyticsManager$RetryHandler.a:126 com.ford.sync.fnvservice.analytics.AnalyticsManager$RetryHandler.handleMessage:103 android.os.Handler.dispatchMessage:106 
12-30 10:11:32.644   916  1847 W ActivityManager: Unable to start service Intent { cmp=com.ford.sync.fnvservice/.analytics.AnalyticsService } U=0: not found
12-30 10:11:32.645  1667  2513 W AnalyticsManager:  bind ford Analytics failed -> sendRetryMessage 
12-30 10:11:32.645  2358  2623 D RcfController: Rcf proxy is not connected!
12-30 10:11:32.667   360   931 D EvsDriver: forwardFrame
12-30 10:11:32.667   360   931 D EvsDriver: forwardFrameDirect
12-30 10:11:32.668   360   931 D EvsDriver: Delivered 0xb400e2ca9e40d4b0 as id 1
12-30 10:11:32.668   359  2784 D evsmanagerd: /dev/video-evs0 forwarded the buffer #1 to 0xb400f125d2b26dd0 from 0xb400f125e2b20710
12-30 10:11:32.673   360   458 D EvsDriver: doneWithFrame
12-30 10:11:32.696  2358  2623 D RcfController: Rcf proxy is not connected!
12-30 10:11:32.701   360   931 D EvsDriver: forwardFrame
12-30 10:11:32.701   360   931 D EvsDriver: forwardFrameDirect
12-30 10:11:32.701   360   931 D EvsDriver: Delivered 0xb400e2ca9e40c2d0 as id 0
12-30 10:11:32.701   359  2784 D evsmanagerd: /dev/video-evs0 forwarded the buffer #0 to 0xb400f125d2b26dd0 from 0xb400f125e2b20710
12-30 10:11:32.704   360   458 D EvsDriver: doneWithFrame
12-30 10:11:32.716   596  3076 E WifiHAL : Invalid data received from driver
12-30 10:11:32.734   360   931 D EvsDriver: forwardFrame
12-30 10:11:32.734   360   931 D EvsDriver: forwardFrameDirect
12-30 10:11:32.734   360   931 D EvsDriver: Delivered 0xb400e2ca9e40d090 as id 1
12-30 10:11:32.734   359  2784 D evsmanagerd: /dev/video-evs0 forwarded the buffer #1 to 0xb400f125d2b26dd0 from 0xb400f125e2b20710
12-30 10:11:32.744   360   458 D EvsDriver: doneWithFrame
12-30 10:11:32.746  2358  2623 D RcfController: Rcf proxy is not connected!
12-30 10:11:32.762  2475  2681 I TtsServiceAgent: check thread start checking, threadId = 29
12-30 10:11:32.762  2475  2681 D TtsServiceAgent: start bind service...
12-30 10:11:32.762  2475  2681 D TtsServiceAgent: ----->initService, usage = 16
12-30 10:11:32.762  2475  2681 W ContextImpl: Calling a method in the system process without a qualified user: android.app.ContextImpl.bindService:1988 android.content.ContextWrapper.bindService:861 com.iflytek.autofly.ttsaidl.ttsproxy.TtsServiceAgent.initService:189 com.iflytek.autofly.ttsaidl.ttsproxy.TtsServiceAgent.initService:133 com.iflytek.autofly.ttsaidl.ttsproxy.TtsServiceAgent$2.run:517 
12-30 10:11:32.762   916  1847 W ActivityManager: Unable to start service Intent { act=com.iflytek.autofly.tts.ttsservice.TtsAdapterService cmp=com.iflytek.cutefly.speechclient.hmi/com.iflytek.autofly.tts.ttsservice.TtsAdapterService } U=0: not found
12-30 10:11:32.763  2475  2681 D TtsServiceAgent: bindService: false
12-30 10:11:32.763  2475  2681 D TtsServiceAgent: start reInitService
12-30 10:11:32.763  2475  2681 D TtsServiceAgent: aidlCheckThreadRunning = true
12-30 10:11:32.763  2475  2681 D TtsServiceAgent: ----->check connection status in 1000s...
12-30 10:11:32.765   596  3076 E WifiHAL : Invalid data received from driver
12-30 10:11:32.766   596  3076 E WifiHAL : Invalid data received from driver
12-30 10:11:32.766   596  3076 E WifiHAL : Invalid data received from driver
12-30 10:11:32.766   596  3076 E WifiHAL : Invalid data received from driver
12-30 10:11:32.766   596  3076 E WifiHAL : Invalid data received from driver
12-30 10:11:32.766   596  3076 E WifiHAL : Invalid data received from driver
12-30 10:11:32.766   596  3076 E WifiHAL : Invalid data received from driver
12-30 10:11:32.767   360   931 D EvsDriver: forwardFrame
12-30 10:11:32.767   360   931 D EvsDriver: forwardFrameDirect
12-30 10:11:32.768   360   931 D EvsDriver: Delivered 0xb400e2ca9e40e110 as id 0
12-30 10:11:32.768   359  2784 D evsmanagerd: /dev/video-evs0 forwarded the buffer #0 to 0xb400f125d2b26dd0 from 0xb400f125e2b20710
12-30 10:11:32.774   360   458 D EvsDriver: doneWithFrame
12-30 10:11:32.796  2358  2623 D RcfController: Rcf proxy is not connected!
12-30 10:11:32.801   360   931 D EvsDriver: forwardFrame
12-30 10:11:32.801   360   931 D EvsDriver: forwardFrameDirect
12-30 10:11:32.801   360   931 D EvsDriver: Delivered 0xb400e2ca9e40c7a0 as id 1
12-30 10:11:32.801   359  2784 D evsmanagerd: /dev/video-evs0 forwarded the buffer #1 to 0xb400f125d2b26dd0 from 0xb400f125e2b20710
12-30 10:11:32.805   360   458 D EvsDriver: doneWithFrame
12-30 10:11:32.822   596  3076 E WifiHAL : Invalid data received from driver
12-30 10:11:32.834   360   931 D EvsDriver: forwardFrame
12-30 10:11:32.834   360   931 D EvsDriver: forwardFrameDirect
12-30 10:11:32.834   360   931 D EvsDriver: Delivered 0xb400e2ca9e40e270 as id 0
12-30 10:11:32.834   359  2784 D evsmanagerd: /dev/video-evs0 forwarded the buffer #0 to 0xb400f125d2b26dd0 from 0xb400f125e2b20710
12-30 10:11:32.835   360   458 D EvsDriver: doneWithFrame
12-30 10:11:32.846  2358  2623 D RcfController: Rcf proxy is not connected!
12-30 10:11:32.854   650   729 D fgemcucomm: sd Uart data : 6AA602AFD900029202E0
12-30 10:11:32.854   650   729 D fgemcucomm: rev uart=46577,len=15, data : 6AA681AFD9000792020621414502AD
12-30 10:11:32.854   398   882 D adayocomadapter-ParseProtocolFunc: printRaWMsg Name[MCUToUPstream recv] len[7] data[92020621414502]
12-30 10:11:32.854   398   882 D adayocomadapter-CommunicationManager: onUpstreamback   member[6] dataLength[4] timePoint[5628676]
12-30 10:11:32.854   398   882 D adayocomadapter-ParseProtocolFunc: printRaWMsg Name[onUpstreamback] len[4] data[21414502]
12-30 10:11:32.854   398   464 D adayocomadapter-UpstreamHandler: processBeforePacket upSreamtProcessTimePoint[5628676] 
12-30 10:11:32.854   398   464 D adayocomadapter-ParseProtocolFunc: parseGeneralIPCLBytes Processing tablename[Table-3] tableSize[0]
12-30 10:11:32.854   398   464 D adayocomadapter-ParseProtocolFunc: printRaWMsg Name[byteStream recv] len[4] data[21414502]
12-30 10:11:32.860   398   464 D adayocomadapter-ParseProtocolFunc: printRaWMsg Name[IPCLtoVHAL] len[8520] data[214145020121414502000000000000000000000000016000000000BFEC0000000000000000214021DB00000000000000000000000001400000000049BB0000000000000000010000000000000000000000000000000160000000009D780000000000000000214021C4000000000000000000000000016000000000CBFF000000000000000021402222000000000000000000000000016000000000F9820000000000000000214021A6000000000000000000000000010101000000AFF20000000000000000288B712E6DFB00B40000000000000000016000000000548C0000000000000000214021C6000000000000000000000000010101000000CB080000000000000000A886712E6DFB00B400000000000000000141000000001D8C000000000000000000000000000000000000000000000000010101000000D4B00000000000000000988A712E6DFB00B400000000000000000160000000002FCE0000000000000000214021DF0000000000000000000000000140000000009FF70000000000000000000000000000000000000000000000000101010000008237000000000000000000000000000000008087712E6DFB00B4016000000000D4470000000000000000214021C100000000000000000000000001400000000000840000000000000000000000000
12-30 10:11:32.860   398   464 D adayocomadapter-CommunicationManager: onUpstreamReceive mPropertyId 0x21414502
12-30 10:11:32.860   398   464 D adayocomadapter-CommunicationManager: writeValue id=[557925634]
12-30 10:11:32.860   398   464 D adayocomadapter-VehiclePropertyStore: writeValue id=[557925634]
12-30 10:11:32.867   360   931 D EvsDriver: forwardFrame
12-30 10:11:32.867   360   931 D EvsDriver: forwardFrameDirect
12-30 10:11:32.868   360   931 D EvsDriver: Delivered 0xb400e2ca9e40d4b0 as id 1
12-30 10:11:32.868   359  2784 D evsmanagerd: /dev/video-evs0 forwarded the buffer #1 to 0xb400f125d2b26dd0 from 0xb400f125e2b20710
12-30 10:11:32.874   398   464 I vw-vhal : notifyVehicleProperty, propId = 0x21414502, data = {status: 2, int32Values: [33, 65, 69, 2, 0, 0, 0, 0, 0, 0, 0, 0, 0, 0, 0, 0, 1, 96, 0, 0, 0, 0, 191, 236, 0, 0, 0, 0, 0, 0, 0, 0, 33, 64, 33, 219, 0, 0, 0, 0, 0, 0, 0, 0, 0, 0, 0, 0, 1, 64, 0, 0, 0, 0, 73, 187, 0, 0, 0, 0, 0, 0, 0, 0, 1, 0, 0, 0, 0, 0, 0, 0, 0, 0, 0, 0, 0, 0, 0, 0, 1, 96, 0, 0, 0, 0, 157, 120, 0, 0, 0, 0, 0, 0, 0, 0, 33, 64, 33, 196, 0, 0, 0, 0, 0, 0, 0, 0, 0, 0, 0, 0, 1, 96, 0, 0, 0, 0, 203, 255, 0, 0, 0, 0, 0, 0, 0, 0, 33, 64, 34, 34, 0, 0, 0, 0, 0, 0, 0, 0, 0, 0, 0, 0, 1, 96, 0, 0, 0, 0, 249, 130, 0, 0, 0, 0, 0, 0, 0, 0, 33, 64, 33, 166, 0, 0, 0, 0, 0, 0, 0, 0, 0, 0, 0, 0, 1, 1, 1, 0, 0, 0, 175, 242, 0, 0, 0, 0, 0, 0, 0, 0, 40, 139, 113, 46, 109, 251, 0, 180, 0, 0, 0, 0, 0, 0, 0, 0, 1, 96, 0, 0, 0, 0, 84, 140, 0, 0, 0, 0, 0, 0, 0, 0, 33, 64, 33, 198, 0, 0, 0, 0, 0, 0, 0, 0, 0, 0, 0, 0, 1, 1, 1, 0, 0, 0, 203, 8, 0, 0, 0, 0, 0, 0, 0, 0, 168, 134, 113, 46, 109, 251, 0, 180, 0, 0, 0, 0, 0, 0, 0, 0, 1, 65, 0, 0, 0, 0, 29, 140, 0, 0, 0, 0, 0, 0
12-30 10:11:32.875   360   458 D EvsDriver: doneWithFrame
12-30 10:11:32.887   398   464 I vw-vhal : CanSignalsAdapter::notifyDiagProperty: propId = 0x21414502, data = {status: 2, int32Values: [33, 65, 69, 2, 0, 0, 0, 0, 0, 0, 0, 0, 0, 0, 0, 0, 1, 96, 0, 0, 0, 0, 191, 236, 0, 0, 0, 0, 0, 0, 0, 0, 33, 64, 33, 219, 0, 0, 0, 0, 0, 0, 0, 0, 0, 0, 0, 0, 1, 64, 0, 0, 0, 0, 73, 187, 0, 0, 0, 0, 0, 0, 0, 0, 1, 0, 0, 0, 0, 0, 0, 0, 0, 0, 0, 0, 0, 0, 0, 0, 1, 96, 0, 0, 0, 0, 157, 120, 0, 0, 0, 0, 0, 0, 0, 0, 33, 64, 33, 196, 0, 0, 0, 0, 0, 0, 0, 0, 0, 0, 0, 0, 1, 96, 0, 0, 0, 0, 203, 255, 0, 0, 0, 0, 0, 0, 0, 0, 33, 64, 34, 34, 0, 0, 0, 0, 0, 0, 0, 0, 0, 0, 0, 0, 1, 96, 0, 0, 0, 0, 249, 130, 0, 0, 0, 0, 0, 0, 0, 0, 33, 64, 33, 166, 0, 0, 0, 0, 0, 0, 0, 0, 0, 0, 0, 0, 1, 1, 1, 0, 0, 0, 175, 242, 0, 0, 0, 0, 0, 0, 0, 0, 40, 139, 113, 46, 109, 251, 0, 180, 0, 0, 0, 0, 0, 0, 0, 0, 1, 96, 0, 0, 0, 0, 84, 140, 0, 0, 0, 0, 0, 0, 0, 0, 33, 64, 33, 198, 0, 0, 0, 0, 0, 0, 0, 0, 0, 0, 0, 0, 1, 1, 1, 0, 0, 0, 203, 8, 0, 0, 0, 0, 0, 0, 0, 0, 168, 134, 113, 46, 109, 251, 0, 180, 0, 0, 0, 0, 0, 0, 0, 0, 1, 65, 0, 0, 0, 0, 29, 140, 
12-30 10:11:32.894   650   729 D fgemcucomm: sd Uart data : 6AA602AFDA00029202DF
12-30 10:11:32.894   650   729 D fgemcucomm: rev uart=46578,len=17, data : 6AA681AFDA000992020006000000000053
12-30 10:11:32.894   398   882 D adayocomadapter-ParseProtocolFunc: printRaWMsg Name[MCUToUPstream recv] len[9] data[920200060000000000]
12-30 10:11:32.894   398   882 D adayocomadapter-CommunicationManager: onUpstreamback   member[0] dataLength[6] timePoint[5628716]
12-30 10:11:32.894   398   882 D adayocomadapter-ParseProtocolFunc: printRaWMsg Name[onUpstreamback] len[6] data[060000000000]
12-30 10:11:32.894   398   464 I vw-vhal : CanSignalsAdapter::notifyVehicleProperty: solvedValue = {.timestamp = 5628709695669, .areaId = 0, .prop = 557925634, .status = AVAILABLE, .value = {.int32Values = [8515]{33, 65, 69, 2, 0, 0, 0, 0, 0, 0, 0, 0, 0, 0, 0, 0, 1, 96, 0, 0, 0, 0, 191, 236, 0, 0, 0, 0, 0, 0, 0, 0, 33, 64, 33, 219, 0, 0, 0, 0, 0, 0, 0, 0, 0, 0, 0, 0, 1, 64, 0, 0, 0, 0, 73, 187, 0, 0, 0, 0, 0, 0, 0, 0, 1, 0, 0, 0, 0, 0, 0, 0, 0, 0, 0, 0, 0, 0, 0, 0, 1, 96, 0, 0, 0, 0, 157, 120, 0, 0, 0, 0, 0, 0, 0, 0, 33, 64, 33, 196, 0, 0, 0, 0, 0, 0, 0, 0, 0, 0, 0, 0, 1, 96, 0, 0, 0, 0, 203, 255, 0, 0, 0, 0, 0, 0, 0, 0, 33, 64, 34, 34, 0, 0, 0, 0, 0, 0, 0, 0, 0, 0, 0, 0, 1, 96, 0, 0, 0, 0, 249, 130, 0, 0, 0, 0, 0, 0, 0, 0, 33, 64, 33, 166, 0, 0, 0, 0, 0, 0, 0, 0, 0, 0, 0, 0, 1, 1, 1, 0, 0, 0, 175, 242, 0, 0, 0, 0, 0, 0, 0, 0, 40, 139, 113, 46, 109, 251, 0, 180, 0, 0, 0, 0, 0, 0, 0, 0, 1, 96, 0, 0, 0, 0, 84, 140, 0, 0, 0, 0, 0, 0, 0, 0, 33, 64, 33, 198, 0, 0, 0, 0, 0, 0, 0, 0, 0, 0, 0, 0, 1, 1, 1, 0, 0, 0, 203, 8, 0, 0, 0, 0, 0, 0, 0, 0, 168, 134, 11
12-30 10:11:32.896  2358  2623 D RcfController: Rcf proxy is not connected!
12-30 10:11:32.901   360   931 D EvsDriver: forwardFrame
12-30 10:11:32.901   360   931 D EvsDriver: forwardFrameDirect
12-30 10:11:32.901   360   931 D EvsDriver: Delivered 0xb400e2ca9e40c2d0 as id 0
12-30 10:11:32.901   359  2784 D evsmanagerd: /dev/video-evs0 forwarded the buffer #0 to 0xb400f125d2b26dd0 from 0xb400f125e2b20710
12-30 10:11:32.902   398   464 I VehiclePropertyStore: begin to write value to Store: {.timestamp = 5628709695669, .areaId = 0, .prop = 557925634, .status = AVAILABLE, .value = {.int32Values = [8515]{33, 65, 69, 2, 0, 0, 0, 0, 0, 0, 0, 0, 0, 0, 0, 0, 1, 96, 0, 0, 0, 0, 191, 236, 0, 0, 0, 0, 0, 0, 0, 0, 33, 64, 33, 219, 0, 0, 0, 0, 0, 0, 0, 0, 0, 0, 0, 0, 1, 64, 0, 0, 0, 0, 73, 187, 0, 0, 0, 0, 0, 0, 0, 0, 1, 0, 0, 0, 0, 0, 0, 0, 0, 0, 0, 0, 0, 0, 0, 0, 1, 96, 0, 0, 0, 0, 157, 120, 0, 0, 0, 0, 0, 0, 0, 0, 33, 64, 33, 196, 0, 0, 0, 0, 0, 0, 0, 0, 0, 0, 0, 0, 1, 96, 0, 0, 0, 0, 203, 255, 0, 0, 0, 0, 0, 0, 0, 0, 33, 64, 34, 34, 0, 0, 0, 0, 0, 0, 0, 0, 0, 0, 0, 0, 1, 96, 0, 0, 0, 0, 249, 130, 0, 0, 0, 0, 0, 0, 0, 0, 33, 64, 33, 166, 0, 0, 0, 0, 0, 0, 0, 0, 0, 0, 0, 0, 1, 1, 1, 0, 0, 0, 175, 242, 0, 0, 0, 0, 0, 0, 0, 0, 40, 139, 113, 46, 109, 251, 0, 180, 0, 0, 0, 0, 0, 0, 0, 0, 1, 96, 0, 0, 0, 0, 84, 140, 0, 0, 0, 0, 0, 0, 0, 0, 33, 64, 33, 198, 0, 0, 0, 0, 0, 0, 0, 0, 0, 0, 0, 0, 1, 1, 1, 0, 0, 0, 203, 8, 0, 0, 0, 0, 0, 0, 0, 0, 168, 134, 113, 46, 109, 251, 0, 180, 
12-30 10:11:32.906   360   458 D EvsDriver: doneWithFrame
12-30 10:11:32.909   398   464 I VehiclePropertyStore: Prop wirte value to Store success: {.timestamp = 5628709695669, .areaId = 0, .prop = 557925634, .status = AVAILABLE, .value = {.int32Values = [8515]{33, 65, 69, 2, 0, 0, 0, 0, 0, 0, 0, 0, 0, 0, 0, 0, 1, 96, 0, 0, 0, 0, 191, 236, 0, 0, 0, 0, 0, 0, 0, 0, 33, 64, 33, 219, 0, 0, 0, 0, 0, 0, 0, 0, 0, 0, 0, 0, 1, 64, 0, 0, 0, 0, 73, 187, 0, 0, 0, 0, 0, 0, 0, 0, 1, 0, 0, 0, 0, 0, 0, 0, 0, 0, 0, 0, 0, 0, 0, 0, 1, 96, 0, 0, 0, 0, 157, 120, 0, 0, 0, 0, 0, 0, 0, 0, 33, 64, 33, 196, 0, 0, 0, 0, 0, 0, 0, 0, 0, 0, 0, 0, 1, 96, 0, 0, 0, 0, 203, 255, 0, 0, 0, 0, 0, 0, 0, 0, 33, 64, 34, 34, 0, 0, 0, 0, 0, 0, 0, 0, 0, 0, 0, 0, 1, 96, 0, 0, 0, 0, 249, 130, 0, 0, 0, 0, 0, 0, 0, 0, 33, 64, 33, 166, 0, 0, 0, 0, 0, 0, 0, 0, 0, 0, 0, 0, 1, 1, 1, 0, 0, 0, 175, 242, 0, 0, 0, 0, 0, 0, 0, 0, 40, 139, 113, 46, 109, 251, 0, 180, 0, 0, 0, 0, 0, 0, 0, 0, 1, 96, 0, 0, 0, 0, 84, 140, 0, 0, 0, 0, 0, 0, 0, 0, 33, 64, 33, 198, 0, 0, 0, 0, 0, 0, 0, 0, 0, 0, 0, 0, 1, 1, 1, 0, 0, 0, 203, 8, 0, 0, 0, 0, 0, 0, 0, 0, 168, 134, 113, 46, 109, 251, 0, 1
12-30 10:11:32.910   596  3076 E WifiHAL : Invalid data received from driver
12-30 10:11:32.916   398   464 I DefaultVehicleHal_v2_0: DefaultVehicleHal::onPropertyValue, value:{.timestamp = 5628709695669, .areaId = 0, .prop = 557925634, .status = AVAILABLE, .value = {.int32Values = [8515]{33, 65, 69, 2, 0, 0, 0, 0, 0, 0, 0, 0, 0, 0, 0, 0, 1, 96, 0, 0, 0, 0, 191, 236, 0, 0, 0, 0, 0, 0, 0, 0, 33, 64, 33, 219, 0, 0, 0, 0, 0, 0, 0, 0, 0, 0, 0, 0, 1, 64, 0, 0, 0, 0, 73, 187, 0, 0, 0, 0, 0, 0, 0, 0, 1, 0, 0, 0, 0, 0, 0, 0, 0, 0, 0, 0, 0, 0, 0, 0, 1, 96, 0, 0, 0, 0, 157, 120, 0, 0, 0, 0, 0, 0, 0, 0, 33, 64, 33, 196, 0, 0, 0, 0, 0, 0, 0, 0, 0, 0, 0, 0, 1, 96, 0, 0, 0, 0, 203, 255, 0, 0, 0, 0, 0, 0, 0, 0, 33, 64, 34, 34, 0, 0, 0, 0, 0, 0, 0, 0, 0, 0, 0, 0, 1, 96, 0, 0, 0, 0, 249, 130, 0, 0, 0, 0, 0, 0, 0, 0, 33, 64, 33, 166, 0, 0, 0, 0, 0, 0, 0, 0, 0, 0, 0, 0, 1, 1, 1, 0, 0, 0, 175, 242, 0, 0, 0, 0, 0, 0, 0, 0, 40, 139, 113, 46, 109, 251, 0, 180, 0, 0, 0, 0, 0, 0, 0, 0, 1, 96, 0, 0, 0, 0, 84, 140, 0, 0, 0, 0, 0, 0, 0, 0, 33, 64, 33, 198, 0, 0, 0, 0, 0, 0, 0, 0, 0, 0, 0, 0, 1, 1, 1, 0, 0, 0, 203, 8, 0, 0, 0, 0, 0, 0, 0, 0, 168, 134, 113, 46, 109, 25
12-30 10:11:32.916   398   464 D DiagPropHandler: is not DiagnosticConfig: 0x21414502
12-30 10:11:32.923   398   464 I VehiclePropertyStore: begin to write value to Store: {.timestamp = 5628709695669, .areaId = 0, .prop = 557925634, .status = AVAILABLE, .value = {.int32Values = [8515]{33, 65, 69, 2, 0, 0, 0, 0, 0, 0, 0, 0, 0, 0, 0, 0, 1, 96, 0, 0, 0, 0, 191, 236, 0, 0, 0, 0, 0, 0, 0, 0, 33, 64, 33, 219, 0, 0, 0, 0, 0, 0, 0, 0, 0, 0, 0, 0, 1, 64, 0, 0, 0, 0, 73, 187, 0, 0, 0, 0, 0, 0, 0, 0, 1, 0, 0, 0, 0, 0, 0, 0, 0, 0, 0, 0, 0, 0, 0, 0, 1, 96, 0, 0, 0, 0, 157, 120, 0, 0, 0, 0, 0, 0, 0, 0, 33, 64, 33, 196, 0, 0, 0, 0, 0, 0, 0, 0, 0, 0, 0, 0, 1, 96, 0, 0, 0, 0, 203, 255, 0, 0, 0, 0, 0, 0, 0, 0, 33, 64, 34, 34, 0, 0, 0, 0, 0, 0, 0, 0, 0, 0, 0, 0, 1, 96, 0, 0, 0, 0, 249, 130, 0, 0, 0, 0, 0, 0, 0, 0, 33, 64, 33, 166, 0, 0, 0, 0, 0, 0, 0, 0, 0, 0, 0, 0, 1, 1, 1, 0, 0, 0, 175, 242, 0, 0, 0, 0, 0, 0, 0, 0, 40, 139, 113, 46, 109, 251, 0, 180, 0, 0, 0, 0, 0, 0, 0, 0, 1, 96, 0, 0, 0, 0, 84, 140, 0, 0, 0, 0, 0, 0, 0, 0, 33, 64, 33, 198, 0, 0, 0, 0, 0, 0, 0, 0, 0, 0, 0, 0, 1, 1, 1, 0, 0, 0, 203, 8, 0, 0, 0, 0, 0, 0, 0, 0, 168, 134, 113, 46, 109, 251, 0, 180, 
12-30 10:11:32.930   398   464 I VehiclePropertyStore: Prop wirte value to Store success: {.timestamp = 5628709695669, .areaId = 0, .prop = 557925634, .status = AVAILABLE, .value = {.int32Values = [8515]{33, 65, 69, 2, 0, 0, 0, 0, 0, 0, 0, 0, 0, 0, 0, 0, 1, 96, 0, 0, 0, 0, 191, 236, 0, 0, 0, 0, 0, 0, 0, 0, 33, 64, 33, 219, 0, 0, 0, 0, 0, 0, 0, 0, 0, 0, 0, 0, 1, 64, 0, 0, 0, 0, 73, 187, 0, 0, 0, 0, 0, 0, 0, 0, 1, 0, 0, 0, 0, 0, 0, 0, 0, 0, 0, 0, 0, 0, 0, 0, 1, 96, 0, 0, 0, 0, 157, 120, 0, 0, 0, 0, 0, 0, 0, 0, 33, 64, 33, 196, 0, 0, 0, 0, 0, 0, 0, 0, 0, 0, 0, 0, 1, 96, 0, 0, 0, 0, 203, 255, 0, 0, 0, 0, 0, 0, 0, 0, 33, 64, 34, 34, 0, 0, 0, 0, 0, 0, 0, 0, 0, 0, 0, 0, 1, 96, 0, 0, 0, 0, 249, 130, 0, 0, 0, 0, 0, 0, 0, 0, 33, 64, 33, 166, 0, 0, 0, 0, 0, 0, 0, 0, 0, 0, 0, 0, 1, 1, 1, 0, 0, 0, 175, 242, 0, 0, 0, 0, 0, 0, 0, 0, 40, 139, 113, 46, 109, 251, 0, 180, 0, 0, 0, 0, 0, 0, 0, 0, 1, 96, 0, 0, 0, 0, 84, 140, 0, 0, 0, 0, 0, 0, 0, 0, 33, 64, 33, 198, 0, 0, 0, 0, 0, 0, 0, 0, 0, 0, 0, 0, 1, 1, 1, 0, 0, 0, 203, 8, 0, 0, 0, 0, 0, 0, 0, 0, 168, 134, 113, 46, 109, 251, 0, 1
12-30 10:11:32.930   398   464 D adayocomadapter-CommunicationManager: onUpstreamReceive mPropertyId 0x21414502
12-30 10:11:32.930   398   464 D adayocomadapter-UpstreamHandler: processBeforePacket upSreamtProcessTimePoint[5628752] 
12-30 10:11:32.930   398   464 D adayocomadapter-UpstreamHandler: processPacket UPSTREAM_QUEUE_DATA_TIMEOUT
12-30 10:11:32.930   398   464 D adayocomadapter-ParseProtocolFunc: parseCommonIPCLBytes Processing tableNumber[6]
12-30 10:11:32.930   398   464 D adayocomadapter-ParseProtocolFunc: parseCommonIPCLBytes Processing tablename[Table-6] tableSize[6]
12-30 10:11:32.930   398   464 D adayocomadapter-ParseProtocolFunc: printRaWMsg Name[byteStream recv] len[6] data[060000000000]
12-30 10:11:32.931   398   464 D adayocomadapter-ParseProtocolFunc: printRaWMsg Name[IPCLtoVHAL] len[6] data[214020020000]
12-30 10:11:32.931   398   464 D adayocomadapter-ParseProtocolFunc: printRaWMsg Name[IPCLtoVHAL] len[6] data[214020200000]
12-30 10:11:32.931   398   464 D adayocomadapter-ParseProtocolFunc: printRaWMsg Name[IPCLtoVHAL] len[6] data[214020040000]
12-30 10:11:32.931   398   464 D adayocomadapter-ParseProtocolFunc: printRaWMsg Name[IPCLtoVHAL] len[6] data[214020090000]
12-30 10:11:32.931   398   464 D adayocomadapter-ParseProtocolFunc: printRaWMsg Name[IPCLtoVHAL] len[6] data[214020080000]
12-30 10:11:32.931   398   464 D adayocomadapter-CommunicationManager: onUpstreamReceive mPropertyId 0x21402002
12-30 10:11:32.931   398   464 D adayocomadapter-CommunicationManager: convertBytesToInt32Memcpy  0
12-30 10:11:32.931   398   464 I vw-vhal : notifyVehicleProperty, propId = 0x21402002, data = {status: 2, int32Values: [0]}
12-30 10:11:32.931   398   464 I vw-vhal : CanSignalsAdapter::notifyVehicleProperty: solvedValue = {.timestamp = 5628753132002, .areaId = 0, .prop = 557850626, .status = AVAILABLE, .value = {.int32Values = [1]{0}, .floatValues = [0]{}, .int64Values = [0]{}, .bytes = [0]{}, .stringValue = ""}}
12-30 10:11:32.931   398   464 I VehiclePropertyStore: begin to write value to Store: {.timestamp = 5628753132002, .areaId = 0, .prop = 557850626, .status = AVAILABLE, .value = {.int32Values = [1]{0}, .floatValues = [0]{}, .int64Values = [0]{}, .bytes = [0]{}, .stringValue = ""}}
12-30 10:11:32.931   398   464 I DefaultVehicleHal_v2_0: DefaultVehicleHal::onPropertyValue, value:{.timestamp = 5628753132002, .areaId = 0, .prop = 557850626, .status = AVAILABLE, .value = {.int32Values = [1]{0}, .floatValues = [0]{}, .int64Values = [0]{}, .bytes = [0]{}, .stringValue = ""}}
12-30 10:11:32.931   398   464 D DiagPropHandler: is not DiagnosticConfig: 0x21402002
12-30 10:11:32.931   398   464 I VehiclePropertyStore: begin to write value to Store: {.timestamp = 5628753132002, .areaId = 0, .prop = 557850626, .status = AVAILABLE, .value = {.int32Values = [1]{0}, .floatValues = [0]{}, .int64Values = [0]{}, .bytes = [0]{}, .stringValue = ""}}
12-30 10:11:32.931   398   464 D adayocomadapter-CommunicationManager: onUpstreamReceive mPropertyId 0x21402002
12-30 10:11:32.931   398   464 D adayocomadapter-CommunicationManager: onUpstreamReceive mPropertyId 0x21402020
12-30 10:11:32.931   398   464 D adayocomadapter-CommunicationManager: convertBytesToInt32Memcpy  0
12-30 10:11:32.931   398   464 I vw-vhal : notifyVehicleProperty, propId = 0x21402020, data = {status: 2, int32Values: [0]}
12-30 10:11:32.931   398   464 I vw-vhal : CanSignalsAdapter::notifyVehicleProperty: solvedValue = {.timestamp = 5628753500335, .areaId = 0, .prop = 557850656, .status = AVAILABLE, .value = {.int32Values = [1]{0}, .floatValues = [0]{}, .int64Values = [0]{}, .bytes = [0]{}, .stringValue = ""}}
12-30 10:11:32.931   398   464 I VehiclePropertyStore: begin to write value to Store: {.timestamp = 5628753500335, .areaId = 0, .prop = 557850656, .status = AVAILABLE, .value = {.int32Values = [1]{0}, .floatValues = [0]{}, .int64Values = [0]{}, .bytes = [0]{}, .stringValue = ""}}
12-30 10:11:32.931   398   464 I DefaultVehicleHal_v2_0: DefaultVehicleHal::onPropertyValue, value:{.timestamp = 5628753500335, .areaId = 0, .prop = 557850656, .status = AVAILABLE, .value = {.int32Values = [1]{0}, .floatValues = [0]{}, .int64Values = [0]{}, .bytes = [0]{}, .stringValue = ""}}
12-30 10:11:32.931   398   464 D DiagPropHandler: is not DiagnosticConfig: 0x21402020
12-30 10:11:32.931   398   464 I VehiclePropertyStore: begin to write value to Store: {.timestamp = 5628753500335, .areaId = 0, .prop = 557850656, .status = AVAILABLE, .value = {.int32Values = [1]{0}, .floatValues = [0]{}, .int64Values = [0]{}, .bytes = [0]{}, .stringValue = ""}}
12-30 10:11:32.931   398   464 D adayocomadapter-CommunicationManager: onUpstreamReceive mPropertyId 0x21402020
12-30 10:11:32.931   398   464 D adayocomadapter-CommunicationManager: onUpstreamReceive mPropertyId 0x21402004
12-30 10:11:32.931   398   464 D adayocomadapter-CommunicationManager: convertBytesToInt32Memcpy  0
12-30 10:11:32.931   398   464 I vw-vhal : notifyVehicleProperty, propId = 0x21402004, data = {status: 2, int32Values: [0]}
