12-30 10:11:35.249   398   464 I vw-vhal : CanSignalsAdapter::notifyVehicleProperty: solvedValue = {.timestamp = 5631071172335, .areaId = 0, .prop = 557851146, .status = AVAILABLE, .value = {.int32Values = [1]{0}, .floatValues = [0]{}, .int64Values = [0]{}, .bytes = [0]{}, .stringValue = ""}}
12-30 10:11:35.249   398   464 I VehiclePropertyStore: begin to write value to Store: {.timestamp = 5631071172335, .areaId = 0, .prop = 557851146, .status = AVAILABLE, .value = {.int32Values = [1]{0}, .floatValues = [0]{}, .int64Values = [0]{}, .bytes = [0]{}, .stringValue = ""}}
12-30 10:11:35.249   398   464 I DefaultVehicleHal_v2_0: DefaultVehicleHal::onPropertyValue, value:{.timestamp = 5631071172335, .areaId = 0, .prop = 557851146, .status = AVAILABLE, .value = {.int32Values = [1]{0}, .floatValues = [0]{}, .int64Values = [0]{}, .bytes = [0]{}, .stringValue = ""}}
12-30 10:11:35.249   398   464 D DiagPropHandler: is not DiagnosticConfig: 0x2140220a
12-30 10:11:35.249   398   464 I VehiclePropertyStore: begin to write value to Store: {.timestamp = 5631071172335, .areaId = 0, .prop = 557851146, .status = AVAILABLE, .value = {.int32Values = [1]{0}, .floatValues = [0]{}, .int64Values = [0]{}, .bytes = [0]{}, .stringValue = ""}}
12-30 10:11:35.249   398   464 D adayocomadapter-CommunicationManager: onUpstreamReceive mPropertyId 0x2140220a
12-30 10:11:35.249   398   464 D adayocomadapter-CommunicationManager: onUpstreamReceive mPropertyId 0x214021e6
12-30 10:11:35.249   398   464 D adayocomadapter-CommunicationManager: convertBytesToInt32Memcpy  0
12-30 10:11:35.249   398   464 I vw-vhal : notifyVehicleProperty, propId = 0x214021e6, data = {status: 2, int32Values: [0]}
12-30 10:11:35.250   398   464 I vw-vhal : CanSignalsAdapter::notifyVehicleProperty: solvedValue = {.timestamp = 5631071849002, .areaId = 0, .prop = 557851110, .status = AVAILABLE, .value = {.int32Values = [1]{0}, .floatValues = [0]{}, .int64Values = [0]{}, .bytes = [0]{}, .stringValue = ""}}
12-30 10:11:35.250   398   464 I VehiclePropertyStore: begin to write value to Store: {.timestamp = 5631071849002, .areaId = 0, .prop = 557851110, .status = AVAILABLE, .value = {.int32Values = [1]{0}, .floatValues = [0]{}, .int64Values = [0]{}, .bytes = [0]{}, .stringValue = ""}}
12-30 10:11:35.250   398   464 I DefaultVehicleHal_v2_0: DefaultVehicleHal::onPropertyValue, value:{.timestamp = 5631071849002, .areaId = 0, .prop = 557851110, .status = AVAILABLE, .value = {.int32Values = [1]{0}, .floatValues = [0]{}, .int64Values = [0]{}, .bytes = [0]{}, .stringValue = ""}}
12-30 10:11:35.250   398   464 D DiagPropHandler: is not DiagnosticConfig: 0x214021e6
12-30 10:11:35.250   398   464 I VehiclePropertyStore: begin to write value to Store: {.timestamp = 5631071849002, .areaId = 0, .prop = 557851110, .status = AVAILABLE, .value = {.int32Values = [1]{0}, .floatValues = [0]{}, .int64Values = [0]{}, .bytes = [0]{}, .stringValue = ""}}
12-30 10:11:35.250   398   464 D adayocomadapter-CommunicationManager: onUpstreamReceive mPropertyId 0x214021e6
12-30 10:11:35.259  2358  2623 D RcfController: Rcf proxy is not connected!
12-30 10:11:35.267   360   931 D EvsDriver: forwardFrame
12-30 10:11:35.268   360   931 D EvsDriver: forwardFrameDirect
12-30 10:11:35.268   360   931 D EvsDriver: Delivered 0xb400e2ca9e40d4b0 as id 1
12-30 10:11:35.268   359  2784 D evsmanagerd: /dev/video-evs0 forwarded the buffer #1 to 0xb400f125d2b26dd0 from 0xb400f125e2b20710
12-30 10:11:35.274   360   458 D EvsDriver: doneWithFrame
12-30 10:11:35.285  1667  2407 I media_message_log->MediaMessageProxy: (SourceFile:1)b connectToService action bind
12-30 10:11:35.286   916  1847 W ActivityManager: Unable to start service Intent { cmp=com.adayo.server.mediamessagetransfer/.MediaMessTransferService (has extras) } U=0: not found
12-30 10:11:35.287  1667  2407 E media_message_log->MediaMessageProxy: (SourceFile:7)a bindServiceAsUser isBound = false
12-30 10:11:35.297   596  3076 E WifiHAL : Invalid data received from driver
12-30 10:11:35.301   360   931 D EvsDriver: forwardFrame
12-30 10:11:35.301   360   931 D EvsDriver: forwardFrameDirect
12-30 10:11:35.301   360   931 D EvsDriver: Delivered 0xb400e2ca9e40c2d0 as id 0
12-30 10:11:35.301   359  2784 D evsmanagerd: /dev/video-evs0 forwarded the buffer #0 to 0xb400f125d2b26dd0 from 0xb400f125e2b20710
12-30 10:11:35.304   360   458 D EvsDriver: doneWithFrame
12-30 10:11:35.309  2358  2623 D RcfController: Rcf proxy is not connected!
12-30 10:11:35.334   360   931 D EvsDriver: forwardFrame
12-30 10:11:35.334   360   931 D EvsDriver: forwardFrameDirect
12-30 10:11:35.334   360   931 D EvsDriver: Delivered 0xb400e2ca9e40d090 as id 1
12-30 10:11:35.335   359  2784 D evsmanagerd: /dev/video-evs0 forwarded the buffer #1 to 0xb400f125d2b26dd0 from 0xb400f125e2b20710
12-30 10:11:35.345   360   458 D EvsDriver: doneWithFrame
12-30 10:11:35.359  2358  2623 D RcfController: Rcf proxy is not connected!
12-30 10:11:35.367   360   931 D EvsDriver: forwardFrame
12-30 10:11:35.368   360   931 D EvsDriver: forwardFrameDirect
12-30 10:11:35.368   360   931 D EvsDriver: Delivered 0xb400e2ca9e40e110 as id 0
12-30 10:11:35.368   359  2784 D evsmanagerd: /dev/video-evs0 forwarded the buffer #0 to 0xb400f125d2b26dd0 from 0xb400f125e2b20710
12-30 10:11:35.375   360   458 D EvsDriver: doneWithFrame
12-30 10:11:35.382   596  3076 E WifiHAL : Invalid data received from driver
12-30 10:11:35.401   360   931 D EvsDriver: forwardFrame
12-30 10:11:35.401   360   931 D EvsDriver: forwardFrameDirect
12-30 10:11:35.401   360   931 D EvsDriver: Delivered 0xb400e2ca9e40c7a0 as id 1
12-30 10:11:35.401   359  2784 D evsmanagerd: /dev/video-evs0 forwarded the buffer #1 to 0xb400f125d2b26dd0 from 0xb400f125e2b20710
12-30 10:11:35.405   360   458 D EvsDriver: doneWithFrame
12-30 10:11:35.410  2358  2623 D RcfController: Rcf proxy is not connected!
12-30 10:11:35.434   360   931 D EvsDriver: forwardFrame
12-30 10:11:35.434   360   931 D EvsDriver: forwardFrameDirect
12-30 10:11:35.434   360   931 D EvsDriver: Delivered 0xb400e2ca9e40e270 as id 0
12-30 10:11:35.435   359  2784 D evsmanagerd: /dev/video-evs0 forwarded the buffer #0 to 0xb400f125d2b26dd0 from 0xb400f125e2b20710
12-30 10:11:35.436   360   458 D EvsDriver: doneWithFrame
12-30 10:11:35.460  2358  2623 D RcfController: Rcf proxy is not connected!
12-30 10:11:35.462   596  3076 E WifiHAL : Invalid data received from driver
12-30 10:11:35.465   650   729 D fgemcucomm: sd Uart data : 6AA602AFED00029202CC
12-30 10:11:35.465   650   729 D fgemcucomm: rev uart=46597,len=23, data : 6AA681AFED000F9202000400000000000000000000003C
12-30 10:11:35.465   398   882 D adayocomadapter-ParseProtocolFunc: printRaWMsg Name[MCUToUPstream recv] len[15] data[920200040000000000000000000000]
12-30 10:11:35.465   398   882 D adayocomadapter-CommunicationManager: onUpstreamback   member[0] dataLength[12] timePoint[5631287]
12-30 10:11:35.465   398   882 D adayocomadapter-ParseProtocolFunc: printRaWMsg Name[onUpstreamback] len[12] data[040000000000000000000000]
12-30 10:11:35.466   398   464 D adayocomadapter-UpstreamHandler: processBeforePacket upSreamtProcessTimePoint[5631287] 
12-30 10:11:35.466   398   464 D adayocomadapter-UpstreamHandler: processPacket UPSTREAM_QUEUE_DATA_TIMEOUT
12-30 10:11:35.466   398   464 D adayocomadapter-ParseProtocolFunc: parseCommonIPCLBytes Processing tableNumber[4]
12-30 10:11:35.466   398   464 D adayocomadapter-ParseProtocolFunc: parseCommonIPCLBytes Processing tablename[Table-4] tableSize[12]
12-30 10:11:35.466   398   464 D adayocomadapter-ParseProtocolFunc: printRaWMsg Name[byteStream recv] len[12] data[040000000000000000000000]
12-30 10:11:35.466   398   464 D adayocomadapter-ParseProtocolFunc: printRaWMsg Name[IPCLtoVHAL] len[7] data[2140200C000000]
12-30 10:11:35.466   398   464 D adayocomadapter-ParseProtocolFunc: printRaWMsg Name[IPCLtoVHAL] len[7] data[2140200D000000]
12-30 10:11:35.466   398   464 D adayocomadapter-ParseProtocolFunc: printRaWMsg Name[IPCLtoVHAL] len[6] data[214022330000]
12-30 10:11:35.466   398   464 D adayocomadapter-ParseProtocolFunc: printRaWMsg Name[IPCLtoVHAL] len[9] data[2140201D0000000000]
12-30 10:11:35.466   398   464 D adayocomadapter-ParseProtocolFunc: printRaWMsg Name[IPCLtoVHAL] len[7] data[2140201E000000]
12-30 10:11:35.466   398   464 D adayocomadapter-CommunicationManager: onUpstreamReceive mPropertyId 0x2140200c
12-30 10:11:35.466   398   464 D adayocomadapter-CommunicationManager: convertBytesToInt32Memcpy  0
12-30 10:11:35.466   398   464 I vw-vhal : notifyVehicleProperty, propId = 0x2140200c, data = {status: 2, int32Values: [0]}
12-30 10:11:35.467   398   464 I vw-vhal : CanSignalsAdapter::notifyVehicleProperty: solvedValue = {.timestamp = 5631288830669, .areaId = 0, .prop = 557850636, .status = AVAILABLE, .value = {.int32Values = [1]{0}, .floatValues = [0]{}, .int64Values = [0]{}, .bytes = [0]{}, .stringValue = ""}}
12-30 10:11:35.467   398   464 I VehiclePropertyStore: begin to write value to Store: {.timestamp = 5631288830669, .areaId = 0, .prop = 557850636, .status = AVAILABLE, .value = {.int32Values = [1]{0}, .floatValues = [0]{}, .int64Values = [0]{}, .bytes = [0]{}, .stringValue = ""}}
12-30 10:11:35.467   398   464 I DefaultVehicleHal_v2_0: DefaultVehicleHal::onPropertyValue, value:{.timestamp = 5631288830669, .areaId = 0, .prop = 557850636, .status = AVAILABLE, .value = {.int32Values = [1]{0}, .floatValues = [0]{}, .int64Values = [0]{}, .bytes = [0]{}, .stringValue = ""}}
12-30 10:11:35.467   398   464 D DiagPropHandler: is not DiagnosticConfig: 0x2140200c
12-30 10:11:35.467   398   464 I VehiclePropertyStore: begin to write value to Store: {.timestamp = 5631288830669, .areaId = 0, .prop = 557850636, .status = AVAILABLE, .value = {.int32Values = [1]{0}, .floatValues = [0]{}, .int64Values = [0]{}, .bytes = [0]{}, .stringValue = ""}}
12-30 10:11:35.467   398   464 D adayocomadapter-CommunicationManager: onUpstreamReceive mPropertyId 0x2140200c
12-30 10:11:35.467   398   464 D adayocomadapter-CommunicationManager: onUpstreamReceive mPropertyId 0x2140200d
12-30 10:11:35.467   398   464 D adayocomadapter-CommunicationManager: convertBytesToInt32Memcpy  0
12-30 10:11:35.467   398   464 I vw-vhal : notifyVehicleProperty, propId = 0x2140200d, data = {status: 2, int32Values: [0]}
12-30 10:11:35.467   398   464 I vw-vhal : CanSignalsAdapter::notifyVehicleProperty: solvedValue = {.timestamp = 5631289508336, .areaId = 0, .prop = 557850637, .status = AVAILABLE, .value = {.int32Values = [1]{0}, .floatValues = [0]{}, .int64Values = [0]{}, .bytes = [0]{}, .stringValue = ""}}
12-30 10:11:35.467   398   464 I VehiclePropertyStore: begin to write value to Store: {.timestamp = 5631289508336, .areaId = 0, .prop = 557850637, .status = AVAILABLE, .value = {.int32Values = [1]{0}, .floatValues = [0]{}, .int64Values = [0]{}, .bytes = [0]{}, .stringValue = ""}}
12-30 10:11:35.467   398   464 I DefaultVehicleHal_v2_0: DefaultVehicleHal::onPropertyValue, value:{.timestamp = 5631289508336, .areaId = 0, .prop = 557850637, .status = AVAILABLE, .value = {.int32Values = [1]{0}, .floatValues = [0]{}, .int64Values = [0]{}, .bytes = [0]{}, .stringValue = ""}}
12-30 10:11:35.467   360   931 D EvsDriver: forwardFrame
12-30 10:11:35.467   398   464 D DiagPropHandler: is not DiagnosticConfig: 0x2140200d
12-30 10:11:35.468   360   931 D EvsDriver: forwardFrameDirect
12-30 10:11:35.468   398   464 I VehiclePropertyStore: begin to write value to Store: {.timestamp = 5631289508336, .areaId = 0, .prop = 557850637, .status = AVAILABLE, .value = {.int32Values = [1]{0}, .floatValues = [0]{}, .int64Values = [0]{}, .bytes = [0]{}, .stringValue = ""}}
12-30 10:11:35.468   398   464 D adayocomadapter-CommunicationManager: onUpstreamReceive mPropertyId 0x2140200d
12-30 10:11:35.468   398   464 D adayocomadapter-CommunicationManager: onUpstreamReceive mPropertyId 0x21402233
12-30 10:11:35.468   398   464 D adayocomadapter-CommunicationManager: convertBytesToInt32Memcpy  0
12-30 10:11:35.468   398   464 I vw-vhal : notifyVehicleProperty, propId = 0x21402233, data = {status: 2, int32Values: [0]}
12-30 10:11:35.468   360   931 D EvsDriver: Delivered 0xb400e2ca9e40d4b0 as id 1
12-30 10:11:35.468   398   464 I vw-vhal : CanSignalsAdapter::notifyVehicleProperty: solvedValue = {.timestamp = 5631290195669, .areaId = 0, .prop = 557851187, .status = AVAILABLE, .value = {.int32Values = [1]{0}, .floatValues = [0]{}, .int64Values = [0]{}, .bytes = [0]{}, .stringValue = ""}}
12-30 10:11:35.468   398   464 I VehiclePropertyStore: begin to write value to Store: {.timestamp = 5631290195669, .areaId = 0, .prop = 557851187, .status = AVAILABLE, .value = {.int32Values = [1]{0}, .floatValues = [0]{}, .int64Values = [0]{}, .bytes = [0]{}, .stringValue = ""}}
12-30 10:11:35.468   359  2784 D evsmanagerd: /dev/video-evs0 forwarded the buffer #1 to 0xb400f125d2b26dd0 from 0xb400f125e2b20710
12-30 10:11:35.468   398   464 I DefaultVehicleHal_v2_0: DefaultVehicleHal::onPropertyValue, value:{.timestamp = 5631290195669, .areaId = 0, .prop = 557851187, .status = AVAILABLE, .value = {.int32Values = [1]{0}, .floatValues = [0]{}, .int64Values = [0]{}, .bytes = [0]{}, .stringValue = ""}}
12-30 10:11:35.468   398   464 D DiagPropHandler: is not DiagnosticConfig: 0x21402233
12-30 10:11:35.468   398   464 I VehiclePropertyStore: begin to write value to Store: {.timestamp = 5631290195669, .areaId = 0, .prop = 557851187, .status = AVAILABLE, .value = {.int32Values = [1]{0}, .floatValues = [0]{}, .int64Values = [0]{}, .bytes = [0]{}, .stringValue = ""}}
12-30 10:11:35.468   398   464 D adayocomadapter-CommunicationManager: onUpstreamReceive mPropertyId 0x21402233
12-30 10:11:35.468   398   464 D adayocomadapter-CommunicationManager: onUpstreamReceive mPropertyId 0x2140201d
12-30 10:11:35.468   398   464 D adayocomadapter-CommunicationManager: convertBytesToInt32Memcpy  0
12-30 10:11:35.468   398   464 I vw-vhal : notifyVehicleProperty, propId = 0x2140201d, data = {status: 2, int32Values: [0]}
12-30 10:11:35.469   398   464 I vw-vhal : CanSignalsAdapter::notifyVehicleProperty: solvedValue = {.timestamp = 5631290860669, .areaId = 0, .prop = 557850653, .status = AVAILABLE, .value = {.int32Values = [1]{0}, .floatValues = [0]{}, .int64Values = [0]{}, .bytes = [0]{}, .stringValue = ""}}
12-30 10:11:35.469   398   464 I VehiclePropertyStore: begin to write value to Store: {.timestamp = 5631290860669, .areaId = 0, .prop = 557850653, .status = AVAILABLE, .value = {.int32Values = [1]{0}, .floatValues = [0]{}, .int64Values = [0]{}, .bytes = [0]{}, .stringValue = ""}}
12-30 10:11:35.469   398   464 I DefaultVehicleHal_v2_0: DefaultVehicleHal::onPropertyValue, value:{.timestamp = 5631290860669, .areaId = 0, .prop = 557850653, .status = AVAILABLE, .value = {.int32Values = [1]{0}, .floatValues = [0]{}, .int64Values = [0]{}, .bytes = [0]{}, .stringValue = ""}}
12-30 10:11:35.469   398   464 D DiagPropHandler: is not DiagnosticConfig: 0x2140201d
12-30 10:11:35.469   398   464 I VehiclePropertyStore: begin to write value to Store: {.timestamp = 5631290860669, .areaId = 0, .prop = 557850653, .status = AVAILABLE, .value = {.int32Values = [1]{0}, .floatValues = [0]{}, .int64Values = [0]{}, .bytes = [0]{}, .stringValue = ""}}
12-30 10:11:35.469   398   464 D adayocomadapter-CommunicationManager: onUpstreamReceive mPropertyId 0x2140201d
12-30 10:11:35.469   398   464 D adayocomadapter-CommunicationManager: onUpstreamReceive mPropertyId 0x2140201e
12-30 10:11:35.469   398   464 D adayocomadapter-CommunicationManager: convertBytesToInt32Memcpy  0
12-30 10:11:35.469   398   464 I vw-vhal : notifyVehicleProperty, propId = 0x2140201e, data = {status: 2, int32Values: [0]}
12-30 10:11:35.469   398   464 I vw-vhal : CanSignalsAdapter::notifyVehicleProperty: solvedValue = {.timestamp = 5631291535669, .areaId = 0, .prop = 557850654, .status = AVAILABLE, .value = {.int32Values = [1]{0}, .floatValues = [0]{}, .int64Values = [0]{}, .bytes = [0]{}, .stringValue = ""}}
12-30 10:11:35.469   398   464 I VehiclePropertyStore: begin to write value to Store: {.timestamp = 5631291535669, .areaId = 0, .prop = 557850654, .status = AVAILABLE, .value = {.int32Values = [1]{0}, .floatValues = [0]{}, .int64Values = [0]{}, .bytes = [0]{}, .stringValue = ""}}
12-30 10:11:35.469   398   464 I DefaultVehicleHal_v2_0: DefaultVehicleHal::onPropertyValue, value:{.timestamp = 5631291535669, .areaId = 0, .prop = 557850654, .status = AVAILABLE, .value = {.int32Values = [1]{0}, .floatValues = [0]{}, .int64Values = [0]{}, .bytes = [0]{}, .stringValue = ""}}
12-30 10:11:35.469   398   464 D DiagPropHandler: is not DiagnosticConfig: 0x2140201e
12-30 10:11:35.470   398   464 I VehiclePropertyStore: begin to write value to Store: {.timestamp = 5631291535669, .areaId = 0, .prop = 557850654, .status = AVAILABLE, .value = {.int32Values = [1]{0}, .floatValues = [0]{}, .int64Values = [0]{}, .bytes = [0]{}, .stringValue = ""}}
12-30 10:11:35.470   398   464 D adayocomadapter-CommunicationManager: onUpstreamReceive mPropertyId 0x2140201e
12-30 10:11:35.476   360   458 D EvsDriver: doneWithFrame
12-30 10:11:35.486   798 16047 W adbd    : timed out while waiting for FUNCTIONFS_BIND, trying again
12-30 10:11:35.486   798 16047 I adbd    : UsbFfs: connection terminated: monitor thread finished
12-30 10:11:35.486   798   798 I adbd    : UsbFfs: already offline
12-30 10:11:35.486   798   798 I adbd    : destroying transport UsbFfs
12-30 10:11:35.486   798   798 I adbd    : UsbFfsConnection being destroyed
12-30 10:11:35.501   360   931 I EvsDriver: /dev/video-evs0 VideoCapture fps 30.0003
12-30 10:11:35.501   360   931 D EvsDriver: forwardFrame
12-30 10:11:35.501   360   931 D EvsDriver: forwardFrameDirect
12-30 10:11:35.501   360   931 D EvsDriver: Delivered 0xb400e2ca9e40c2d0 as id 0
12-30 10:11:35.501   359  2784 D evsmanagerd: /dev/video-evs0 forwarded the buffer #0 to 0xb400f125d2b26dd0 from 0xb400f125e2b20710
12-30 10:11:35.505   596  3076 E WifiHAL : Invalid data received from driver
12-30 10:11:35.506   360   458 D EvsDriver: doneWithFrame
12-30 10:11:35.510  2358  2623 D RcfController: Rcf proxy is not connected!
12-30 10:11:35.518   798   838 I adbd    : opening control endpoint /dev/usb-ffs/adb/ep0
12-30 10:11:35.519   798   838 I adbd    : UsbFfsConnection constructed
12-30 10:11:35.520   798 16048 I adbd    : UsbFfs-monitor thread spawned
01-01 09:33:52.528   838   838 I         : read descriptors
01-01 09:33:52.528   838   838 I         : read strings
12-30 10:11:35.534   360   931 D EvsDriver: forwardFrame
12-30 10:11:35.534   360   931 D EvsDriver: forwardFrameDirect
12-30 10:11:35.535   360   931 D EvsDriver: Delivered 0xb400e2ca9e40d090 as id 1
12-30 10:11:35.535   359  2784 D evsmanagerd: /dev/video-evs0 forwarded the buffer #1 to 0xb400f125d2b26dd0 from 0xb400f125e2b20710
12-30 10:11:35.537   360   458 D EvsDriver: doneWithFrame
12-30 10:11:35.545  1667  2410 I media_message_log->MediaMessageUserProxy: (SourceFile:1)b connectToService action bind
12-30 10:11:35.546   916  1847 W ActivityManager: Unable to start service Intent { cmp=com.adayo.server.mediamessagetransfer/.MediaMessTransferService (has extras) } U=0: not found
12-30 10:11:35.546  1667  2410 E media_message_log->MediaMessageUserProxy: (SourceFile:7)a bindServiceAsUser isBound = false
12-30 10:11:35.561  2358  2623 D RcfController: Rcf proxy is not connected!
12-30 10:11:35.567   360   931 D EvsDriver: forwardFrame
12-30 10:11:35.568   360   931 D EvsDriver: forwardFrameDirect
12-30 10:11:35.568   360   931 D EvsDriver: Delivered 0xb400e2ca9e40e110 as id 0
12-30 10:11:35.568   359  2784 D evsmanagerd: /dev/video-evs0 forwarded the buffer #0 to 0xb400f125d2b26dd0 from 0xb400f125e2b20710
12-30 10:11:35.577   360   458 D EvsDriver: doneWithFrame
12-30 10:11:35.599   596  3076 E WifiHAL : Invalid data received from driver
12-30 10:11:35.601   360   931 D EvsDriver: forwardFrame
12-30 10:11:35.601   360   931 D EvsDriver: forwardFrameDirect
12-30 10:11:35.601   360   931 D EvsDriver: Delivered 0xb400e2ca9e40c7a0 as id 1
12-30 10:11:35.601   359  2784 D evsmanagerd: /dev/video-evs0 forwarded the buffer #1 to 0xb400f125d2b26dd0 from 0xb400f125e2b20710
12-30 10:11:35.608   360   458 D EvsDriver: doneWithFrame
12-30 10:11:35.611  2358  2623 D RcfController: Rcf proxy is not connected!
12-30 10:11:35.614   650   729 D fgemcucomm: sd Uart data : 6AA602AFEE00029202CB
12-30 10:11:35.614   650   729 D fgemcucomm: rev uart=46598,len=14, data : 6AA681AFEE00069202001A00002E
12-30 10:11:35.615   398   882 D adayocomadapter-ParseProtocolFunc: printRaWMsg Name[MCUToUPstream recv] len[6] data[9202001A0000]
12-30 10:11:35.615   398   882 D adayocomadapter-CommunicationManager: onUpstreamback   member[0] dataLength[3] timePoint[5631436]
12-30 10:11:35.615   398   882 D adayocomadapter-ParseProtocolFunc: printRaWMsg Name[onUpstreamback] len[3] data[1A0000]
12-30 10:11:35.615   398   464 D adayocomadapter-UpstreamHandler: processBeforePacket upSreamtProcessTimePoint[5631437] 
12-30 10:11:35.615   398   464 D adayocomadapter-UpstreamHandler: processPacket UPSTREAM_QUEUE_DATA_TIMEOUT
12-30 10:11:35.615   398   464 D adayocomadapter-ParseProtocolFunc: parseCommonIPCLBytes Processing tableNumber[26]
12-30 10:11:35.615   398   464 D adayocomadapter-ParseProtocolFunc: parseCommonIPCLBytes Processing tablename[Table-26] tableSize[3]
12-30 10:11:35.615   398   464 D adayocomadapter-ParseProtocolFunc: printRaWMsg Name[byteStream recv] len[3] data[1A0000]
12-30 10:11:35.615   398   464 D adayocomadapter-ParseProtocolFunc: printRaWMsg Name[IPCLtoVHAL] len[6] data[214021C90000]
12-30 10:11:35.615   398   464 D adayocomadapter-ParseProtocolFunc: printRaWMsg Name[IPCLtoVHAL] len[6] data[214022060000]
12-30 10:11:35.615   398   464 D adayocomadapter-CommunicationManager: onUpstreamReceive mPropertyId 0x214021c9
12-30 10:11:35.615   398   464 D adayocomadapter-CommunicationManager: convertBytesToInt32Memcpy  0
12-30 10:11:35.615   398   464 I vw-vhal : notifyVehicleProperty, propId = 0x214021c9, data = {status: 2, int32Values: [0]}
12-30 10:11:35.615   398   464 I vw-vhal : CanSignalsAdapter::notifyVehicleProperty: solvedValue = {.timestamp = 5631437772336, .areaId = 0, .prop = 557851081, .status = AVAILABLE, .value = {.int32Values = [1]{0}, .floatValues = [0]{}, .int64Values = [0]{}, .bytes = [0]{}, .stringValue = ""}}
12-30 10:11:35.616   398   464 I VehiclePropertyStore: begin to write value to Store: {.timestamp = 5631437772336, .areaId = 0, .prop = 557851081, .status = AVAILABLE, .value = {.int32Values = [1]{0}, .floatValues = [0]{}, .int64Values = [0]{}, .bytes = [0]{}, .stringValue = ""}}
12-30 10:11:35.616   398   464 I DefaultVehicleHal_v2_0: DefaultVehicleHal::onPropertyValue, value:{.timestamp = 5631437772336, .areaId = 0, .prop = 557851081, .status = AVAILABLE, .value = {.int32Values = [1]{0}, .floatValues = [0]{}, .int64Values = [0]{}, .bytes = [0]{}, .stringValue = ""}}
12-30 10:11:35.616   398   464 D DiagPropHandler: is not DiagnosticConfig: 0x214021c9
12-30 10:11:35.616   398   464 I VehiclePropertyStore: begin to write value to Store: {.timestamp = 5631437772336, .areaId = 0, .prop = 557851081, .status = AVAILABLE, .value = {.int32Values = [1]{0}, .floatValues = [0]{}, .int64Values = [0]{}, .bytes = [0]{}, .stringValue = ""}}
12-30 10:11:35.616   398   464 D adayocomadapter-CommunicationManager: onUpstreamReceive mPropertyId 0x214021c9
12-30 10:11:35.616   398   464 D adayocomadapter-CommunicationManager: onUpstreamReceive mPropertyId 0x21402206
12-30 10:11:35.616   398   464 D adayocomadapter-CommunicationManager: convertBytesToInt32Memcpy  0
12-30 10:11:35.616   398   464 I vw-vhal : notifyVehicleProperty, propId = 0x21402206, data = {status: 2, int32Values: [0]}
12-30 10:11:35.616   398   464 I vw-vhal : CanSignalsAdapter::notifyVehicleProperty: solvedValue = {.timestamp = 5631438441336, .areaId = 0, .prop = 557851142, .status = AVAILABLE, .value = {.int32Values = [1]{0}, .floatValues = [0]{}, .int64Values = [0]{}, .bytes = [0]{}, .stringValue = ""}}
12-30 10:11:35.616   398   464 I VehiclePropertyStore: begin to write value to Store: {.timestamp = 5631438441336, .areaId = 0, .prop = 557851142, .status = AVAILABLE, .value = {.int32Values = [1]{0}, .floatValues = [0]{}, .int64Values = [0]{}, .bytes = [0]{}, .stringValue = ""}}
12-30 10:11:35.616   398   464 I DefaultVehicleHal_v2_0: DefaultVehicleHal::onPropertyValue, value:{.timestamp = 5631438441336, .areaId = 0, .prop = 557851142, .status = AVAILABLE, .value = {.int32Values = [1]{0}, .floatValues = [0]{}, .int64Values = [0]{}, .bytes = [0]{}, .stringValue = ""}}
12-30 10:11:35.616   398   464 D DiagPropHandler: is not DiagnosticConfig: 0x21402206
12-30 10:11:35.616   398   464 I VehiclePropertyStore: begin to write value to Store: {.timestamp = 5631438441336, .areaId = 0, .prop = 557851142, .status = AVAILABLE, .value = {.int32Values = [1]{0}, .floatValues = [0]{}, .int64Values = [0]{}, .bytes = [0]{}, .stringValue = ""}}
12-30 10:11:35.617   398   464 D adayocomadapter-CommunicationManager: onUpstreamReceive mPropertyId 0x21402206
12-30 10:11:35.634   360   931 D EvsDriver: forwardFrame
12-30 10:11:35.634   360   931 D EvsDriver: forwardFrameDirect
12-30 10:11:35.634   360   931 D EvsDriver: Delivered 0xb400e2ca9e40e270 as id 0
12-30 10:11:35.635   359  2784 D evsmanagerd: /dev/video-evs0 forwarded the buffer #0 to 0xb400f125d2b26dd0 from 0xb400f125e2b20710
12-30 10:11:35.638   360   458 D EvsDriver: doneWithFrame
12-30 10:11:35.650  1667  2513 W ContextImpl: Calling a method in the system process without a qualified user: android.app.ContextImpl.bindService:1988 android.content.ContextWrapper.bindService:861 com.ford.sync.fnvservice.analytics.AnalyticsManager$RetryHandler.a:126 com.ford.sync.fnvservice.analytics.AnalyticsManager$RetryHandler.handleMessage:103 android.os.Handler.dispatchMessage:106 
12-30 10:11:35.651   916  1847 W ActivityManager: Unable to start service Intent { cmp=com.ford.sync.fnvservice/.analytics.AnalyticsService } U=0: not found
12-30 10:11:35.651  1667  2513 W AnalyticsManager:  bind ford Analytics failed -> sendRetryMessage 
12-30 10:11:35.661  2358  2623 D RcfController: Rcf proxy is not connected!
12-30 10:11:35.663  1628  1858 I CCarServiceManager: CarServiceManager->t()35:link:[48]     ---29:pool-2-thread-2
12-30 10:11:35.663  1628  1858 I CCarServiceManager: CarServiceManager->t()64:link 转换后:48     ---29:pool-2-thread-2
12-30 10:11:35.664  1628  1858 I CCarServiceManager: CarServiceManager->t()84:link 转换后:48     ---29:pool-2-thread-2
12-30 10:11:35.664  1628  1858 D CarPropertyManager: setProperty, propertyId: 0x2141400f, areaId: 0x0, class: class [Ljava.lang.Integer;, val: [Ljava.lang.Integer;@b05499d
12-30 10:11:35.665  1365  2014 D CarPropertyService: mSyncGetSetPropertyOpCount: 1
12-30 10:11:35.666   398   882 I DefaultVehicleHal_v2_0: DefaultVehicleHal::set, current value:{.timestamp = 0, .areaId = 0, .prop = 557924367, .status = AVAILABLE, .value = {.int32Values = [1]{0}, .floatValues = [0]{}, .int64Values = [0]{}, .bytes = [0]{}, .stringValue = ""}}
12-30 10:11:35.666   398   882 I DefaultVehicleHalServer: onSetProperty(0x2141400f)
12-30 10:11:35.666   398   882 D vw-vhal : CanSignalsAdapter::setVehicleProperty: propValue = {.timestamp = 0, .areaId = 0, .prop = 557924367, .status = AVAILABLE, .value = {.int32Values = [1]{1}, .floatValues = [0]{}, .int64Values = [0]{}, .bytes = [0]{}, .stringValue = ""}}
12-30 10:11:35.666   398   882 D vw-vhal : CanSignalsAdapter::setVehicleProperty: propId = 0x2141400f, data = {status: 0, int32Values: [1]}
12-30 10:11:35.666   398   882 D adayocomadapter-CommunicationManager: setProperty id=[557924367]
12-30 10:11:35.666   398   882 D adayocomadapter-CommunicationManager: writeValue id=[557924367]
12-30 10:11:35.666   398   882 D adayocomadapter-VehiclePropertyStore: writeValue id=[557924367]
12-30 10:11:35.666   398   882 D adayocomadapter-CommunicationManager: sendToDownstream mPropertyId 0x2141400f
12-30 10:11:35.666   398   882 D adayocomadapter-ParseProtocolFunc: printRaWMsg Name[sendToDownstream] len[4] data[00000000]
12-30 10:11:35.666   398   882 D adayocomadapter-ParseProtocolFunc: printRaWMsg Name[sendToDownstream] len[4] data[2141400F]
12-30 10:11:35.666   398   882 D adayocomadapter-ParseProtocolFunc: printRaWMsg Name[sendToDownstream] len[5] data[2141400F01]
12-30 10:11:35.666   398   882 D adayocomadapter-CommunicationManager: sendToDownstream ret[0]   member[130] dataLength[1] timePoint[5631488] 
12-30 10:11:35.666   398   882 D adayocomadapter-ParseProtocolFunc: printRaWMsg Name[sendToDownstream] len[5] data[2141400F01]
12-30 10:11:35.667   398   882 D adayocomadapter-CommunicationManager: sendToDownstream  000 mPropertyId[0x557924367]  
12-30 10:11:35.667   398   698 D adayocomadapter-DownstreamHandler: processBeforePacket downSreamtProcessTimePoint[5631489] 
12-30 10:11:35.667   398   698 D adayocomadapter-DownstreamHandler: DownstreamHandler processPacket 
12-30 10:11:35.667  1365  2014 D CarPropertyService: mSyncGetSetPropertyOpCount: 0
12-30 10:11:35.667   398   698 D adayocomadapter-DownstreamHandler: DownstreamHandler processPacket valueIndex 0x2141400f
12-30 10:11:35.667   398   698 D adayocomadapter-DownstreamHandler: DownstreamHandler processPacket 0002
12-30 10:11:35.667   398   698 D adayocomadapter-DownstreamHandler: DownstreamHandler processPacket sendMCUData2 
12-30 10:11:35.667   398   698 D adayocomadapter-CommunicationManager: sendMCUData 
12-30 10:11:35.667   398   698 D adayocomadapter-MCUInterfaceHandler: sendToMCU start
12-30 10:11:35.667   360   931 D EvsDriver: forwardFrame
12-30 10:11:35.667  1628  1858 I CCarServiceManager: CarServiceManager->t()118:link:0     ---29:pool-2-thread-2
12-30 10:11:35.668   360   931 D EvsDriver: forwardFrameDirect
12-30 10:11:35.668   650   730 D fgemcucomm: sd Uart data : 6AA601111600081202022141400F0108
12-30 10:11:35.668   398   698 D adayocomadapter-ParseProtocolFunc: printRaWMsg Name[sendToMCU] len[8] data[1202022141400F01]
12-30 10:11:35.668   360   931 D EvsDriver: Delivered 0xb400e2ca9e40d4b0 as id 1
12-30 10:11:35.668   359  2784 D evsmanagerd: /dev/video-evs0 forwarded the buffer #1 to 0xb400f125d2b26dd0 from 0xb400f125e2b20710
12-30 10:11:35.679   360   458 D EvsDriver: doneWithFrame
12-30 10:11:35.694   596  3076 E WifiHAL : Invalid data received from driver
12-30 10:11:35.701   360   931 D EvsDriver: forwardFrame
12-30 10:11:35.701   360   931 D EvsDriver: forwardFrameDirect
12-30 10:11:35.701   360   931 D EvsDriver: Delivered 0xb400e2ca9e40c2d0 as id 0
12-30 10:11:35.701   359  2784 D evsmanagerd: /dev/video-evs0 forwarded the buffer #0 to 0xb400f125d2b26dd0 from 0xb400f125e2b20710
12-30 10:11:35.709   360   458 D EvsDriver: doneWithFrame
12-30 10:11:35.711  2358  2623 D RcfController: Rcf proxy is not connected!
12-30 10:11:35.716   650   730 D fgemcucomm: file = hardware/interfaces/fgemcucomm/1.0/default/mcucomm/src/mcuCommFunctionTimer.cpp, function = startTimer  start timer OK = 4374 
12-30 10:11:35.733   650   729 D fgemcucomm: file = hardware/interfaces/fgemcucomm/1.0/default/mcucomm/src/mcuCommFunctionTimer.cpp, func = stopTimer  stop timer = 4374 
12-30 10:11:35.734   650   729 D fgemcucomm: rev uart=46599,len=10, data : 6AA68211160002120241
12-30 10:11:35.734   360   931 D EvsDriver: forwardFrame
12-30 10:11:35.734   360   931 D EvsDriver: forwardFrameDirect
12-30 10:11:35.735   360   931 D EvsDriver: Delivered 0xb400e2ca9e40d090 as id 1
12-30 10:11:35.735   359  2784 D evsmanagerd: /dev/video-evs0 forwarded the buffer #1 to 0xb400f125d2b26dd0 from 0xb400f125e2b20710
12-30 10:11:35.739   360   458 D EvsDriver: doneWithFrame
12-30 10:11:35.762  2358  2623 D RcfController: Rcf proxy is not connected!
12-30 10:11:35.766  2475  2681 I TtsServiceAgent: check thread start checking, threadId = 29
12-30 10:11:35.767  2475  2681 D TtsServiceAgent: start bind service...
12-30 10:11:35.767  2475  2681 D TtsServiceAgent: ----->initService, usage = 16
12-30 10:11:35.767   596  3076 E WifiHAL : Invalid data received from driver
12-30 10:11:35.767   360   931 D EvsDriver: forwardFrame
12-30 10:11:35.768   360   931 D EvsDriver: forwardFrameDirect
12-30 10:11:35.768   596  3076 E WifiHAL : Invalid data received from driver
12-30 10:11:35.767  2475  2681 W ContextImpl: Calling a method in the system process without a qualified user: android.app.ContextImpl.bindService:1988 android.content.ContextWrapper.bindService:861 com.iflytek.autofly.ttsaidl.ttsproxy.TtsServiceAgent.initService:189 com.iflytek.autofly.ttsaidl.ttsproxy.TtsServiceAgent.initService:133 com.iflytek.autofly.ttsaidl.ttsproxy.TtsServiceAgent$2.run:517 
12-30 10:11:35.768   596  3076 E WifiHAL : Invalid data received from driver
12-30 10:11:35.768   596  3076 E WifiHAL : Invalid data received from driver
12-30 10:11:35.768   596  3076 E WifiHAL : Invalid data received from driver
12-30 10:11:35.768   360   931 D EvsDriver: Delivered 0xb400e2ca9e40e110 as id 0
12-30 10:11:35.768   596  3076 E WifiHAL : Invalid data received from driver
12-30 10:11:35.768   596  3076 E WifiHAL : Invalid data received from driver
12-30 10:11:35.768   359  2784 D evsmanagerd: /dev/video-evs0 forwarded the buffer #0 to 0xb400f125d2b26dd0 from 0xb400f125e2b20710
12-30 10:11:35.769   916  1847 W ActivityManager: Unable to start service Intent { act=com.iflytek.autofly.tts.ttsservice.TtsAdapterService cmp=com.iflytek.cutefly.speechclient.hmi/com.iflytek.autofly.tts.ttsservice.TtsAdapterService } U=0: not found
12-30 10:11:35.769  2475  2681 D TtsServiceAgent: bindService: false
12-30 10:11:35.769  2475  2681 D TtsServiceAgent: start reInitService
12-30 10:11:35.769  2475  2681 D TtsServiceAgent: aidlCheckThreadRunning = true
12-30 10:11:35.769  2475  2681 D TtsServiceAgent: ----->check connection status in 1000s...
12-30 10:11:35.770   596  3076 E WifiHAL : Invalid data received from driver
12-30 10:11:35.770   360   458 D EvsDriver: doneWithFrame
12-30 10:11:35.801   360   931 D EvsDriver: forwardFrame
12-30 10:11:35.801   360   931 D EvsDriver: forwardFrameDirect
12-30 10:11:35.801   360   931 D EvsDriver: Delivered 0xb400e2ca9e40c7a0 as id 1
12-30 10:11:35.801   359  2784 D evsmanagerd: /dev/video-evs0 forwarded the buffer #1 to 0xb400f125d2b26dd0 from 0xb400f125e2b20710
12-30 10:11:35.810   360   458 D EvsDriver: doneWithFrame
12-30 10:11:35.812  2358  2623 D RcfController: Rcf proxy is not connected!
12-30 10:11:35.834   360   931 D EvsDriver: forwardFrame
12-30 10:11:35.834   360   931 D EvsDriver: forwardFrameDirect
12-30 10:11:35.834   360   931 D EvsDriver: Delivered 0xb400e2ca9e40e270 as id 0
12-30 10:11:35.834   359  2784 D evsmanagerd: /dev/video-evs0 forwarded the buffer #0 to 0xb400f125d2b26dd0 from 0xb400f125e2b20710
12-30 10:11:35.840   360   458 D EvsDriver: doneWithFrame
12-30 10:11:35.836   657   657 I auditd  : type=1400 audit(0.0:633068): avc:  denied  { ioctl } for  comm="evs_app.adayo" path="/dev/g2d0" dev="tmpfs" ino=690 ioctlcmd=0x6703 scontext=u:r:evs_app_adayo:s0 tcontext=u:object_r:g2d_device:s0 tclass=chr_file permissive=1
12-30 10:11:35.836   657   657 I evs_app.adayo: type=1400 audit(0.0:633068): avc:  denied  { ioctl } for  path="/dev/g2d0" dev="tmpfs" ino=690 ioctlcmd=0x6703 scontext=u:r:evs_app_adayo:s0 tcontext=u:object_r:g2d_device:s0 tclass=chr_file permissive=1
12-30 10:11:35.851   596  3076 E WifiHAL : Invalid data received from driver
12-30 10:11:35.862  2358  2623 D RcfController: Rcf proxy is not connected!
12-30 10:11:35.867   360   931 D EvsDriver: forwardFrame
12-30 10:11:35.867   360   931 D EvsDriver: forwardFrameDirect
12-30 10:11:35.868   360   931 D EvsDriver: Delivered 0xb400e2ca9e40d4b0 as id 1
12-30 10:11:35.868   359  2784 D evsmanagerd: /dev/video-evs0 forwarded the buffer #1 to 0xb400f125d2b26dd0 from 0xb400f125e2b20710
12-30 10:11:35.871   360   458 D EvsDriver: doneWithFrame
12-30 10:11:35.901   360   931 D EvsDriver: forwardFrame
12-30 10:11:35.901   360   931 D EvsDriver: forwardFrameDirect
12-30 10:11:35.901   360   931 D EvsDriver: Delivered 0xb400e2ca9e40c2d0 as id 0
12-30 10:11:35.901   359  2784 D evsmanagerd: /dev/video-evs0 forwarded the buffer #0 to 0xb400f125d2b26dd0 from 0xb400f125e2b20710
12-30 10:11:35.901   596  3076 E WifiHAL : Invalid data received from driver
12-30 10:11:35.911   360   458 D EvsDriver: doneWithFrame
12-30 10:11:35.913  2358  2623 D RcfController: Rcf proxy is not connected!
12-30 10:11:35.934   360   931 D EvsDriver: forwardFrame
12-30 10:11:35.934   360   931 D EvsDriver: forwardFrameDirect
12-30 10:11:35.934   360   931 D EvsDriver: Delivered 0xb400e2ca9e40d090 as id 1
12-30 10:11:35.934   359  2784 D evsmanagerd: /dev/video-evs0 forwarded the buffer #1 to 0xb400f125d2b26dd0 from 0xb400f125e2b20710
12-30 10:11:35.941   360   458 D EvsDriver: doneWithFrame
12-30 10:11:35.963  2358  2623 D RcfController: Rcf proxy is not connected!
12-30 10:11:35.967   360   931 D EvsDriver: forwardFrame
12-30 10:11:35.967   360   931 D EvsDriver: forwardFrameDirect
12-30 10:11:35.968   360   931 D EvsDriver: Delivered 0xb400e2ca9e40e110 as id 0
12-30 10:11:35.968   359  2784 D evsmanagerd: /dev/video-evs0 forwarded the buffer #0 to 0xb400f125d2b26dd0 from 0xb400f125e2b20710
12-30 10:11:35.971   665  1525 I gps_hdbd: [gps_upgrade_thread 3403]Enter
12-30 10:11:35.971   665  1525 I gps_hdbd: [gps_upgrade_thread 3432] sys.gps.update:0 ,file:not ,upgrate_ing:0
12-30 10:11:35.971   360   458 D EvsDriver: doneWithFrame
12-30 10:11:35.968   657   657 I auditd  : type=1400 audit(0.0:633069): avc:  denied  { ioctl } for  comm="evs_app.adayo" path="/dev/dri/renderD128" dev="tmpfs" ino=468 ioctlcmd=0x6440 scontext=u:r:evs_app_adayo:s0 tcontext=u:object_r:gpu_device:s0 tclass=chr_file permissive=1
12-30 10:11:35.968   657   657 I evs_app.adayo: type=1400 audit(0.0:633069): avc:  denied  { ioctl } for  path="/dev/dri/renderD128" dev="tmpfs" ino=468 ioctlcmd=0x6440 scontext=u:r:evs_app_adayo:s0 tcontext=u:object_r:gpu_device:s0 tclass=chr_file permissive=1
12-30 10:11:35.974   650   729 D fgemcucomm: sd Uart data : 6AA602AFEF00029202CA
12-30 10:11:35.974   650   729 D fgemcucomm: rev uart=46600,len=14, data : 6AA681AFEF000692020001000046
12-30 10:11:35.974   398   882 D adayocomadapter-ParseProtocolFunc: printRaWMsg Name[MCUToUPstream recv] len[6] data[920200010000]
12-30 10:11:35.974   398   882 D adayocomadapter-CommunicationManager: onUpstreamback   member[0] dataLength[3] timePoint[5631796]
12-30 10:11:35.974   398   882 D adayocomadapter-ParseProtocolFunc: printRaWMsg Name[onUpstreamback] len[3] data[010000]
12-30 10:11:35.974   398   464 D adayocomadapter-UpstreamHandler: processBeforePacket upSreamtProcessTimePoint[5631796] 
12-30 10:11:35.974   398   464 D adayocomadapter-UpstreamHandler: processPacket UPSTREAM_QUEUE_DATA_TIMEOUT
12-30 10:11:35.974   398   464 D adayocomadapter-ParseProtocolFunc: parseCommonIPCLBytes Processing tableNumber[1]
12-30 10:11:35.974   398   464 D adayocomadapter-ParseProtocolFunc: parseCommonIPCLBytes Processing tablename[Table-1] tableSize[3]
12-30 10:11:35.974   398   464 D adayocomadapter-ParseProtocolFunc: printRaWMsg Name[byteStream recv] len[3] data[010000]
12-30 10:11:35.974   398   464 D adayocomadapter-ParseProtocolFunc: printRaWMsg Name[IPCLtoVHAL] len[7] data[21402048000000]
12-30 10:11:35.975   398   464 D adayocomadapter-CommunicationManager: onUpstreamReceive mPropertyId 0x21402048
12-30 10:11:35.975   398   464 D adayocomadapter-CommunicationManager: convertBytesToInt32Memcpy  0
12-30 10:11:35.975   398   464 I vw-vhal : notifyVehicleProperty, propId = 0x21402048, data = {status: 2, int32Values: [0]}
12-30 10:11:35.975   398   464 I vw-vhal : CanSignalsAdapter::notifyVehicleProperty: solvedValue = {.timestamp = 5631797025002, .areaId = 0, .prop = 557850696, .status = AVAILABLE, .value = {.int32Values = [1]{0}, .floatValues = [0]{}, .int64Values = [0]{}, .bytes = [0]{}, .stringValue = ""}}
12-30 10:11:35.975   398   464 I VehiclePropertyStore: begin to write value to Store: {.timestamp = 5631797025002, .areaId = 0, .prop = 557850696, .status = AVAILABLE, .value = {.int32Values = [1]{0}, .floatValues = [0]{}, .int64Values = [0]{}, .bytes = [0]{}, .stringValue = ""}}
12-30 10:11:35.975   398   464 I DefaultVehicleHal_v2_0: DefaultVehicleHal::onPropertyValue, value:{.timestamp = 5631797025002, .areaId = 0, .prop = 557850696, .status = AVAILABLE, .value = {.int32Values = [1]{0}, .floatValues = [0]{}, .int64Values = [0]{}, .bytes = [0]{}, .stringValue = ""}}
12-30 10:11:35.975   398   464 D DiagPropHandler: is not DiagnosticConfig: 0x21402048
12-30 10:11:35.975   398   464 I VehiclePropertyStore: begin to write value to Store: {.timestamp = 5631797025002, .areaId = 0, .prop = 557850696, .status = AVAILABLE, .value = {.int32Values = [1]{0}, .floatValues = [0]{}, .int64Values = [0]{}, .bytes = [0]{}, .stringValue = ""}}
12-30 10:11:35.975   398   464 D adayocomadapter-CommunicationManager: onUpstreamReceive mPropertyId 0x21402048
12-30 10:11:35.982   596  3076 E WifiHAL : Invalid data received from driver
12-30 10:11:35.994   650   729 D fgemcucomm: sd Uart data : 6AA602AFF000029202C9
12-30 10:11:35.994   650   729 D fgemcucomm: rev uart=46601,len=16, data : 6AA681AFF00008920200030000000041
12-30 10:11:35.994   398   882 D adayocomadapter-ParseProtocolFunc: printRaWMsg Name[MCUToUPstream recv] len[8] data[9202000300000000]
12-30 10:11:35.994   398   882 D adayocomadapter-CommunicationManager: onUpstreamback   member[0] dataLength[5] timePoint[5631816]
12-30 10:11:35.994   398   882 D adayocomadapter-ParseProtocolFunc: printRaWMsg Name[onUpstreamback] len[5] data[0300000000]
12-30 10:11:35.994   398   464 D adayocomadapter-UpstreamHandler: processBeforePacket upSreamtProcessTimePoint[5631816] 
12-30 10:11:35.994   398   464 D adayocomadapter-UpstreamHandler: processPacket UPSTREAM_QUEUE_DATA_TIMEOUT
12-30 10:11:35.994   398   464 D adayocomadapter-ParseProtocolFunc: parseCommonIPCLBytes Processing tableNumber[3]
12-30 10:11:35.994   398   464 D adayocomadapter-ParseProtocolFunc: parseCommonIPCLBytes Processing tablename[Table-3] tableSize[5]
12-30 10:11:35.995   398   464 D adayocomadapter-ParseProtocolFunc: printRaWMsg Name[byteStream recv] len[5] data[0300000000]
12-30 10:11:35.995   398   464 D adayocomadapter-ParseProtocolFunc: printRaWMsg Name[IPCLtoVHAL] len[8] data[2141213801000000]
12-30 10:11:35.995   398   464 D adayocomadapter-ParseProtocolFunc: printRaWMsg Name[IPCLtoVHAL] len[6] data[214021D60000]
12-30 10:11:35.995   398   464 D adayocomadapter-CommunicationManager: onUpstreamReceive mPropertyId 0x21412138
12-30 10:11:35.995   398   464 I vw-vhal : notifyVehicleProperty, propId = 0x21412138, data = {status: 2, int32Values: [0, 0, 0]}
12-30 10:11:35.995   398   464 I vw-vhal : CanSignalsAdapter::notifyVehicleProperty: solvedValue = {.timestamp = 5631817063002, .areaId = 0, .prop = 557916472, .status = AVAILABLE, .value = {.int32Values = [3]{0, 0, 0}, .floatValues = [0]{}, .int64Values = [0]{}, .bytes = [0]{}, .stringValue = ""}}
12-30 10:11:35.995   398   464 I VehiclePropertyStore: begin to write value to Store: {.timestamp = 5631817063002, .areaId = 0, .prop = 557916472, .status = AVAILABLE, .value = {.int32Values = [3]{0, 0, 0}, .floatValues = [0]{}, .int64Values = [0]{}, .bytes = [0]{}, .stringValue = ""}}
12-30 10:11:35.995   398   464 I DefaultVehicleHal_v2_0: DefaultVehicleHal::onPropertyValue, value:{.timestamp = 5631817063002, .areaId = 0, .prop = 557916472, .status = AVAILABLE, .value = {.int32Values = [3]{0, 0, 0}, .floatValues = [0]{}, .int64Values = [0]{}, .bytes = [0]{}, .stringValue = ""}}
12-30 10:11:35.995   398   464 D DiagPropHandler: is not DiagnosticConfig: 0x21412138
12-30 10:11:35.995   398   464 I VehiclePropertyStore: begin to write value to Store: {.timestamp = 5631817063002, .areaId = 0, .prop = 557916472, .status = AVAILABLE, .value = {.int32Values = [3]{0, 0, 0}, .floatValues = [0]{}, .int64Values = [0]{}, .bytes = [0]{}, .stringValue = ""}}
12-30 10:11:35.995   398   464 D adayocomadapter-CommunicationManager: onUpstreamReceive mPropertyId 0x21412138
12-30 10:11:35.995   398   464 D adayocomadapter-CommunicationManager: onUpstreamReceive mPropertyId 0x214021d6
12-30 10:11:35.995   398   464 D adayocomadapter-CommunicationManager: convertBytesToInt32Memcpy  0
12-30 10:11:35.995   398   464 I vw-vhal : notifyVehicleProperty, propId = 0x214021d6, data = {status: 2, int32Values: [0]}
12-30 10:11:35.995   398   464 I vw-vhal : CanSignalsAdapter::notifyVehicleProperty: solvedValue = {.timestamp = 5631817477336, .areaId = 0, .prop = 557851094, .status = AVAILABLE, .value = {.int32Values = [1]{0}, .floatValues = [0]{}, .int64Values = [0]{}, .bytes = [0]{}, .stringValue = ""}}
12-30 10:11:35.995   398   464 I VehiclePropertyStore: begin to write value to Store: {.timestamp = 5631817477336, .areaId = 0, .prop = 557851094, .status = AVAILABLE, .value = {.int32Values = [1]{0}, .floatValues = [0]{}, .int64Values = [0]{}, .bytes = [0]{}, .stringValue = ""}}
12-30 10:11:35.995   398   464 I DefaultVehicleHal_v2_0: DefaultVehicleHal::onPropertyValue, value:{.timestamp = 5631817477336, .areaId = 0, .prop = 557851094, .status = AVAILABLE, .value = {.int32Values = [1]{0}, .floatValues = [0]{}, .int64Values = [0]{}, .bytes = [0]{}, .stringValue = ""}}
12-30 10:11:35.995   398   464 D DiagPropHandler: is not DiagnosticConfig: 0x214021d6
12-30 10:11:35.995   398   464 I VehiclePropertyStore: begin to write value to Store: {.timestamp = 5631817477336, .areaId = 0, .prop = 557851094, .status = AVAILABLE, .value = {.int32Values = [1]{0}, .floatValues = [0]{}, .int64Values = [0]{}, .bytes = [0]{}, .stringValue = ""}}
12-30 10:11:35.995   398   464 D adayocomadapter-CommunicationManager: onUpstreamReceive mPropertyId 0x214021d6
12-30 10:11:36.001   360   931 D EvsDriver: forwardFrame
12-30 10:11:36.001   360   931 D EvsDriver: forwardFrameDirect
12-30 10:11:36.001   360   931 D EvsDriver: Delivered 0xb400e2ca9e40c7a0 as id 1
12-30 10:11:36.001   359  2784 D evsmanagerd: /dev/video-evs0 forwarded the buffer #1 to 0xb400f125d2b26dd0 from 0xb400f125e2b20710
12-30 10:11:36.002   360   458 D EvsDriver: doneWithFrame
12-30 10:11:36.013  2358  2623 D RcfController: Rcf proxy is not connected!
12-30 10:11:36.034   360   931 D EvsDriver: forwardFrame
12-30 10:11:36.034   360   931 D EvsDriver: forwardFrameDirect
12-30 10:11:36.034   360   931 D EvsDriver: Delivered 0xb400e2ca9e40e270 as id 0
12-30 10:11:36.034   359  2784 D evsmanagerd: /dev/video-evs0 forwarded the buffer #0 to 0xb400f125d2b26dd0 from 0xb400f125e2b20710
12-30 10:11:36.042   360   458 D EvsDriver: doneWithFrame
12-30 10:11:36.044   650   729 D fgemcucomm: sd Uart data : 6AA602AFF100029202C8
12-30 10:11:36.044   650   729 D fgemcucomm: rev uart=46602,len=20, data : 6AA681AFF1000C92020008000000000000000037
12-30 10:11:36.045   398   882 D adayocomadapter-ParseProtocolFunc: printRaWMsg Name[MCUToUPstream recv] len[12] data[920200080000000000000000]
12-30 10:11:36.045   398   882 D adayocomadapter-CommunicationManager: onUpstreamback   member[0] dataLength[9] timePoint[5631866]
12-30 10:11:36.045   398   882 D adayocomadapter-ParseProtocolFunc: printRaWMsg Name[onUpstreamback] len[9] data[080000000000000000]
12-30 10:11:36.045   398   464 D adayocomadapter-UpstreamHandler: processBeforePacket upSreamtProcessTimePoint[5631867] 
12-30 10:11:36.045   398   464 D adayocomadapter-UpstreamHandler: processPacket UPSTREAM_QUEUE_DATA_TIMEOUT
12-30 10:11:36.045   398   464 D adayocomadapter-ParseProtocolFunc: parseCommonIPCLBytes Processing tableNumber[8]
12-30 10:11:36.045   398   464 D adayocomadapter-ParseProtocolFunc: parseCommonIPCLBytes Processing tablename[Table-8] tableSize[9]
12-30 10:11:36.045   398   464 D adayocomadapter-ParseProtocolFunc: printRaWMsg Name[byteStream recv] len[9] data[080000000000000000]
12-30 10:11:36.045   398   464 D adayocomadapter-ParseProtocolFunc: printRaWMsg Name[IPCLtoVHAL] len[7] data[2141208F010000]
12-30 10:11:36.045   398   464 D adayocomadapter-ParseProtocolFunc: printRaWMsg Name[IPCLtoVHAL] len[7] data[21412090010000]
12-30 10:11:36.045   398   464 D adayocomadapter-ParseProtocolFunc: printRaWMsg Name[IPCLtoVHAL] len[7] data[21412091010000]
12-30 10:11:36.045   398   464 D adayocomadapter-ParseProtocolFunc: printRaWMsg Name[IPCLtoVHAL] len[7] data[21412092010000]
12-30 10:11:36.045   398   464 D adayocomadapter-CommunicationManager: onUpstreamReceive mPropertyId 0x2141208f
12-30 10:11:36.045   398   464 I vw-vhal : notifyVehicleProperty, propId = 0x2141208f, data = {status: 2, int32Values: [0, 0]}
12-30 10:11:36.045   398   464 I vw-vhal : CanSignalsAdapter::notifyVehicleProperty: solvedValue = {.timestamp = 5631867495002, .areaId = 0, .prop = 557916303, .status = AVAILABLE, .value = {.int32Values = [2]{0, 0}, .floatValues = [0]{}, .int64Values = [0]{}, .bytes = [0]{}, .stringValue = ""}}
12-30 10:11:36.045   398   464 I VehiclePropertyStore: begin to write value to Store: {.timestamp = 5631867495002, .areaId = 0, .prop = 557916303, .status = AVAILABLE, .value = {.int32Values = [2]{0, 0}, .floatValues = [0]{}, .int64Values = [0]{}, .bytes = [0]{}, .stringValue = ""}}
12-30 10:11:36.045   398   464 I DefaultVehicleHal_v2_0: DefaultVehicleHal::onPropertyValue, value:{.timestamp = 5631867495002, .areaId = 0, .prop = 557916303, .status = AVAILABLE, .value = {.int32Values = [2]{0, 0}, .floatValues = [0]{}, .int64Values = [0]{}, .bytes = [0]{}, .stringValue = ""}}
12-30 10:11:36.045   398   464 D DiagPropHandler: is not DiagnosticConfig: 0x2141208f
12-30 10:11:36.045   398   464 I VehiclePropertyStore: begin to write value to Store: {.timestamp = 5631867495002, .areaId = 0, .prop = 557916303, .status = AVAILABLE, .value = {.int32Values = [2]{0, 0}, .floatValues = [0]{}, .int64Values = [0]{}, .bytes = [0]{}, .stringValue = ""}}
12-30 10:11:36.045   398   464 D adayocomadapter-CommunicationManager: onUpstreamReceive mPropertyId 0x2141208f
