12-30 10:07:06.055   398   464 I vw-vhal : CanSignalsAdapter::notifyVehicleProperty: solvedValue = {.timestamp = 5361877052637, .areaId = 0, .prop = 557850712, .status = AVAILABLE, .value = {.int32Values = [1]{0}, .floatValues = [0]{}, .int64Values = [0]{}, .bytes = [0]{}, .stringValue = ""}}
12-30 10:07:06.055   398   464 I VehiclePropertyStore: begin to write value to Store: {.timestamp = 5361877052637, .areaId = 0, .prop = 557850712, .status = AVAILABLE, .value = {.int32Values = [1]{0}, .floatValues = [0]{}, .int64Values = [0]{}, .bytes = [0]{}, .stringValue = ""}}
12-30 10:07:06.055   398   464 I DefaultVehicleHal_v2_0: DefaultVehicleHal::onPropertyValue, value:{.timestamp = 5361877052637, .areaId = 0, .prop = 557850712, .status = AVAILABLE, .value = {.int32Values = [1]{0}, .floatValues = [0]{}, .int64Values = [0]{}, .bytes = [0]{}, .stringValue = ""}}
12-30 10:07:06.055   398   464 D DiagPropHandler: is not DiagnosticConfig: 0x21402058
12-30 10:07:06.055   398   464 I VehiclePropertyStore: begin to write value to Store: {.timestamp = 5361877052637, .areaId = 0, .prop = 557850712, .status = AVAILABLE, .value = {.int32Values = [1]{0}, .floatValues = [0]{}, .int64Values = [0]{}, .bytes = [0]{}, .stringValue = ""}}
12-30 10:07:06.055   398   464 D adayocomadapter-CommunicationManager: onUpstreamReceive mPropertyId 0x21402058
12-30 10:07:06.055   398   464 D adayocomadapter-CommunicationManager: onUpstreamReceive mPropertyId 0x2140205a
12-30 10:07:06.055   398   464 D adayocomadapter-CommunicationManager: convertBytesToInt32Memcpy  0
12-30 10:07:06.055   398   464 I vw-vhal : notifyVehicleProperty, propId = 0x2140205a, data = {status: 2, int32Values: [0]}
12-30 10:07:06.055   398   464 I vw-vhal : CanSignalsAdapter::notifyVehicleProperty: solvedValue = {.timestamp = 5361877238637, .areaId = 0, .prop = 557850714, .status = AVAILABLE, .value = {.int32Values = [1]{0}, .floatValues = [0]{}, .int64Values = [0]{}, .bytes = [0]{}, .stringValue = ""}}
12-30 10:07:06.055   398   464 I VehiclePropertyStore: begin to write value to Store: {.timestamp = 5361877238637, .areaId = 0, .prop = 557850714, .status = AVAILABLE, .value = {.int32Values = [1]{0}, .floatValues = [0]{}, .int64Values = [0]{}, .bytes = [0]{}, .stringValue = ""}}
12-30 10:07:06.055   398   464 I DefaultVehicleHal_v2_0: DefaultVehicleHal::onPropertyValue, value:{.timestamp = 5361877238637, .areaId = 0, .prop = 557850714, .status = AVAILABLE, .value = {.int32Values = [1]{0}, .floatValues = [0]{}, .int64Values = [0]{}, .bytes = [0]{}, .stringValue = ""}}
12-30 10:07:06.055   398   464 D DiagPropHandler: is not DiagnosticConfig: 0x2140205a
12-30 10:07:06.055   398   464 I VehiclePropertyStore: begin to write value to Store: {.timestamp = 5361877238637, .areaId = 0, .prop = 557850714, .status = AVAILABLE, .value = {.int32Values = [1]{0}, .floatValues = [0]{}, .int64Values = [0]{}, .bytes = [0]{}, .stringValue = ""}}
12-30 10:07:06.055   398   464 D adayocomadapter-CommunicationManager: onUpstreamReceive mPropertyId 0x2140205a
12-30 10:07:06.055   398   464 D adayocomadapter-CommunicationManager: onUpstreamReceive mPropertyId 0x2140205b
12-30 10:07:06.055   398   464 D adayocomadapter-CommunicationManager: convertBytesToInt32Memcpy  0
12-30 10:07:06.055   398   464 I vw-vhal : notifyVehicleProperty, propId = 0x2140205b, data = {status: 2, int32Values: [0]}
12-30 10:07:06.055   398   464 I vw-vhal : CanSignalsAdapter::notifyVehicleProperty: solvedValue = {.timestamp = 5361877420637, .areaId = 0, .prop = 557850715, .status = AVAILABLE, .value = {.int32Values = [1]{0}, .floatValues = [0]{}, .int64Values = [0]{}, .bytes = [0]{}, .stringValue = ""}}
12-30 10:07:06.055   398   464 I VehiclePropertyStore: begin to write value to Store: {.timestamp = 5361877420637, .areaId = 0, .prop = 557850715, .status = AVAILABLE, .value = {.int32Values = [1]{0}, .floatValues = [0]{}, .int64Values = [0]{}, .bytes = [0]{}, .stringValue = ""}}
12-30 10:07:06.055   398   464 I DefaultVehicleHal_v2_0: DefaultVehicleHal::onPropertyValue, value:{.timestamp = 5361877420637, .areaId = 0, .prop = 557850715, .status = AVAILABLE, .value = {.int32Values = [1]{0}, .floatValues = [0]{}, .int64Values = [0]{}, .bytes = [0]{}, .stringValue = ""}}
12-30 10:07:06.055   398   464 D DiagPropHandler: is not DiagnosticConfig: 0x2140205b
12-30 10:07:06.055   398   464 I VehiclePropertyStore: begin to write value to Store: {.timestamp = 5361877420637, .areaId = 0, .prop = 557850715, .status = AVAILABLE, .value = {.int32Values = [1]{0}, .floatValues = [0]{}, .int64Values = [0]{}, .bytes = [0]{}, .stringValue = ""}}
12-30 10:07:06.055   398   464 D adayocomadapter-CommunicationManager: onUpstreamReceive mPropertyId 0x2140205b
12-30 10:07:06.055   398   464 D adayocomadapter-CommunicationManager: onUpstreamReceive mPropertyId 0x2140205c
12-30 10:07:06.055   398   464 D adayocomadapter-CommunicationManager: convertBytesToInt32Memcpy  0
12-30 10:07:06.055   398   464 I vw-vhal : notifyVehicleProperty, propId = 0x2140205c, data = {status: 2, int32Values: [0]}
12-30 10:07:06.055   398   464 I vw-vhal : CanSignalsAdapter::notifyVehicleProperty: solvedValue = {.timestamp = 5361877605637, .areaId = 0, .prop = 557850716, .status = AVAILABLE, .value = {.int32Values = [1]{0}, .floatValues = [0]{}, .int64Values = [0]{}, .bytes = [0]{}, .stringValue = ""}}
12-30 10:07:06.055   398   464 I VehiclePropertyStore: begin to write value to Store: {.timestamp = 5361877605637, .areaId = 0, .prop = 557850716, .status = AVAILABLE, .value = {.int32Values = [1]{0}, .floatValues = [0]{}, .int64Values = [0]{}, .bytes = [0]{}, .stringValue = ""}}
12-30 10:07:06.055   398   464 I DefaultVehicleHal_v2_0: DefaultVehicleHal::onPropertyValue, value:{.timestamp = 5361877605637, .areaId = 0, .prop = 557850716, .status = AVAILABLE, .value = {.int32Values = [1]{0}, .floatValues = [0]{}, .int64Values = [0]{}, .bytes = [0]{}, .stringValue = ""}}
12-30 10:07:06.055   398   464 D DiagPropHandler: is not DiagnosticConfig: 0x2140205c
12-30 10:07:06.055   398   464 I VehiclePropertyStore: begin to write value to Store: {.timestamp = 5361877605637, .areaId = 0, .prop = 557850716, .status = AVAILABLE, .value = {.int32Values = [1]{0}, .floatValues = [0]{}, .int64Values = [0]{}, .bytes = [0]{}, .stringValue = ""}}
12-30 10:07:06.055   398   464 D adayocomadapter-CommunicationManager: onUpstreamReceive mPropertyId 0x2140205c
12-30 10:07:06.055   398   464 D adayocomadapter-CommunicationManager: onUpstreamReceive mPropertyId 0x2140218e
12-30 10:07:06.055   398   464 D adayocomadapter-CommunicationManager: convertBytesToInt32Memcpy  0
12-30 10:07:06.055   398   464 I vw-vhal : notifyVehicleProperty, propId = 0x2140218e, data = {status: 2, int32Values: [0]}
12-30 10:07:06.055   398   464 I vw-vhal : CanSignalsAdapter::notifyVehicleProperty: solvedValue = {.timestamp = 5361877798970, .areaId = 0, .prop = 557851022, .status = AVAILABLE, .value = {.int32Values = [1]{0}, .floatValues = [0]{}, .int64Values = [0]{}, .bytes = [0]{}, .stringValue = ""}}
12-30 10:07:06.055   398   464 I VehiclePropertyStore: begin to write value to Store: {.timestamp = 5361877798970, .areaId = 0, .prop = 557851022, .status = AVAILABLE, .value = {.int32Values = [1]{0}, .floatValues = [0]{}, .int64Values = [0]{}, .bytes = [0]{}, .stringValue = ""}}
12-30 10:07:06.056   398   464 I DefaultVehicleHal_v2_0: DefaultVehicleHal::onPropertyValue, value:{.timestamp = 5361877798970, .areaId = 0, .prop = 557851022, .status = AVAILABLE, .value = {.int32Values = [1]{0}, .floatValues = [0]{}, .int64Values = [0]{}, .bytes = [0]{}, .stringValue = ""}}
12-30 10:07:06.056   398   464 D DiagPropHandler: is not DiagnosticConfig: 0x2140218e
12-30 10:07:06.056   398   464 I VehiclePropertyStore: begin to write value to Store: {.timestamp = 5361877798970, .areaId = 0, .prop = 557851022, .status = AVAILABLE, .value = {.int32Values = [1]{0}, .floatValues = [0]{}, .int64Values = [0]{}, .bytes = [0]{}, .stringValue = ""}}
12-30 10:07:06.056   398   464 D adayocomadapter-CommunicationManager: onUpstreamReceive mPropertyId 0x2140218e
12-30 10:07:06.056   398   464 D adayocomadapter-CommunicationManager: onUpstreamReceive mPropertyId 0x2140218f
12-30 10:07:06.056   398   464 D adayocomadapter-CommunicationManager: convertBytesToInt32Memcpy  0
12-30 10:07:06.056   398   464 I vw-vhal : notifyVehicleProperty, propId = 0x2140218f, data = {status: 2, int32Values: [0]}
12-30 10:07:06.056   398   464 I vw-vhal : CanSignalsAdapter::notifyVehicleProperty: solvedValue = {.timestamp = 5361878002970, .areaId = 0, .prop = 557851023, .status = AVAILABLE, .value = {.int32Values = [1]{0}, .floatValues = [0]{}, .int64Values = [0]{}, .bytes = [0]{}, .stringValue = ""}}
12-30 10:07:06.056   398   464 I VehiclePropertyStore: begin to write value to Store: {.timestamp = 5361878002970, .areaId = 0, .prop = 557851023, .status = AVAILABLE, .value = {.int32Values = [1]{0}, .floatValues = [0]{}, .int64Values = [0]{}, .bytes = [0]{}, .stringValue = ""}}
12-30 10:07:06.056   398   464 I DefaultVehicleHal_v2_0: DefaultVehicleHal::onPropertyValue, value:{.timestamp = 5361878002970, .areaId = 0, .prop = 557851023, .status = AVAILABLE, .value = {.int32Values = [1]{0}, .floatValues = [0]{}, .int64Values = [0]{}, .bytes = [0]{}, .stringValue = ""}}
12-30 10:07:06.056   398   464 D DiagPropHandler: is not DiagnosticConfig: 0x2140218f
12-30 10:07:06.056   398   464 I VehiclePropertyStore: begin to write value to Store: {.timestamp = 5361878002970, .areaId = 0, .prop = 557851023, .status = AVAILABLE, .value = {.int32Values = [1]{0}, .floatValues = [0]{}, .int64Values = [0]{}, .bytes = [0]{}, .stringValue = ""}}
12-30 10:07:06.056   398   464 D adayocomadapter-CommunicationManager: onUpstreamReceive mPropertyId 0x2140218f
12-30 10:07:06.056   398   464 D adayocomadapter-CommunicationManager: onUpstreamReceive mPropertyId 0x21402191
12-30 10:07:06.056   398   464 D adayocomadapter-CommunicationManager: convertBytesToInt32Memcpy  0
12-30 10:07:06.056   398   464 I vw-vhal : notifyVehicleProperty, propId = 0x21402191, data = {status: 2, int32Values: [0]}
12-30 10:07:06.056   398   464 I vw-vhal : CanSignalsAdapter::notifyVehicleProperty: solvedValue = {.timestamp = 5361878203970, .areaId = 0, .prop = 557851025, .status = AVAILABLE, .value = {.int32Values = [1]{0}, .floatValues = [0]{}, .int64Values = [0]{}, .bytes = [0]{}, .stringValue = ""}}
12-30 10:07:06.056   398   464 I VehiclePropertyStore: begin to write value to Store: {.timestamp = 5361878203970, .areaId = 0, .prop = 557851025, .status = AVAILABLE, .value = {.int32Values = [1]{0}, .floatValues = [0]{}, .int64Values = [0]{}, .bytes = [0]{}, .stringValue = ""}}
12-30 10:07:06.056   398   464 I DefaultVehicleHal_v2_0: DefaultVehicleHal::onPropertyValue, value:{.timestamp = 5361878203970, .areaId = 0, .prop = 557851025, .status = AVAILABLE, .value = {.int32Values = [1]{0}, .floatValues = [0]{}, .int64Values = [0]{}, .bytes = [0]{}, .stringValue = ""}}
12-30 10:07:06.056   398   464 D DiagPropHandler: is not DiagnosticConfig: 0x21402191
12-30 10:07:06.056   398   464 I VehiclePropertyStore: begin to write value to Store: {.timestamp = 5361878203970, .areaId = 0, .prop = 557851025, .status = AVAILABLE, .value = {.int32Values = [1]{0}, .floatValues = [0]{}, .int64Values = [0]{}, .bytes = [0]{}, .stringValue = ""}}
12-30 10:07:06.056   398   464 D adayocomadapter-CommunicationManager: onUpstreamReceive mPropertyId 0x21402191
12-30 10:07:06.056   398   464 D adayocomadapter-CommunicationManager: onUpstreamReceive mPropertyId 0x2140223d
12-30 10:07:06.056   398   464 D adayocomadapter-CommunicationManager: convertBytesToInt32Memcpy  0
12-30 10:07:06.056   398   464 I vw-vhal : notifyVehicleProperty, propId = 0x2140223d, data = {status: 2, int32Values: [0]}
12-30 10:07:06.056   398   464 I vw-vhal : CanSignalsAdapter::notifyVehicleProperty: solvedValue = {.timestamp = 5361878400303, .areaId = 0, .prop = 557851197, .status = AVAILABLE, .value = {.int32Values = [1]{0}, .floatValues = [0]{}, .int64Values = [0]{}, .bytes = [0]{}, .stringValue = ""}}
12-30 10:07:06.056   398   464 I VehiclePropertyStore: begin to write value to Store: {.timestamp = 5361878400303, .areaId = 0, .prop = 557851197, .status = AVAILABLE, .value = {.int32Values = [1]{0}, .floatValues = [0]{}, .int64Values = [0]{}, .bytes = [0]{}, .stringValue = ""}}
12-30 10:07:06.056   398   464 I DefaultVehicleHal_v2_0: DefaultVehicleHal::onPropertyValue, value:{.timestamp = 5361878400303, .areaId = 0, .prop = 557851197, .status = AVAILABLE, .value = {.int32Values = [1]{0}, .floatValues = [0]{}, .int64Values = [0]{}, .bytes = [0]{}, .stringValue = ""}}
12-30 10:07:06.056   398   464 D DiagPropHandler: is not DiagnosticConfig: 0x2140223d
12-30 10:07:06.056   398   464 I VehiclePropertyStore: begin to write value to Store: {.timestamp = 5361878400303, .areaId = 0, .prop = 557851197, .status = AVAILABLE, .value = {.int32Values = [1]{0}, .floatValues = [0]{}, .int64Values = [0]{}, .bytes = [0]{}, .stringValue = ""}}
12-30 10:07:06.056   398   464 D adayocomadapter-CommunicationManager: onUpstreamReceive mPropertyId 0x2140223d
12-30 10:07:06.064  2358  2623 D RcfController: Rcf proxy is not connected!
12-30 10:07:06.072   360   931 D EvsDriver: forwardFrame
12-30 10:07:06.072   360   931 D EvsDriver: forwardFrameDirect
12-30 10:07:06.072   360   931 D EvsDriver: Delivered 0xb400e2ca9e40d4b0 as id 1
12-30 10:07:06.072   359  2784 D evsmanagerd: /dev/video-evs0 forwarded the buffer #1 to 0xb400f125d2b26dd0 from 0xb400f125e2b20710
12-30 10:07:06.076   596  3076 E WifiHAL : Invalid data received from driver
12-30 10:07:06.077   360   458 D EvsDriver: doneWithFrame
12-30 10:07:06.098   650   729 D fgemcucomm: sd Uart data : 6AA602A7900002920231
12-30 10:07:06.098   650   729 D fgemcucomm: rev uart=44385,len=29, data : 6AA681A79000159202001300000000000000000000000000000000008C
12-30 10:07:06.099   398   882 D adayocomadapter-ParseProtocolFunc: printRaWMsg Name[MCUToUPstream recv] len[21] data[920200130000000000000000000000000000000000]
12-30 10:07:06.099   398   882 D adayocomadapter-CommunicationManager: onUpstreamback   member[0] dataLength[18] timePoint[5361920]
12-30 10:07:06.099   398   882 D adayocomadapter-ParseProtocolFunc: printRaWMsg Name[onUpstreamback] len[18] data[130000000000000000000000000000000000]
12-30 10:07:06.099   398   464 D adayocomadapter-UpstreamHandler: processBeforePacket upSreamtProcessTimePoint[5361921] 
12-30 10:07:06.099   398   464 D adayocomadapter-UpstreamHandler: processPacket UPSTREAM_QUEUE_DATA_TIMEOUT
12-30 10:07:06.099   398   464 D adayocomadapter-ParseProtocolFunc: parseCommonIPCLBytes Processing tableNumber[19]
12-30 10:07:06.099   398   464 D adayocomadapter-ParseProtocolFunc: parseCommonIPCLBytes Processing tablename[Table-19] tableSize[18]
12-30 10:07:06.099   398   464 D adayocomadapter-ParseProtocolFunc: printRaWMsg Name[byteStream recv] len[18] data[130000000000000000000000000000000000]
12-30 10:07:06.099   398   464 D adayocomadapter-ParseProtocolFunc: printRaWMsg Name[IPCLtoVHAL] len[6] data[214010280000]
12-30 10:07:06.099   398   464 D adayocomadapter-ParseProtocolFunc: printRaWMsg Name[IPCLtoVHAL] len[6] data[214010290000]
12-30 10:07:06.099   398   464 D adayocomadapter-ParseProtocolFunc: printRaWMsg Name[IPCLtoVHAL] len[6] data[2140102E0000]
12-30 10:07:06.099   398   464 D adayocomadapter-ParseProtocolFunc: printRaWMsg Name[IPCLtoVHAL] len[6] data[2140102B0000]
12-30 10:07:06.099   398   464 D adayocomadapter-ParseProtocolFunc: printRaWMsg Name[IPCLtoVHAL] len[6] data[2140104C0000]
12-30 10:07:06.099   398   464 D adayocomadapter-ParseProtocolFunc: printRaWMsg Name[IPCLtoVHAL] len[6] data[2140102C0000]
12-30 10:07:06.099   398   464 D adayocomadapter-ParseProtocolFunc: printRaWMsg Name[IPCLtoVHAL] len[7] data[21402007000000]
12-30 10:07:06.099   398   464 D adayocomadapter-ParseProtocolFunc: printRaWMsg Name[IPCLtoVHAL] len[6] data[2140102F0000]
12-30 10:07:06.099   398   464 D adayocomadapter-ParseProtocolFunc: printRaWMsg Name[IPCLtoVHAL] len[6] data[214010310000]
12-30 10:07:06.099   398   464 D adayocomadapter-ParseProtocolFunc: printRaWMsg Name[IPCLtoVHAL] len[7] data[21402022000000]
12-30 10:07:06.099   398   464 D adayocomadapter-ParseProtocolFunc: printRaWMsg Name[IPCLtoVHAL] len[9] data[214020230000000000]
12-30 10:07:06.099   398   464 D adayocomadapter-ParseProtocolFunc: printRaWMsg Name[IPCLtoVHAL] len[6] data[2140104D0000]
12-30 10:07:06.099   398   464 D adayocomadapter-CommunicationManager: onUpstreamReceive mPropertyId 0x21401028
12-30 10:07:06.099   398   464 D adayocomadapter-CommunicationManager: convertBytesToInt32Memcpy  0
12-30 10:07:06.099   398   464 I vw-vhal : notifyVehicleProperty, propId = 0x21401028, data = {status: 2, int32Values: [0]}
12-30 10:07:06.099   398   464 I vw-vhal : CanSignalsAdapter::notifyVehicleProperty: solvedValue = {.timestamp = 5361921491637, .areaId = 0, .prop = 557846568, .status = AVAILABLE, .value = {.int32Values = [1]{0}, .floatValues = [0]{}, .int64Values = [0]{}, .bytes = [0]{}, .stringValue = ""}}
12-30 10:07:06.099   398   464 I VehiclePropertyStore: begin to write value to Store: {.timestamp = 5361921491637, .areaId = 0, .prop = 557846568, .status = AVAILABLE, .value = {.int32Values = [1]{0}, .floatValues = [0]{}, .int64Values = [0]{}, .bytes = [0]{}, .stringValue = ""}}
12-30 10:07:06.099   398   464 I DefaultVehicleHal_v2_0: DefaultVehicleHal::onPropertyValue, value:{.timestamp = 5361921491637, .areaId = 0, .prop = 557846568, .status = AVAILABLE, .value = {.int32Values = [1]{0}, .floatValues = [0]{}, .int64Values = [0]{}, .bytes = [0]{}, .stringValue = ""}}
12-30 10:07:06.099   398   464 D DiagPropHandler: is not DiagnosticConfig: 0x21401028
12-30 10:07:06.099   398   464 I VehiclePropertyStore: begin to write value to Store: {.timestamp = 5361921491637, .areaId = 0, .prop = 557846568, .status = AVAILABLE, .value = {.int32Values = [1]{0}, .floatValues = [0]{}, .int64Values = [0]{}, .bytes = [0]{}, .stringValue = ""}}
12-30 10:07:06.099   398   464 D adayocomadapter-CommunicationManager: onUpstreamReceive mPropertyId 0x21401028
12-30 10:07:06.099   398   464 D adayocomadapter-CommunicationManager: onUpstreamReceive mPropertyId 0x21401029
12-30 10:07:06.099   398   464 D adayocomadapter-CommunicationManager: convertBytesToInt32Memcpy  0
12-30 10:07:06.099   398   464 I vw-vhal : notifyVehicleProperty, propId = 0x21401029, data = {status: 2, int32Values: [0]}
12-30 10:07:06.099   398   464 I vw-vhal : CanSignalsAdapter::notifyVehicleProperty: solvedValue = {.timestamp = 5361921738637, .areaId = 0, .prop = 557846569, .status = AVAILABLE, .value = {.int32Values = [1]{0}, .floatValues = [0]{}, .int64Values = [0]{}, .bytes = [0]{}, .stringValue = ""}}
12-30 10:07:06.099   398   464 I VehiclePropertyStore: begin to write value to Store: {.timestamp = 5361921738637, .areaId = 0, .prop = 557846569, .status = AVAILABLE, .value = {.int32Values = [1]{0}, .floatValues = [0]{}, .int64Values = [0]{}, .bytes = [0]{}, .stringValue = ""}}
12-30 10:07:06.099   398   464 I DefaultVehicleHal_v2_0: DefaultVehicleHal::onPropertyValue, value:{.timestamp = 5361921738637, .areaId = 0, .prop = 557846569, .status = AVAILABLE, .value = {.int32Values = [1]{0}, .floatValues = [0]{}, .int64Values = [0]{}, .bytes = [0]{}, .stringValue = ""}}
12-30 10:07:06.099   398   464 D DiagPropHandler: is not DiagnosticConfig: 0x21401029
12-30 10:07:06.099   398   464 I VehiclePropertyStore: begin to write value to Store: {.timestamp = 5361921738637, .areaId = 0, .prop = 557846569, .status = AVAILABLE, .value = {.int32Values = [1]{0}, .floatValues = [0]{}, .int64Values = [0]{}, .bytes = [0]{}, .stringValue = ""}}
12-30 10:07:06.100   398   464 D adayocomadapter-CommunicationManager: onUpstreamReceive mPropertyId 0x21401029
12-30 10:07:06.100   398   464 D adayocomadapter-CommunicationManager: onUpstreamReceive mPropertyId 0x2140102e
12-30 10:07:06.100   398   464 D adayocomadapter-CommunicationManager: convertBytesToInt32Memcpy  0
12-30 10:07:06.100   398   464 I vw-vhal : notifyVehicleProperty, propId = 0x2140102e, data = {status: 2, int32Values: [0]}
12-30 10:07:06.100   398   464 I vw-vhal : CanSignalsAdapter::notifyVehicleProperty: solvedValue = {.timestamp = 5361921945303, .areaId = 0, .prop = 557846574, .status = AVAILABLE, .value = {.int32Values = [1]{0}, .floatValues = [0]{}, .int64Values = [0]{}, .bytes = [0]{}, .stringValue = ""}}
12-30 10:07:06.100   398   464 I VehiclePropertyStore: begin to write value to Store: {.timestamp = 5361921945303, .areaId = 0, .prop = 557846574, .status = AVAILABLE, .value = {.int32Values = [1]{0}, .floatValues = [0]{}, .int64Values = [0]{}, .bytes = [0]{}, .stringValue = ""}}
12-30 10:07:06.100   398   464 I DefaultVehicleHal_v2_0: DefaultVehicleHal::onPropertyValue, value:{.timestamp = 5361921945303, .areaId = 0, .prop = 557846574, .status = AVAILABLE, .value = {.int32Values = [1]{0}, .floatValues = [0]{}, .int64Values = [0]{}, .bytes = [0]{}, .stringValue = ""}}
12-30 10:07:06.100   398   464 D DiagPropHandler: is not DiagnosticConfig: 0x2140102e
12-30 10:07:06.100   398   464 I VehiclePropertyStore: begin to write value to Store: {.timestamp = 5361921945303, .areaId = 0, .prop = 557846574, .status = AVAILABLE, .value = {.int32Values = [1]{0}, .floatValues = [0]{}, .int64Values = [0]{}, .bytes = [0]{}, .stringValue = ""}}
12-30 10:07:06.100   398   464 D adayocomadapter-CommunicationManager: onUpstreamReceive mPropertyId 0x2140102e
12-30 10:07:06.100   398   464 D adayocomadapter-CommunicationManager: onUpstreamReceive mPropertyId 0x2140102b
12-30 10:07:06.100   398   464 D adayocomadapter-CommunicationManager: convertBytesToInt32Memcpy  0
12-30 10:07:06.100   398   464 I vw-vhal : notifyVehicleProperty, propId = 0x2140102b, data = {status: 2, int32Values: [0]}
12-30 10:07:06.100   398   464 I vw-vhal : CanSignalsAdapter::notifyVehicleProperty: solvedValue = {.timestamp = 5361922145637, .areaId = 0, .prop = 557846571, .status = AVAILABLE, .value = {.int32Values = [1]{0}, .floatValues = [0]{}, .int64Values = [0]{}, .bytes = [0]{}, .stringValue = ""}}
12-30 10:07:06.100   398   464 I VehiclePropertyStore: begin to write value to Store: {.timestamp = 5361922145637, .areaId = 0, .prop = 557846571, .status = AVAILABLE, .value = {.int32Values = [1]{0}, .floatValues = [0]{}, .int64Values = [0]{}, .bytes = [0]{}, .stringValue = ""}}
12-30 10:07:06.100   398   464 I DefaultVehicleHal_v2_0: DefaultVehicleHal::onPropertyValue, value:{.timestamp = 5361922145637, .areaId = 0, .prop = 557846571, .status = AVAILABLE, .value = {.int32Values = [1]{0}, .floatValues = [0]{}, .int64Values = [0]{}, .bytes = [0]{}, .stringValue = ""}}
12-30 10:07:06.100   398   464 D DiagPropHandler: is not DiagnosticConfig: 0x2140102b
12-30 10:07:06.100   398   464 I VehiclePropertyStore: begin to write value to Store: {.timestamp = 5361922145637, .areaId = 0, .prop = 557846571, .status = AVAILABLE, .value = {.int32Values = [1]{0}, .floatValues = [0]{}, .int64Values = [0]{}, .bytes = [0]{}, .stringValue = ""}}
12-30 10:07:06.100   398   464 D adayocomadapter-CommunicationManager: onUpstreamReceive mPropertyId 0x2140102b
12-30 10:07:06.100   398   464 D adayocomadapter-CommunicationManager: onUpstreamReceive mPropertyId 0x2140104c
12-30 10:07:06.100   398   464 D adayocomadapter-CommunicationManager: convertBytesToInt32Memcpy  0
12-30 10:07:06.100   398   464 I vw-vhal : notifyVehicleProperty, propId = 0x2140104c, data = {status: 2, int32Values: [0]}
12-30 10:07:06.100   398   464 I vw-vhal : CanSignalsAdapter::notifyVehicleProperty: solvedValue = {.timestamp = 5361922340637, .areaId = 0, .prop = 557846604, .status = AVAILABLE, .value = {.int32Values = [1]{0}, .floatValues = [0]{}, .int64Values = [0]{}, .bytes = [0]{}, .stringValue = ""}}
12-30 10:07:06.100   398   464 I VehiclePropertyStore: begin to write value to Store: {.timestamp = 5361922340637, .areaId = 0, .prop = 557846604, .status = AVAILABLE, .value = {.int32Values = [1]{0}, .floatValues = [0]{}, .int64Values = [0]{}, .bytes = [0]{}, .stringValue = ""}}
12-30 10:07:06.100   398   464 I DefaultVehicleHal_v2_0: DefaultVehicleHal::onPropertyValue, value:{.timestamp = 5361922340637, .areaId = 0, .prop = 557846604, .status = AVAILABLE, .value = {.int32Values = [1]{0}, .floatValues = [0]{}, .int64Values = [0]{}, .bytes = [0]{}, .stringValue = ""}}
12-30 10:07:06.100   398   464 D DiagPropHandler: is not DiagnosticConfig: 0x2140104c
12-30 10:07:06.100   398   464 I VehiclePropertyStore: begin to write value to Store: {.timestamp = 5361922340637, .areaId = 0, .prop = 557846604, .status = AVAILABLE, .value = {.int32Values = [1]{0}, .floatValues = [0]{}, .int64Values = [0]{}, .bytes = [0]{}, .stringValue = ""}}
12-30 10:07:06.100   398   464 D adayocomadapter-CommunicationManager: onUpstreamReceive mPropertyId 0x2140104c
12-30 10:07:06.100   398   464 D adayocomadapter-CommunicationManager: onUpstreamReceive mPropertyId 0x2140102c
12-30 10:07:06.100   398   464 D adayocomadapter-CommunicationManager: convertBytesToInt32Memcpy  0
12-30 10:07:06.100   398   464 I vw-vhal : notifyVehicleProperty, propId = 0x2140102c, data = {status: 2, int32Values: [0]}
12-30 10:07:06.100   398   464 I vw-vhal : CanSignalsAdapter::notifyVehicleProperty: solvedValue = {.timestamp = 5361922542970, .areaId = 0, .prop = 557846572, .status = AVAILABLE, .value = {.int32Values = [1]{0}, .floatValues = [0]{}, .int64Values = [0]{}, .bytes = [0]{}, .stringValue = ""}}
12-30 10:07:06.100   398   464 I VehiclePropertyStore: begin to write value to Store: {.timestamp = 5361922542970, .areaId = 0, .prop = 557846572, .status = AVAILABLE, .value = {.int32Values = [1]{0}, .floatValues = [0]{}, .int64Values = [0]{}, .bytes = [0]{}, .stringValue = ""}}
12-30 10:07:06.100   398   464 I DefaultVehicleHal_v2_0: DefaultVehicleHal::onPropertyValue, value:{.timestamp = 5361922542970, .areaId = 0, .prop = 557846572, .status = AVAILABLE, .value = {.int32Values = [1]{0}, .floatValues = [0]{}, .int64Values = [0]{}, .bytes = [0]{}, .stringValue = ""}}
12-30 10:07:06.100   398   464 D DiagPropHandler: is not DiagnosticConfig: 0x2140102c
12-30 10:07:06.100   398   464 I VehiclePropertyStore: begin to write value to Store: {.timestamp = 5361922542970, .areaId = 0, .prop = 557846572, .status = AVAILABLE, .value = {.int32Values = [1]{0}, .floatValues = [0]{}, .int64Values = [0]{}, .bytes = [0]{}, .stringValue = ""}}
12-30 10:07:06.100   398   464 D adayocomadapter-CommunicationManager: onUpstreamReceive mPropertyId 0x2140102c
12-30 10:07:06.100   398   464 D adayocomadapter-CommunicationManager: onUpstreamReceive mPropertyId 0x21402007
12-30 10:07:06.100   398   464 D adayocomadapter-CommunicationManager: convertBytesToInt32Memcpy  0
12-30 10:07:06.100   398   464 I vw-vhal : notifyVehicleProperty, propId = 0x21402007, data = {status: 2, int32Values: [0]}
12-30 10:07:06.100   398   464 I vw-vhal : CanSignalsAdapter::notifyVehicleProperty: solvedValue = {.timestamp = 5361922742303, .areaId = 0, .prop = 557850631, .status = AVAILABLE, .value = {.int32Values = [1]{0}, .floatValues = [0]{}, .int64Values = [0]{}, .bytes = [0]{}, .stringValue = ""}}
12-30 10:07:06.100   398   464 I VehiclePropertyStore: begin to write value to Store: {.timestamp = 5361922742303, .areaId = 0, .prop = 557850631, .status = AVAILABLE, .value = {.int32Values = [1]{0}, .floatValues = [0]{}, .int64Values = [0]{}, .bytes = [0]{}, .stringValue = ""}}
12-30 10:07:06.100   398   464 I DefaultVehicleHal_v2_0: DefaultVehicleHal::onPropertyValue, value:{.timestamp = 5361922742303, .areaId = 0, .prop = 557850631, .status = AVAILABLE, .value = {.int32Values = [1]{0}, .floatValues = [0]{}, .int64Values = [0]{}, .bytes = [0]{}, .stringValue = ""}}
12-30 10:07:06.100   398   464 D DiagPropHandler: is not DiagnosticConfig: 0x21402007
12-30 10:07:06.101   398   464 I VehiclePropertyStore: begin to write value to Store: {.timestamp = 5361922742303, .areaId = 0, .prop = 557850631, .status = AVAILABLE, .value = {.int32Values = [1]{0}, .floatValues = [0]{}, .int64Values = [0]{}, .bytes = [0]{}, .stringValue = ""}}
12-30 10:07:06.101   398   464 D adayocomadapter-CommunicationManager: onUpstreamReceive mPropertyId 0x21402007
12-30 10:07:06.101   398   464 D adayocomadapter-CommunicationManager: onUpstreamReceive mPropertyId 0x2140102f
12-30 10:07:06.101   398   464 D adayocomadapter-CommunicationManager: convertBytesToInt32Memcpy  0
12-30 10:07:06.101   398   464 I vw-vhal : notifyVehicleProperty, propId = 0x2140102f, data = {status: 2, int32Values: [0]}
12-30 10:07:06.101   398   464 I vw-vhal : CanSignalsAdapter::notifyVehicleProperty: solvedValue = {.timestamp = 5361922945303, .areaId = 0, .prop = 557846575, .status = AVAILABLE, .value = {.int32Values = [1]{0}, .floatValues = [0]{}, .int64Values = [0]{}, .bytes = [0]{}, .stringValue = ""}}
12-30 10:07:06.101   398   464 I VehiclePropertyStore: begin to write value to Store: {.timestamp = 5361922945303, .areaId = 0, .prop = 557846575, .status = AVAILABLE, .value = {.int32Values = [1]{0}, .floatValues = [0]{}, .int64Values = [0]{}, .bytes = [0]{}, .stringValue = ""}}
12-30 10:07:06.101   398   464 I DefaultVehicleHal_v2_0: DefaultVehicleHal::onPropertyValue, value:{.timestamp = 5361922945303, .areaId = 0, .prop = 557846575, .status = AVAILABLE, .value = {.int32Values = [1]{0}, .floatValues = [0]{}, .int64Values = [0]{}, .bytes = [0]{}, .stringValue = ""}}
12-30 10:07:06.101   398   464 D DiagPropHandler: is not DiagnosticConfig: 0x2140102f
12-30 10:07:06.101   398   464 I VehiclePropertyStore: begin to write value to Store: {.timestamp = 5361922945303, .areaId = 0, .prop = 557846575, .status = AVAILABLE, .value = {.int32Values = [1]{0}, .floatValues = [0]{}, .int64Values = [0]{}, .bytes = [0]{}, .stringValue = ""}}
12-30 10:07:06.101   398   464 D adayocomadapter-CommunicationManager: onUpstreamReceive mPropertyId 0x2140102f
12-30 10:07:06.101   398   464 D adayocomadapter-CommunicationManager: onUpstreamReceive mPropertyId 0x21401031
12-30 10:07:06.101   398   464 D adayocomadapter-CommunicationManager: convertBytesToInt32Memcpy  0
12-30 10:07:06.101   398   464 I vw-vhal : notifyVehicleProperty, propId = 0x21401031, data = {status: 2, int32Values: [0]}
12-30 10:07:06.101   398   464 I vw-vhal : CanSignalsAdapter::notifyVehicleProperty: solvedValue = {.timestamp = 5361923274970, .areaId = 0, .prop = 557846577, .status = AVAILABLE, .value = {.int32Values = [1]{0}, .floatValues = [0]{}, .int64Values = [0]{}, .bytes = [0]{}, .stringValue = ""}}
12-30 10:07:06.101   398   464 I VehiclePropertyStore: begin to write value to Store: {.timestamp = 5361923274970, .areaId = 0, .prop = 557846577, .status = AVAILABLE, .value = {.int32Values = [1]{0}, .floatValues = [0]{}, .int64Values = [0]{}, .bytes = [0]{}, .stringValue = ""}}
12-30 10:07:06.101   398   464 I DefaultVehicleHal_v2_0: DefaultVehicleHal::onPropertyValue, value:{.timestamp = 5361923274970, .areaId = 0, .prop = 557846577, .status = AVAILABLE, .value = {.int32Values = [1]{0}, .floatValues = [0]{}, .int64Values = [0]{}, .bytes = [0]{}, .stringValue = ""}}
12-30 10:07:06.101   398   464 D DiagPropHandler: is not DiagnosticConfig: 0x21401031
12-30 10:07:06.101   398   464 I VehiclePropertyStore: begin to write value to Store: {.timestamp = 5361923274970, .areaId = 0, .prop = 557846577, .status = AVAILABLE, .value = {.int32Values = [1]{0}, .floatValues = [0]{}, .int64Values = [0]{}, .bytes = [0]{}, .stringValue = ""}}
12-30 10:07:06.101   398   464 D adayocomadapter-CommunicationManager: onUpstreamReceive mPropertyId 0x21401031
12-30 10:07:06.101   398   464 D adayocomadapter-CommunicationManager: onUpstreamReceive mPropertyId 0x21402022
12-30 10:07:06.101   398   464 D adayocomadapter-CommunicationManager: convertBytesToInt32Memcpy  0
12-30 10:07:06.101   398   464 I vw-vhal : notifyVehicleProperty, propId = 0x21402022, data = {status: 2, int32Values: [0]}
12-30 10:07:06.101   398   464 I vw-vhal : CanSignalsAdapter::notifyVehicleProperty: solvedValue = {.timestamp = 5361923477637, .areaId = 0, .prop = 557850658, .status = AVAILABLE, .value = {.int32Values = [1]{0}, .floatValues = [0]{}, .int64Values = [0]{}, .bytes = [0]{}, .stringValue = ""}}
12-30 10:07:06.101   398   464 I VehiclePropertyStore: begin to write value to Store: {.timestamp = 5361923477637, .areaId = 0, .prop = 557850658, .status = AVAILABLE, .value = {.int32Values = [1]{0}, .floatValues = [0]{}, .int64Values = [0]{}, .bytes = [0]{}, .stringValue = ""}}
12-30 10:07:06.101   398   464 I DefaultVehicleHal_v2_0: DefaultVehicleHal::onPropertyValue, value:{.timestamp = 5361923477637, .areaId = 0, .prop = 557850658, .status = AVAILABLE, .value = {.int32Values = [1]{0}, .floatValues = [0]{}, .int64Values = [0]{}, .bytes = [0]{}, .stringValue = ""}}
12-30 10:07:06.101   398   464 D DiagPropHandler: is not DiagnosticConfig: 0x21402022
12-30 10:07:06.101   398   464 I VehiclePropertyStore: begin to write value to Store: {.timestamp = 5361923477637, .areaId = 0, .prop = 557850658, .status = AVAILABLE, .value = {.int32Values = [1]{0}, .floatValues = [0]{}, .int64Values = [0]{}, .bytes = [0]{}, .stringValue = ""}}
12-30 10:07:06.101   398   464 D adayocomadapter-CommunicationManager: onUpstreamReceive mPropertyId 0x21402022
12-30 10:07:06.101   398   464 D adayocomadapter-CommunicationManager: onUpstreamReceive mPropertyId 0x21402023
12-30 10:07:06.101   398   464 D adayocomadapter-CommunicationManager: convertBytesToInt32Memcpy  0
12-30 10:07:06.101   398   464 I vw-vhal : notifyVehicleProperty, propId = 0x21402023, data = {status: 2, int32Values: [0]}
12-30 10:07:06.101   398   464 I vw-vhal : CanSignalsAdapter::notifyVehicleProperty: solvedValue = {.timestamp = 5361923746637, .areaId = 0, .prop = 557850659, .status = AVAILABLE, .value = {.int32Values = [1]{0}, .floatValues = [0]{}, .int64Values = [0]{}, .bytes = [0]{}, .stringValue = ""}}
12-30 10:07:06.101   398   464 I VehiclePropertyStore: begin to write value to Store: {.timestamp = 5361923746637, .areaId = 0, .prop = 557850659, .status = AVAILABLE, .value = {.int32Values = [1]{0}, .floatValues = [0]{}, .int64Values = [0]{}, .bytes = [0]{}, .stringValue = ""}}
12-30 10:07:06.101   398   464 I DefaultVehicleHal_v2_0: DefaultVehicleHal::onPropertyValue, value:{.timestamp = 5361923746637, .areaId = 0, .prop = 557850659, .status = AVAILABLE, .value = {.int32Values = [1]{0}, .floatValues = [0]{}, .int64Values = [0]{}, .bytes = [0]{}, .stringValue = ""}}
12-30 10:07:06.101   398   464 D DiagPropHandler: is not DiagnosticConfig: 0x21402023
12-30 10:07:06.102   398   464 I VehiclePropertyStore: begin to write value to Store: {.timestamp = 5361923746637, .areaId = 0, .prop = 557850659, .status = AVAILABLE, .value = {.int32Values = [1]{0}, .floatValues = [0]{}, .int64Values = [0]{}, .bytes = [0]{}, .stringValue = ""}}
12-30 10:07:06.102   398   464 D adayocomadapter-CommunicationManager: onUpstreamReceive mPropertyId 0x21402023
12-30 10:07:06.102   398   464 D adayocomadapter-CommunicationManager: onUpstreamReceive mPropertyId 0x2140104d
12-30 10:07:06.102   398   464 D adayocomadapter-CommunicationManager: convertBytesToInt32Memcpy  0
12-30 10:07:06.102   398   464 I vw-vhal : notifyVehicleProperty, propId = 0x2140104d, data = {status: 2, int32Values: [0]}
12-30 10:07:06.102   398   464 I vw-vhal : CanSignalsAdapter::notifyVehicleProperty: solvedValue = {.timestamp = 5361923948637, .areaId = 0, .prop = 557846605, .status = AVAILABLE, .value = {.int32Values = [1]{0}, .floatValues = [0]{}, .int64Values = [0]{}, .bytes = [0]{}, .stringValue = ""}}
12-30 10:07:06.102   398   464 I VehiclePropertyStore: begin to write value to Store: {.timestamp = 5361923948637, .areaId = 0, .prop = 557846605, .status = AVAILABLE, .value = {.int32Values = [1]{0}, .floatValues = [0]{}, .int64Values = [0]{}, .bytes = [0]{}, .stringValue = ""}}
12-30 10:07:06.102   398   464 I DefaultVehicleHal_v2_0: DefaultVehicleHal::onPropertyValue, value:{.timestamp = 5361923948637, .areaId = 0, .prop = 557846605, .status = AVAILABLE, .value = {.int32Values = [1]{0}, .floatValues = [0]{}, .int64Values = [0]{}, .bytes = [0]{}, .stringValue = ""}}
12-30 10:07:06.102   398   464 D DiagPropHandler: is not DiagnosticConfig: 0x2140104d
12-30 10:07:06.102   398   464 I VehiclePropertyStore: begin to write value to Store: {.timestamp = 5361923948637, .areaId = 0, .prop = 557846605, .status = AVAILABLE, .value = {.int32Values = [1]{0}, .floatValues = [0]{}, .int64Values = [0]{}, .bytes = [0]{}, .stringValue = ""}}
12-30 10:07:06.102   398   464 D adayocomadapter-CommunicationManager: onUpstreamReceive mPropertyId 0x2140104d
12-30 10:07:06.105   360   931 D EvsDriver: forwardFrame
12-30 10:07:06.105   360   931 D EvsDriver: forwardFrameDirect
12-30 10:07:06.106   360   931 D EvsDriver: Delivered 0xb400e2ca9e40c2d0 as id 0
12-30 10:07:06.106   359  2784 D evsmanagerd: /dev/video-evs0 forwarded the buffer #0 to 0xb400f125d2b26dd0 from 0xb400f125e2b20710
12-30 10:07:06.108   360   458 D EvsDriver: doneWithFrame
12-30 10:07:06.114  2358  2623 D RcfController: Rcf proxy is not connected!
12-30 10:07:06.139   360   931 D EvsDriver: forwardFrame
12-30 10:07:06.139   360   931 D EvsDriver: forwardFrameDirect
12-30 10:07:06.139   360   931 D EvsDriver: Delivered 0xb400e2ca9e40d090 as id 1
12-30 10:07:06.139   359  2784 D evsmanagerd: /dev/video-evs0 forwarded the buffer #1 to 0xb400f125d2b26dd0 from 0xb400f125e2b20710
12-30 10:07:06.148   360   458 D EvsDriver: doneWithFrame
12-30 10:07:06.153   596  3076 E WifiHAL : Invalid data received from driver
12-30 10:07:06.165  2358  2623 D RcfController: Rcf proxy is not connected!
12-30 10:07:06.172   360   931 D EvsDriver: forwardFrame
12-30 10:07:06.172   360   931 D EvsDriver: forwardFrameDirect
12-30 10:07:06.172   360   931 D EvsDriver: Delivered 0xb400e2ca9e40e110 as id 0
12-30 10:07:06.172   359  2784 D evsmanagerd: /dev/video-evs0 forwarded the buffer #0 to 0xb400f125d2b26dd0 from 0xb400f125e2b20710
12-30 10:07:06.178   360   458 D EvsDriver: doneWithFrame
12-30 10:07:06.176   657   657 I auditd  : type=1400 audit(0.0:602520): avc:  denied  { ioctl } for  comm="evs_app.adayo" path="/dev/g2d0" dev="tmpfs" ino=690 ioctlcmd=0x6703 scontext=u:r:evs_app_adayo:s0 tcontext=u:object_r:g2d_device:s0 tclass=chr_file permissive=1
12-30 10:07:06.176   657   657 I evs_app.adayo: type=1400 audit(0.0:602520): avc:  denied  { ioctl } for  path="/dev/g2d0" dev="tmpfs" ino=690 ioctlcmd=0x6703 scontext=u:r:evs_app_adayo:s0 tcontext=u:object_r:g2d_device:s0 tclass=chr_file permissive=1
12-30 10:07:06.205   360   931 D EvsDriver: forwardFrame
12-30 10:07:06.205   360   931 D EvsDriver: forwardFrameDirect
12-30 10:07:06.206   360   931 D EvsDriver: Delivered 0xb400e2ca9e40c7a0 as id 1
12-30 10:07:06.206   359  2784 D evsmanagerd: /dev/video-evs0 forwarded the buffer #1 to 0xb400f125d2b26dd0 from 0xb400f125e2b20710
12-30 10:07:06.209   360   458 D EvsDriver: doneWithFrame
12-30 10:07:06.215  2358  2623 D RcfController: Rcf proxy is not connected!
12-30 10:07:06.223  1611  1611 I ADAYO_LOG_: handleMessage(UsbFunc.java:3)copyQnx = 0
12-30 10:07:06.223  1611  1611 I ADAYO_LOG_: handleMessage(UsbFunc.java:12)copyState = 2
12-30 10:07:06.234  2475  2681 I TtsServiceAgent: check thread start checking, threadId = 29
12-30 10:07:06.234  2475  2681 D TtsServiceAgent: start bind service...
12-30 10:07:06.234  2475  2681 D TtsServiceAgent: ----->initService, usage = 16
12-30 10:07:06.235  2475  2681 W ContextImpl: Calling a method in the system process without a qualified user: android.app.ContextImpl.bindService:1988 android.content.ContextWrapper.bindService:861 com.iflytek.autofly.ttsaidl.ttsproxy.TtsServiceAgent.initService:189 com.iflytek.autofly.ttsaidl.ttsproxy.TtsServiceAgent.initService:133 com.iflytek.autofly.ttsaidl.ttsproxy.TtsServiceAgent$2.run:517 
12-30 10:07:06.235   916  1492 W ActivityManager: Unable to start service Intent { act=com.iflytek.autofly.tts.ttsservice.TtsAdapterService cmp=com.iflytek.cutefly.speechclient.hmi/com.iflytek.autofly.tts.ttsservice.TtsAdapterService } U=0: not found
12-30 10:07:06.236  2475  2681 D TtsServiceAgent: bindService: false
12-30 10:07:06.236  2475  2681 D TtsServiceAgent: start reInitService
12-30 10:07:06.236  2475  2681 D TtsServiceAgent: aidlCheckThreadRunning = true
12-30 10:07:06.236  2475  2681 D TtsServiceAgent: ----->check connection status in 1000s...
12-30 10:07:06.239   360   931 D EvsDriver: forwardFrame
12-30 10:07:06.239   360   931 D EvsDriver: forwardFrameDirect
12-30 10:07:06.239   360   931 D EvsDriver: Delivered 0xb400e2ca9e40e270 as id 0
12-30 10:07:06.239   359  2784 D evsmanagerd: /dev/video-evs0 forwarded the buffer #0 to 0xb400f125d2b26dd0 from 0xb400f125e2b20710
12-30 10:07:06.249   360   458 D EvsDriver: doneWithFrame
12-30 10:07:06.248   657   657 I auditd  : type=1400 audit(0.0:602521): avc:  denied  { ioctl } for  comm="evs_app.adayo" path="/dev/dri/renderD128" dev="tmpfs" ino=468 ioctlcmd=0x6440 scontext=u:r:evs_app_adayo:s0 tcontext=u:object_r:gpu_device:s0 tclass=chr_file permissive=1
12-30 10:07:06.248   657   657 I evs_app.adayo: type=1400 audit(0.0:602521): avc:  denied  { ioctl } for  path="/dev/dri/renderD128" dev="tmpfs" ino=468 ioctlcmd=0x6440 scontext=u:r:evs_app_adayo:s0 tcontext=u:object_r:gpu_device:s0 tclass=chr_file permissive=1
12-30 10:07:06.265  2358  2623 D RcfController: Rcf proxy is not connected!
12-30 10:07:06.269   596  3076 E WifiHAL : Invalid data received from driver
12-30 10:07:06.272   360   931 D EvsDriver: forwardFrame
12-30 10:07:06.272   360   931 D EvsDriver: forwardFrameDirect
12-30 10:07:06.272   360   931 D EvsDriver: Delivered 0xb400e2ca9e40d4b0 as id 1
12-30 10:07:06.272   359  2784 D evsmanagerd: /dev/video-evs0 forwarded the buffer #1 to 0xb400f125d2b26dd0 from 0xb400f125e2b20710
12-30 10:07:06.279   360   458 D EvsDriver: doneWithFrame
12-30 10:07:06.284   705   705 I auditd  : type=1400 audit(0.0:602522): avc:  denied  { read } for  comm="sDefaultContext" laddr=239.0.2.1 lport=30490 scontext=u:r:generic-someip-gateway:s0 tcontext=u:r:generic-someip-gateway:s0 tclass=udp_socket permissive=1
12-30 10:07:06.284   705   705 I sDefaultContext: type=1400 audit(0.0:602522): avc:  denied  { read } for  laddr=239.0.2.1 lport=30490 scontext=u:r:generic-someip-gateway:s0 tcontext=u:r:generic-someip-gateway:s0 tclass=udp_socket permissive=1
12-30 10:07:06.305   360   931 D EvsDriver: forwardFrame
12-30 10:07:06.305   360   931 D EvsDriver: forwardFrameDirect
12-30 10:07:06.306   360   931 D EvsDriver: Delivered 0xb400e2ca9e40c2d0 as id 0
12-30 10:07:06.306   359  2784 D evsmanagerd: /dev/video-evs0 forwarded the buffer #0 to 0xb400f125d2b26dd0 from 0xb400f125e2b20710
12-30 10:07:06.310   360   458 D EvsDriver: doneWithFrame
12-30 10:07:06.315  2358  2623 D RcfController: Rcf proxy is not connected!
12-30 10:07:06.331   798 13963 W adbd    : timed out while waiting for FUNCTIONFS_BIND, trying again
12-30 10:07:06.331   798 13963 I adbd    : UsbFfs: connection terminated: monitor thread finished
12-30 10:07:06.332   798   798 I adbd    : UsbFfs: already offline
12-30 10:07:06.332   798   798 I adbd    : destroying transport UsbFfs
12-30 10:07:06.332   798   798 I adbd    : UsbFfsConnection being destroyed
12-30 10:07:06.339   360   931 D EvsDriver: forwardFrame
12-30 10:07:06.339   360   931 D EvsDriver: forwardFrameDirect
12-30 10:07:06.339   360   931 D EvsDriver: Delivered 0xb400e2ca9e40d090 as id 1
12-30 10:07:06.339   359  2784 D evsmanagerd: /dev/video-evs0 forwarded the buffer #1 to 0xb400f125d2b26dd0 from 0xb400f125e2b20710
12-30 10:07:06.340   360   458 D EvsDriver: doneWithFrame
12-30 10:07:06.365  2358  2623 D RcfController: Rcf proxy is not connected!
12-30 10:07:06.372   360   931 D EvsDriver: forwardFrame
12-30 10:07:06.372   360   931 D EvsDriver: forwardFrameDirect
12-30 10:07:06.372   360   931 D EvsDriver: Delivered 0xb400e2ca9e40e110 as id 0
12-30 10:07:06.372   359  2784 D evsmanagerd: /dev/video-evs0 forwarded the buffer #0 to 0xb400f125d2b26dd0 from 0xb400f125e2b20710
12-30 10:07:06.380   360   458 D EvsDriver: doneWithFrame
12-30 10:07:06.382   798   838 I adbd    : opening control endpoint /dev/usb-ffs/adb/ep0
12-30 10:07:06.383   798   838 I adbd    : UsbFfsConnection constructed
12-30 10:07:06.383   798 13983 I adbd    : UsbFfs-monitor thread spawned
01-01 09:29:23.392   838   838 I         : read descriptors
12-30 10:07:06.401   596  3076 E WifiHAL : Invalid data received from driver
12-30 10:07:06.405   360   931 D EvsDriver: forwardFrame
12-30 10:07:06.405   360   931 D EvsDriver: forwardFrameDirect
12-30 10:07:06.406   360   931 D EvsDriver: Delivered 0xb400e2ca9e40c7a0 as id 1
12-30 10:07:06.406   359  2784 D evsmanagerd: /dev/video-evs0 forwarded the buffer #1 to 0xb400f125d2b26dd0 from 0xb400f125e2b20710
12-30 10:07:06.406   650   729 D fgemcucomm: sd Uart data : 6AA602A79100028B3009
12-30 10:07:06.406   650   729 D fgemcucomm: rev uart=44386,len=120, data : 6AA681A79100708B30B01E0A0704000100000000025C0100010201010000000000A55A820001000000010000000C00000000000100000000000000A55A830504500000000000000000000000000101010101000000000000A55A8410100900000007000100000000000054A55A850000D181000001000085
12-30 10:07:06.407  1667  2594 W ContextImpl: Calling a method in the system process without a qualified user: android.app.ContextImpl.bindService:1988 android.content.ContextWrapper.bindService:861 com.ford.sync.fnvservice.FordFnv.c:202 com.ford.sync.fnvservice.FordFnv.c:43 com.ford.sync.fnvservice.FordFnv$RetryHandler.handleMessage:245 
12-30 10:07:06.408   916  1492 W ActivityManager: Unable to start service Intent { cmp=com.ford.sync.fnvservice/.FordFnvService } U=0: not found
12-30 10:07:06.408  1667  2594 W FordFnv :  bind ford fnv failed -> sendRetryMessage 
12-30 10:07:06.411   360   458 D EvsDriver: doneWithFrame
12-30 10:07:06.416  2358  2623 D RcfController: Rcf proxy is not connected!
12-30 10:07:06.439   360   931 D EvsDriver: forwardFrame
12-30 10:07:06.439   360   931 D EvsDriver: forwardFrameDirect
12-30 10:07:06.439   360   931 D EvsDriver: Delivered 0xb400e2ca9e40e270 as id 0
12-30 10:07:06.439   359  2784 D evsmanagerd: /dev/video-evs0 forwarded the buffer #0 to 0xb400f125d2b26dd0 from 0xb400f125e2b20710
12-30 10:07:06.441   360   458 D EvsDriver: doneWithFrame
12-30 10:07:06.449   650   730 D fgemcucomm: sd Uart data : 6AA6001048000206019F
12-30 10:07:06.451   650   729 D fgemcucomm: sd Uart data : 6AA602A792000292022F
12-30 10:07:06.451   650   729 D fgemcucomm: rev uart=44387,len=60, data : 6AA681A79200349202001800000000000000000000000000000000000000000000000000000000000000000000000000000000000000000000000066
12-30 10:07:06.451   398   882 D adayocomadapter-ParseProtocolFunc: printRaWMsg Name[MCUToUPstream recv] len[52] data[92020018000000000000000000000000000000000000000000000000000000000000000000000000000000000000000000000000]
12-30 10:07:06.451   398   882 D adayocomadapter-CommunicationManager: onUpstreamback   member[0] dataLength[49] timePoint[5362273]
12-30 10:07:06.451   398   882 D adayocomadapter-ParseProtocolFunc: printRaWMsg Name[onUpstreamback] len[49] data[18000000000000000000000000000000000000000000000000000000000000000000000000000000000000000000000000]
12-30 10:07:06.451   398   464 D adayocomadapter-UpstreamHandler: processBeforePacket upSreamtProcessTimePoint[5362273] 
12-30 10:07:06.451   398   464 D adayocomadapter-UpstreamHandler: processPacket UPSTREAM_QUEUE_DATA_TIMEOUT
12-30 10:07:06.451   398   464 D adayocomadapter-ParseProtocolFunc: parseCommonIPCLBytes Processing tableNumber[24]
12-30 10:07:06.451   398   464 D adayocomadapter-ParseProtocolFunc: parseCommonIPCLBytes Processing tablename[Table-24] tableSize[49]
12-30 10:07:06.451   398   464 D adayocomadapter-ParseProtocolFunc: printRaWMsg Name[byteStream recv] len[49] data[18000000000000000000000000000000000000000000000000000000000000000000000000000000000000000000000000]
12-30 10:07:06.451   398   464 D adayocomadapter-ParseProtocolFunc: printRaWMsg Name[IPCLtoVHAL] len[8] data[2141211D01000000]
12-30 10:07:06.451   398   464 D adayocomadapter-ParseProtocolFunc: printRaWMsg Name[IPCLtoVHAL] len[7] data[2140207A000000]
12-30 10:07:06.451   398   464 D adayocomadapter-ParseProtocolFunc: printRaWMsg Name[IPCLtoVHAL] len[6] data[214020D30000]
12-30 10:07:06.451   398   464 D adayocomadapter-ParseProtocolFunc: printRaWMsg Name[IPCLtoVHAL] len[6] data[214020CB0000]
12-30 10:07:06.452   398   464 D adayocomadapter-ParseProtocolFunc: printRaWMsg Name[IPCLtoVHAL] len[7] data[2140203C000000]
12-30 10:07:06.452   398   464 D adayocomadapter-ParseProtocolFunc: printRaWMsg Name[IPCLtoVHAL] len[6] data[214020C90000]
12-30 10:07:06.452   398   464 D adayocomadapter-ParseProtocolFunc: printRaWMsg Name[IPCLtoVHAL] len[6] data[214020CF0000]
12-30 10:07:06.452   398   464 D adayocomadapter-ParseProtocolFunc: printRaWMsg Name[IPCLtoVHAL] len[7] data[21402040000000]
12-30 10:07:06.452   398   464 D adayocomadapter-ParseProtocolFunc: printRaWMsg Name[IPCLtoVHAL] len[6] data[214020D10000]
12-30 10:07:06.452   398   464 D adayocomadapter-ParseProtocolFunc: printRaWMsg Name[IPCLtoVHAL] len[7] data[21402044000000]
12-30 10:07:06.452   398   464 D adayocomadapter-ParseProtocolFunc: printRaWMsg Name[IPCLtoVHAL] len[6] data[214020D50000]
12-30 10:07:06.452   398   464 D adayocomadapter-ParseProtocolFunc: printRaWMsg Name[IPCLtoVHAL] len[7] data[21402038000000]
12-30 10:07:06.452   398   464 D adayocomadapter-ParseProtocolFunc: printRaWMsg Name[IPCLtoVHAL] len[7] data[2140207D000000]
12-30 10:07:06.452   398   464 D adayocomadapter-ParseProtocolFunc: printRaWMsg Name[IPCLtoVHAL] len[7] data[2140207F000000]
12-30 10:07:06.452   398   464 D adayocomadapter-ParseProtocolFunc: printRaWMsg Name[IPCLtoVHAL] len[6] data[214020520000]
12-30 10:07:06.452   398   464 D adayocomadapter-ParseProtocolFunc: printRaWMsg Name[IPCLtoVHAL] len[7] data[21402081000000]
