12-30 10:07:11.436   398   464 I VehiclePropertyStore: begin to write value to Store: {.timestamp = 5367258287304, .areaId = 0, .prop = 557850964, .status = AVAILABLE, .value = {.int32Values = [1]{0}, .floatValues = [0]{}, .int64Values = [0]{}, .bytes = [0]{}, .stringValue = ""}}
12-30 10:07:11.436   398   464 I DefaultVehicleHal_v2_0: DefaultVehicleHal::onPropertyValue, value:{.timestamp = 5367258287304, .areaId = 0, .prop = 557850964, .status = AVAILABLE, .value = {.int32Values = [1]{0}, .floatValues = [0]{}, .int64Values = [0]{}, .bytes = [0]{}, .stringValue = ""}}
12-30 10:07:11.436   398   464 D DiagPropHandler: is not DiagnosticConfig: 0x21402154
12-30 10:07:11.436   398   464 I VehiclePropertyStore: begin to write value to Store: {.timestamp = 5367258287304, .areaId = 0, .prop = 557850964, .status = AVAILABLE, .value = {.int32Values = [1]{0}, .floatValues = [0]{}, .int64Values = [0]{}, .bytes = [0]{}, .stringValue = ""}}
12-30 10:07:11.436   398   464 D adayocomadapter-CommunicationManager: onUpstreamReceive mPropertyId 0x21402154
12-30 10:07:11.436   398   464 D adayocomadapter-CommunicationManager: onUpstreamReceive mPropertyId 0x214021b7
12-30 10:07:11.436   398   464 D adayocomadapter-CommunicationManager: convertBytesToInt32Memcpy  0
12-30 10:07:11.437   398   464 I vw-vhal : notifyVehicleProperty, propId = 0x214021b7, data = {status: 2, int32Values: [0]}
12-30 10:07:11.437   398   464 I vw-vhal : CanSignalsAdapter::notifyVehicleProperty: solvedValue = {.timestamp = 5367258962304, .areaId = 0, .prop = 557851063, .status = AVAILABLE, .value = {.int32Values = [1]{0}, .floatValues = [0]{}, .int64Values = [0]{}, .bytes = [0]{}, .stringValue = ""}}
12-30 10:07:11.437   398   464 I VehiclePropertyStore: begin to write value to Store: {.timestamp = 5367258962304, .areaId = 0, .prop = 557851063, .status = AVAILABLE, .value = {.int32Values = [1]{0}, .floatValues = [0]{}, .int64Values = [0]{}, .bytes = [0]{}, .stringValue = ""}}
12-30 10:07:11.437   650   729 D fgemcucomm: sd Uart data : 6AA602A7B6000292020B
12-30 10:07:11.437   398   464 I DefaultVehicleHal_v2_0: DefaultVehicleHal::onPropertyValue, value:{.timestamp = 5367258962304, .areaId = 0, .prop = 557851063, .status = AVAILABLE, .value = {.int32Values = [1]{0}, .floatValues = [0]{}, .int64Values = [0]{}, .bytes = [0]{}, .stringValue = ""}}
12-30 10:07:11.437   398   464 D DiagPropHandler: is not DiagnosticConfig: 0x214021b7
12-30 10:07:11.437   398   464 I VehiclePropertyStore: begin to write value to Store: {.timestamp = 5367258962304, .areaId = 0, .prop = 557851063, .status = AVAILABLE, .value = {.int32Values = [1]{0}, .floatValues = [0]{}, .int64Values = [0]{}, .bytes = [0]{}, .stringValue = ""}}
12-30 10:07:11.437   398   464 D adayocomadapter-CommunicationManager: onUpstreamReceive mPropertyId 0x214021b7
12-30 10:07:11.437   398   464 D adayocomadapter-CommunicationManager: onUpstreamReceive mPropertyId 0x21402156
12-30 10:07:11.437   398   464 D adayocomadapter-CommunicationManager: convertBytesToInt32Memcpy  0
12-30 10:07:11.437   398   464 I vw-vhal : notifyVehicleProperty, propId = 0x21402156, data = {status: 2, int32Values: [0]}
12-30 10:07:11.437   650   729 D fgemcucomm: rev uart=44424,len=56, data : 6AA681A7B6003092020019000000000000000000000000000000000000000000000000000000000000000000000000000000000000000045
12-30 10:07:11.437   398   464 I vw-vhal : CanSignalsAdapter::notifyVehicleProperty: solvedValue = {.timestamp = 5367259594971, .areaId = 0, .prop = 557850966, .status = AVAILABLE, .value = {.int32Values = [1]{0}, .floatValues = [0]{}, .int64Values = [0]{}, .bytes = [0]{}, .stringValue = ""}}
12-30 10:07:11.437   398   464 I VehiclePropertyStore: begin to write value to Store: {.timestamp = 5367259594971, .areaId = 0, .prop = 557850966, .status = AVAILABLE, .value = {.int32Values = [1]{0}, .floatValues = [0]{}, .int64Values = [0]{}, .bytes = [0]{}, .stringValue = ""}}
12-30 10:07:11.437   398   464 I DefaultVehicleHal_v2_0: DefaultVehicleHal::onPropertyValue, value:{.timestamp = 5367259594971, .areaId = 0, .prop = 557850966, .status = AVAILABLE, .value = {.int32Values = [1]{0}, .floatValues = [0]{}, .int64Values = [0]{}, .bytes = [0]{}, .stringValue = ""}}
12-30 10:07:11.437   398   882 D adayocomadapter-ParseProtocolFunc: printRaWMsg Name[MCUToUPstream recv] len[48] data[920200190000000000000000000000000000000000000000000000000000000000000000000000000000000000000000]
12-30 10:07:11.438   398   464 D DiagPropHandler: is not DiagnosticConfig: 0x21402156
12-30 10:07:11.438   398   882 D adayocomadapter-CommunicationManager: onUpstreamback   member[0] dataLength[45] timePoint[5367259]
12-30 10:07:11.438   398   464 I VehiclePropertyStore: begin to write value to Store: {.timestamp = 5367259594971, .areaId = 0, .prop = 557850966, .status = AVAILABLE, .value = {.int32Values = [1]{0}, .floatValues = [0]{}, .int64Values = [0]{}, .bytes = [0]{}, .stringValue = ""}}
12-30 10:07:11.438   398   464 D adayocomadapter-CommunicationManager: onUpstreamReceive mPropertyId 0x21402156
12-30 10:07:11.438   398   882 D adayocomadapter-ParseProtocolFunc: printRaWMsg Name[onUpstreamback] len[45] data[190000000000000000000000000000000000000000000000000000000000000000000000000000000000000000]
12-30 10:07:11.438   398   464 D adayocomadapter-CommunicationManager: onUpstreamReceive mPropertyId 0x214021b8
12-30 10:07:11.438   398   464 D adayocomadapter-CommunicationManager: convertBytesToInt32Memcpy  0
12-30 10:07:11.438   398   464 I vw-vhal : notifyVehicleProperty, propId = 0x214021b8, data = {status: 2, int32Values: [0]}
12-30 10:07:11.438   398   464 I vw-vhal : CanSignalsAdapter::notifyVehicleProperty: solvedValue = {.timestamp = 5367260307971, .areaId = 0, .prop = 557851064, .status = AVAILABLE, .value = {.int32Values = [1]{0}, .floatValues = [0]{}, .int64Values = [0]{}, .bytes = [0]{}, .stringValue = ""}}
12-30 10:07:11.438   398   464 I VehiclePropertyStore: begin to write value to Store: {.timestamp = 5367260307971, .areaId = 0, .prop = 557851064, .status = AVAILABLE, .value = {.int32Values = [1]{0}, .floatValues = [0]{}, .int64Values = [0]{}, .bytes = [0]{}, .stringValue = ""}}
12-30 10:07:11.438   398   464 I DefaultVehicleHal_v2_0: DefaultVehicleHal::onPropertyValue, value:{.timestamp = 5367260307971, .areaId = 0, .prop = 557851064, .status = AVAILABLE, .value = {.int32Values = [1]{0}, .floatValues = [0]{}, .int64Values = [0]{}, .bytes = [0]{}, .stringValue = ""}}
12-30 10:07:11.438   398   464 D DiagPropHandler: is not DiagnosticConfig: 0x214021b8
12-30 10:07:11.438   398   464 I VehiclePropertyStore: begin to write value to Store: {.timestamp = 5367260307971, .areaId = 0, .prop = 557851064, .status = AVAILABLE, .value = {.int32Values = [1]{0}, .floatValues = [0]{}, .int64Values = [0]{}, .bytes = [0]{}, .stringValue = ""}}
12-30 10:07:11.438   398   464 D adayocomadapter-CommunicationManager: onUpstreamReceive mPropertyId 0x214021b8
12-30 10:07:11.438   398   464 D adayocomadapter-CommunicationManager: onUpstreamReceive mPropertyId 0x21402157
12-30 10:07:11.438   398   464 D adayocomadapter-CommunicationManager: convertBytesToInt32Memcpy  0
12-30 10:07:11.439   398   464 I vw-vhal : notifyVehicleProperty, propId = 0x21402157, data = {status: 2, int32Values: [0]}
12-30 10:07:11.439   360   931 D EvsDriver: forwardFrame
12-30 10:07:11.439   398   464 I vw-vhal : CanSignalsAdapter::notifyVehicleProperty: solvedValue = {.timestamp = 5367260988637, .areaId = 0, .prop = 557850967, .status = AVAILABLE, .value = {.int32Values = [1]{0}, .floatValues = [0]{}, .int64Values = [0]{}, .bytes = [0]{}, .stringValue = ""}}
12-30 10:07:11.439   360   931 D EvsDriver: forwardFrameDirect
12-30 10:07:11.439   398   464 I VehiclePropertyStore: begin to write value to Store: {.timestamp = 5367260988637, .areaId = 0, .prop = 557850967, .status = AVAILABLE, .value = {.int32Values = [1]{0}, .floatValues = [0]{}, .int64Values = [0]{}, .bytes = [0]{}, .stringValue = ""}}
12-30 10:07:11.439   398   464 I DefaultVehicleHal_v2_0: DefaultVehicleHal::onPropertyValue, value:{.timestamp = 5367260988637, .areaId = 0, .prop = 557850967, .status = AVAILABLE, .value = {.int32Values = [1]{0}, .floatValues = [0]{}, .int64Values = [0]{}, .bytes = [0]{}, .stringValue = ""}}
12-30 10:07:11.439   398   464 D DiagPropHandler: is not DiagnosticConfig: 0x21402157
12-30 10:07:11.439   398   464 I VehiclePropertyStore: begin to write value to Store: {.timestamp = 5367260988637, .areaId = 0, .prop = 557850967, .status = AVAILABLE, .value = {.int32Values = [1]{0}, .floatValues = [0]{}, .int64Values = [0]{}, .bytes = [0]{}, .stringValue = ""}}
12-30 10:07:11.439   398   464 D adayocomadapter-CommunicationManager: onUpstreamReceive mPropertyId 0x21402157
12-30 10:07:11.439   360   931 D EvsDriver: Delivered 0xb400e2ca9e40e270 as id 0
12-30 10:07:11.439   398   464 D adayocomadapter-CommunicationManager: onUpstreamReceive mPropertyId 0x21402219
12-30 10:07:11.439   398   464 D adayocomadapter-CommunicationManager: convertBytesToInt32Memcpy  0
12-30 10:07:11.439   398   464 I vw-vhal : notifyVehicleProperty, propId = 0x21402219, data = {status: 2, int32Values: [0]}
12-30 10:07:11.439   359  2784 D evsmanagerd: /dev/video-evs0 forwarded the buffer #0 to 0xb400f125d2b26dd0 from 0xb400f125e2b20710
12-30 10:07:11.439   398   464 I vw-vhal : CanSignalsAdapter::notifyVehicleProperty: solvedValue = {.timestamp = 5367261634637, .areaId = 0, .prop = 557851161, .status = AVAILABLE, .value = {.int32Values = [1]{0}, .floatValues = [0]{}, .int64Values = [0]{}, .bytes = [0]{}, .stringValue = ""}}
12-30 10:07:11.439   398   464 I VehiclePropertyStore: begin to write value to Store: {.timestamp = 5367261634637, .areaId = 0, .prop = 557851161, .status = AVAILABLE, .value = {.int32Values = [1]{0}, .floatValues = [0]{}, .int64Values = [0]{}, .bytes = [0]{}, .stringValue = ""}}
12-30 10:07:11.439   398   464 I DefaultVehicleHal_v2_0: DefaultVehicleHal::onPropertyValue, value:{.timestamp = 5367261634637, .areaId = 0, .prop = 557851161, .status = AVAILABLE, .value = {.int32Values = [1]{0}, .floatValues = [0]{}, .int64Values = [0]{}, .bytes = [0]{}, .stringValue = ""}}
12-30 10:07:11.440   398   464 D DiagPropHandler: is not DiagnosticConfig: 0x21402219
12-30 10:07:11.440   398   464 I VehiclePropertyStore: begin to write value to Store: {.timestamp = 5367261634637, .areaId = 0, .prop = 557851161, .status = AVAILABLE, .value = {.int32Values = [1]{0}, .floatValues = [0]{}, .int64Values = [0]{}, .bytes = [0]{}, .stringValue = ""}}
12-30 10:07:11.440   398   464 D adayocomadapter-CommunicationManager: onUpstreamReceive mPropertyId 0x21402219
12-30 10:07:11.440   398   464 D adayocomadapter-CommunicationManager: onUpstreamReceive mPropertyId 0x2140215b
12-30 10:07:11.440   398   464 D adayocomadapter-CommunicationManager: convertBytesToInt32Memcpy  0
12-30 10:07:11.440   398   464 I vw-vhal : notifyVehicleProperty, propId = 0x2140215b, data = {status: 2, int32Values: [0]}
12-30 10:07:11.440   398   464 I vw-vhal : CanSignalsAdapter::notifyVehicleProperty: solvedValue = {.timestamp = 5367262261971, .areaId = 0, .prop = 557850971, .status = AVAILABLE, .value = {.int32Values = [1]{0}, .floatValues = [0]{}, .int64Values = [0]{}, .bytes = [0]{}, .stringValue = ""}}
12-30 10:07:11.440   398   464 I VehiclePropertyStore: begin to write value to Store: {.timestamp = 5367262261971, .areaId = 0, .prop = 557850971, .status = AVAILABLE, .value = {.int32Values = [1]{0}, .floatValues = [0]{}, .int64Values = [0]{}, .bytes = [0]{}, .stringValue = ""}}
12-30 10:07:11.440   398   464 I DefaultVehicleHal_v2_0: DefaultVehicleHal::onPropertyValue, value:{.timestamp = 5367262261971, .areaId = 0, .prop = 557850971, .status = AVAILABLE, .value = {.int32Values = [1]{0}, .floatValues = [0]{}, .int64Values = [0]{}, .bytes = [0]{}, .stringValue = ""}}
12-30 10:07:11.440   398   464 D DiagPropHandler: is not DiagnosticConfig: 0x2140215b
12-30 10:07:11.440   398   464 I VehiclePropertyStore: begin to write value to Store: {.timestamp = 5367262261971, .areaId = 0, .prop = 557850971, .status = AVAILABLE, .value = {.int32Values = [1]{0}, .floatValues = [0]{}, .int64Values = [0]{}, .bytes = [0]{}, .stringValue = ""}}
12-30 10:07:11.440   398   464 D adayocomadapter-CommunicationManager: onUpstreamReceive mPropertyId 0x2140215b
12-30 10:07:11.440   398   464 D adayocomadapter-CommunicationManager: onUpstreamReceive mPropertyId 0x214021bc
12-30 10:07:11.440   398   464 D adayocomadapter-CommunicationManager: convertBytesToInt32Memcpy  0
12-30 10:07:11.441   398   464 I vw-vhal : notifyVehicleProperty, propId = 0x214021bc, data = {status: 2, int32Values: [0]}
12-30 10:07:11.441   398   464 I vw-vhal : CanSignalsAdapter::notifyVehicleProperty: solvedValue = {.timestamp = 5367262923637, .areaId = 0, .prop = 557851068, .status = AVAILABLE, .value = {.int32Values = [1]{0}, .floatValues = [0]{}, .int64Values = [0]{}, .bytes = [0]{}, .stringValue = ""}}
12-30 10:07:11.441   398   464 I VehiclePropertyStore: begin to write value to Store: {.timestamp = 5367262923637, .areaId = 0, .prop = 557851068, .status = AVAILABLE, .value = {.int32Values = [1]{0}, .floatValues = [0]{}, .int64Values = [0]{}, .bytes = [0]{}, .stringValue = ""}}
12-30 10:07:11.441   398   464 I DefaultVehicleHal_v2_0: DefaultVehicleHal::onPropertyValue, value:{.timestamp = 5367262923637, .areaId = 0, .prop = 557851068, .status = AVAILABLE, .value = {.int32Values = [1]{0}, .floatValues = [0]{}, .int64Values = [0]{}, .bytes = [0]{}, .stringValue = ""}}
12-30 10:07:11.441   398   464 D DiagPropHandler: is not DiagnosticConfig: 0x214021bc
12-30 10:07:11.441   398   464 I VehiclePropertyStore: begin to write value to Store: {.timestamp = 5367262923637, .areaId = 0, .prop = 557851068, .status = AVAILABLE, .value = {.int32Values = [1]{0}, .floatValues = [0]{}, .int64Values = [0]{}, .bytes = [0]{}, .stringValue = ""}}
12-30 10:07:11.441   398   464 D adayocomadapter-CommunicationManager: onUpstreamReceive mPropertyId 0x214021bc
12-30 10:07:11.441   398   464 D adayocomadapter-CommunicationManager: onUpstreamReceive mPropertyId 0x2140221d
12-30 10:07:11.441   398   464 D adayocomadapter-CommunicationManager: convertBytesToInt32Memcpy  0
12-30 10:07:11.441   398   464 I vw-vhal : notifyVehicleProperty, propId = 0x2140221d, data = {status: 2, int32Values: [0]}
12-30 10:07:11.441   398   464 I vw-vhal : CanSignalsAdapter::notifyVehicleProperty: solvedValue = {.timestamp = 5367263575971, .areaId = 0, .prop = 557851165, .status = AVAILABLE, .value = {.int32Values = [1]{0}, .floatValues = [0]{}, .int64Values = [0]{}, .bytes = [0]{}, .stringValue = ""}}
12-30 10:07:11.441   398   464 I VehiclePropertyStore: begin to write value to Store: {.timestamp = 5367263575971, .areaId = 0, .prop = 557851165, .status = AVAILABLE, .value = {.int32Values = [1]{0}, .floatValues = [0]{}, .int64Values = [0]{}, .bytes = [0]{}, .stringValue = ""}}
12-30 10:07:11.441   398   464 I DefaultVehicleHal_v2_0: DefaultVehicleHal::onPropertyValue, value:{.timestamp = 5367263575971, .areaId = 0, .prop = 557851165, .status = AVAILABLE, .value = {.int32Values = [1]{0}, .floatValues = [0]{}, .int64Values = [0]{}, .bytes = [0]{}, .stringValue = ""}}
12-30 10:07:11.442   398   464 D DiagPropHandler: is not DiagnosticConfig: 0x2140221d
12-30 10:07:11.442   398   464 I VehiclePropertyStore: begin to write value to Store: {.timestamp = 5367263575971, .areaId = 0, .prop = 557851165, .status = AVAILABLE, .value = {.int32Values = [1]{0}, .floatValues = [0]{}, .int64Values = [0]{}, .bytes = [0]{}, .stringValue = ""}}
12-30 10:07:11.442   398   464 D adayocomadapter-CommunicationManager: onUpstreamReceive mPropertyId 0x2140221d
12-30 10:07:11.442   398   464 D adayocomadapter-CommunicationManager: onUpstreamReceive mPropertyId 0x214021b9
12-30 10:07:11.442   398   464 D adayocomadapter-CommunicationManager: convertBytesToInt32Memcpy  0
12-30 10:07:11.442   398   464 I vw-vhal : notifyVehicleProperty, propId = 0x214021b9, data = {status: 2, int32Values: [0]}
12-30 10:07:11.442  2358  2623 D RcfController: Rcf proxy is not connected!
12-30 10:07:11.442   398   464 I vw-vhal : CanSignalsAdapter::notifyVehicleProperty: solvedValue = {.timestamp = 5367264255971, .areaId = 0, .prop = 557851065, .status = AVAILABLE, .value = {.int32Values = [1]{0}, .floatValues = [0]{}, .int64Values = [0]{}, .bytes = [0]{}, .stringValue = ""}}
12-30 10:07:11.442   398   464 I VehiclePropertyStore: begin to write value to Store: {.timestamp = 5367264255971, .areaId = 0, .prop = 557851065, .status = AVAILABLE, .value = {.int32Values = [1]{0}, .floatValues = [0]{}, .int64Values = [0]{}, .bytes = [0]{}, .stringValue = ""}}
12-30 10:07:11.442   398   464 I DefaultVehicleHal_v2_0: DefaultVehicleHal::onPropertyValue, value:{.timestamp = 5367264255971, .areaId = 0, .prop = 557851065, .status = AVAILABLE, .value = {.int32Values = [1]{0}, .floatValues = [0]{}, .int64Values = [0]{}, .bytes = [0]{}, .stringValue = ""}}
12-30 10:07:11.442   398   464 D DiagPropHandler: is not DiagnosticConfig: 0x214021b9
12-30 10:07:11.442   398   464 I VehiclePropertyStore: begin to write value to Store: {.timestamp = 5367264255971, .areaId = 0, .prop = 557851065, .status = AVAILABLE, .value = {.int32Values = [1]{0}, .floatValues = [0]{}, .int64Values = [0]{}, .bytes = [0]{}, .stringValue = ""}}
12-30 10:07:11.442   398   464 D adayocomadapter-CommunicationManager: onUpstreamReceive mPropertyId 0x214021b9
12-30 10:07:11.442   398   464 D adayocomadapter-CommunicationManager: onUpstreamReceive mPropertyId 0x2140221a
12-30 10:07:11.442   398   464 D adayocomadapter-CommunicationManager: convertBytesToInt32Memcpy  0
12-30 10:07:11.443   398   464 I vw-vhal : notifyVehicleProperty, propId = 0x2140221a, data = {status: 2, int32Values: [0]}
12-30 10:07:11.443   398   464 I vw-vhal : CanSignalsAdapter::notifyVehicleProperty: solvedValue = {.timestamp = 5367264910971, .areaId = 0, .prop = 557851162, .status = AVAILABLE, .value = {.int32Values = [1]{0}, .floatValues = [0]{}, .int64Values = [0]{}, .bytes = [0]{}, .stringValue = ""}}
12-30 10:07:11.443   398   464 I VehiclePropertyStore: begin to write value to Store: {.timestamp = 5367264910971, .areaId = 0, .prop = 557851162, .status = AVAILABLE, .value = {.int32Values = [1]{0}, .floatValues = [0]{}, .int64Values = [0]{}, .bytes = [0]{}, .stringValue = ""}}
12-30 10:07:11.443   398   464 I DefaultVehicleHal_v2_0: DefaultVehicleHal::onPropertyValue, value:{.timestamp = 5367264910971, .areaId = 0, .prop = 557851162, .status = AVAILABLE, .value = {.int32Values = [1]{0}, .floatValues = [0]{}, .int64Values = [0]{}, .bytes = [0]{}, .stringValue = ""}}
12-30 10:07:11.443   398   464 D DiagPropHandler: is not DiagnosticConfig: 0x2140221a
12-30 10:07:11.443   398   464 I VehiclePropertyStore: begin to write value to Store: {.timestamp = 5367264910971, .areaId = 0, .prop = 557851162, .status = AVAILABLE, .value = {.int32Values = [1]{0}, .floatValues = [0]{}, .int64Values = [0]{}, .bytes = [0]{}, .stringValue = ""}}
12-30 10:07:11.443   398   464 D adayocomadapter-CommunicationManager: onUpstreamReceive mPropertyId 0x2140221a
12-30 10:07:11.443   398   464 D adayocomadapter-CommunicationManager: onUpstreamReceive mPropertyId 0x214021bb
12-30 10:07:11.443   398   464 D adayocomadapter-CommunicationManager: convertBytesToInt32Memcpy  0
12-30 10:07:11.443   398   464 I vw-vhal : notifyVehicleProperty, propId = 0x214021bb, data = {status: 2, int32Values: [0]}
12-30 10:07:11.443   398   464 I vw-vhal : CanSignalsAdapter::notifyVehicleProperty: solvedValue = {.timestamp = 5367265546304, .areaId = 0, .prop = 557851067, .status = AVAILABLE, .value = {.int32Values = [1]{0}, .floatValues = [0]{}, .int64Values = [0]{}, .bytes = [0]{}, .stringValue = ""}}
12-30 10:07:11.443   398   464 I VehiclePropertyStore: begin to write value to Store: {.timestamp = 5367265546304, .areaId = 0, .prop = 557851067, .status = AVAILABLE, .value = {.int32Values = [1]{0}, .floatValues = [0]{}, .int64Values = [0]{}, .bytes = [0]{}, .stringValue = ""}}
12-30 10:07:11.443   398   464 I DefaultVehicleHal_v2_0: DefaultVehicleHal::onPropertyValue, value:{.timestamp = 5367265546304, .areaId = 0, .prop = 557851067, .status = AVAILABLE, .value = {.int32Values = [1]{0}, .floatValues = [0]{}, .int64Values = [0]{}, .bytes = [0]{}, .stringValue = ""}}
12-30 10:07:11.443   398   464 D DiagPropHandler: is not DiagnosticConfig: 0x214021bb
12-30 10:07:11.444   398   464 I VehiclePropertyStore: begin to write value to Store: {.timestamp = 5367265546304, .areaId = 0, .prop = 557851067, .status = AVAILABLE, .value = {.int32Values = [1]{0}, .floatValues = [0]{}, .int64Values = [0]{}, .bytes = [0]{}, .stringValue = ""}}
12-30 10:07:11.444   398   464 D adayocomadapter-CommunicationManager: onUpstreamReceive mPropertyId 0x214021bb
12-30 10:07:11.444   398   464 D adayocomadapter-CommunicationManager: onUpstreamReceive mPropertyId 0x2140215a
12-30 10:07:11.444   398   464 D adayocomadapter-CommunicationManager: convertBytesToInt32Memcpy  0
12-30 10:07:11.444   398   464 I vw-vhal : notifyVehicleProperty, propId = 0x2140215a, data = {status: 2, int32Values: [0]}
12-30 10:07:11.444   398   464 I vw-vhal : CanSignalsAdapter::notifyVehicleProperty: solvedValue = {.timestamp = 5367266177637, .areaId = 0, .prop = 557850970, .status = AVAILABLE, .value = {.int32Values = [1]{0}, .floatValues = [0]{}, .int64Values = [0]{}, .bytes = [0]{}, .stringValue = ""}}
12-30 10:07:11.444   398   464 I VehiclePropertyStore: begin to write value to Store: {.timestamp = 5367266177637, .areaId = 0, .prop = 557850970, .status = AVAILABLE, .value = {.int32Values = [1]{0}, .floatValues = [0]{}, .int64Values = [0]{}, .bytes = [0]{}, .stringValue = ""}}
12-30 10:07:11.444   398   464 I DefaultVehicleHal_v2_0: DefaultVehicleHal::onPropertyValue, value:{.timestamp = 5367266177637, .areaId = 0, .prop = 557850970, .status = AVAILABLE, .value = {.int32Values = [1]{0}, .floatValues = [0]{}, .int64Values = [0]{}, .bytes = [0]{}, .stringValue = ""}}
12-30 10:07:11.444   398   464 D DiagPropHandler: is not DiagnosticConfig: 0x2140215a
12-30 10:07:11.444   398   464 I VehiclePropertyStore: begin to write value to Store: {.timestamp = 5367266177637, .areaId = 0, .prop = 557850970, .status = AVAILABLE, .value = {.int32Values = [1]{0}, .floatValues = [0]{}, .int64Values = [0]{}, .bytes = [0]{}, .stringValue = ""}}
12-30 10:07:11.444   398   464 D adayocomadapter-CommunicationManager: onUpstreamReceive mPropertyId 0x2140215a
12-30 10:07:11.444   398   464 D adayocomadapter-CommunicationManager: onUpstreamReceive mPropertyId 0x2140221c
12-30 10:07:11.444   398   464 D adayocomadapter-CommunicationManager: convertBytesToInt32Memcpy  0
12-30 10:07:11.444   398   464 I vw-vhal : notifyVehicleProperty, propId = 0x2140221c, data = {status: 2, int32Values: [0]}
12-30 10:07:11.445   398   464 I vw-vhal : CanSignalsAdapter::notifyVehicleProperty: solvedValue = {.timestamp = 5367266814637, .areaId = 0, .prop = 557851164, .status = AVAILABLE, .value = {.int32Values = [1]{0}, .floatValues = [0]{}, .int64Values = [0]{}, .bytes = [0]{}, .stringValue = ""}}
12-30 10:07:11.445   398   464 I VehiclePropertyStore: begin to write value to Store: {.timestamp = 5367266814637, .areaId = 0, .prop = 557851164, .status = AVAILABLE, .value = {.int32Values = [1]{0}, .floatValues = [0]{}, .int64Values = [0]{}, .bytes = [0]{}, .stringValue = ""}}
12-30 10:07:11.445   398   464 I DefaultVehicleHal_v2_0: DefaultVehicleHal::onPropertyValue, value:{.timestamp = 5367266814637, .areaId = 0, .prop = 557851164, .status = AVAILABLE, .value = {.int32Values = [1]{0}, .floatValues = [0]{}, .int64Values = [0]{}, .bytes = [0]{}, .stringValue = ""}}
12-30 10:07:11.445   398   464 D DiagPropHandler: is not DiagnosticConfig: 0x2140221c
12-30 10:07:11.445   398   464 I VehiclePropertyStore: begin to write value to Store: {.timestamp = 5367266814637, .areaId = 0, .prop = 557851164, .status = AVAILABLE, .value = {.int32Values = [1]{0}, .floatValues = [0]{}, .int64Values = [0]{}, .bytes = [0]{}, .stringValue = ""}}
12-30 10:07:11.445   398   464 D adayocomadapter-CommunicationManager: onUpstreamReceive mPropertyId 0x2140221c
12-30 10:07:11.445   398   464 D adayocomadapter-CommunicationManager: onUpstreamReceive mPropertyId 0x214021be
12-30 10:07:11.445   398   464 D adayocomadapter-CommunicationManager: convertBytesToInt32Memcpy  0
12-30 10:07:11.445   398   464 I vw-vhal : notifyVehicleProperty, propId = 0x214021be, data = {status: 2, int32Values: [0]}
12-30 10:07:11.445   398   464 I vw-vhal : CanSignalsAdapter::notifyVehicleProperty: solvedValue = {.timestamp = 5367267450637, .areaId = 0, .prop = 557851070, .status = AVAILABLE, .value = {.int32Values = [1]{0}, .floatValues = [0]{}, .int64Values = [0]{}, .bytes = [0]{}, .stringValue = ""}}
12-30 10:07:11.445   398   464 I VehiclePropertyStore: begin to write value to Store: {.timestamp = 5367267450637, .areaId = 0, .prop = 557851070, .status = AVAILABLE, .value = {.int32Values = [1]{0}, .floatValues = [0]{}, .int64Values = [0]{}, .bytes = [0]{}, .stringValue = ""}}
12-30 10:07:11.445   398   464 I DefaultVehicleHal_v2_0: DefaultVehicleHal::onPropertyValue, value:{.timestamp = 5367267450637, .areaId = 0, .prop = 557851070, .status = AVAILABLE, .value = {.int32Values = [1]{0}, .floatValues = [0]{}, .int64Values = [0]{}, .bytes = [0]{}, .stringValue = ""}}
12-30 10:07:11.445   398   464 D DiagPropHandler: is not DiagnosticConfig: 0x214021be
12-30 10:07:11.445   398   464 I VehiclePropertyStore: begin to write value to Store: {.timestamp = 5367267450637, .areaId = 0, .prop = 557851070, .status = AVAILABLE, .value = {.int32Values = [1]{0}, .floatValues = [0]{}, .int64Values = [0]{}, .bytes = [0]{}, .stringValue = ""}}
12-30 10:07:11.446   398   464 D adayocomadapter-CommunicationManager: onUpstreamReceive mPropertyId 0x214021be
12-30 10:07:11.446   398   464 D adayocomadapter-CommunicationManager: onUpstreamReceive mPropertyId 0x2140215d
12-30 10:07:11.446   398   464 D adayocomadapter-CommunicationManager: convertBytesToInt32Memcpy  0
12-30 10:07:11.446   398   464 I vw-vhal : notifyVehicleProperty, propId = 0x2140215d, data = {status: 2, int32Values: [0]}
12-30 10:07:11.446   398   464 I vw-vhal : CanSignalsAdapter::notifyVehicleProperty: solvedValue = {.timestamp = 5367268117637, .areaId = 0, .prop = 557850973, .status = AVAILABLE, .value = {.int32Values = [1]{0}, .floatValues = [0]{}, .int64Values = [0]{}, .bytes = [0]{}, .stringValue = ""}}
12-30 10:07:11.446   398   464 I VehiclePropertyStore: begin to write value to Store: {.timestamp = 5367268117637, .areaId = 0, .prop = 557850973, .status = AVAILABLE, .value = {.int32Values = [1]{0}, .floatValues = [0]{}, .int64Values = [0]{}, .bytes = [0]{}, .stringValue = ""}}
12-30 10:07:11.446   398   464 I DefaultVehicleHal_v2_0: DefaultVehicleHal::onPropertyValue, value:{.timestamp = 5367268117637, .areaId = 0, .prop = 557850973, .status = AVAILABLE, .value = {.int32Values = [1]{0}, .floatValues = [0]{}, .int64Values = [0]{}, .bytes = [0]{}, .stringValue = ""}}
12-30 10:07:11.446   398   464 D DiagPropHandler: is not DiagnosticConfig: 0x2140215d
12-30 10:07:11.446   398   464 I VehiclePropertyStore: begin to write value to Store: {.timestamp = 5367268117637, .areaId = 0, .prop = 557850973, .status = AVAILABLE, .value = {.int32Values = [1]{0}, .floatValues = [0]{}, .int64Values = [0]{}, .bytes = [0]{}, .stringValue = ""}}
12-30 10:07:11.446   398   464 D adayocomadapter-CommunicationManager: onUpstreamReceive mPropertyId 0x2140215d
12-30 10:07:11.446   398   464 D adayocomadapter-CommunicationManager: onUpstreamReceive mPropertyId 0x2140221f
12-30 10:07:11.446   398   464 D adayocomadapter-CommunicationManager: convertBytesToInt32Memcpy  0
12-30 10:07:11.446   398   464 I vw-vhal : notifyVehicleProperty, propId = 0x2140221f, data = {status: 2, int32Values: [0]}
12-30 10:07:11.446   398   464 I vw-vhal : CanSignalsAdapter::notifyVehicleProperty: solvedValue = {.timestamp = 5367268755971, .areaId = 0, .prop = 557851167, .status = AVAILABLE, .value = {.int32Values = [1]{0}, .floatValues = [0]{}, .int64Values = [0]{}, .bytes = [0]{}, .stringValue = ""}}
12-30 10:07:11.447   398   464 I VehiclePropertyStore: begin to write value to Store: {.timestamp = 5367268755971, .areaId = 0, .prop = 557851167, .status = AVAILABLE, .value = {.int32Values = [1]{0}, .floatValues = [0]{}, .int64Values = [0]{}, .bytes = [0]{}, .stringValue = ""}}
12-30 10:07:11.447   398   464 I DefaultVehicleHal_v2_0: DefaultVehicleHal::onPropertyValue, value:{.timestamp = 5367268755971, .areaId = 0, .prop = 557851167, .status = AVAILABLE, .value = {.int32Values = [1]{0}, .floatValues = [0]{}, .int64Values = [0]{}, .bytes = [0]{}, .stringValue = ""}}
12-30 10:07:11.447   398   464 D DiagPropHandler: is not DiagnosticConfig: 0x2140221f
12-30 10:07:11.447   398   464 I VehiclePropertyStore: begin to write value to Store: {.timestamp = 5367268755971, .areaId = 0, .prop = 557851167, .status = AVAILABLE, .value = {.int32Values = [1]{0}, .floatValues = [0]{}, .int64Values = [0]{}, .bytes = [0]{}, .stringValue = ""}}
12-30 10:07:11.447   398   464 D adayocomadapter-CommunicationManager: onUpstreamReceive mPropertyId 0x2140221f
12-30 10:07:11.447   398   464 D adayocomadapter-CommunicationManager: onUpstreamReceive mPropertyId 0x214021a5
12-30 10:07:11.447   398   464 D adayocomadapter-CommunicationManager: convertBytesToInt32Memcpy  0
12-30 10:07:11.447   398   464 I vw-vhal : notifyVehicleProperty, propId = 0x214021a5, data = {status: 2, int32Values: [0]}
12-30 10:07:11.447   398   464 I vw-vhal : CanSignalsAdapter::notifyVehicleProperty: solvedValue = {.timestamp = 5367269387637, .areaId = 0, .prop = 557851045, .status = AVAILABLE, .value = {.int32Values = [1]{0}, .floatValues = [0]{}, .int64Values = [0]{}, .bytes = [0]{}, .stringValue = ""}}
12-30 10:07:11.447   398   464 I VehiclePropertyStore: begin to write value to Store: {.timestamp = 5367269387637, .areaId = 0, .prop = 557851045, .status = AVAILABLE, .value = {.int32Values = [1]{0}, .floatValues = [0]{}, .int64Values = [0]{}, .bytes = [0]{}, .stringValue = ""}}
12-30 10:07:11.447   398   464 I DefaultVehicleHal_v2_0: DefaultVehicleHal::onPropertyValue, value:{.timestamp = 5367269387637, .areaId = 0, .prop = 557851045, .status = AVAILABLE, .value = {.int32Values = [1]{0}, .floatValues = [0]{}, .int64Values = [0]{}, .bytes = [0]{}, .stringValue = ""}}
12-30 10:07:11.447   398   464 D DiagPropHandler: is not DiagnosticConfig: 0x214021a5
12-30 10:07:11.447   398   464 I VehiclePropertyStore: begin to write value to Store: {.timestamp = 5367269387637, .areaId = 0, .prop = 557851045, .status = AVAILABLE, .value = {.int32Values = [1]{0}, .floatValues = [0]{}, .int64Values = [0]{}, .bytes = [0]{}, .stringValue = ""}}
12-30 10:07:11.447   398   464 D adayocomadapter-CommunicationManager: onUpstreamReceive mPropertyId 0x214021a5
12-30 10:07:11.448   398   464 D adayocomadapter-CommunicationManager: onUpstreamReceive mPropertyId 0x21402107
12-30 10:07:11.448   398   464 D adayocomadapter-CommunicationManager: convertBytesToInt32Memcpy  0
12-30 10:07:11.448   398   464 I vw-vhal : notifyVehicleProperty, propId = 0x21402107, data = {status: 2, int32Values: [0]}
12-30 10:07:11.448   398   464 I vw-vhal : CanSignalsAdapter::notifyVehicleProperty: solvedValue = {.timestamp = 5367270039304, .areaId = 0, .prop = 557850887, .status = AVAILABLE, .value = {.int32Values = [1]{0}, .floatValues = [0]{}, .int64Values = [0]{}, .bytes = [0]{}, .stringValue = ""}}
12-30 10:07:11.448   398   464 I VehiclePropertyStore: begin to write value to Store: {.timestamp = 5367270039304, .areaId = 0, .prop = 557850887, .status = AVAILABLE, .value = {.int32Values = [1]{0}, .floatValues = [0]{}, .int64Values = [0]{}, .bytes = [0]{}, .stringValue = ""}}
12-30 10:07:11.448   398   464 I DefaultVehicleHal_v2_0: DefaultVehicleHal::onPropertyValue, value:{.timestamp = 5367270039304, .areaId = 0, .prop = 557850887, .status = AVAILABLE, .value = {.int32Values = [1]{0}, .floatValues = [0]{}, .int64Values = [0]{}, .bytes = [0]{}, .stringValue = ""}}
12-30 10:07:11.448   398   464 D DiagPropHandler: is not DiagnosticConfig: 0x21402107
12-30 10:07:11.448   398   464 I VehiclePropertyStore: begin to write value to Store: {.timestamp = 5367270039304, .areaId = 0, .prop = 557850887, .status = AVAILABLE, .value = {.int32Values = [1]{0}, .floatValues = [0]{}, .int64Values = [0]{}, .bytes = [0]{}, .stringValue = ""}}
12-30 10:07:11.448   398   464 D adayocomadapter-CommunicationManager: onUpstreamReceive mPropertyId 0x21402107
12-30 10:07:11.448   398   464 D adayocomadapter-CommunicationManager: onUpstreamReceive mPropertyId 0x2140222a
12-30 10:07:11.448   398   464 D adayocomadapter-CommunicationManager: convertBytesToInt32Memcpy  0
12-30 10:07:11.448   398   464 I vw-vhal : notifyVehicleProperty, propId = 0x2140222a, data = {status: 2, int32Values: [0]}
12-30 10:07:11.448   398   464 I vw-vhal : CanSignalsAdapter::notifyVehicleProperty: solvedValue = {.timestamp = 5367270704637, .areaId = 0, .prop = 557851178, .status = AVAILABLE, .value = {.int32Values = [1]{0}, .floatValues = [0]{}, .int64Values = [0]{}, .bytes = [0]{}, .stringValue = ""}}
12-30 10:07:11.448   398   464 I VehiclePropertyStore: begin to write value to Store: {.timestamp = 5367270704637, .areaId = 0, .prop = 557851178, .status = AVAILABLE, .value = {.int32Values = [1]{0}, .floatValues = [0]{}, .int64Values = [0]{}, .bytes = [0]{}, .stringValue = ""}}
12-30 10:07:11.449   398   464 I DefaultVehicleHal_v2_0: DefaultVehicleHal::onPropertyValue, value:{.timestamp = 5367270704637, .areaId = 0, .prop = 557851178, .status = AVAILABLE, .value = {.int32Values = [1]{0}, .floatValues = [0]{}, .int64Values = [0]{}, .bytes = [0]{}, .stringValue = ""}}
12-30 10:07:11.449   398   464 D DiagPropHandler: is not DiagnosticConfig: 0x2140222a
12-30 10:07:11.449   360   458 D EvsDriver: doneWithFrame
12-30 10:07:11.449   398   464 I VehiclePropertyStore: begin to write value to Store: {.timestamp = 5367270704637, .areaId = 0, .prop = 557851178, .status = AVAILABLE, .value = {.int32Values = [1]{0}, .floatValues = [0]{}, .int64Values = [0]{}, .bytes = [0]{}, .stringValue = ""}}
12-30 10:07:11.449   398   464 D adayocomadapter-CommunicationManager: onUpstreamReceive mPropertyId 0x2140222a
12-30 10:07:11.449   398   464 D adayocomadapter-CommunicationManager: onUpstreamReceive mPropertyId 0x214021c3
12-30 10:07:11.449   398   464 D adayocomadapter-CommunicationManager: convertBytesToInt32Memcpy  0
12-30 10:07:11.449   398   464 I vw-vhal : notifyVehicleProperty, propId = 0x214021c3, data = {status: 2, int32Values: [0]}
12-30 10:07:11.449   398   464 I vw-vhal : CanSignalsAdapter::notifyVehicleProperty: solvedValue = {.timestamp = 5367271595637, .areaId = 0, .prop = 557851075, .status = AVAILABLE, .value = {.int32Values = [1]{0}, .floatValues = [0]{}, .int64Values = [0]{}, .bytes = [0]{}, .stringValue = ""}}
12-30 10:07:11.449   398   464 I VehiclePropertyStore: begin to write value to Store: {.timestamp = 5367271595637, .areaId = 0, .prop = 557851075, .status = AVAILABLE, .value = {.int32Values = [1]{0}, .floatValues = [0]{}, .int64Values = [0]{}, .bytes = [0]{}, .stringValue = ""}}
12-30 10:07:11.449   398   464 I DefaultVehicleHal_v2_0: DefaultVehicleHal::onPropertyValue, value:{.timestamp = 5367271595637, .areaId = 0, .prop = 557851075, .status = AVAILABLE, .value = {.int32Values = [1]{0}, .floatValues = [0]{}, .int64Values = [0]{}, .bytes = [0]{}, .stringValue = ""}}
12-30 10:07:11.450   398   464 D DiagPropHandler: is not DiagnosticConfig: 0x214021c3
12-30 10:07:11.450   398   464 I VehiclePropertyStore: begin to write value to Store: {.timestamp = 5367271595637, .areaId = 0, .prop = 557851075, .status = AVAILABLE, .value = {.int32Values = [1]{0}, .floatValues = [0]{}, .int64Values = [0]{}, .bytes = [0]{}, .stringValue = ""}}
12-30 10:07:11.450   398   464 D adayocomadapter-CommunicationManager: onUpstreamReceive mPropertyId 0x214021c3
12-30 10:07:11.450   398   464 D adayocomadapter-CommunicationManager: onUpstreamReceive mPropertyId 0x214021a8
12-30 10:07:11.450   398   464 D adayocomadapter-CommunicationManager: convertBytesToInt32Memcpy  0
12-30 10:07:11.450   398   464 I vw-vhal : notifyVehicleProperty, propId = 0x214021a8, data = {status: 2, int32Values: [0]}
12-30 10:07:11.450   398   464 I vw-vhal : CanSignalsAdapter::notifyVehicleProperty: solvedValue = {.timestamp = 5367272607637, .areaId = 0, .prop = 557851048, .status = AVAILABLE, .value = {.int32Values = [1]{0}, .floatValues = [0]{}, .int64Values = [0]{}, .bytes = [0]{}, .stringValue = ""}}
12-30 10:07:11.450   398   464 I VehiclePropertyStore: begin to write value to Store: {.timestamp = 5367272607637, .areaId = 0, .prop = 557851048, .status = AVAILABLE, .value = {.int32Values = [1]{0}, .floatValues = [0]{}, .int64Values = [0]{}, .bytes = [0]{}, .stringValue = ""}}
12-30 10:07:11.450   398   464 I DefaultVehicleHal_v2_0: DefaultVehicleHal::onPropertyValue, value:{.timestamp = 5367272607637, .areaId = 0, .prop = 557851048, .status = AVAILABLE, .value = {.int32Values = [1]{0}, .floatValues = [0]{}, .int64Values = [0]{}, .bytes = [0]{}, .stringValue = ""}}
12-30 10:07:11.451   398   464 D DiagPropHandler: is not DiagnosticConfig: 0x214021a8
12-30 10:07:11.451   398   464 I VehiclePropertyStore: begin to write value to Store: {.timestamp = 5367272607637, .areaId = 0, .prop = 557851048, .status = AVAILABLE, .value = {.int32Values = [1]{0}, .floatValues = [0]{}, .int64Values = [0]{}, .bytes = [0]{}, .stringValue = ""}}
12-30 10:07:11.451   398   464 D adayocomadapter-CommunicationManager: onUpstreamReceive mPropertyId 0x214021a8
12-30 10:07:11.451   398   464 D adayocomadapter-CommunicationManager: onUpstreamReceive mPropertyId 0x214021a6
12-30 10:07:11.451   398   464 D adayocomadapter-CommunicationManager: convertBytesToInt32Memcpy  0
12-30 10:07:11.451   398   464 I vw-vhal : notifyVehicleProperty, propId = 0x214021a6, data = {status: 2, int32Values: [0]}
12-30 10:07:11.451   398   464 I vw-vhal : CanSignalsAdapter::notifyVehicleProperty: solvedValue = {.timestamp = 5367273379971, .areaId = 0, .prop = 557851046, .status = AVAILABLE, .value = {.int32Values = [1]{0}, .floatValues = [0]{}, .int64Values = [0]{}, .bytes = [0]{}, .stringValue = ""}}
12-30 10:07:11.451   398   464 I VehiclePropertyStore: begin to write value to Store: {.timestamp = 5367273379971, .areaId = 0, .prop = 557851046, .status = AVAILABLE, .value = {.int32Values = [1]{0}, .floatValues = [0]{}, .int64Values = [0]{}, .bytes = [0]{}, .stringValue = ""}}
12-30 10:07:11.451   398   464 I DefaultVehicleHal_v2_0: DefaultVehicleHal::onPropertyValue, value:{.timestamp = 5367273379971, .areaId = 0, .prop = 557851046, .status = AVAILABLE, .value = {.int32Values = [1]{0}, .floatValues = [0]{}, .int64Values = [0]{}, .bytes = [0]{}, .stringValue = ""}}
12-30 10:07:11.451   398   464 D DiagPropHandler: is not DiagnosticConfig: 0x214021a6
12-30 10:07:11.451   398   464 I VehiclePropertyStore: begin to write value to Store: {.timestamp = 5367273379971, .areaId = 0, .prop = 557851046, .status = AVAILABLE, .value = {.int32Values = [1]{0}, .floatValues = [0]{}, .int64Values = [0]{}, .bytes = [0]{}, .stringValue = ""}}
12-30 10:07:11.451   398   464 D adayocomadapter-CommunicationManager: onUpstreamReceive mPropertyId 0x214021a6
12-30 10:07:11.452   398   464 D adayocomadapter-CommunicationManager: onUpstreamReceive mPropertyId 0x214021a7
12-30 10:07:11.452   398   464 D adayocomadapter-CommunicationManager: convertBytesToInt32Memcpy  0
12-30 10:07:11.452   398   464 I vw-vhal : notifyVehicleProperty, propId = 0x214021a7, data = {status: 2, int32Values: [0]}
12-30 10:07:11.452   398   464 I vw-vhal : CanSignalsAdapter::notifyVehicleProperty: solvedValue = {.timestamp = 5367274042971, .areaId = 0, .prop = 557851047, .status = AVAILABLE, .value = {.int32Values = [1]{0}, .floatValues = [0]{}, .int64Values = [0]{}, .bytes = [0]{}, .stringValue = ""}}
12-30 10:07:11.452   398   464 I VehiclePropertyStore: begin to write value to Store: {.timestamp = 5367274042971, .areaId = 0, .prop = 557851047, .status = AVAILABLE, .value = {.int32Values = [1]{0}, .floatValues = [0]{}, .int64Values = [0]{}, .bytes = [0]{}, .stringValue = ""}}
12-30 10:07:11.452   398   464 I DefaultVehicleHal_v2_0: DefaultVehicleHal::onPropertyValue, value:{.timestamp = 5367274042971, .areaId = 0, .prop = 557851047, .status = AVAILABLE, .value = {.int32Values = [1]{0}, .floatValues = [0]{}, .int64Values = [0]{}, .bytes = [0]{}, .stringValue = ""}}
12-30 10:07:11.452   398   464 D DiagPropHandler: is not DiagnosticConfig: 0x214021a7
12-30 10:07:11.452   398   464 I VehiclePropertyStore: begin to write value to Store: {.timestamp = 5367274042971, .areaId = 0, .prop = 557851047, .status = AVAILABLE, .value = {.int32Values = [1]{0}, .floatValues = [0]{}, .int64Values = [0]{}, .bytes = [0]{}, .stringValue = ""}}
12-30 10:07:11.452   398   464 D adayocomadapter-CommunicationManager: onUpstreamReceive mPropertyId 0x214021a7
12-30 10:07:11.452   398   464 D adayocomadapter-CommunicationManager: onUpstreamReceive mPropertyId 0x21402208
12-30 10:07:11.452   398   464 D adayocomadapter-CommunicationManager: convertBytesToInt32Memcpy  0
12-30 10:07:11.452   398   464 I vw-vhal : notifyVehicleProperty, propId = 0x21402208, data = {status: 2, int32Values: [0]}
12-30 10:07:11.452   398   464 I vw-vhal : CanSignalsAdapter::notifyVehicleProperty: solvedValue = {.timestamp = 5367274703304, .areaId = 0, .prop = 557851144, .status = AVAILABLE, .value = {.int32Values = [1]{0}, .floatValues = [0]{}, .int64Values = [0]{}, .bytes = [0]{}, .stringValue = ""}}
12-30 10:07:11.452   398   464 I VehiclePropertyStore: begin to write value to Store: {.timestamp = 5367274703304, .areaId = 0, .prop = 557851144, .status = AVAILABLE, .value = {.int32Values = [1]{0}, .floatValues = [0]{}, .int64Values = [0]{}, .bytes = [0]{}, .stringValue = ""}}
12-30 10:07:11.453   398   464 I DefaultVehicleHal_v2_0: DefaultVehicleHal::onPropertyValue, value:{.timestamp = 5367274703304, .areaId = 0, .prop = 557851144, .status = AVAILABLE, .value = {.int32Values = [1]{0}, .floatValues = [0]{}, .int64Values = [0]{}, .bytes = [0]{}, .stringValue = ""}}
12-30 10:07:11.453   398   464 D DiagPropHandler: is not DiagnosticConfig: 0x21402208
12-30 10:07:11.453   398   464 I VehiclePropertyStore: begin to write value to Store: {.timestamp = 5367274703304, .areaId = 0, .prop = 557851144, .status = AVAILABLE, .value = {.int32Values = [1]{0}, .floatValues = [0]{}, .int64Values = [0]{}, .bytes = [0]{}, .stringValue = ""}}
12-30 10:07:11.453   398   464 D adayocomadapter-CommunicationManager: onUpstreamReceive mPropertyId 0x21402208
12-30 10:07:11.453   398   464 D adayocomadapter-CommunicationManager: onUpstreamReceive mPropertyId 0x214021a9
12-30 10:07:11.453   398   464 D adayocomadapter-CommunicationManager: convertBytesToInt32Memcpy  0
12-30 10:07:11.453   398   464 I vw-vhal : notifyVehicleProperty, propId = 0x214021a9, data = {status: 2, int32Values: [0]}
12-30 10:07:11.453   398   464 I vw-vhal : CanSignalsAdapter::notifyVehicleProperty: solvedValue = {.timestamp = 5367275325971, .areaId = 0, .prop = 557851049, .status = AVAILABLE, .value = {.int32Values = [1]{0}, .floatValues = [0]{}, .int64Values = [0]{}, .bytes = [0]{}, .stringValue = ""}}
12-30 10:07:11.453   398   464 I VehiclePropertyStore: begin to write value to Store: {.timestamp = 5367275325971, .areaId = 0, .prop = 557851049, .status = AVAILABLE, .value = {.int32Values = [1]{0}, .floatValues = [0]{}, .int64Values = [0]{}, .bytes = [0]{}, .stringValue = ""}}
12-30 10:07:11.453   398   464 I DefaultVehicleHal_v2_0: DefaultVehicleHal::onPropertyValue, value:{.timestamp = 5367275325971, .areaId = 0, .prop = 557851049, .status = AVAILABLE, .value = {.int32Values = [1]{0}, .floatValues = [0]{}, .int64Values = [0]{}, .bytes = [0]{}, .stringValue = ""}}
12-30 10:07:11.453   398   464 D DiagPropHandler: is not DiagnosticConfig: 0x214021a9
12-30 10:07:11.453   398   464 I VehiclePropertyStore: begin to write value to Store: {.timestamp = 5367275325971, .areaId = 0, .prop = 557851049, .status = AVAILABLE, .value = {.int32Values = [1]{0}, .floatValues = [0]{}, .int64Values = [0]{}, .bytes = [0]{}, .stringValue = ""}}
12-30 10:07:11.453   398   464 D adayocomadapter-CommunicationManager: onUpstreamReceive mPropertyId 0x214021a9
12-30 10:07:11.453   398   464 D adayocomadapter-CommunicationManager: onUpstreamReceive mPropertyId 0x214021aa
12-30 10:07:11.453   398   464 D adayocomadapter-CommunicationManager: convertBytesToInt32Memcpy  0
12-30 10:07:11.454   398   464 I vw-vhal : notifyVehicleProperty, propId = 0x214021aa, data = {status: 2, int32Values: [0]}
12-30 10:07:11.454   398   464 I vw-vhal : CanSignalsAdapter::notifyVehicleProperty: solvedValue = {.timestamp = 5367275950304, .areaId = 0, .prop = 557851050, .status = AVAILABLE, .value = {.int32Values = [1]{0}, .floatValues = [0]{}, .int64Values = [0]{}, .bytes = [0]{}, .stringValue = ""}}
12-30 10:07:11.454   398   464 I VehiclePropertyStore: begin to write value to Store: {.timestamp = 5367275950304, .areaId = 0, .prop = 557851050, .status = AVAILABLE, .value = {.int32Values = [1]{0}, .floatValues = [0]{}, .int64Values = [0]{}, .bytes = [0]{}, .stringValue = ""}}
12-30 10:07:11.454   398   464 I DefaultVehicleHal_v2_0: DefaultVehicleHal::onPropertyValue, value:{.timestamp = 5367275950304, .areaId = 0, .prop = 557851050, .status = AVAILABLE, .value = {.int32Values = [1]{0}, .floatValues = [0]{}, .int64Values = [0]{}, .bytes = [0]{}, .stringValue = ""}}
12-30 10:07:11.454   398   464 D DiagPropHandler: is not DiagnosticConfig: 0x214021aa
12-30 10:07:11.454   398   464 I VehiclePropertyStore: begin to write value to Store: {.timestamp = 5367275950304, .areaId = 0, .prop = 557851050, .status = AVAILABLE, .value = {.int32Values = [1]{0}, .floatValues = [0]{}, .int64Values = [0]{}, .bytes = [0]{}, .stringValue = ""}}
12-30 10:07:11.454   398   464 D adayocomadapter-CommunicationManager: onUpstreamReceive mPropertyId 0x214021aa
12-30 10:07:11.454   398   464 D adayocomadapter-CommunicationManager: onUpstreamReceive mPropertyId 0x214021ab
12-30 10:07:11.454   398   464 D adayocomadapter-CommunicationManager: convertBytesToInt32Memcpy  0
12-30 10:07:11.454   398   464 I vw-vhal : notifyVehicleProperty, propId = 0x214021ab, data = {status: 2, int32Values: [0]}
12-30 10:07:11.454   398   464 I vw-vhal : CanSignalsAdapter::notifyVehicleProperty: solvedValue = {.timestamp = 5367276614971, .areaId = 0, .prop = 557851051, .status = AVAILABLE, .value = {.int32Values = [1]{0}, .floatValues = [0]{}, .int64Values = [0]{}, .bytes = [0]{}, .stringValue = ""}}
12-30 10:07:11.454   398   464 I VehiclePropertyStore: begin to write value to Store: {.timestamp = 5367276614971, .areaId = 0, .prop = 557851051, .status = AVAILABLE, .value = {.int32Values = [1]{0}, .floatValues = [0]{}, .int64Values = [0]{}, .bytes = [0]{}, .stringValue = ""}}
12-30 10:07:11.454   398   464 I DefaultVehicleHal_v2_0: DefaultVehicleHal::onPropertyValue, value:{.timestamp = 5367276614971, .areaId = 0, .prop = 557851051, .status = AVAILABLE, .value = {.int32Values = [1]{0}, .floatValues = [0]{}, .int64Values = [0]{}, .bytes = [0]{}, .stringValue = ""}}
12-30 10:07:11.455   398   464 D DiagPropHandler: is not DiagnosticConfig: 0x214021ab
12-30 10:07:11.455   398   464 I VehiclePropertyStore: begin to write value to Store: {.timestamp = 5367276614971, .areaId = 0, .prop = 557851051, .status = AVAILABLE, .value = {.int32Values = [1]{0}, .floatValues = [0]{}, .int64Values = [0]{}, .bytes = [0]{}, .stringValue = ""}}
12-30 10:07:11.455   398   464 D adayocomadapter-CommunicationManager: onUpstreamReceive mPropertyId 0x214021ab
12-30 10:07:11.455   398   464 D adayocomadapter-CommunicationManager: onUpstreamReceive mPropertyId 0x214021ac
12-30 10:07:11.455   398   464 D adayocomadapter-CommunicationManager: convertBytesToInt32Memcpy  0
12-30 10:07:11.455   398   464 I vw-vhal : notifyVehicleProperty, propId = 0x214021ac, data = {status: 2, int32Values: [0]}
12-30 10:07:11.455   398   464 I vw-vhal : CanSignalsAdapter::notifyVehicleProperty: solvedValue = {.timestamp = 5367277237971, .areaId = 0, .prop = 557851052, .status = AVAILABLE, .value = {.int32Values = [1]{0}, .floatValues = [0]{}, .int64Values = [0]{}, .bytes = [0]{}, .stringValue = ""}}
12-30 10:07:11.455   398   464 I VehiclePropertyStore: begin to write value to Store: {.timestamp = 5367277237971, .areaId = 0, .prop = 557851052, .status = AVAILABLE, .value = {.int32Values = [1]{0}, .floatValues = [0]{}, .int64Values = [0]{}, .bytes = [0]{}, .stringValue = ""}}
12-30 10:07:11.455   398   464 I DefaultVehicleHal_v2_0: DefaultVehicleHal::onPropertyValue, value:{.timestamp = 5367277237971, .areaId = 0, .prop = 557851052, .status = AVAILABLE, .value = {.int32Values = [1]{0}, .floatValues = [0]{}, .int64Values = [0]{}, .bytes = [0]{}, .stringValue = ""}}
12-30 10:07:11.455   398   464 D DiagPropHandler: is not DiagnosticConfig: 0x214021ac
12-30 10:07:11.455   398   464 I VehiclePropertyStore: begin to write value to Store: {.timestamp = 5367277237971, .areaId = 0, .prop = 557851052, .status = AVAILABLE, .value = {.int32Values = [1]{0}, .floatValues = [0]{}, .int64Values = [0]{}, .bytes = [0]{}, .stringValue = ""}}
12-30 10:07:11.455   398   464 D adayocomadapter-CommunicationManager: onUpstreamReceive mPropertyId 0x214021ac
12-30 10:07:11.455   398   464 D adayocomadapter-CommunicationManager: onUpstreamReceive mPropertyId 0x2140220d
12-30 10:07:11.455   398   464 D adayocomadapter-CommunicationManager: convertBytesToInt32Memcpy  0
12-30 10:07:11.455   398   464 I vw-vhal : notifyVehicleProperty, propId = 0x2140220d, data = {status: 2, int32Values: [0]}
