12-30 10:07:12.671   398   464 I DefaultVehicleHal_v2_0: DefaultVehicleHal::onPropertyValue, value:{.timestamp = 5368492720638, .areaId = 0, .prop = 557850961, .status = AVAILABLE, .value = {.int32Values = [1]{0}, .floatValues = [0]{}, .int64Values = [0]{}, .bytes = [0]{}, .stringValue = ""}}
12-30 10:07:12.671   398   464 D DiagPropHandler: is not DiagnosticConfig: 0x21402151
12-30 10:07:12.671   398   464 I VehiclePropertyStore: begin to write value to Store: {.timestamp = 5368492720638, .areaId = 0, .prop = 557850961, .status = AVAILABLE, .value = {.int32Values = [1]{0}, .floatValues = [0]{}, .int64Values = [0]{}, .bytes = [0]{}, .stringValue = ""}}
12-30 10:07:12.671   398   464 D adayocomadapter-CommunicationManager: onUpstreamReceive mPropertyId 0x21402151
12-30 10:07:12.671   398   464 D adayocomadapter-CommunicationManager: onUpstreamReceive mPropertyId 0x21402145
12-30 10:07:12.671   398   464 I vw-vhal : notifyVehicleProperty, propId = 0x21402145, data = {status: 2, int32Values: [0, 0]}
12-30 10:07:12.671   398   464 D adayocomadapter-CommunicationManager: onUpstreamReceive mPropertyId 0x21402145
12-30 10:07:12.671   398   464 D adayocomadapter-CommunicationManager: onUpstreamReceive mPropertyId 0x2140213d
12-30 10:07:12.671   398   464 D adayocomadapter-CommunicationManager: convertBytesToInt32Memcpy  0
12-30 10:07:12.671   398   464 I vw-vhal : notifyVehicleProperty, propId = 0x2140213d, data = {status: 2, int32Values: [0]}
12-30 10:07:12.671   398   464 I vw-vhal : CanSignalsAdapter::notifyVehicleProperty: solvedValue = {.timestamp = 5368493578638, .areaId = 0, .prop = 557850941, .status = AVAILABLE, .value = {.int32Values = [1]{0}, .floatValues = [0]{}, .int64Values = [0]{}, .bytes = [0]{}, .stringValue = ""}}
12-30 10:07:12.671   398   464 I VehiclePropertyStore: begin to write value to Store: {.timestamp = 5368493578638, .areaId = 0, .prop = 557850941, .status = AVAILABLE, .value = {.int32Values = [1]{0}, .floatValues = [0]{}, .int64Values = [0]{}, .bytes = [0]{}, .stringValue = ""}}
12-30 10:07:12.671   398   464 I DefaultVehicleHal_v2_0: DefaultVehicleHal::onPropertyValue, value:{.timestamp = 5368493578638, .areaId = 0, .prop = 557850941, .status = AVAILABLE, .value = {.int32Values = [1]{0}, .floatValues = [0]{}, .int64Values = [0]{}, .bytes = [0]{}, .stringValue = ""}}
12-30 10:07:12.672   398   464 D DiagPropHandler: is not DiagnosticConfig: 0x2140213d
12-30 10:07:12.672   398   464 I VehiclePropertyStore: begin to write value to Store: {.timestamp = 5368493578638, .areaId = 0, .prop = 557850941, .status = AVAILABLE, .value = {.int32Values = [1]{0}, .floatValues = [0]{}, .int64Values = [0]{}, .bytes = [0]{}, .stringValue = ""}}
12-30 10:07:12.672   398   464 D adayocomadapter-CommunicationManager: onUpstreamReceive mPropertyId 0x2140213d
12-30 10:07:12.672   398   464 D adayocomadapter-CommunicationManager: onUpstreamReceive mPropertyId 0x2140213e
12-30 10:07:12.672   398   464 D adayocomadapter-CommunicationManager: convertBytesToInt32Memcpy  0
12-30 10:07:12.672   398   464 I vw-vhal : notifyVehicleProperty, propId = 0x2140213e, data = {status: 2, int32Values: [0]}
12-30 10:07:12.672   398   464 I vw-vhal : CanSignalsAdapter::notifyVehicleProperty: solvedValue = {.timestamp = 5368494218638, .areaId = 0, .prop = 557850942, .status = AVAILABLE, .value = {.int32Values = [1]{0}, .floatValues = [0]{}, .int64Values = [0]{}, .bytes = [0]{}, .stringValue = ""}}
12-30 10:07:12.672   360   931 D EvsDriver: forwardFrame
12-30 10:07:12.672   398   464 I VehiclePropertyStore: begin to write value to Store: {.timestamp = 5368494218638, .areaId = 0, .prop = 557850942, .status = AVAILABLE, .value = {.int32Values = [1]{0}, .floatValues = [0]{}, .int64Values = [0]{}, .bytes = [0]{}, .stringValue = ""}}
12-30 10:07:12.672   360   931 D EvsDriver: forwardFrameDirect
12-30 10:07:12.672   398   464 I DefaultVehicleHal_v2_0: DefaultVehicleHal::onPropertyValue, value:{.timestamp = 5368494218638, .areaId = 0, .prop = 557850942, .status = AVAILABLE, .value = {.int32Values = [1]{0}, .floatValues = [0]{}, .int64Values = [0]{}, .bytes = [0]{}, .stringValue = ""}}
12-30 10:07:12.672   398   464 D DiagPropHandler: is not DiagnosticConfig: 0x2140213e
12-30 10:07:12.672   398   464 I VehiclePropertyStore: begin to write value to Store: {.timestamp = 5368494218638, .areaId = 0, .prop = 557850942, .status = AVAILABLE, .value = {.int32Values = [1]{0}, .floatValues = [0]{}, .int64Values = [0]{}, .bytes = [0]{}, .stringValue = ""}}
12-30 10:07:12.672   398   464 D adayocomadapter-CommunicationManager: onUpstreamReceive mPropertyId 0x2140213e
12-30 10:07:12.672   398   464 D adayocomadapter-CommunicationManager: onUpstreamReceive mPropertyId 0x2140214a
12-30 10:07:12.672   398   464 D adayocomadapter-CommunicationManager: convertBytesToInt32Memcpy  0
12-30 10:07:12.672   360   931 D EvsDriver: Delivered 0xb400e2ca9e40d4b0 as id 1
12-30 10:07:12.672   398   464 I vw-vhal : notifyVehicleProperty, propId = 0x2140214a, data = {status: 2, int32Values: [0]}
12-30 10:07:12.673   398   464 I vw-vhal : CanSignalsAdapter::notifyVehicleProperty: solvedValue = {.timestamp = 5368494875971, .areaId = 0, .prop = 557850954, .status = AVAILABLE, .value = {.int32Values = [1]{0}, .floatValues = [0]{}, .int64Values = [0]{}, .bytes = [0]{}, .stringValue = ""}}
12-30 10:07:12.673   359  2784 D evsmanagerd: /dev/video-evs0 forwarded the buffer #1 to 0xb400f125d2b26dd0 from 0xb400f125e2b20710
12-30 10:07:12.673   398   464 I VehiclePropertyStore: begin to write value to Store: {.timestamp = 5368494875971, .areaId = 0, .prop = 557850954, .status = AVAILABLE, .value = {.int32Values = [1]{0}, .floatValues = [0]{}, .int64Values = [0]{}, .bytes = [0]{}, .stringValue = ""}}
12-30 10:07:12.673   398   464 I DefaultVehicleHal_v2_0: DefaultVehicleHal::onPropertyValue, value:{.timestamp = 5368494875971, .areaId = 0, .prop = 557850954, .status = AVAILABLE, .value = {.int32Values = [1]{0}, .floatValues = [0]{}, .int64Values = [0]{}, .bytes = [0]{}, .stringValue = ""}}
12-30 10:07:12.673   398   464 D DiagPropHandler: is not DiagnosticConfig: 0x2140214a
12-30 10:07:12.673   398   464 I VehiclePropertyStore: begin to write value to Store: {.timestamp = 5368494875971, .areaId = 0, .prop = 557850954, .status = AVAILABLE, .value = {.int32Values = [1]{0}, .floatValues = [0]{}, .int64Values = [0]{}, .bytes = [0]{}, .stringValue = ""}}
12-30 10:07:12.673   398   464 D adayocomadapter-CommunicationManager: onUpstreamReceive mPropertyId 0x2140214a
12-30 10:07:12.674   360   458 D EvsDriver: doneWithFrame
01-01 09:29:29.693     1     1 I init    : starting service 'trace_resource'...
12-30 10:07:12.699  2358  2623 D RcfController: Rcf proxy is not connected!
12-30 10:07:12.705   360   931 D EvsDriver: forwardFrame
12-30 10:07:12.705   360   931 D EvsDriver: forwardFrameDirect
12-30 10:07:12.706   360   931 D EvsDriver: Delivered 0xb400e2ca9e40c2d0 as id 0
12-30 10:07:12.706   359  2784 D evsmanagerd: /dev/video-evs0 forwarded the buffer #0 to 0xb400f125d2b26dd0 from 0xb400f125e2b20710
12-30 10:07:12.714  2475  2705 D navi-libSdk-J01-Sdk: isServiceConnected: true
12-30 10:07:12.714  2475  2705 D NaviAdapter: remote service connected
12-30 10:07:12.715   360   458 D EvsDriver: doneWithFrame
01-01 09:29:29.730     1     1 I init    : ... started service 'trace_resource' has pid 14019
12-30 10:07:12.732   596  3076 E WifiHAL : Invalid data received from driver
12-30 10:07:12.739   360   931 D EvsDriver: forwardFrame
12-30 10:07:12.739   360   931 D EvsDriver: forwardFrameDirect
12-30 10:07:12.739   360   931 D EvsDriver: Delivered 0xb400e2ca9e40d090 as id 1
12-30 10:07:12.739   359  2784 D evsmanagerd: /dev/video-evs0 forwarded the buffer #1 to 0xb400f125d2b26dd0 from 0xb400f125e2b20710
12-30 10:07:12.745   360   458 D EvsDriver: doneWithFrame
12-30 10:07:12.749  2358  2623 D RcfController: Rcf proxy is not connected!
12-30 10:07:12.748 14019 14019 I auditd  : type=1400 audit(0.0:603140): avc:  denied  { getattr } for  comm="sh" path="/system/bin/toybox" dev="dm-1" ino=8926292 scontext=u:r:trace_resource:s0 tcontext=u:object_r:toolbox_exec:s0 tclass=file permissive=1
12-30 10:07:12.748 14019 14019 I sh      : type=1400 audit(0.0:603140): avc:  denied  { getattr } for  path="/system/bin/toybox" dev="dm-1" ino=8926292 scontext=u:r:trace_resource:s0 tcontext=u:object_r:toolbox_exec:s0 tclass=file permissive=1
12-30 10:07:12.748 14019 14019 I auditd  : type=1400 audit(0.0:603141): avc:  denied  { execute } for  comm="sh" name="toybox" dev="dm-1" ino=8926292 scontext=u:r:trace_resource:s0 tcontext=u:object_r:toolbox_exec:s0 tclass=file permissive=1
12-30 10:07:12.748 14019 14019 I sh      : type=1400 audit(0.0:603141): avc:  denied  { execute } for  name="toybox" dev="dm-1" ino=8926292 scontext=u:r:trace_resource:s0 tcontext=u:object_r:toolbox_exec:s0 tclass=file permissive=1
12-30 10:07:12.752 14020 14020 I auditd  : type=1400 audit(0.0:603142): avc:  denied  { read open } for  comm="sh" path="/system/bin/toybox" dev="dm-1" ino=8926292 scontext=u:r:trace_resource:s0 tcontext=u:object_r:toolbox_exec:s0 tclass=file permissive=1
12-30 10:07:12.752 14020 14020 I sh      : type=1400 audit(0.0:603142): avc:  denied  { read open } for  path="/system/bin/toybox" dev="dm-1" ino=8926292 scontext=u:r:trace_resource:s0 tcontext=u:object_r:toolbox_exec:s0 tclass=file permissive=1
12-30 10:07:12.752 14020 14020 I auditd  : type=1400 audit(0.0:603143): avc:  denied  { execute_no_trans } for  comm="sh" path="/system/bin/toybox" dev="dm-1" ino=8926292 scontext=u:r:trace_resource:s0 tcontext=u:object_r:toolbox_exec:s0 tclass=file permissive=1
12-30 10:07:12.752 14020 14020 I sh      : type=1400 audit(0.0:603143): avc:  denied  { execute_no_trans } for  path="/system/bin/toybox" dev="dm-1" ino=8926292 scontext=u:r:trace_resource:s0 tcontext=u:object_r:toolbox_exec:s0 tclass=file permissive=1
12-30 10:07:12.752 14020 14020 I auditd  : type=1400 audit(0.0:603144): avc:  denied  { map } for  comm="log" path="/system/bin/toybox" dev="dm-1" ino=8926292 scontext=u:r:trace_resource:s0 tcontext=u:object_r:toolbox_exec:s0 tclass=file permissive=1
12-30 10:07:12.752 14020 14020 I log     : type=1400 audit(0.0:603144): avc:  denied  { map } for  path="/system/bin/toybox" dev="dm-1" ino=8926292 scontext=u:r:trace_resource:s0 tcontext=u:object_r:toolbox_exec:s0 tclass=file permissive=1
12-30 10:07:12.762   596  3076 E WifiHAL : Invalid data received from driver
12-30 10:07:12.762   596  3076 E WifiHAL : Invalid data received from driver
12-30 10:07:12.762   596  3076 E WifiHAL : Invalid data received from driver
12-30 10:07:12.762   596  3076 E WifiHAL : Invalid data received from driver
12-30 10:07:12.762   596  3076 E WifiHAL : Invalid data received from driver
12-30 10:07:12.762   596  3076 E WifiHAL : Invalid data received from driver
12-30 10:07:12.762   596  3076 E WifiHAL : Invalid data received from driver
12-30 10:07:12.772   360   931 D EvsDriver: forwardFrame
12-30 10:07:12.772   360   931 D EvsDriver: forwardFrameDirect
12-30 10:07:12.772   360   931 D EvsDriver: Delivered 0xb400e2ca9e40e110 as id 0
12-30 10:07:12.772   359  2784 D evsmanagerd: /dev/video-evs0 forwarded the buffer #0 to 0xb400f125d2b26dd0 from 0xb400f125e2b20710
12-30 10:07:12.774 14020 14020 I ADAYO_LOG_TRACE_RESOURCE: execute start
12-30 10:07:12.775   360   458 D EvsDriver: doneWithFrame
12-30 10:07:12.800  2358  2623 D RcfController: Rcf proxy is not connected!
12-30 10:07:12.805   360   931 D EvsDriver: forwardFrame
12-30 10:07:12.805   360   931 D EvsDriver: forwardFrameDirect
12-30 10:07:12.806   360   931 D EvsDriver: Delivered 0xb400e2ca9e40c7a0 as id 1
12-30 10:07:12.806   359  2784 D evsmanagerd: /dev/video-evs0 forwarded the buffer #1 to 0xb400f125d2b26dd0 from 0xb400f125e2b20710
12-30 10:07:12.814 14023 14023 I ADAYO_LOG_TRACE_RESOURCE: executing
12-30 10:07:12.815   360   458 D EvsDriver: doneWithFrame
12-30 10:07:12.822   596  3076 E WifiHAL : Invalid data received from driver
12-30 10:07:12.834   650   729 D fgemcucomm: sd Uart data : 6AA602A7C00002920201
12-30 10:07:12.835   650   729 D fgemcucomm: rev uart=44434,len=20, data : 6AA681A7C0000C92020005000000000000000073
12-30 10:07:12.835   398   882 D adayocomadapter-ParseProtocolFunc: printRaWMsg Name[MCUToUPstream recv] len[12] data[920200050000000000000000]
12-30 10:07:12.835   398   882 D adayocomadapter-CommunicationManager: onUpstreamback   member[0] dataLength[9] timePoint[5368657]
12-30 10:07:12.835   398   882 D adayocomadapter-ParseProtocolFunc: printRaWMsg Name[onUpstreamback] len[9] data[050000000000000000]
12-30 10:07:12.835   398   464 D adayocomadapter-UpstreamHandler: processBeforePacket upSreamtProcessTimePoint[5368657] 
12-30 10:07:12.835   398   464 D adayocomadapter-UpstreamHandler: processPacket UPSTREAM_QUEUE_DATA_TIMEOUT
12-30 10:07:12.835   398   464 D adayocomadapter-ParseProtocolFunc: parseCommonIPCLBytes Processing tableNumber[5]
12-30 10:07:12.835   398   464 D adayocomadapter-ParseProtocolFunc: parseCommonIPCLBytes Processing tablename[Table-5] tableSize[9]
12-30 10:07:12.835   398   464 D adayocomadapter-ParseProtocolFunc: printRaWMsg Name[byteStream recv] len[9] data[050000000000000000]
12-30 10:07:12.835   398   464 D adayocomadapter-ParseProtocolFunc: printRaWMsg Name[IPCLtoVHAL] len[7] data[21402134000000]
12-30 10:07:12.835   398   464 D adayocomadapter-ParseProtocolFunc: printRaWMsg Name[IPCLtoVHAL] len[7] data[21402135000000]
12-30 10:07:12.835   398   464 D adayocomadapter-ParseProtocolFunc: printRaWMsg Name[IPCLtoVHAL] len[7] data[21402136000000]
12-30 10:07:12.835   398   464 D adayocomadapter-ParseProtocolFunc: printRaWMsg Name[IPCLtoVHAL] len[7] data[21402137000000]
12-30 10:07:12.835   398   464 D adayocomadapter-CommunicationManager: onUpstreamReceive mPropertyId 0x21402134
12-30 10:07:12.835   398   464 D adayocomadapter-CommunicationManager: convertBytesToInt32Memcpy  0
12-30 10:07:12.835   398   464 I vw-vhal : notifyVehicleProperty, propId = 0x21402134, data = {status: 2, int32Values: [0]}
12-30 10:07:12.835   398   464 I vw-vhal : CanSignalsAdapter::notifyVehicleProperty: solvedValue = {.timestamp = 5368657634304, .areaId = 0, .prop = 557850932, .status = AVAILABLE, .value = {.int32Values = [1]{0}, .floatValues = [0]{}, .int64Values = [0]{}, .bytes = [0]{}, .stringValue = ""}}
12-30 10:07:12.835   398   464 I VehiclePropertyStore: begin to write value to Store: {.timestamp = 5368657634304, .areaId = 0, .prop = 557850932, .status = AVAILABLE, .value = {.int32Values = [1]{0}, .floatValues = [0]{}, .int64Values = [0]{}, .bytes = [0]{}, .stringValue = ""}}
12-30 10:07:12.835   398   464 I DefaultVehicleHal_v2_0: DefaultVehicleHal::onPropertyValue, value:{.timestamp = 5368657634304, .areaId = 0, .prop = 557850932, .status = AVAILABLE, .value = {.int32Values = [1]{0}, .floatValues = [0]{}, .int64Values = [0]{}, .bytes = [0]{}, .stringValue = ""}}
12-30 10:07:12.835   398   464 D DiagPropHandler: is not DiagnosticConfig: 0x21402134
12-30 10:07:12.835   398   464 I VehiclePropertyStore: begin to write value to Store: {.timestamp = 5368657634304, .areaId = 0, .prop = 557850932, .status = AVAILABLE, .value = {.int32Values = [1]{0}, .floatValues = [0]{}, .int64Values = [0]{}, .bytes = [0]{}, .stringValue = ""}}
12-30 10:07:12.835   398   464 D adayocomadapter-CommunicationManager: onUpstreamReceive mPropertyId 0x21402134
12-30 10:07:12.835   398   464 D adayocomadapter-CommunicationManager: onUpstreamReceive mPropertyId 0x21402135
12-30 10:07:12.835   398   464 D adayocomadapter-CommunicationManager: convertBytesToInt32Memcpy  0
12-30 10:07:12.835   398   464 I vw-vhal : notifyVehicleProperty, propId = 0x21402135, data = {status: 2, int32Values: [0]}
12-30 10:07:12.836   398   464 I vw-vhal : CanSignalsAdapter::notifyVehicleProperty: solvedValue = {.timestamp = 5368657854304, .areaId = 0, .prop = 557850933, .status = AVAILABLE, .value = {.int32Values = [1]{0}, .floatValues = [0]{}, .int64Values = [0]{}, .bytes = [0]{}, .stringValue = ""}}
12-30 10:07:12.836   398   464 I VehiclePropertyStore: begin to write value to Store: {.timestamp = 5368657854304, .areaId = 0, .prop = 557850933, .status = AVAILABLE, .value = {.int32Values = [1]{0}, .floatValues = [0]{}, .int64Values = [0]{}, .bytes = [0]{}, .stringValue = ""}}
12-30 10:07:12.836   398   464 I DefaultVehicleHal_v2_0: DefaultVehicleHal::onPropertyValue, value:{.timestamp = 5368657854304, .areaId = 0, .prop = 557850933, .status = AVAILABLE, .value = {.int32Values = [1]{0}, .floatValues = [0]{}, .int64Values = [0]{}, .bytes = [0]{}, .stringValue = ""}}
12-30 10:07:12.836   398   464 D DiagPropHandler: is not DiagnosticConfig: 0x21402135
12-30 10:07:12.836   398   464 I VehiclePropertyStore: begin to write value to Store: {.timestamp = 5368657854304, .areaId = 0, .prop = 557850933, .status = AVAILABLE, .value = {.int32Values = [1]{0}, .floatValues = [0]{}, .int64Values = [0]{}, .bytes = [0]{}, .stringValue = ""}}
12-30 10:07:12.836   398   464 D adayocomadapter-CommunicationManager: onUpstreamReceive mPropertyId 0x21402135
12-30 10:07:12.836   398   464 D adayocomadapter-CommunicationManager: onUpstreamReceive mPropertyId 0x21402136
12-30 10:07:12.836   398   464 D adayocomadapter-CommunicationManager: convertBytesToInt32Memcpy  0
12-30 10:07:12.836   398   464 I vw-vhal : notifyVehicleProperty, propId = 0x21402136, data = {status: 2, int32Values: [0]}
12-30 10:07:12.836   398   464 I vw-vhal : CanSignalsAdapter::notifyVehicleProperty: solvedValue = {.timestamp = 5368658061304, .areaId = 0, .prop = 557850934, .status = AVAILABLE, .value = {.int32Values = [1]{0}, .floatValues = [0]{}, .int64Values = [0]{}, .bytes = [0]{}, .stringValue = ""}}
12-30 10:07:12.836   398   464 I VehiclePropertyStore: begin to write value to Store: {.timestamp = 5368658061304, .areaId = 0, .prop = 557850934, .status = AVAILABLE, .value = {.int32Values = [1]{0}, .floatValues = [0]{}, .int64Values = [0]{}, .bytes = [0]{}, .stringValue = ""}}
12-30 10:07:12.836   398   464 I DefaultVehicleHal_v2_0: DefaultVehicleHal::onPropertyValue, value:{.timestamp = 5368658061304, .areaId = 0, .prop = 557850934, .status = AVAILABLE, .value = {.int32Values = [1]{0}, .floatValues = [0]{}, .int64Values = [0]{}, .bytes = [0]{}, .stringValue = ""}}
12-30 10:07:12.836   398   464 D DiagPropHandler: is not DiagnosticConfig: 0x21402136
12-30 10:07:12.836   398   464 I VehiclePropertyStore: begin to write value to Store: {.timestamp = 5368658061304, .areaId = 0, .prop = 557850934, .status = AVAILABLE, .value = {.int32Values = [1]{0}, .floatValues = [0]{}, .int64Values = [0]{}, .bytes = [0]{}, .stringValue = ""}}
12-30 10:07:12.836   398   464 D adayocomadapter-CommunicationManager: onUpstreamReceive mPropertyId 0x21402136
12-30 10:07:12.836   398   464 D adayocomadapter-CommunicationManager: onUpstreamReceive mPropertyId 0x21402137
12-30 10:07:12.836   398   464 D adayocomadapter-CommunicationManager: convertBytesToInt32Memcpy  0
12-30 10:07:12.836   398   464 I vw-vhal : notifyVehicleProperty, propId = 0x21402137, data = {status: 2, int32Values: [0]}
12-30 10:07:12.836   398   464 I vw-vhal : CanSignalsAdapter::notifyVehicleProperty: solvedValue = {.timestamp = 5368658267971, .areaId = 0, .prop = 557850935, .status = AVAILABLE, .value = {.int32Values = [1]{0}, .floatValues = [0]{}, .int64Values = [0]{}, .bytes = [0]{}, .stringValue = ""}}
12-30 10:07:12.836   398   464 I VehiclePropertyStore: begin to write value to Store: {.timestamp = 5368658267971, .areaId = 0, .prop = 557850935, .status = AVAILABLE, .value = {.int32Values = [1]{0}, .floatValues = [0]{}, .int64Values = [0]{}, .bytes = [0]{}, .stringValue = ""}}
12-30 10:07:12.836   398   464 I DefaultVehicleHal_v2_0: DefaultVehicleHal::onPropertyValue, value:{.timestamp = 5368658267971, .areaId = 0, .prop = 557850935, .status = AVAILABLE, .value = {.int32Values = [1]{0}, .floatValues = [0]{}, .int64Values = [0]{}, .bytes = [0]{}, .stringValue = ""}}
12-30 10:07:12.836   398   464 D DiagPropHandler: is not DiagnosticConfig: 0x21402137
12-30 10:07:12.836   398   464 I VehiclePropertyStore: begin to write value to Store: {.timestamp = 5368658267971, .areaId = 0, .prop = 557850935, .status = AVAILABLE, .value = {.int32Values = [1]{0}, .floatValues = [0]{}, .int64Values = [0]{}, .bytes = [0]{}, .stringValue = ""}}
12-30 10:07:12.836   398   464 D adayocomadapter-CommunicationManager: onUpstreamReceive mPropertyId 0x21402137
12-30 10:07:12.839   360   931 D EvsDriver: forwardFrame
12-30 10:07:12.839   360   931 D EvsDriver: forwardFrameDirect
12-30 10:07:12.839   360   931 D EvsDriver: Delivered 0xb400e2ca9e40e270 as id 0
12-30 10:07:12.839   359  2784 D evsmanagerd: /dev/video-evs0 forwarded the buffer #0 to 0xb400f125d2b26dd0 from 0xb400f125e2b20710
12-30 10:07:12.846   360   458 D EvsDriver: doneWithFrame
12-30 10:07:12.847  1667  2410 I media_message_log->MediaMessageUserProxy: (SourceFile:1)b connectToService action bind
12-30 10:07:12.848   916  1492 W ActivityManager: Unable to start service Intent { cmp=com.adayo.server.mediamessagetransfer/.MediaMessTransferService (has extras) } U=0: not found
12-30 10:07:12.848  1667  2410 E media_message_log->MediaMessageUserProxy: (SourceFile:7)a bindServiceAsUser isBound = false
12-30 10:07:12.850  2358  2623 D RcfController: Rcf proxy is not connected!
12-30 10:07:12.855 14026 14026 I ADAYO_LOG_TRACE_RESOURCE: collect_dest_path:/mnt/sdcard/logcat_GNSS/
12-30 10:07:12.872   360   931 D EvsDriver: forwardFrame
12-30 10:07:12.872   360   931 D EvsDriver: forwardFrameDirect
12-30 10:07:12.872   360   931 D EvsDriver: Delivered 0xb400e2ca9e40d4b0 as id 1
12-30 10:07:12.872   359  2784 D evsmanagerd: /dev/video-evs0 forwarded the buffer #1 to 0xb400f125d2b26dd0 from 0xb400f125e2b20710
12-30 10:07:12.876   360   458 D EvsDriver: doneWithFrame
12-30 10:07:12.876 14028 14028 I auditd  : type=1400 audit(0.0:603145): avc:  denied  { read } for  comm="mkdir" name="sdcard" dev="tmpfs" ino=37 scontext=u:r:trace_resource:s0 tcontext=u:object_r:mnt_sdcard_file:s0 tclass=lnk_file permissive=1
12-30 10:07:12.876 14028 14028 I mkdir   : type=1400 audit(0.0:603145): avc:  denied  { read } for  name="sdcard" dev="tmpfs" ino=37 scontext=u:r:trace_resource:s0 tcontext=u:object_r:mnt_sdcard_file:s0 tclass=lnk_file permissive=1
12-30 10:07:12.876 14028 14028 I auditd  : type=1400 audit(0.0:603146): avc:  denied  { dac_read_search } for  comm="mkdir" capability=2  scontext=u:r:trace_resource:s0 tcontext=u:r:trace_resource:s0 tclass=capability permissive=1
12-30 10:07:12.876 14028 14028 I mkdir   : type=1400 audit(0.0:603146): avc:  denied  { dac_read_search } for  capability=2  scontext=u:r:trace_resource:s0 tcontext=u:r:trace_resource:s0 tclass=capability permissive=1
01-01 09:29:29.889 14028 14028 E audit   : rate limit exceeded
12-30 10:07:12.899  1582  3078 I c       : checkService in back thread add: adayo.upgrade.v2.0
12-30 10:07:12.900  1582  3078 I service_manager_stats: [100,50,100120]
12-30 10:07:12.900  1582  3078 E upgradeApp_251223_V1  l: d(null:11)pre->c(null:23)-> serviceBinder is null
12-30 10:07:12.900  1582  3078 W c       : doBindService in back thread fail: adayo.upgrade.v2.0
12-30 10:07:12.900  2358  2623 D RcfController: Rcf proxy is not connected!
12-30 10:07:12.905   360   931 D EvsDriver: forwardFrame
12-30 10:07:12.905   360   931 D EvsDriver: forwardFrameDirect
12-30 10:07:12.906   360   931 D EvsDriver: Delivered 0xb400e2ca9e40c2d0 as id 0
12-30 10:07:12.906   359  2784 D evsmanagerd: /dev/video-evs0 forwarded the buffer #0 to 0xb400f125d2b26dd0 from 0xb400f125e2b20710
12-30 10:07:12.906   360   458 D EvsDriver: doneWithFrame
12-30 10:07:12.925   596  3076 E WifiHAL : Invalid data received from driver
12-30 10:07:12.927 14031 14031 I ADAYO_LOG_TRACE_RESOURCE: file_path:/mnt/sdcard/logcat_GNSS//gnss_log.log
12-30 10:07:12.936   650   729 D fgemcucomm: sd Uart data : 6AA602A7C10002920200
12-30 10:07:12.936   650   729 D fgemcucomm: rev uart=44435,len=14, data : 6AA681A7C100069202000100007C
12-30 10:07:12.937   398   882 D adayocomadapter-ParseProtocolFunc: printRaWMsg Name[MCUToUPstream recv] len[6] data[920200010000]
12-30 10:07:12.937   398   882 D adayocomadapter-CommunicationManager: onUpstreamback   member[0] dataLength[3] timePoint[5368758]
12-30 10:07:12.937   398   882 D adayocomadapter-ParseProtocolFunc: printRaWMsg Name[onUpstreamback] len[3] data[010000]
12-30 10:07:12.937   398   464 D adayocomadapter-UpstreamHandler: processBeforePacket upSreamtProcessTimePoint[5368759] 
12-30 10:07:12.937   398   464 D adayocomadapter-UpstreamHandler: processPacket UPSTREAM_QUEUE_DATA_TIMEOUT
12-30 10:07:12.937   398   464 D adayocomadapter-ParseProtocolFunc: parseCommonIPCLBytes Processing tableNumber[1]
12-30 10:07:12.937   398   464 D adayocomadapter-ParseProtocolFunc: parseCommonIPCLBytes Processing tablename[Table-1] tableSize[3]
12-30 10:07:12.937   398   464 D adayocomadapter-ParseProtocolFunc: printRaWMsg Name[byteStream recv] len[3] data[010000]
12-30 10:07:12.937   398   464 D adayocomadapter-ParseProtocolFunc: printRaWMsg Name[IPCLtoVHAL] len[7] data[21402048000000]
12-30 10:07:12.937   398   464 D adayocomadapter-CommunicationManager: onUpstreamReceive mPropertyId 0x21402048
12-30 10:07:12.937   398   464 D adayocomadapter-CommunicationManager: convertBytesToInt32Memcpy  0
12-30 10:07:12.937   398   464 I vw-vhal : notifyVehicleProperty, propId = 0x21402048, data = {status: 2, int32Values: [0]}
12-30 10:07:12.937   398   464 I vw-vhal : CanSignalsAdapter::notifyVehicleProperty: solvedValue = {.timestamp = 5368759254304, .areaId = 0, .prop = 557850696, .status = AVAILABLE, .value = {.int32Values = [1]{0}, .floatValues = [0]{}, .int64Values = [0]{}, .bytes = [0]{}, .stringValue = ""}}
12-30 10:07:12.937   398   464 I VehiclePropertyStore: begin to write value to Store: {.timestamp = 5368759254304, .areaId = 0, .prop = 557850696, .status = AVAILABLE, .value = {.int32Values = [1]{0}, .floatValues = [0]{}, .int64Values = [0]{}, .bytes = [0]{}, .stringValue = ""}}
12-30 10:07:12.937   398   464 I DefaultVehicleHal_v2_0: DefaultVehicleHal::onPropertyValue, value:{.timestamp = 5368759254304, .areaId = 0, .prop = 557850696, .status = AVAILABLE, .value = {.int32Values = [1]{0}, .floatValues = [0]{}, .int64Values = [0]{}, .bytes = [0]{}, .stringValue = ""}}
12-30 10:07:12.937   398   464 D DiagPropHandler: is not DiagnosticConfig: 0x21402048
12-30 10:07:12.937   398   464 I VehiclePropertyStore: begin to write value to Store: {.timestamp = 5368759254304, .areaId = 0, .prop = 557850696, .status = AVAILABLE, .value = {.int32Values = [1]{0}, .floatValues = [0]{}, .int64Values = [0]{}, .bytes = [0]{}, .stringValue = ""}}
12-30 10:07:12.937   398   464 D adayocomadapter-CommunicationManager: onUpstreamReceive mPropertyId 0x21402048
12-30 10:07:12.939   360   931 D EvsDriver: forwardFrame
12-30 10:07:12.939   360   931 D EvsDriver: forwardFrameDirect
12-30 10:07:12.939   360   931 D EvsDriver: Delivered 0xb400e2ca9e40d090 as id 1
12-30 10:07:12.939   359  2784 D evsmanagerd: /dev/video-evs0 forwarded the buffer #1 to 0xb400f125d2b26dd0 from 0xb400f125e2b20710
12-30 10:07:12.947   360   458 D EvsDriver: doneWithFrame
12-30 10:07:12.950  2358  2623 D RcfController: Rcf proxy is not connected!
12-30 10:07:12.967   650   729 D fgemcucomm: sd Uart data : 6AA602A7C200029202FF
12-30 10:07:12.967   650   729 D fgemcucomm: rev uart=44436,len=16, data : 6AA681A7C20008920200030000000077
12-30 10:07:12.967   398   882 D adayocomadapter-ParseProtocolFunc: printRaWMsg Name[MCUToUPstream recv] len[8] data[9202000300000000]
12-30 10:07:12.967   398   882 D adayocomadapter-CommunicationManager: onUpstreamback   member[0] dataLength[5] timePoint[5368789]
12-30 10:07:12.967   398   882 D adayocomadapter-ParseProtocolFunc: printRaWMsg Name[onUpstreamback] len[5] data[0300000000]
12-30 10:07:12.967   398   464 D adayocomadapter-UpstreamHandler: processBeforePacket upSreamtProcessTimePoint[5368789] 
12-30 10:07:12.968   398   464 D adayocomadapter-UpstreamHandler: processPacket UPSTREAM_QUEUE_DATA_TIMEOUT
12-30 10:07:12.968   398   464 D adayocomadapter-ParseProtocolFunc: parseCommonIPCLBytes Processing tableNumber[3]
12-30 10:07:12.968   398   464 D adayocomadapter-ParseProtocolFunc: parseCommonIPCLBytes Processing tablename[Table-3] tableSize[5]
12-30 10:07:12.968   398   464 D adayocomadapter-ParseProtocolFunc: printRaWMsg Name[byteStream recv] len[5] data[0300000000]
12-30 10:07:12.968   398   464 D adayocomadapter-ParseProtocolFunc: printRaWMsg Name[IPCLtoVHAL] len[8] data[2141213801000000]
12-30 10:07:12.968   398   464 D adayocomadapter-ParseProtocolFunc: printRaWMsg Name[IPCLtoVHAL] len[6] data[214021D60000]
12-30 10:07:12.968   398   464 D adayocomadapter-CommunicationManager: onUpstreamReceive mPropertyId 0x21412138
12-30 10:07:12.968   398   464 I vw-vhal : notifyVehicleProperty, propId = 0x21412138, data = {status: 2, int32Values: [0, 0, 0]}
12-30 10:07:12.968   398   464 I vw-vhal : CanSignalsAdapter::notifyVehicleProperty: solvedValue = {.timestamp = 5368790060971, .areaId = 0, .prop = 557916472, .status = AVAILABLE, .value = {.int32Values = [3]{0, 0, 0}, .floatValues = [0]{}, .int64Values = [0]{}, .bytes = [0]{}, .stringValue = ""}}
12-30 10:07:12.968   398   464 I VehiclePropertyStore: begin to write value to Store: {.timestamp = 5368790060971, .areaId = 0, .prop = 557916472, .status = AVAILABLE, .value = {.int32Values = [3]{0, 0, 0}, .floatValues = [0]{}, .int64Values = [0]{}, .bytes = [0]{}, .stringValue = ""}}
12-30 10:07:12.968   398   464 I DefaultVehicleHal_v2_0: DefaultVehicleHal::onPropertyValue, value:{.timestamp = 5368790060971, .areaId = 0, .prop = 557916472, .status = AVAILABLE, .value = {.int32Values = [3]{0, 0, 0}, .floatValues = [0]{}, .int64Values = [0]{}, .bytes = [0]{}, .stringValue = ""}}
12-30 10:07:12.968   398   464 D DiagPropHandler: is not DiagnosticConfig: 0x21412138
12-30 10:07:12.968   398   464 I VehiclePropertyStore: begin to write value to Store: {.timestamp = 5368790060971, .areaId = 0, .prop = 557916472, .status = AVAILABLE, .value = {.int32Values = [3]{0, 0, 0}, .floatValues = [0]{}, .int64Values = [0]{}, .bytes = [0]{}, .stringValue = ""}}
12-30 10:07:12.968   398   464 D adayocomadapter-CommunicationManager: onUpstreamReceive mPropertyId 0x21412138
12-30 10:07:12.968   398   464 D adayocomadapter-CommunicationManager: onUpstreamReceive mPropertyId 0x214021d6
12-30 10:07:12.968   398   464 D adayocomadapter-CommunicationManager: convertBytesToInt32Memcpy  0
12-30 10:07:12.968   398   464 I vw-vhal : notifyVehicleProperty, propId = 0x214021d6, data = {status: 2, int32Values: [0]}
12-30 10:07:12.968   398   464 I vw-vhal : CanSignalsAdapter::notifyVehicleProperty: solvedValue = {.timestamp = 5368790310971, .areaId = 0, .prop = 557851094, .status = AVAILABLE, .value = {.int32Values = [1]{0}, .floatValues = [0]{}, .int64Values = [0]{}, .bytes = [0]{}, .stringValue = ""}}
12-30 10:07:12.968   398   464 I VehiclePropertyStore: begin to write value to Store: {.timestamp = 5368790310971, .areaId = 0, .prop = 557851094, .status = AVAILABLE, .value = {.int32Values = [1]{0}, .floatValues = [0]{}, .int64Values = [0]{}, .bytes = [0]{}, .stringValue = ""}}
12-30 10:07:12.968   398   464 I DefaultVehicleHal_v2_0: DefaultVehicleHal::onPropertyValue, value:{.timestamp = 5368790310971, .areaId = 0, .prop = 557851094, .status = AVAILABLE, .value = {.int32Values = [1]{0}, .floatValues = [0]{}, .int64Values = [0]{}, .bytes = [0]{}, .stringValue = ""}}
12-30 10:07:12.968   398   464 D DiagPropHandler: is not DiagnosticConfig: 0x214021d6
12-30 10:07:12.968   398   464 I VehiclePropertyStore: begin to write value to Store: {.timestamp = 5368790310971, .areaId = 0, .prop = 557851094, .status = AVAILABLE, .value = {.int32Values = [1]{0}, .floatValues = [0]{}, .int64Values = [0]{}, .bytes = [0]{}, .stringValue = ""}}
12-30 10:07:12.968   398   464 D adayocomadapter-CommunicationManager: onUpstreamReceive mPropertyId 0x214021d6
12-30 10:07:12.972   360   931 D EvsDriver: forwardFrame
12-30 10:07:12.972   360   931 D EvsDriver: forwardFrameDirect
12-30 10:07:12.972   360   931 D EvsDriver: Delivered 0xb400e2ca9e40e110 as id 0
12-30 10:07:12.972   359  2784 D evsmanagerd: /dev/video-evs0 forwarded the buffer #0 to 0xb400f125d2b26dd0 from 0xb400f125e2b20710
12-30 10:07:12.973 14034 14034 I ADAYO_LOG_TRACE_RESOURCE: folder_size:0
12-30 10:07:12.977   360   458 D EvsDriver: doneWithFrame
12-30 10:07:13.000  2358  2623 D RcfController: Rcf proxy is not connected!
12-30 10:07:13.005   360   931 D EvsDriver: forwardFrame
12-30 10:07:13.005   360   931 D EvsDriver: forwardFrameDirect
12-30 10:07:13.005   360   931 D EvsDriver: Delivered 0xb400e2ca9e40c7a0 as id 1
12-30 10:07:13.006   359  2784 D evsmanagerd: /dev/video-evs0 forwarded the buffer #1 to 0xb400f125d2b26dd0 from 0xb400f125e2b20710
12-30 10:07:13.007   360   458 D EvsDriver: doneWithFrame
12-30 10:07:13.017   596  3076 E WifiHAL : Invalid data received from driver
12-30 10:07:13.028   650   729 D fgemcucomm: sd Uart data : 6AA602A7C300029202FE
12-30 10:07:13.028   650   729 D fgemcucomm: rev uart=44437,len=23, data : 6AA681A7C3000F9202001500000000000000000000005D
12-30 10:07:13.028   398   882 D adayocomadapter-ParseProtocolFunc: printRaWMsg Name[MCUToUPstream recv] len[15] data[920200150000000000000000000000]
12-30 10:07:13.028   398   882 D adayocomadapter-CommunicationManager: onUpstreamback   member[0] dataLength[12] timePoint[5368850]
12-30 10:07:13.028   398   882 D adayocomadapter-ParseProtocolFunc: printRaWMsg Name[onUpstreamback] len[12] data[150000000000000000000000]
12-30 10:07:13.028   398   464 D adayocomadapter-UpstreamHandler: processBeforePacket upSreamtProcessTimePoint[5368850] 
12-30 10:07:13.028   398   464 D adayocomadapter-UpstreamHandler: processPacket UPSTREAM_QUEUE_DATA_TIMEOUT
12-30 10:07:13.028   398   464 D adayocomadapter-ParseProtocolFunc: parseCommonIPCLBytes Processing tableNumber[21]
12-30 10:07:13.028   398   464 D adayocomadapter-ParseProtocolFunc: parseCommonIPCLBytes Processing tablename[Table-21] tableSize[12]
12-30 10:07:13.028   398   464 D adayocomadapter-ParseProtocolFunc: printRaWMsg Name[byteStream recv] len[12] data[150000000000000000000000]
12-30 10:07:13.028   398   464 D adayocomadapter-ParseProtocolFunc: printRaWMsg Name[IPCLtoVHAL] len[6] data[2140208B0000]
12-30 10:07:13.028   398   464 D adayocomadapter-ParseProtocolFunc: printRaWMsg Name[IPCLtoVHAL] len[6] data[214021930000]
12-30 10:07:13.028   398   464 D adayocomadapter-ParseProtocolFunc: printRaWMsg Name[IPCLtoVHAL] len[6] data[2140208C0000]
12-30 10:07:13.028   398   464 D adayocomadapter-ParseProtocolFunc: printRaWMsg Name[IPCLtoVHAL] len[6] data[214021940000]
12-30 10:07:13.028   398   464 D adayocomadapter-ParseProtocolFunc: printRaWMsg Name[IPCLtoVHAL] len[6] data[2140208D0000]
12-30 10:07:13.028   398   464 D adayocomadapter-ParseProtocolFunc: printRaWMsg Name[IPCLtoVHAL] len[6] data[214021950000]
12-30 10:07:13.028   398   464 D adayocomadapter-ParseProtocolFunc: printRaWMsg Name[IPCLtoVHAL] len[6] data[214021920000]
12-30 10:07:13.028   398   464 D adayocomadapter-ParseProtocolFunc: printRaWMsg Name[IPCLtoVHAL] len[6] data[2140208A0000]
12-30 10:07:13.028   398   464 D adayocomadapter-ParseProtocolFunc: printRaWMsg Name[IPCLtoVHAL] len[6] data[214021960000]
12-30 10:07:13.028   398   464 D adayocomadapter-ParseProtocolFunc: printRaWMsg Name[IPCLtoVHAL] len[6] data[214021970000]
12-30 10:07:13.028   398   464 D adayocomadapter-ParseProtocolFunc: printRaWMsg Name[IPCLtoVHAL] len[6] data[214021990000]
12-30 10:07:13.028   398   464 D adayocomadapter-CommunicationManager: onUpstreamReceive mPropertyId 0x2140208b
12-30 10:07:13.028   398   464 D adayocomadapter-CommunicationManager: convertBytesToInt32Memcpy  0
12-30 10:07:13.028   398   464 I vw-vhal : notifyVehicleProperty, propId = 0x2140208b, data = {status: 2, int32Values: [0]}
12-30 10:07:13.029   398   464 I vw-vhal : CanSignalsAdapter::notifyVehicleProperty: solvedValue = {.timestamp = 5368850862638, .areaId = 0, .prop = 557850763, .status = AVAILABLE, .value = {.int32Values = [1]{0}, .floatValues = [0]{}, .int64Values = [0]{}, .bytes = [0]{}, .stringValue = ""}}
12-30 10:07:13.029   398   464 I VehiclePropertyStore: begin to write value to Store: {.timestamp = 5368850862638, .areaId = 0, .prop = 557850763, .status = AVAILABLE, .value = {.int32Values = [1]{0}, .floatValues = [0]{}, .int64Values = [0]{}, .bytes = [0]{}, .stringValue = ""}}
12-30 10:07:13.029   398   464 I DefaultVehicleHal_v2_0: DefaultVehicleHal::onPropertyValue, value:{.timestamp = 5368850862638, .areaId = 0, .prop = 557850763, .status = AVAILABLE, .value = {.int32Values = [1]{0}, .floatValues = [0]{}, .int64Values = [0]{}, .bytes = [0]{}, .stringValue = ""}}
12-30 10:07:13.029   398   464 D DiagPropHandler: is not DiagnosticConfig: 0x2140208b
12-30 10:07:13.029   398   464 I VehiclePropertyStore: begin to write value to Store: {.timestamp = 5368850862638, .areaId = 0, .prop = 557850763, .status = AVAILABLE, .value = {.int32Values = [1]{0}, .floatValues = [0]{}, .int64Values = [0]{}, .bytes = [0]{}, .stringValue = ""}}
12-30 10:07:13.029   398   464 D adayocomadapter-CommunicationManager: onUpstreamReceive mPropertyId 0x2140208b
12-30 10:07:13.029   398   464 D adayocomadapter-CommunicationManager: onUpstreamReceive mPropertyId 0x21402193
12-30 10:07:13.029   398   464 D adayocomadapter-CommunicationManager: convertBytesToInt32Memcpy  0
12-30 10:07:13.029   398   464 I vw-vhal : notifyVehicleProperty, propId = 0x21402193, data = {status: 2, int32Values: [0]}
12-30 10:07:13.029   398   464 I vw-vhal : CanSignalsAdapter::notifyVehicleProperty: solvedValue = {.timestamp = 5368851118638, .areaId = 0, .prop = 557851027, .status = AVAILABLE, .value = {.int32Values = [1]{0}, .floatValues = [0]{}, .int64Values = [0]{}, .bytes = [0]{}, .stringValue = ""}}
12-30 10:07:13.029   398   464 I VehiclePropertyStore: begin to write value to Store: {.timestamp = 5368851118638, .areaId = 0, .prop = 557851027, .status = AVAILABLE, .value = {.int32Values = [1]{0}, .floatValues = [0]{}, .int64Values = [0]{}, .bytes = [0]{}, .stringValue = ""}}
12-30 10:07:13.029   398   464 I DefaultVehicleHal_v2_0: DefaultVehicleHal::onPropertyValue, value:{.timestamp = 5368851118638, .areaId = 0, .prop = 557851027, .status = AVAILABLE, .value = {.int32Values = [1]{0}, .floatValues = [0]{}, .int64Values = [0]{}, .bytes = [0]{}, .stringValue = ""}}
12-30 10:07:13.029   398   464 D DiagPropHandler: is not DiagnosticConfig: 0x21402193
12-30 10:07:13.029   398   464 I VehiclePropertyStore: begin to write value to Store: {.timestamp = 5368851118638, .areaId = 0, .prop = 557851027, .status = AVAILABLE, .value = {.int32Values = [1]{0}, .floatValues = [0]{}, .int64Values = [0]{}, .bytes = [0]{}, .stringValue = ""}}
12-30 10:07:13.029   398   464 D adayocomadapter-CommunicationManager: onUpstreamReceive mPropertyId 0x21402193
12-30 10:07:13.029   398   464 D adayocomadapter-CommunicationManager: onUpstreamReceive mPropertyId 0x2140208c
12-30 10:07:13.029   398   464 D adayocomadapter-CommunicationManager: convertBytesToInt32Memcpy  0
12-30 10:07:13.029   398   464 I vw-vhal : notifyVehicleProperty, propId = 0x2140208c, data = {status: 2, int32Values: [0]}
12-30 10:07:13.029   398   464 I vw-vhal : CanSignalsAdapter::notifyVehicleProperty: solvedValue = {.timestamp = 5368851342971, .areaId = 0, .prop = 557850764, .status = AVAILABLE, .value = {.int32Values = [1]{0}, .floatValues = [0]{}, .int64Values = [0]{}, .bytes = [0]{}, .stringValue = ""}}
12-30 10:07:13.029   398   464 I VehiclePropertyStore: begin to write value to Store: {.timestamp = 5368851342971, .areaId = 0, .prop = 557850764, .status = AVAILABLE, .value = {.int32Values = [1]{0}, .floatValues = [0]{}, .int64Values = [0]{}, .bytes = [0]{}, .stringValue = ""}}
12-30 10:07:13.029   398   464 I DefaultVehicleHal_v2_0: DefaultVehicleHal::onPropertyValue, value:{.timestamp = 5368851342971, .areaId = 0, .prop = 557850764, .status = AVAILABLE, .value = {.int32Values = [1]{0}, .floatValues = [0]{}, .int64Values = [0]{}, .bytes = [0]{}, .stringValue = ""}}
12-30 10:07:13.029   398   464 D DiagPropHandler: is not DiagnosticConfig: 0x2140208c
12-30 10:07:13.029   398   464 I VehiclePropertyStore: begin to write value to Store: {.timestamp = 5368851342971, .areaId = 0, .prop = 557850764, .status = AVAILABLE, .value = {.int32Values = [1]{0}, .floatValues = [0]{}, .int64Values = [0]{}, .bytes = [0]{}, .stringValue = ""}}
12-30 10:07:13.029   398   464 D adayocomadapter-CommunicationManager: onUpstreamReceive mPropertyId 0x2140208c
12-30 10:07:13.029   398   464 D adayocomadapter-CommunicationManager: onUpstreamReceive mPropertyId 0x21402194
12-30 10:07:13.029   398   464 D adayocomadapter-CommunicationManager: convertBytesToInt32Memcpy  0
12-30 10:07:13.029   398   464 I vw-vhal : notifyVehicleProperty, propId = 0x21402194, data = {status: 2, int32Values: [0]}
12-30 10:07:13.029   398   464 I vw-vhal : CanSignalsAdapter::notifyVehicleProperty: solvedValue = {.timestamp = 5368851541971, .areaId = 0, .prop = 557851028, .status = AVAILABLE, .value = {.int32Values = [1]{0}, .floatValues = [0]{}, .int64Values = [0]{}, .bytes = [0]{}, .stringValue = ""}}
12-30 10:07:13.029   398   464 I VehiclePropertyStore: begin to write value to Store: {.timestamp = 5368851541971, .areaId = 0, .prop = 557851028, .status = AVAILABLE, .value = {.int32Values = [1]{0}, .floatValues = [0]{}, .int64Values = [0]{}, .bytes = [0]{}, .stringValue = ""}}
12-30 10:07:13.029   398   464 I DefaultVehicleHal_v2_0: DefaultVehicleHal::onPropertyValue, value:{.timestamp = 5368851541971, .areaId = 0, .prop = 557851028, .status = AVAILABLE, .value = {.int32Values = [1]{0}, .floatValues = [0]{}, .int64Values = [0]{}, .bytes = [0]{}, .stringValue = ""}}
12-30 10:07:13.029   398   464 D DiagPropHandler: is not DiagnosticConfig: 0x21402194
12-30 10:07:13.029   398   464 I VehiclePropertyStore: begin to write value to Store: {.timestamp = 5368851541971, .areaId = 0, .prop = 557851028, .status = AVAILABLE, .value = {.int32Values = [1]{0}, .floatValues = [0]{}, .int64Values = [0]{}, .bytes = [0]{}, .stringValue = ""}}
12-30 10:07:13.029   398   464 D adayocomadapter-CommunicationManager: onUpstreamReceive mPropertyId 0x21402194
12-30 10:07:13.029   398   464 D adayocomadapter-CommunicationManager: onUpstreamReceive mPropertyId 0x2140208d
12-30 10:07:13.029   398   464 D adayocomadapter-CommunicationManager: convertBytesToInt32Memcpy  0
12-30 10:07:13.029   398   464 I vw-vhal : notifyVehicleProperty, propId = 0x2140208d, data = {status: 2, int32Values: [0]}
12-30 10:07:13.029   398   464 I vw-vhal : CanSignalsAdapter::notifyVehicleProperty: solvedValue = {.timestamp = 5368851729304, .areaId = 0, .prop = 557850765, .status = AVAILABLE, .value = {.int32Values = [1]{0}, .floatValues = [0]{}, .int64Values = [0]{}, .bytes = [0]{}, .stringValue = ""}}
12-30 10:07:13.029   398   464 I VehiclePropertyStore: begin to write value to Store: {.timestamp = 5368851729304, .areaId = 0, .prop = 557850765, .status = AVAILABLE, .value = {.int32Values = [1]{0}, .floatValues = [0]{}, .int64Values = [0]{}, .bytes = [0]{}, .stringValue = ""}}
12-30 10:07:13.029   398   464 I DefaultVehicleHal_v2_0: DefaultVehicleHal::onPropertyValue, value:{.timestamp = 5368851729304, .areaId = 0, .prop = 557850765, .status = AVAILABLE, .value = {.int32Values = [1]{0}, .floatValues = [0]{}, .int64Values = [0]{}, .bytes = [0]{}, .stringValue = ""}}
12-30 10:07:13.029   398   464 D DiagPropHandler: is not DiagnosticConfig: 0x2140208d
12-30 10:07:13.029   398   464 I VehiclePropertyStore: begin to write value to Store: {.timestamp = 5368851729304, .areaId = 0, .prop = 557850765, .status = AVAILABLE, .value = {.int32Values = [1]{0}, .floatValues = [0]{}, .int64Values = [0]{}, .bytes = [0]{}, .stringValue = ""}}
12-30 10:07:13.030   398   464 D adayocomadapter-CommunicationManager: onUpstreamReceive mPropertyId 0x2140208d
12-30 10:07:13.030   398   464 D adayocomadapter-CommunicationManager: onUpstreamReceive mPropertyId 0x21402195
12-30 10:07:13.030   398   464 D adayocomadapter-CommunicationManager: convertBytesToInt32Memcpy  0
12-30 10:07:13.030   398   464 I vw-vhal : notifyVehicleProperty, propId = 0x21402195, data = {status: 2, int32Values: [0]}
12-30 10:07:13.030   398   464 I vw-vhal : CanSignalsAdapter::notifyVehicleProperty: solvedValue = {.timestamp = 5368851921304, .areaId = 0, .prop = 557851029, .status = AVAILABLE, .value = {.int32Values = [1]{0}, .floatValues = [0]{}, .int64Values = [0]{}, .bytes = [0]{}, .stringValue = ""}}
12-30 10:07:13.030   398   464 I VehiclePropertyStore: begin to write value to Store: {.timestamp = 5368851921304, .areaId = 0, .prop = 557851029, .status = AVAILABLE, .value = {.int32Values = [1]{0}, .floatValues = [0]{}, .int64Values = [0]{}, .bytes = [0]{}, .stringValue = ""}}
12-30 10:07:13.030   398   464 I DefaultVehicleHal_v2_0: DefaultVehicleHal::onPropertyValue, value:{.timestamp = 5368851921304, .areaId = 0, .prop = 557851029, .status = AVAILABLE, .value = {.int32Values = [1]{0}, .floatValues = [0]{}, .int64Values = [0]{}, .bytes = [0]{}, .stringValue = ""}}
12-30 10:07:13.030   398   464 D DiagPropHandler: is not DiagnosticConfig: 0x21402195
12-30 10:07:13.030   398   464 I VehiclePropertyStore: begin to write value to Store: {.timestamp = 5368851921304, .areaId = 0, .prop = 557851029, .status = AVAILABLE, .value = {.int32Values = [1]{0}, .floatValues = [0]{}, .int64Values = [0]{}, .bytes = [0]{}, .stringValue = ""}}
12-30 10:07:13.030   398   464 D adayocomadapter-CommunicationManager: onUpstreamReceive mPropertyId 0x21402195
12-30 10:07:13.030   398   464 D adayocomadapter-CommunicationManager: onUpstreamReceive mPropertyId 0x21402192
12-30 10:07:13.030   398   464 D adayocomadapter-CommunicationManager: convertBytesToInt32Memcpy  0
12-30 10:07:13.030   398   464 I vw-vhal : notifyVehicleProperty, propId = 0x21402192, data = {status: 2, int32Values: [0]}
12-30 10:07:13.030   398   464 I vw-vhal : CanSignalsAdapter::notifyVehicleProperty: solvedValue = {.timestamp = 5368852141638, .areaId = 0, .prop = 557851026, .status = AVAILABLE, .value = {.int32Values = [1]{0}, .floatValues = [0]{}, .int64Values = [0]{}, .bytes = [0]{}, .stringValue = ""}}
12-30 10:07:13.030   398   464 I VehiclePropertyStore: begin to write value to Store: {.timestamp = 5368852141638, .areaId = 0, .prop = 557851026, .status = AVAILABLE, .value = {.int32Values = [1]{0}, .floatValues = [0]{}, .int64Values = [0]{}, .bytes = [0]{}, .stringValue = ""}}
12-30 10:07:13.030   398   464 I DefaultVehicleHal_v2_0: DefaultVehicleHal::onPropertyValue, value:{.timestamp = 5368852141638, .areaId = 0, .prop = 557851026, .status = AVAILABLE, .value = {.int32Values = [1]{0}, .floatValues = [0]{}, .int64Values = [0]{}, .bytes = [0]{}, .stringValue = ""}}
12-30 10:07:13.030   398   464 D DiagPropHandler: is not DiagnosticConfig: 0x21402192
12-30 10:07:13.030   398   464 I VehiclePropertyStore: begin to write value to Store: {.timestamp = 5368852141638, .areaId = 0, .prop = 557851026, .status = AVAILABLE, .value = {.int32Values = [1]{0}, .floatValues = [0]{}, .int64Values = [0]{}, .bytes = [0]{}, .stringValue = ""}}
12-30 10:07:13.030   398   464 D adayocomadapter-CommunicationManager: onUpstreamReceive mPropertyId 0x21402192
12-30 10:07:13.030   398   464 D adayocomadapter-CommunicationManager: onUpstreamReceive mPropertyId 0x2140208a
12-30 10:07:13.030   398   464 D adayocomadapter-CommunicationManager: convertBytesToInt32Memcpy  0
12-30 10:07:13.030   398   464 I vw-vhal : notifyVehicleProperty, propId = 0x2140208a, data = {status: 2, int32Values: [0]}
12-30 10:07:13.030   398   464 I vw-vhal : CanSignalsAdapter::notifyVehicleProperty: solvedValue = {.timestamp = 5368852329971, .areaId = 0, .prop = 557850762, .status = AVAILABLE, .value = {.int32Values = [1]{0}, .floatValues = [0]{}, .int64Values = [0]{}, .bytes = [0]{}, .stringValue = ""}}
12-30 10:07:13.030   398   464 I VehiclePropertyStore: begin to write value to Store: {.timestamp = 5368852329971, .areaId = 0, .prop = 557850762, .status = AVAILABLE, .value = {.int32Values = [1]{0}, .floatValues = [0]{}, .int64Values = [0]{}, .bytes = [0]{}, .stringValue = ""}}
12-30 10:07:13.030   398   464 I DefaultVehicleHal_v2_0: DefaultVehicleHal::onPropertyValue, value:{.timestamp = 5368852329971, .areaId = 0, .prop = 557850762, .status = AVAILABLE, .value = {.int32Values = [1]{0}, .floatValues = [0]{}, .int64Values = [0]{}, .bytes = [0]{}, .stringValue = ""}}
12-30 10:07:13.030   398   464 D DiagPropHandler: is not DiagnosticConfig: 0x2140208a
12-30 10:07:13.030   398   464 I VehiclePropertyStore: begin to write value to Store: {.timestamp = 5368852329971, .areaId = 0, .prop = 557850762, .status = AVAILABLE, .value = {.int32Values = [1]{0}, .floatValues = [0]{}, .int64Values = [0]{}, .bytes = [0]{}, .stringValue = ""}}
12-30 10:07:13.030   398   464 D adayocomadapter-CommunicationManager: onUpstreamReceive mPropertyId 0x2140208a
12-30 10:07:13.030   398   464 D adayocomadapter-CommunicationManager: onUpstreamReceive mPropertyId 0x21402196
12-30 10:07:13.030   398   464 D adayocomadapter-CommunicationManager: convertBytesToInt32Memcpy  0
12-30 10:07:13.030   398   464 I vw-vhal : notifyVehicleProperty, propId = 0x21402196, data = {status: 2, int32Values: [0]}
12-30 10:07:13.030   398   464 I vw-vhal : CanSignalsAdapter::notifyVehicleProperty: solvedValue = {.timestamp = 5368852519304, .areaId = 0, .prop = 557851030, .status = AVAILABLE, .value = {.int32Values = [1]{0}, .floatValues = [0]{}, .int64Values = [0]{}, .bytes = [0]{}, .stringValue = ""}}
