12-30 10:07:06.539   359  2784 D evsmanagerd: /dev/video-evs0 forwarded the buffer #1 to 0xb400f125d2b26dd0 from 0xb400f125e2b20710
12-30 10:07:06.542   360   458 D EvsDriver: doneWithFrame
12-30 10:07:06.566  2358  2623 D RcfController: Rcf proxy is not connected!
12-30 10:07:06.572   360   931 D EvsDriver: forwardFrame
12-30 10:07:06.572   360   931 D EvsDriver: forwardFrameDirect
12-30 10:07:06.572   360   931 D EvsDriver: Delivered 0xb400e2ca9e40e110 as id 0
12-30 10:07:06.572   359  2784 D evsmanagerd: /dev/video-evs0 forwarded the buffer #0 to 0xb400f125d2b26dd0 from 0xb400f125e2b20710
12-30 10:07:06.576  1667  2407 I media_message_log->MediaMessageProxy: (SourceFile:1)b connectToService action bind
12-30 10:07:06.577   916  1492 W ActivityManager: Unable to start service Intent { cmp=com.adayo.server.mediamessagetransfer/.MediaMessTransferService (has extras) } U=0: not found
12-30 10:07:06.577  1667  2407 E media_message_log->MediaMessageProxy: (SourceFile:7)a bindServiceAsUser isBound = false
12-30 10:07:06.582   360   458 D EvsDriver: doneWithFrame
12-30 10:07:06.605   360   931 D EvsDriver: forwardFrame
12-30 10:07:06.605   360   931 D EvsDriver: forwardFrameDirect
12-30 10:07:06.606   360   931 D EvsDriver: Delivered 0xb400e2ca9e40c7a0 as id 1
12-30 10:07:06.606   359  2784 D evsmanagerd: /dev/video-evs0 forwarded the buffer #1 to 0xb400f125d2b26dd0 from 0xb400f125e2b20710
12-30 10:07:06.612   360   458 D EvsDriver: doneWithFrame
12-30 10:07:06.616  2358  2623 D RcfController: Rcf proxy is not connected!
12-30 10:07:06.639   360   931 D EvsDriver: forwardFrame
12-30 10:07:06.639   360   931 D EvsDriver: forwardFrameDirect
12-30 10:07:06.639   360   931 D EvsDriver: Delivered 0xb400e2ca9e40e270 as id 0
12-30 10:07:06.639   359  2784 D evsmanagerd: /dev/video-evs0 forwarded the buffer #0 to 0xb400f125d2b26dd0 from 0xb400f125e2b20710
12-30 10:07:06.643   360   458 D EvsDriver: doneWithFrame
12-30 10:07:06.667  2358  2623 D RcfController: Rcf proxy is not connected!
12-30 10:07:06.672   360   931 D EvsDriver: forwardFrame
12-30 10:07:06.672   360   931 D EvsDriver: forwardFrameDirect
12-30 10:07:06.672   360   931 D EvsDriver: Delivered 0xb400e2ca9e40d4b0 as id 1
12-30 10:07:06.672   359  2784 D evsmanagerd: /dev/video-evs0 forwarded the buffer #1 to 0xb400f125d2b26dd0 from 0xb400f125e2b20710
12-30 10:07:06.673   360   458 D EvsDriver: doneWithFrame
12-30 10:07:06.673   596  3076 E WifiHAL : Invalid data received from driver
12-30 10:07:06.705   360   931 D EvsDriver: forwardFrame
12-30 10:07:06.705   360   931 D EvsDriver: forwardFrameDirect
12-30 10:07:06.706   360   931 D EvsDriver: Delivered 0xb400e2ca9e40c2d0 as id 0
12-30 10:07:06.706   359  2784 D evsmanagerd: /dev/video-evs0 forwarded the buffer #0 to 0xb400f125d2b26dd0 from 0xb400f125e2b20710
12-30 10:07:06.713   360   458 D EvsDriver: doneWithFrame
12-30 10:07:06.717  2358  2623 D RcfController: Rcf proxy is not connected!
12-30 10:07:06.739   360   931 D EvsDriver: forwardFrame
12-30 10:07:06.739   360   931 D EvsDriver: forwardFrameDirect
12-30 10:07:06.739   360   931 D EvsDriver: Delivered 0xb400e2ca9e40d090 as id 1
12-30 10:07:06.739   359  2784 D evsmanagerd: /dev/video-evs0 forwarded the buffer #1 to 0xb400f125d2b26dd0 from 0xb400f125e2b20710
12-30 10:07:06.743   360   458 D EvsDriver: doneWithFrame
12-30 10:07:06.767  2358  2623 D RcfController: Rcf proxy is not connected!
12-30 10:07:06.772   360   931 D EvsDriver: forwardFrame
12-30 10:07:06.772   360   931 D EvsDriver: forwardFrameDirect
12-30 10:07:06.772   360   931 D EvsDriver: Delivered 0xb400e2ca9e40e110 as id 0
12-30 10:07:06.772   359  2784 D evsmanagerd: /dev/video-evs0 forwarded the buffer #0 to 0xb400f125d2b26dd0 from 0xb400f125e2b20710
12-30 10:07:06.774   360   458 D EvsDriver: doneWithFrame
12-30 10:07:06.779   596  3076 E WifiHAL : Invalid data received from driver
12-30 10:07:06.805   360   931 D EvsDriver: forwardFrame
12-30 10:07:06.805   360   931 D EvsDriver: forwardFrameDirect
12-30 10:07:06.806   360   931 D EvsDriver: Delivered 0xb400e2ca9e40c7a0 as id 1
12-30 10:07:06.806   359  2784 D evsmanagerd: /dev/video-evs0 forwarded the buffer #1 to 0xb400f125d2b26dd0 from 0xb400f125e2b20710
12-30 10:07:06.814   360   458 D EvsDriver: doneWithFrame
12-30 10:07:06.817  2358  2623 D RcfController: Rcf proxy is not connected!
12-30 10:07:06.831  1667  2410 I media_message_log->MediaMessageUserProxy: (SourceFile:1)b connectToService action bind
12-30 10:07:06.832   916  1492 W ActivityManager: Unable to start service Intent { cmp=com.adayo.server.mediamessagetransfer/.MediaMessTransferService (has extras) } U=0: not found
12-30 10:07:06.832  1667  2410 E media_message_log->MediaMessageUserProxy: (SourceFile:7)a bindServiceAsUser isBound = false
12-30 10:07:06.839   360   931 D EvsDriver: forwardFrame
12-30 10:07:06.839   360   931 D EvsDriver: forwardFrameDirect
12-30 10:07:06.839   360   931 D EvsDriver: Delivered 0xb400e2ca9e40e270 as id 0
12-30 10:07:06.839   359  2784 D evsmanagerd: /dev/video-evs0 forwarded the buffer #0 to 0xb400f125d2b26dd0 from 0xb400f125e2b20710
12-30 10:07:06.844   360   458 D EvsDriver: doneWithFrame
12-30 10:07:06.867  2358  2623 D RcfController: Rcf proxy is not connected!
12-30 10:07:06.872   360   931 D EvsDriver: forwardFrame
12-30 10:07:06.872   360   931 D EvsDriver: forwardFrameDirect
12-30 10:07:06.872   360   931 D EvsDriver: Delivered 0xb400e2ca9e40d4b0 as id 1
12-30 10:07:06.872   359  2784 D evsmanagerd: /dev/video-evs0 forwarded the buffer #1 to 0xb400f125d2b26dd0 from 0xb400f125e2b20710
12-30 10:07:06.874   360   458 D EvsDriver: doneWithFrame
12-30 10:07:06.888   596  3076 E WifiHAL : Invalid data received from driver
12-30 10:07:06.892  1582  3078 I c       : checkService in back thread add: adayo.upgrade.v2.0
12-30 10:07:06.892  1582  3078 E upgradeApp_251223_V1  l: d(null:11)pre->c(null:23)-> serviceBinder is null
12-30 10:07:06.892  1582  3078 W c       : doBindService in back thread fail: adayo.upgrade.v2.0
12-30 10:07:06.905   360   931 I EvsDriver: /dev/video-evs0 VideoCapture fps 30.0006
12-30 10:07:06.905   360   931 D EvsDriver: forwardFrame
12-30 10:07:06.905   360   931 D EvsDriver: forwardFrameDirect
12-30 10:07:06.906   360   931 D EvsDriver: Delivered 0xb400e2ca9e40c2d0 as id 0
12-30 10:07:06.906   359  2784 D evsmanagerd: /dev/video-evs0 forwarded the buffer #0 to 0xb400f125d2b26dd0 from 0xb400f125e2b20710
12-30 10:07:06.915   360   458 D EvsDriver: doneWithFrame
12-30 10:07:06.918  2358  2623 D RcfController: Rcf proxy is not connected!
12-30 10:07:06.920   699   699 I auditd  : type=1400 audit(0.0:602523): avc:  denied  { read } for  comm="name_server" laddr=172.20.2.35 lport=34880 faddr=172.20.2.36 fport=60000 scontext=u:r:name_server:s0 tcontext=u:r:name_server:s0 tclass=tcp_socket permissive=1
12-30 10:07:06.920   699   699 I name_server: type=1400 audit(0.0:602523): avc:  denied  { read } for  laddr=172.20.2.35 lport=34880 faddr=172.20.2.36 fport=60000 scontext=u:r:name_server:s0 tcontext=u:r:name_server:s0 tclass=tcp_socket permissive=1
12-30 10:07:06.920   699   699 I auditd  : type=1400 audit(0.0:602524): avc:  denied  { write } for  comm="name_server" laddr=172.20.2.35 lport=34880 faddr=172.20.2.36 fport=60000 scontext=u:r:name_server:s0 tcontext=u:r:name_server:s0 tclass=tcp_socket permissive=1
12-30 10:07:06.920   699   699 I name_server: type=1400 audit(0.0:602524): avc:  denied  { write } for  laddr=172.20.2.35 lport=34880 faddr=172.20.2.36 fport=60000 scontext=u:r:name_server:s0 tcontext=u:r:name_server:s0 tclass=tcp_socket permissive=1
12-30 10:07:06.939   360   931 D EvsDriver: forwardFrame
12-30 10:07:06.939   360   931 D EvsDriver: forwardFrameDirect
12-30 10:07:06.939   360   931 D EvsDriver: Delivered 0xb400e2ca9e40d090 as id 1
12-30 10:07:06.939   359  2784 D evsmanagerd: /dev/video-evs0 forwarded the buffer #1 to 0xb400f125d2b26dd0 from 0xb400f125e2b20710
12-30 10:07:06.945   360   458 D EvsDriver: doneWithFrame
12-30 10:07:06.968  2358  2623 D RcfController: Rcf proxy is not connected!
12-30 10:07:06.972   360   931 D EvsDriver: forwardFrame
12-30 10:07:06.972   360   931 D EvsDriver: forwardFrameDirect
12-30 10:07:06.972   360   931 D EvsDriver: Delivered 0xb400e2ca9e40e110 as id 0
12-30 10:07:06.972   359  2784 D evsmanagerd: /dev/video-evs0 forwarded the buffer #0 to 0xb400f125d2b26dd0 from 0xb400f125e2b20710
12-30 10:07:06.976   360   458 D EvsDriver: doneWithFrame
12-30 10:07:06.979  1611 11114 I ADAYO_LOG_: e(LogcatFunc.java:11)zipFile:true,txtFilePath: /mnt/sdcard/AndroidLog/logcat/logcat_2025_12_30_10_02_32_563-12.txt
01-01 09:29:23.989 11114 11114 W audit   : audit_lost=588650 audit_rate_limit=5 audit_backlog_limit=64
12-30 10:07:07.005   360   931 D EvsDriver: forwardFrame
12-30 10:07:07.005   360   931 D EvsDriver: forwardFrameDirect
12-30 10:07:07.006   360   931 D EvsDriver: Delivered 0xb400e2ca9e40c7a0 as id 1
12-30 10:07:07.006   359  2784 D evsmanagerd: /dev/video-evs0 forwarded the buffer #1 to 0xb400f125d2b26dd0 from 0xb400f125e2b20710
12-30 10:07:07.006   360   458 D EvsDriver: doneWithFrame
12-30 10:07:07.011   596  3076 E WifiHAL : Invalid data received from driver
12-30 10:07:07.015  2310  2721 D FuseDaemon: Node: 12970642256212318992 deleted.
12-30 10:07:07.015  1611 11114 I ADAYO_LOG_: e(LogcatFunc.java:14)deleteFile:logcat_2025_12_30_10_02_32_563-12.txt,delete:true
12-30 10:07:07.015  1611 11114 I ADAYO_LOG_: a(LogcatFunc.java:15)startZip over
12-30 10:07:07.017   650   729 D fgemcucomm: sd Uart data : 6AA602A793000292022E
12-30 10:07:07.017   650   729 D fgemcucomm: rev uart=44388,len=14, data : 6AA681A79300069202001A000091
12-30 10:07:07.017   398   882 D adayocomadapter-ParseProtocolFunc: printRaWMsg Name[MCUToUPstream recv] len[6] data[9202001A0000]
12-30 10:07:07.017   398   882 D adayocomadapter-CommunicationManager: onUpstreamback   member[0] dataLength[3] timePoint[5362839]
12-30 10:07:07.017   398   882 D adayocomadapter-ParseProtocolFunc: printRaWMsg Name[onUpstreamback] len[3] data[1A0000]
12-30 10:07:07.017   398   464 D adayocomadapter-UpstreamHandler: processBeforePacket upSreamtProcessTimePoint[5362839] 
12-30 10:07:07.017   398   464 D adayocomadapter-UpstreamHandler: processPacket UPSTREAM_QUEUE_DATA_TIMEOUT
12-30 10:07:07.017   398   464 D adayocomadapter-ParseProtocolFunc: parseCommonIPCLBytes Processing tableNumber[26]
12-30 10:07:07.017   398   464 D adayocomadapter-ParseProtocolFunc: parseCommonIPCLBytes Processing tablename[Table-26] tableSize[3]
12-30 10:07:07.017   398   464 D adayocomadapter-ParseProtocolFunc: printRaWMsg Name[byteStream recv] len[3] data[1A0000]
12-30 10:07:07.017   398   464 D adayocomadapter-ParseProtocolFunc: printRaWMsg Name[IPCLtoVHAL] len[6] data[214021C90000]
12-30 10:07:07.017   398   464 D adayocomadapter-ParseProtocolFunc: printRaWMsg Name[IPCLtoVHAL] len[6] data[214022060000]
12-30 10:07:07.017   398   464 D adayocomadapter-CommunicationManager: onUpstreamReceive mPropertyId 0x214021c9
12-30 10:07:07.017   398   464 D adayocomadapter-CommunicationManager: convertBytesToInt32Memcpy  0
12-30 10:07:07.018   398   464 I vw-vhal : notifyVehicleProperty, propId = 0x214021c9, data = {status: 2, int32Values: [0]}
12-30 10:07:07.018   398   464 I vw-vhal : CanSignalsAdapter::notifyVehicleProperty: solvedValue = {.timestamp = 5362839928970, .areaId = 0, .prop = 557851081, .status = AVAILABLE, .value = {.int32Values = [1]{0}, .floatValues = [0]{}, .int64Values = [0]{}, .bytes = [0]{}, .stringValue = ""}}
12-30 10:07:07.018   398   464 I VehiclePropertyStore: begin to write value to Store: {.timestamp = 5362839928970, .areaId = 0, .prop = 557851081, .status = AVAILABLE, .value = {.int32Values = [1]{0}, .floatValues = [0]{}, .int64Values = [0]{}, .bytes = [0]{}, .stringValue = ""}}
12-30 10:07:07.018   398   464 I DefaultVehicleHal_v2_0: DefaultVehicleHal::onPropertyValue, value:{.timestamp = 5362839928970, .areaId = 0, .prop = 557851081, .status = AVAILABLE, .value = {.int32Values = [1]{0}, .floatValues = [0]{}, .int64Values = [0]{}, .bytes = [0]{}, .stringValue = ""}}
12-30 10:07:07.018   398   464 D DiagPropHandler: is not DiagnosticConfig: 0x214021c9
12-30 10:07:07.018   398   464 I VehiclePropertyStore: begin to write value to Store: {.timestamp = 5362839928970, .areaId = 0, .prop = 557851081, .status = AVAILABLE, .value = {.int32Values = [1]{0}, .floatValues = [0]{}, .int64Values = [0]{}, .bytes = [0]{}, .stringValue = ""}}
12-30 10:07:07.018   398   464 D adayocomadapter-CommunicationManager: onUpstreamReceive mPropertyId 0x214021c9
12-30 10:07:07.018   398   464 D adayocomadapter-CommunicationManager: onUpstreamReceive mPropertyId 0x21402206
12-30 10:07:07.018   398   464 D adayocomadapter-CommunicationManager: convertBytesToInt32Memcpy  0
12-30 10:07:07.018   398   464 I vw-vhal : notifyVehicleProperty, propId = 0x21402206, data = {status: 2, int32Values: [0]}
12-30 10:07:07.018   398   464 I vw-vhal : CanSignalsAdapter::notifyVehicleProperty: solvedValue = {.timestamp = 5362840187637, .areaId = 0, .prop = 557851142, .status = AVAILABLE, .value = {.int32Values = [1]{0}, .floatValues = [0]{}, .int64Values = [0]{}, .bytes = [0]{}, .stringValue = ""}}
12-30 10:07:07.018   398   464 I VehiclePropertyStore: begin to write value to Store: {.timestamp = 5362840187637, .areaId = 0, .prop = 557851142, .status = AVAILABLE, .value = {.int32Values = [1]{0}, .floatValues = [0]{}, .int64Values = [0]{}, .bytes = [0]{}, .stringValue = ""}}
12-30 10:07:07.018   398   464 I DefaultVehicleHal_v2_0: DefaultVehicleHal::onPropertyValue, value:{.timestamp = 5362840187637, .areaId = 0, .prop = 557851142, .status = AVAILABLE, .value = {.int32Values = [1]{0}, .floatValues = [0]{}, .int64Values = [0]{}, .bytes = [0]{}, .stringValue = ""}}
12-30 10:07:07.018   398   464 D DiagPropHandler: is not DiagnosticConfig: 0x21402206
12-30 10:07:07.018   398   464 I VehiclePropertyStore: begin to write value to Store: {.timestamp = 5362840187637, .areaId = 0, .prop = 557851142, .status = AVAILABLE, .value = {.int32Values = [1]{0}, .floatValues = [0]{}, .int64Values = [0]{}, .bytes = [0]{}, .stringValue = ""}}
12-30 10:07:07.018   398   464 D adayocomadapter-CommunicationManager: onUpstreamReceive mPropertyId 0x21402206
12-30 10:07:07.018  2358  2623 D RcfController: Rcf proxy is not connected!
12-30 10:07:07.025  1667  2513 W ContextImpl: Calling a method in the system process without a qualified user: android.app.ContextImpl.bindService:1988 android.content.ContextWrapper.bindService:861 com.ford.sync.fnvservice.analytics.AnalyticsManager$RetryHandler.a:126 com.ford.sync.fnvservice.analytics.AnalyticsManager$RetryHandler.handleMessage:103 android.os.Handler.dispatchMessage:106 
12-30 10:07:07.026   916  1492 W ActivityManager: Unable to start service Intent { cmp=com.ford.sync.fnvservice/.analytics.AnalyticsService } U=0: not found
12-30 10:07:07.026  1667  2513 W AnalyticsManager:  bind ford Analytics failed -> sendRetryMessage 
12-30 10:07:07.039   360   931 D EvsDriver: forwardFrame
12-30 10:07:07.039   360   931 D EvsDriver: forwardFrameDirect
12-30 10:07:07.039   360   931 D EvsDriver: Delivered 0xb400e2ca9e40e270 as id 0
12-30 10:07:07.039   359  2784 D evsmanagerd: /dev/video-evs0 forwarded the buffer #0 to 0xb400f125d2b26dd0 from 0xb400f125e2b20710
12-30 10:07:07.047   360   458 D EvsDriver: doneWithFrame
12-30 10:07:07.068  2358  2623 D RcfController: Rcf proxy is not connected!
12-30 10:07:07.072   360   931 D EvsDriver: forwardFrame
12-30 10:07:07.072   360   931 D EvsDriver: forwardFrameDirect
12-30 10:07:07.072   360   931 D EvsDriver: Delivered 0xb400e2ca9e40d4b0 as id 1
12-30 10:07:07.072   359  2784 D evsmanagerd: /dev/video-evs0 forwarded the buffer #1 to 0xb400f125d2b26dd0 from 0xb400f125e2b20710
12-30 10:07:07.077   360   458 D EvsDriver: doneWithFrame
12-30 10:07:07.099   596  3076 E WifiHAL : Invalid data received from driver
12-30 10:07:07.105   360   931 D EvsDriver: forwardFrame
12-30 10:07:07.105   360   931 D EvsDriver: forwardFrameDirect
12-30 10:07:07.105   360   931 D EvsDriver: Delivered 0xb400e2ca9e40c2d0 as id 0
12-30 10:07:07.106   359  2784 D evsmanagerd: /dev/video-evs0 forwarded the buffer #0 to 0xb400f125d2b26dd0 from 0xb400f125e2b20710
12-30 10:07:07.107   360   458 D EvsDriver: doneWithFrame
12-30 10:07:07.118  2358  2623 D RcfController: Rcf proxy is not connected!
12-30 10:07:07.139   360   931 D EvsDriver: forwardFrame
12-30 10:07:07.139   360   931 D EvsDriver: forwardFrameDirect
12-30 10:07:07.139   360   931 D EvsDriver: Delivered 0xb400e2ca9e40d090 as id 1
12-30 10:07:07.139   359  2784 D evsmanagerd: /dev/video-evs0 forwarded the buffer #1 to 0xb400f125d2b26dd0 from 0xb400f125e2b20710
12-30 10:07:07.148   360   458 D EvsDriver: doneWithFrame
12-30 10:07:07.169  2358  2623 D RcfController: Rcf proxy is not connected!
12-30 10:07:07.172   360   931 D EvsDriver: forwardFrame
12-30 10:07:07.172   360   931 D EvsDriver: forwardFrameDirect
12-30 10:07:07.172   360   931 D EvsDriver: Delivered 0xb400e2ca9e40e110 as id 0
12-30 10:07:07.173   359  2784 D evsmanagerd: /dev/video-evs0 forwarded the buffer #0 to 0xb400f125d2b26dd0 from 0xb400f125e2b20710
12-30 10:07:07.178   360   458 D EvsDriver: doneWithFrame
12-30 10:07:07.187   596  3076 E WifiHAL : Invalid data received from driver
12-30 10:07:07.187   596  3076 E WifiHAL : Invalid data received from driver
12-30 10:07:07.187   596  3076 E WifiHAL : Invalid data received from driver
12-30 10:07:07.187   596  3076 E WifiHAL : Invalid data received from driver
12-30 10:07:07.187   596  3076 E WifiHAL : Invalid data received from driver
12-30 10:07:07.187   596  3076 E WifiHAL : Invalid data received from driver
12-30 10:07:07.187   596  3076 E WifiHAL : Invalid data received from driver
12-30 10:07:07.205   360   931 D EvsDriver: forwardFrame
12-30 10:07:07.206   360   931 D EvsDriver: forwardFrameDirect
12-30 10:07:07.206   360   931 D EvsDriver: Delivered 0xb400e2ca9e40c7a0 as id 1
12-30 10:07:07.206   359  2784 D evsmanagerd: /dev/video-evs0 forwarded the buffer #1 to 0xb400f125d2b26dd0 from 0xb400f125e2b20710
12-30 10:07:07.208   360   458 D EvsDriver: doneWithFrame
12-30 10:07:07.216   596  3076 E WifiHAL : Invalid data received from driver
12-30 10:07:07.219  2358  2623 D RcfController: Rcf proxy is not connected!
12-30 10:07:07.236  2475  2681 I TtsServiceAgent: check thread start checking, threadId = 29
12-30 10:07:07.236  2475  2681 D TtsServiceAgent: start bind service...
12-30 10:07:07.236  2475  2681 D TtsServiceAgent: ----->initService, usage = 16
12-30 10:07:07.236  2475  2681 W ContextImpl: Calling a method in the system process without a qualified user: android.app.ContextImpl.bindService:1988 android.content.ContextWrapper.bindService:861 com.iflytek.autofly.ttsaidl.ttsproxy.TtsServiceAgent.initService:189 com.iflytek.autofly.ttsaidl.ttsproxy.TtsServiceAgent.initService:133 com.iflytek.autofly.ttsaidl.ttsproxy.TtsServiceAgent$2.run:517 
12-30 10:07:07.237   916  1492 W ActivityManager: Unable to start service Intent { act=com.iflytek.autofly.tts.ttsservice.TtsAdapterService cmp=com.iflytek.cutefly.speechclient.hmi/com.iflytek.autofly.tts.ttsservice.TtsAdapterService } U=0: not found
12-30 10:07:07.238  2475  2681 D TtsServiceAgent: bindService: false
12-30 10:07:07.238  2475  2681 D TtsServiceAgent: start reInitService
12-30 10:07:07.238  2475  2681 D TtsServiceAgent: aidlCheckThreadRunning = true
12-30 10:07:07.238  2475  2681 D TtsServiceAgent: ----->check connection status in 1000s...
12-30 10:07:07.239   360   931 D EvsDriver: forwardFrame
12-30 10:07:07.239   360   931 D EvsDriver: forwardFrameDirect
12-30 10:07:07.239   360   931 D EvsDriver: Delivered 0xb400e2ca9e40e270 as id 0
12-30 10:07:07.239   359  2784 D evsmanagerd: /dev/video-evs0 forwarded the buffer #0 to 0xb400f125d2b26dd0 from 0xb400f125e2b20710
12-30 10:07:07.249   360   458 D EvsDriver: doneWithFrame
12-30 10:07:07.269  2358  2623 D RcfController: Rcf proxy is not connected!
12-30 10:07:07.272   360   931 D EvsDriver: forwardFrame
12-30 10:07:07.272   360   931 D EvsDriver: forwardFrameDirect
12-30 10:07:07.272   360   931 D EvsDriver: Delivered 0xb400e2ca9e40d4b0 as id 1
12-30 10:07:07.273   359  2784 D evsmanagerd: /dev/video-evs0 forwarded the buffer #1 to 0xb400f125d2b26dd0 from 0xb400f125e2b20710
12-30 10:07:07.279   360   458 D EvsDriver: doneWithFrame
12-30 10:07:07.304   596  3076 E WifiHAL : Invalid data received from driver
12-30 10:07:07.305   360   931 D EvsDriver: forwardFrame
12-30 10:07:07.305   360   931 D EvsDriver: forwardFrameDirect
12-30 10:07:07.306   360   931 D EvsDriver: Delivered 0xb400e2ca9e40c2d0 as id 0
12-30 10:07:07.306   359  2784 D evsmanagerd: /dev/video-evs0 forwarded the buffer #0 to 0xb400f125d2b26dd0 from 0xb400f125e2b20710
12-30 10:07:07.310   360   458 D EvsDriver: doneWithFrame
12-30 10:07:07.319  2358  2623 D RcfController: Rcf proxy is not connected!
12-30 10:07:07.339   360   931 D EvsDriver: forwardFrame
12-30 10:07:07.339   360   931 D EvsDriver: forwardFrameDirect
12-30 10:07:07.339   360   931 D EvsDriver: Delivered 0xb400e2ca9e40d090 as id 1
12-30 10:07:07.339   359  2784 D evsmanagerd: /dev/video-evs0 forwarded the buffer #1 to 0xb400f125d2b26dd0 from 0xb400f125e2b20710
12-30 10:07:07.340   360   458 D EvsDriver: doneWithFrame
12-30 10:07:07.370  2358  2623 D RcfController: Rcf proxy is not connected!
12-30 10:07:07.372   360   931 D EvsDriver: forwardFrame
12-30 10:07:07.372   360   931 D EvsDriver: forwardFrameDirect
12-30 10:07:07.372   360   931 D EvsDriver: Delivered 0xb400e2ca9e40e110 as id 0
12-30 10:07:07.373   359  2784 D evsmanagerd: /dev/video-evs0 forwarded the buffer #0 to 0xb400f125d2b26dd0 from 0xb400f125e2b20710
12-30 10:07:07.381   360   458 D EvsDriver: doneWithFrame
12-30 10:07:07.384   798 13983 W adbd    : timed out while waiting for FUNCTIONFS_BIND, trying again
12-30 10:07:07.384   798 13983 I adbd    : UsbFfs: connection terminated: monitor thread finished
12-30 10:07:07.385   798   798 I adbd    : UsbFfs: already offline
12-30 10:07:07.385   798   798 I adbd    : destroying transport UsbFfs
12-30 10:07:07.385   798   798 I adbd    : UsbFfsConnection being destroyed
12-30 10:07:07.405   360   931 D EvsDriver: forwardFrame
12-30 10:07:07.406   360   931 D EvsDriver: forwardFrameDirect
12-30 10:07:07.406   360   931 D EvsDriver: Delivered 0xb400e2ca9e40c7a0 as id 1
12-30 10:07:07.406   359  2784 D evsmanagerd: /dev/video-evs0 forwarded the buffer #1 to 0xb400f125d2b26dd0 from 0xb400f125e2b20710
12-30 10:07:07.410  1667  2594 W ContextImpl: Calling a method in the system process without a qualified user: android.app.ContextImpl.bindService:1988 android.content.ContextWrapper.bindService:861 com.ford.sync.fnvservice.FordFnv.c:202 com.ford.sync.fnvservice.FordFnv.c:43 com.ford.sync.fnvservice.FordFnv$RetryHandler.handleMessage:245 
12-30 10:07:07.411   916  1492 W ActivityManager: Unable to start service Intent { cmp=com.ford.sync.fnvservice/.FordFnvService } U=0: not found
12-30 10:07:07.411  1667  2594 W FordFnv :  bind ford fnv failed -> sendRetryMessage 
12-30 10:07:07.411   360   458 D EvsDriver: doneWithFrame
12-30 10:07:07.418   798   838 I adbd    : opening control endpoint /dev/usb-ffs/adb/ep0
12-30 10:07:07.419   798   838 I adbd    : UsbFfsConnection constructed
12-30 10:07:07.420  2358  2623 D RcfController: Rcf proxy is not connected!
12-30 10:07:07.420   798 13984 I adbd    : UsbFfs-monitor thread spawned
12-30 10:07:07.421   650   729 D fgemcucomm: sd Uart data : 6AA602A794000292022D
12-30 10:07:07.421   596  3076 E WifiHAL : Invalid data received from driver
12-30 10:07:07.421   650   729 D fgemcucomm: rev uart=44389,len=56, data : 6AA681A794003092020019000000000000000000000000000000000000000000000000000000000000000000000000000000000000000067
12-30 10:07:07.422   398   882 D adayocomadapter-ParseProtocolFunc: printRaWMsg Name[MCUToUPstream recv] len[48] data[920200190000000000000000000000000000000000000000000000000000000000000000000000000000000000000000]
12-30 10:07:07.422   398   882 D adayocomadapter-CommunicationManager: onUpstreamback   member[0] dataLength[45] timePoint[5363244]
12-30 10:07:07.422   398   882 D adayocomadapter-ParseProtocolFunc: printRaWMsg Name[onUpstreamback] len[45] data[190000000000000000000000000000000000000000000000000000000000000000000000000000000000000000]
12-30 10:07:07.422   398   464 D adayocomadapter-UpstreamHandler: processBeforePacket upSreamtProcessTimePoint[5363244] 
12-30 10:07:07.422   398   464 D adayocomadapter-UpstreamHandler: processPacket UPSTREAM_QUEUE_DATA_TIMEOUT
12-30 10:07:07.422   398   464 D adayocomadapter-ParseProtocolFunc: parseCommonIPCLBytes Processing tableNumber[25]
12-30 10:07:07.423   398   464 D adayocomadapter-ParseProtocolFunc: parseCommonIPCLBytes Processing tablename[Table-25] tableSize[45]
12-30 10:07:07.423   398   464 D adayocomadapter-ParseProtocolFunc: printRaWMsg Name[byteStream recv] len[45] data[190000000000000000000000000000000000000000000000000000000000000000000000000000000000000000]
12-30 10:07:07.423   398   464 D adayocomadapter-ParseProtocolFunc: printRaWMsg Name[IPCLtoVHAL] len[6] data[214020C50000]
12-30 10:07:07.423   398   464 D adayocomadapter-ParseProtocolFunc: printRaWMsg Name[IPCLtoVHAL] len[6] data[214021060000]
12-30 10:07:07.423   398   464 D adayocomadapter-ParseProtocolFunc: printRaWMsg Name[IPCLtoVHAL] len[6] data[214021320000]
12-30 10:07:07.423   398   464 D adayocomadapter-ParseProtocolFunc: printRaWMsg Name[IPCLtoVHAL] len[6] data[214020BF0000]
12-30 10:07:07.423   398   464 D adayocomadapter-ParseProtocolFunc: printRaWMsg Name[IPCLtoVHAL] len[6] data[2140212F0000]
12-30 10:07:07.423   398   464 D adayocomadapter-ParseProtocolFunc: printRaWMsg Name[IPCLtoVHAL] len[6] data[214020260000]
12-30 10:07:07.423   398   464 D adayocomadapter-ParseProtocolFunc: printRaWMsg Name[IPCLtoVHAL] len[6] data[214020B30000]
12-30 10:07:07.423   398   464 D adayocomadapter-ParseProtocolFunc: printRaWMsg Name[IPCLtoVHAL] len[6] data[2140219E0000]
12-30 10:07:07.423   398   464 D adayocomadapter-ParseProtocolFunc: printRaWMsg Name[IPCLtoVHAL] len[6] data[214021300000]
12-30 10:07:07.423   398   464 D adayocomadapter-ParseProtocolFunc: printRaWMsg Name[IPCLtoVHAL] len[11] data[2141204A01000000000000]
12-30 10:07:07.423   398   464 D adayocomadapter-ParseProtocolFunc: printRaWMsg Name[IPCLtoVHAL] len[6] data[214020BD0000]
12-30 10:07:07.423   398   464 D adayocomadapter-ParseProtocolFunc: printRaWMsg Name[IPCLtoVHAL] len[6] data[2140213B0000]
12-30 10:07:07.423   398   464 D adayocomadapter-ParseProtocolFunc: printRaWMsg Name[IPCLtoVHAL] len[6] data[214020AE0000]
12-30 10:07:07.423   398   464 D adayocomadapter-ParseProtocolFunc: printRaWMsg Name[IPCLtoVHAL] len[6] data[2140210D0000]
12-30 10:07:07.423   398   464 D adayocomadapter-ParseProtocolFunc: printRaWMsg Name[IPCLtoVHAL] len[6] data[214010180000]
12-30 10:07:07.423   398   464 D adayocomadapter-ParseProtocolFunc: printRaWMsg Name[IPCLtoVHAL] len[6] data[214020A90000]
12-30 10:07:07.424   398   464 D adayocomadapter-ParseProtocolFunc: printRaWMsg Name[IPCLtoVHAL] len[6] data[214020AB0000]
12-30 10:07:07.424   398   464 D adayocomadapter-ParseProtocolFunc: printRaWMsg Name[IPCLtoVHAL] len[6] data[214020AD0000]
12-30 10:07:07.424   398   464 D adayocomadapter-ParseProtocolFunc: printRaWMsg Name[IPCLtoVHAL] len[6] data[2140213A0000]
12-30 10:07:07.424   398   464 D adayocomadapter-ParseProtocolFunc: printRaWMsg Name[IPCLtoVHAL] len[6] data[214021C70000]
12-30 10:07:07.424   398   464 D adayocomadapter-ParseProtocolFunc: printRaWMsg Name[IPCLtoVHAL] len[6] data[214020F20000]
12-30 10:07:07.424   398   464 D adayocomadapter-ParseProtocolFunc: printRaWMsg Name[IPCLtoVHAL] len[6] data[214020F10000]
12-30 10:07:07.424   398   464 D adayocomadapter-ParseProtocolFunc: printRaWMsg Name[IPCLtoVHAL] len[6] data[214021120000]
12-30 10:07:07.424   398   464 D adayocomadapter-ParseProtocolFunc: printRaWMsg Name[IPCLtoVHAL] len[7] data[2140219F000000]
12-30 10:07:07.424   398   464 D adayocomadapter-ParseProtocolFunc: printRaWMsg Name[IPCLtoVHAL] len[6] data[214021390000]
12-30 10:07:07.424   398   464 D adayocomadapter-ParseProtocolFunc: printRaWMsg Name[IPCLtoVHAL] len[7] data[21402025000000]
12-30 10:07:07.424   398   464 D adayocomadapter-ParseProtocolFunc: printRaWMsg Name[IPCLtoVHAL] len[9] data[214020330000000000]
12-30 10:07:07.424   398   464 D adayocomadapter-ParseProtocolFunc: printRaWMsg Name[IPCLtoVHAL] len[6] data[214020340000]
12-30 10:07:07.424   398   464 D adayocomadapter-ParseProtocolFunc: printRaWMsg Name[IPCLtoVHAL] len[6] data[2140218C0000]
12-30 10:07:07.424   398   464 D adayocomadapter-ParseProtocolFunc: printRaWMsg Name[IPCLtoVHAL] len[6] data[2140219B0000]
12-30 10:07:07.424   398   464 D adayocomadapter-ParseProtocolFunc: printRaWMsg Name[IPCLtoVHAL] len[6] data[214021A00000]
12-30 10:07:07.424   398   464 D adayocomadapter-ParseProtocolFunc: printRaWMsg Name[IPCLtoVHAL] len[6] data[214021A30000]
12-30 10:07:07.424   398   464 D adayocomadapter-ParseProtocolFunc: printRaWMsg Name[IPCLtoVHAL] len[6] data[214021A40000]
12-30 10:07:07.425   398   464 D adayocomadapter-ParseProtocolFunc: printRaWMsg Name[IPCLtoVHAL] len[6] data[214021CB0000]
12-30 10:07:07.425   398   464 D adayocomadapter-CommunicationManager: onUpstreamReceive mPropertyId 0x214020c5
12-30 10:07:07.425   398   464 D adayocomadapter-CommunicationManager: convertBytesToInt32Memcpy  0
12-30 10:07:07.425   398   464 I vw-vhal : notifyVehicleProperty, propId = 0x214020c5, data = {status: 2, int32Values: [0]}
12-30 10:07:07.425   398   464 I vw-vhal : CanSignalsAdapter::notifyVehicleProperty: solvedValue = {.timestamp = 5363247160304, .areaId = 0, .prop = 557850821, .status = AVAILABLE, .value = {.int32Values = [1]{0}, .floatValues = [0]{}, .int64Values = [0]{}, .bytes = [0]{}, .stringValue = ""}}
12-30 10:07:07.425   398   464 I VehiclePropertyStore: begin to write value to Store: {.timestamp = 5363247160304, .areaId = 0, .prop = 557850821, .status = AVAILABLE, .value = {.int32Values = [1]{0}, .floatValues = [0]{}, .int64Values = [0]{}, .bytes = [0]{}, .stringValue = ""}}
12-30 10:07:07.425   398   464 I DefaultVehicleHal_v2_0: DefaultVehicleHal::onPropertyValue, value:{.timestamp = 5363247160304, .areaId = 0, .prop = 557850821, .status = AVAILABLE, .value = {.int32Values = [1]{0}, .floatValues = [0]{}, .int64Values = [0]{}, .bytes = [0]{}, .stringValue = ""}}
12-30 10:07:07.425   398   464 D DiagPropHandler: is not DiagnosticConfig: 0x214020c5
12-30 10:07:07.425   398   464 I VehiclePropertyStore: begin to write value to Store: {.timestamp = 5363247160304, .areaId = 0, .prop = 557850821, .status = AVAILABLE, .value = {.int32Values = [1]{0}, .floatValues = [0]{}, .int64Values = [0]{}, .bytes = [0]{}, .stringValue = ""}}
12-30 10:07:07.425   398   464 D adayocomadapter-CommunicationManager: onUpstreamReceive mPropertyId 0x214020c5
12-30 10:07:07.425   398   464 D adayocomadapter-CommunicationManager: onUpstreamReceive mPropertyId 0x21402106
12-30 10:07:07.425   398   464 D adayocomadapter-CommunicationManager: convertBytesToInt32Memcpy  0
12-30 10:07:07.425   398   464 I vw-vhal : notifyVehicleProperty, propId = 0x21402106, data = {status: 2, int32Values: [0]}
12-30 10:07:07.426   398   464 I vw-vhal : CanSignalsAdapter::notifyVehicleProperty: solvedValue = {.timestamp = 5363247902637, .areaId = 0, .prop = 557850886, .status = AVAILABLE, .value = {.int32Values = [1]{0}, .floatValues = [0]{}, .int64Values = [0]{}, .bytes = [0]{}, .stringValue = ""}}
01-01 09:29:24.433     1     1 I init    : Command 'write /config/usb_gadget/g1/UDC ${sys.usb.controller}' action=sys.usb.config=adb && sys.usb.configfs=1 && sys.usb.ffs.ready=1 (/system/etc/init/hw/init.usb.configfs.rc:23) took 0ms and failed: Unable to write to file '/config/usb_gadget/g1/UDC': Unable to write file contents: Device or resource busy
12-30 10:07:07.426   398   464 I VehiclePropertyStore: begin to write value to Store: {.timestamp = 5363247902637, .areaId = 0, .prop = 557850886, .status = AVAILABLE, .value = {.int32Values = [1]{0}, .floatValues = [0]{}, .int64Values = [0]{}, .bytes = [0]{}, .stringValue = ""}}
12-30 10:07:07.426   398   464 I DefaultVehicleHal_v2_0: DefaultVehicleHal::onPropertyValue, value:{.timestamp = 5363247902637, .areaId = 0, .prop = 557850886, .status = AVAILABLE, .value = {.int32Values = [1]{0}, .floatValues = [0]{}, .int64Values = [0]{}, .bytes = [0]{}, .stringValue = ""}}
12-30 10:07:07.426   398   464 D DiagPropHandler: is not DiagnosticConfig: 0x21402106
12-30 10:07:07.426   398   464 I VehiclePropertyStore: begin to write value to Store: {.timestamp = 5363247902637, .areaId = 0, .prop = 557850886, .status = AVAILABLE, .value = {.int32Values = [1]{0}, .floatValues = [0]{}, .int64Values = [0]{}, .bytes = [0]{}, .stringValue = ""}}
12-30 10:07:07.426   398   464 D adayocomadapter-CommunicationManager: onUpstreamReceive mPropertyId 0x21402106
12-30 10:07:07.426   398   464 D adayocomadapter-CommunicationManager: onUpstreamReceive mPropertyId 0x21402132
12-30 10:07:07.426   398   464 D adayocomadapter-CommunicationManager: convertBytesToInt32Memcpy  0
12-30 10:07:07.426   398   464 I vw-vhal : notifyVehicleProperty, propId = 0x21402132, data = {status: 2, int32Values: [0]}
12-30 10:07:07.426   398   464 I vw-vhal : CanSignalsAdapter::notifyVehicleProperty: solvedValue = {.timestamp = 5363248676304, .areaId = 0, .prop = 557850930, .status = AVAILABLE, .value = {.int32Values = [1]{0}, .floatValues = [0]{}, .int64Values = [0]{}, .bytes = [0]{}, .stringValue = ""}}
12-30 10:07:07.426   398   464 I VehiclePropertyStore: begin to write value to Store: {.timestamp = 5363248676304, .areaId = 0, .prop = 557850930, .status = AVAILABLE, .value = {.int32Values = [1]{0}, .floatValues = [0]{}, .int64Values = [0]{}, .bytes = [0]{}, .stringValue = ""}}
12-30 10:07:07.427   398   464 I DefaultVehicleHal_v2_0: DefaultVehicleHal::onPropertyValue, value:{.timestamp = 5363248676304, .areaId = 0, .prop = 557850930, .status = AVAILABLE, .value = {.int32Values = [1]{0}, .floatValues = [0]{}, .int64Values = [0]{}, .bytes = [0]{}, .stringValue = ""}}
12-30 10:07:07.427   398   464 D DiagPropHandler: is not DiagnosticConfig: 0x21402132
12-30 10:07:07.427   398   464 I VehiclePropertyStore: begin to write value to Store: {.timestamp = 5363248676304, .areaId = 0, .prop = 557850930, .status = AVAILABLE, .value = {.int32Values = [1]{0}, .floatValues = [0]{}, .int64Values = [0]{}, .bytes = [0]{}, .stringValue = ""}}
12-30 10:07:07.427   398   464 D adayocomadapter-CommunicationManager: onUpstreamReceive mPropertyId 0x21402132
12-30 10:07:07.427   398   464 D adayocomadapter-CommunicationManager: onUpstreamReceive mPropertyId 0x214020bf
12-30 10:07:07.427   398   464 D adayocomadapter-CommunicationManager: convertBytesToInt32Memcpy  0
12-30 10:07:07.427   398   464 I vw-vhal : notifyVehicleProperty, propId = 0x214020bf, data = {status: 2, int32Values: [0]}
12-30 10:07:07.428   398   464 I vw-vhal : CanSignalsAdapter::notifyVehicleProperty: solvedValue = {.timestamp = 5363249875304, .areaId = 0, .prop = 557850815, .status = AVAILABLE, .value = {.int32Values = [1]{0}, .floatValues = [0]{}, .int64Values = [0]{}, .bytes = [0]{}, .stringValue = ""}}
12-30 10:07:07.428   398   464 I VehiclePropertyStore: begin to write value to Store: {.timestamp = 5363249875304, .areaId = 0, .prop = 557850815, .status = AVAILABLE, .value = {.int32Values = [1]{0}, .floatValues = [0]{}, .int64Values = [0]{}, .bytes = [0]{}, .stringValue = ""}}
12-30 10:07:07.428   398   464 I DefaultVehicleHal_v2_0: DefaultVehicleHal::onPropertyValue, value:{.timestamp = 5363249875304, .areaId = 0, .prop = 557850815, .status = AVAILABLE, .value = {.int32Values = [1]{0}, .floatValues = [0]{}, .int64Values = [0]{}, .bytes = [0]{}, .stringValue = ""}}
12-30 10:07:07.428   398   464 D DiagPropHandler: is not DiagnosticConfig: 0x214020bf
12-30 10:07:07.428   398   464 I VehiclePropertyStore: begin to write value to Store: {.timestamp = 5363249875304, .areaId = 0, .prop = 557850815, .status = AVAILABLE, .value = {.int32Values = [1]{0}, .floatValues = [0]{}, .int64Values = [0]{}, .bytes = [0]{}, .stringValue = ""}}
12-30 10:07:07.428   398   464 D adayocomadapter-CommunicationManager: onUpstreamReceive mPropertyId 0x214020bf
12-30 10:07:07.428   398   464 D adayocomadapter-CommunicationManager: onUpstreamReceive mPropertyId 0x2140212f
12-30 10:07:07.428   398   464 D adayocomadapter-CommunicationManager: convertBytesToInt32Memcpy  0
12-30 10:07:07.428   398   464 I vw-vhal : notifyVehicleProperty, propId = 0x2140212f, data = {status: 2, int32Values: [0]}
12-30 10:07:07.428   398   464 I vw-vhal : CanSignalsAdapter::notifyVehicleProperty: solvedValue = {.timestamp = 5363250558637, .areaId = 0, .prop = 557850927, .status = AVAILABLE, .value = {.int32Values = [1]{0}, .floatValues = [0]{}, .int64Values = [0]{}, .bytes = [0]{}, .stringValue = ""}}
12-30 10:07:07.428   398   464 I VehiclePropertyStore: begin to write value to Store: {.timestamp = 5363250558637, .areaId = 0, .prop = 557850927, .status = AVAILABLE, .value = {.int32Values = [1]{0}, .floatValues = [0]{}, .int64Values = [0]{}, .bytes = [0]{}, .stringValue = ""}}
12-30 10:07:07.428   398   464 I DefaultVehicleHal_v2_0: DefaultVehicleHal::onPropertyValue, value:{.timestamp = 5363250558637, .areaId = 0, .prop = 557850927, .status = AVAILABLE, .value = {.int32Values = [1]{0}, .floatValues = [0]{}, .int64Values = [0]{}, .bytes = [0]{}, .stringValue = ""}}
12-30 10:07:07.428   398   464 D DiagPropHandler: is not DiagnosticConfig: 0x2140212f
12-30 10:07:07.429   398   464 I VehiclePropertyStore: begin to write value to Store: {.timestamp = 5363250558637, .areaId = 0, .prop = 557850927, .status = AVAILABLE, .value = {.int32Values = [1]{0}, .floatValues = [0]{}, .int64Values = [0]{}, .bytes = [0]{}, .stringValue = ""}}
12-30 10:07:07.429   398   464 D adayocomadapter-CommunicationManager: onUpstreamReceive mPropertyId 0x2140212f
12-30 10:07:07.429   398   464 D adayocomadapter-CommunicationManager: onUpstreamReceive mPropertyId 0x21402026
12-30 10:07:07.429   398   464 D adayocomadapter-CommunicationManager: convertBytesToInt32Memcpy  0
12-30 10:07:07.429   398   464 I vw-vhal : notifyVehicleProperty, propId = 0x21402026, data = {status: 2, int32Values: [0]}
12-30 10:07:07.429   398   464 I vw-vhal : CanSignalsAdapter::notifyVehicleProperty: solvedValue = {.timestamp = 5363251198970, .areaId = 0, .prop = 557850662, .status = AVAILABLE, .value = {.int32Values = [1]{0}, .floatValues = [0]{}, .int64Values = [0]{}, .bytes = [0]{}, .stringValue = ""}}
12-30 10:07:07.429   398   464 I VehiclePropertyStore: begin to write value to Store: {.timestamp = 5363251198970, .areaId = 0, .prop = 557850662, .status = AVAILABLE, .value = {.int32Values = [1]{0}, .floatValues = [0]{}, .int64Values = [0]{}, .bytes = [0]{}, .stringValue = ""}}
12-30 10:07:07.429   398   464 I DefaultVehicleHal_v2_0: DefaultVehicleHal::onPropertyValue, value:{.timestamp = 5363251198970, .areaId = 0, .prop = 557850662, .status = AVAILABLE, .value = {.int32Values = [1]{0}, .floatValues = [0]{}, .int64Values = [0]{}, .bytes = [0]{}, .stringValue = ""}}
12-30 10:07:07.429   398   464 D DiagPropHandler: is not DiagnosticConfig: 0x21402026
12-30 10:07:07.429   398   464 I VehiclePropertyStore: begin to write value to Store: {.timestamp = 5363251198970, .areaId = 0, .prop = 557850662, .status = AVAILABLE, .value = {.int32Values = [1]{0}, .floatValues = [0]{}, .int64Values = [0]{}, .bytes = [0]{}, .stringValue = ""}}
12-30 10:07:07.429   398   464 D adayocomadapter-CommunicationManager: onUpstreamReceive mPropertyId 0x21402026
12-30 10:07:07.429   398   464 D adayocomadapter-CommunicationManager: onUpstreamReceive mPropertyId 0x214020b3
12-30 10:07:07.429   398   464 D adayocomadapter-CommunicationManager: convertBytesToInt32Memcpy  0
12-30 10:07:07.429   398   464 I vw-vhal : notifyVehicleProperty, propId = 0x214020b3, data = {status: 2, int32Values: [0]}
12-30 10:07:07.430   398   464 I vw-vhal : CanSignalsAdapter::notifyVehicleProperty: solvedValue = {.timestamp = 5363251878304, .areaId = 0, .prop = 557850803, .status = AVAILABLE, .value = {.int32Values = [1]{0}, .floatValues = [0]{}, .int64Values = [0]{}, .bytes = [0]{}, .stringValue = ""}}
12-30 10:07:07.430   398   464 I VehiclePropertyStore: begin to write value to Store: {.timestamp = 5363251878304, .areaId = 0, .prop = 557850803, .status = AVAILABLE, .value = {.int32Values = [1]{0}, .floatValues = [0]{}, .int64Values = [0]{}, .bytes = [0]{}, .stringValue = ""}}
12-30 10:07:07.430   398   464 I DefaultVehicleHal_v2_0: DefaultVehicleHal::onPropertyValue, value:{.timestamp = 5363251878304, .areaId = 0, .prop = 557850803, .status = AVAILABLE, .value = {.int32Values = [1]{0}, .floatValues = [0]{}, .int64Values = [0]{}, .bytes = [0]{}, .stringValue = ""}}
12-30 10:07:07.430   398   464 D DiagPropHandler: is not DiagnosticConfig: 0x214020b3
12-30 10:07:07.430   398   464 I VehiclePropertyStore: begin to write value to Store: {.timestamp = 5363251878304, .areaId = 0, .prop = 557850803, .status = AVAILABLE, .value = {.int32Values = [1]{0}, .floatValues = [0]{}, .int64Values = [0]{}, .bytes = [0]{}, .stringValue = ""}}
12-30 10:07:07.430   398   464 D adayocomadapter-CommunicationManager: onUpstreamReceive mPropertyId 0x214020b3
12-30 10:07:07.430   398   464 D adayocomadapter-CommunicationManager: onUpstreamReceive mPropertyId 0x2140219e
12-30 10:07:07.430   398   464 D adayocomadapter-CommunicationManager: convertBytesToInt32Memcpy  0
12-30 10:07:07.430   398   464 I vw-vhal : notifyVehicleProperty, propId = 0x2140219e, data = {status: 2, int32Values: [0]}
12-30 10:07:07.430   398   464 I vw-vhal : CanSignalsAdapter::notifyVehicleProperty: solvedValue = {.timestamp = 5363252584304, .areaId = 0, .prop = 557851038, .status = AVAILABLE, .value = {.int32Values = [1]{0}, .floatValues = [0]{}, .int64Values = [0]{}, .bytes = [0]{}, .stringValue = ""}}
12-30 10:07:07.430   398   464 I VehiclePropertyStore: begin to write value to Store: {.timestamp = 5363252584304, .areaId = 0, .prop = 557851038, .status = AVAILABLE, .value = {.int32Values = [1]{0}, .floatValues = [0]{}, .int64Values = [0]{}, .bytes = [0]{}, .stringValue = ""}}
12-30 10:07:07.430   398   464 I DefaultVehicleHal_v2_0: DefaultVehicleHal::onPropertyValue, value:{.timestamp = 5363252584304, .areaId = 0, .prop = 557851038, .status = AVAILABLE, .value = {.int32Values = [1]{0}, .floatValues = [0]{}, .int64Values = [0]{}, .bytes = [0]{}, .stringValue = ""}}
12-30 10:07:07.431   398   464 D DiagPropHandler: is not DiagnosticConfig: 0x2140219e
12-30 10:07:07.431   398   464 I VehiclePropertyStore: begin to write value to Store: {.timestamp = 5363252584304, .areaId = 0, .prop = 557851038, .status = AVAILABLE, .value = {.int32Values = [1]{0}, .floatValues = [0]{}, .int64Values = [0]{}, .bytes = [0]{}, .stringValue = ""}}
12-30 10:07:07.431   398   464 D adayocomadapter-CommunicationManager: onUpstreamReceive mPropertyId 0x2140219e
12-30 10:07:07.431   398   464 D adayocomadapter-CommunicationManager: onUpstreamReceive mPropertyId 0x21402130
12-30 10:07:07.431   398   464 D adayocomadapter-CommunicationManager: convertBytesToInt32Memcpy  0
12-30 10:07:07.431   398   464 I vw-vhal : notifyVehicleProperty, propId = 0x21402130, data = {status: 2, int32Values: [0]}
12-30 10:07:07.431   398   464 I vw-vhal : CanSignalsAdapter::notifyVehicleProperty: solvedValue = {.timestamp = 5363253219304, .areaId = 0, .prop = 557850928, .status = AVAILABLE, .value = {.int32Values = [1]{0}, .floatValues = [0]{}, .int64Values = [0]{}, .bytes = [0]{}, .stringValue = ""}}
12-30 10:07:07.431   398   464 I VehiclePropertyStore: begin to write value to Store: {.timestamp = 5363253219304, .areaId = 0, .prop = 557850928, .status = AVAILABLE, .value = {.int32Values = [1]{0}, .floatValues = [0]{}, .int64Values = [0]{}, .bytes = [0]{}, .stringValue = ""}}
12-30 10:07:07.431   398   464 I DefaultVehicleHal_v2_0: DefaultVehicleHal::onPropertyValue, value:{.timestamp = 5363253219304, .areaId = 0, .prop = 557850928, .status = AVAILABLE, .value = {.int32Values = [1]{0}, .floatValues = [0]{}, .int64Values = [0]{}, .bytes = [0]{}, .stringValue = ""}}
12-30 10:07:07.431   398   464 D DiagPropHandler: is not DiagnosticConfig: 0x21402130
12-30 10:07:07.431   398   464 I VehiclePropertyStore: begin to write value to Store: {.timestamp = 5363253219304, .areaId = 0, .prop = 557850928, .status = AVAILABLE, .value = {.int32Values = [1]{0}, .floatValues = [0]{}, .int64Values = [0]{}, .bytes = [0]{}, .stringValue = ""}}
12-30 10:07:07.431   398   464 D adayocomadapter-CommunicationManager: onUpstreamReceive mPropertyId 0x21402130
12-30 10:07:07.431   398   464 D adayocomadapter-CommunicationManager: onUpstreamReceive mPropertyId 0x2141204a
12-30 10:07:07.431   398   464 I vw-vhal : notifyVehicleProperty, propId = 0x2141204a, data = {status: 2, int32Values: [0, 0, 0, 0, 0, 0]}
12-30 10:07:07.432   398   464 I vw-vhal : CanSignalsAdapter::notifyVehicleProperty: solvedValue = {.timestamp = 5363253832970, .areaId = 0, .prop = 557916234, .status = AVAILABLE, .value = {.int32Values = [6]{0, 0, 0, 0, 0, 0}, .floatValues = [0]{}, .int64Values = [0]{}, .bytes = [0]{}, .stringValue = ""}}
12-30 10:07:07.432   398   464 I VehiclePropertyStore: begin to write value to Store: {.timestamp = 5363253832970, .areaId = 0, .prop = 557916234, .status = AVAILABLE, .value = {.int32Values = [6]{0, 0, 0, 0, 0, 0}, .floatValues = [0]{}, .int64Values = [0]{}, .bytes = [0]{}, .stringValue = ""}}
12-30 10:07:07.432   398   464 I DefaultVehicleHal_v2_0: DefaultVehicleHal::onPropertyValue, value:{.timestamp = 5363253832970, .areaId = 0, .prop = 557916234, .status = AVAILABLE, .value = {.int32Values = [6]{0, 0, 0, 0, 0, 0}, .floatValues = [0]{}, .int64Values = [0]{}, .bytes = [0]{}, .stringValue = ""}}
12-30 10:07:07.432   398   464 D DiagPropHandler: is not DiagnosticConfig: 0x2141204a
12-30 10:07:07.432   398   464 I VehiclePropertyStore: begin to write value to Store: {.timestamp = 5363253832970, .areaId = 0, .prop = 557916234, .status = AVAILABLE, .value = {.int32Values = [6]{0, 0, 0, 0, 0, 0}, .floatValues = [0]{}, .int64Values = [0]{}, .bytes = [0]{}, .stringValue = ""}}
12-30 10:07:07.432   398   464 D adayocomadapter-CommunicationManager: onUpstreamReceive mPropertyId 0x2141204a
12-30 10:07:07.432   398   464 D adayocomadapter-CommunicationManager: onUpstreamReceive mPropertyId 0x214020bd
12-30 10:07:07.432   398   464 D adayocomadapter-CommunicationManager: convertBytesToInt32Memcpy  0
12-30 10:07:07.432   398   464 I vw-vhal : notifyVehicleProperty, propId = 0x214020bd, data = {status: 2, int32Values: [0]}
12-30 10:07:07.432   398   464 I vw-vhal : CanSignalsAdapter::notifyVehicleProperty: solvedValue = {.timestamp = 5363254562970, .areaId = 0, .prop = 557850813, .status = AVAILABLE, .value = {.int32Values = [1]{0}, .floatValues = [0]{}, .int64Values = [0]{}, .bytes = [0]{}, .stringValue = ""}}
12-30 10:07:07.432   398   464 I VehiclePropertyStore: begin to write value to Store: {.timestamp = 5363254562970, .areaId = 0, .prop = 557850813, .status = AVAILABLE, .value = {.int32Values = [1]{0}, .floatValues = [0]{}, .int64Values = [0]{}, .bytes = [0]{}, .stringValue = ""}}
12-30 10:07:07.432   398   464 I DefaultVehicleHal_v2_0: DefaultVehicleHal::onPropertyValue, value:{.timestamp = 5363254562970, .areaId = 0, .prop = 557850813, .status = AVAILABLE, .value = {.int32Values = [1]{0}, .floatValues = [0]{}, .int64Values = [0]{}, .bytes = [0]{}, .stringValue = ""}}
12-30 10:07:07.432   398   464 D DiagPropHandler: is not DiagnosticConfig: 0x214020bd
12-30 10:07:07.433   398   464 I VehiclePropertyStore: begin to write value to Store: {.timestamp = 5363254562970, .areaId = 0, .prop = 557850813, .status = AVAILABLE, .value = {.int32Values = [1]{0}, .floatValues = [0]{}, .int64Values = [0]{}, .bytes = [0]{}, .stringValue = ""}}
12-30 10:07:07.433   398   464 D adayocomadapter-CommunicationManager: onUpstreamReceive mPropertyId 0x214020bd
12-30 10:07:07.433   398   464 D adayocomadapter-CommunicationManager: onUpstreamReceive mPropertyId 0x2140213b
12-30 10:07:07.433   398   464 D adayocomadapter-CommunicationManager: convertBytesToInt32Memcpy  0
12-30 10:07:07.433   398   464 I vw-vhal : notifyVehicleProperty, propId = 0x2140213b, data = {status: 2, int32Values: [0]}
12-30 10:07:07.433   398   464 I vw-vhal : CanSignalsAdapter::notifyVehicleProperty: solvedValue = {.timestamp = 5363255195637, .areaId = 0, .prop = 557850939, .status = AVAILABLE, .value = {.int32Values = [1]{0}, .floatValues = [0]{}, .int64Values = [0]{}, .bytes = [0]{}, .stringValue = ""}}
12-30 10:07:07.433   398   464 I VehiclePropertyStore: begin to write value to Store: {.timestamp = 5363255195637, .areaId = 0, .prop = 557850939, .status = AVAILABLE, .value = {.int32Values = [1]{0}, .floatValues = [0]{}, .int64Values = [0]{}, .bytes = [0]{}, .stringValue = ""}}
12-30 10:07:07.433   398   464 I DefaultVehicleHal_v2_0: DefaultVehicleHal::onPropertyValue, value:{.timestamp = 5363255195637, .areaId = 0, .prop = 557850939, .status = AVAILABLE, .value = {.int32Values = [1]{0}, .floatValues = [0]{}, .int64Values = [0]{}, .bytes = [0]{}, .stringValue = ""}}
12-30 10:07:07.433   398   464 D DiagPropHandler: is not DiagnosticConfig: 0x2140213b
12-30 10:07:07.433   398   464 I VehiclePropertyStore: begin to write value to Store: {.timestamp = 5363255195637, .areaId = 0, .prop = 557850939, .status = AVAILABLE, .value = {.int32Values = [1]{0}, .floatValues = [0]{}, .int64Values = [0]{}, .bytes = [0]{}, .stringValue = ""}}
12-30 10:07:07.433   398   464 D adayocomadapter-CommunicationManager: onUpstreamReceive mPropertyId 0x2140213b
12-30 10:07:07.433   398   464 D adayocomadapter-CommunicationManager: onUpstreamReceive mPropertyId 0x214020ae
