12-30 10:07:07.903   398   464 I vw-vhal : notifyVehicleProperty, propId = 0x2141415a, data = {status: 2, int32Values: [0, 0, 0, 0, 0, 0, 0, 0, 0, 0, 0]}
12-30 10:07:07.903   398   464 I vw-vhal : CanSignalsAdapter::notifyDiagProperty: propId = 0x2141415a, data = {status: 2, int32Values: [0, 0, 0, 0, 0, 0, 0, 0, 0, 0, 0]}
12-30 10:07:07.903   398   464 I vw-vhal : CanSignalsAdapter::notifyVehicleProperty: solvedValue = {.timestamp = 5363724918637, .areaId = 0, .prop = 557924698, .status = AVAILABLE, .value = {.int32Values = [11]{0, 0, 0, 0, 0, 0, 0, 0, 0, 0, 0}, .floatValues = [0]{}, .int64Values = [0]{}, .bytes = [0]{}, .stringValue = ""}}
12-30 10:07:07.903   398   464 I VehiclePropertyStore: begin to write value to Store: {.timestamp = 5363724918637, .areaId = 0, .prop = 557924698, .status = AVAILABLE, .value = {.int32Values = [11]{0, 0, 0, 0, 0, 0, 0, 0, 0, 0, 0}, .floatValues = [0]{}, .int64Values = [0]{}, .bytes = [0]{}, .stringValue = ""}}
12-30 10:07:07.903   398   464 I DefaultVehicleHal_v2_0: DefaultVehicleHal::onPropertyValue, value:{.timestamp = 5363724918637, .areaId = 0, .prop = 557924698, .status = AVAILABLE, .value = {.int32Values = [11]{0, 0, 0, 0, 0, 0, 0, 0, 0, 0, 0}, .floatValues = [0]{}, .int64Values = [0]{}, .bytes = [0]{}, .stringValue = ""}}
12-30 10:07:07.903   398   464 D DiagPropHandler: is not DiagnosticConfig: 0x2141415a
12-30 10:07:07.903   398   464 I VehiclePropertyStore: begin to write value to Store: {.timestamp = 5363724918637, .areaId = 0, .prop = 557924698, .status = AVAILABLE, .value = {.int32Values = [11]{0, 0, 0, 0, 0, 0, 0, 0, 0, 0, 0}, .floatValues = [0]{}, .int64Values = [0]{}, .bytes = [0]{}, .stringValue = ""}}
12-30 10:07:07.903   398   464 D adayocomadapter-CommunicationManager: onUpstreamReceive mPropertyId 0x2141415a
12-30 10:07:07.905   360   931 D EvsDriver: forwardFrame
12-30 10:07:07.905   360   931 D EvsDriver: forwardFrameDirect
12-30 10:07:07.906   360   931 D EvsDriver: Delivered 0xb400e2ca9e40c2d0 as id 0
12-30 10:07:07.906   359  2784 D evsmanagerd: /dev/video-evs0 forwarded the buffer #0 to 0xb400f125d2b26dd0 from 0xb400f125e2b20710
12-30 10:07:07.907   360   458 D EvsDriver: doneWithFrame
12-30 10:07:07.907 13993 13993 I ADAYO_LOG_TRACE_RESOURCE: file_path:/mnt/sdcard/logcat_GNSS//gnss_log.log
12-30 10:07:07.923  2358  2623 D RcfController: Rcf proxy is not connected!
12-30 10:07:07.939   360   931 I EvsDriver: /dev/video-evs0 VideoCapture fps 30.0005
12-30 10:07:07.939   360   931 D EvsDriver: forwardFrame
12-30 10:07:07.939   360   931 D EvsDriver: forwardFrameDirect
12-30 10:07:07.939   360   931 D EvsDriver: Delivered 0xb400e2ca9e40d090 as id 1
12-30 10:07:07.939   359  2784 D evsmanagerd: /dev/video-evs0 forwarded the buffer #1 to 0xb400f125d2b26dd0 from 0xb400f125e2b20710
12-30 10:07:07.948   360   458 D EvsDriver: doneWithFrame
12-30 10:07:07.955 13996 13996 I ADAYO_LOG_TRACE_RESOURCE: folder_size:0
12-30 10:07:07.972   360   931 D EvsDriver: forwardFrame
12-30 10:07:07.972   360   931 D EvsDriver: forwardFrameDirect
12-30 10:07:07.972   360   931 D EvsDriver: Delivered 0xb400e2ca9e40e110 as id 0
12-30 10:07:07.972   359  2784 D evsmanagerd: /dev/video-evs0 forwarded the buffer #0 to 0xb400f125d2b26dd0 from 0xb400f125e2b20710
12-30 10:07:07.973  2358  2623 D RcfController: Rcf proxy is not connected!
12-30 10:07:07.973   596  3076 E WifiHAL : Invalid data received from driver
12-30 10:07:07.978   360   458 D EvsDriver: doneWithFrame
12-30 10:07:08.005   360   931 D EvsDriver: forwardFrame
12-30 10:07:08.005   360   931 D EvsDriver: forwardFrameDirect
12-30 10:07:08.006   360   931 D EvsDriver: Delivered 0xb400e2ca9e40c7a0 as id 1
12-30 10:07:08.006   359  2784 D evsmanagerd: /dev/video-evs0 forwarded the buffer #1 to 0xb400f125d2b26dd0 from 0xb400f125e2b20710
12-30 10:07:08.008   360   458 D EvsDriver: doneWithFrame
12-30 10:07:08.023  2358  2623 D RcfController: Rcf proxy is not connected!
12-30 10:07:08.028  1667  2513 W ContextImpl: Calling a method in the system process without a qualified user: android.app.ContextImpl.bindService:1988 android.content.ContextWrapper.bindService:861 com.ford.sync.fnvservice.analytics.AnalyticsManager$RetryHandler.a:126 com.ford.sync.fnvservice.analytics.AnalyticsManager$RetryHandler.handleMessage:103 android.os.Handler.dispatchMessage:106 
12-30 10:07:08.028   916  1492 W ActivityManager: Unable to start service Intent { cmp=com.ford.sync.fnvservice/.analytics.AnalyticsService } U=0: not found
12-30 10:07:08.028  1667  2513 W AnalyticsManager:  bind ford Analytics failed -> sendRetryMessage 
12-30 10:07:08.039   360   931 D EvsDriver: forwardFrame
12-30 10:07:08.039   360   931 D EvsDriver: forwardFrameDirect
12-30 10:07:08.039   360   931 D EvsDriver: Delivered 0xb400e2ca9e40e270 as id 0
12-30 10:07:08.039   359  2784 D evsmanagerd: /dev/video-evs0 forwarded the buffer #0 to 0xb400f125d2b26dd0 from 0xb400f125e2b20710
12-30 10:07:08.049   360   458 D EvsDriver: doneWithFrame
12-30 10:07:08.065   596  3076 E WifiHAL : Invalid data received from driver
12-30 10:07:08.072   360   931 D EvsDriver: forwardFrame
12-30 10:07:08.072   360   931 D EvsDriver: forwardFrameDirect
12-30 10:07:08.072   360   931 D EvsDriver: Delivered 0xb400e2ca9e40d4b0 as id 1
12-30 10:07:08.072   359  2784 D evsmanagerd: /dev/video-evs0 forwarded the buffer #1 to 0xb400f125d2b26dd0 from 0xb400f125e2b20710
12-30 10:07:08.073  2358  2623 D RcfController: Rcf proxy is not connected!
12-30 10:07:08.079   360   458 D EvsDriver: doneWithFrame
12-30 10:07:08.105   360   931 D EvsDriver: forwardFrame
12-30 10:07:08.105   360   931 D EvsDriver: forwardFrameDirect
12-30 10:07:08.106   360   931 D EvsDriver: Delivered 0xb400e2ca9e40c2d0 as id 0
12-30 10:07:08.106   359  2784 D evsmanagerd: /dev/video-evs0 forwarded the buffer #0 to 0xb400f125d2b26dd0 from 0xb400f125e2b20710
12-30 10:07:08.109   360   458 D EvsDriver: doneWithFrame
12-30 10:07:08.118   650   729 D fgemcucomm: sd Uart data : 6AA602A79A0002920227
12-30 10:07:08.118   650   729 D fgemcucomm: rev uart=44395,len=23, data : 6AA681A79A000F92020004000000000000000000000097
12-30 10:07:08.118   398   882 D adayocomadapter-ParseProtocolFunc: printRaWMsg Name[MCUToUPstream recv] len[15] data[920200040000000000000000000000]
12-30 10:07:08.118   398   882 D adayocomadapter-CommunicationManager: onUpstreamback   member[0] dataLength[12] timePoint[5363940]
12-30 10:07:08.118   398   882 D adayocomadapter-ParseProtocolFunc: printRaWMsg Name[onUpstreamback] len[12] data[040000000000000000000000]
12-30 10:07:08.118   398   464 D adayocomadapter-UpstreamHandler: processBeforePacket upSreamtProcessTimePoint[5363940] 
12-30 10:07:08.118   398   464 D adayocomadapter-UpstreamHandler: processPacket UPSTREAM_QUEUE_DATA_TIMEOUT
12-30 10:07:08.118   398   464 D adayocomadapter-ParseProtocolFunc: parseCommonIPCLBytes Processing tableNumber[4]
12-30 10:07:08.118   398   464 D adayocomadapter-ParseProtocolFunc: parseCommonIPCLBytes Processing tablename[Table-4] tableSize[12]
12-30 10:07:08.118   398   464 D adayocomadapter-ParseProtocolFunc: printRaWMsg Name[byteStream recv] len[12] data[040000000000000000000000]
12-30 10:07:08.118   398   464 D adayocomadapter-ParseProtocolFunc: printRaWMsg Name[IPCLtoVHAL] len[7] data[2140200C000000]
12-30 10:07:08.118   398   464 D adayocomadapter-ParseProtocolFunc: printRaWMsg Name[IPCLtoVHAL] len[7] data[2140200D000000]
12-30 10:07:08.118   398   464 D adayocomadapter-ParseProtocolFunc: printRaWMsg Name[IPCLtoVHAL] len[6] data[214022330000]
12-30 10:07:08.118   398   464 D adayocomadapter-ParseProtocolFunc: printRaWMsg Name[IPCLtoVHAL] len[9] data[2140201D0000000000]
12-30 10:07:08.118   398   464 D adayocomadapter-ParseProtocolFunc: printRaWMsg Name[IPCLtoVHAL] len[7] data[2140201E000000]
12-30 10:07:08.118   398   464 D adayocomadapter-CommunicationManager: onUpstreamReceive mPropertyId 0x2140200c
12-30 10:07:08.118   398   464 D adayocomadapter-CommunicationManager: convertBytesToInt32Memcpy  0
12-30 10:07:08.119   398   464 I vw-vhal : notifyVehicleProperty, propId = 0x2140200c, data = {status: 2, int32Values: [0]}
12-30 10:07:08.119   398   464 I vw-vhal : CanSignalsAdapter::notifyVehicleProperty: solvedValue = {.timestamp = 5363940893970, .areaId = 0, .prop = 557850636, .status = AVAILABLE, .value = {.int32Values = [1]{0}, .floatValues = [0]{}, .int64Values = [0]{}, .bytes = [0]{}, .stringValue = ""}}
12-30 10:07:08.119   398   464 I VehiclePropertyStore: begin to write value to Store: {.timestamp = 5363940893970, .areaId = 0, .prop = 557850636, .status = AVAILABLE, .value = {.int32Values = [1]{0}, .floatValues = [0]{}, .int64Values = [0]{}, .bytes = [0]{}, .stringValue = ""}}
12-30 10:07:08.119   398   464 I DefaultVehicleHal_v2_0: DefaultVehicleHal::onPropertyValue, value:{.timestamp = 5363940893970, .areaId = 0, .prop = 557850636, .status = AVAILABLE, .value = {.int32Values = [1]{0}, .floatValues = [0]{}, .int64Values = [0]{}, .bytes = [0]{}, .stringValue = ""}}
12-30 10:07:08.119   398   464 D DiagPropHandler: is not DiagnosticConfig: 0x2140200c
12-30 10:07:08.119   398   464 I VehiclePropertyStore: begin to write value to Store: {.timestamp = 5363940893970, .areaId = 0, .prop = 557850636, .status = AVAILABLE, .value = {.int32Values = [1]{0}, .floatValues = [0]{}, .int64Values = [0]{}, .bytes = [0]{}, .stringValue = ""}}
12-30 10:07:08.119   398   464 D adayocomadapter-CommunicationManager: onUpstreamReceive mPropertyId 0x2140200c
12-30 10:07:08.119   398   464 D adayocomadapter-CommunicationManager: onUpstreamReceive mPropertyId 0x2140200d
12-30 10:07:08.119   398   464 D adayocomadapter-CommunicationManager: convertBytesToInt32Memcpy  0
12-30 10:07:08.119   398   464 I vw-vhal : notifyVehicleProperty, propId = 0x2140200d, data = {status: 2, int32Values: [0]}
12-30 10:07:08.119   398   464 I vw-vhal : CanSignalsAdapter::notifyVehicleProperty: solvedValue = {.timestamp = 5363941124304, .areaId = 0, .prop = 557850637, .status = AVAILABLE, .value = {.int32Values = [1]{0}, .floatValues = [0]{}, .int64Values = [0]{}, .bytes = [0]{}, .stringValue = ""}}
12-30 10:07:08.119   398   464 I VehiclePropertyStore: begin to write value to Store: {.timestamp = 5363941124304, .areaId = 0, .prop = 557850637, .status = AVAILABLE, .value = {.int32Values = [1]{0}, .floatValues = [0]{}, .int64Values = [0]{}, .bytes = [0]{}, .stringValue = ""}}
12-30 10:07:08.119   398   464 I DefaultVehicleHal_v2_0: DefaultVehicleHal::onPropertyValue, value:{.timestamp = 5363941124304, .areaId = 0, .prop = 557850637, .status = AVAILABLE, .value = {.int32Values = [1]{0}, .floatValues = [0]{}, .int64Values = [0]{}, .bytes = [0]{}, .stringValue = ""}}
12-30 10:07:08.119   398   464 D DiagPropHandler: is not DiagnosticConfig: 0x2140200d
12-30 10:07:08.119   398   464 I VehiclePropertyStore: begin to write value to Store: {.timestamp = 5363941124304, .areaId = 0, .prop = 557850637, .status = AVAILABLE, .value = {.int32Values = [1]{0}, .floatValues = [0]{}, .int64Values = [0]{}, .bytes = [0]{}, .stringValue = ""}}
12-30 10:07:08.119   398   464 D adayocomadapter-CommunicationManager: onUpstreamReceive mPropertyId 0x2140200d
12-30 10:07:08.119   398   464 D adayocomadapter-CommunicationManager: onUpstreamReceive mPropertyId 0x21402233
12-30 10:07:08.119   398   464 D adayocomadapter-CommunicationManager: convertBytesToInt32Memcpy  0
12-30 10:07:08.119   398   464 I vw-vhal : notifyVehicleProperty, propId = 0x21402233, data = {status: 2, int32Values: [0]}
12-30 10:07:08.119   398   464 I vw-vhal : CanSignalsAdapter::notifyVehicleProperty: solvedValue = {.timestamp = 5363941323304, .areaId = 0, .prop = 557851187, .status = AVAILABLE, .value = {.int32Values = [1]{0}, .floatValues = [0]{}, .int64Values = [0]{}, .bytes = [0]{}, .stringValue = ""}}
12-30 10:07:08.119   398   464 I VehiclePropertyStore: begin to write value to Store: {.timestamp = 5363941323304, .areaId = 0, .prop = 557851187, .status = AVAILABLE, .value = {.int32Values = [1]{0}, .floatValues = [0]{}, .int64Values = [0]{}, .bytes = [0]{}, .stringValue = ""}}
12-30 10:07:08.119   398   464 I DefaultVehicleHal_v2_0: DefaultVehicleHal::onPropertyValue, value:{.timestamp = 5363941323304, .areaId = 0, .prop = 557851187, .status = AVAILABLE, .value = {.int32Values = [1]{0}, .floatValues = [0]{}, .int64Values = [0]{}, .bytes = [0]{}, .stringValue = ""}}
12-30 10:07:08.119   398   464 D DiagPropHandler: is not DiagnosticConfig: 0x21402233
12-30 10:07:08.119   398   464 I VehiclePropertyStore: begin to write value to Store: {.timestamp = 5363941323304, .areaId = 0, .prop = 557851187, .status = AVAILABLE, .value = {.int32Values = [1]{0}, .floatValues = [0]{}, .int64Values = [0]{}, .bytes = [0]{}, .stringValue = ""}}
12-30 10:07:08.119   398   464 D adayocomadapter-CommunicationManager: onUpstreamReceive mPropertyId 0x21402233
12-30 10:07:08.119   398   464 D adayocomadapter-CommunicationManager: onUpstreamReceive mPropertyId 0x2140201d
12-30 10:07:08.119   398   464 D adayocomadapter-CommunicationManager: convertBytesToInt32Memcpy  0
12-30 10:07:08.119   398   464 I vw-vhal : notifyVehicleProperty, propId = 0x2140201d, data = {status: 2, int32Values: [0]}
12-30 10:07:08.119   398   464 I vw-vhal : CanSignalsAdapter::notifyVehicleProperty: solvedValue = {.timestamp = 5363941519304, .areaId = 0, .prop = 557850653, .status = AVAILABLE, .value = {.int32Values = [1]{0}, .floatValues = [0]{}, .int64Values = [0]{}, .bytes = [0]{}, .stringValue = ""}}
12-30 10:07:08.119   398   464 I VehiclePropertyStore: begin to write value to Store: {.timestamp = 5363941519304, .areaId = 0, .prop = 557850653, .status = AVAILABLE, .value = {.int32Values = [1]{0}, .floatValues = [0]{}, .int64Values = [0]{}, .bytes = [0]{}, .stringValue = ""}}
12-30 10:07:08.119   398   464 I DefaultVehicleHal_v2_0: DefaultVehicleHal::onPropertyValue, value:{.timestamp = 5363941519304, .areaId = 0, .prop = 557850653, .status = AVAILABLE, .value = {.int32Values = [1]{0}, .floatValues = [0]{}, .int64Values = [0]{}, .bytes = [0]{}, .stringValue = ""}}
12-30 10:07:08.119   398   464 D DiagPropHandler: is not DiagnosticConfig: 0x2140201d
12-30 10:07:08.119   398   464 I VehiclePropertyStore: begin to write value to Store: {.timestamp = 5363941519304, .areaId = 0, .prop = 557850653, .status = AVAILABLE, .value = {.int32Values = [1]{0}, .floatValues = [0]{}, .int64Values = [0]{}, .bytes = [0]{}, .stringValue = ""}}
12-30 10:07:08.119   398   464 D adayocomadapter-CommunicationManager: onUpstreamReceive mPropertyId 0x2140201d
12-30 10:07:08.119   398   464 D adayocomadapter-CommunicationManager: onUpstreamReceive mPropertyId 0x2140201e
12-30 10:07:08.119   398   464 D adayocomadapter-CommunicationManager: convertBytesToInt32Memcpy  0
12-30 10:07:08.119   398   464 I vw-vhal : notifyVehicleProperty, propId = 0x2140201e, data = {status: 2, int32Values: [0]}
12-30 10:07:08.119   398   464 I vw-vhal : CanSignalsAdapter::notifyVehicleProperty: solvedValue = {.timestamp = 5363941712304, .areaId = 0, .prop = 557850654, .status = AVAILABLE, .value = {.int32Values = [1]{0}, .floatValues = [0]{}, .int64Values = [0]{}, .bytes = [0]{}, .stringValue = ""}}
12-30 10:07:08.119   398   464 I VehiclePropertyStore: begin to write value to Store: {.timestamp = 5363941712304, .areaId = 0, .prop = 557850654, .status = AVAILABLE, .value = {.int32Values = [1]{0}, .floatValues = [0]{}, .int64Values = [0]{}, .bytes = [0]{}, .stringValue = ""}}
12-30 10:07:08.119   398   464 I DefaultVehicleHal_v2_0: DefaultVehicleHal::onPropertyValue, value:{.timestamp = 5363941712304, .areaId = 0, .prop = 557850654, .status = AVAILABLE, .value = {.int32Values = [1]{0}, .floatValues = [0]{}, .int64Values = [0]{}, .bytes = [0]{}, .stringValue = ""}}
12-30 10:07:08.119   398   464 D DiagPropHandler: is not DiagnosticConfig: 0x2140201e
12-30 10:07:08.119   398   464 I VehiclePropertyStore: begin to write value to Store: {.timestamp = 5363941712304, .areaId = 0, .prop = 557850654, .status = AVAILABLE, .value = {.int32Values = [1]{0}, .floatValues = [0]{}, .int64Values = [0]{}, .bytes = [0]{}, .stringValue = ""}}
12-30 10:07:08.119   398   464 D adayocomadapter-CommunicationManager: onUpstreamReceive mPropertyId 0x2140201e
12-30 10:07:08.124  2358  2623 D RcfController: Rcf proxy is not connected!
12-30 10:07:08.139   360   931 D EvsDriver: forwardFrame
12-30 10:07:08.139   360   931 D EvsDriver: forwardFrameDirect
12-30 10:07:08.139   360   931 D EvsDriver: Delivered 0xb400e2ca9e40d090 as id 1
12-30 10:07:08.139   359  2784 D evsmanagerd: /dev/video-evs0 forwarded the buffer #1 to 0xb400f125d2b26dd0 from 0xb400f125e2b20710
12-30 10:07:08.139   360   458 D EvsDriver: doneWithFrame
12-30 10:07:08.172   360   931 D EvsDriver: forwardFrame
12-30 10:07:08.172   360   931 D EvsDriver: forwardFrameDirect
12-30 10:07:08.172   360   931 D EvsDriver: Delivered 0xb400e2ca9e40e110 as id 0
12-30 10:07:08.172   359  2784 D evsmanagerd: /dev/video-evs0 forwarded the buffer #0 to 0xb400f125d2b26dd0 from 0xb400f125e2b20710
12-30 10:07:08.174  2358  2623 D RcfController: Rcf proxy is not connected!
12-30 10:07:08.176 14004 14004 I ADAYO_LOG_TRACE_RESOURCE: execute interrupt
12-30 10:07:08.180   360   458 D EvsDriver: doneWithFrame
12-30 10:07:08.195   596  3076 E WifiHAL : Invalid data received from driver
12-30 10:07:08.198 14005 14005 I ADAYO_LOG_TRACE_RESOURCE: execute end
12-30 10:07:08.205   360   931 D EvsDriver: forwardFrame
12-30 10:07:08.205   360   931 D EvsDriver: forwardFrameDirect
12-30 10:07:08.206   360   931 D EvsDriver: Delivered 0xb400e2ca9e40c7a0 as id 1
12-30 10:07:08.206   359  2784 D evsmanagerd: /dev/video-evs0 forwarded the buffer #1 to 0xb400f125d2b26dd0 from 0xb400f125e2b20710
12-30 10:07:08.210   360   458 D EvsDriver: doneWithFrame
12-30 10:07:08.224  2358  2623 D RcfController: Rcf proxy is not connected!
12-30 10:07:08.225  1611  1611 I ADAYO_LOG_: handleMessage(UsbFunc.java:3)copyQnx = 0
12-30 10:07:08.225  1611  1611 I ADAYO_LOG_: handleMessage(UsbFunc.java:12)copyState = 2
12-30 10:07:08.226 14006 14006 I flags_health_check: ServerConfigurableFlagsReset reset_mode value: 1
12-30 10:07:08.227 14006 14006 I flags_health_check: ServerConfigurableFlagsReset updatable crashing detected, resetting flags.
12-30 10:07:08.238  2475  2681 I TtsServiceAgent: check thread start checking, threadId = 29
12-30 10:07:08.238  2475  2681 D TtsServiceAgent: start bind service...
12-30 10:07:08.238  2475  2681 D TtsServiceAgent: ----->initService, usage = 16
12-30 10:07:08.238  2475  2681 W ContextImpl: Calling a method in the system process without a qualified user: android.app.ContextImpl.bindService:1988 android.content.ContextWrapper.bindService:861 com.iflytek.autofly.ttsaidl.ttsproxy.TtsServiceAgent.initService:189 com.iflytek.autofly.ttsaidl.ttsproxy.TtsServiceAgent.initService:133 com.iflytek.autofly.ttsaidl.ttsproxy.TtsServiceAgent$2.run:517 
12-30 10:07:08.239   360   931 D EvsDriver: forwardFrame
12-30 10:07:08.239   360   931 D EvsDriver: forwardFrameDirect
12-30 10:07:08.239   360   931 D EvsDriver: Delivered 0xb400e2ca9e40e270 as id 0
12-30 10:07:08.239   359  2784 D evsmanagerd: /dev/video-evs0 forwarded the buffer #0 to 0xb400f125d2b26dd0 from 0xb400f125e2b20710
12-30 10:07:08.239   916  1492 W ActivityManager: Unable to start service Intent { act=com.iflytek.autofly.tts.ttsservice.TtsAdapterService cmp=com.iflytek.cutefly.speechclient.hmi/com.iflytek.autofly.tts.ttsservice.TtsAdapterService } U=0: not found
12-30 10:07:08.239  2475  2681 D TtsServiceAgent: bindService: false
12-30 10:07:08.239  2475  2681 D TtsServiceAgent: start reInitService
12-30 10:07:08.239  2475  2681 D TtsServiceAgent: aidlCheckThreadRunning = true
12-30 10:07:08.239  2475  2681 D TtsServiceAgent: ----->check connection status in 1000s...
12-30 10:07:08.240   360   458 D EvsDriver: doneWithFrame
12-30 10:07:08.247   650   729 D fgemcucomm: sd Uart data : 6AA602A79B0002920226
12-30 10:07:08.247   650   729 D fgemcucomm: rev uart=44396,len=15, data : 6AA681A79B000792020621414502F3
12-30 10:07:08.247   398   882 D adayocomadapter-ParseProtocolFunc: printRaWMsg Name[MCUToUPstream recv] len[7] data[92020621414502]
12-30 10:07:08.247   398   882 D adayocomadapter-CommunicationManager: onUpstreamback   member[6] dataLength[4] timePoint[5364069]
12-30 10:07:08.247   398   882 D adayocomadapter-ParseProtocolFunc: printRaWMsg Name[onUpstreamback] len[4] data[21414502]
12-30 10:07:08.247   398   464 D adayocomadapter-UpstreamHandler: processBeforePacket upSreamtProcessTimePoint[5364069] 
12-30 10:07:08.248   398   464 D adayocomadapter-ParseProtocolFunc: parseGeneralIPCLBytes Processing tablename[Table-3] tableSize[0]
12-30 10:07:08.248   398   464 D adayocomadapter-ParseProtocolFunc: printRaWMsg Name[byteStream recv] len[4] data[21414502]
12-30 10:07:08.250   398   464 D adayocomadapter-ParseProtocolFunc: printRaWMsg Name[IPCLtoVHAL] len[8520] data[214145020121414502000000000000000000000000016000000000D4CA00000000000000002140215F000000000000000000000000016000000000E6B700000000000000002140224100000000000000000000000001600000000079C40000000000000000214021AC0000000000000000000000000160000000004BB90000000000000000000000000000000000000000000000000160000000001D3E0000000000000000214021570000000000000000000000000160000000002F4300000000000000002140224F000000000000000000000000016000000000209F00000000000000002140215400000000000000000000000001600000000012E200000000000000002140221F0000000000000000000000000181000000003E190000000000000000F09173CE6DFB00B40000000000000000010101000000BF1B000000000000000090D7712E6DFB00B40000000000000000016000000000E96B00000000000000002140225100000000000000000000000001010100000012150000000000000000802072CE6DFB00B4B05173CE6DFB00B40160000000008D91000000000000000021402247000000000000000000000000019000000000F3B200000000000000003231343134353032000000000000000001400000000049BB0000000000000000010000000
12-30 10:07:08.250   398   464 D adayocomadapter-CommunicationManager: onUpstreamReceive mPropertyId 0x21414502
12-30 10:07:08.250   398   464 D adayocomadapter-CommunicationManager: writeValue id=[557925634]
12-30 10:07:08.250   398   464 D adayocomadapter-VehiclePropertyStore: writeValue id=[557925634]
12-30 10:07:08.257   398   464 I vw-vhal : notifyVehicleProperty, propId = 0x21414502, data = {status: 2, int32Values: [33, 65, 69, 2, 0, 0, 0, 0, 0, 0, 0, 0, 0, 0, 0, 0, 1, 96, 0, 0, 0, 0, 212, 202, 0, 0, 0, 0, 0, 0, 0, 0, 33, 64, 33, 95, 0, 0, 0, 0, 0, 0, 0, 0, 0, 0, 0, 0, 1, 96, 0, 0, 0, 0, 230, 183, 0, 0, 0, 0, 0, 0, 0, 0, 33, 64, 34, 65, 0, 0, 0, 0, 0, 0, 0, 0, 0, 0, 0, 0, 1, 96, 0, 0, 0, 0, 121, 196, 0, 0, 0, 0, 0, 0, 0, 0, 33, 64, 33, 172, 0, 0, 0, 0, 0, 0, 0, 0, 0, 0, 0, 0, 1, 96, 0, 0, 0, 0, 75, 185, 0, 0, 0, 0, 0, 0, 0, 0, 0, 0, 0, 0, 0, 0, 0, 0, 0, 0, 0, 0, 0, 0, 0, 0, 1, 96, 0, 0, 0, 0, 29, 62, 0, 0, 0, 0, 0, 0, 0, 0, 33, 64, 33, 87, 0, 0, 0, 0, 0, 0, 0, 0, 0, 0, 0, 0, 1, 96, 0, 0, 0, 0, 47, 67, 0, 0, 0, 0, 0, 0, 0, 0, 33, 64, 34, 79, 0, 0, 0, 0, 0, 0, 0, 0, 0, 0, 0, 0, 1, 96, 0, 0, 0, 0, 32, 159, 0, 0, 0, 0, 0, 0, 0, 0, 33, 64, 33, 84, 0, 0, 0, 0, 0, 0, 0, 0, 0, 0, 0, 0, 1, 96, 0, 0, 0, 0, 18, 226, 0, 0, 0, 0, 0, 0, 0, 0, 33, 64, 34, 31, 0, 0, 0, 0, 0, 0, 0, 0, 0, 0, 0, 0, 1, 129, 0, 0, 0, 0, 62, 25, 0, 0, 0, 0, 0, 0, 0, 0, 240, 145, 115
12-30 10:07:08.264   398   464 I vw-vhal : CanSignalsAdapter::notifyDiagProperty: propId = 0x21414502, data = {status: 2, int32Values: [33, 65, 69, 2, 0, 0, 0, 0, 0, 0, 0, 0, 0, 0, 0, 0, 1, 96, 0, 0, 0, 0, 212, 202, 0, 0, 0, 0, 0, 0, 0, 0, 33, 64, 33, 95, 0, 0, 0, 0, 0, 0, 0, 0, 0, 0, 0, 0, 1, 96, 0, 0, 0, 0, 230, 183, 0, 0, 0, 0, 0, 0, 0, 0, 33, 64, 34, 65, 0, 0, 0, 0, 0, 0, 0, 0, 0, 0, 0, 0, 1, 96, 0, 0, 0, 0, 121, 196, 0, 0, 0, 0, 0, 0, 0, 0, 33, 64, 33, 172, 0, 0, 0, 0, 0, 0, 0, 0, 0, 0, 0, 0, 1, 96, 0, 0, 0, 0, 75, 185, 0, 0, 0, 0, 0, 0, 0, 0, 0, 0, 0, 0, 0, 0, 0, 0, 0, 0, 0, 0, 0, 0, 0, 0, 1, 96, 0, 0, 0, 0, 29, 62, 0, 0, 0, 0, 0, 0, 0, 0, 33, 64, 33, 87, 0, 0, 0, 0, 0, 0, 0, 0, 0, 0, 0, 0, 1, 96, 0, 0, 0, 0, 47, 67, 0, 0, 0, 0, 0, 0, 0, 0, 33, 64, 34, 79, 0, 0, 0, 0, 0, 0, 0, 0, 0, 0, 0, 0, 1, 96, 0, 0, 0, 0, 32, 159, 0, 0, 0, 0, 0, 0, 0, 0, 33, 64, 33, 84, 0, 0, 0, 0, 0, 0, 0, 0, 0, 0, 0, 0, 1, 96, 0, 0, 0, 0, 18, 226, 0, 0, 0, 0, 0, 0, 0, 0, 33, 64, 34, 31, 0, 0, 0, 0, 0, 0, 0, 0, 0, 0, 0, 0, 1, 129, 0, 0, 0, 0, 62, 25, 0, 0, 0, 0, 0, 0, 0, 
12-30 10:07:08.268   398   464 I vw-vhal : CanSignalsAdapter::notifyVehicleProperty: solvedValue = {.timestamp = 5364086880970, .areaId = 0, .prop = 557925634, .status = AVAILABLE, .value = {.int32Values = [8515]{33, 65, 69, 2, 0, 0, 0, 0, 0, 0, 0, 0, 0, 0, 0, 0, 1, 96, 0, 0, 0, 0, 212, 202, 0, 0, 0, 0, 0, 0, 0, 0, 33, 64, 33, 95, 0, 0, 0, 0, 0, 0, 0, 0, 0, 0, 0, 0, 1, 96, 0, 0, 0, 0, 230, 183, 0, 0, 0, 0, 0, 0, 0, 0, 33, 64, 34, 65, 0, 0, 0, 0, 0, 0, 0, 0, 0, 0, 0, 0, 1, 96, 0, 0, 0, 0, 121, 196, 0, 0, 0, 0, 0, 0, 0, 0, 33, 64, 33, 172, 0, 0, 0, 0, 0, 0, 0, 0, 0, 0, 0, 0, 1, 96, 0, 0, 0, 0, 75, 185, 0, 0, 0, 0, 0, 0, 0, 0, 0, 0, 0, 0, 0, 0, 0, 0, 0, 0, 0, 0, 0, 0, 0, 0, 1, 96, 0, 0, 0, 0, 29, 62, 0, 0, 0, 0, 0, 0, 0, 0, 33, 64, 33, 87, 0, 0, 0, 0, 0, 0, 0, 0, 0, 0, 0, 0, 1, 96, 0, 0, 0, 0, 47, 67, 0, 0, 0, 0, 0, 0, 0, 0, 33, 64, 34, 79, 0, 0, 0, 0, 0, 0, 0, 0, 0, 0, 0, 0, 1, 96, 0, 0, 0, 0, 32, 159, 0, 0, 0, 0, 0, 0, 0, 0, 33, 64, 33, 84, 0, 0, 0, 0, 0, 0, 0, 0, 0, 0, 0, 0, 1, 96, 0, 0, 0, 0, 18, 226, 0, 0, 0, 0, 0, 0, 0, 0, 33, 64, 34, 31, 0, 0, 0,
12-30 10:07:08.272   398   464 I VehiclePropertyStore: begin to write value to Store: {.timestamp = 5364086880970, .areaId = 0, .prop = 557925634, .status = AVAILABLE, .value = {.int32Values = [8515]{33, 65, 69, 2, 0, 0, 0, 0, 0, 0, 0, 0, 0, 0, 0, 0, 1, 96, 0, 0, 0, 0, 212, 202, 0, 0, 0, 0, 0, 0, 0, 0, 33, 64, 33, 95, 0, 0, 0, 0, 0, 0, 0, 0, 0, 0, 0, 0, 1, 96, 0, 0, 0, 0, 230, 183, 0, 0, 0, 0, 0, 0, 0, 0, 33, 64, 34, 65, 0, 0, 0, 0, 0, 0, 0, 0, 0, 0, 0, 0, 1, 96, 0, 0, 0, 0, 121, 196, 0, 0, 0, 0, 0, 0, 0, 0, 33, 64, 33, 172, 0, 0, 0, 0, 0, 0, 0, 0, 0, 0, 0, 0, 1, 96, 0, 0, 0, 0, 75, 185, 0, 0, 0, 0, 0, 0, 0, 0, 0, 0, 0, 0, 0, 0, 0, 0, 0, 0, 0, 0, 0, 0, 0, 0, 1, 96, 0, 0, 0, 0, 29, 62, 0, 0, 0, 0, 0, 0, 0, 0, 33, 64, 33, 87, 0, 0, 0, 0, 0, 0, 0, 0, 0, 0, 0, 0, 1, 96, 0, 0, 0, 0, 47, 67, 0, 0, 0, 0, 0, 0, 0, 0, 33, 64, 34, 79, 0, 0, 0, 0, 0, 0, 0, 0, 0, 0, 0, 0, 1, 96, 0, 0, 0, 0, 32, 159, 0, 0, 0, 0, 0, 0, 0, 0, 33, 64, 33, 84, 0, 0, 0, 0, 0, 0, 0, 0, 0, 0, 0, 0, 1, 96, 0, 0, 0, 0, 18, 226, 0, 0, 0, 0, 0, 0, 0, 0, 33, 64, 34, 31, 0, 0, 0, 0, 0, 0, 0, 0, 0, 0, 0, 
12-30 10:07:08.272   360   931 D EvsDriver: forwardFrame
12-30 10:07:08.272   360   931 D EvsDriver: forwardFrameDirect
12-30 10:07:08.272   360   931 D EvsDriver: Delivered 0xb400e2ca9e40d4b0 as id 1
12-30 10:07:08.272   359  2784 D evsmanagerd: /dev/video-evs0 forwarded the buffer #1 to 0xb400f125d2b26dd0 from 0xb400f125e2b20710
12-30 10:07:08.274  2358  2623 D RcfController: Rcf proxy is not connected!
12-30 10:07:08.275   398   464 I VehiclePropertyStore: Prop wirte value to Store success: {.timestamp = 5364086880970, .areaId = 0, .prop = 557925634, .status = AVAILABLE, .value = {.int32Values = [8515]{33, 65, 69, 2, 0, 0, 0, 0, 0, 0, 0, 0, 0, 0, 0, 0, 1, 96, 0, 0, 0, 0, 212, 202, 0, 0, 0, 0, 0, 0, 0, 0, 33, 64, 33, 95, 0, 0, 0, 0, 0, 0, 0, 0, 0, 0, 0, 0, 1, 96, 0, 0, 0, 0, 230, 183, 0, 0, 0, 0, 0, 0, 0, 0, 33, 64, 34, 65, 0, 0, 0, 0, 0, 0, 0, 0, 0, 0, 0, 0, 1, 96, 0, 0, 0, 0, 121, 196, 0, 0, 0, 0, 0, 0, 0, 0, 33, 64, 33, 172, 0, 0, 0, 0, 0, 0, 0, 0, 0, 0, 0, 0, 1, 96, 0, 0, 0, 0, 75, 185, 0, 0, 0, 0, 0, 0, 0, 0, 0, 0, 0, 0, 0, 0, 0, 0, 0, 0, 0, 0, 0, 0, 0, 0, 1, 96, 0, 0, 0, 0, 29, 62, 0, 0, 0, 0, 0, 0, 0, 0, 33, 64, 33, 87, 0, 0, 0, 0, 0, 0, 0, 0, 0, 0, 0, 0, 1, 96, 0, 0, 0, 0, 47, 67, 0, 0, 0, 0, 0, 0, 0, 0, 33, 64, 34, 79, 0, 0, 0, 0, 0, 0, 0, 0, 0, 0, 0, 0, 1, 96, 0, 0, 0, 0, 32, 159, 0, 0, 0, 0, 0, 0, 0, 0, 33, 64, 33, 84, 0, 0, 0, 0, 0, 0, 0, 0, 0, 0, 0, 0, 1, 96, 0, 0, 0, 0, 18, 226, 0, 0, 0, 0, 0, 0, 0, 0, 33, 64, 34, 31, 0, 0, 0, 0, 0, 0, 0, 0, 0, 0,
12-30 10:07:08.279   398   464 I DefaultVehicleHal_v2_0: DefaultVehicleHal::onPropertyValue, value:{.timestamp = 5364086880970, .areaId = 0, .prop = 557925634, .status = AVAILABLE, .value = {.int32Values = [8515]{33, 65, 69, 2, 0, 0, 0, 0, 0, 0, 0, 0, 0, 0, 0, 0, 1, 96, 0, 0, 0, 0, 212, 202, 0, 0, 0, 0, 0, 0, 0, 0, 33, 64, 33, 95, 0, 0, 0, 0, 0, 0, 0, 0, 0, 0, 0, 0, 1, 96, 0, 0, 0, 0, 230, 183, 0, 0, 0, 0, 0, 0, 0, 0, 33, 64, 34, 65, 0, 0, 0, 0, 0, 0, 0, 0, 0, 0, 0, 0, 1, 96, 0, 0, 0, 0, 121, 196, 0, 0, 0, 0, 0, 0, 0, 0, 33, 64, 33, 172, 0, 0, 0, 0, 0, 0, 0, 0, 0, 0, 0, 0, 1, 96, 0, 0, 0, 0, 75, 185, 0, 0, 0, 0, 0, 0, 0, 0, 0, 0, 0, 0, 0, 0, 0, 0, 0, 0, 0, 0, 0, 0, 0, 0, 1, 96, 0, 0, 0, 0, 29, 62, 0, 0, 0, 0, 0, 0, 0, 0, 33, 64, 33, 87, 0, 0, 0, 0, 0, 0, 0, 0, 0, 0, 0, 0, 1, 96, 0, 0, 0, 0, 47, 67, 0, 0, 0, 0, 0, 0, 0, 0, 33, 64, 34, 79, 0, 0, 0, 0, 0, 0, 0, 0, 0, 0, 0, 0, 1, 96, 0, 0, 0, 0, 32, 159, 0, 0, 0, 0, 0, 0, 0, 0, 33, 64, 33, 84, 0, 0, 0, 0, 0, 0, 0, 0, 0, 0, 0, 0, 1, 96, 0, 0, 0, 0, 18, 226, 0, 0, 0, 0, 0, 0, 0, 0, 33, 64, 34, 31, 0, 0, 0, 0, 0, 0, 0, 0
12-30 10:07:08.279   398   464 D DiagPropHandler: is not DiagnosticConfig: 0x21414502
12-30 10:07:08.281   360   458 D EvsDriver: doneWithFrame
12-30 10:07:08.282   398   464 I VehiclePropertyStore: begin to write value to Store: {.timestamp = 5364086880970, .areaId = 0, .prop = 557925634, .status = AVAILABLE, .value = {.int32Values = [8515]{33, 65, 69, 2, 0, 0, 0, 0, 0, 0, 0, 0, 0, 0, 0, 0, 1, 96, 0, 0, 0, 0, 212, 202, 0, 0, 0, 0, 0, 0, 0, 0, 33, 64, 33, 95, 0, 0, 0, 0, 0, 0, 0, 0, 0, 0, 0, 0, 1, 96, 0, 0, 0, 0, 230, 183, 0, 0, 0, 0, 0, 0, 0, 0, 33, 64, 34, 65, 0, 0, 0, 0, 0, 0, 0, 0, 0, 0, 0, 0, 1, 96, 0, 0, 0, 0, 121, 196, 0, 0, 0, 0, 0, 0, 0, 0, 33, 64, 33, 172, 0, 0, 0, 0, 0, 0, 0, 0, 0, 0, 0, 0, 1, 96, 0, 0, 0, 0, 75, 185, 0, 0, 0, 0, 0, 0, 0, 0, 0, 0, 0, 0, 0, 0, 0, 0, 0, 0, 0, 0, 0, 0, 0, 0, 1, 96, 0, 0, 0, 0, 29, 62, 0, 0, 0, 0, 0, 0, 0, 0, 33, 64, 33, 87, 0, 0, 0, 0, 0, 0, 0, 0, 0, 0, 0, 0, 1, 96, 0, 0, 0, 0, 47, 67, 0, 0, 0, 0, 0, 0, 0, 0, 33, 64, 34, 79, 0, 0, 0, 0, 0, 0, 0, 0, 0, 0, 0, 0, 1, 96, 0, 0, 0, 0, 32, 159, 0, 0, 0, 0, 0, 0, 0, 0, 33, 64, 33, 84, 0, 0, 0, 0, 0, 0, 0, 0, 0, 0, 0, 0, 1, 96, 0, 0, 0, 0, 18, 226, 0, 0, 0, 0, 0, 0, 0, 0, 33, 64, 34, 31, 0, 0, 0, 0, 0, 0, 0, 0, 0, 0, 0, 
12-30 10:07:08.286   398   464 I VehiclePropertyStore: Prop wirte value to Store success: {.timestamp = 5364086880970, .areaId = 0, .prop = 557925634, .status = AVAILABLE, .value = {.int32Values = [8515]{33, 65, 69, 2, 0, 0, 0, 0, 0, 0, 0, 0, 0, 0, 0, 0, 1, 96, 0, 0, 0, 0, 212, 202, 0, 0, 0, 0, 0, 0, 0, 0, 33, 64, 33, 95, 0, 0, 0, 0, 0, 0, 0, 0, 0, 0, 0, 0, 1, 96, 0, 0, 0, 0, 230, 183, 0, 0, 0, 0, 0, 0, 0, 0, 33, 64, 34, 65, 0, 0, 0, 0, 0, 0, 0, 0, 0, 0, 0, 0, 1, 96, 0, 0, 0, 0, 121, 196, 0, 0, 0, 0, 0, 0, 0, 0, 33, 64, 33, 172, 0, 0, 0, 0, 0, 0, 0, 0, 0, 0, 0, 0, 1, 96, 0, 0, 0, 0, 75, 185, 0, 0, 0, 0, 0, 0, 0, 0, 0, 0, 0, 0, 0, 0, 0, 0, 0, 0, 0, 0, 0, 0, 0, 0, 1, 96, 0, 0, 0, 0, 29, 62, 0, 0, 0, 0, 0, 0, 0, 0, 33, 64, 33, 87, 0, 0, 0, 0, 0, 0, 0, 0, 0, 0, 0, 0, 1, 96, 0, 0, 0, 0, 47, 67, 0, 0, 0, 0, 0, 0, 0, 0, 33, 64, 34, 79, 0, 0, 0, 0, 0, 0, 0, 0, 0, 0, 0, 0, 1, 96, 0, 0, 0, 0, 32, 159, 0, 0, 0, 0, 0, 0, 0, 0, 33, 64, 33, 84, 0, 0, 0, 0, 0, 0, 0, 0, 0, 0, 0, 0, 1, 96, 0, 0, 0, 0, 18, 226, 0, 0, 0, 0, 0, 0, 0, 0, 33, 64, 34, 31, 0, 0, 0, 0, 0, 0, 0, 0, 0, 0,
12-30 10:07:08.286   398   464 D adayocomadapter-CommunicationManager: onUpstreamReceive mPropertyId 0x21414502
12-30 10:07:08.305   360   931 D EvsDriver: forwardFrame
12-30 10:07:08.305   360   931 D EvsDriver: forwardFrameDirect
12-30 10:07:08.306   360   931 D EvsDriver: Delivered 0xb400e2ca9e40c2d0 as id 0
12-30 10:07:08.306   359  2784 D evsmanagerd: /dev/video-evs0 forwarded the buffer #0 to 0xb400f125d2b26dd0 from 0xb400f125e2b20710
12-30 10:07:08.311   360   458 D EvsDriver: doneWithFrame
12-30 10:07:08.312   596  3076 E WifiHAL : Invalid data received from driver
12-30 10:07:08.325  2358  2623 D RcfController: Rcf proxy is not connected!
12-30 10:07:08.339   360   931 D EvsDriver: forwardFrame
12-30 10:07:08.339   360   931 D EvsDriver: forwardFrameDirect
12-30 10:07:08.339   360   931 D EvsDriver: Delivered 0xb400e2ca9e40d090 as id 1
12-30 10:07:08.339   359  2784 D evsmanagerd: /dev/video-evs0 forwarded the buffer #1 to 0xb400f125d2b26dd0 from 0xb400f125e2b20710
12-30 10:07:08.341   360   458 D EvsDriver: doneWithFrame
12-30 10:07:08.372   360   931 D EvsDriver: forwardFrame
12-30 10:07:08.372   360   931 D EvsDriver: forwardFrameDirect
12-30 10:07:08.372   360   931 D EvsDriver: Delivered 0xb400e2ca9e40e110 as id 0
12-30 10:07:08.372   359  2784 D evsmanagerd: /dev/video-evs0 forwarded the buffer #0 to 0xb400f125d2b26dd0 from 0xb400f125e2b20710
12-30 10:07:08.375  2358  2623 D RcfController: Rcf proxy is not connected!
12-30 10:07:08.382   360   458 D EvsDriver: doneWithFrame
12-30 10:07:08.389   596  3076 E WifiHAL : Invalid data received from driver
12-30 10:07:08.405   360   931 D EvsDriver: forwardFrame
12-30 10:07:08.405   360   931 D EvsDriver: forwardFrameDirect
12-30 10:07:08.406   360   931 D EvsDriver: Delivered 0xb400e2ca9e40c7a0 as id 1
12-30 10:07:08.406   359  2784 D evsmanagerd: /dev/video-evs0 forwarded the buffer #1 to 0xb400f125d2b26dd0 from 0xb400f125e2b20710
12-30 10:07:08.412   360   458 D EvsDriver: doneWithFrame
12-30 10:07:08.412  1667  2594 W ContextImpl: Calling a method in the system process without a qualified user: android.app.ContextImpl.bindService:1988 android.content.ContextWrapper.bindService:861 com.ford.sync.fnvservice.FordFnv.c:202 com.ford.sync.fnvservice.FordFnv.c:43 com.ford.sync.fnvservice.FordFnv$RetryHandler.handleMessage:245 
12-30 10:07:08.413   916  1492 W ActivityManager: Unable to start service Intent { cmp=com.ford.sync.fnvservice/.FordFnvService } U=0: not found
12-30 10:07:08.413  1667  2594 W FordFnv :  bind ford fnv failed -> sendRetryMessage 
12-30 10:07:08.421   798 13984 W adbd    : timed out while waiting for FUNCTIONFS_BIND, trying again
12-30 10:07:08.421   798 13984 I adbd    : UsbFfs: connection terminated: monitor thread finished
12-30 10:07:08.422   798   798 I adbd    : UsbFfs: already offline
12-30 10:07:08.422   798   798 I adbd    : destroying transport UsbFfs
12-30 10:07:08.422   798   798 I adbd    : UsbFfsConnection being destroyed
12-30 10:07:08.425  2358  2623 D RcfController: Rcf proxy is not connected!
12-30 10:07:08.433   596  3076 E WifiHAL : Invalid data received from driver
12-30 10:07:08.433   596  3076 E WifiHAL : Invalid data received from driver
12-30 10:07:08.433   596  3076 E WifiHAL : Invalid data received from driver
12-30 10:07:08.433   596  3076 E WifiHAL : Invalid data received from driver
12-30 10:07:08.433   596  3076 E WifiHAL : Invalid data received from driver
12-30 10:07:08.433   596  3076 E WifiHAL : Invalid data received from driver
12-30 10:07:08.433   596  3076 E WifiHAL : Invalid data received from driver
12-30 10:07:08.439   360   931 D EvsDriver: forwardFrame
12-30 10:07:08.439   360   931 D EvsDriver: forwardFrameDirect
12-30 10:07:08.439   360   931 D EvsDriver: Delivered 0xb400e2ca9e40e270 as id 0
12-30 10:07:08.439   359  2784 D evsmanagerd: /dev/video-evs0 forwarded the buffer #0 to 0xb400f125d2b26dd0 from 0xb400f125e2b20710
12-30 10:07:08.442   360   458 D EvsDriver: doneWithFrame
12-30 10:07:08.450   650   730 D fgemcucomm: sd Uart data : 6AA6001049000206019E
12-30 10:07:08.459   650   729 D fgemcucomm: sd Uart data : 6AA602A79C0002920225
12-30 10:07:08.459   596  3076 E WifiHAL : Invalid data received from driver
12-30 10:07:08.459   650   729 D fgemcucomm: rev uart=44397,len=40, data : 6AA681A79C0020920200160000000000000000000000000000000000000000000000000000000072
12-30 10:07:08.459   398   882 D adayocomadapter-ParseProtocolFunc: printRaWMsg Name[MCUToUPstream recv] len[32] data[9202001600000000000000000000000000000000000000000000000000000000]
12-30 10:07:08.460   398   882 D adayocomadapter-CommunicationManager: onUpstreamback   member[0] dataLength[29] timePoint[5364281]
12-30 10:07:08.460   398   882 D adayocomadapter-ParseProtocolFunc: printRaWMsg Name[onUpstreamback] len[29] data[1600000000000000000000000000000000000000000000000000000000]
12-30 10:07:08.460   398   464 D adayocomadapter-UpstreamHandler: processBeforePacket upSreamtProcessTimePoint[5364282] 
12-30 10:07:08.460   398   464 D adayocomadapter-UpstreamHandler: processPacket UPSTREAM_QUEUE_DATA_TIMEOUT
12-30 10:07:08.460   398   464 D adayocomadapter-ParseProtocolFunc: parseCommonIPCLBytes Processing tableNumber[22]
12-30 10:07:08.460   398   464 D adayocomadapter-ParseProtocolFunc: parseCommonIPCLBytes Processing tablename[Table-22] tableSize[29]
12-30 10:07:08.460   398   464 D adayocomadapter-ParseProtocolFunc: printRaWMsg Name[byteStream recv] len[29] data[1600000000000000000000000000000000000000000000000000000000]
12-30 10:07:08.460   398   464 D adayocomadapter-ParseProtocolFunc: printRaWMsg Name[IPCLtoVHAL] len[6] data[2140213F0000]
12-30 10:07:08.460   398   464 D adayocomadapter-ParseProtocolFunc: printRaWMsg Name[IPCLtoVHAL] len[6] data[214021400000]
12-30 10:07:08.460   398   464 D adayocomadapter-ParseProtocolFunc: printRaWMsg Name[IPCLtoVHAL] len[9] data[214021CA0000000000]
12-30 10:07:08.460   398   464 D adayocomadapter-ParseProtocolFunc: printRaWMsg Name[IPCLtoVHAL] len[6] data[2140214B0000]
12-30 10:07:08.460   398   464 D adayocomadapter-ParseProtocolFunc: printRaWMsg Name[IPCLtoVHAL] len[6] data[214021410000]
12-30 10:07:08.460   398   464 D adayocomadapter-ParseProtocolFunc: printRaWMsg Name[IPCLtoVHAL] len[6] data[214021420000]
12-30 10:07:08.460   398   464 D adayocomadapter-ParseProtocolFunc: printRaWMsg Name[IPCLtoVHAL] len[6] data[2140214D0000]
12-30 10:07:08.460   398   464 D adayocomadapter-ParseProtocolFunc: printRaWMsg Name[IPCLtoVHAL] len[6] data[214021D70000]
12-30 10:07:08.460   398   464 D adayocomadapter-ParseProtocolFunc: printRaWMsg Name[IPCLtoVHAL] len[6] data[214021430000]
12-30 10:07:08.460   398   464 D adayocomadapter-ParseProtocolFunc: printRaWMsg Name[IPCLtoVHAL] len[6] data[214021460000]
12-30 10:07:08.460   398   464 D adayocomadapter-ParseProtocolFunc: printRaWMsg Name[IPCLtoVHAL] len[6] data[214021470000]
12-30 10:07:08.460   398   464 D adayocomadapter-ParseProtocolFunc: printRaWMsg Name[IPCLtoVHAL] len[6] data[214021480000]
12-30 10:07:08.460   398   464 D adayocomadapter-ParseProtocolFunc: printRaWMsg Name[IPCLtoVHAL] len[6] data[214021490000]
12-30 10:07:08.460   398   464 D adayocomadapter-ParseProtocolFunc: printRaWMsg Name[IPCLtoVHAL] len[6] data[2140214F0000]
12-30 10:07:08.460   398   464 D adayocomadapter-ParseProtocolFunc: printRaWMsg Name[IPCLtoVHAL] len[6] data[214021500000]
12-30 10:07:08.460   398   464 D adayocomadapter-ParseProtocolFunc: printRaWMsg Name[IPCLtoVHAL] len[7] data[21402144010000]
12-30 10:07:08.460   398   464 D adayocomadapter-ParseProtocolFunc: printRaWMsg Name[IPCLtoVHAL] len[6] data[214021510000]
12-30 10:07:08.460   398   464 D adayocomadapter-ParseProtocolFunc: printRaWMsg Name[IPCLtoVHAL] len[7] data[21402145010000]
12-30 10:07:08.460   398   464 D adayocomadapter-ParseProtocolFunc: printRaWMsg Name[IPCLtoVHAL] len[6] data[2140213D0000]
12-30 10:07:08.460   398   464 D adayocomadapter-ParseProtocolFunc: printRaWMsg Name[IPCLtoVHAL] len[6] data[2140213E0000]
12-30 10:07:08.460   398   464 D adayocomadapter-ParseProtocolFunc: printRaWMsg Name[IPCLtoVHAL] len[6] data[2140214A0000]
12-30 10:07:08.461   398   464 D adayocomadapter-CommunicationManager: onUpstreamReceive mPropertyId 0x2140213f
12-30 10:07:08.461   398   464 D adayocomadapter-CommunicationManager: convertBytesToInt32Memcpy  0
12-30 10:07:08.461   398   464 I vw-vhal : notifyVehicleProperty, propId = 0x2140213f, data = {status: 2, int32Values: [0]}
12-30 10:07:08.461   398   464 I vw-vhal : CanSignalsAdapter::notifyVehicleProperty: solvedValue = {.timestamp = 5364283013304, .areaId = 0, .prop = 557850943, .status = AVAILABLE, .value = {.int32Values = [1]{0}, .floatValues = [0]{}, .int64Values = [0]{}, .bytes = [0]{}, .stringValue = ""}}
12-30 10:07:08.461   398   464 I VehiclePropertyStore: begin to write value to Store: {.timestamp = 5364283013304, .areaId = 0, .prop = 557850943, .status = AVAILABLE, .value = {.int32Values = [1]{0}, .floatValues = [0]{}, .int64Values = [0]{}, .bytes = [0]{}, .stringValue = ""}}
12-30 10:07:08.461   398   464 I DefaultVehicleHal_v2_0: DefaultVehicleHal::onPropertyValue, value:{.timestamp = 5364283013304, .areaId = 0, .prop = 557850943, .status = AVAILABLE, .value = {.int32Values = [1]{0}, .floatValues = [0]{}, .int64Values = [0]{}, .bytes = [0]{}, .stringValue = ""}}
12-30 10:07:08.461   398   464 D DiagPropHandler: is not DiagnosticConfig: 0x2140213f
12-30 10:07:08.461   398   464 I VehiclePropertyStore: begin to write value to Store: {.timestamp = 5364283013304, .areaId = 0, .prop = 557850943, .status = AVAILABLE, .value = {.int32Values = [1]{0}, .floatValues = [0]{}, .int64Values = [0]{}, .bytes = [0]{}, .stringValue = ""}}
12-30 10:07:08.461   398   464 D adayocomadapter-CommunicationManager: onUpstreamReceive mPropertyId 0x2140213f
12-30 10:07:08.461   398   464 D adayocomadapter-CommunicationManager: onUpstreamReceive mPropertyId 0x21402140
12-30 10:07:08.461   398   464 D adayocomadapter-CommunicationManager: convertBytesToInt32Memcpy  0
12-30 10:07:08.461   398   464 I vw-vhal : notifyVehicleProperty, propId = 0x21402140, data = {status: 2, int32Values: [0]}
12-30 10:07:08.461   398   464 I vw-vhal : CanSignalsAdapter::notifyVehicleProperty: solvedValue = {.timestamp = 5364283404970, .areaId = 0, .prop = 557850944, .status = AVAILABLE, .value = {.int32Values = [1]{0}, .floatValues = [0]{}, .int64Values = [0]{}, .bytes = [0]{}, .stringValue = ""}}
12-30 10:07:08.461   398   464 I VehiclePropertyStore: begin to write value to Store: {.timestamp = 5364283404970, .areaId = 0, .prop = 557850944, .status = AVAILABLE, .value = {.int32Values = [1]{0}, .floatValues = [0]{}, .int64Values = [0]{}, .bytes = [0]{}, .stringValue = ""}}
12-30 10:07:08.461   398   464 I DefaultVehicleHal_v2_0: DefaultVehicleHal::onPropertyValue, value:{.timestamp = 5364283404970, .areaId = 0, .prop = 557850944, .status = AVAILABLE, .value = {.int32Values = [1]{0}, .floatValues = [0]{}, .int64Values = [0]{}, .bytes = [0]{}, .stringValue = ""}}
12-30 10:07:08.461   398   464 D DiagPropHandler: is not DiagnosticConfig: 0x21402140
12-30 10:07:08.461   398   464 I VehiclePropertyStore: begin to write value to Store: {.timestamp = 5364283404970, .areaId = 0, .prop = 557850944, .status = AVAILABLE, .value = {.int32Values = [1]{0}, .floatValues = [0]{}, .int64Values = [0]{}, .bytes = [0]{}, .stringValue = ""}}
12-30 10:07:08.461   398   464 D adayocomadapter-CommunicationManager: onUpstreamReceive mPropertyId 0x21402140
12-30 10:07:08.461   398   464 D adayocomadapter-CommunicationManager: onUpstreamReceive mPropertyId 0x214021ca
12-30 10:07:08.461   398   464 D adayocomadapter-CommunicationManager: convertBytesToInt32Memcpy  0
12-30 10:07:08.461   398   464 I vw-vhal : notifyVehicleProperty, propId = 0x214021ca, data = {status: 2, int32Values: [0]}
12-30 10:07:08.461   398   464 I vw-vhal : CanSignalsAdapter::notifyVehicleProperty: solvedValue = {.timestamp = 5364283770637, .areaId = 0, .prop = 557851082, .status = AVAILABLE, .value = {.int32Values = [1]{0}, .floatValues = [0]{}, .int64Values = [0]{}, .bytes = [0]{}, .stringValue = ""}}
12-30 10:07:08.461   398   464 I VehiclePropertyStore: begin to write value to Store: {.timestamp = 5364283770637, .areaId = 0, .prop = 557851082, .status = AVAILABLE, .value = {.int32Values = [1]{0}, .floatValues = [0]{}, .int64Values = [0]{}, .bytes = [0]{}, .stringValue = ""}}
12-30 10:07:08.462   398   464 I DefaultVehicleHal_v2_0: DefaultVehicleHal::onPropertyValue, value:{.timestamp = 5364283770637, .areaId = 0, .prop = 557851082, .status = AVAILABLE, .value = {.int32Values = [1]{0}, .floatValues = [0]{}, .int64Values = [0]{}, .bytes = [0]{}, .stringValue = ""}}
12-30 10:07:08.462   398   464 D DiagPropHandler: is not DiagnosticConfig: 0x214021ca
12-30 10:07:08.462   398   464 I VehiclePropertyStore: begin to write value to Store: {.timestamp = 5364283770637, .areaId = 0, .prop = 557851082, .status = AVAILABLE, .value = {.int32Values = [1]{0}, .floatValues = [0]{}, .int64Values = [0]{}, .bytes = [0]{}, .stringValue = ""}}
12-30 10:07:08.462   398   464 D adayocomadapter-CommunicationManager: onUpstreamReceive mPropertyId 0x214021ca
12-30 10:07:08.462   398   464 D adayocomadapter-CommunicationManager: onUpstreamReceive mPropertyId 0x2140214b
12-30 10:07:08.462   398   464 D adayocomadapter-CommunicationManager: convertBytesToInt32Memcpy  0
12-30 10:07:08.462   398   464 I vw-vhal : notifyVehicleProperty, propId = 0x2140214b, data = {status: 2, int32Values: [0]}
12-30 10:07:08.462   398   464 I vw-vhal : CanSignalsAdapter::notifyVehicleProperty: solvedValue = {.timestamp = 5364284158304, .areaId = 0, .prop = 557850955, .status = AVAILABLE, .value = {.int32Values = [1]{0}, .floatValues = [0]{}, .int64Values = [0]{}, .bytes = [0]{}, .stringValue = ""}}
12-30 10:07:08.462   398   464 I VehiclePropertyStore: begin to write value to Store: {.timestamp = 5364284158304, .areaId = 0, .prop = 557850955, .status = AVAILABLE, .value = {.int32Values = [1]{0}, .floatValues = [0]{}, .int64Values = [0]{}, .bytes = [0]{}, .stringValue = ""}}
12-30 10:07:08.462   798   838 I adbd    : opening control endpoint /dev/usb-ffs/adb/ep0
12-30 10:07:08.462   398   464 I DefaultVehicleHal_v2_0: DefaultVehicleHal::onPropertyValue, value:{.timestamp = 5364284158304, .areaId = 0, .prop = 557850955, .status = AVAILABLE, .value = {.int32Values = [1]{0}, .floatValues = [0]{}, .int64Values = [0]{}, .bytes = [0]{}, .stringValue = ""}}
12-30 10:07:08.462   398   464 D DiagPropHandler: is not DiagnosticConfig: 0x2140214b
12-30 10:07:08.462   398   464 I VehiclePropertyStore: begin to write value to Store: {.timestamp = 5364284158304, .areaId = 0, .prop = 557850955, .status = AVAILABLE, .value = {.int32Values = [1]{0}, .floatValues = [0]{}, .int64Values = [0]{}, .bytes = [0]{}, .stringValue = ""}}
12-30 10:07:08.462   398   464 D adayocomadapter-CommunicationManager: onUpstreamReceive mPropertyId 0x2140214b
12-30 10:07:08.462   398   464 D adayocomadapter-CommunicationManager: onUpstreamReceive mPropertyId 0x21402141
12-30 10:07:08.462   398   464 D adayocomadapter-CommunicationManager: convertBytesToInt32Memcpy  0
12-30 10:07:08.462   398   464 I vw-vhal : notifyVehicleProperty, propId = 0x21402141, data = {status: 2, int32Values: [0]}
12-30 10:07:08.462   398   464 I vw-vhal : CanSignalsAdapter::notifyVehicleProperty: solvedValue = {.timestamp = 5364284512637, .areaId = 0, .prop = 557850945, .status = AVAILABLE, .value = {.int32Values = [1]{0}, .floatValues = [0]{}, .int64Values = [0]{}, .bytes = [0]{}, .stringValue = ""}}
12-30 10:07:08.462   398   464 I VehiclePropertyStore: begin to write value to Store: {.timestamp = 5364284512637, .areaId = 0, .prop = 557850945, .status = AVAILABLE, .value = {.int32Values = [1]{0}, .floatValues = [0]{}, .int64Values = [0]{}, .bytes = [0]{}, .stringValue = ""}}
12-30 10:07:08.462   398   464 I DefaultVehicleHal_v2_0: DefaultVehicleHal::onPropertyValue, value:{.timestamp = 5364284512637, .areaId = 0, .prop = 557850945, .status = AVAILABLE, .value = {.int32Values = [1]{0}, .floatValues = [0]{}, .int64Values = [0]{}, .bytes = [0]{}, .stringValue = ""}}
12-30 10:07:08.462   398   464 D DiagPropHandler: is not DiagnosticConfig: 0x21402141
12-30 10:07:08.462   398   464 I VehiclePropertyStore: begin to write value to Store: {.timestamp = 5364284512637, .areaId = 0, .prop = 557850945, .status = AVAILABLE, .value = {.int32Values = [1]{0}, .floatValues = [0]{}, .int64Values = [0]{}, .bytes = [0]{}, .stringValue = ""}}
12-30 10:07:08.462   398   464 D adayocomadapter-CommunicationManager: onUpstreamReceive mPropertyId 0x21402141
12-30 10:07:08.462   398   464 D adayocomadapter-CommunicationManager: onUpstreamReceive mPropertyId 0x21402142
12-30 10:07:08.462   398   464 D adayocomadapter-CommunicationManager: convertBytesToInt32Memcpy  0
12-30 10:07:08.462   398   464 I vw-vhal : notifyVehicleProperty, propId = 0x21402142, data = {status: 2, int32Values: [0]}
12-30 10:07:08.463   398   464 I vw-vhal : CanSignalsAdapter::notifyVehicleProperty: solvedValue = {.timestamp = 5364284843637, .areaId = 0, .prop = 557850946, .status = AVAILABLE, .value = {.int32Values = [1]{0}, .floatValues = [0]{}, .int64Values = [0]{}, .bytes = [0]{}, .stringValue = ""}}
12-30 10:07:08.463   398   464 I VehiclePropertyStore: begin to write value to Store: {.timestamp = 5364284843637, .areaId = 0, .prop = 557850946, .status = AVAILABLE, .value = {.int32Values = [1]{0}, .floatValues = [0]{}, .int64Values = [0]{}, .bytes = [0]{}, .stringValue = ""}}
12-30 10:07:08.463   398   464 I DefaultVehicleHal_v2_0: DefaultVehicleHal::onPropertyValue, value:{.timestamp = 5364284843637, .areaId = 0, .prop = 557850946, .status = AVAILABLE, .value = {.int32Values = [1]{0}, .floatValues = [0]{}, .int64Values = [0]{}, .bytes = [0]{}, .stringValue = ""}}
12-30 10:07:08.463   398   464 D DiagPropHandler: is not DiagnosticConfig: 0x21402142
12-30 10:07:08.463   398   464 I VehiclePropertyStore: begin to write value to Store: {.timestamp = 5364284843637, .areaId = 0, .prop = 557850946, .status = AVAILABLE, .value = {.int32Values = [1]{0}, .floatValues = [0]{}, .int64Values = [0]{}, .bytes = [0]{}, .stringValue = ""}}
12-30 10:07:08.463   398   464 D adayocomadapter-CommunicationManager: onUpstreamReceive mPropertyId 0x21402142
12-30 10:07:08.463   398   464 D adayocomadapter-CommunicationManager: onUpstreamReceive mPropertyId 0x2140214d
12-30 10:07:08.463   398   464 D adayocomadapter-CommunicationManager: convertBytesToInt32Memcpy  0
12-30 10:07:08.463   398   464 I vw-vhal : notifyVehicleProperty, propId = 0x2140214d, data = {status: 2, int32Values: [0]}
