12-30 10:07:07.569   398   464 D adayocomadapter-ParseProtocolFunc: printRaWMsg Name[IPCLtoVHAL] len[6] data[214021A90000]
12-30 10:07:07.569   398   464 D adayocomadapter-ParseProtocolFunc: printRaWMsg Name[IPCLtoVHAL] len[6] data[214021AA0000]
12-30 10:07:07.569   398   464 D adayocomadapter-ParseProtocolFunc: printRaWMsg Name[IPCLtoVHAL] len[6] data[214021AB0000]
12-30 10:07:07.569   398   464 D adayocomadapter-ParseProtocolFunc: printRaWMsg Name[IPCLtoVHAL] len[6] data[214021AC0000]
12-30 10:07:07.569   398   464 D adayocomadapter-ParseProtocolFunc: printRaWMsg Name[IPCLtoVHAL] len[6] data[2140220D0000]
12-30 10:07:07.569   398   464 D adayocomadapter-ParseProtocolFunc: printRaWMsg Name[IPCLtoVHAL] len[6] data[214021AD0000]
12-30 10:07:07.569   398   464 D adayocomadapter-ParseProtocolFunc: printRaWMsg Name[IPCLtoVHAL] len[6] data[214021AE0000]
12-30 10:07:07.570   398   464 D adayocomadapter-ParseProtocolFunc: printRaWMsg Name[IPCLtoVHAL] len[6] data[214021AF0000]
12-30 10:07:07.570   398   464 D adayocomadapter-ParseProtocolFunc: printRaWMsg Name[IPCLtoVHAL] len[6] data[214022100000]
12-30 10:07:07.570   398   464 D adayocomadapter-ParseProtocolFunc: printRaWMsg Name[IPCLtoVHAL] len[6] data[214021B00000]
12-30 10:07:07.570   398   464 D adayocomadapter-ParseProtocolFunc: printRaWMsg Name[IPCLtoVHAL] len[6] data[214022110000]
12-30 10:07:07.570   398   464 D adayocomadapter-ParseProtocolFunc: printRaWMsg Name[IPCLtoVHAL] len[6] data[214021B60000]
12-30 10:07:07.570   398   464 D adayocomadapter-ParseProtocolFunc: printRaWMsg Name[IPCLtoVHAL] len[6] data[214021550000]
12-30 10:07:07.570   398   464 D adayocomadapter-ParseProtocolFunc: printRaWMsg Name[IPCLtoVHAL] len[6] data[214021BA0000]
12-30 10:07:07.570   398   464 D adayocomadapter-ParseProtocolFunc: printRaWMsg Name[IPCLtoVHAL] len[6] data[214021590000]
12-30 10:07:07.570   398   464 D adayocomadapter-ParseProtocolFunc: printRaWMsg Name[IPCLtoVHAL] len[6] data[214021BF0000]
12-30 10:07:07.570   398   464 D adayocomadapter-ParseProtocolFunc: printRaWMsg Name[IPCLtoVHAL] len[6] data[2140215E0000]
12-30 10:07:07.570   398   464 D adayocomadapter-ParseProtocolFunc: printRaWMsg Name[IPCLtoVHAL] len[6] data[214022200000]
12-30 10:07:07.570   398   464 D adayocomadapter-ParseProtocolFunc: printRaWMsg Name[IPCLtoVHAL] len[6] data[214021C00000]
12-30 10:07:07.570   398   464 D adayocomadapter-ParseProtocolFunc: printRaWMsg Name[IPCLtoVHAL] len[6] data[2140215F0000]
12-30 10:07:07.570   398   464 D adayocomadapter-ParseProtocolFunc: printRaWMsg Name[IPCLtoVHAL] len[6] data[214021C10000]
12-30 10:07:07.570   398   464 D adayocomadapter-ParseProtocolFunc: printRaWMsg Name[IPCLtoVHAL] len[6] data[214021600000]
12-30 10:07:07.570   398   464 D adayocomadapter-ParseProtocolFunc: printRaWMsg Name[IPCLtoVHAL] len[6] data[214022220000]
12-30 10:07:07.570   398   464 D adayocomadapter-ParseProtocolFunc: printRaWMsg Name[IPCLtoVHAL] len[6] data[214021C20000]
12-30 10:07:07.570   398   464 D adayocomadapter-ParseProtocolFunc: printRaWMsg Name[IPCLtoVHAL] len[6] data[214021C40000]
12-30 10:07:07.571   398   464 D adayocomadapter-ParseProtocolFunc: printRaWMsg Name[IPCLtoVHAL] len[6] data[214022250000]
12-30 10:07:07.571   398   464 D adayocomadapter-ParseProtocolFunc: printRaWMsg Name[IPCLtoVHAL] len[6] data[214021C50000]
12-30 10:07:07.571   398   464 D adayocomadapter-ParseProtocolFunc: printRaWMsg Name[IPCLtoVHAL] len[6] data[214022260000]
12-30 10:07:07.571   398   464 D adayocomadapter-ParseProtocolFunc: printRaWMsg Name[IPCLtoVHAL] len[6] data[214021C60000]
12-30 10:07:07.571   398   464 D adayocomadapter-ParseProtocolFunc: printRaWMsg Name[IPCLtoVHAL] len[6] data[214022270000]
12-30 10:07:07.571   398   464 D adayocomadapter-ParseProtocolFunc: printRaWMsg Name[IPCLtoVHAL] len[6] data[214021D30000]
12-30 10:07:07.571   398   464 D adayocomadapter-ParseProtocolFunc: printRaWMsg Name[IPCLtoVHAL] len[6] data[214022340000]
12-30 10:07:07.571   398   464 D adayocomadapter-ParseProtocolFunc: printRaWMsg Name[IPCLtoVHAL] len[6] data[214021D40000]
12-30 10:07:07.571   398   464 D adayocomadapter-ParseProtocolFunc: printRaWMsg Name[IPCLtoVHAL] len[6] data[214022350000]
12-30 10:07:07.571  2358  2623 D RcfController: Rcf proxy is not connected!
12-30 10:07:07.571   398   464 D adayocomadapter-ParseProtocolFunc: printRaWMsg Name[IPCLtoVHAL] len[6] data[214022280000]
12-30 10:07:07.571   398   464 D adayocomadapter-ParseProtocolFunc: printRaWMsg Name[IPCLtoVHAL] len[6] data[214022290000]
12-30 10:07:07.571   398   464 D adayocomadapter-ParseProtocolFunc: printRaWMsg Name[IPCLtoVHAL] len[6] data[214022360000]
12-30 10:07:07.571   398   464 D adayocomadapter-ParseProtocolFunc: printRaWMsg Name[IPCLtoVHAL] len[6] data[214022370000]
12-30 10:07:07.571   398   464 D adayocomadapter-ParseProtocolFunc: printRaWMsg Name[IPCLtoVHAL] len[6] data[214022380000]
12-30 10:07:07.571   398   464 D adayocomadapter-ParseProtocolFunc: printRaWMsg Name[IPCLtoVHAL] len[6] data[214022390000]
12-30 10:07:07.571   398   464 D adayocomadapter-ParseProtocolFunc: printRaWMsg Name[IPCLtoVHAL] len[6] data[2140223A0000]
12-30 10:07:07.571   398   464 D adayocomadapter-ParseProtocolFunc: printRaWMsg Name[IPCLtoVHAL] len[6] data[2140223B0000]
12-30 10:07:07.572   398   464 D adayocomadapter-ParseProtocolFunc: printRaWMsg Name[IPCLtoVHAL] len[7] data[2140223C000000]
12-30 10:07:07.572   398   464 D adayocomadapter-ParseProtocolFunc: printRaWMsg Name[IPCLtoVHAL] len[6] data[214022410000]
12-30 10:07:07.572   398   464 D adayocomadapter-ParseProtocolFunc: printRaWMsg Name[IPCLtoVHAL] len[6] data[214022420000]
12-30 10:07:07.572   398   464 D adayocomadapter-ParseProtocolFunc: printRaWMsg Name[IPCLtoVHAL] len[6] data[214021E10000]
12-30 10:07:07.572   398   464 D adayocomadapter-ParseProtocolFunc: printRaWMsg Name[IPCLtoVHAL] len[6] data[214022430000]
12-30 10:07:07.572   398   464 D adayocomadapter-ParseProtocolFunc: printRaWMsg Name[IPCLtoVHAL] len[6] data[214022440000]
12-30 10:07:07.572   398   464 D adayocomadapter-ParseProtocolFunc: printRaWMsg Name[IPCLtoVHAL] len[6] data[214022450000]
12-30 10:07:07.572   398   464 D adayocomadapter-ParseProtocolFunc: printRaWMsg Name[IPCLtoVHAL] len[6] data[214022460000]
12-30 10:07:07.572   398   464 D adayocomadapter-ParseProtocolFunc: printRaWMsg Name[IPCLtoVHAL] len[6] data[214022470000]
12-30 10:07:07.572   398   464 D adayocomadapter-ParseProtocolFunc: printRaWMsg Name[IPCLtoVHAL] len[7] data[21402248000000]
12-30 10:07:07.572   398   464 D adayocomadapter-ParseProtocolFunc: printRaWMsg Name[IPCLtoVHAL] len[6] data[214022490000]
12-30 10:07:07.572   398   464 D adayocomadapter-ParseProtocolFunc: printRaWMsg Name[IPCLtoVHAL] len[6] data[2140224B0000]
12-30 10:07:07.572   360   931 D EvsDriver: forwardFrame
12-30 10:07:07.572   398   464 D adayocomadapter-ParseProtocolFunc: printRaWMsg Name[IPCLtoVHAL] len[6] data[2140224D0000]
12-30 10:07:07.572   360   931 D EvsDriver: forwardFrameDirect
12-30 10:07:07.572   398   464 D adayocomadapter-ParseProtocolFunc: printRaWMsg Name[IPCLtoVHAL] len[6] data[2140224F0000]
12-30 10:07:07.572   398   464 D adayocomadapter-ParseProtocolFunc: printRaWMsg Name[IPCLtoVHAL] len[6] data[214022510000]
12-30 10:07:07.572   398   464 D adayocomadapter-ParseProtocolFunc: printRaWMsg Name[IPCLtoVHAL] len[6] data[214022530000]
12-30 10:07:07.572   398   464 D adayocomadapter-ParseProtocolFunc: printRaWMsg Name[IPCLtoVHAL] len[6] data[214022540000]
12-30 10:07:07.572   398   464 D adayocomadapter-CommunicationManager: onUpstreamReceive mPropertyId 0x214021b1
12-30 10:07:07.572   398   464 D adayocomadapter-CommunicationManager: convertBytesToInt32Memcpy  0
12-30 10:07:07.573   360   931 D EvsDriver: Delivered 0xb400e2ca9e40e110 as id 0
12-30 10:07:07.573   398   464 I vw-vhal : notifyVehicleProperty, propId = 0x214021b1, data = {status: 2, int32Values: [0]}
12-30 10:07:07.573   398   464 I vw-vhal : CanSignalsAdapter::notifyVehicleProperty: solvedValue = {.timestamp = 5363395013304, .areaId = 0, .prop = 557851057, .status = AVAILABLE, .value = {.int32Values = [1]{0}, .floatValues = [0]{}, .int64Values = [0]{}, .bytes = [0]{}, .stringValue = ""}}
12-30 10:07:07.573   359  2784 D evsmanagerd: /dev/video-evs0 forwarded the buffer #0 to 0xb400f125d2b26dd0 from 0xb400f125e2b20710
12-30 10:07:07.573   398   464 I VehiclePropertyStore: begin to write value to Store: {.timestamp = 5363395013304, .areaId = 0, .prop = 557851057, .status = AVAILABLE, .value = {.int32Values = [1]{0}, .floatValues = [0]{}, .int64Values = [0]{}, .bytes = [0]{}, .stringValue = ""}}
12-30 10:07:07.573   398   464 I DefaultVehicleHal_v2_0: DefaultVehicleHal::onPropertyValue, value:{.timestamp = 5363395013304, .areaId = 0, .prop = 557851057, .status = AVAILABLE, .value = {.int32Values = [1]{0}, .floatValues = [0]{}, .int64Values = [0]{}, .bytes = [0]{}, .stringValue = ""}}
12-30 10:07:07.573   398   464 D DiagPropHandler: is not DiagnosticConfig: 0x214021b1
12-30 10:07:07.573   398   464 I VehiclePropertyStore: begin to write value to Store: {.timestamp = 5363395013304, .areaId = 0, .prop = 557851057, .status = AVAILABLE, .value = {.int32Values = [1]{0}, .floatValues = [0]{}, .int64Values = [0]{}, .bytes = [0]{}, .stringValue = ""}}
12-30 10:07:07.573   398   464 D adayocomadapter-CommunicationManager: onUpstreamReceive mPropertyId 0x214021b1
12-30 10:07:07.573   398   464 D adayocomadapter-CommunicationManager: onUpstreamReceive mPropertyId 0x21402212
12-30 10:07:07.573   398   464 D adayocomadapter-CommunicationManager: convertBytesToInt32Memcpy  0
12-30 10:07:07.573   398   464 I vw-vhal : notifyVehicleProperty, propId = 0x21402212, data = {status: 2, int32Values: [0]}
12-30 10:07:07.573   398   464 I vw-vhal : CanSignalsAdapter::notifyVehicleProperty: solvedValue = {.timestamp = 5363395798304, .areaId = 0, .prop = 557851154, .status = AVAILABLE, .value = {.int32Values = [1]{0}, .floatValues = [0]{}, .int64Values = [0]{}, .bytes = [0]{}, .stringValue = ""}}
12-30 10:07:07.574   398   464 I VehiclePropertyStore: begin to write value to Store: {.timestamp = 5363395798304, .areaId = 0, .prop = 557851154, .status = AVAILABLE, .value = {.int32Values = [1]{0}, .floatValues = [0]{}, .int64Values = [0]{}, .bytes = [0]{}, .stringValue = ""}}
12-30 10:07:07.574   398   464 I DefaultVehicleHal_v2_0: DefaultVehicleHal::onPropertyValue, value:{.timestamp = 5363395798304, .areaId = 0, .prop = 557851154, .status = AVAILABLE, .value = {.int32Values = [1]{0}, .floatValues = [0]{}, .int64Values = [0]{}, .bytes = [0]{}, .stringValue = ""}}
12-30 10:07:07.574   398   464 D DiagPropHandler: is not DiagnosticConfig: 0x21402212
12-30 10:07:07.574   398   464 I VehiclePropertyStore: begin to write value to Store: {.timestamp = 5363395798304, .areaId = 0, .prop = 557851154, .status = AVAILABLE, .value = {.int32Values = [1]{0}, .floatValues = [0]{}, .int64Values = [0]{}, .bytes = [0]{}, .stringValue = ""}}
12-30 10:07:07.574   398   464 D adayocomadapter-CommunicationManager: onUpstreamReceive mPropertyId 0x21402212
12-30 10:07:07.574   398   464 D adayocomadapter-CommunicationManager: onUpstreamReceive mPropertyId 0x214021b2
12-30 10:07:07.574   398   464 D adayocomadapter-CommunicationManager: convertBytesToInt32Memcpy  0
12-30 10:07:07.574   398   464 I vw-vhal : notifyVehicleProperty, propId = 0x214021b2, data = {status: 2, int32Values: [0]}
12-30 10:07:07.574   398   464 I vw-vhal : CanSignalsAdapter::notifyVehicleProperty: solvedValue = {.timestamp = 5363396481970, .areaId = 0, .prop = 557851058, .status = AVAILABLE, .value = {.int32Values = [1]{0}, .floatValues = [0]{}, .int64Values = [0]{}, .bytes = [0]{}, .stringValue = ""}}
12-30 10:07:07.574   398   464 I VehiclePropertyStore: begin to write value to Store: {.timestamp = 5363396481970, .areaId = 0, .prop = 557851058, .status = AVAILABLE, .value = {.int32Values = [1]{0}, .floatValues = [0]{}, .int64Values = [0]{}, .bytes = [0]{}, .stringValue = ""}}
12-30 10:07:07.574   398   464 I DefaultVehicleHal_v2_0: DefaultVehicleHal::onPropertyValue, value:{.timestamp = 5363396481970, .areaId = 0, .prop = 557851058, .status = AVAILABLE, .value = {.int32Values = [1]{0}, .floatValues = [0]{}, .int64Values = [0]{}, .bytes = [0]{}, .stringValue = ""}}
12-30 10:07:07.574   398   464 D DiagPropHandler: is not DiagnosticConfig: 0x214021b2
12-30 10:07:07.575   398   464 I VehiclePropertyStore: begin to write value to Store: {.timestamp = 5363396481970, .areaId = 0, .prop = 557851058, .status = AVAILABLE, .value = {.int32Values = [1]{0}, .floatValues = [0]{}, .int64Values = [0]{}, .bytes = [0]{}, .stringValue = ""}}
12-30 10:07:07.575   398   464 D adayocomadapter-CommunicationManager: onUpstreamReceive mPropertyId 0x214021b2
12-30 10:07:07.575   398   464 D adayocomadapter-CommunicationManager: onUpstreamReceive mPropertyId 0x214021bd
12-30 10:07:07.575   398   464 D adayocomadapter-CommunicationManager: convertBytesToInt32Memcpy  0
12-30 10:07:07.575   398   464 I vw-vhal : notifyVehicleProperty, propId = 0x214021bd, data = {status: 2, int32Values: [0]}
12-30 10:07:07.575   398   464 I vw-vhal : CanSignalsAdapter::notifyVehicleProperty: solvedValue = {.timestamp = 5363397156304, .areaId = 0, .prop = 557851069, .status = AVAILABLE, .value = {.int32Values = [1]{0}, .floatValues = [0]{}, .int64Values = [0]{}, .bytes = [0]{}, .stringValue = ""}}
12-30 10:07:07.575   398   464 I VehiclePropertyStore: begin to write value to Store: {.timestamp = 5363397156304, .areaId = 0, .prop = 557851069, .status = AVAILABLE, .value = {.int32Values = [1]{0}, .floatValues = [0]{}, .int64Values = [0]{}, .bytes = [0]{}, .stringValue = ""}}
12-30 10:07:07.575   398   464 I DefaultVehicleHal_v2_0: DefaultVehicleHal::onPropertyValue, value:{.timestamp = 5363397156304, .areaId = 0, .prop = 557851069, .status = AVAILABLE, .value = {.int32Values = [1]{0}, .floatValues = [0]{}, .int64Values = [0]{}, .bytes = [0]{}, .stringValue = ""}}
12-30 10:07:07.575   398   464 D DiagPropHandler: is not DiagnosticConfig: 0x214021bd
12-30 10:07:07.575   398   464 I VehiclePropertyStore: begin to write value to Store: {.timestamp = 5363397156304, .areaId = 0, .prop = 557851069, .status = AVAILABLE, .value = {.int32Values = [1]{0}, .floatValues = [0]{}, .int64Values = [0]{}, .bytes = [0]{}, .stringValue = ""}}
12-30 10:07:07.575   398   464 D adayocomadapter-CommunicationManager: onUpstreamReceive mPropertyId 0x214021bd
12-30 10:07:07.575   398   464 D adayocomadapter-CommunicationManager: onUpstreamReceive mPropertyId 0x2140221e
12-30 10:07:07.575   398   464 D adayocomadapter-CommunicationManager: convertBytesToInt32Memcpy  0
12-30 10:07:07.575   398   464 I vw-vhal : notifyVehicleProperty, propId = 0x2140221e, data = {status: 2, int32Values: [0]}
12-30 10:07:07.575   398   464 I vw-vhal : CanSignalsAdapter::notifyVehicleProperty: solvedValue = {.timestamp = 5363397803304, .areaId = 0, .prop = 557851166, .status = AVAILABLE, .value = {.int32Values = [1]{0}, .floatValues = [0]{}, .int64Values = [0]{}, .bytes = [0]{}, .stringValue = ""}}
12-30 10:07:07.576   398   464 I VehiclePropertyStore: begin to write value to Store: {.timestamp = 5363397803304, .areaId = 0, .prop = 557851166, .status = AVAILABLE, .value = {.int32Values = [1]{0}, .floatValues = [0]{}, .int64Values = [0]{}, .bytes = [0]{}, .stringValue = ""}}
12-30 10:07:07.576   398   464 I DefaultVehicleHal_v2_0: DefaultVehicleHal::onPropertyValue, value:{.timestamp = 5363397803304, .areaId = 0, .prop = 557851166, .status = AVAILABLE, .value = {.int32Values = [1]{0}, .floatValues = [0]{}, .int64Values = [0]{}, .bytes = [0]{}, .stringValue = ""}}
12-30 10:07:07.576   398   464 D DiagPropHandler: is not DiagnosticConfig: 0x2140221e
12-30 10:07:07.576   398   464 I VehiclePropertyStore: begin to write value to Store: {.timestamp = 5363397803304, .areaId = 0, .prop = 557851166, .status = AVAILABLE, .value = {.int32Values = [1]{0}, .floatValues = [0]{}, .int64Values = [0]{}, .bytes = [0]{}, .stringValue = ""}}
12-30 10:07:07.576   398   464 D adayocomadapter-CommunicationManager: onUpstreamReceive mPropertyId 0x2140221e
12-30 10:07:07.576   398   464 D adayocomadapter-CommunicationManager: onUpstreamReceive mPropertyId 0x214021b3
12-30 10:07:07.576   398   464 D adayocomadapter-CommunicationManager: convertBytesToInt32Memcpy  0
12-30 10:07:07.576   398   464 I vw-vhal : notifyVehicleProperty, propId = 0x214021b3, data = {status: 2, int32Values: [0]}
12-30 10:07:07.576   398   464 I vw-vhal : CanSignalsAdapter::notifyVehicleProperty: solvedValue = {.timestamp = 5363398471637, .areaId = 0, .prop = 557851059, .status = AVAILABLE, .value = {.int32Values = [1]{0}, .floatValues = [0]{}, .int64Values = [0]{}, .bytes = [0]{}, .stringValue = ""}}
12-30 10:07:07.576   398   464 I VehiclePropertyStore: begin to write value to Store: {.timestamp = 5363398471637, .areaId = 0, .prop = 557851059, .status = AVAILABLE, .value = {.int32Values = [1]{0}, .floatValues = [0]{}, .int64Values = [0]{}, .bytes = [0]{}, .stringValue = ""}}
12-30 10:07:07.576   398   464 I DefaultVehicleHal_v2_0: DefaultVehicleHal::onPropertyValue, value:{.timestamp = 5363398471637, .areaId = 0, .prop = 557851059, .status = AVAILABLE, .value = {.int32Values = [1]{0}, .floatValues = [0]{}, .int64Values = [0]{}, .bytes = [0]{}, .stringValue = ""}}
12-30 10:07:07.576   398   464 D DiagPropHandler: is not DiagnosticConfig: 0x214021b3
12-30 10:07:07.576   398   464 I VehiclePropertyStore: begin to write value to Store: {.timestamp = 5363398471637, .areaId = 0, .prop = 557851059, .status = AVAILABLE, .value = {.int32Values = [1]{0}, .floatValues = [0]{}, .int64Values = [0]{}, .bytes = [0]{}, .stringValue = ""}}
12-30 10:07:07.577   398   464 D adayocomadapter-CommunicationManager: onUpstreamReceive mPropertyId 0x214021b3
12-30 10:07:07.577   398   464 D adayocomadapter-CommunicationManager: onUpstreamReceive mPropertyId 0x21402214
12-30 10:07:07.577   398   464 D adayocomadapter-CommunicationManager: convertBytesToInt32Memcpy  0
12-30 10:07:07.577   398   464 I vw-vhal : notifyVehicleProperty, propId = 0x21402214, data = {status: 2, int32Values: [0]}
12-30 10:07:07.577   398   464 I vw-vhal : CanSignalsAdapter::notifyVehicleProperty: solvedValue = {.timestamp = 5363399123304, .areaId = 0, .prop = 557851156, .status = AVAILABLE, .value = {.int32Values = [1]{0}, .floatValues = [0]{}, .int64Values = [0]{}, .bytes = [0]{}, .stringValue = ""}}
12-30 10:07:07.577   398   464 I VehiclePropertyStore: begin to write value to Store: {.timestamp = 5363399123304, .areaId = 0, .prop = 557851156, .status = AVAILABLE, .value = {.int32Values = [1]{0}, .floatValues = [0]{}, .int64Values = [0]{}, .bytes = [0]{}, .stringValue = ""}}
12-30 10:07:07.577   398   464 I DefaultVehicleHal_v2_0: DefaultVehicleHal::onPropertyValue, value:{.timestamp = 5363399123304, .areaId = 0, .prop = 557851156, .status = AVAILABLE, .value = {.int32Values = [1]{0}, .floatValues = [0]{}, .int64Values = [0]{}, .bytes = [0]{}, .stringValue = ""}}
12-30 10:07:07.577   398   464 D DiagPropHandler: is not DiagnosticConfig: 0x21402214
12-30 10:07:07.577   398   464 I VehiclePropertyStore: begin to write value to Store: {.timestamp = 5363399123304, .areaId = 0, .prop = 557851156, .status = AVAILABLE, .value = {.int32Values = [1]{0}, .floatValues = [0]{}, .int64Values = [0]{}, .bytes = [0]{}, .stringValue = ""}}
12-30 10:07:07.577   398   464 D adayocomadapter-CommunicationManager: onUpstreamReceive mPropertyId 0x21402214
12-30 10:07:07.577   398   464 D adayocomadapter-CommunicationManager: onUpstreamReceive mPropertyId 0x214021b4
12-30 10:07:07.577   398   464 D adayocomadapter-CommunicationManager: convertBytesToInt32Memcpy  0
12-30 10:07:07.577   398   464 I vw-vhal : notifyVehicleProperty, propId = 0x214021b4, data = {status: 2, int32Values: [0]}
12-30 10:07:07.577   398   464 I vw-vhal : CanSignalsAdapter::notifyVehicleProperty: solvedValue = {.timestamp = 5363399760637, .areaId = 0, .prop = 557851060, .status = AVAILABLE, .value = {.int32Values = [1]{0}, .floatValues = [0]{}, .int64Values = [0]{}, .bytes = [0]{}, .stringValue = ""}}
12-30 10:07:07.578   398   464 I VehiclePropertyStore: begin to write value to Store: {.timestamp = 5363399760637, .areaId = 0, .prop = 557851060, .status = AVAILABLE, .value = {.int32Values = [1]{0}, .floatValues = [0]{}, .int64Values = [0]{}, .bytes = [0]{}, .stringValue = ""}}
12-30 10:07:07.578   398   464 I DefaultVehicleHal_v2_0: DefaultVehicleHal::onPropertyValue, value:{.timestamp = 5363399760637, .areaId = 0, .prop = 557851060, .status = AVAILABLE, .value = {.int32Values = [1]{0}, .floatValues = [0]{}, .int64Values = [0]{}, .bytes = [0]{}, .stringValue = ""}}
12-30 10:07:07.578   398   464 D DiagPropHandler: is not DiagnosticConfig: 0x214021b4
12-30 10:07:07.578   398   464 I VehiclePropertyStore: begin to write value to Store: {.timestamp = 5363399760637, .areaId = 0, .prop = 557851060, .status = AVAILABLE, .value = {.int32Values = [1]{0}, .floatValues = [0]{}, .int64Values = [0]{}, .bytes = [0]{}, .stringValue = ""}}
12-30 10:07:07.578   398   464 D adayocomadapter-CommunicationManager: onUpstreamReceive mPropertyId 0x214021b4
12-30 10:07:07.578   398   464 D adayocomadapter-CommunicationManager: onUpstreamReceive mPropertyId 0x21402153
12-30 10:07:07.578   398   464 D adayocomadapter-CommunicationManager: convertBytesToInt32Memcpy  0
12-30 10:07:07.578   398   464 I vw-vhal : notifyVehicleProperty, propId = 0x21402153, data = {status: 2, int32Values: [0]}
12-30 10:07:07.578  1667  2407 I media_message_log->MediaMessageProxy: (SourceFile:1)b connectToService action bind
12-30 10:07:07.578   398   464 I vw-vhal : CanSignalsAdapter::notifyVehicleProperty: solvedValue = {.timestamp = 5363400443304, .areaId = 0, .prop = 557850963, .status = AVAILABLE, .value = {.int32Values = [1]{0}, .floatValues = [0]{}, .int64Values = [0]{}, .bytes = [0]{}, .stringValue = ""}}
12-30 10:07:07.578   398   464 I VehiclePropertyStore: begin to write value to Store: {.timestamp = 5363400443304, .areaId = 0, .prop = 557850963, .status = AVAILABLE, .value = {.int32Values = [1]{0}, .floatValues = [0]{}, .int64Values = [0]{}, .bytes = [0]{}, .stringValue = ""}}
12-30 10:07:07.578   398   464 I DefaultVehicleHal_v2_0: DefaultVehicleHal::onPropertyValue, value:{.timestamp = 5363400443304, .areaId = 0, .prop = 557850963, .status = AVAILABLE, .value = {.int32Values = [1]{0}, .floatValues = [0]{}, .int64Values = [0]{}, .bytes = [0]{}, .stringValue = ""}}
12-30 10:07:07.578   398   464 D DiagPropHandler: is not DiagnosticConfig: 0x21402153
12-30 10:07:07.578   398   464 I VehiclePropertyStore: begin to write value to Store: {.timestamp = 5363400443304, .areaId = 0, .prop = 557850963, .status = AVAILABLE, .value = {.int32Values = [1]{0}, .floatValues = [0]{}, .int64Values = [0]{}, .bytes = [0]{}, .stringValue = ""}}
12-30 10:07:07.579   398   464 D adayocomadapter-CommunicationManager: onUpstreamReceive mPropertyId 0x21402153
12-30 10:07:07.579   398   464 D adayocomadapter-CommunicationManager: onUpstreamReceive mPropertyId 0x21402215
12-30 10:07:07.579   398   464 D adayocomadapter-CommunicationManager: convertBytesToInt32Memcpy  0
12-30 10:07:07.579   398   464 I vw-vhal : notifyVehicleProperty, propId = 0x21402215, data = {status: 2, int32Values: [0]}
12-30 10:07:07.579   398   464 I vw-vhal : CanSignalsAdapter::notifyVehicleProperty: solvedValue = {.timestamp = 5363401089970, .areaId = 0, .prop = 557851157, .status = AVAILABLE, .value = {.int32Values = [1]{0}, .floatValues = [0]{}, .int64Values = [0]{}, .bytes = [0]{}, .stringValue = ""}}
12-30 10:07:07.579   398   464 I VehiclePropertyStore: begin to write value to Store: {.timestamp = 5363401089970, .areaId = 0, .prop = 557851157, .status = AVAILABLE, .value = {.int32Values = [1]{0}, .floatValues = [0]{}, .int64Values = [0]{}, .bytes = [0]{}, .stringValue = ""}}
12-30 10:07:07.579   398   464 I DefaultVehicleHal_v2_0: DefaultVehicleHal::onPropertyValue, value:{.timestamp = 5363401089970, .areaId = 0, .prop = 557851157, .status = AVAILABLE, .value = {.int32Values = [1]{0}, .floatValues = [0]{}, .int64Values = [0]{}, .bytes = [0]{}, .stringValue = ""}}
12-30 10:07:07.579   398   464 D DiagPropHandler: is not DiagnosticConfig: 0x21402215
12-30 10:07:07.579   398   464 I VehiclePropertyStore: begin to write value to Store: {.timestamp = 5363401089970, .areaId = 0, .prop = 557851157, .status = AVAILABLE, .value = {.int32Values = [1]{0}, .floatValues = [0]{}, .int64Values = [0]{}, .bytes = [0]{}, .stringValue = ""}}
12-30 10:07:07.579   916  1492 W ActivityManager: Unable to start service Intent { cmp=com.adayo.server.mediamessagetransfer/.MediaMessTransferService (has extras) } U=0: not found
12-30 10:07:07.579   398   464 D adayocomadapter-CommunicationManager: onUpstreamReceive mPropertyId 0x21402215
12-30 10:07:07.579   398   464 D adayocomadapter-CommunicationManager: onUpstreamReceive mPropertyId 0x214021b5
12-30 10:07:07.579   398   464 D adayocomadapter-CommunicationManager: convertBytesToInt32Memcpy  0
12-30 10:07:07.579   398   464 I vw-vhal : notifyVehicleProperty, propId = 0x214021b5, data = {status: 2, int32Values: [0]}
12-30 10:07:07.579   398   464 I vw-vhal : CanSignalsAdapter::notifyVehicleProperty: solvedValue = {.timestamp = 5363401723637, .areaId = 0, .prop = 557851061, .status = AVAILABLE, .value = {.int32Values = [1]{0}, .floatValues = [0]{}, .int64Values = [0]{}, .bytes = [0]{}, .stringValue = ""}}
12-30 10:07:07.580   398   464 I VehiclePropertyStore: begin to write value to Store: {.timestamp = 5363401723637, .areaId = 0, .prop = 557851061, .status = AVAILABLE, .value = {.int32Values = [1]{0}, .floatValues = [0]{}, .int64Values = [0]{}, .bytes = [0]{}, .stringValue = ""}}
12-30 10:07:07.580   398   464 I DefaultVehicleHal_v2_0: DefaultVehicleHal::onPropertyValue, value:{.timestamp = 5363401723637, .areaId = 0, .prop = 557851061, .status = AVAILABLE, .value = {.int32Values = [1]{0}, .floatValues = [0]{}, .int64Values = [0]{}, .bytes = [0]{}, .stringValue = ""}}
12-30 10:07:07.580   398   464 D DiagPropHandler: is not DiagnosticConfig: 0x214021b5
12-30 10:07:07.580  1667  2407 E media_message_log->MediaMessageProxy: (SourceFile:7)a bindServiceAsUser isBound = false
12-30 10:07:07.580   398   464 I VehiclePropertyStore: begin to write value to Store: {.timestamp = 5363401723637, .areaId = 0, .prop = 557851061, .status = AVAILABLE, .value = {.int32Values = [1]{0}, .floatValues = [0]{}, .int64Values = [0]{}, .bytes = [0]{}, .stringValue = ""}}
12-30 10:07:07.580   398   464 D adayocomadapter-CommunicationManager: onUpstreamReceive mPropertyId 0x214021b5
12-30 10:07:07.580   398   464 D adayocomadapter-CommunicationManager: onUpstreamReceive mPropertyId 0x21402154
12-30 10:07:07.580   398   464 D adayocomadapter-CommunicationManager: convertBytesToInt32Memcpy  0
12-30 10:07:07.580   398   464 I vw-vhal : notifyVehicleProperty, propId = 0x21402154, data = {status: 2, int32Values: [0]}
12-30 10:07:07.580   398   464 I vw-vhal : CanSignalsAdapter::notifyVehicleProperty: solvedValue = {.timestamp = 5363402372970, .areaId = 0, .prop = 557850964, .status = AVAILABLE, .value = {.int32Values = [1]{0}, .floatValues = [0]{}, .int64Values = [0]{}, .bytes = [0]{}, .stringValue = ""}}
12-30 10:07:07.580   398   464 I VehiclePropertyStore: begin to write value to Store: {.timestamp = 5363402372970, .areaId = 0, .prop = 557850964, .status = AVAILABLE, .value = {.int32Values = [1]{0}, .floatValues = [0]{}, .int64Values = [0]{}, .bytes = [0]{}, .stringValue = ""}}
12-30 10:07:07.580   398   464 I DefaultVehicleHal_v2_0: DefaultVehicleHal::onPropertyValue, value:{.timestamp = 5363402372970, .areaId = 0, .prop = 557850964, .status = AVAILABLE, .value = {.int32Values = [1]{0}, .floatValues = [0]{}, .int64Values = [0]{}, .bytes = [0]{}, .stringValue = ""}}
12-30 10:07:07.580   398   464 D DiagPropHandler: is not DiagnosticConfig: 0x21402154
12-30 10:07:07.580   398   464 I VehiclePropertyStore: begin to write value to Store: {.timestamp = 5363402372970, .areaId = 0, .prop = 557850964, .status = AVAILABLE, .value = {.int32Values = [1]{0}, .floatValues = [0]{}, .int64Values = [0]{}, .bytes = [0]{}, .stringValue = ""}}
12-30 10:07:07.580   398   464 D adayocomadapter-CommunicationManager: onUpstreamReceive mPropertyId 0x21402154
12-30 10:07:07.581   398   464 D adayocomadapter-CommunicationManager: onUpstreamReceive mPropertyId 0x214021b7
12-30 10:07:07.581   398   464 D adayocomadapter-CommunicationManager: convertBytesToInt32Memcpy  0
12-30 10:07:07.581   398   464 I vw-vhal : notifyVehicleProperty, propId = 0x214021b7, data = {status: 2, int32Values: [0]}
12-30 10:07:07.581   398   464 I vw-vhal : CanSignalsAdapter::notifyVehicleProperty: solvedValue = {.timestamp = 5363403029304, .areaId = 0, .prop = 557851063, .status = AVAILABLE, .value = {.int32Values = [1]{0}, .floatValues = [0]{}, .int64Values = [0]{}, .bytes = [0]{}, .stringValue = ""}}
12-30 10:07:07.581   398   464 I VehiclePropertyStore: begin to write value to Store: {.timestamp = 5363403029304, .areaId = 0, .prop = 557851063, .status = AVAILABLE, .value = {.int32Values = [1]{0}, .floatValues = [0]{}, .int64Values = [0]{}, .bytes = [0]{}, .stringValue = ""}}
12-30 10:07:07.581   398   464 I DefaultVehicleHal_v2_0: DefaultVehicleHal::onPropertyValue, value:{.timestamp = 5363403029304, .areaId = 0, .prop = 557851063, .status = AVAILABLE, .value = {.int32Values = [1]{0}, .floatValues = [0]{}, .int64Values = [0]{}, .bytes = [0]{}, .stringValue = ""}}
12-30 10:07:07.581   398   464 D DiagPropHandler: is not DiagnosticConfig: 0x214021b7
12-30 10:07:07.581   398   464 I VehiclePropertyStore: begin to write value to Store: {.timestamp = 5363403029304, .areaId = 0, .prop = 557851063, .status = AVAILABLE, .value = {.int32Values = [1]{0}, .floatValues = [0]{}, .int64Values = [0]{}, .bytes = [0]{}, .stringValue = ""}}
12-30 10:07:07.581   398   464 D adayocomadapter-CommunicationManager: onUpstreamReceive mPropertyId 0x214021b7
12-30 10:07:07.581   398   464 D adayocomadapter-CommunicationManager: onUpstreamReceive mPropertyId 0x21402156
12-30 10:07:07.581   398   464 D adayocomadapter-CommunicationManager: convertBytesToInt32Memcpy  0
12-30 10:07:07.581   398   464 I vw-vhal : notifyVehicleProperty, propId = 0x21402156, data = {status: 2, int32Values: [0]}
12-30 10:07:07.581   398   464 I vw-vhal : CanSignalsAdapter::notifyVehicleProperty: solvedValue = {.timestamp = 5363403684970, .areaId = 0, .prop = 557850966, .status = AVAILABLE, .value = {.int32Values = [1]{0}, .floatValues = [0]{}, .int64Values = [0]{}, .bytes = [0]{}, .stringValue = ""}}
12-30 10:07:07.581   398   464 I VehiclePropertyStore: begin to write value to Store: {.timestamp = 5363403684970, .areaId = 0, .prop = 557850966, .status = AVAILABLE, .value = {.int32Values = [1]{0}, .floatValues = [0]{}, .int64Values = [0]{}, .bytes = [0]{}, .stringValue = ""}}
12-30 10:07:07.582   398   464 I DefaultVehicleHal_v2_0: DefaultVehicleHal::onPropertyValue, value:{.timestamp = 5363403684970, .areaId = 0, .prop = 557850966, .status = AVAILABLE, .value = {.int32Values = [1]{0}, .floatValues = [0]{}, .int64Values = [0]{}, .bytes = [0]{}, .stringValue = ""}}
12-30 10:07:07.582   398   464 D DiagPropHandler: is not DiagnosticConfig: 0x21402156
12-30 10:07:07.582   398   464 I VehiclePropertyStore: begin to write value to Store: {.timestamp = 5363403684970, .areaId = 0, .prop = 557850966, .status = AVAILABLE, .value = {.int32Values = [1]{0}, .floatValues = [0]{}, .int64Values = [0]{}, .bytes = [0]{}, .stringValue = ""}}
12-30 10:07:07.582   398   464 D adayocomadapter-CommunicationManager: onUpstreamReceive mPropertyId 0x21402156
12-30 10:07:07.582   398   464 D adayocomadapter-CommunicationManager: onUpstreamReceive mPropertyId 0x214021b8
12-30 10:07:07.582   398   464 D adayocomadapter-CommunicationManager: convertBytesToInt32Memcpy  0
12-30 10:07:07.582   398   464 I vw-vhal : notifyVehicleProperty, propId = 0x214021b8, data = {status: 2, int32Values: [0]}
12-30 10:07:07.582   398   464 I vw-vhal : CanSignalsAdapter::notifyVehicleProperty: solvedValue = {.timestamp = 5363404380304, .areaId = 0, .prop = 557851064, .status = AVAILABLE, .value = {.int32Values = [1]{0}, .floatValues = [0]{}, .int64Values = [0]{}, .bytes = [0]{}, .stringValue = ""}}
12-30 10:07:07.582   398   464 I VehiclePropertyStore: begin to write value to Store: {.timestamp = 5363404380304, .areaId = 0, .prop = 557851064, .status = AVAILABLE, .value = {.int32Values = [1]{0}, .floatValues = [0]{}, .int64Values = [0]{}, .bytes = [0]{}, .stringValue = ""}}
12-30 10:07:07.582   398   464 I DefaultVehicleHal_v2_0: DefaultVehicleHal::onPropertyValue, value:{.timestamp = 5363404380304, .areaId = 0, .prop = 557851064, .status = AVAILABLE, .value = {.int32Values = [1]{0}, .floatValues = [0]{}, .int64Values = [0]{}, .bytes = [0]{}, .stringValue = ""}}
12-30 10:07:07.582   398   464 D DiagPropHandler: is not DiagnosticConfig: 0x214021b8
12-30 10:07:07.582   398   464 I VehiclePropertyStore: begin to write value to Store: {.timestamp = 5363404380304, .areaId = 0, .prop = 557851064, .status = AVAILABLE, .value = {.int32Values = [1]{0}, .floatValues = [0]{}, .int64Values = [0]{}, .bytes = [0]{}, .stringValue = ""}}
12-30 10:07:07.582   398   464 D adayocomadapter-CommunicationManager: onUpstreamReceive mPropertyId 0x214021b8
12-30 10:07:07.583   398   464 D adayocomadapter-CommunicationManager: onUpstreamReceive mPropertyId 0x21402157
12-30 10:07:07.583   398   464 D adayocomadapter-CommunicationManager: convertBytesToInt32Memcpy  0
12-30 10:07:07.583   398   464 I vw-vhal : notifyVehicleProperty, propId = 0x21402157, data = {status: 2, int32Values: [0]}
12-30 10:07:07.583   398   464 I vw-vhal : CanSignalsAdapter::notifyVehicleProperty: solvedValue = {.timestamp = 5363405042970, .areaId = 0, .prop = 557850967, .status = AVAILABLE, .value = {.int32Values = [1]{0}, .floatValues = [0]{}, .int64Values = [0]{}, .bytes = [0]{}, .stringValue = ""}}
12-30 10:07:07.583   398   464 I VehiclePropertyStore: begin to write value to Store: {.timestamp = 5363405042970, .areaId = 0, .prop = 557850967, .status = AVAILABLE, .value = {.int32Values = [1]{0}, .floatValues = [0]{}, .int64Values = [0]{}, .bytes = [0]{}, .stringValue = ""}}
12-30 10:07:07.583   398   464 I DefaultVehicleHal_v2_0: DefaultVehicleHal::onPropertyValue, value:{.timestamp = 5363405042970, .areaId = 0, .prop = 557850967, .status = AVAILABLE, .value = {.int32Values = [1]{0}, .floatValues = [0]{}, .int64Values = [0]{}, .bytes = [0]{}, .stringValue = ""}}
12-30 10:07:07.583   398   464 D DiagPropHandler: is not DiagnosticConfig: 0x21402157
12-30 10:07:07.583   398   464 I VehiclePropertyStore: begin to write value to Store: {.timestamp = 5363405042970, .areaId = 0, .prop = 557850967, .status = AVAILABLE, .value = {.int32Values = [1]{0}, .floatValues = [0]{}, .int64Values = [0]{}, .bytes = [0]{}, .stringValue = ""}}
12-30 10:07:07.583   398   464 D adayocomadapter-CommunicationManager: onUpstreamReceive mPropertyId 0x21402157
12-30 10:07:07.583   398   464 D adayocomadapter-CommunicationManager: onUpstreamReceive mPropertyId 0x21402219
12-30 10:07:07.583   398   464 D adayocomadapter-CommunicationManager: convertBytesToInt32Memcpy  0
12-30 10:07:07.583   398   464 I vw-vhal : notifyVehicleProperty, propId = 0x21402219, data = {status: 2, int32Values: [0]}
12-30 10:07:07.583   398   464 I vw-vhal : CanSignalsAdapter::notifyVehicleProperty: solvedValue = {.timestamp = 5363405688970, .areaId = 0, .prop = 557851161, .status = AVAILABLE, .value = {.int32Values = [1]{0}, .floatValues = [0]{}, .int64Values = [0]{}, .bytes = [0]{}, .stringValue = ""}}
12-30 10:07:07.583   398   464 I VehiclePropertyStore: begin to write value to Store: {.timestamp = 5363405688970, .areaId = 0, .prop = 557851161, .status = AVAILABLE, .value = {.int32Values = [1]{0}, .floatValues = [0]{}, .int64Values = [0]{}, .bytes = [0]{}, .stringValue = ""}}
12-30 10:07:07.584   398   464 I DefaultVehicleHal_v2_0: DefaultVehicleHal::onPropertyValue, value:{.timestamp = 5363405688970, .areaId = 0, .prop = 557851161, .status = AVAILABLE, .value = {.int32Values = [1]{0}, .floatValues = [0]{}, .int64Values = [0]{}, .bytes = [0]{}, .stringValue = ""}}
12-30 10:07:07.584   360   458 D EvsDriver: doneWithFrame
12-30 10:07:07.584   398   464 D DiagPropHandler: is not DiagnosticConfig: 0x21402219
12-30 10:07:07.584   398   464 I VehiclePropertyStore: begin to write value to Store: {.timestamp = 5363405688970, .areaId = 0, .prop = 557851161, .status = AVAILABLE, .value = {.int32Values = [1]{0}, .floatValues = [0]{}, .int64Values = [0]{}, .bytes = [0]{}, .stringValue = ""}}
12-30 10:07:07.584   398   464 D adayocomadapter-CommunicationManager: onUpstreamReceive mPropertyId 0x21402219
12-30 10:07:07.584   398   464 D adayocomadapter-CommunicationManager: onUpstreamReceive mPropertyId 0x2140215b
12-30 10:07:07.584   398   464 D adayocomadapter-CommunicationManager: convertBytesToInt32Memcpy  0
12-30 10:07:07.584   398   464 I vw-vhal : notifyVehicleProperty, propId = 0x2140215b, data = {status: 2, int32Values: [0]}
12-30 10:07:07.584   398   464 I vw-vhal : CanSignalsAdapter::notifyVehicleProperty: solvedValue = {.timestamp = 5363406322637, .areaId = 0, .prop = 557850971, .status = AVAILABLE, .value = {.int32Values = [1]{0}, .floatValues = [0]{}, .int64Values = [0]{}, .bytes = [0]{}, .stringValue = ""}}
12-30 10:07:07.584   398   464 I VehiclePropertyStore: begin to write value to Store: {.timestamp = 5363406322637, .areaId = 0, .prop = 557850971, .status = AVAILABLE, .value = {.int32Values = [1]{0}, .floatValues = [0]{}, .int64Values = [0]{}, .bytes = [0]{}, .stringValue = ""}}
12-30 10:07:07.584   398   464 I DefaultVehicleHal_v2_0: DefaultVehicleHal::onPropertyValue, value:{.timestamp = 5363406322637, .areaId = 0, .prop = 557850971, .status = AVAILABLE, .value = {.int32Values = [1]{0}, .floatValues = [0]{}, .int64Values = [0]{}, .bytes = [0]{}, .stringValue = ""}}
12-30 10:07:07.584   398   464 D DiagPropHandler: is not DiagnosticConfig: 0x2140215b
12-30 10:07:07.584   398   464 I VehiclePropertyStore: begin to write value to Store: {.timestamp = 5363406322637, .areaId = 0, .prop = 557850971, .status = AVAILABLE, .value = {.int32Values = [1]{0}, .floatValues = [0]{}, .int64Values = [0]{}, .bytes = [0]{}, .stringValue = ""}}
12-30 10:07:07.584   398   464 D adayocomadapter-CommunicationManager: onUpstreamReceive mPropertyId 0x2140215b
12-30 10:07:07.584   398   464 D adayocomadapter-CommunicationManager: onUpstreamReceive mPropertyId 0x214021bc
12-30 10:07:07.584   398   464 D adayocomadapter-CommunicationManager: convertBytesToInt32Memcpy  0
12-30 10:07:07.585   398   464 I vw-vhal : notifyVehicleProperty, propId = 0x214021bc, data = {status: 2, int32Values: [0]}
12-30 10:07:07.585   398   464 I vw-vhal : CanSignalsAdapter::notifyVehicleProperty: solvedValue = {.timestamp = 5363406965637, .areaId = 0, .prop = 557851068, .status = AVAILABLE, .value = {.int32Values = [1]{0}, .floatValues = [0]{}, .int64Values = [0]{}, .bytes = [0]{}, .stringValue = ""}}
12-30 10:07:07.585   398   464 I VehiclePropertyStore: begin to write value to Store: {.timestamp = 5363406965637, .areaId = 0, .prop = 557851068, .status = AVAILABLE, .value = {.int32Values = [1]{0}, .floatValues = [0]{}, .int64Values = [0]{}, .bytes = [0]{}, .stringValue = ""}}
12-30 10:07:07.585   398   464 I DefaultVehicleHal_v2_0: DefaultVehicleHal::onPropertyValue, value:{.timestamp = 5363406965637, .areaId = 0, .prop = 557851068, .status = AVAILABLE, .value = {.int32Values = [1]{0}, .floatValues = [0]{}, .int64Values = [0]{}, .bytes = [0]{}, .stringValue = ""}}
12-30 10:07:07.585   398   464 D DiagPropHandler: is not DiagnosticConfig: 0x214021bc
12-30 10:07:07.585   398   464 I VehiclePropertyStore: begin to write value to Store: {.timestamp = 5363406965637, .areaId = 0, .prop = 557851068, .status = AVAILABLE, .value = {.int32Values = [1]{0}, .floatValues = [0]{}, .int64Values = [0]{}, .bytes = [0]{}, .stringValue = ""}}
12-30 10:07:07.585   398   464 D adayocomadapter-CommunicationManager: onUpstreamReceive mPropertyId 0x214021bc
12-30 10:07:07.585   398   464 D adayocomadapter-CommunicationManager: onUpstreamReceive mPropertyId 0x2140221d
12-30 10:07:07.585   398   464 D adayocomadapter-CommunicationManager: convertBytesToInt32Memcpy  0
12-30 10:07:07.585   398   464 I vw-vhal : notifyVehicleProperty, propId = 0x2140221d, data = {status: 2, int32Values: [0]}
12-30 10:07:07.585   398   464 I vw-vhal : CanSignalsAdapter::notifyVehicleProperty: solvedValue = {.timestamp = 5363407597637, .areaId = 0, .prop = 557851165, .status = AVAILABLE, .value = {.int32Values = [1]{0}, .floatValues = [0]{}, .int64Values = [0]{}, .bytes = [0]{}, .stringValue = ""}}
12-30 10:07:07.585   398   464 I VehiclePropertyStore: begin to write value to Store: {.timestamp = 5363407597637, .areaId = 0, .prop = 557851165, .status = AVAILABLE, .value = {.int32Values = [1]{0}, .floatValues = [0]{}, .int64Values = [0]{}, .bytes = [0]{}, .stringValue = ""}}
12-30 10:07:07.585   398   464 I DefaultVehicleHal_v2_0: DefaultVehicleHal::onPropertyValue, value:{.timestamp = 5363407597637, .areaId = 0, .prop = 557851165, .status = AVAILABLE, .value = {.int32Values = [1]{0}, .floatValues = [0]{}, .int64Values = [0]{}, .bytes = [0]{}, .stringValue = ""}}
12-30 10:07:07.586   398   464 D DiagPropHandler: is not DiagnosticConfig: 0x2140221d
12-30 10:07:07.586   398   464 I VehiclePropertyStore: begin to write value to Store: {.timestamp = 5363407597637, .areaId = 0, .prop = 557851165, .status = AVAILABLE, .value = {.int32Values = [1]{0}, .floatValues = [0]{}, .int64Values = [0]{}, .bytes = [0]{}, .stringValue = ""}}
12-30 10:07:07.586   398   464 D adayocomadapter-CommunicationManager: onUpstreamReceive mPropertyId 0x2140221d
12-30 10:07:07.586   398   464 D adayocomadapter-CommunicationManager: onUpstreamReceive mPropertyId 0x214021b9
12-30 10:07:07.586   398   464 D adayocomadapter-CommunicationManager: convertBytesToInt32Memcpy  0
12-30 10:07:07.586   398   464 I vw-vhal : notifyVehicleProperty, propId = 0x214021b9, data = {status: 2, int32Values: [0]}
12-30 10:07:07.586   398   464 I vw-vhal : CanSignalsAdapter::notifyVehicleProperty: solvedValue = {.timestamp = 5363408385970, .areaId = 0, .prop = 557851065, .status = AVAILABLE, .value = {.int32Values = [1]{0}, .floatValues = [0]{}, .int64Values = [0]{}, .bytes = [0]{}, .stringValue = ""}}
12-30 10:07:07.586   398   464 I VehiclePropertyStore: begin to write value to Store: {.timestamp = 5363408385970, .areaId = 0, .prop = 557851065, .status = AVAILABLE, .value = {.int32Values = [1]{0}, .floatValues = [0]{}, .int64Values = [0]{}, .bytes = [0]{}, .stringValue = ""}}
12-30 10:07:07.586   398   464 I DefaultVehicleHal_v2_0: DefaultVehicleHal::onPropertyValue, value:{.timestamp = 5363408385970, .areaId = 0, .prop = 557851065, .status = AVAILABLE, .value = {.int32Values = [1]{0}, .floatValues = [0]{}, .int64Values = [0]{}, .bytes = [0]{}, .stringValue = ""}}
12-30 10:07:07.586   398   464 D DiagPropHandler: is not DiagnosticConfig: 0x214021b9
12-30 10:07:07.586   398   464 I VehiclePropertyStore: begin to write value to Store: {.timestamp = 5363408385970, .areaId = 0, .prop = 557851065, .status = AVAILABLE, .value = {.int32Values = [1]{0}, .floatValues = [0]{}, .int64Values = [0]{}, .bytes = [0]{}, .stringValue = ""}}
12-30 10:07:07.586   398   464 D adayocomadapter-CommunicationManager: onUpstreamReceive mPropertyId 0x214021b9
12-30 10:07:07.586   398   464 D adayocomadapter-CommunicationManager: onUpstreamReceive mPropertyId 0x2140221a
12-30 10:07:07.587   398   464 D adayocomadapter-CommunicationManager: convertBytesToInt32Memcpy  0
12-30 10:07:07.587   398   464 I vw-vhal : notifyVehicleProperty, propId = 0x2140221a, data = {status: 2, int32Values: [0]}
12-30 10:07:07.587   398   464 I vw-vhal : CanSignalsAdapter::notifyVehicleProperty: solvedValue = {.timestamp = 5363409014637, .areaId = 0, .prop = 557851162, .status = AVAILABLE, .value = {.int32Values = [1]{0}, .floatValues = [0]{}, .int64Values = [0]{}, .bytes = [0]{}, .stringValue = ""}}
12-30 10:07:07.587   398   464 I VehiclePropertyStore: begin to write value to Store: {.timestamp = 5363409014637, .areaId = 0, .prop = 557851162, .status = AVAILABLE, .value = {.int32Values = [1]{0}, .floatValues = [0]{}, .int64Values = [0]{}, .bytes = [0]{}, .stringValue = ""}}
12-30 10:07:07.587   398   464 I DefaultVehicleHal_v2_0: DefaultVehicleHal::onPropertyValue, value:{.timestamp = 5363409014637, .areaId = 0, .prop = 557851162, .status = AVAILABLE, .value = {.int32Values = [1]{0}, .floatValues = [0]{}, .int64Values = [0]{}, .bytes = [0]{}, .stringValue = ""}}
12-30 10:07:07.587   398   464 D DiagPropHandler: is not DiagnosticConfig: 0x2140221a
12-30 10:07:07.587   398   464 I VehiclePropertyStore: begin to write value to Store: {.timestamp = 5363409014637, .areaId = 0, .prop = 557851162, .status = AVAILABLE, .value = {.int32Values = [1]{0}, .floatValues = [0]{}, .int64Values = [0]{}, .bytes = [0]{}, .stringValue = ""}}
12-30 10:07:07.587   398   464 D adayocomadapter-CommunicationManager: onUpstreamReceive mPropertyId 0x2140221a
12-30 10:07:07.587   398   464 D adayocomadapter-CommunicationManager: onUpstreamReceive mPropertyId 0x214021bb
12-30 10:07:07.587   398   464 D adayocomadapter-CommunicationManager: convertBytesToInt32Memcpy  0
12-30 10:07:07.587   398   464 I vw-vhal : notifyVehicleProperty, propId = 0x214021bb, data = {status: 2, int32Values: [0]}
12-30 10:07:07.587   398   464 I vw-vhal : CanSignalsAdapter::notifyVehicleProperty: solvedValue = {.timestamp = 5363409659304, .areaId = 0, .prop = 557851067, .status = AVAILABLE, .value = {.int32Values = [1]{0}, .floatValues = [0]{}, .int64Values = [0]{}, .bytes = [0]{}, .stringValue = ""}}
12-30 10:07:07.587   398   464 I VehiclePropertyStore: begin to write value to Store: {.timestamp = 5363409659304, .areaId = 0, .prop = 557851067, .status = AVAILABLE, .value = {.int32Values = [1]{0}, .floatValues = [0]{}, .int64Values = [0]{}, .bytes = [0]{}, .stringValue = ""}}
12-30 10:07:07.588   398   464 I DefaultVehicleHal_v2_0: DefaultVehicleHal::onPropertyValue, value:{.timestamp = 5363409659304, .areaId = 0, .prop = 557851067, .status = AVAILABLE, .value = {.int32Values = [1]{0}, .floatValues = [0]{}, .int64Values = [0]{}, .bytes = [0]{}, .stringValue = ""}}
12-30 10:07:07.588   398   464 D DiagPropHandler: is not DiagnosticConfig: 0x214021bb
12-30 10:07:07.588   398   464 I VehiclePropertyStore: begin to write value to Store: {.timestamp = 5363409659304, .areaId = 0, .prop = 557851067, .status = AVAILABLE, .value = {.int32Values = [1]{0}, .floatValues = [0]{}, .int64Values = [0]{}, .bytes = [0]{}, .stringValue = ""}}
12-30 10:07:07.588   398   464 D adayocomadapter-CommunicationManager: onUpstreamReceive mPropertyId 0x214021bb
12-30 10:07:07.588   398   464 D adayocomadapter-CommunicationManager: onUpstreamReceive mPropertyId 0x2140215a
12-30 10:07:07.588   398   464 D adayocomadapter-CommunicationManager: convertBytesToInt32Memcpy  0
12-30 10:07:07.588   398   464 I vw-vhal : notifyVehicleProperty, propId = 0x2140215a, data = {status: 2, int32Values: [0]}
12-30 10:07:07.588   398   464 I vw-vhal : CanSignalsAdapter::notifyVehicleProperty: solvedValue = {.timestamp = 5363410307637, .areaId = 0, .prop = 557850970, .status = AVAILABLE, .value = {.int32Values = [1]{0}, .floatValues = [0]{}, .int64Values = [0]{}, .bytes = [0]{}, .stringValue = ""}}
12-30 10:07:07.588   398   464 I VehiclePropertyStore: begin to write value to Store: {.timestamp = 5363410307637, .areaId = 0, .prop = 557850970, .status = AVAILABLE, .value = {.int32Values = [1]{0}, .floatValues = [0]{}, .int64Values = [0]{}, .bytes = [0]{}, .stringValue = ""}}
12-30 10:07:07.588   398   464 I DefaultVehicleHal_v2_0: DefaultVehicleHal::onPropertyValue, value:{.timestamp = 5363410307637, .areaId = 0, .prop = 557850970, .status = AVAILABLE, .value = {.int32Values = [1]{0}, .floatValues = [0]{}, .int64Values = [0]{}, .bytes = [0]{}, .stringValue = ""}}
12-30 10:07:07.588   398   464 D DiagPropHandler: is not DiagnosticConfig: 0x2140215a
12-30 10:07:07.588   398   464 I VehiclePropertyStore: begin to write value to Store: {.timestamp = 5363410307637, .areaId = 0, .prop = 557850970, .status = AVAILABLE, .value = {.int32Values = [1]{0}, .floatValues = [0]{}, .int64Values = [0]{}, .bytes = [0]{}, .stringValue = ""}}
12-30 10:07:07.588   398   464 D adayocomadapter-CommunicationManager: onUpstreamReceive mPropertyId 0x2140215a
12-30 10:07:07.588   398   464 D adayocomadapter-CommunicationManager: onUpstreamReceive mPropertyId 0x2140221c
12-30 10:07:07.588   398   464 D adayocomadapter-CommunicationManager: convertBytesToInt32Memcpy  0
12-30 10:07:07.589   398   464 I vw-vhal : notifyVehicleProperty, propId = 0x2140221c, data = {status: 2, int32Values: [0]}
12-30 10:07:07.589   398   464 I vw-vhal : CanSignalsAdapter::notifyVehicleProperty: solvedValue = {.timestamp = 5363410939970, .areaId = 0, .prop = 557851164, .status = AVAILABLE, .value = {.int32Values = [1]{0}, .floatValues = [0]{}, .int64Values = [0]{}, .bytes = [0]{}, .stringValue = ""}}
12-30 10:07:07.589   398   464 I VehiclePropertyStore: begin to write value to Store: {.timestamp = 5363410939970, .areaId = 0, .prop = 557851164, .status = AVAILABLE, .value = {.int32Values = [1]{0}, .floatValues = [0]{}, .int64Values = [0]{}, .bytes = [0]{}, .stringValue = ""}}
12-30 10:07:07.589   398   464 I DefaultVehicleHal_v2_0: DefaultVehicleHal::onPropertyValue, value:{.timestamp = 5363410939970, .areaId = 0, .prop = 557851164, .status = AVAILABLE, .value = {.int32Values = [1]{0}, .floatValues = [0]{}, .int64Values = [0]{}, .bytes = [0]{}, .stringValue = ""}}
12-30 10:07:07.589   398   464 D DiagPropHandler: is not DiagnosticConfig: 0x2140221c
