12-30 10:07:10.039   359  2784 D evsmanagerd: /dev/video-evs0 forwarded the buffer #0 to 0xb400f125d2b26dd0 from 0xb400f125e2b20710
12-30 10:07:10.039   398   464 I DefaultVehicleHal_v2_0: DefaultVehicleHal::onPropertyValue, value:{.timestamp = 5365860702304, .areaId = 0, .prop = 557850901, .status = AVAILABLE, .value = {.int32Values = [1]{0}, .floatValues = [0]{}, .int64Values = [0]{}, .bytes = [0]{}, .stringValue = ""}}
12-30 10:07:10.039   398   464 D DiagPropHandler: is not DiagnosticConfig: 0x21402115
12-30 10:07:10.039   398   464 I VehiclePropertyStore: begin to write value to Store: {.timestamp = 5365860702304, .areaId = 0, .prop = 557850901, .status = AVAILABLE, .value = {.int32Values = [1]{0}, .floatValues = [0]{}, .int64Values = [0]{}, .bytes = [0]{}, .stringValue = ""}}
12-30 10:07:10.040   398   464 D adayocomadapter-CommunicationManager: onUpstreamReceive mPropertyId 0x21402115
12-30 10:07:10.040   398   464 D adayocomadapter-CommunicationManager: onUpstreamReceive mPropertyId 0x2140211a
12-30 10:07:10.040   398   464 D adayocomadapter-CommunicationManager: convertBytesToInt32Memcpy  0
12-30 10:07:10.040   398   464 I vw-vhal : notifyVehicleProperty, propId = 0x2140211a, data = {status: 2, int32Values: [0]}
12-30 10:07:10.040   398   464 I vw-vhal : CanSignalsAdapter::notifyVehicleProperty: solvedValue = {.timestamp = 5365862097971, .areaId = 0, .prop = 557850906, .status = AVAILABLE, .value = {.int32Values = [1]{0}, .floatValues = [0]{}, .int64Values = [0]{}, .bytes = [0]{}, .stringValue = ""}}
12-30 10:07:10.040   398   464 I VehiclePropertyStore: begin to write value to Store: {.timestamp = 5365862097971, .areaId = 0, .prop = 557850906, .status = AVAILABLE, .value = {.int32Values = [1]{0}, .floatValues = [0]{}, .int64Values = [0]{}, .bytes = [0]{}, .stringValue = ""}}
12-30 10:07:10.040   398   464 I DefaultVehicleHal_v2_0: DefaultVehicleHal::onPropertyValue, value:{.timestamp = 5365862097971, .areaId = 0, .prop = 557850906, .status = AVAILABLE, .value = {.int32Values = [1]{0}, .floatValues = [0]{}, .int64Values = [0]{}, .bytes = [0]{}, .stringValue = ""}}
12-30 10:07:10.040   398   464 D DiagPropHandler: is not DiagnosticConfig: 0x2140211a
12-30 10:07:10.040   398   464 I VehiclePropertyStore: begin to write value to Store: {.timestamp = 5365862097971, .areaId = 0, .prop = 557850906, .status = AVAILABLE, .value = {.int32Values = [1]{0}, .floatValues = [0]{}, .int64Values = [0]{}, .bytes = [0]{}, .stringValue = ""}}
12-30 10:07:10.040   398   464 D adayocomadapter-CommunicationManager: onUpstreamReceive mPropertyId 0x2140211a
12-30 10:07:10.040   398   464 D adayocomadapter-CommunicationManager: onUpstreamReceive mPropertyId 0x2140204b
12-30 10:07:10.040   398   464 D adayocomadapter-CommunicationManager: convertBytesToInt32Memcpy  0
12-30 10:07:10.040   398   464 I vw-vhal : notifyVehicleProperty, propId = 0x2140204b, data = {status: 2, int32Values: [0]}
12-30 10:07:10.040   398   464 I vw-vhal : CanSignalsAdapter::notifyVehicleProperty: solvedValue = {.timestamp = 5365862733637, .areaId = 0, .prop = 557850699, .status = AVAILABLE, .value = {.int32Values = [1]{0}, .floatValues = [0]{}, .int64Values = [0]{}, .bytes = [0]{}, .stringValue = ""}}
12-30 10:07:10.041   398   464 I VehiclePropertyStore: begin to write value to Store: {.timestamp = 5365862733637, .areaId = 0, .prop = 557850699, .status = AVAILABLE, .value = {.int32Values = [1]{0}, .floatValues = [0]{}, .int64Values = [0]{}, .bytes = [0]{}, .stringValue = ""}}
12-30 10:07:10.041   398   464 I DefaultVehicleHal_v2_0: DefaultVehicleHal::onPropertyValue, value:{.timestamp = 5365862733637, .areaId = 0, .prop = 557850699, .status = AVAILABLE, .value = {.int32Values = [1]{0}, .floatValues = [0]{}, .int64Values = [0]{}, .bytes = [0]{}, .stringValue = ""}}
12-30 10:07:10.041   398   464 D DiagPropHandler: is not DiagnosticConfig: 0x2140204b
12-30 10:07:10.041   398   464 I VehiclePropertyStore: begin to write value to Store: {.timestamp = 5365862733637, .areaId = 0, .prop = 557850699, .status = AVAILABLE, .value = {.int32Values = [1]{0}, .floatValues = [0]{}, .int64Values = [0]{}, .bytes = [0]{}, .stringValue = ""}}
12-30 10:07:10.041   398   464 D adayocomadapter-CommunicationManager: onUpstreamReceive mPropertyId 0x2140204b
12-30 10:07:10.041   398   464 D adayocomadapter-CommunicationManager: onUpstreamReceive mPropertyId 0x2140211b
12-30 10:07:10.041   398   464 D adayocomadapter-CommunicationManager: convertBytesToInt32Memcpy  0
12-30 10:07:10.041   398   464 I vw-vhal : notifyVehicleProperty, propId = 0x2140211b, data = {status: 2, int32Values: [0]}
12-30 10:07:10.041   398   464 I vw-vhal : CanSignalsAdapter::notifyVehicleProperty: solvedValue = {.timestamp = 5365863365304, .areaId = 0, .prop = 557850907, .status = AVAILABLE, .value = {.int32Values = [1]{0}, .floatValues = [0]{}, .int64Values = [0]{}, .bytes = [0]{}, .stringValue = ""}}
12-30 10:07:10.041   398   464 I VehiclePropertyStore: begin to write value to Store: {.timestamp = 5365863365304, .areaId = 0, .prop = 557850907, .status = AVAILABLE, .value = {.int32Values = [1]{0}, .floatValues = [0]{}, .int64Values = [0]{}, .bytes = [0]{}, .stringValue = ""}}
12-30 10:07:10.041   398   464 I DefaultVehicleHal_v2_0: DefaultVehicleHal::onPropertyValue, value:{.timestamp = 5365863365304, .areaId = 0, .prop = 557850907, .status = AVAILABLE, .value = {.int32Values = [1]{0}, .floatValues = [0]{}, .int64Values = [0]{}, .bytes = [0]{}, .stringValue = ""}}
12-30 10:07:10.041   398   464 D DiagPropHandler: is not DiagnosticConfig: 0x2140211b
12-30 10:07:10.042   398   464 I VehiclePropertyStore: begin to write value to Store: {.timestamp = 5365863365304, .areaId = 0, .prop = 557850907, .status = AVAILABLE, .value = {.int32Values = [1]{0}, .floatValues = [0]{}, .int64Values = [0]{}, .bytes = [0]{}, .stringValue = ""}}
12-30 10:07:10.042   398   464 D adayocomadapter-CommunicationManager: onUpstreamReceive mPropertyId 0x2140211b
12-30 10:07:10.042   398   464 D adayocomadapter-CommunicationManager: onUpstreamReceive mPropertyId 0x2140203b
12-30 10:07:10.042   398   464 D adayocomadapter-CommunicationManager: convertBytesToInt32Memcpy  0
12-30 10:07:10.042   398   464 I vw-vhal : notifyVehicleProperty, propId = 0x2140203b, data = {status: 2, int32Values: [0]}
12-30 10:07:10.042   398   464 I vw-vhal : CanSignalsAdapter::notifyVehicleProperty: solvedValue = {.timestamp = 5365864236637, .areaId = 0, .prop = 557850683, .status = AVAILABLE, .value = {.int32Values = [1]{0}, .floatValues = [0]{}, .int64Values = [0]{}, .bytes = [0]{}, .stringValue = ""}}
12-30 10:07:10.042   398   464 I VehiclePropertyStore: begin to write value to Store: {.timestamp = 5365864236637, .areaId = 0, .prop = 557850683, .status = AVAILABLE, .value = {.int32Values = [1]{0}, .floatValues = [0]{}, .int64Values = [0]{}, .bytes = [0]{}, .stringValue = ""}}
12-30 10:07:10.042   360   458 D EvsDriver: doneWithFrame
12-30 10:07:10.042   398   464 I DefaultVehicleHal_v2_0: DefaultVehicleHal::onPropertyValue, value:{.timestamp = 5365864236637, .areaId = 0, .prop = 557850683, .status = AVAILABLE, .value = {.int32Values = [1]{0}, .floatValues = [0]{}, .int64Values = [0]{}, .bytes = [0]{}, .stringValue = ""}}
12-30 10:07:10.042   398   464 D DiagPropHandler: is not DiagnosticConfig: 0x2140203b
12-30 10:07:10.042   398   464 I VehiclePropertyStore: begin to write value to Store: {.timestamp = 5365864236637, .areaId = 0, .prop = 557850683, .status = AVAILABLE, .value = {.int32Values = [1]{0}, .floatValues = [0]{}, .int64Values = [0]{}, .bytes = [0]{}, .stringValue = ""}}
12-30 10:07:10.042   398   464 D adayocomadapter-CommunicationManager: onUpstreamReceive mPropertyId 0x2140203b
12-30 10:07:10.042   398   464 D adayocomadapter-CommunicationManager: onUpstreamReceive mPropertyId 0x2140203f
12-30 10:07:10.042   398   464 D adayocomadapter-CommunicationManager: convertBytesToInt32Memcpy  0
12-30 10:07:10.043   398   464 I vw-vhal : notifyVehicleProperty, propId = 0x2140203f, data = {status: 2, int32Values: [0]}
12-30 10:07:10.043   398   464 I vw-vhal : CanSignalsAdapter::notifyVehicleProperty: solvedValue = {.timestamp = 5365864938637, .areaId = 0, .prop = 557850687, .status = AVAILABLE, .value = {.int32Values = [1]{0}, .floatValues = [0]{}, .int64Values = [0]{}, .bytes = [0]{}, .stringValue = ""}}
12-30 10:07:10.043   398   464 I VehiclePropertyStore: begin to write value to Store: {.timestamp = 5365864938637, .areaId = 0, .prop = 557850687, .status = AVAILABLE, .value = {.int32Values = [1]{0}, .floatValues = [0]{}, .int64Values = [0]{}, .bytes = [0]{}, .stringValue = ""}}
12-30 10:07:10.043   398   464 I DefaultVehicleHal_v2_0: DefaultVehicleHal::onPropertyValue, value:{.timestamp = 5365864938637, .areaId = 0, .prop = 557850687, .status = AVAILABLE, .value = {.int32Values = [1]{0}, .floatValues = [0]{}, .int64Values = [0]{}, .bytes = [0]{}, .stringValue = ""}}
12-30 10:07:10.043   398   464 D DiagPropHandler: is not DiagnosticConfig: 0x2140203f
12-30 10:07:10.043   398   464 I VehiclePropertyStore: begin to write value to Store: {.timestamp = 5365864938637, .areaId = 0, .prop = 557850687, .status = AVAILABLE, .value = {.int32Values = [1]{0}, .floatValues = [0]{}, .int64Values = [0]{}, .bytes = [0]{}, .stringValue = ""}}
12-30 10:07:10.043   398   464 D adayocomadapter-CommunicationManager: onUpstreamReceive mPropertyId 0x2140203f
12-30 10:07:10.043   398   464 D adayocomadapter-CommunicationManager: onUpstreamReceive mPropertyId 0x2140203a
12-30 10:07:10.043   398   464 D adayocomadapter-CommunicationManager: convertBytesToInt32Memcpy  0
12-30 10:07:10.043   398   464 I vw-vhal : notifyVehicleProperty, propId = 0x2140203a, data = {status: 2, int32Values: [0]}
12-30 10:07:10.043   398   464 I vw-vhal : CanSignalsAdapter::notifyVehicleProperty: solvedValue = {.timestamp = 5365865628637, .areaId = 0, .prop = 557850682, .status = AVAILABLE, .value = {.int32Values = [1]{0}, .floatValues = [0]{}, .int64Values = [0]{}, .bytes = [0]{}, .stringValue = ""}}
12-30 10:07:10.043   398   464 I VehiclePropertyStore: begin to write value to Store: {.timestamp = 5365865628637, .areaId = 0, .prop = 557850682, .status = AVAILABLE, .value = {.int32Values = [1]{0}, .floatValues = [0]{}, .int64Values = [0]{}, .bytes = [0]{}, .stringValue = ""}}
12-30 10:07:10.044   398   464 I DefaultVehicleHal_v2_0: DefaultVehicleHal::onPropertyValue, value:{.timestamp = 5365865628637, .areaId = 0, .prop = 557850682, .status = AVAILABLE, .value = {.int32Values = [1]{0}, .floatValues = [0]{}, .int64Values = [0]{}, .bytes = [0]{}, .stringValue = ""}}
12-30 10:07:10.044   398   464 D DiagPropHandler: is not DiagnosticConfig: 0x2140203a
12-30 10:07:10.044   398   464 I VehiclePropertyStore: begin to write value to Store: {.timestamp = 5365865628637, .areaId = 0, .prop = 557850682, .status = AVAILABLE, .value = {.int32Values = [1]{0}, .floatValues = [0]{}, .int64Values = [0]{}, .bytes = [0]{}, .stringValue = ""}}
12-30 10:07:10.044   398   464 D adayocomadapter-CommunicationManager: onUpstreamReceive mPropertyId 0x2140203a
12-30 10:07:10.044   398   464 D adayocomadapter-CommunicationManager: onUpstreamReceive mPropertyId 0x2140203e
12-30 10:07:10.044   398   464 D adayocomadapter-CommunicationManager: convertBytesToInt32Memcpy  0
12-30 10:07:10.044   398   464 I vw-vhal : notifyVehicleProperty, propId = 0x2140203e, data = {status: 2, int32Values: [0]}
12-30 10:07:10.044   398   464 I vw-vhal : CanSignalsAdapter::notifyVehicleProperty: solvedValue = {.timestamp = 5365866340304, .areaId = 0, .prop = 557850686, .status = AVAILABLE, .value = {.int32Values = [1]{0}, .floatValues = [0]{}, .int64Values = [0]{}, .bytes = [0]{}, .stringValue = ""}}
12-30 10:07:10.044   398   464 I VehiclePropertyStore: begin to write value to Store: {.timestamp = 5365866340304, .areaId = 0, .prop = 557850686, .status = AVAILABLE, .value = {.int32Values = [1]{0}, .floatValues = [0]{}, .int64Values = [0]{}, .bytes = [0]{}, .stringValue = ""}}
12-30 10:07:10.044   398   464 I DefaultVehicleHal_v2_0: DefaultVehicleHal::onPropertyValue, value:{.timestamp = 5365866340304, .areaId = 0, .prop = 557850686, .status = AVAILABLE, .value = {.int32Values = [1]{0}, .floatValues = [0]{}, .int64Values = [0]{}, .bytes = [0]{}, .stringValue = ""}}
12-30 10:07:10.044   398   464 D DiagPropHandler: is not DiagnosticConfig: 0x2140203e
12-30 10:07:10.044   398   464 I VehiclePropertyStore: begin to write value to Store: {.timestamp = 5365866340304, .areaId = 0, .prop = 557850686, .status = AVAILABLE, .value = {.int32Values = [1]{0}, .floatValues = [0]{}, .int64Values = [0]{}, .bytes = [0]{}, .stringValue = ""}}
12-30 10:07:10.044   398   464 D adayocomadapter-CommunicationManager: onUpstreamReceive mPropertyId 0x2140203e
12-30 10:07:10.044   398   464 D adayocomadapter-CommunicationManager: onUpstreamReceive mPropertyId 0x21402042
12-30 10:07:10.044   398   464 D adayocomadapter-CommunicationManager: convertBytesToInt32Memcpy  0
12-30 10:07:10.045   398   464 I vw-vhal : notifyVehicleProperty, propId = 0x21402042, data = {status: 2, int32Values: [0]}
12-30 10:07:10.045   398   464 I vw-vhal : CanSignalsAdapter::notifyVehicleProperty: solvedValue = {.timestamp = 5365866974637, .areaId = 0, .prop = 557850690, .status = AVAILABLE, .value = {.int32Values = [1]{0}, .floatValues = [0]{}, .int64Values = [0]{}, .bytes = [0]{}, .stringValue = ""}}
12-30 10:07:10.045   398   464 I VehiclePropertyStore: begin to write value to Store: {.timestamp = 5365866974637, .areaId = 0, .prop = 557850690, .status = AVAILABLE, .value = {.int32Values = [1]{0}, .floatValues = [0]{}, .int64Values = [0]{}, .bytes = [0]{}, .stringValue = ""}}
12-30 10:07:10.045   398   464 I DefaultVehicleHal_v2_0: DefaultVehicleHal::onPropertyValue, value:{.timestamp = 5365866974637, .areaId = 0, .prop = 557850690, .status = AVAILABLE, .value = {.int32Values = [1]{0}, .floatValues = [0]{}, .int64Values = [0]{}, .bytes = [0]{}, .stringValue = ""}}
12-30 10:07:10.045   398   464 D DiagPropHandler: is not DiagnosticConfig: 0x21402042
12-30 10:07:10.045   398   464 I VehiclePropertyStore: begin to write value to Store: {.timestamp = 5365866974637, .areaId = 0, .prop = 557850690, .status = AVAILABLE, .value = {.int32Values = [1]{0}, .floatValues = [0]{}, .int64Values = [0]{}, .bytes = [0]{}, .stringValue = ""}}
12-30 10:07:10.045   398   464 D adayocomadapter-CommunicationManager: onUpstreamReceive mPropertyId 0x21402042
12-30 10:07:10.045   398   464 D adayocomadapter-CommunicationManager: onUpstreamReceive mPropertyId 0x21402039
12-30 10:07:10.045   398   464 D adayocomadapter-CommunicationManager: convertBytesToInt32Memcpy  0
12-30 10:07:10.045   398   464 I vw-vhal : notifyVehicleProperty, propId = 0x21402039, data = {status: 2, int32Values: [0]}
12-30 10:07:10.045   398   464 I vw-vhal : CanSignalsAdapter::notifyVehicleProperty: solvedValue = {.timestamp = 5365867602971, .areaId = 0, .prop = 557850681, .status = AVAILABLE, .value = {.int32Values = [1]{0}, .floatValues = [0]{}, .int64Values = [0]{}, .bytes = [0]{}, .stringValue = ""}}
12-30 10:07:10.045   398   464 I VehiclePropertyStore: begin to write value to Store: {.timestamp = 5365867602971, .areaId = 0, .prop = 557850681, .status = AVAILABLE, .value = {.int32Values = [1]{0}, .floatValues = [0]{}, .int64Values = [0]{}, .bytes = [0]{}, .stringValue = ""}}
12-30 10:07:10.045   398   464 I DefaultVehicleHal_v2_0: DefaultVehicleHal::onPropertyValue, value:{.timestamp = 5365867602971, .areaId = 0, .prop = 557850681, .status = AVAILABLE, .value = {.int32Values = [1]{0}, .floatValues = [0]{}, .int64Values = [0]{}, .bytes = [0]{}, .stringValue = ""}}
12-30 10:07:10.046   398   464 D DiagPropHandler: is not DiagnosticConfig: 0x21402039
12-30 10:07:10.046   398   464 I VehiclePropertyStore: begin to write value to Store: {.timestamp = 5365867602971, .areaId = 0, .prop = 557850681, .status = AVAILABLE, .value = {.int32Values = [1]{0}, .floatValues = [0]{}, .int64Values = [0]{}, .bytes = [0]{}, .stringValue = ""}}
12-30 10:07:10.046   398   464 D adayocomadapter-CommunicationManager: onUpstreamReceive mPropertyId 0x21402039
12-30 10:07:10.046   398   464 D adayocomadapter-CommunicationManager: onUpstreamReceive mPropertyId 0x2140203d
12-30 10:07:10.046   398   464 D adayocomadapter-CommunicationManager: convertBytesToInt32Memcpy  0
12-30 10:07:10.046   398   464 I vw-vhal : notifyVehicleProperty, propId = 0x2140203d, data = {status: 2, int32Values: [0]}
12-30 10:07:10.046   398   464 I vw-vhal : CanSignalsAdapter::notifyVehicleProperty: solvedValue = {.timestamp = 5365868297637, .areaId = 0, .prop = 557850685, .status = AVAILABLE, .value = {.int32Values = [1]{0}, .floatValues = [0]{}, .int64Values = [0]{}, .bytes = [0]{}, .stringValue = ""}}
12-30 10:07:10.046   398   464 I VehiclePropertyStore: begin to write value to Store: {.timestamp = 5365868297637, .areaId = 0, .prop = 557850685, .status = AVAILABLE, .value = {.int32Values = [1]{0}, .floatValues = [0]{}, .int64Values = [0]{}, .bytes = [0]{}, .stringValue = ""}}
12-30 10:07:10.046   398   464 I DefaultVehicleHal_v2_0: DefaultVehicleHal::onPropertyValue, value:{.timestamp = 5365868297637, .areaId = 0, .prop = 557850685, .status = AVAILABLE, .value = {.int32Values = [1]{0}, .floatValues = [0]{}, .int64Values = [0]{}, .bytes = [0]{}, .stringValue = ""}}
12-30 10:07:10.046   398   464 D DiagPropHandler: is not DiagnosticConfig: 0x2140203d
12-30 10:07:10.046   398   464 I VehiclePropertyStore: begin to write value to Store: {.timestamp = 5365868297637, .areaId = 0, .prop = 557850685, .status = AVAILABLE, .value = {.int32Values = [1]{0}, .floatValues = [0]{}, .int64Values = [0]{}, .bytes = [0]{}, .stringValue = ""}}
12-30 10:07:10.046   398   464 D adayocomadapter-CommunicationManager: onUpstreamReceive mPropertyId 0x2140203d
12-30 10:07:10.046   398   464 D adayocomadapter-CommunicationManager: onUpstreamReceive mPropertyId 0x21402041
12-30 10:07:10.046   398   464 D adayocomadapter-CommunicationManager: convertBytesToInt32Memcpy  0
12-30 10:07:10.047   398   464 I vw-vhal : notifyVehicleProperty, propId = 0x21402041, data = {status: 2, int32Values: [0]}
12-30 10:07:10.047   398   464 I vw-vhal : CanSignalsAdapter::notifyVehicleProperty: solvedValue = {.timestamp = 5365868959637, .areaId = 0, .prop = 557850689, .status = AVAILABLE, .value = {.int32Values = [1]{0}, .floatValues = [0]{}, .int64Values = [0]{}, .bytes = [0]{}, .stringValue = ""}}
12-30 10:07:10.047   398   464 I VehiclePropertyStore: begin to write value to Store: {.timestamp = 5365868959637, .areaId = 0, .prop = 557850689, .status = AVAILABLE, .value = {.int32Values = [1]{0}, .floatValues = [0]{}, .int64Values = [0]{}, .bytes = [0]{}, .stringValue = ""}}
12-30 10:07:10.047   398   464 I DefaultVehicleHal_v2_0: DefaultVehicleHal::onPropertyValue, value:{.timestamp = 5365868959637, .areaId = 0, .prop = 557850689, .status = AVAILABLE, .value = {.int32Values = [1]{0}, .floatValues = [0]{}, .int64Values = [0]{}, .bytes = [0]{}, .stringValue = ""}}
12-30 10:07:10.047   398   464 D DiagPropHandler: is not DiagnosticConfig: 0x21402041
12-30 10:07:10.047   398   464 I VehiclePropertyStore: begin to write value to Store: {.timestamp = 5365868959637, .areaId = 0, .prop = 557850689, .status = AVAILABLE, .value = {.int32Values = [1]{0}, .floatValues = [0]{}, .int64Values = [0]{}, .bytes = [0]{}, .stringValue = ""}}
12-30 10:07:10.047   398   464 D adayocomadapter-CommunicationManager: onUpstreamReceive mPropertyId 0x21402041
12-30 10:07:10.047   398   464 D adayocomadapter-CommunicationManager: onUpstreamReceive mPropertyId 0x21402045
12-30 10:07:10.047   398   464 D adayocomadapter-CommunicationManager: convertBytesToInt32Memcpy  0
12-30 10:07:10.047   398   464 I vw-vhal : notifyVehicleProperty, propId = 0x21402045, data = {status: 2, int32Values: [0]}
12-30 10:07:10.047   398   464 I vw-vhal : CanSignalsAdapter::notifyVehicleProperty: solvedValue = {.timestamp = 5365869591637, .areaId = 0, .prop = 557850693, .status = AVAILABLE, .value = {.int32Values = [1]{0}, .floatValues = [0]{}, .int64Values = [0]{}, .bytes = [0]{}, .stringValue = ""}}
12-30 10:07:10.047   398   464 I VehiclePropertyStore: begin to write value to Store: {.timestamp = 5365869591637, .areaId = 0, .prop = 557850693, .status = AVAILABLE, .value = {.int32Values = [1]{0}, .floatValues = [0]{}, .int64Values = [0]{}, .bytes = [0]{}, .stringValue = ""}}
12-30 10:07:10.047   398   464 I DefaultVehicleHal_v2_0: DefaultVehicleHal::onPropertyValue, value:{.timestamp = 5365869591637, .areaId = 0, .prop = 557850693, .status = AVAILABLE, .value = {.int32Values = [1]{0}, .floatValues = [0]{}, .int64Values = [0]{}, .bytes = [0]{}, .stringValue = ""}}
12-30 10:07:10.048   398   464 D DiagPropHandler: is not DiagnosticConfig: 0x21402045
12-30 10:07:10.048   398   464 I VehiclePropertyStore: begin to write value to Store: {.timestamp = 5365869591637, .areaId = 0, .prop = 557850693, .status = AVAILABLE, .value = {.int32Values = [1]{0}, .floatValues = [0]{}, .int64Values = [0]{}, .bytes = [0]{}, .stringValue = ""}}
12-30 10:07:10.048   398   464 D adayocomadapter-CommunicationManager: onUpstreamReceive mPropertyId 0x21402045
12-30 10:07:10.048   398   464 D adayocomadapter-CommunicationManager: onUpstreamReceive mPropertyId 0x2140204d
12-30 10:07:10.048   398   464 D adayocomadapter-CommunicationManager: convertBytesToInt32Memcpy  0
12-30 10:07:10.048   398   464 I vw-vhal : notifyVehicleProperty, propId = 0x2140204d, data = {status: 2, int32Values: [0]}
12-30 10:07:10.048   398   464 I vw-vhal : CanSignalsAdapter::notifyVehicleProperty: solvedValue = {.timestamp = 5365870230971, .areaId = 0, .prop = 557850701, .status = AVAILABLE, .value = {.int32Values = [1]{0}, .floatValues = [0]{}, .int64Values = [0]{}, .bytes = [0]{}, .stringValue = ""}}
12-30 10:07:10.048   398   464 I VehiclePropertyStore: begin to write value to Store: {.timestamp = 5365870230971, .areaId = 0, .prop = 557850701, .status = AVAILABLE, .value = {.int32Values = [1]{0}, .floatValues = [0]{}, .int64Values = [0]{}, .bytes = [0]{}, .stringValue = ""}}
12-30 10:07:10.048   398   464 I DefaultVehicleHal_v2_0: DefaultVehicleHal::onPropertyValue, value:{.timestamp = 5365870230971, .areaId = 0, .prop = 557850701, .status = AVAILABLE, .value = {.int32Values = [1]{0}, .floatValues = [0]{}, .int64Values = [0]{}, .bytes = [0]{}, .stringValue = ""}}
12-30 10:07:10.048   398   464 D DiagPropHandler: is not DiagnosticConfig: 0x2140204d
12-30 10:07:10.048   398   464 I VehiclePropertyStore: begin to write value to Store: {.timestamp = 5365870230971, .areaId = 0, .prop = 557850701, .status = AVAILABLE, .value = {.int32Values = [1]{0}, .floatValues = [0]{}, .int64Values = [0]{}, .bytes = [0]{}, .stringValue = ""}}
12-30 10:07:10.048   398   464 D adayocomadapter-CommunicationManager: onUpstreamReceive mPropertyId 0x2140204d
12-30 10:07:10.048   398   464 D adayocomadapter-CommunicationManager: onUpstreamReceive mPropertyId 0x2140220b
12-30 10:07:10.048   398   464 D adayocomadapter-CommunicationManager: convertBytesToInt32Memcpy  0
12-30 10:07:10.048   398   464 I vw-vhal : notifyVehicleProperty, propId = 0x2140220b, data = {status: 2, int32Values: [0]}
12-30 10:07:10.049   398   464 I vw-vhal : CanSignalsAdapter::notifyVehicleProperty: solvedValue = {.timestamp = 5365870867304, .areaId = 0, .prop = 557851147, .status = AVAILABLE, .value = {.int32Values = [1]{0}, .floatValues = [0]{}, .int64Values = [0]{}, .bytes = [0]{}, .stringValue = ""}}
12-30 10:07:10.049   398   464 I VehiclePropertyStore: begin to write value to Store: {.timestamp = 5365870867304, .areaId = 0, .prop = 557851147, .status = AVAILABLE, .value = {.int32Values = [1]{0}, .floatValues = [0]{}, .int64Values = [0]{}, .bytes = [0]{}, .stringValue = ""}}
12-30 10:07:10.049   398   464 I DefaultVehicleHal_v2_0: DefaultVehicleHal::onPropertyValue, value:{.timestamp = 5365870867304, .areaId = 0, .prop = 557851147, .status = AVAILABLE, .value = {.int32Values = [1]{0}, .floatValues = [0]{}, .int64Values = [0]{}, .bytes = [0]{}, .stringValue = ""}}
12-30 10:07:10.049   398   464 D DiagPropHandler: is not DiagnosticConfig: 0x2140220b
12-30 10:07:10.049   398   464 I VehiclePropertyStore: begin to write value to Store: {.timestamp = 5365870867304, .areaId = 0, .prop = 557851147, .status = AVAILABLE, .value = {.int32Values = [1]{0}, .floatValues = [0]{}, .int64Values = [0]{}, .bytes = [0]{}, .stringValue = ""}}
12-30 10:07:10.049   398   464 D adayocomadapter-CommunicationManager: onUpstreamReceive mPropertyId 0x2140220b
12-30 10:07:10.072   360   931 D EvsDriver: forwardFrame
12-30 10:07:10.072   360   931 D EvsDriver: forwardFrameDirect
12-30 10:07:10.072   360   931 D EvsDriver: Delivered 0xb400e2ca9e40d4b0 as id 1
12-30 10:07:10.073   359  2784 D evsmanagerd: /dev/video-evs0 forwarded the buffer #1 to 0xb400f125d2b26dd0 from 0xb400f125e2b20710
12-30 10:07:10.082   360   458 D EvsDriver: doneWithFrame
12-30 10:07:10.084  2358  2623 D RcfController: Rcf proxy is not connected!
12-30 10:07:10.093   596  3076 E WifiHAL : Invalid data received from driver
12-30 10:07:10.105   360   931 D EvsDriver: forwardFrame
12-30 10:07:10.105   360   931 D EvsDriver: forwardFrameDirect
12-30 10:07:10.106   360   931 D EvsDriver: Delivered 0xb400e2ca9e40c2d0 as id 0
12-30 10:07:10.106   359  2784 D evsmanagerd: /dev/video-evs0 forwarded the buffer #0 to 0xb400f125d2b26dd0 from 0xb400f125e2b20710
12-30 10:07:10.113   360   458 D EvsDriver: doneWithFrame
12-30 10:07:10.135  2358  2623 D RcfController: Rcf proxy is not connected!
12-30 10:07:10.139   360   931 D EvsDriver: forwardFrame
12-30 10:07:10.139   360   931 D EvsDriver: forwardFrameDirect
12-30 10:07:10.139   360   931 D EvsDriver: Delivered 0xb400e2ca9e40d090 as id 1
12-30 10:07:10.139   359  2784 D evsmanagerd: /dev/video-evs0 forwarded the buffer #1 to 0xb400f125d2b26dd0 from 0xb400f125e2b20710
12-30 10:07:10.143   360   458 D EvsDriver: doneWithFrame
12-30 10:07:10.172   360   931 D EvsDriver: forwardFrame
12-30 10:07:10.172   360   931 D EvsDriver: forwardFrameDirect
12-30 10:07:10.172   360   931 D EvsDriver: Delivered 0xb400e2ca9e40e110 as id 0
12-30 10:07:10.173   359  2784 D evsmanagerd: /dev/video-evs0 forwarded the buffer #0 to 0xb400f125d2b26dd0 from 0xb400f125e2b20710
12-30 10:07:10.174   360   458 D EvsDriver: doneWithFrame
12-30 10:07:10.185  2358  2623 D RcfController: Rcf proxy is not connected!
12-30 10:07:10.186   596  3076 E WifiHAL : Invalid data received from driver
12-30 10:07:10.205   360   931 D EvsDriver: forwardFrame
12-30 10:07:10.205   360   931 D EvsDriver: forwardFrameDirect
12-30 10:07:10.206   360   931 D EvsDriver: Delivered 0xb400e2ca9e40c7a0 as id 1
12-30 10:07:10.206   359  2784 D evsmanagerd: /dev/video-evs0 forwarded the buffer #1 to 0xb400f125d2b26dd0 from 0xb400f125e2b20710
12-30 10:07:10.214   360   458 D EvsDriver: doneWithFrame
12-30 10:07:10.228  1611  1611 I ADAYO_LOG_: handleMessage(UsbFunc.java:3)copyQnx = 0
12-30 10:07:10.228  1611  1611 I ADAYO_LOG_: handleMessage(UsbFunc.java:12)copyState = 2
12-30 10:07:10.235  2358  2623 D RcfController: Rcf proxy is not connected!
12-30 10:07:10.239   360   931 D EvsDriver: forwardFrame
12-30 10:07:10.239   360   931 D EvsDriver: forwardFrameDirect
12-30 10:07:10.239   360   931 D EvsDriver: Delivered 0xb400e2ca9e40e270 as id 0
12-30 10:07:10.239   359  2784 D evsmanagerd: /dev/video-evs0 forwarded the buffer #0 to 0xb400f125d2b26dd0 from 0xb400f125e2b20710
12-30 10:07:10.242  2475  2681 I TtsServiceAgent: check thread start checking, threadId = 29
12-30 10:07:10.242  2475  2681 D TtsServiceAgent: start bind service...
12-30 10:07:10.242  2475  2681 D TtsServiceAgent: ----->initService, usage = 16
12-30 10:07:10.242  2475  2681 W ContextImpl: Calling a method in the system process without a qualified user: android.app.ContextImpl.bindService:1988 android.content.ContextWrapper.bindService:861 com.iflytek.autofly.ttsaidl.ttsproxy.TtsServiceAgent.initService:189 com.iflytek.autofly.ttsaidl.ttsproxy.TtsServiceAgent.initService:133 com.iflytek.autofly.ttsaidl.ttsproxy.TtsServiceAgent$2.run:517 
12-30 10:07:10.243   916  1492 W ActivityManager: Unable to start service Intent { act=com.iflytek.autofly.tts.ttsservice.TtsAdapterService cmp=com.iflytek.cutefly.speechclient.hmi/com.iflytek.autofly.tts.ttsservice.TtsAdapterService } U=0: not found
12-30 10:07:10.244  2475  2681 D TtsServiceAgent: bindService: false
12-30 10:07:10.244  2475  2681 D TtsServiceAgent: start reInitService
12-30 10:07:10.244  2475  2681 D TtsServiceAgent: aidlCheckThreadRunning = true
12-30 10:07:10.244  2475  2681 D TtsServiceAgent: ----->check connection status in 1000s...
12-30 10:07:10.244   360   458 D EvsDriver: doneWithFrame
12-30 10:07:10.272   360   931 D EvsDriver: forwardFrame
12-30 10:07:10.272   360   931 D EvsDriver: forwardFrameDirect
12-30 10:07:10.272   360   931 D EvsDriver: Delivered 0xb400e2ca9e40d4b0 as id 1
12-30 10:07:10.273   359  2784 D evsmanagerd: /dev/video-evs0 forwarded the buffer #1 to 0xb400f125d2b26dd0 from 0xb400f125e2b20710
12-30 10:07:10.275   360   458 D EvsDriver: doneWithFrame
12-30 10:07:10.285  2358  2623 D RcfController: Rcf proxy is not connected!
12-30 10:07:10.305   360   931 D EvsDriver: forwardFrame
12-30 10:07:10.305   360   931 D EvsDriver: forwardFrameDirect
12-30 10:07:10.306   360   931 D EvsDriver: Delivered 0xb400e2ca9e40c2d0 as id 0
12-30 10:07:10.306   359  2784 D evsmanagerd: /dev/video-evs0 forwarded the buffer #0 to 0xb400f125d2b26dd0 from 0xb400f125e2b20710
12-30 10:07:10.315   360   458 D EvsDriver: doneWithFrame
12-30 10:07:10.336  2358  2623 D RcfController: Rcf proxy is not connected!
12-30 10:07:10.339   360   931 D EvsDriver: forwardFrame
12-30 10:07:10.339   360   931 D EvsDriver: forwardFrameDirect
12-30 10:07:10.339   360   931 D EvsDriver: Delivered 0xb400e2ca9e40d090 as id 1
12-30 10:07:10.339   359  2784 D evsmanagerd: /dev/video-evs0 forwarded the buffer #1 to 0xb400f125d2b26dd0 from 0xb400f125e2b20710
12-30 10:07:10.345   360   458 D EvsDriver: doneWithFrame
12-30 10:07:10.363   596  3076 E WifiHAL : Invalid data received from driver
12-30 10:07:10.372   360   931 D EvsDriver: forwardFrame
12-30 10:07:10.372   360   931 D EvsDriver: forwardFrameDirect
12-30 10:07:10.372   360   931 D EvsDriver: Delivered 0xb400e2ca9e40e110 as id 0
12-30 10:07:10.372   359  2784 D evsmanagerd: /dev/video-evs0 forwarded the buffer #0 to 0xb400f125d2b26dd0 from 0xb400f125e2b20710
12-30 10:07:10.376   360   458 D EvsDriver: doneWithFrame
12-30 10:07:10.386  2358  2623 D RcfController: Rcf proxy is not connected!
12-30 10:07:10.393   650   729 D fgemcucomm: sd Uart data : 6AA602A7B10002920210
12-30 10:07:10.394   650   729 D fgemcucomm: rev uart=44418,len=60, data : 6AA681A7B100349202001800000000000000000000000000000000000000000000000000000000000000000000000000000000000000000000000047
12-30 10:07:10.394   398   882 D adayocomadapter-ParseProtocolFunc: printRaWMsg Name[MCUToUPstream recv] len[52] data[92020018000000000000000000000000000000000000000000000000000000000000000000000000000000000000000000000000]
12-30 10:07:10.394   398   882 D adayocomadapter-CommunicationManager: onUpstreamback   member[0] dataLength[49] timePoint[5366216]
12-30 10:07:10.394   398   882 D adayocomadapter-ParseProtocolFunc: printRaWMsg Name[onUpstreamback] len[49] data[18000000000000000000000000000000000000000000000000000000000000000000000000000000000000000000000000]
12-30 10:07:10.394   398   464 D adayocomadapter-UpstreamHandler: processBeforePacket upSreamtProcessTimePoint[5366216] 
12-30 10:07:10.394   398   464 D adayocomadapter-UpstreamHandler: processPacket UPSTREAM_QUEUE_DATA_TIMEOUT
12-30 10:07:10.394   398   464 D adayocomadapter-ParseProtocolFunc: parseCommonIPCLBytes Processing tableNumber[24]
12-30 10:07:10.394   398   464 D adayocomadapter-ParseProtocolFunc: parseCommonIPCLBytes Processing tablename[Table-24] tableSize[49]
12-30 10:07:10.394   398   464 D adayocomadapter-ParseProtocolFunc: printRaWMsg Name[byteStream recv] len[49] data[18000000000000000000000000000000000000000000000000000000000000000000000000000000000000000000000000]
12-30 10:07:10.394   398   464 D adayocomadapter-ParseProtocolFunc: printRaWMsg Name[IPCLtoVHAL] len[8] data[2141211D01000000]
12-30 10:07:10.395   398   464 D adayocomadapter-ParseProtocolFunc: printRaWMsg Name[IPCLtoVHAL] len[7] data[2140207A000000]
12-30 10:07:10.395   398   464 D adayocomadapter-ParseProtocolFunc: printRaWMsg Name[IPCLtoVHAL] len[6] data[214020D30000]
12-30 10:07:10.395   398   464 D adayocomadapter-ParseProtocolFunc: printRaWMsg Name[IPCLtoVHAL] len[6] data[214020CB0000]
12-30 10:07:10.395   398   464 D adayocomadapter-ParseProtocolFunc: printRaWMsg Name[IPCLtoVHAL] len[7] data[2140203C000000]
12-30 10:07:10.395   398   464 D adayocomadapter-ParseProtocolFunc: printRaWMsg Name[IPCLtoVHAL] len[6] data[214020C90000]
12-30 10:07:10.395   398   464 D adayocomadapter-ParseProtocolFunc: printRaWMsg Name[IPCLtoVHAL] len[6] data[214020CF0000]
12-30 10:07:10.395   398   464 D adayocomadapter-ParseProtocolFunc: printRaWMsg Name[IPCLtoVHAL] len[7] data[21402040000000]
12-30 10:07:10.395   398   464 D adayocomadapter-ParseProtocolFunc: printRaWMsg Name[IPCLtoVHAL] len[6] data[214020D10000]
12-30 10:07:10.395   398   464 D adayocomadapter-ParseProtocolFunc: printRaWMsg Name[IPCLtoVHAL] len[7] data[21402044000000]
12-30 10:07:10.395   398   464 D adayocomadapter-ParseProtocolFunc: printRaWMsg Name[IPCLtoVHAL] len[6] data[214020D50000]
12-30 10:07:10.395   398   464 D adayocomadapter-ParseProtocolFunc: printRaWMsg Name[IPCLtoVHAL] len[7] data[21402038000000]
12-30 10:07:10.395   398   464 D adayocomadapter-ParseProtocolFunc: printRaWMsg Name[IPCLtoVHAL] len[7] data[2140207D000000]
12-30 10:07:10.395   398   464 D adayocomadapter-ParseProtocolFunc: printRaWMsg Name[IPCLtoVHAL] len[7] data[2140207F000000]
12-30 10:07:10.395   398   464 D adayocomadapter-ParseProtocolFunc: printRaWMsg Name[IPCLtoVHAL] len[6] data[214020520000]
12-30 10:07:10.395   398   464 D adayocomadapter-ParseProtocolFunc: printRaWMsg Name[IPCLtoVHAL] len[7] data[21402081000000]
12-30 10:07:10.395   398   464 D adayocomadapter-ParseProtocolFunc: printRaWMsg Name[IPCLtoVHAL] len[7] data[21402080000000]
12-30 10:07:10.395   398   464 D adayocomadapter-ParseProtocolFunc: printRaWMsg Name[IPCLtoVHAL] len[7] data[21402051000000]
12-30 10:07:10.396   398   464 D adayocomadapter-ParseProtocolFunc: printRaWMsg Name[IPCLtoVHAL] len[7] data[2140207B000000]
12-30 10:07:10.396   398   464 D adayocomadapter-ParseProtocolFunc: printRaWMsg Name[IPCLtoVHAL] len[7] data[2140204C000000]
12-30 10:07:10.396   398   464 D adayocomadapter-ParseProtocolFunc: printRaWMsg Name[IPCLtoVHAL] len[7] data[2140207C000000]
12-30 10:07:10.396   398   464 D adayocomadapter-ParseProtocolFunc: printRaWMsg Name[IPCLtoVHAL] len[7] data[2140207E000000]
12-30 10:07:10.396   398   464 D adayocomadapter-ParseProtocolFunc: printRaWMsg Name[IPCLtoVHAL] len[7] data[21402082000000]
12-30 10:07:10.396   398   464 D adayocomadapter-ParseProtocolFunc: printRaWMsg Name[IPCLtoVHAL] len[7] data[21402083000000]
12-30 10:07:10.396   398   464 D adayocomadapter-ParseProtocolFunc: printRaWMsg Name[IPCLtoVHAL] len[7] data[21402084000000]
12-30 10:07:10.396   398   464 D adayocomadapter-ParseProtocolFunc: printRaWMsg Name[IPCLtoVHAL] len[7] data[21402085000000]
12-30 10:07:10.396   398   464 D adayocomadapter-ParseProtocolFunc: printRaWMsg Name[IPCLtoVHAL] len[6] data[2140220A0000]
12-30 10:07:10.396   398   464 D adayocomadapter-ParseProtocolFunc: printRaWMsg Name[IPCLtoVHAL] len[6] data[214021E60000]
12-30 10:07:10.396   398   464 D adayocomadapter-CommunicationManager: onUpstreamReceive mPropertyId 0x2141211d
12-30 10:07:10.396   398   464 I vw-vhal : notifyVehicleProperty, propId = 0x2141211d, data = {status: 2, int32Values: [0, 0, 0]}
12-30 10:07:10.396   398   464 I vw-vhal : CanSignalsAdapter::notifyVehicleProperty: solvedValue = {.timestamp = 5366218576971, .areaId = 0, .prop = 557916445, .status = AVAILABLE, .value = {.int32Values = [3]{0, 0, 0}, .floatValues = [0]{}, .int64Values = [0]{}, .bytes = [0]{}, .stringValue = ""}}
12-30 10:07:10.396   398   464 I VehiclePropertyStore: begin to write value to Store: {.timestamp = 5366218576971, .areaId = 0, .prop = 557916445, .status = AVAILABLE, .value = {.int32Values = [3]{0, 0, 0}, .floatValues = [0]{}, .int64Values = [0]{}, .bytes = [0]{}, .stringValue = ""}}
12-30 10:07:10.397   398   464 I DefaultVehicleHal_v2_0: DefaultVehicleHal::onPropertyValue, value:{.timestamp = 5366218576971, .areaId = 0, .prop = 557916445, .status = AVAILABLE, .value = {.int32Values = [3]{0, 0, 0}, .floatValues = [0]{}, .int64Values = [0]{}, .bytes = [0]{}, .stringValue = ""}}
12-30 10:07:10.397   398   464 D DiagPropHandler: is not DiagnosticConfig: 0x2141211d
12-30 10:07:10.397   398   464 I VehiclePropertyStore: begin to write value to Store: {.timestamp = 5366218576971, .areaId = 0, .prop = 557916445, .status = AVAILABLE, .value = {.int32Values = [3]{0, 0, 0}, .floatValues = [0]{}, .int64Values = [0]{}, .bytes = [0]{}, .stringValue = ""}}
12-30 10:07:10.397   398   464 D adayocomadapter-CommunicationManager: onUpstreamReceive mPropertyId 0x2141211d
12-30 10:07:10.397   398   464 D adayocomadapter-CommunicationManager: onUpstreamReceive mPropertyId 0x2140207a
12-30 10:07:10.397   398   464 D adayocomadapter-CommunicationManager: convertBytesToInt32Memcpy  0
12-30 10:07:10.397   398   464 I vw-vhal : notifyVehicleProperty, propId = 0x2140207a, data = {status: 2, int32Values: [0]}
12-30 10:07:10.397   398   464 I vw-vhal : CanSignalsAdapter::notifyVehicleProperty: solvedValue = {.timestamp = 5366219306304, .areaId = 0, .prop = 557850746, .status = AVAILABLE, .value = {.int32Values = [1]{0}, .floatValues = [0]{}, .int64Values = [0]{}, .bytes = [0]{}, .stringValue = ""}}
12-30 10:07:10.397   398   464 I VehiclePropertyStore: begin to write value to Store: {.timestamp = 5366219306304, .areaId = 0, .prop = 557850746, .status = AVAILABLE, .value = {.int32Values = [1]{0}, .floatValues = [0]{}, .int64Values = [0]{}, .bytes = [0]{}, .stringValue = ""}}
12-30 10:07:10.397   398   464 I DefaultVehicleHal_v2_0: DefaultVehicleHal::onPropertyValue, value:{.timestamp = 5366219306304, .areaId = 0, .prop = 557850746, .status = AVAILABLE, .value = {.int32Values = [1]{0}, .floatValues = [0]{}, .int64Values = [0]{}, .bytes = [0]{}, .stringValue = ""}}
12-30 10:07:10.397   398   464 D DiagPropHandler: is not DiagnosticConfig: 0x2140207a
12-30 10:07:10.397   398   464 I VehiclePropertyStore: begin to write value to Store: {.timestamp = 5366219306304, .areaId = 0, .prop = 557850746, .status = AVAILABLE, .value = {.int32Values = [1]{0}, .floatValues = [0]{}, .int64Values = [0]{}, .bytes = [0]{}, .stringValue = ""}}
12-30 10:07:10.397   398   464 D adayocomadapter-CommunicationManager: onUpstreamReceive mPropertyId 0x2140207a
12-30 10:07:10.397   398   464 D adayocomadapter-CommunicationManager: onUpstreamReceive mPropertyId 0x214020d3
12-30 10:07:10.397   398   464 D adayocomadapter-CommunicationManager: convertBytesToInt32Memcpy  0
12-30 10:07:10.398   398   464 I vw-vhal : notifyVehicleProperty, propId = 0x214020d3, data = {status: 2, int32Values: [0]}
12-30 10:07:10.398   398   464 I vw-vhal : CanSignalsAdapter::notifyVehicleProperty: solvedValue = {.timestamp = 5366219964637, .areaId = 0, .prop = 557850835, .status = AVAILABLE, .value = {.int32Values = [1]{0}, .floatValues = [0]{}, .int64Values = [0]{}, .bytes = [0]{}, .stringValue = ""}}
12-30 10:07:10.398   398   464 I VehiclePropertyStore: begin to write value to Store: {.timestamp = 5366219964637, .areaId = 0, .prop = 557850835, .status = AVAILABLE, .value = {.int32Values = [1]{0}, .floatValues = [0]{}, .int64Values = [0]{}, .bytes = [0]{}, .stringValue = ""}}
12-30 10:07:10.398   398   464 I DefaultVehicleHal_v2_0: DefaultVehicleHal::onPropertyValue, value:{.timestamp = 5366219964637, .areaId = 0, .prop = 557850835, .status = AVAILABLE, .value = {.int32Values = [1]{0}, .floatValues = [0]{}, .int64Values = [0]{}, .bytes = [0]{}, .stringValue = ""}}
12-30 10:07:10.398   398   464 D DiagPropHandler: is not DiagnosticConfig: 0x214020d3
12-30 10:07:10.398   398   464 I VehiclePropertyStore: begin to write value to Store: {.timestamp = 5366219964637, .areaId = 0, .prop = 557850835, .status = AVAILABLE, .value = {.int32Values = [1]{0}, .floatValues = [0]{}, .int64Values = [0]{}, .bytes = [0]{}, .stringValue = ""}}
12-30 10:07:10.398   398   464 D adayocomadapter-CommunicationManager: onUpstreamReceive mPropertyId 0x214020d3
12-30 10:07:10.398   398   464 D adayocomadapter-CommunicationManager: onUpstreamReceive mPropertyId 0x214020cb
12-30 10:07:10.398   398   464 D adayocomadapter-CommunicationManager: convertBytesToInt32Memcpy  0
12-30 10:07:10.398   398   464 I vw-vhal : notifyVehicleProperty, propId = 0x214020cb, data = {status: 2, int32Values: [0]}
12-30 10:07:10.398   398   464 I vw-vhal : CanSignalsAdapter::notifyVehicleProperty: solvedValue = {.timestamp = 5366220669637, .areaId = 0, .prop = 557850827, .status = AVAILABLE, .value = {.int32Values = [1]{0}, .floatValues = [0]{}, .int64Values = [0]{}, .bytes = [0]{}, .stringValue = ""}}
12-30 10:07:10.398   398   464 I VehiclePropertyStore: begin to write value to Store: {.timestamp = 5366220669637, .areaId = 0, .prop = 557850827, .status = AVAILABLE, .value = {.int32Values = [1]{0}, .floatValues = [0]{}, .int64Values = [0]{}, .bytes = [0]{}, .stringValue = ""}}
12-30 10:07:10.399   398   464 I DefaultVehicleHal_v2_0: DefaultVehicleHal::onPropertyValue, value:{.timestamp = 5366220669637, .areaId = 0, .prop = 557850827, .status = AVAILABLE, .value = {.int32Values = [1]{0}, .floatValues = [0]{}, .int64Values = [0]{}, .bytes = [0]{}, .stringValue = ""}}
12-30 10:07:10.399   398   464 D DiagPropHandler: is not DiagnosticConfig: 0x214020cb
12-30 10:07:10.399   398   464 I VehiclePropertyStore: begin to write value to Store: {.timestamp = 5366220669637, .areaId = 0, .prop = 557850827, .status = AVAILABLE, .value = {.int32Values = [1]{0}, .floatValues = [0]{}, .int64Values = [0]{}, .bytes = [0]{}, .stringValue = ""}}
12-30 10:07:10.399   398   464 D adayocomadapter-CommunicationManager: onUpstreamReceive mPropertyId 0x214020cb
12-30 10:07:10.399   398   464 D adayocomadapter-CommunicationManager: onUpstreamReceive mPropertyId 0x2140203c
12-30 10:07:10.399   398   464 D adayocomadapter-CommunicationManager: convertBytesToInt32Memcpy  0
12-30 10:07:10.399   398   464 I vw-vhal : notifyVehicleProperty, propId = 0x2140203c, data = {status: 2, int32Values: [0]}
12-30 10:07:10.399   398   464 I vw-vhal : CanSignalsAdapter::notifyVehicleProperty: solvedValue = {.timestamp = 5366221329971, .areaId = 0, .prop = 557850684, .status = AVAILABLE, .value = {.int32Values = [1]{0}, .floatValues = [0]{}, .int64Values = [0]{}, .bytes = [0]{}, .stringValue = ""}}
12-30 10:07:10.399   398   464 I VehiclePropertyStore: begin to write value to Store: {.timestamp = 5366221329971, .areaId = 0, .prop = 557850684, .status = AVAILABLE, .value = {.int32Values = [1]{0}, .floatValues = [0]{}, .int64Values = [0]{}, .bytes = [0]{}, .stringValue = ""}}
12-30 10:07:10.399   398   464 I DefaultVehicleHal_v2_0: DefaultVehicleHal::onPropertyValue, value:{.timestamp = 5366221329971, .areaId = 0, .prop = 557850684, .status = AVAILABLE, .value = {.int32Values = [1]{0}, .floatValues = [0]{}, .int64Values = [0]{}, .bytes = [0]{}, .stringValue = ""}}
12-30 10:07:10.399   398   464 D DiagPropHandler: is not DiagnosticConfig: 0x2140203c
12-30 10:07:10.399   398   464 I VehiclePropertyStore: begin to write value to Store: {.timestamp = 5366221329971, .areaId = 0, .prop = 557850684, .status = AVAILABLE, .value = {.int32Values = [1]{0}, .floatValues = [0]{}, .int64Values = [0]{}, .bytes = [0]{}, .stringValue = ""}}
12-30 10:07:10.399   398   464 D adayocomadapter-CommunicationManager: onUpstreamReceive mPropertyId 0x2140203c
12-30 10:07:10.399   398   464 D adayocomadapter-CommunicationManager: onUpstreamReceive mPropertyId 0x214020c9
12-30 10:07:10.400   398   464 D adayocomadapter-CommunicationManager: convertBytesToInt32Memcpy  0
12-30 10:07:10.400   398   464 I vw-vhal : notifyVehicleProperty, propId = 0x214020c9, data = {status: 2, int32Values: [0]}
12-30 10:07:10.400   398   464 I vw-vhal : CanSignalsAdapter::notifyVehicleProperty: solvedValue = {.timestamp = 5366222008637, .areaId = 0, .prop = 557850825, .status = AVAILABLE, .value = {.int32Values = [1]{0}, .floatValues = [0]{}, .int64Values = [0]{}, .bytes = [0]{}, .stringValue = ""}}
12-30 10:07:10.400   398   464 I VehiclePropertyStore: begin to write value to Store: {.timestamp = 5366222008637, .areaId = 0, .prop = 557850825, .status = AVAILABLE, .value = {.int32Values = [1]{0}, .floatValues = [0]{}, .int64Values = [0]{}, .bytes = [0]{}, .stringValue = ""}}
12-30 10:07:10.400   398   464 I DefaultVehicleHal_v2_0: DefaultVehicleHal::onPropertyValue, value:{.timestamp = 5366222008637, .areaId = 0, .prop = 557850825, .status = AVAILABLE, .value = {.int32Values = [1]{0}, .floatValues = [0]{}, .int64Values = [0]{}, .bytes = [0]{}, .stringValue = ""}}
12-30 10:07:10.400   398   464 D DiagPropHandler: is not DiagnosticConfig: 0x214020c9
12-30 10:07:10.400   398   464 I VehiclePropertyStore: begin to write value to Store: {.timestamp = 5366222008637, .areaId = 0, .prop = 557850825, .status = AVAILABLE, .value = {.int32Values = [1]{0}, .floatValues = [0]{}, .int64Values = [0]{}, .bytes = [0]{}, .stringValue = ""}}
12-30 10:07:10.400   398   464 D adayocomadapter-CommunicationManager: onUpstreamReceive mPropertyId 0x214020c9
12-30 10:07:10.400   398   464 D adayocomadapter-CommunicationManager: onUpstreamReceive mPropertyId 0x214020cf
12-30 10:07:10.400   398   464 D adayocomadapter-CommunicationManager: convertBytesToInt32Memcpy  0
12-30 10:07:10.400   398   464 I vw-vhal : notifyVehicleProperty, propId = 0x214020cf, data = {status: 2, int32Values: [0]}
12-30 10:07:10.400   398   464 I vw-vhal : CanSignalsAdapter::notifyVehicleProperty: solvedValue = {.timestamp = 5366222640971, .areaId = 0, .prop = 557850831, .status = AVAILABLE, .value = {.int32Values = [1]{0}, .floatValues = [0]{}, .int64Values = [0]{}, .bytes = [0]{}, .stringValue = ""}}
12-30 10:07:10.400   398   464 I VehiclePropertyStore: begin to write value to Store: {.timestamp = 5366222640971, .areaId = 0, .prop = 557850831, .status = AVAILABLE, .value = {.int32Values = [1]{0}, .floatValues = [0]{}, .int64Values = [0]{}, .bytes = [0]{}, .stringValue = ""}}
12-30 10:07:10.401   398   464 I DefaultVehicleHal_v2_0: DefaultVehicleHal::onPropertyValue, value:{.timestamp = 5366222640971, .areaId = 0, .prop = 557850831, .status = AVAILABLE, .value = {.int32Values = [1]{0}, .floatValues = [0]{}, .int64Values = [0]{}, .bytes = [0]{}, .stringValue = ""}}
12-30 10:07:10.401   398   464 D DiagPropHandler: is not DiagnosticConfig: 0x214020cf
12-30 10:07:10.401   398   464 I VehiclePropertyStore: begin to write value to Store: {.timestamp = 5366222640971, .areaId = 0, .prop = 557850831, .status = AVAILABLE, .value = {.int32Values = [1]{0}, .floatValues = [0]{}, .int64Values = [0]{}, .bytes = [0]{}, .stringValue = ""}}
12-30 10:07:10.401   398   464 D adayocomadapter-CommunicationManager: onUpstreamReceive mPropertyId 0x214020cf
12-30 10:07:10.401   398   464 D adayocomadapter-CommunicationManager: onUpstreamReceive mPropertyId 0x21402040
12-30 10:07:10.401   398   464 D adayocomadapter-CommunicationManager: convertBytesToInt32Memcpy  0
12-30 10:07:10.401   398   464 I vw-vhal : notifyVehicleProperty, propId = 0x21402040, data = {status: 2, int32Values: [0]}
12-30 10:07:10.401   398   464 I vw-vhal : CanSignalsAdapter::notifyVehicleProperty: solvedValue = {.timestamp = 5366223273971, .areaId = 0, .prop = 557850688, .status = AVAILABLE, .value = {.int32Values = [1]{0}, .floatValues = [0]{}, .int64Values = [0]{}, .bytes = [0]{}, .stringValue = ""}}
12-30 10:07:10.401   398   464 I VehiclePropertyStore: begin to write value to Store: {.timestamp = 5366223273971, .areaId = 0, .prop = 557850688, .status = AVAILABLE, .value = {.int32Values = [1]{0}, .floatValues = [0]{}, .int64Values = [0]{}, .bytes = [0]{}, .stringValue = ""}}
12-30 10:07:10.401   398   464 I DefaultVehicleHal_v2_0: DefaultVehicleHal::onPropertyValue, value:{.timestamp = 5366223273971, .areaId = 0, .prop = 557850688, .status = AVAILABLE, .value = {.int32Values = [1]{0}, .floatValues = [0]{}, .int64Values = [0]{}, .bytes = [0]{}, .stringValue = ""}}
12-30 10:07:10.401   398   464 D DiagPropHandler: is not DiagnosticConfig: 0x21402040
12-30 10:07:10.401   398   464 I VehiclePropertyStore: begin to write value to Store: {.timestamp = 5366223273971, .areaId = 0, .prop = 557850688, .status = AVAILABLE, .value = {.int32Values = [1]{0}, .floatValues = [0]{}, .int64Values = [0]{}, .bytes = [0]{}, .stringValue = ""}}
12-30 10:07:10.401   398   464 D adayocomadapter-CommunicationManager: onUpstreamReceive mPropertyId 0x21402040
12-30 10:07:10.401   398   464 D adayocomadapter-CommunicationManager: onUpstreamReceive mPropertyId 0x214020d1
12-30 10:07:10.401   398   464 D adayocomadapter-CommunicationManager: convertBytesToInt32Memcpy  0
12-30 10:07:10.402   398   464 I vw-vhal : notifyVehicleProperty, propId = 0x214020d1, data = {status: 2, int32Values: [0]}
12-30 10:07:10.402   398   464 I vw-vhal : CanSignalsAdapter::notifyVehicleProperty: solvedValue = {.timestamp = 5366223915637, .areaId = 0, .prop = 557850833, .status = AVAILABLE, .value = {.int32Values = [1]{0}, .floatValues = [0]{}, .int64Values = [0]{}, .bytes = [0]{}, .stringValue = ""}}
12-30 10:07:10.402   398   464 I VehiclePropertyStore: begin to write value to Store: {.timestamp = 5366223915637, .areaId = 0, .prop = 557850833, .status = AVAILABLE, .value = {.int32Values = [1]{0}, .floatValues = [0]{}, .int64Values = [0]{}, .bytes = [0]{}, .stringValue = ""}}
