12-30 10:07:05.551   398   464 D adayocomadapter-CommunicationManager: convertBytesToInt32Memcpy  0
12-30 10:07:05.551   398   464 I vw-vhal : notifyVehicleProperty, propId = 0x21402197, data = {status: 2, int32Values: [0]}
12-30 10:07:05.551   398   464 I vw-vhal : CanSignalsAdapter::notifyVehicleProperty: solvedValue = {.timestamp = 5361373096303, .areaId = 0, .prop = 557851031, .status = AVAILABLE, .value = {.int32Values = [1]{0}, .floatValues = [0]{}, .int64Values = [0]{}, .bytes = [0]{}, .stringValue = ""}}
12-30 10:07:05.551   398   464 I VehiclePropertyStore: begin to write value to Store: {.timestamp = 5361373096303, .areaId = 0, .prop = 557851031, .status = AVAILABLE, .value = {.int32Values = [1]{0}, .floatValues = [0]{}, .int64Values = [0]{}, .bytes = [0]{}, .stringValue = ""}}
12-30 10:07:05.551   398   464 I DefaultVehicleHal_v2_0: DefaultVehicleHal::onPropertyValue, value:{.timestamp = 5361373096303, .areaId = 0, .prop = 557851031, .status = AVAILABLE, .value = {.int32Values = [1]{0}, .floatValues = [0]{}, .int64Values = [0]{}, .bytes = [0]{}, .stringValue = ""}}
12-30 10:07:05.551   398   464 D DiagPropHandler: is not DiagnosticConfig: 0x21402197
12-30 10:07:05.551   398   464 I VehiclePropertyStore: begin to write value to Store: {.timestamp = 5361373096303, .areaId = 0, .prop = 557851031, .status = AVAILABLE, .value = {.int32Values = [1]{0}, .floatValues = [0]{}, .int64Values = [0]{}, .bytes = [0]{}, .stringValue = ""}}
12-30 10:07:05.551   398   464 D adayocomadapter-CommunicationManager: onUpstreamReceive mPropertyId 0x21402197
12-30 10:07:05.551   398   464 D adayocomadapter-CommunicationManager: onUpstreamReceive mPropertyId 0x21402199
12-30 10:07:05.551   398   464 D adayocomadapter-CommunicationManager: convertBytesToInt32Memcpy  0
12-30 10:07:05.551   398   464 I vw-vhal : notifyVehicleProperty, propId = 0x21402199, data = {status: 2, int32Values: [0]}
12-30 10:07:05.551   398   464 I vw-vhal : CanSignalsAdapter::notifyVehicleProperty: solvedValue = {.timestamp = 5361373306637, .areaId = 0, .prop = 557851033, .status = AVAILABLE, .value = {.int32Values = [1]{0}, .floatValues = [0]{}, .int64Values = [0]{}, .bytes = [0]{}, .stringValue = ""}}
12-30 10:07:05.551   398   464 I VehiclePropertyStore: begin to write value to Store: {.timestamp = 5361373306637, .areaId = 0, .prop = 557851033, .status = AVAILABLE, .value = {.int32Values = [1]{0}, .floatValues = [0]{}, .int64Values = [0]{}, .bytes = [0]{}, .stringValue = ""}}
12-30 10:07:05.551   398   464 I DefaultVehicleHal_v2_0: DefaultVehicleHal::onPropertyValue, value:{.timestamp = 5361373306637, .areaId = 0, .prop = 557851033, .status = AVAILABLE, .value = {.int32Values = [1]{0}, .floatValues = [0]{}, .int64Values = [0]{}, .bytes = [0]{}, .stringValue = ""}}
12-30 10:07:05.551   398   464 D DiagPropHandler: is not DiagnosticConfig: 0x21402199
12-30 10:07:05.551   398   464 I VehiclePropertyStore: begin to write value to Store: {.timestamp = 5361373306637, .areaId = 0, .prop = 557851033, .status = AVAILABLE, .value = {.int32Values = [1]{0}, .floatValues = [0]{}, .int64Values = [0]{}, .bytes = [0]{}, .stringValue = ""}}
12-30 10:07:05.551   398   464 D adayocomadapter-CommunicationManager: onUpstreamReceive mPropertyId 0x21402199
12-30 10:07:05.562  2358  2623 D RcfController: Rcf proxy is not connected!
12-30 10:07:05.572   360   931 D EvsDriver: forwardFrame
12-30 10:07:05.572   360   931 D EvsDriver: forwardFrameDirect
12-30 10:07:05.572   360   931 D EvsDriver: Delivered 0xb400e2ca9e40e110 as id 0
12-30 10:07:05.572   359  2784 D evsmanagerd: /dev/video-evs0 forwarded the buffer #0 to 0xb400f125d2b26dd0 from 0xb400f125e2b20710
12-30 10:07:05.573   360   458 D EvsDriver: doneWithFrame
12-30 10:07:05.574  1667  2407 I media_message_log->MediaMessageProxy: (SourceFile:1)b connectToService action bind
12-30 10:07:05.575   916  1492 W ActivityManager: Unable to start service Intent { cmp=com.adayo.server.mediamessagetransfer/.MediaMessTransferService (has extras) } U=0: not found
12-30 10:07:05.575  1667  2407 E media_message_log->MediaMessageProxy: (SourceFile:7)a bindServiceAsUser isBound = false
12-30 10:07:05.605   360   931 D EvsDriver: forwardFrame
12-30 10:07:05.605   360   931 D EvsDriver: forwardFrameDirect
12-30 10:07:05.606   360   931 D EvsDriver: Delivered 0xb400e2ca9e40c7a0 as id 1
12-30 10:07:05.606   359  2784 D evsmanagerd: /dev/video-evs0 forwarded the buffer #1 to 0xb400f125d2b26dd0 from 0xb400f125e2b20710
12-30 10:07:05.607   650   729 D fgemcucomm: sd Uart data : 6AA602A786000292023B
12-30 10:07:05.608   650   729 D fgemcucomm: rev uart=44374,len=20, data : 6AA681A786000C920200080000000000000000AA
12-30 10:07:05.608   398  2883 D adayocomadapter-ParseProtocolFunc: printRaWMsg Name[MCUToUPstream recv] len[12] data[920200080000000000000000]
12-30 10:07:05.608   398  2883 D adayocomadapter-CommunicationManager: onUpstreamback   member[0] dataLength[9] timePoint[5361430]
12-30 10:07:05.608   398  2883 D adayocomadapter-ParseProtocolFunc: printRaWMsg Name[onUpstreamback] len[9] data[080000000000000000]
12-30 10:07:05.608   398   464 D adayocomadapter-UpstreamHandler: processBeforePacket upSreamtProcessTimePoint[5361430] 
12-30 10:07:05.608   398   464 D adayocomadapter-UpstreamHandler: processPacket UPSTREAM_QUEUE_DATA_TIMEOUT
12-30 10:07:05.608   398   464 D adayocomadapter-ParseProtocolFunc: parseCommonIPCLBytes Processing tableNumber[8]
12-30 10:07:05.608   398   464 D adayocomadapter-ParseProtocolFunc: parseCommonIPCLBytes Processing tablename[Table-8] tableSize[9]
12-30 10:07:05.608   398   464 D adayocomadapter-ParseProtocolFunc: printRaWMsg Name[byteStream recv] len[9] data[080000000000000000]
12-30 10:07:05.608   398   464 D adayocomadapter-ParseProtocolFunc: printRaWMsg Name[IPCLtoVHAL] len[7] data[2141208F010000]
12-30 10:07:05.608   398   464 D adayocomadapter-ParseProtocolFunc: printRaWMsg Name[IPCLtoVHAL] len[7] data[21412090010000]
12-30 10:07:05.608   398   464 D adayocomadapter-ParseProtocolFunc: printRaWMsg Name[IPCLtoVHAL] len[7] data[21412091010000]
12-30 10:07:05.608   398   464 D adayocomadapter-ParseProtocolFunc: printRaWMsg Name[IPCLtoVHAL] len[7] data[21412092010000]
12-30 10:07:05.608   398   464 D adayocomadapter-CommunicationManager: onUpstreamReceive mPropertyId 0x2141208f
12-30 10:07:05.608   398   464 I vw-vhal : notifyVehicleProperty, propId = 0x2141208f, data = {status: 2, int32Values: [0, 0]}
12-30 10:07:05.608   398   464 I vw-vhal : CanSignalsAdapter::notifyVehicleProperty: solvedValue = {.timestamp = 5361430760637, .areaId = 0, .prop = 557916303, .status = AVAILABLE, .value = {.int32Values = [2]{0, 0}, .floatValues = [0]{}, .int64Values = [0]{}, .bytes = [0]{}, .stringValue = ""}}
12-30 10:07:05.608   398   464 I VehiclePropertyStore: begin to write value to Store: {.timestamp = 5361430760637, .areaId = 0, .prop = 557916303, .status = AVAILABLE, .value = {.int32Values = [2]{0, 0}, .floatValues = [0]{}, .int64Values = [0]{}, .bytes = [0]{}, .stringValue = ""}}
12-30 10:07:05.608   398   464 I DefaultVehicleHal_v2_0: DefaultVehicleHal::onPropertyValue, value:{.timestamp = 5361430760637, .areaId = 0, .prop = 557916303, .status = AVAILABLE, .value = {.int32Values = [2]{0, 0}, .floatValues = [0]{}, .int64Values = [0]{}, .bytes = [0]{}, .stringValue = ""}}
12-30 10:07:05.609   398   464 D DiagPropHandler: is not DiagnosticConfig: 0x2141208f
12-30 10:07:05.609   398   464 I VehiclePropertyStore: begin to write value to Store: {.timestamp = 5361430760637, .areaId = 0, .prop = 557916303, .status = AVAILABLE, .value = {.int32Values = [2]{0, 0}, .floatValues = [0]{}, .int64Values = [0]{}, .bytes = [0]{}, .stringValue = ""}}
12-30 10:07:05.609   398   464 D adayocomadapter-CommunicationManager: onUpstreamReceive mPropertyId 0x2141208f
12-30 10:07:05.609   398   464 D adayocomadapter-CommunicationManager: onUpstreamReceive mPropertyId 0x21412090
12-30 10:07:05.609   398   464 I vw-vhal : notifyVehicleProperty, propId = 0x21412090, data = {status: 2, int32Values: [0, 0]}
12-30 10:07:05.609   398   464 I vw-vhal : CanSignalsAdapter::notifyVehicleProperty: solvedValue = {.timestamp = 5361430983970, .areaId = 0, .prop = 557916304, .status = AVAILABLE, .value = {.int32Values = [2]{0, 0}, .floatValues = [0]{}, .int64Values = [0]{}, .bytes = [0]{}, .stringValue = ""}}
12-30 10:07:05.609   398   464 I VehiclePropertyStore: begin to write value to Store: {.timestamp = 5361430983970, .areaId = 0, .prop = 557916304, .status = AVAILABLE, .value = {.int32Values = [2]{0, 0}, .floatValues = [0]{}, .int64Values = [0]{}, .bytes = [0]{}, .stringValue = ""}}
12-30 10:07:05.609   398   464 I DefaultVehicleHal_v2_0: DefaultVehicleHal::onPropertyValue, value:{.timestamp = 5361430983970, .areaId = 0, .prop = 557916304, .status = AVAILABLE, .value = {.int32Values = [2]{0, 0}, .floatValues = [0]{}, .int64Values = [0]{}, .bytes = [0]{}, .stringValue = ""}}
12-30 10:07:05.609   398   464 D DiagPropHandler: is not DiagnosticConfig: 0x21412090
12-30 10:07:05.609   398   464 I VehiclePropertyStore: begin to write value to Store: {.timestamp = 5361430983970, .areaId = 0, .prop = 557916304, .status = AVAILABLE, .value = {.int32Values = [2]{0, 0}, .floatValues = [0]{}, .int64Values = [0]{}, .bytes = [0]{}, .stringValue = ""}}
12-30 10:07:05.609   398   464 D adayocomadapter-CommunicationManager: onUpstreamReceive mPropertyId 0x21412090
12-30 10:07:05.609   398   464 D adayocomadapter-CommunicationManager: onUpstreamReceive mPropertyId 0x21412091
12-30 10:07:05.609   398   464 I vw-vhal : notifyVehicleProperty, propId = 0x21412091, data = {status: 2, int32Values: [0, 0]}
12-30 10:07:05.609   398   464 I vw-vhal : CanSignalsAdapter::notifyVehicleProperty: solvedValue = {.timestamp = 5361431166637, .areaId = 0, .prop = 557916305, .status = AVAILABLE, .value = {.int32Values = [2]{0, 0}, .floatValues = [0]{}, .int64Values = [0]{}, .bytes = [0]{}, .stringValue = ""}}
12-30 10:07:05.609   398   464 I VehiclePropertyStore: begin to write value to Store: {.timestamp = 5361431166637, .areaId = 0, .prop = 557916305, .status = AVAILABLE, .value = {.int32Values = [2]{0, 0}, .floatValues = [0]{}, .int64Values = [0]{}, .bytes = [0]{}, .stringValue = ""}}
12-30 10:07:05.609   398   464 I DefaultVehicleHal_v2_0: DefaultVehicleHal::onPropertyValue, value:{.timestamp = 5361431166637, .areaId = 0, .prop = 557916305, .status = AVAILABLE, .value = {.int32Values = [2]{0, 0}, .floatValues = [0]{}, .int64Values = [0]{}, .bytes = [0]{}, .stringValue = ""}}
12-30 10:07:05.609   398   464 D DiagPropHandler: is not DiagnosticConfig: 0x21412091
12-30 10:07:05.609   398   464 I VehiclePropertyStore: begin to write value to Store: {.timestamp = 5361431166637, .areaId = 0, .prop = 557916305, .status = AVAILABLE, .value = {.int32Values = [2]{0, 0}, .floatValues = [0]{}, .int64Values = [0]{}, .bytes = [0]{}, .stringValue = ""}}
12-30 10:07:05.609   398   464 D adayocomadapter-CommunicationManager: onUpstreamReceive mPropertyId 0x21412091
12-30 10:07:05.609   398   464 D adayocomadapter-CommunicationManager: onUpstreamReceive mPropertyId 0x21412092
12-30 10:07:05.609   398   464 I vw-vhal : notifyVehicleProperty, propId = 0x21412092, data = {status: 2, int32Values: [0, 0]}
12-30 10:07:05.609   398   464 I vw-vhal : CanSignalsAdapter::notifyVehicleProperty: solvedValue = {.timestamp = 5361431352303, .areaId = 0, .prop = 557916306, .status = AVAILABLE, .value = {.int32Values = [2]{0, 0}, .floatValues = [0]{}, .int64Values = [0]{}, .bytes = [0]{}, .stringValue = ""}}
12-30 10:07:05.609   398   464 I VehiclePropertyStore: begin to write value to Store: {.timestamp = 5361431352303, .areaId = 0, .prop = 557916306, .status = AVAILABLE, .value = {.int32Values = [2]{0, 0}, .floatValues = [0]{}, .int64Values = [0]{}, .bytes = [0]{}, .stringValue = ""}}
12-30 10:07:05.609   398   464 I DefaultVehicleHal_v2_0: DefaultVehicleHal::onPropertyValue, value:{.timestamp = 5361431352303, .areaId = 0, .prop = 557916306, .status = AVAILABLE, .value = {.int32Values = [2]{0, 0}, .floatValues = [0]{}, .int64Values = [0]{}, .bytes = [0]{}, .stringValue = ""}}
12-30 10:07:05.609   398   464 D DiagPropHandler: is not DiagnosticConfig: 0x21412092
12-30 10:07:05.609   398   464 I VehiclePropertyStore: begin to write value to Store: {.timestamp = 5361431352303, .areaId = 0, .prop = 557916306, .status = AVAILABLE, .value = {.int32Values = [2]{0, 0}, .floatValues = [0]{}, .int64Values = [0]{}, .bytes = [0]{}, .stringValue = ""}}
12-30 10:07:05.609   398   464 D adayocomadapter-CommunicationManager: onUpstreamReceive mPropertyId 0x21412092
12-30 10:07:05.612  2358  2623 D RcfController: Rcf proxy is not connected!
12-30 10:07:05.613   360   458 D EvsDriver: doneWithFrame
12-30 10:07:05.637   650   729 D fgemcucomm: sd Uart data : 6AA602A787000292023A
12-30 10:07:05.637   650   729 D fgemcucomm: rev uart=44375,len=14, data : 6AA681A7870006920200010000B6
12-30 10:07:05.637   398  2883 D adayocomadapter-ParseProtocolFunc: printRaWMsg Name[MCUToUPstream recv] len[6] data[920200010000]
12-30 10:07:05.637   398  2883 D adayocomadapter-CommunicationManager: onUpstreamback   member[0] dataLength[3] timePoint[5361459]
12-30 10:07:05.637   398  2883 D adayocomadapter-ParseProtocolFunc: printRaWMsg Name[onUpstreamback] len[3] data[010000]
12-30 10:07:05.637   398   464 D adayocomadapter-UpstreamHandler: processBeforePacket upSreamtProcessTimePoint[5361459] 
12-30 10:07:05.637   398   464 D adayocomadapter-UpstreamHandler: processPacket UPSTREAM_QUEUE_DATA_TIMEOUT
12-30 10:07:05.637   398   464 D adayocomadapter-ParseProtocolFunc: parseCommonIPCLBytes Processing tableNumber[1]
12-30 10:07:05.637   398   464 D adayocomadapter-ParseProtocolFunc: parseCommonIPCLBytes Processing tablename[Table-1] tableSize[3]
12-30 10:07:05.637   398   464 D adayocomadapter-ParseProtocolFunc: printRaWMsg Name[byteStream recv] len[3] data[010000]
12-30 10:07:05.637   398   464 D adayocomadapter-ParseProtocolFunc: printRaWMsg Name[IPCLtoVHAL] len[7] data[21402048000000]
12-30 10:07:05.638   398   464 D adayocomadapter-CommunicationManager: onUpstreamReceive mPropertyId 0x21402048
12-30 10:07:05.638   398   464 D adayocomadapter-CommunicationManager: convertBytesToInt32Memcpy  0
12-30 10:07:05.638   398   464 I vw-vhal : notifyVehicleProperty, propId = 0x21402048, data = {status: 2, int32Values: [0]}
12-30 10:07:05.638   398   464 I vw-vhal : CanSignalsAdapter::notifyVehicleProperty: solvedValue = {.timestamp = 5361459956970, .areaId = 0, .prop = 557850696, .status = AVAILABLE, .value = {.int32Values = [1]{0}, .floatValues = [0]{}, .int64Values = [0]{}, .bytes = [0]{}, .stringValue = ""}}
12-30 10:07:05.638   398   464 I VehiclePropertyStore: begin to write value to Store: {.timestamp = 5361459956970, .areaId = 0, .prop = 557850696, .status = AVAILABLE, .value = {.int32Values = [1]{0}, .floatValues = [0]{}, .int64Values = [0]{}, .bytes = [0]{}, .stringValue = ""}}
12-30 10:07:05.638   398   464 I DefaultVehicleHal_v2_0: DefaultVehicleHal::onPropertyValue, value:{.timestamp = 5361459956970, .areaId = 0, .prop = 557850696, .status = AVAILABLE, .value = {.int32Values = [1]{0}, .floatValues = [0]{}, .int64Values = [0]{}, .bytes = [0]{}, .stringValue = ""}}
12-30 10:07:05.638   398   464 D DiagPropHandler: is not DiagnosticConfig: 0x21402048
12-30 10:07:05.638   398   464 I VehiclePropertyStore: begin to write value to Store: {.timestamp = 5361459956970, .areaId = 0, .prop = 557850696, .status = AVAILABLE, .value = {.int32Values = [1]{0}, .floatValues = [0]{}, .int64Values = [0]{}, .bytes = [0]{}, .stringValue = ""}}
12-30 10:07:05.638   398   464 D adayocomadapter-CommunicationManager: onUpstreamReceive mPropertyId 0x21402048
12-30 10:07:05.639   360   931 D EvsDriver: forwardFrame
12-30 10:07:05.639   360   931 D EvsDriver: forwardFrameDirect
12-30 10:07:05.639   360   931 D EvsDriver: Delivered 0xb400e2ca9e40e270 as id 0
12-30 10:07:05.639   359  2784 D evsmanagerd: /dev/video-evs0 forwarded the buffer #0 to 0xb400f125d2b26dd0 from 0xb400f125e2b20710
12-30 10:07:05.640   596  3076 E WifiHAL : Invalid data received from driver
12-30 10:07:05.644   360   458 D EvsDriver: doneWithFrame
12-30 10:07:05.657   650   729 D fgemcucomm: sd Uart data : 6AA602A7880002920239
12-30 10:07:05.657   650   729 D fgemcucomm: rev uart=44376,len=16, data : 6AA681A78800089202000300000000B1
12-30 10:07:05.657   398  2883 D adayocomadapter-ParseProtocolFunc: printRaWMsg Name[MCUToUPstream recv] len[8] data[9202000300000000]
12-30 10:07:05.657   398  2883 D adayocomadapter-CommunicationManager: onUpstreamback   member[0] dataLength[5] timePoint[5361479]
12-30 10:07:05.657   398  2883 D adayocomadapter-ParseProtocolFunc: printRaWMsg Name[onUpstreamback] len[5] data[0300000000]
12-30 10:07:05.658   398   464 D adayocomadapter-UpstreamHandler: processBeforePacket upSreamtProcessTimePoint[5361479] 
12-30 10:07:05.658   398   464 D adayocomadapter-UpstreamHandler: processPacket UPSTREAM_QUEUE_DATA_TIMEOUT
12-30 10:07:05.658   398   464 D adayocomadapter-ParseProtocolFunc: parseCommonIPCLBytes Processing tableNumber[3]
12-30 10:07:05.658   398   464 D adayocomadapter-ParseProtocolFunc: parseCommonIPCLBytes Processing tablename[Table-3] tableSize[5]
12-30 10:07:05.658   398   464 D adayocomadapter-ParseProtocolFunc: printRaWMsg Name[byteStream recv] len[5] data[0300000000]
12-30 10:07:05.658   398   464 D adayocomadapter-ParseProtocolFunc: printRaWMsg Name[IPCLtoVHAL] len[8] data[2141213801000000]
12-30 10:07:05.658   398   464 D adayocomadapter-ParseProtocolFunc: printRaWMsg Name[IPCLtoVHAL] len[6] data[214021D60000]
12-30 10:07:05.658   398   464 D adayocomadapter-CommunicationManager: onUpstreamReceive mPropertyId 0x21412138
12-30 10:07:05.658   398   464 I vw-vhal : notifyVehicleProperty, propId = 0x21412138, data = {status: 2, int32Values: [0, 0, 0]}
12-30 10:07:05.658   398   464 I vw-vhal : CanSignalsAdapter::notifyVehicleProperty: solvedValue = {.timestamp = 5361480145637, .areaId = 0, .prop = 557916472, .status = AVAILABLE, .value = {.int32Values = [3]{0, 0, 0}, .floatValues = [0]{}, .int64Values = [0]{}, .bytes = [0]{}, .stringValue = ""}}
12-30 10:07:05.658   398   464 I VehiclePropertyStore: begin to write value to Store: {.timestamp = 5361480145637, .areaId = 0, .prop = 557916472, .status = AVAILABLE, .value = {.int32Values = [3]{0, 0, 0}, .floatValues = [0]{}, .int64Values = [0]{}, .bytes = [0]{}, .stringValue = ""}}
12-30 10:07:05.658   398   464 I DefaultVehicleHal_v2_0: DefaultVehicleHal::onPropertyValue, value:{.timestamp = 5361480145637, .areaId = 0, .prop = 557916472, .status = AVAILABLE, .value = {.int32Values = [3]{0, 0, 0}, .floatValues = [0]{}, .int64Values = [0]{}, .bytes = [0]{}, .stringValue = ""}}
12-30 10:07:05.658   398   464 D DiagPropHandler: is not DiagnosticConfig: 0x21412138
12-30 10:07:05.658   398   464 I VehiclePropertyStore: begin to write value to Store: {.timestamp = 5361480145637, .areaId = 0, .prop = 557916472, .status = AVAILABLE, .value = {.int32Values = [3]{0, 0, 0}, .floatValues = [0]{}, .int64Values = [0]{}, .bytes = [0]{}, .stringValue = ""}}
12-30 10:07:05.658   398   464 D adayocomadapter-CommunicationManager: onUpstreamReceive mPropertyId 0x21412138
12-30 10:07:05.658   398   464 D adayocomadapter-CommunicationManager: onUpstreamReceive mPropertyId 0x214021d6
12-30 10:07:05.658   398   464 D adayocomadapter-CommunicationManager: convertBytesToInt32Memcpy  0
12-30 10:07:05.658   398   464 I vw-vhal : notifyVehicleProperty, propId = 0x214021d6, data = {status: 2, int32Values: [0]}
12-30 10:07:05.658   398   464 I vw-vhal : CanSignalsAdapter::notifyVehicleProperty: solvedValue = {.timestamp = 5361480383637, .areaId = 0, .prop = 557851094, .status = AVAILABLE, .value = {.int32Values = [1]{0}, .floatValues = [0]{}, .int64Values = [0]{}, .bytes = [0]{}, .stringValue = ""}}
12-30 10:07:05.658   398   464 I VehiclePropertyStore: begin to write value to Store: {.timestamp = 5361480383637, .areaId = 0, .prop = 557851094, .status = AVAILABLE, .value = {.int32Values = [1]{0}, .floatValues = [0]{}, .int64Values = [0]{}, .bytes = [0]{}, .stringValue = ""}}
12-30 10:07:05.658   398   464 I DefaultVehicleHal_v2_0: DefaultVehicleHal::onPropertyValue, value:{.timestamp = 5361480383637, .areaId = 0, .prop = 557851094, .status = AVAILABLE, .value = {.int32Values = [1]{0}, .floatValues = [0]{}, .int64Values = [0]{}, .bytes = [0]{}, .stringValue = ""}}
12-30 10:07:05.658   398   464 D DiagPropHandler: is not DiagnosticConfig: 0x214021d6
12-30 10:07:05.658   398   464 I VehiclePropertyStore: begin to write value to Store: {.timestamp = 5361480383637, .areaId = 0, .prop = 557851094, .status = AVAILABLE, .value = {.int32Values = [1]{0}, .floatValues = [0]{}, .int64Values = [0]{}, .bytes = [0]{}, .stringValue = ""}}
12-30 10:07:05.658   398   464 D adayocomadapter-CommunicationManager: onUpstreamReceive mPropertyId 0x214021d6
12-30 10:07:05.663  2358  2623 D RcfController: Rcf proxy is not connected!
12-30 10:07:05.663  1628  2702 I CCarServiceManager: CarServiceManager->t()35:link:[48]     ---30:pool-2-thread-3
12-30 10:07:05.663  1628  2702 I CCarServiceManager: CarServiceManager->t()64:link 转换后:48     ---30:pool-2-thread-3
12-30 10:07:05.663  1628  2702 I CCarServiceManager: CarServiceManager->t()84:link 转换后:48     ---30:pool-2-thread-3
12-30 10:07:05.663  1628  2702 D CarPropertyManager: setProperty, propertyId: 0x2141400f, areaId: 0x0, class: class [Ljava.lang.Integer;, val: [Ljava.lang.Integer;@d86f91c
12-30 10:07:05.664  1365  2014 D CarPropertyService: mSyncGetSetPropertyOpCount: 1
12-30 10:07:05.664   398  2883 I DefaultVehicleHal_v2_0: DefaultVehicleHal::set, current value:{.timestamp = 0, .areaId = 0, .prop = 557924367, .status = AVAILABLE, .value = {.int32Values = [1]{0}, .floatValues = [0]{}, .int64Values = [0]{}, .bytes = [0]{}, .stringValue = ""}}
12-30 10:07:05.664   398  2883 I DefaultVehicleHalServer: onSetProperty(0x2141400f)
12-30 10:07:05.664   398  2883 D vw-vhal : CanSignalsAdapter::setVehicleProperty: propValue = {.timestamp = 0, .areaId = 0, .prop = 557924367, .status = AVAILABLE, .value = {.int32Values = [1]{1}, .floatValues = [0]{}, .int64Values = [0]{}, .bytes = [0]{}, .stringValue = ""}}
12-30 10:07:05.665   398  2883 D vw-vhal : CanSignalsAdapter::setVehicleProperty: propId = 0x2141400f, data = {status: 0, int32Values: [1]}
12-30 10:07:05.665   398  2883 D adayocomadapter-CommunicationManager: setProperty id=[557924367]
12-30 10:07:05.665   398  2883 D adayocomadapter-CommunicationManager: writeValue id=[557924367]
12-30 10:07:05.665   398  2883 D adayocomadapter-VehiclePropertyStore: writeValue id=[557924367]
12-30 10:07:05.665   398  2883 D adayocomadapter-CommunicationManager: sendToDownstream mPropertyId 0x2141400f
12-30 10:07:05.665   398  2883 D adayocomadapter-ParseProtocolFunc: printRaWMsg Name[sendToDownstream] len[4] data[00000000]
12-30 10:07:05.665   398  2883 D adayocomadapter-ParseProtocolFunc: printRaWMsg Name[sendToDownstream] len[4] data[2141400F]
12-30 10:07:05.665   398  2883 D adayocomadapter-ParseProtocolFunc: printRaWMsg Name[sendToDownstream] len[5] data[2141400F01]
12-30 10:07:05.665   398  2883 D adayocomadapter-CommunicationManager: sendToDownstream ret[0]   member[130] dataLength[1] timePoint[5361486] 
12-30 10:07:05.665   398  2883 D adayocomadapter-ParseProtocolFunc: printRaWMsg Name[sendToDownstream] len[5] data[2141400F01]
12-30 10:07:05.665   398  2883 D adayocomadapter-CommunicationManager: sendToDownstream  000 mPropertyId[0x557924367]  
12-30 10:07:05.665   398   698 D adayocomadapter-DownstreamHandler: processBeforePacket downSreamtProcessTimePoint[5361487] 
12-30 10:07:05.665   398   698 D adayocomadapter-DownstreamHandler: DownstreamHandler processPacket 
12-30 10:07:05.665   398   698 D adayocomadapter-DownstreamHandler: DownstreamHandler processPacket valueIndex 0x2141400f
12-30 10:07:05.665   398   698 D adayocomadapter-DownstreamHandler: DownstreamHandler processPacket 0002
12-30 10:07:05.665   398   698 D adayocomadapter-DownstreamHandler: DownstreamHandler processPacket sendMCUData2 
12-30 10:07:05.665   398   698 D adayocomadapter-CommunicationManager: sendMCUData 
12-30 10:07:05.665   398   698 D adayocomadapter-MCUInterfaceHandler: sendToMCU start
12-30 10:07:05.665  1365  2014 D CarPropertyService: mSyncGetSetPropertyOpCount: 0
12-30 10:07:05.665   650   730 D fgemcucomm: sd Uart data : 6AA601104700081202022141400F01D8
12-30 10:07:05.665   398   698 D adayocomadapter-ParseProtocolFunc: printRaWMsg Name[sendToMCU] len[8] data[1202022141400F01]
12-30 10:07:05.665  1628  2702 I CCarServiceManager: CarServiceManager->t()118:link:0     ---30:pool-2-thread-3
12-30 10:07:05.672   360   931 D EvsDriver: forwardFrame
12-30 10:07:05.672   360   931 D EvsDriver: forwardFrameDirect
12-30 10:07:05.672   360   931 D EvsDriver: Delivered 0xb400e2ca9e40d4b0 as id 1
12-30 10:07:05.672   359  2784 D evsmanagerd: /dev/video-evs0 forwarded the buffer #1 to 0xb400f125d2b26dd0 from 0xb400f125e2b20710
12-30 10:07:05.674   360   458 D EvsDriver: doneWithFrame
12-30 10:07:05.705   360   931 D EvsDriver: forwardFrame
12-30 10:07:05.705   360   931 D EvsDriver: forwardFrameDirect
12-30 10:07:05.706   360   931 D EvsDriver: Delivered 0xb400e2ca9e40c2d0 as id 0
12-30 10:07:05.706   359  2784 D evsmanagerd: /dev/video-evs0 forwarded the buffer #0 to 0xb400f125d2b26dd0 from 0xb400f125e2b20710
12-30 10:07:05.713  2358  2623 D RcfController: Rcf proxy is not connected!
12-30 10:07:05.714   360   458 D EvsDriver: doneWithFrame
12-30 10:07:05.731   650   729 D fgemcucomm: sd Uart data : 6AA602A7890002920238
12-30 10:07:05.731   650   729 D fgemcucomm: rev uart=44377,len=57, data : 6AA681A78900319202001200000000000000000000000000000000000000000000000000000000000000000000000000000000000000000078
12-30 10:07:05.731   398  2883 D adayocomadapter-ParseProtocolFunc: printRaWMsg Name[MCUToUPstream recv] len[49] data[92020012000000000000000000000000000000000000000000000000000000000000000000000000000000000000000000]
12-30 10:07:05.731   398  2883 D adayocomadapter-CommunicationManager: onUpstreamback   member[0] dataLength[46] timePoint[5361553]
12-30 10:07:05.731   398  2883 D adayocomadapter-ParseProtocolFunc: printRaWMsg Name[onUpstreamback] len[46] data[12000000000000000000000000000000000000000000000000000000000000000000000000000000000000000000]
12-30 10:07:05.731   398   464 D adayocomadapter-UpstreamHandler: processBeforePacket upSreamtProcessTimePoint[5361553] 
12-30 10:07:05.731   398   464 D adayocomadapter-UpstreamHandler: processPacket UPSTREAM_QUEUE_DATA_TIMEOUT
12-30 10:07:05.731   398   464 D adayocomadapter-ParseProtocolFunc: parseCommonIPCLBytes Processing tableNumber[18]
12-30 10:07:05.731   398   464 D adayocomadapter-ParseProtocolFunc: parseCommonIPCLBytes Processing tablename[Table-18] tableSize[46]
12-30 10:07:05.731   650   730 D fgemcucomm: file = hardware/interfaces/fgemcucomm/1.0/default/mcucomm/src/mcuCommFunctionTimer.cpp, function = startTimer  start timer OK = 4167 
12-30 10:07:05.731   398   464 D adayocomadapter-ParseProtocolFunc: printRaWMsg Name[byteStream recv] len[46] data[12000000000000000000000000000000000000000000000000000000000000000000000000000000000000000000]
12-30 10:07:05.731   398   464 D adayocomadapter-ParseProtocolFunc: printRaWMsg Name[IPCLtoVHAL] len[6] data[214010020000]
12-30 10:07:05.731   398   464 D adayocomadapter-ParseProtocolFunc: printRaWMsg Name[IPCLtoVHAL] len[6] data[2140101A0000]
12-30 10:07:05.731   398   464 D adayocomadapter-ParseProtocolFunc: printRaWMsg Name[IPCLtoVHAL] len[6] data[2140100E0000]
12-30 10:07:05.731   398   464 D adayocomadapter-ParseProtocolFunc: printRaWMsg Name[IPCLtoVHAL] len[6] data[214021DD0000]
12-30 10:07:05.731   398   464 D adayocomadapter-ParseProtocolFunc: printRaWMsg Name[IPCLtoVHAL] len[6] data[2140103C0000]
12-30 10:07:05.731   398   464 D adayocomadapter-ParseProtocolFunc: printRaWMsg Name[IPCLtoVHAL] len[6] data[2140101E0000]
12-30 10:07:05.731   398   464 D adayocomadapter-ParseProtocolFunc: printRaWMsg Name[IPCLtoVHAL] len[6] data[214010350000]
12-30 10:07:05.731   398   464 D adayocomadapter-ParseProtocolFunc: printRaWMsg Name[IPCLtoVHAL] len[6] data[214022040000]
12-30 10:07:05.731   398   464 D adayocomadapter-ParseProtocolFunc: printRaWMsg Name[IPCLtoVHAL] len[6] data[214010120000]
12-30 10:07:05.731   398   464 D adayocomadapter-ParseProtocolFunc: printRaWMsg Name[IPCLtoVHAL] len[6] data[214010140000]
12-30 10:07:05.731   398   464 D adayocomadapter-ParseProtocolFunc: printRaWMsg Name[IPCLtoVHAL] len[6] data[214010430000]
12-30 10:07:05.731   398   464 D adayocomadapter-ParseProtocolFunc: printRaWMsg Name[IPCLtoVHAL] len[6] data[214010420000]
12-30 10:07:05.731   398   464 D adayocomadapter-ParseProtocolFunc: printRaWMsg Name[IPCLtoVHAL] len[6] data[214010160000]
12-30 10:07:05.731   398   464 D adayocomadapter-ParseProtocolFunc: printRaWMsg Name[IPCLtoVHAL] len[6] data[2140101C0000]
12-30 10:07:05.731   398   464 D adayocomadapter-ParseProtocolFunc: printRaWMsg Name[IPCLtoVHAL] len[6] data[214010330000]
12-30 10:07:05.731   398   464 D adayocomadapter-ParseProtocolFunc: printRaWMsg Name[IPCLtoVHAL] len[6] data[214010040000]
12-30 10:07:05.731   398   464 D adayocomadapter-ParseProtocolFunc: printRaWMsg Name[IPCLtoVHAL] len[6] data[214010200000]
12-30 10:07:05.731   398   464 D adayocomadapter-ParseProtocolFunc: printRaWMsg Name[IPCLtoVHAL] len[6] data[214021620000]
12-30 10:07:05.732   398   464 D adayocomadapter-ParseProtocolFunc: printRaWMsg Name[IPCLtoVHAL] len[6] data[214010370000]
12-30 10:07:05.732   398   464 D adayocomadapter-ParseProtocolFunc: printRaWMsg Name[IPCLtoVHAL] len[6] data[214010080000]
12-30 10:07:05.732   398   464 D adayocomadapter-ParseProtocolFunc: printRaWMsg Name[IPCLtoVHAL] len[6] data[214010220000]
12-30 10:07:05.732   398   464 D adayocomadapter-ParseProtocolFunc: printRaWMsg Name[IPCLtoVHAL] len[6] data[214021640000]
12-30 10:07:05.732   398   464 D adayocomadapter-ParseProtocolFunc: printRaWMsg Name[IPCLtoVHAL] len[6] data[214010390000]
12-30 10:07:05.732   398   464 D adayocomadapter-ParseProtocolFunc: printRaWMsg Name[IPCLtoVHAL] len[6] data[214021D90000]
12-30 10:07:05.732   398   464 D adayocomadapter-ParseProtocolFunc: printRaWMsg Name[IPCLtoVHAL] len[6] data[214010240000]
12-30 10:07:05.732   398   464 D adayocomadapter-ParseProtocolFunc: printRaWMsg Name[IPCLtoVHAL] len[6] data[2140103B0000]
12-30 10:07:05.732   398   464 D adayocomadapter-ParseProtocolFunc: printRaWMsg Name[IPCLtoVHAL] len[6] data[2140100C0000]
12-30 10:07:05.732   398   464 D adayocomadapter-ParseProtocolFunc: printRaWMsg Name[IPCLtoVHAL] len[6] data[214021DB0000]
12-30 10:07:05.732   398   464 D adayocomadapter-ParseProtocolFunc: printRaWMsg Name[IPCLtoVHAL] len[6] data[214010260000]
12-30 10:07:05.732   398   464 D adayocomadapter-ParseProtocolFunc: printRaWMsg Name[IPCLtoVHAL] len[6] data[214021680000]
12-30 10:07:05.732   398   464 D adayocomadapter-ParseProtocolFunc: printRaWMsg Name[IPCLtoVHAL] len[6] data[2140103E0000]
12-30 10:07:05.732   398   464 D adayocomadapter-ParseProtocolFunc: printRaWMsg Name[IPCLtoVHAL] len[6] data[2140216A0000]
12-30 10:07:05.732   398   464 D adayocomadapter-ParseProtocolFunc: printRaWMsg Name[IPCLtoVHAL] len[6] data[2140216E0000]
12-30 10:07:05.732   398   464 D adayocomadapter-ParseProtocolFunc: printRaWMsg Name[IPCLtoVHAL] len[6] data[214021700000]
12-30 10:07:05.732   398   464 D adayocomadapter-ParseProtocolFunc: printRaWMsg Name[IPCLtoVHAL] len[6] data[214021720000]
12-30 10:07:05.732   398   464 D adayocomadapter-ParseProtocolFunc: printRaWMsg Name[IPCLtoVHAL] len[6] data[214021740000]
12-30 10:07:05.732   398   464 D adayocomadapter-ParseProtocolFunc: printRaWMsg Name[IPCLtoVHAL] len[6] data[214021760000]
12-30 10:07:05.732   398   464 D adayocomadapter-ParseProtocolFunc: printRaWMsg Name[IPCLtoVHAL] len[6] data[214021780000]
12-30 10:07:05.732   398   464 D adayocomadapter-ParseProtocolFunc: printRaWMsg Name[IPCLtoVHAL] len[6] data[2140205E0000]
12-30 10:07:05.732   398   464 D adayocomadapter-ParseProtocolFunc: printRaWMsg Name[IPCLtoVHAL] len[6] data[2140217A0000]
12-30 10:07:05.732   398   464 D adayocomadapter-ParseProtocolFunc: printRaWMsg Name[IPCLtoVHAL] len[6] data[214022070000]
12-30 10:07:05.732   398   464 D adayocomadapter-ParseProtocolFunc: printRaWMsg Name[IPCLtoVHAL] len[6] data[2140217C0000]
12-30 10:07:05.732   398   464 D adayocomadapter-ParseProtocolFunc: printRaWMsg Name[IPCLtoVHAL] len[6] data[2140219C0000]
12-30 10:07:05.732   398   464 D adayocomadapter-ParseProtocolFunc: printRaWMsg Name[IPCLtoVHAL] len[6] data[214021DF0000]
12-30 10:07:05.732   398   464 D adayocomadapter-CommunicationManager: onUpstreamReceive mPropertyId 0x21401002
12-30 10:07:05.732   398   464 D adayocomadapter-CommunicationManager: convertBytesToInt32Memcpy  0
12-30 10:07:05.732   398   464 I vw-vhal : notifyVehicleProperty, propId = 0x21401002, data = {status: 2, int32Values: [0]}
12-30 10:07:05.732   398   464 I vw-vhal : CanSignalsAdapter::notifyVehicleProperty: solvedValue = {.timestamp = 5361554384637, .areaId = 0, .prop = 557846530, .status = AVAILABLE, .value = {.int32Values = [1]{0}, .floatValues = [0]{}, .int64Values = [0]{}, .bytes = [0]{}, .stringValue = ""}}
12-30 10:07:05.732   398   464 I VehiclePropertyStore: begin to write value to Store: {.timestamp = 5361554384637, .areaId = 0, .prop = 557846530, .status = AVAILABLE, .value = {.int32Values = [1]{0}, .floatValues = [0]{}, .int64Values = [0]{}, .bytes = [0]{}, .stringValue = ""}}
12-30 10:07:05.732   398   464 I DefaultVehicleHal_v2_0: DefaultVehicleHal::onPropertyValue, value:{.timestamp = 5361554384637, .areaId = 0, .prop = 557846530, .status = AVAILABLE, .value = {.int32Values = [1]{0}, .floatValues = [0]{}, .int64Values = [0]{}, .bytes = [0]{}, .stringValue = ""}}
12-30 10:07:05.732   398   464 D DiagPropHandler: is not DiagnosticConfig: 0x21401002
12-30 10:07:05.732   398   464 I VehiclePropertyStore: begin to write value to Store: {.timestamp = 5361554384637, .areaId = 0, .prop = 557846530, .status = AVAILABLE, .value = {.int32Values = [1]{0}, .floatValues = [0]{}, .int64Values = [0]{}, .bytes = [0]{}, .stringValue = ""}}
12-30 10:07:05.732   398   464 D adayocomadapter-CommunicationManager: onUpstreamReceive mPropertyId 0x21401002
12-30 10:07:05.732   398   464 D adayocomadapter-CommunicationManager: onUpstreamReceive mPropertyId 0x2140101a
12-30 10:07:05.732   398   464 D adayocomadapter-CommunicationManager: convertBytesToInt32Memcpy  0
12-30 10:07:05.732   398   464 I vw-vhal : notifyVehicleProperty, propId = 0x2140101a, data = {status: 2, int32Values: [0]}
12-30 10:07:05.732   398   464 I vw-vhal : CanSignalsAdapter::notifyVehicleProperty: solvedValue = {.timestamp = 5361554610637, .areaId = 0, .prop = 557846554, .status = AVAILABLE, .value = {.int32Values = [1]{0}, .floatValues = [0]{}, .int64Values = [0]{}, .bytes = [0]{}, .stringValue = ""}}
12-30 10:07:05.732   398   464 I VehiclePropertyStore: begin to write value to Store: {.timestamp = 5361554610637, .areaId = 0, .prop = 557846554, .status = AVAILABLE, .value = {.int32Values = [1]{0}, .floatValues = [0]{}, .int64Values = [0]{}, .bytes = [0]{}, .stringValue = ""}}
12-30 10:07:05.732   398   464 I DefaultVehicleHal_v2_0: DefaultVehicleHal::onPropertyValue, value:{.timestamp = 5361554610637, .areaId = 0, .prop = 557846554, .status = AVAILABLE, .value = {.int32Values = [1]{0}, .floatValues = [0]{}, .int64Values = [0]{}, .bytes = [0]{}, .stringValue = ""}}
12-30 10:07:05.732   398   464 D DiagPropHandler: is not DiagnosticConfig: 0x2140101a
12-30 10:07:05.732   398   464 I VehiclePropertyStore: begin to write value to Store: {.timestamp = 5361554610637, .areaId = 0, .prop = 557846554, .status = AVAILABLE, .value = {.int32Values = [1]{0}, .floatValues = [0]{}, .int64Values = [0]{}, .bytes = [0]{}, .stringValue = ""}}
12-30 10:07:05.732   398   464 D adayocomadapter-CommunicationManager: onUpstreamReceive mPropertyId 0x2140101a
12-30 10:07:05.732   398   464 D adayocomadapter-CommunicationManager: onUpstreamReceive mPropertyId 0x2140100e
12-30 10:07:05.732   398   464 D adayocomadapter-CommunicationManager: convertBytesToInt32Memcpy  0
12-30 10:07:05.732   398   464 I vw-vhal : notifyVehicleProperty, propId = 0x2140100e, data = {status: 2, int32Values: [0]}
12-30 10:07:05.732   398   464 I vw-vhal : CanSignalsAdapter::notifyVehicleProperty: solvedValue = {.timestamp = 5361554800970, .areaId = 0, .prop = 557846542, .status = AVAILABLE, .value = {.int32Values = [1]{0}, .floatValues = [0]{}, .int64Values = [0]{}, .bytes = [0]{}, .stringValue = ""}}
12-30 10:07:05.732   398   464 I VehiclePropertyStore: begin to write value to Store: {.timestamp = 5361554800970, .areaId = 0, .prop = 557846542, .status = AVAILABLE, .value = {.int32Values = [1]{0}, .floatValues = [0]{}, .int64Values = [0]{}, .bytes = [0]{}, .stringValue = ""}}
12-30 10:07:05.733   398   464 I DefaultVehicleHal_v2_0: DefaultVehicleHal::onPropertyValue, value:{.timestamp = 5361554800970, .areaId = 0, .prop = 557846542, .status = AVAILABLE, .value = {.int32Values = [1]{0}, .floatValues = [0]{}, .int64Values = [0]{}, .bytes = [0]{}, .stringValue = ""}}
12-30 10:07:05.733   398   464 D DiagPropHandler: is not DiagnosticConfig: 0x2140100e
12-30 10:07:05.733   398   464 I VehiclePropertyStore: begin to write value to Store: {.timestamp = 5361554800970, .areaId = 0, .prop = 557846542, .status = AVAILABLE, .value = {.int32Values = [1]{0}, .floatValues = [0]{}, .int64Values = [0]{}, .bytes = [0]{}, .stringValue = ""}}
12-30 10:07:05.733   398   464 D adayocomadapter-CommunicationManager: onUpstreamReceive mPropertyId 0x2140100e
12-30 10:07:05.733   398   464 D adayocomadapter-CommunicationManager: onUpstreamReceive mPropertyId 0x214021dd
12-30 10:07:05.733   398   464 D adayocomadapter-CommunicationManager: convertBytesToInt32Memcpy  0
12-30 10:07:05.733   398   464 I vw-vhal : notifyVehicleProperty, propId = 0x214021dd, data = {status: 2, int32Values: [0]}
12-30 10:07:05.733   398   464 I vw-vhal : CanSignalsAdapter::notifyVehicleProperty: solvedValue = {.timestamp = 5361554990637, .areaId = 0, .prop = 557851101, .status = AVAILABLE, .value = {.int32Values = [1]{0}, .floatValues = [0]{}, .int64Values = [0]{}, .bytes = [0]{}, .stringValue = ""}}
12-30 10:07:05.733   398   464 I VehiclePropertyStore: begin to write value to Store: {.timestamp = 5361554990637, .areaId = 0, .prop = 557851101, .status = AVAILABLE, .value = {.int32Values = [1]{0}, .floatValues = [0]{}, .int64Values = [0]{}, .bytes = [0]{}, .stringValue = ""}}
12-30 10:07:05.733   398   464 I DefaultVehicleHal_v2_0: DefaultVehicleHal::onPropertyValue, value:{.timestamp = 5361554990637, .areaId = 0, .prop = 557851101, .status = AVAILABLE, .value = {.int32Values = [1]{0}, .floatValues = [0]{}, .int64Values = [0]{}, .bytes = [0]{}, .stringValue = ""}}
12-30 10:07:05.733   398   464 D DiagPropHandler: is not DiagnosticConfig: 0x214021dd
12-30 10:07:05.733   398   464 I VehiclePropertyStore: begin to write value to Store: {.timestamp = 5361554990637, .areaId = 0, .prop = 557851101, .status = AVAILABLE, .value = {.int32Values = [1]{0}, .floatValues = [0]{}, .int64Values = [0]{}, .bytes = [0]{}, .stringValue = ""}}
12-30 10:07:05.733   398   464 D adayocomadapter-CommunicationManager: onUpstreamReceive mPropertyId 0x214021dd
12-30 10:07:05.733   398   464 D adayocomadapter-CommunicationManager: onUpstreamReceive mPropertyId 0x2140103c
12-30 10:07:05.733   398   464 D adayocomadapter-CommunicationManager: convertBytesToInt32Memcpy  0
12-30 10:07:05.733   398   464 I vw-vhal : notifyVehicleProperty, propId = 0x2140103c, data = {status: 2, int32Values: [0]}
12-30 10:07:05.733   398   464 I vw-vhal : CanSignalsAdapter::notifyVehicleProperty: solvedValue = {.timestamp = 5361555186970, .areaId = 0, .prop = 557846588, .status = AVAILABLE, .value = {.int32Values = [1]{0}, .floatValues = [0]{}, .int64Values = [0]{}, .bytes = [0]{}, .stringValue = ""}}
12-30 10:07:05.733   398   464 I VehiclePropertyStore: begin to write value to Store: {.timestamp = 5361555186970, .areaId = 0, .prop = 557846588, .status = AVAILABLE, .value = {.int32Values = [1]{0}, .floatValues = [0]{}, .int64Values = [0]{}, .bytes = [0]{}, .stringValue = ""}}
12-30 10:07:05.733   398   464 I DefaultVehicleHal_v2_0: DefaultVehicleHal::onPropertyValue, value:{.timestamp = 5361555186970, .areaId = 0, .prop = 557846588, .status = AVAILABLE, .value = {.int32Values = [1]{0}, .floatValues = [0]{}, .int64Values = [0]{}, .bytes = [0]{}, .stringValue = ""}}
12-30 10:07:05.733   398   464 D DiagPropHandler: is not DiagnosticConfig: 0x2140103c
12-30 10:07:05.733   398   464 I VehiclePropertyStore: begin to write value to Store: {.timestamp = 5361555186970, .areaId = 0, .prop = 557846588, .status = AVAILABLE, .value = {.int32Values = [1]{0}, .floatValues = [0]{}, .int64Values = [0]{}, .bytes = [0]{}, .stringValue = ""}}
12-30 10:07:05.733   398   464 D adayocomadapter-CommunicationManager: onUpstreamReceive mPropertyId 0x2140103c
12-30 10:07:05.733   398   464 D adayocomadapter-CommunicationManager: onUpstreamReceive mPropertyId 0x2140101e
12-30 10:07:05.733   398   464 D adayocomadapter-CommunicationManager: convertBytesToInt32Memcpy  0
12-30 10:07:05.733   398   464 I vw-vhal : notifyVehicleProperty, propId = 0x2140101e, data = {status: 2, int32Values: [0]}
12-30 10:07:05.733   398   464 I vw-vhal : CanSignalsAdapter::notifyVehicleProperty: solvedValue = {.timestamp = 5361555374970, .areaId = 0, .prop = 557846558, .status = AVAILABLE, .value = {.int32Values = [1]{0}, .floatValues = [0]{}, .int64Values = [0]{}, .bytes = [0]{}, .stringValue = ""}}
12-30 10:07:05.733   398   464 I VehiclePropertyStore: begin to write value to Store: {.timestamp = 5361555374970, .areaId = 0, .prop = 557846558, .status = AVAILABLE, .value = {.int32Values = [1]{0}, .floatValues = [0]{}, .int64Values = [0]{}, .bytes = [0]{}, .stringValue = ""}}
12-30 10:07:05.733   398   464 I DefaultVehicleHal_v2_0: DefaultVehicleHal::onPropertyValue, value:{.timestamp = 5361555374970, .areaId = 0, .prop = 557846558, .status = AVAILABLE, .value = {.int32Values = [1]{0}, .floatValues = [0]{}, .int64Values = [0]{}, .bytes = [0]{}, .stringValue = ""}}
12-30 10:07:05.733   398   464 D DiagPropHandler: is not DiagnosticConfig: 0x2140101e
12-30 10:07:05.733   398   464 I VehiclePropertyStore: begin to write value to Store: {.timestamp = 5361555374970, .areaId = 0, .prop = 557846558, .status = AVAILABLE, .value = {.int32Values = [1]{0}, .floatValues = [0]{}, .int64Values = [0]{}, .bytes = [0]{}, .stringValue = ""}}
12-30 10:07:05.733   398   464 D adayocomadapter-CommunicationManager: onUpstreamReceive mPropertyId 0x2140101e
12-30 10:07:05.733   398   464 D adayocomadapter-CommunicationManager: onUpstreamReceive mPropertyId 0x21401035
12-30 10:07:05.733   398   464 D adayocomadapter-CommunicationManager: convertBytesToInt32Memcpy  0
12-30 10:07:05.733   398   464 I vw-vhal : notifyVehicleProperty, propId = 0x21401035, data = {status: 2, int32Values: [0]}
12-30 10:07:05.733   398   464 I vw-vhal : CanSignalsAdapter::notifyVehicleProperty: solvedValue = {.timestamp = 5361555559970, .areaId = 0, .prop = 557846581, .status = AVAILABLE, .value = {.int32Values = [1]{0}, .floatValues = [0]{}, .int64Values = [0]{}, .bytes = [0]{}, .stringValue = ""}}
12-30 10:07:05.733   398   464 I VehiclePropertyStore: begin to write value to Store: {.timestamp = 5361555559970, .areaId = 0, .prop = 557846581, .status = AVAILABLE, .value = {.int32Values = [1]{0}, .floatValues = [0]{}, .int64Values = [0]{}, .bytes = [0]{}, .stringValue = ""}}
12-30 10:07:05.733   398   464 I DefaultVehicleHal_v2_0: DefaultVehicleHal::onPropertyValue, value:{.timestamp = 5361555559970, .areaId = 0, .prop = 557846581, .status = AVAILABLE, .value = {.int32Values = [1]{0}, .floatValues = [0]{}, .int64Values = [0]{}, .bytes = [0]{}, .stringValue = ""}}
12-30 10:07:05.733   398   464 D DiagPropHandler: is not DiagnosticConfig: 0x21401035
12-30 10:07:05.733   398   464 I VehiclePropertyStore: begin to write value to Store: {.timestamp = 5361555559970, .areaId = 0, .prop = 557846581, .status = AVAILABLE, .value = {.int32Values = [1]{0}, .floatValues = [0]{}, .int64Values = [0]{}, .bytes = [0]{}, .stringValue = ""}}
12-30 10:07:05.733   398   464 D adayocomadapter-CommunicationManager: onUpstreamReceive mPropertyId 0x21401035
12-30 10:07:05.733   398   464 D adayocomadapter-CommunicationManager: onUpstreamReceive mPropertyId 0x21402204
12-30 10:07:05.733   398   464 D adayocomadapter-CommunicationManager: convertBytesToInt32Memcpy  0
12-30 10:07:05.733   398   464 I vw-vhal : notifyVehicleProperty, propId = 0x21402204, data = {status: 2, int32Values: [0]}
12-30 10:07:05.733   398   464 I vw-vhal : CanSignalsAdapter::notifyVehicleProperty: solvedValue = {.timestamp = 5361555748637, .areaId = 0, .prop = 557851140, .status = AVAILABLE, .value = {.int32Values = [1]{0}, .floatValues = [0]{}, .int64Values = [0]{}, .bytes = [0]{}, .stringValue = ""}}
12-30 10:07:05.733   398   464 I VehiclePropertyStore: begin to write value to Store: {.timestamp = 5361555748637, .areaId = 0, .prop = 557851140, .status = AVAILABLE, .value = {.int32Values = [1]{0}, .floatValues = [0]{}, .int64Values = [0]{}, .bytes = [0]{}, .stringValue = ""}}
12-30 10:07:05.733   398   464 I DefaultVehicleHal_v2_0: DefaultVehicleHal::onPropertyValue, value:{.timestamp = 5361555748637, .areaId = 0, .prop = 557851140, .status = AVAILABLE, .value = {.int32Values = [1]{0}, .floatValues = [0]{}, .int64Values = [0]{}, .bytes = [0]{}, .stringValue = ""}}
12-30 10:07:05.733   398   464 D DiagPropHandler: is not DiagnosticConfig: 0x21402204
12-30 10:07:05.734   398   464 I VehiclePropertyStore: begin to write value to Store: {.timestamp = 5361555748637, .areaId = 0, .prop = 557851140, .status = AVAILABLE, .value = {.int32Values = [1]{0}, .floatValues = [0]{}, .int64Values = [0]{}, .bytes = [0]{}, .stringValue = ""}}
12-30 10:07:05.734   398   464 D adayocomadapter-CommunicationManager: onUpstreamReceive mPropertyId 0x21402204
12-30 10:07:05.734   398   464 D adayocomadapter-CommunicationManager: onUpstreamReceive mPropertyId 0x21401012
12-30 10:07:05.734   398   464 D adayocomadapter-CommunicationManager: convertBytesToInt32Memcpy  0
12-30 10:07:05.734   398   464 I vw-vhal : notifyVehicleProperty, propId = 0x21401012, data = {status: 2, int32Values: [0]}
12-30 10:07:05.734   398   464 I vw-vhal : CanSignalsAdapter::notifyVehicleProperty: solvedValue = {.timestamp = 5361555936303, .areaId = 0, .prop = 557846546, .status = AVAILABLE, .value = {.int32Values = [1]{0}, .floatValues = [0]{}, .int64Values = [0]{}, .bytes = [0]{}, .stringValue = ""}}
12-30 10:07:05.734   398   464 I VehiclePropertyStore: begin to write value to Store: {.timestamp = 5361555936303, .areaId = 0, .prop = 557846546, .status = AVAILABLE, .value = {.int32Values = [1]{0}, .floatValues = [0]{}, .int64Values = [0]{}, .bytes = [0]{}, .stringValue = ""}}
12-30 10:07:05.734   398   464 I DefaultVehicleHal_v2_0: DefaultVehicleHal::onPropertyValue, value:{.timestamp = 5361555936303, .areaId = 0, .prop = 557846546, .status = AVAILABLE, .value = {.int32Values = [1]{0}, .floatValues = [0]{}, .int64Values = [0]{}, .bytes = [0]{}, .stringValue = ""}}
12-30 10:07:05.734   398   464 D DiagPropHandler: is not DiagnosticConfig: 0x21401012
12-30 10:07:05.734   398   464 I VehiclePropertyStore: begin to write value to Store: {.timestamp = 5361555936303, .areaId = 0, .prop = 557846546, .status = AVAILABLE, .value = {.int32Values = [1]{0}, .floatValues = [0]{}, .int64Values = [0]{}, .bytes = [0]{}, .stringValue = ""}}
12-30 10:07:05.734   398   464 D adayocomadapter-CommunicationManager: onUpstreamReceive mPropertyId 0x21401012
12-30 10:07:05.734   398   464 D adayocomadapter-CommunicationManager: onUpstreamReceive mPropertyId 0x21401014
12-30 10:07:05.734   398   464 D adayocomadapter-CommunicationManager: convertBytesToInt32Memcpy  0
12-30 10:07:05.734   398   464 I vw-vhal : notifyVehicleProperty, propId = 0x21401014, data = {status: 2, int32Values: [0]}
12-30 10:07:05.734   398   464 I vw-vhal : CanSignalsAdapter::notifyVehicleProperty: solvedValue = {.timestamp = 5361556165970, .areaId = 0, .prop = 557846548, .status = AVAILABLE, .value = {.int32Values = [1]{0}, .floatValues = [0]{}, .int64Values = [0]{}, .bytes = [0]{}, .stringValue = ""}}
12-30 10:07:05.734   398   464 I VehiclePropertyStore: begin to write value to Store: {.timestamp = 5361556165970, .areaId = 0, .prop = 557846548, .status = AVAILABLE, .value = {.int32Values = [1]{0}, .floatValues = [0]{}, .int64Values = [0]{}, .bytes = [0]{}, .stringValue = ""}}
12-30 10:07:05.734   398   464 I DefaultVehicleHal_v2_0: DefaultVehicleHal::onPropertyValue, value:{.timestamp = 5361556165970, .areaId = 0, .prop = 557846548, .status = AVAILABLE, .value = {.int32Values = [1]{0}, .floatValues = [0]{}, .int64Values = [0]{}, .bytes = [0]{}, .stringValue = ""}}
12-30 10:07:05.734   398   464 D DiagPropHandler: is not DiagnosticConfig: 0x21401014
12-30 10:07:05.734   398   464 I VehiclePropertyStore: begin to write value to Store: {.timestamp = 5361556165970, .areaId = 0, .prop = 557846548, .status = AVAILABLE, .value = {.int32Values = [1]{0}, .floatValues = [0]{}, .int64Values = [0]{}, .bytes = [0]{}, .stringValue = ""}}
12-30 10:07:05.734   398   464 D adayocomadapter-CommunicationManager: onUpstreamReceive mPropertyId 0x21401014
12-30 10:07:05.734   398   464 D adayocomadapter-CommunicationManager: onUpstreamReceive mPropertyId 0x21401043
12-30 10:07:05.734   398   464 D adayocomadapter-CommunicationManager: convertBytesToInt32Memcpy  0
12-30 10:07:05.734   398   464 I vw-vhal : notifyVehicleProperty, propId = 0x21401043, data = {status: 2, int32Values: [0]}
