12-30 10:07:05.128 13953 13953 I sh      : type=1400 audit(0.0:602484): avc:  denied  { map } for  path="/system/bin/sh" dev="dm-1" ino=8660711 scontext=u:r:trace_logcat:s0 tcontext=u:object_r:shell_exec:s0 tclass=file permissive=1
12-30 10:07:05.128 13953 13953 I auditd  : type=1400 audit(0.0:602485): avc:  denied  { read } for  comm="sh" path="/system/bin/sh" dev="dm-1" ino=8660711 scontext=u:r:trace_logcat:s0 tcontext=u:object_r:shell_exec:s0 tclass=file permissive=1
12-30 10:07:05.128 13953 13953 I sh      : type=1400 audit(0.0:602485): avc:  denied  { read } for  path="/system/bin/sh" dev="dm-1" ino=8660711 scontext=u:r:trace_logcat:s0 tcontext=u:object_r:shell_exec:s0 tclass=file permissive=1
12-30 10:07:05.128 13953 13953 I auditd  : type=1400 audit(0.0:602486): avc:  denied  { execute } for  comm="sh" path="/system/bin/sh" dev="dm-1" ino=8660711 scontext=u:r:trace_logcat:s0 tcontext=u:object_r:shell_exec:s0 tclass=file permissive=1
12-30 10:07:05.128 13953 13953 I sh      : type=1400 audit(0.0:602486): avc:  denied  { execute } for  path="/system/bin/sh" dev="dm-1" ino=8660711 scontext=u:r:trace_logcat:s0 tcontext=u:object_r:shell_exec:s0 tclass=file permissive=1
12-30 10:07:05.128 13953 13953 I auditd  : type=1400 audit(0.0:602487): avc:  denied  { getattr } for  comm="sh" path="/system/bin/sh" dev="dm-1" ino=8660711 scontext=u:r:trace_logcat:s0 tcontext=u:object_r:shell_exec:s0 tclass=file permissive=1
12-30 10:07:05.128 13953 13953 I sh      : type=1400 audit(0.0:602487): avc:  denied  { getattr } for  path="/system/bin/sh" dev="dm-1" ino=8660711 scontext=u:r:trace_logcat:s0 tcontext=u:object_r:shell_exec:s0 tclass=file permissive=1
12-30 10:07:05.139   360   931 D EvsDriver: forwardFrame
12-30 10:07:05.139   360   931 D EvsDriver: forwardFrameDirect
12-30 10:07:05.139   360   931 D EvsDriver: Delivered 0xb400e2ca9e40d090 as id 1
12-30 10:07:05.139   359  2784 D evsmanagerd: /dev/video-evs0 forwarded the buffer #1 to 0xb400f125d2b26dd0 from 0xb400f125e2b20710
12-30 10:07:05.142   596  3076 E WifiHAL : Invalid data received from driver
12-30 10:07:05.140 13953 13953 I auditd  : type=1400 audit(0.0:602488): avc:  denied  { getattr } for  comm="sh" path="/system/bin/toybox" dev="dm-1" ino=8926292 scontext=u:r:trace_logcat:s0 tcontext=u:object_r:toolbox_exec:s0 tclass=file permissive=1
12-30 10:07:05.140 13953 13953 I sh      : type=1400 audit(0.0:602488): avc:  denied  { getattr } for  path="/system/bin/toybox" dev="dm-1" ino=8926292 scontext=u:r:trace_logcat:s0 tcontext=u:object_r:toolbox_exec:s0 tclass=file permissive=1
--------- beginning of kernel
01-01 09:29:22.154 13953 13953 E audit   : rate limit exceeded
12-30 10:07:05.149   360   458 D EvsDriver: doneWithFrame
12-30 10:07:05.160  2358  2623 D RcfController: Rcf proxy is not connected!
12-30 10:07:05.165 13954 13954 I ADAYO_LOG_TRACE_LOGCAT: execute start
12-30 10:07:05.172   360   931 D EvsDriver: forwardFrame
12-30 10:07:05.172   360   931 D EvsDriver: forwardFrameDirect
12-30 10:07:05.172   360   931 D EvsDriver: Delivered 0xb400e2ca9e40e110 as id 0
12-30 10:07:05.172   359  2784 D evsmanagerd: /dev/video-evs0 forwarded the buffer #0 to 0xb400f125d2b26dd0 from 0xb400f125e2b20710
12-30 10:07:05.179   360   458 D EvsDriver: doneWithFrame
12-30 10:07:05.204 13956 13956 I ADAYO_LOG_TRACE_LOGCAT: executing
12-30 10:07:05.205   360   931 D EvsDriver: forwardFrame
12-30 10:07:05.205   360   931 D EvsDriver: forwardFrameDirect
12-30 10:07:05.206   360   931 D EvsDriver: Delivered 0xb400e2ca9e40c7a0 as id 1
12-30 10:07:05.206   359  2784 D evsmanagerd: /dev/video-evs0 forwarded the buffer #1 to 0xb400f125d2b26dd0 from 0xb400f125e2b20710
12-30 10:07:05.209   360   458 D EvsDriver: doneWithFrame
12-30 10:07:05.211  2358  2623 D RcfController: Rcf proxy is not connected!
12-30 10:07:05.233  2475  2681 I TtsServiceAgent: check thread start checking, threadId = 29
12-30 10:07:05.233  2475  2681 D TtsServiceAgent: start bind service...
12-30 10:07:05.233  2475  2681 D TtsServiceAgent: ----->initService, usage = 16
12-30 10:07:05.233  2475  2681 W ContextImpl: Calling a method in the system process without a qualified user: android.app.ContextImpl.bindService:1988 android.content.ContextWrapper.bindService:861 com.iflytek.autofly.ttsaidl.ttsproxy.TtsServiceAgent.initService:189 com.iflytek.autofly.ttsaidl.ttsproxy.TtsServiceAgent.initService:133 com.iflytek.autofly.ttsaidl.ttsproxy.TtsServiceAgent$2.run:517 
12-30 10:07:05.234   916  1492 W ActivityManager: Unable to start service Intent { act=com.iflytek.autofly.tts.ttsservice.TtsAdapterService cmp=com.iflytek.cutefly.speechclient.hmi/com.iflytek.autofly.tts.ttsservice.TtsAdapterService } U=0: not found
12-30 10:07:05.234  2475  2681 D TtsServiceAgent: bindService: false
12-30 10:07:05.234  2475  2681 D TtsServiceAgent: start reInitService
12-30 10:07:05.234  2475  2681 D TtsServiceAgent: aidlCheckThreadRunning = true
12-30 10:07:05.234  2475  2681 D TtsServiceAgent: ----->check connection status in 1000s...
12-30 10:07:05.239   360   931 D EvsDriver: forwardFrame
12-30 10:07:05.239   360   931 D EvsDriver: forwardFrameDirect
12-30 10:07:05.239   360   931 D EvsDriver: Delivered 0xb400e2ca9e40e270 as id 0
12-30 10:07:05.239   359  2784 D evsmanagerd: /dev/video-evs0 forwarded the buffer #0 to 0xb400f125d2b26dd0 from 0xb400f125e2b20710
12-30 10:07:05.239   360   458 D EvsDriver: doneWithFrame
12-30 10:07:05.244 13958 13958 I ADAYO_LOG_TRACE_LOGCAT: collect_dest_path:/mnt/sdcard/AndroidLog/logcat
12-30 10:07:05.257   650   729 D fgemcucomm: sd Uart data : 6AA602A783000292023E
12-30 10:07:05.258   650   729 D fgemcucomm: rev uart=44371,len=18, data : 6AA681A783000A9202000D000000000000AA
12-30 10:07:05.258   398  2883 I liblog  : 28
12-30 10:07:05.258   398  2883 D adayocomadapter-ParseProtocolFunc: printRaWMsg Name[MCUToUPstream recv] len[10] data[9202000D000000000000]
12-30 10:07:05.258   398  2883 D adayocomadapter-CommunicationManager: onUpstreamback   member[0] dataLength[7] timePoint[5361080]
12-30 10:07:05.258   398  2883 D adayocomadapter-ParseProtocolFunc: printRaWMsg Name[onUpstreamback] len[7] data[0D000000000000]
12-30 10:07:05.258   398   464 D adayocomadapter-UpstreamHandler: processBeforePacket upSreamtProcessTimePoint[5361080] 
12-30 10:07:05.258   398   464 D adayocomadapter-UpstreamHandler: processPacket UPSTREAM_QUEUE_DATA_TIMEOUT
12-30 10:07:05.258   398   464 D adayocomadapter-ParseProtocolFunc: parseCommonIPCLBytes Processing tableNumber[13]
12-30 10:07:05.258   398   464 D adayocomadapter-ParseProtocolFunc: parseCommonIPCLBytes Processing tablename[Table-13] tableSize[7]
12-30 10:07:05.258   398   464 D adayocomadapter-ParseProtocolFunc: printRaWMsg Name[byteStream recv] len[7] data[0D000000000000]
12-30 10:07:05.258   398   464 D adayocomadapter-ParseProtocolFunc: printRaWMsg Name[IPCLtoVHAL] len[6] data[214020BB0000]
12-30 10:07:05.258   398   464 D adayocomadapter-ParseProtocolFunc: printRaWMsg Name[IPCLtoVHAL] len[6] data[214020E30000]
12-30 10:07:05.258   398   464 D adayocomadapter-ParseProtocolFunc: printRaWMsg Name[IPCLtoVHAL] len[6] data[214020C70000]
12-30 10:07:05.258   398   464 D adayocomadapter-ParseProtocolFunc: printRaWMsg Name[IPCLtoVHAL] len[6] data[214020DD0000]
12-30 10:07:05.258   398   464 D adayocomadapter-ParseProtocolFunc: printRaWMsg Name[IPCLtoVHAL] len[6] data[214020DF0000]
12-30 10:07:05.258   398   464 D adayocomadapter-ParseProtocolFunc: printRaWMsg Name[IPCLtoVHAL] len[6] data[214020E40000]
12-30 10:07:05.258   398   464 D adayocomadapter-CommunicationManager: onUpstreamReceive mPropertyId 0x214020bb
12-30 10:07:05.258   398   464 D adayocomadapter-CommunicationManager: convertBytesToInt32Memcpy  0
12-30 10:07:05.258   398   464 I vw-vhal : notifyVehicleProperty, propId = 0x214020bb, data = {status: 2, int32Values: [0]}
12-30 10:07:05.258   398   464 I vw-vhal : CanSignalsAdapter::notifyVehicleProperty: solvedValue = {.timestamp = 5361080614303, .areaId = 0, .prop = 557850811, .status = AVAILABLE, .value = {.int32Values = [1]{0}, .floatValues = [0]{}, .int64Values = [0]{}, .bytes = [0]{}, .stringValue = ""}}
12-30 10:07:05.258   398   464 I VehiclePropertyStore: begin to write value to Store: {.timestamp = 5361080614303, .areaId = 0, .prop = 557850811, .status = AVAILABLE, .value = {.int32Values = [1]{0}, .floatValues = [0]{}, .int64Values = [0]{}, .bytes = [0]{}, .stringValue = ""}}
12-30 10:07:05.258   398   464 I DefaultVehicleHal_v2_0: DefaultVehicleHal::onPropertyValue, value:{.timestamp = 5361080614303, .areaId = 0, .prop = 557850811, .status = AVAILABLE, .value = {.int32Values = [1]{0}, .floatValues = [0]{}, .int64Values = [0]{}, .bytes = [0]{}, .stringValue = ""}}
12-30 10:07:05.258   398   464 D DiagPropHandler: is not DiagnosticConfig: 0x214020bb
12-30 10:07:05.258   398   464 I VehiclePropertyStore: begin to write value to Store: {.timestamp = 5361080614303, .areaId = 0, .prop = 557850811, .status = AVAILABLE, .value = {.int32Values = [1]{0}, .floatValues = [0]{}, .int64Values = [0]{}, .bytes = [0]{}, .stringValue = ""}}
12-30 10:07:05.258   398   464 D adayocomadapter-CommunicationManager: onUpstreamReceive mPropertyId 0x214020bb
12-30 10:07:05.258   398   464 D adayocomadapter-CommunicationManager: onUpstreamReceive mPropertyId 0x214020e3
12-30 10:07:05.258   398   464 D adayocomadapter-CommunicationManager: convertBytesToInt32Memcpy  0
12-30 10:07:05.258   398   464 I vw-vhal : notifyVehicleProperty, propId = 0x214020e3, data = {status: 2, int32Values: [0]}
12-30 10:07:05.259   398   464 I vw-vhal : CanSignalsAdapter::notifyVehicleProperty: solvedValue = {.timestamp = 5361080841303, .areaId = 0, .prop = 557850851, .status = AVAILABLE, .value = {.int32Values = [1]{0}, .floatValues = [0]{}, .int64Values = [0]{}, .bytes = [0]{}, .stringValue = ""}}
12-30 10:07:05.259   398   464 I VehiclePropertyStore: begin to write value to Store: {.timestamp = 5361080841303, .areaId = 0, .prop = 557850851, .status = AVAILABLE, .value = {.int32Values = [1]{0}, .floatValues = [0]{}, .int64Values = [0]{}, .bytes = [0]{}, .stringValue = ""}}
12-30 10:07:05.259   398   464 I DefaultVehicleHal_v2_0: DefaultVehicleHal::onPropertyValue, value:{.timestamp = 5361080841303, .areaId = 0, .prop = 557850851, .status = AVAILABLE, .value = {.int32Values = [1]{0}, .floatValues = [0]{}, .int64Values = [0]{}, .bytes = [0]{}, .stringValue = ""}}
12-30 10:07:05.259   398   464 D DiagPropHandler: is not DiagnosticConfig: 0x214020e3
12-30 10:07:05.259   398   464 I VehiclePropertyStore: begin to write value to Store: {.timestamp = 5361080841303, .areaId = 0, .prop = 557850851, .status = AVAILABLE, .value = {.int32Values = [1]{0}, .floatValues = [0]{}, .int64Values = [0]{}, .bytes = [0]{}, .stringValue = ""}}
12-30 10:07:05.259   398   464 D adayocomadapter-CommunicationManager: onUpstreamReceive mPropertyId 0x214020e3
12-30 10:07:05.259   398   464 D adayocomadapter-CommunicationManager: onUpstreamReceive mPropertyId 0x214020c7
12-30 10:07:05.259   398   464 D adayocomadapter-CommunicationManager: convertBytesToInt32Memcpy  0
12-30 10:07:05.259   398   464 I vw-vhal : notifyVehicleProperty, propId = 0x214020c7, data = {status: 2, int32Values: [0]}
12-30 10:07:05.259   398   464 I vw-vhal : CanSignalsAdapter::notifyVehicleProperty: solvedValue = {.timestamp = 5361081034970, .areaId = 0, .prop = 557850823, .status = AVAILABLE, .value = {.int32Values = [1]{0}, .floatValues = [0]{}, .int64Values = [0]{}, .bytes = [0]{}, .stringValue = ""}}
12-30 10:07:05.259   398   464 I VehiclePropertyStore: begin to write value to Store: {.timestamp = 5361081034970, .areaId = 0, .prop = 557850823, .status = AVAILABLE, .value = {.int32Values = [1]{0}, .floatValues = [0]{}, .int64Values = [0]{}, .bytes = [0]{}, .stringValue = ""}}
12-30 10:07:05.259   398   464 I DefaultVehicleHal_v2_0: DefaultVehicleHal::onPropertyValue, value:{.timestamp = 5361081034970, .areaId = 0, .prop = 557850823, .status = AVAILABLE, .value = {.int32Values = [1]{0}, .floatValues = [0]{}, .int64Values = [0]{}, .bytes = [0]{}, .stringValue = ""}}
12-30 10:07:05.259   398   464 D DiagPropHandler: is not DiagnosticConfig: 0x214020c7
12-30 10:07:05.259   398   464 I VehiclePropertyStore: begin to write value to Store: {.timestamp = 5361081034970, .areaId = 0, .prop = 557850823, .status = AVAILABLE, .value = {.int32Values = [1]{0}, .floatValues = [0]{}, .int64Values = [0]{}, .bytes = [0]{}, .stringValue = ""}}
12-30 10:07:05.259   398   464 D adayocomadapter-CommunicationManager: onUpstreamReceive mPropertyId 0x214020c7
12-30 10:07:05.259   398   464 D adayocomadapter-CommunicationManager: onUpstreamReceive mPropertyId 0x214020dd
12-30 10:07:05.259   398   464 D adayocomadapter-CommunicationManager: convertBytesToInt32Memcpy  0
12-30 10:07:05.259   398   464 I vw-vhal : notifyVehicleProperty, propId = 0x214020dd, data = {status: 2, int32Values: [0]}
12-30 10:07:05.259   398   464 I vw-vhal : CanSignalsAdapter::notifyVehicleProperty: solvedValue = {.timestamp = 5361081226303, .areaId = 0, .prop = 557850845, .status = AVAILABLE, .value = {.int32Values = [1]{0}, .floatValues = [0]{}, .int64Values = [0]{}, .bytes = [0]{}, .stringValue = ""}}
12-30 10:07:05.259   398   464 I VehiclePropertyStore: begin to write value to Store: {.timestamp = 5361081226303, .areaId = 0, .prop = 557850845, .status = AVAILABLE, .value = {.int32Values = [1]{0}, .floatValues = [0]{}, .int64Values = [0]{}, .bytes = [0]{}, .stringValue = ""}}
12-30 10:07:05.259   398   464 I DefaultVehicleHal_v2_0: DefaultVehicleHal::onPropertyValue, value:{.timestamp = 5361081226303, .areaId = 0, .prop = 557850845, .status = AVAILABLE, .value = {.int32Values = [1]{0}, .floatValues = [0]{}, .int64Values = [0]{}, .bytes = [0]{}, .stringValue = ""}}
12-30 10:07:05.259   398   464 D DiagPropHandler: is not DiagnosticConfig: 0x214020dd
12-30 10:07:05.259   398   464 I VehiclePropertyStore: begin to write value to Store: {.timestamp = 5361081226303, .areaId = 0, .prop = 557850845, .status = AVAILABLE, .value = {.int32Values = [1]{0}, .floatValues = [0]{}, .int64Values = [0]{}, .bytes = [0]{}, .stringValue = ""}}
12-30 10:07:05.259   398   464 D adayocomadapter-CommunicationManager: onUpstreamReceive mPropertyId 0x214020dd
12-30 10:07:05.259   398   464 D adayocomadapter-CommunicationManager: onUpstreamReceive mPropertyId 0x214020df
12-30 10:07:05.259   398   464 D adayocomadapter-CommunicationManager: convertBytesToInt32Memcpy  0
12-30 10:07:05.259   398   464 I vw-vhal : notifyVehicleProperty, propId = 0x214020df, data = {status: 2, int32Values: [0]}
12-30 10:07:05.259   398   464 I vw-vhal : CanSignalsAdapter::notifyVehicleProperty: solvedValue = {.timestamp = 5361081413303, .areaId = 0, .prop = 557850847, .status = AVAILABLE, .value = {.int32Values = [1]{0}, .floatValues = [0]{}, .int64Values = [0]{}, .bytes = [0]{}, .stringValue = ""}}
12-30 10:07:05.259   398   464 I VehiclePropertyStore: begin to write value to Store: {.timestamp = 5361081413303, .areaId = 0, .prop = 557850847, .status = AVAILABLE, .value = {.int32Values = [1]{0}, .floatValues = [0]{}, .int64Values = [0]{}, .bytes = [0]{}, .stringValue = ""}}
12-30 10:07:05.259   398   464 I DefaultVehicleHal_v2_0: DefaultVehicleHal::onPropertyValue, value:{.timestamp = 5361081413303, .areaId = 0, .prop = 557850847, .status = AVAILABLE, .value = {.int32Values = [1]{0}, .floatValues = [0]{}, .int64Values = [0]{}, .bytes = [0]{}, .stringValue = ""}}
12-30 10:07:05.259   398   464 D DiagPropHandler: is not DiagnosticConfig: 0x214020df
12-30 10:07:05.259   398   464 I VehiclePropertyStore: begin to write value to Store: {.timestamp = 5361081413303, .areaId = 0, .prop = 557850847, .status = AVAILABLE, .value = {.int32Values = [1]{0}, .floatValues = [0]{}, .int64Values = [0]{}, .bytes = [0]{}, .stringValue = ""}}
12-30 10:07:05.259   398   464 D adayocomadapter-CommunicationManager: onUpstreamReceive mPropertyId 0x214020df
12-30 10:07:05.259   398   464 D adayocomadapter-CommunicationManager: onUpstreamReceive mPropertyId 0x214020e4
12-30 10:07:05.259   398   464 D adayocomadapter-CommunicationManager: convertBytesToInt32Memcpy  0
12-30 10:07:05.259   398   464 I vw-vhal : notifyVehicleProperty, propId = 0x214020e4, data = {status: 2, int32Values: [0]}
12-30 10:07:05.259   398   464 I vw-vhal : CanSignalsAdapter::notifyVehicleProperty: solvedValue = {.timestamp = 5361081600303, .areaId = 0, .prop = 557850852, .status = AVAILABLE, .value = {.int32Values = [1]{0}, .floatValues = [0]{}, .int64Values = [0]{}, .bytes = [0]{}, .stringValue = ""}}
12-30 10:07:05.259   398   464 I VehiclePropertyStore: begin to write value to Store: {.timestamp = 5361081600303, .areaId = 0, .prop = 557850852, .status = AVAILABLE, .value = {.int32Values = [1]{0}, .floatValues = [0]{}, .int64Values = [0]{}, .bytes = [0]{}, .stringValue = ""}}
12-30 10:07:05.259   398   464 I DefaultVehicleHal_v2_0: DefaultVehicleHal::onPropertyValue, value:{.timestamp = 5361081600303, .areaId = 0, .prop = 557850852, .status = AVAILABLE, .value = {.int32Values = [1]{0}, .floatValues = [0]{}, .int64Values = [0]{}, .bytes = [0]{}, .stringValue = ""}}
12-30 10:07:05.259   398   464 D DiagPropHandler: is not DiagnosticConfig: 0x214020e4
12-30 10:07:05.259   398   464 I VehiclePropertyStore: begin to write value to Store: {.timestamp = 5361081600303, .areaId = 0, .prop = 557850852, .status = AVAILABLE, .value = {.int32Values = [1]{0}, .floatValues = [0]{}, .int64Values = [0]{}, .bytes = [0]{}, .stringValue = ""}}
12-30 10:07:05.259   398   464 D adayocomadapter-CommunicationManager: onUpstreamReceive mPropertyId 0x214020e4
12-30 10:07:05.261  2358  2623 D RcfController: Rcf proxy is not connected!
12-30 10:07:05.272   596  3076 E WifiHAL : Invalid data received from driver
12-30 10:07:05.272   360   931 D EvsDriver: forwardFrame
12-30 10:07:05.272   360   931 D EvsDriver: forwardFrameDirect
12-30 10:07:05.272   360   931 D EvsDriver: Delivered 0xb400e2ca9e40d4b0 as id 1
12-30 10:07:05.272   359  2784 D evsmanagerd: /dev/video-evs0 forwarded the buffer #1 to 0xb400f125d2b26dd0 from 0xb400f125e2b20710
12-30 10:07:05.278   798 13949 W adbd    : timed out while waiting for FUNCTIONFS_BIND, trying again
12-30 10:07:05.278   798 13949 I adbd    : UsbFfs: connection terminated: monitor thread finished
12-30 10:07:05.278   798   798 I adbd    : UsbFfs: already offline
12-30 10:07:05.278   798   798 I adbd    : destroying transport UsbFfs
12-30 10:07:05.278   798   798 I adbd    : UsbFfsConnection being destroyed
12-30 10:07:05.280   360   458 D EvsDriver: doneWithFrame
12-30 10:07:05.294   596  3076 E WifiHAL : Invalid data received from driver
12-30 10:07:05.301   596  3076 E WifiHAL : Invalid data received from driver
12-30 10:07:05.301   596  3076 E WifiHAL : Invalid data received from driver
12-30 10:07:05.305   360   931 D EvsDriver: forwardFrame
12-30 10:07:05.305   360   931 D EvsDriver: forwardFrameDirect
12-30 10:07:05.306   360   931 D EvsDriver: Delivered 0xb400e2ca9e40c2d0 as id 0
12-30 10:07:05.306   359  2784 D evsmanagerd: /dev/video-evs0 forwarded the buffer #0 to 0xb400f125d2b26dd0 from 0xb400f125e2b20710
12-30 10:07:05.310   360   458 D EvsDriver: doneWithFrame
12-30 10:07:05.311  2358  2623 D RcfController: Rcf proxy is not connected!
12-30 10:07:05.330   798   838 I adbd    : opening control endpoint /dev/usb-ffs/adb/ep0
12-30 10:07:05.331   798   838 I adbd    : UsbFfsConnection constructed
12-30 10:07:05.331   798 13963 I adbd    : UsbFfs-monitor thread spawned
12-30 10:07:05.333 13962 13962 I ADAYO_LOG_TRACE_LOGCAT: file_path:/mnt/sdcard/AndroidLog/logcat/logcat_2025_12_30_10_07_04_741-13.txt
01-01 09:29:22.340   838   838 I         : read descriptors
01-01 09:29:22.340   838   838 I         : read strings
12-30 10:07:05.339   360   931 D EvsDriver: forwardFrame
12-30 10:07:05.339   360   931 D EvsDriver: forwardFrameDirect
12-30 10:07:05.339   360   931 D EvsDriver: Delivered 0xb400e2ca9e40d090 as id 1
12-30 10:07:05.339   359  2784 D evsmanagerd: /dev/video-evs0 forwarded the buffer #1 to 0xb400f125d2b26dd0 from 0xb400f125e2b20710
12-30 10:07:05.341   360   458 D EvsDriver: doneWithFrame
12-30 10:07:05.353   596  3076 E WifiHAL : Invalid data received from driver
12-30 10:07:05.357   650   729 D fgemcucomm: sd Uart data : 6AA602A784000292023D
12-30 10:07:05.358   650   729 D fgemcucomm: rev uart=44372,len=20, data : 6AA681A784000C920200050000000000000000AF
12-30 10:07:05.358   398  2883 D adayocomadapter-ParseProtocolFunc: printRaWMsg Name[MCUToUPstream recv] len[12] data[920200050000000000000000]
12-30 10:07:05.358   398  2883 D adayocomadapter-CommunicationManager: onUpstreamback   member[0] dataLength[9] timePoint[5361180]
12-30 10:07:05.358   398  2883 D adayocomadapter-ParseProtocolFunc: printRaWMsg Name[onUpstreamback] len[9] data[050000000000000000]
12-30 10:07:05.358   398   464 D adayocomadapter-UpstreamHandler: processBeforePacket upSreamtProcessTimePoint[5361180] 
12-30 10:07:05.358   398   464 D adayocomadapter-UpstreamHandler: processPacket UPSTREAM_QUEUE_DATA_TIMEOUT
12-30 10:07:05.358   398   464 D adayocomadapter-ParseProtocolFunc: parseCommonIPCLBytes Processing tableNumber[5]
12-30 10:07:05.358   398   464 D adayocomadapter-ParseProtocolFunc: parseCommonIPCLBytes Processing tablename[Table-5] tableSize[9]
12-30 10:07:05.358   398   464 D adayocomadapter-ParseProtocolFunc: printRaWMsg Name[byteStream recv] len[9] data[050000000000000000]
12-30 10:07:05.358   398   464 D adayocomadapter-ParseProtocolFunc: printRaWMsg Name[IPCLtoVHAL] len[7] data[21402134000000]
12-30 10:07:05.358   398   464 D adayocomadapter-ParseProtocolFunc: printRaWMsg Name[IPCLtoVHAL] len[7] data[21402135000000]
12-30 10:07:05.358   398   464 D adayocomadapter-ParseProtocolFunc: printRaWMsg Name[IPCLtoVHAL] len[7] data[21402136000000]
12-30 10:07:05.358   398   464 D adayocomadapter-ParseProtocolFunc: printRaWMsg Name[IPCLtoVHAL] len[7] data[21402137000000]
12-30 10:07:05.358   398   464 D adayocomadapter-CommunicationManager: onUpstreamReceive mPropertyId 0x21402134
12-30 10:07:05.358   398   464 D adayocomadapter-CommunicationManager: convertBytesToInt32Memcpy  0
12-30 10:07:05.358   398   464 I vw-vhal : notifyVehicleProperty, propId = 0x21402134, data = {status: 2, int32Values: [0]}
12-30 10:07:05.358   398   464 I vw-vhal : CanSignalsAdapter::notifyVehicleProperty: solvedValue = {.timestamp = 5361180660303, .areaId = 0, .prop = 557850932, .status = AVAILABLE, .value = {.int32Values = [1]{0}, .floatValues = [0]{}, .int64Values = [0]{}, .bytes = [0]{}, .stringValue = ""}}
12-30 10:07:05.358   398   464 I VehiclePropertyStore: begin to write value to Store: {.timestamp = 5361180660303, .areaId = 0, .prop = 557850932, .status = AVAILABLE, .value = {.int32Values = [1]{0}, .floatValues = [0]{}, .int64Values = [0]{}, .bytes = [0]{}, .stringValue = ""}}
12-30 10:07:05.358   398   464 I DefaultVehicleHal_v2_0: DefaultVehicleHal::onPropertyValue, value:{.timestamp = 5361180660303, .areaId = 0, .prop = 557850932, .status = AVAILABLE, .value = {.int32Values = [1]{0}, .floatValues = [0]{}, .int64Values = [0]{}, .bytes = [0]{}, .stringValue = ""}}
12-30 10:07:05.358   398   464 D DiagPropHandler: is not DiagnosticConfig: 0x21402134
12-30 10:07:05.358   398   464 I VehiclePropertyStore: begin to write value to Store: {.timestamp = 5361180660303, .areaId = 0, .prop = 557850932, .status = AVAILABLE, .value = {.int32Values = [1]{0}, .floatValues = [0]{}, .int64Values = [0]{}, .bytes = [0]{}, .stringValue = ""}}
12-30 10:07:05.358   398   464 D adayocomadapter-CommunicationManager: onUpstreamReceive mPropertyId 0x21402134
12-30 10:07:05.358   398   464 D adayocomadapter-CommunicationManager: onUpstreamReceive mPropertyId 0x21402135
12-30 10:07:05.359   398   464 D adayocomadapter-CommunicationManager: convertBytesToInt32Memcpy  0
12-30 10:07:05.359   398   464 I vw-vhal : notifyVehicleProperty, propId = 0x21402135, data = {status: 2, int32Values: [0]}
12-30 10:07:05.359   398   464 I vw-vhal : CanSignalsAdapter::notifyVehicleProperty: solvedValue = {.timestamp = 5361180903303, .areaId = 0, .prop = 557850933, .status = AVAILABLE, .value = {.int32Values = [1]{0}, .floatValues = [0]{}, .int64Values = [0]{}, .bytes = [0]{}, .stringValue = ""}}
12-30 10:07:05.359   398   464 I VehiclePropertyStore: begin to write value to Store: {.timestamp = 5361180903303, .areaId = 0, .prop = 557850933, .status = AVAILABLE, .value = {.int32Values = [1]{0}, .floatValues = [0]{}, .int64Values = [0]{}, .bytes = [0]{}, .stringValue = ""}}
12-30 10:07:05.359   398   464 I DefaultVehicleHal_v2_0: DefaultVehicleHal::onPropertyValue, value:{.timestamp = 5361180903303, .areaId = 0, .prop = 557850933, .status = AVAILABLE, .value = {.int32Values = [1]{0}, .floatValues = [0]{}, .int64Values = [0]{}, .bytes = [0]{}, .stringValue = ""}}
12-30 10:07:05.359   398   464 D DiagPropHandler: is not DiagnosticConfig: 0x21402135
12-30 10:07:05.359   398   464 I VehiclePropertyStore: begin to write value to Store: {.timestamp = 5361180903303, .areaId = 0, .prop = 557850933, .status = AVAILABLE, .value = {.int32Values = [1]{0}, .floatValues = [0]{}, .int64Values = [0]{}, .bytes = [0]{}, .stringValue = ""}}
12-30 10:07:05.359   398   464 D adayocomadapter-CommunicationManager: onUpstreamReceive mPropertyId 0x21402135
12-30 10:07:05.359   398   464 D adayocomadapter-CommunicationManager: onUpstreamReceive mPropertyId 0x21402136
12-30 10:07:05.359   398   464 D adayocomadapter-CommunicationManager: convertBytesToInt32Memcpy  0
12-30 10:07:05.359   398   464 I vw-vhal : notifyVehicleProperty, propId = 0x21402136, data = {status: 2, int32Values: [0]}
12-30 10:07:05.359   398   464 I vw-vhal : CanSignalsAdapter::notifyVehicleProperty: solvedValue = {.timestamp = 5361181119970, .areaId = 0, .prop = 557850934, .status = AVAILABLE, .value = {.int32Values = [1]{0}, .floatValues = [0]{}, .int64Values = [0]{}, .bytes = [0]{}, .stringValue = ""}}
12-30 10:07:05.359   398   464 I VehiclePropertyStore: begin to write value to Store: {.timestamp = 5361181119970, .areaId = 0, .prop = 557850934, .status = AVAILABLE, .value = {.int32Values = [1]{0}, .floatValues = [0]{}, .int64Values = [0]{}, .bytes = [0]{}, .stringValue = ""}}
12-30 10:07:05.359   398   464 I DefaultVehicleHal_v2_0: DefaultVehicleHal::onPropertyValue, value:{.timestamp = 5361181119970, .areaId = 0, .prop = 557850934, .status = AVAILABLE, .value = {.int32Values = [1]{0}, .floatValues = [0]{}, .int64Values = [0]{}, .bytes = [0]{}, .stringValue = ""}}
12-30 10:07:05.359   398   464 D DiagPropHandler: is not DiagnosticConfig: 0x21402136
12-30 10:07:05.359   398   464 I VehiclePropertyStore: begin to write value to Store: {.timestamp = 5361181119970, .areaId = 0, .prop = 557850934, .status = AVAILABLE, .value = {.int32Values = [1]{0}, .floatValues = [0]{}, .int64Values = [0]{}, .bytes = [0]{}, .stringValue = ""}}
12-30 10:07:05.359   398   464 D adayocomadapter-CommunicationManager: onUpstreamReceive mPropertyId 0x21402136
12-30 10:07:05.359   398   464 D adayocomadapter-CommunicationManager: onUpstreamReceive mPropertyId 0x21402137
12-30 10:07:05.359   398   464 D adayocomadapter-CommunicationManager: convertBytesToInt32Memcpy  0
12-30 10:07:05.359   398   464 I vw-vhal : notifyVehicleProperty, propId = 0x21402137, data = {status: 2, int32Values: [0]}
12-30 10:07:05.359   398   464 I vw-vhal : CanSignalsAdapter::notifyVehicleProperty: solvedValue = {.timestamp = 5361181364303, .areaId = 0, .prop = 557850935, .status = AVAILABLE, .value = {.int32Values = [1]{0}, .floatValues = [0]{}, .int64Values = [0]{}, .bytes = [0]{}, .stringValue = ""}}
12-30 10:07:05.359   398   464 I VehiclePropertyStore: begin to write value to Store: {.timestamp = 5361181364303, .areaId = 0, .prop = 557850935, .status = AVAILABLE, .value = {.int32Values = [1]{0}, .floatValues = [0]{}, .int64Values = [0]{}, .bytes = [0]{}, .stringValue = ""}}
12-30 10:07:05.359   398   464 I DefaultVehicleHal_v2_0: DefaultVehicleHal::onPropertyValue, value:{.timestamp = 5361181364303, .areaId = 0, .prop = 557850935, .status = AVAILABLE, .value = {.int32Values = [1]{0}, .floatValues = [0]{}, .int64Values = [0]{}, .bytes = [0]{}, .stringValue = ""}}
12-30 10:07:05.359   398   464 D DiagPropHandler: is not DiagnosticConfig: 0x21402137
12-30 10:07:05.359   398   464 I VehiclePropertyStore: begin to write value to Store: {.timestamp = 5361181364303, .areaId = 0, .prop = 557850935, .status = AVAILABLE, .value = {.int32Values = [1]{0}, .floatValues = [0]{}, .int64Values = [0]{}, .bytes = [0]{}, .stringValue = ""}}
12-30 10:07:05.359   398   464 D adayocomadapter-CommunicationManager: onUpstreamReceive mPropertyId 0x21402137
12-30 10:07:05.361  2358  2623 D RcfController: Rcf proxy is not connected!
12-30 10:07:05.372   360   931 D EvsDriver: forwardFrame
12-30 10:07:05.372   360   931 D EvsDriver: forwardFrameDirect
12-30 10:07:05.372   360   931 D EvsDriver: Delivered 0xb400e2ca9e40e110 as id 0
12-30 10:07:05.372   359  2784 D evsmanagerd: /dev/video-evs0 forwarded the buffer #0 to 0xb400f125d2b26dd0 from 0xb400f125e2b20710
12-30 10:07:05.381   360   458 D EvsDriver: doneWithFrame
12-30 10:07:05.382 13966 13966 I ADAYO_LOG_TRACE_LOGCAT: folder_size:
12-30 10:07:05.405  1667  2594 W ContextImpl: Calling a method in the system process without a qualified user: android.app.ContextImpl.bindService:1988 android.content.ContextWrapper.bindService:861 com.ford.sync.fnvservice.FordFnv.c:202 com.ford.sync.fnvservice.FordFnv.c:43 com.ford.sync.fnvservice.FordFnv$RetryHandler.handleMessage:245 
12-30 10:07:05.405   360   931 D EvsDriver: forwardFrame
12-30 10:07:05.405   360   931 D EvsDriver: forwardFrameDirect
12-30 10:07:05.406   360   931 D EvsDriver: Delivered 0xb400e2ca9e40c7a0 as id 1
12-30 10:07:05.406   916  1492 W ActivityManager: Unable to start service Intent { cmp=com.ford.sync.fnvservice/.FordFnvService } U=0: not found
12-30 10:07:05.406   359  2784 D evsmanagerd: /dev/video-evs0 forwarded the buffer #1 to 0xb400f125d2b26dd0 from 0xb400f125e2b20710
12-30 10:07:05.406  1667  2594 W FordFnv :  bind ford fnv failed -> sendRetryMessage 
12-30 10:07:05.411   360   458 D EvsDriver: doneWithFrame
12-30 10:07:05.411  2358  2623 D RcfController: Rcf proxy is not connected!
12-30 10:07:05.439   360   931 D EvsDriver: forwardFrame
12-30 10:07:05.439   360   931 D EvsDriver: forwardFrameDirect
12-30 10:07:05.439   360   931 D EvsDriver: Delivered 0xb400e2ca9e40e270 as id 0
12-30 10:07:05.439   359  2784 D evsmanagerd: /dev/video-evs0 forwarded the buffer #0 to 0xb400f125d2b26dd0 from 0xb400f125e2b20710
12-30 10:07:05.442   360   458 D EvsDriver: doneWithFrame
12-30 10:07:05.461   596  3076 E WifiHAL : Invalid data received from driver
12-30 10:07:05.462  2358  2623 D RcfController: Rcf proxy is not connected!
12-30 10:07:05.472   360   931 D EvsDriver: forwardFrame
12-30 10:07:05.472   360   931 D EvsDriver: forwardFrameDirect
12-30 10:07:05.472   360   931 D EvsDriver: Delivered 0xb400e2ca9e40d4b0 as id 1
12-30 10:07:05.472   359  2784 D evsmanagerd: /dev/video-evs0 forwarded the buffer #1 to 0xb400f125d2b26dd0 from 0xb400f125e2b20710
12-30 10:07:05.482  2310  2804 D FuseDaemon: Node: 12970642256212311504 created.
12-30 10:07:05.482   360   458 D EvsDriver: doneWithFrame
12-30 10:07:05.505   360   931 D EvsDriver: forwardFrame
12-30 10:07:05.505   360   931 D EvsDriver: forwardFrameDirect
12-30 10:07:05.506   360   931 D EvsDriver: Delivered 0xb400e2ca9e40c2d0 as id 0
12-30 10:07:05.506   359  2784 D evsmanagerd: /dev/video-evs0 forwarded the buffer #0 to 0xb400f125d2b26dd0 from 0xb400f125e2b20710
12-30 10:07:05.512  2358  2623 D RcfController: Rcf proxy is not connected!
12-30 10:07:05.512   360   458 D EvsDriver: doneWithFrame
12-30 10:07:05.539   360   931 D EvsDriver: forwardFrame
12-30 10:07:05.539   360   931 D EvsDriver: forwardFrameDirect
12-30 10:07:05.539   360   931 D EvsDriver: Delivered 0xb400e2ca9e40d090 as id 1
12-30 10:07:05.539   359  2784 D evsmanagerd: /dev/video-evs0 forwarded the buffer #1 to 0xb400f125d2b26dd0 from 0xb400f125e2b20710
12-30 10:07:05.543   360   458 D EvsDriver: doneWithFrame
12-30 10:07:05.548   650   729 D fgemcucomm: sd Uart data : 6AA602A785000292023C
12-30 10:07:05.548   650   729 D fgemcucomm: rev uart=44373,len=23, data : 6AA681A785000F9202001500000000000000000000009B
12-30 10:07:05.548   398  2883 D adayocomadapter-ParseProtocolFunc: printRaWMsg Name[MCUToUPstream recv] len[15] data[920200150000000000000000000000]
12-30 10:07:05.548   398  2883 D adayocomadapter-CommunicationManager: onUpstreamback   member[0] dataLength[12] timePoint[5361370]
12-30 10:07:05.548   398  2883 D adayocomadapter-ParseProtocolFunc: printRaWMsg Name[onUpstreamback] len[12] data[150000000000000000000000]
12-30 10:07:05.548   398   464 D adayocomadapter-UpstreamHandler: processBeforePacket upSreamtProcessTimePoint[5361370] 
12-30 10:07:05.548   398   464 D adayocomadapter-UpstreamHandler: processPacket UPSTREAM_QUEUE_DATA_TIMEOUT
12-30 10:07:05.548   398   464 D adayocomadapter-ParseProtocolFunc: parseCommonIPCLBytes Processing tableNumber[21]
12-30 10:07:05.548   398   464 D adayocomadapter-ParseProtocolFunc: parseCommonIPCLBytes Processing tablename[Table-21] tableSize[12]
12-30 10:07:05.548   398   464 D adayocomadapter-ParseProtocolFunc: printRaWMsg Name[byteStream recv] len[12] data[150000000000000000000000]
12-30 10:07:05.548   398   464 D adayocomadapter-ParseProtocolFunc: printRaWMsg Name[IPCLtoVHAL] len[6] data[2140208B0000]
12-30 10:07:05.548   398   464 D adayocomadapter-ParseProtocolFunc: printRaWMsg Name[IPCLtoVHAL] len[6] data[214021930000]
12-30 10:07:05.548   398   464 D adayocomadapter-ParseProtocolFunc: printRaWMsg Name[IPCLtoVHAL] len[6] data[2140208C0000]
12-30 10:07:05.548   398   464 D adayocomadapter-ParseProtocolFunc: printRaWMsg Name[IPCLtoVHAL] len[6] data[214021940000]
12-30 10:07:05.548   398   464 D adayocomadapter-ParseProtocolFunc: printRaWMsg Name[IPCLtoVHAL] len[6] data[2140208D0000]
12-30 10:07:05.548   398   464 D adayocomadapter-ParseProtocolFunc: printRaWMsg Name[IPCLtoVHAL] len[6] data[214021950000]
12-30 10:07:05.548   398   464 D adayocomadapter-ParseProtocolFunc: printRaWMsg Name[IPCLtoVHAL] len[6] data[214021920000]
12-30 10:07:05.548   398   464 D adayocomadapter-ParseProtocolFunc: printRaWMsg Name[IPCLtoVHAL] len[6] data[2140208A0000]
12-30 10:07:05.548   398   464 D adayocomadapter-ParseProtocolFunc: printRaWMsg Name[IPCLtoVHAL] len[6] data[214021960000]
12-30 10:07:05.548   398   464 D adayocomadapter-ParseProtocolFunc: printRaWMsg Name[IPCLtoVHAL] len[6] data[214021970000]
12-30 10:07:05.548   398   464 D adayocomadapter-ParseProtocolFunc: printRaWMsg Name[IPCLtoVHAL] len[6] data[214021990000]
12-30 10:07:05.549   398   464 D adayocomadapter-CommunicationManager: onUpstreamReceive mPropertyId 0x2140208b
12-30 10:07:05.549   398   464 D adayocomadapter-CommunicationManager: convertBytesToInt32Memcpy  0
12-30 10:07:05.549   398   464 I vw-vhal : notifyVehicleProperty, propId = 0x2140208b, data = {status: 2, int32Values: [0]}
12-30 10:07:05.549   398   464 I vw-vhal : CanSignalsAdapter::notifyVehicleProperty: solvedValue = {.timestamp = 5361370949970, .areaId = 0, .prop = 557850763, .status = AVAILABLE, .value = {.int32Values = [1]{0}, .floatValues = [0]{}, .int64Values = [0]{}, .bytes = [0]{}, .stringValue = ""}}
12-30 10:07:05.549   398   464 I VehiclePropertyStore: begin to write value to Store: {.timestamp = 5361370949970, .areaId = 0, .prop = 557850763, .status = AVAILABLE, .value = {.int32Values = [1]{0}, .floatValues = [0]{}, .int64Values = [0]{}, .bytes = [0]{}, .stringValue = ""}}
12-30 10:07:05.549   398   464 I DefaultVehicleHal_v2_0: DefaultVehicleHal::onPropertyValue, value:{.timestamp = 5361370949970, .areaId = 0, .prop = 557850763, .status = AVAILABLE, .value = {.int32Values = [1]{0}, .floatValues = [0]{}, .int64Values = [0]{}, .bytes = [0]{}, .stringValue = ""}}
12-30 10:07:05.549   398   464 D DiagPropHandler: is not DiagnosticConfig: 0x2140208b
12-30 10:07:05.549   398   464 I VehiclePropertyStore: begin to write value to Store: {.timestamp = 5361370949970, .areaId = 0, .prop = 557850763, .status = AVAILABLE, .value = {.int32Values = [1]{0}, .floatValues = [0]{}, .int64Values = [0]{}, .bytes = [0]{}, .stringValue = ""}}
12-30 10:07:05.549   398   464 D adayocomadapter-CommunicationManager: onUpstreamReceive mPropertyId 0x2140208b
12-30 10:07:05.549   398   464 D adayocomadapter-CommunicationManager: onUpstreamReceive mPropertyId 0x21402193
12-30 10:07:05.549   398   464 D adayocomadapter-CommunicationManager: convertBytesToInt32Memcpy  0
12-30 10:07:05.549   398   464 I vw-vhal : notifyVehicleProperty, propId = 0x21402193, data = {status: 2, int32Values: [0]}
12-30 10:07:05.549   398   464 I vw-vhal : CanSignalsAdapter::notifyVehicleProperty: solvedValue = {.timestamp = 5361371196303, .areaId = 0, .prop = 557851027, .status = AVAILABLE, .value = {.int32Values = [1]{0}, .floatValues = [0]{}, .int64Values = [0]{}, .bytes = [0]{}, .stringValue = ""}}
12-30 10:07:05.549   398   464 I VehiclePropertyStore: begin to write value to Store: {.timestamp = 5361371196303, .areaId = 0, .prop = 557851027, .status = AVAILABLE, .value = {.int32Values = [1]{0}, .floatValues = [0]{}, .int64Values = [0]{}, .bytes = [0]{}, .stringValue = ""}}
12-30 10:07:05.549   398   464 I DefaultVehicleHal_v2_0: DefaultVehicleHal::onPropertyValue, value:{.timestamp = 5361371196303, .areaId = 0, .prop = 557851027, .status = AVAILABLE, .value = {.int32Values = [1]{0}, .floatValues = [0]{}, .int64Values = [0]{}, .bytes = [0]{}, .stringValue = ""}}
12-30 10:07:05.549   398   464 D DiagPropHandler: is not DiagnosticConfig: 0x21402193
12-30 10:07:05.549   398   464 I VehiclePropertyStore: begin to write value to Store: {.timestamp = 5361371196303, .areaId = 0, .prop = 557851027, .status = AVAILABLE, .value = {.int32Values = [1]{0}, .floatValues = [0]{}, .int64Values = [0]{}, .bytes = [0]{}, .stringValue = ""}}
12-30 10:07:05.549   398   464 D adayocomadapter-CommunicationManager: onUpstreamReceive mPropertyId 0x21402193
12-30 10:07:05.549   398   464 D adayocomadapter-CommunicationManager: onUpstreamReceive mPropertyId 0x2140208c
12-30 10:07:05.549   398   464 D adayocomadapter-CommunicationManager: convertBytesToInt32Memcpy  0
12-30 10:07:05.549   398   464 I vw-vhal : notifyVehicleProperty, propId = 0x2140208c, data = {status: 2, int32Values: [0]}
12-30 10:07:05.549   398   464 I vw-vhal : CanSignalsAdapter::notifyVehicleProperty: solvedValue = {.timestamp = 5361371416303, .areaId = 0, .prop = 557850764, .status = AVAILABLE, .value = {.int32Values = [1]{0}, .floatValues = [0]{}, .int64Values = [0]{}, .bytes = [0]{}, .stringValue = ""}}
12-30 10:07:05.549   398   464 I VehiclePropertyStore: begin to write value to Store: {.timestamp = 5361371416303, .areaId = 0, .prop = 557850764, .status = AVAILABLE, .value = {.int32Values = [1]{0}, .floatValues = [0]{}, .int64Values = [0]{}, .bytes = [0]{}, .stringValue = ""}}
12-30 10:07:05.549   398   464 I DefaultVehicleHal_v2_0: DefaultVehicleHal::onPropertyValue, value:{.timestamp = 5361371416303, .areaId = 0, .prop = 557850764, .status = AVAILABLE, .value = {.int32Values = [1]{0}, .floatValues = [0]{}, .int64Values = [0]{}, .bytes = [0]{}, .stringValue = ""}}
12-30 10:07:05.549   398   464 D DiagPropHandler: is not DiagnosticConfig: 0x2140208c
12-30 10:07:05.549   398   464 I VehiclePropertyStore: begin to write value to Store: {.timestamp = 5361371416303, .areaId = 0, .prop = 557850764, .status = AVAILABLE, .value = {.int32Values = [1]{0}, .floatValues = [0]{}, .int64Values = [0]{}, .bytes = [0]{}, .stringValue = ""}}
12-30 10:07:05.549   398   464 D adayocomadapter-CommunicationManager: onUpstreamReceive mPropertyId 0x2140208c
12-30 10:07:05.549   398   464 D adayocomadapter-CommunicationManager: onUpstreamReceive mPropertyId 0x21402194
12-30 10:07:05.549   398   464 D adayocomadapter-CommunicationManager: convertBytesToInt32Memcpy  0
12-30 10:07:05.549   398   464 I vw-vhal : notifyVehicleProperty, propId = 0x21402194, data = {status: 2, int32Values: [0]}
12-30 10:07:05.549   398   464 I vw-vhal : CanSignalsAdapter::notifyVehicleProperty: solvedValue = {.timestamp = 5361371624637, .areaId = 0, .prop = 557851028, .status = AVAILABLE, .value = {.int32Values = [1]{0}, .floatValues = [0]{}, .int64Values = [0]{}, .bytes = [0]{}, .stringValue = ""}}
12-30 10:07:05.549   398   464 I VehiclePropertyStore: begin to write value to Store: {.timestamp = 5361371624637, .areaId = 0, .prop = 557851028, .status = AVAILABLE, .value = {.int32Values = [1]{0}, .floatValues = [0]{}, .int64Values = [0]{}, .bytes = [0]{}, .stringValue = ""}}
12-30 10:07:05.549   398   464 I DefaultVehicleHal_v2_0: DefaultVehicleHal::onPropertyValue, value:{.timestamp = 5361371624637, .areaId = 0, .prop = 557851028, .status = AVAILABLE, .value = {.int32Values = [1]{0}, .floatValues = [0]{}, .int64Values = [0]{}, .bytes = [0]{}, .stringValue = ""}}
12-30 10:07:05.549   398   464 D DiagPropHandler: is not DiagnosticConfig: 0x21402194
12-30 10:07:05.549   398   464 I VehiclePropertyStore: begin to write value to Store: {.timestamp = 5361371624637, .areaId = 0, .prop = 557851028, .status = AVAILABLE, .value = {.int32Values = [1]{0}, .floatValues = [0]{}, .int64Values = [0]{}, .bytes = [0]{}, .stringValue = ""}}
12-30 10:07:05.549   398   464 D adayocomadapter-CommunicationManager: onUpstreamReceive mPropertyId 0x21402194
12-30 10:07:05.549   398   464 D adayocomadapter-CommunicationManager: onUpstreamReceive mPropertyId 0x2140208d
12-30 10:07:05.549   398   464 D adayocomadapter-CommunicationManager: convertBytesToInt32Memcpy  0
12-30 10:07:05.549   398   464 I vw-vhal : notifyVehicleProperty, propId = 0x2140208d, data = {status: 2, int32Values: [0]}
12-30 10:07:05.549   398   464 I vw-vhal : CanSignalsAdapter::notifyVehicleProperty: solvedValue = {.timestamp = 5361371829303, .areaId = 0, .prop = 557850765, .status = AVAILABLE, .value = {.int32Values = [1]{0}, .floatValues = [0]{}, .int64Values = [0]{}, .bytes = [0]{}, .stringValue = ""}}
12-30 10:07:05.550   398   464 I VehiclePropertyStore: begin to write value to Store: {.timestamp = 5361371829303, .areaId = 0, .prop = 557850765, .status = AVAILABLE, .value = {.int32Values = [1]{0}, .floatValues = [0]{}, .int64Values = [0]{}, .bytes = [0]{}, .stringValue = ""}}
12-30 10:07:05.550   398   464 I DefaultVehicleHal_v2_0: DefaultVehicleHal::onPropertyValue, value:{.timestamp = 5361371829303, .areaId = 0, .prop = 557850765, .status = AVAILABLE, .value = {.int32Values = [1]{0}, .floatValues = [0]{}, .int64Values = [0]{}, .bytes = [0]{}, .stringValue = ""}}
12-30 10:07:05.550   398   464 D DiagPropHandler: is not DiagnosticConfig: 0x2140208d
12-30 10:07:05.550   398   464 I VehiclePropertyStore: begin to write value to Store: {.timestamp = 5361371829303, .areaId = 0, .prop = 557850765, .status = AVAILABLE, .value = {.int32Values = [1]{0}, .floatValues = [0]{}, .int64Values = [0]{}, .bytes = [0]{}, .stringValue = ""}}
12-30 10:07:05.550   398   464 D adayocomadapter-CommunicationManager: onUpstreamReceive mPropertyId 0x2140208d
12-30 10:07:05.550   398   464 D adayocomadapter-CommunicationManager: onUpstreamReceive mPropertyId 0x21402195
12-30 10:07:05.550   398   464 D adayocomadapter-CommunicationManager: convertBytesToInt32Memcpy  0
12-30 10:07:05.550   398   464 I vw-vhal : notifyVehicleProperty, propId = 0x21402195, data = {status: 2, int32Values: [0]}
12-30 10:07:05.550   398   464 I vw-vhal : CanSignalsAdapter::notifyVehicleProperty: solvedValue = {.timestamp = 5361372187637, .areaId = 0, .prop = 557851029, .status = AVAILABLE, .value = {.int32Values = [1]{0}, .floatValues = [0]{}, .int64Values = [0]{}, .bytes = [0]{}, .stringValue = ""}}
12-30 10:07:05.550   398   464 I VehiclePropertyStore: begin to write value to Store: {.timestamp = 5361372187637, .areaId = 0, .prop = 557851029, .status = AVAILABLE, .value = {.int32Values = [1]{0}, .floatValues = [0]{}, .int64Values = [0]{}, .bytes = [0]{}, .stringValue = ""}}
12-30 10:07:05.550   398   464 I DefaultVehicleHal_v2_0: DefaultVehicleHal::onPropertyValue, value:{.timestamp = 5361372187637, .areaId = 0, .prop = 557851029, .status = AVAILABLE, .value = {.int32Values = [1]{0}, .floatValues = [0]{}, .int64Values = [0]{}, .bytes = [0]{}, .stringValue = ""}}
12-30 10:07:05.550   398   464 D DiagPropHandler: is not DiagnosticConfig: 0x21402195
12-30 10:07:05.550   398   464 I VehiclePropertyStore: begin to write value to Store: {.timestamp = 5361372187637, .areaId = 0, .prop = 557851029, .status = AVAILABLE, .value = {.int32Values = [1]{0}, .floatValues = [0]{}, .int64Values = [0]{}, .bytes = [0]{}, .stringValue = ""}}
12-30 10:07:05.550   398   464 D adayocomadapter-CommunicationManager: onUpstreamReceive mPropertyId 0x21402195
12-30 10:07:05.550   398   464 D adayocomadapter-CommunicationManager: onUpstreamReceive mPropertyId 0x21402192
12-30 10:07:05.550   398   464 D adayocomadapter-CommunicationManager: convertBytesToInt32Memcpy  0
12-30 10:07:05.550   398   464 I vw-vhal : notifyVehicleProperty, propId = 0x21402192, data = {status: 2, int32Values: [0]}
12-30 10:07:05.550   398   464 I vw-vhal : CanSignalsAdapter::notifyVehicleProperty: solvedValue = {.timestamp = 5361372443303, .areaId = 0, .prop = 557851026, .status = AVAILABLE, .value = {.int32Values = [1]{0}, .floatValues = [0]{}, .int64Values = [0]{}, .bytes = [0]{}, .stringValue = ""}}
12-30 10:07:05.550   398   464 I VehiclePropertyStore: begin to write value to Store: {.timestamp = 5361372443303, .areaId = 0, .prop = 557851026, .status = AVAILABLE, .value = {.int32Values = [1]{0}, .floatValues = [0]{}, .int64Values = [0]{}, .bytes = [0]{}, .stringValue = ""}}
12-30 10:07:05.550   398   464 I DefaultVehicleHal_v2_0: DefaultVehicleHal::onPropertyValue, value:{.timestamp = 5361372443303, .areaId = 0, .prop = 557851026, .status = AVAILABLE, .value = {.int32Values = [1]{0}, .floatValues = [0]{}, .int64Values = [0]{}, .bytes = [0]{}, .stringValue = ""}}
12-30 10:07:05.550   398   464 D DiagPropHandler: is not DiagnosticConfig: 0x21402192
12-30 10:07:05.550   398   464 I VehiclePropertyStore: begin to write value to Store: {.timestamp = 5361372443303, .areaId = 0, .prop = 557851026, .status = AVAILABLE, .value = {.int32Values = [1]{0}, .floatValues = [0]{}, .int64Values = [0]{}, .bytes = [0]{}, .stringValue = ""}}
12-30 10:07:05.550   398   464 D adayocomadapter-CommunicationManager: onUpstreamReceive mPropertyId 0x21402192
12-30 10:07:05.550   398   464 D adayocomadapter-CommunicationManager: onUpstreamReceive mPropertyId 0x2140208a
12-30 10:07:05.550   398   464 D adayocomadapter-CommunicationManager: convertBytesToInt32Memcpy  0
12-30 10:07:05.550   398   464 I vw-vhal : notifyVehicleProperty, propId = 0x2140208a, data = {status: 2, int32Values: [0]}
12-30 10:07:05.550   398   464 I vw-vhal : CanSignalsAdapter::notifyVehicleProperty: solvedValue = {.timestamp = 5361372686637, .areaId = 0, .prop = 557850762, .status = AVAILABLE, .value = {.int32Values = [1]{0}, .floatValues = [0]{}, .int64Values = [0]{}, .bytes = [0]{}, .stringValue = ""}}
12-30 10:07:05.550   398   464 I VehiclePropertyStore: begin to write value to Store: {.timestamp = 5361372686637, .areaId = 0, .prop = 557850762, .status = AVAILABLE, .value = {.int32Values = [1]{0}, .floatValues = [0]{}, .int64Values = [0]{}, .bytes = [0]{}, .stringValue = ""}}
12-30 10:07:05.550   398   464 I DefaultVehicleHal_v2_0: DefaultVehicleHal::onPropertyValue, value:{.timestamp = 5361372686637, .areaId = 0, .prop = 557850762, .status = AVAILABLE, .value = {.int32Values = [1]{0}, .floatValues = [0]{}, .int64Values = [0]{}, .bytes = [0]{}, .stringValue = ""}}
12-30 10:07:05.550   398   464 D DiagPropHandler: is not DiagnosticConfig: 0x2140208a
12-30 10:07:05.550   398   464 I VehiclePropertyStore: begin to write value to Store: {.timestamp = 5361372686637, .areaId = 0, .prop = 557850762, .status = AVAILABLE, .value = {.int32Values = [1]{0}, .floatValues = [0]{}, .int64Values = [0]{}, .bytes = [0]{}, .stringValue = ""}}
12-30 10:07:05.550   398   464 D adayocomadapter-CommunicationManager: onUpstreamReceive mPropertyId 0x2140208a
12-30 10:07:05.550   398   464 D adayocomadapter-CommunicationManager: onUpstreamReceive mPropertyId 0x21402196
12-30 10:07:05.550   398   464 D adayocomadapter-CommunicationManager: convertBytesToInt32Memcpy  0
12-30 10:07:05.551   398   464 I vw-vhal : notifyVehicleProperty, propId = 0x21402196, data = {status: 2, int32Values: [0]}
12-30 10:07:05.551   398   464 I vw-vhal : CanSignalsAdapter::notifyVehicleProperty: solvedValue = {.timestamp = 5361372892970, .areaId = 0, .prop = 557851030, .status = AVAILABLE, .value = {.int32Values = [1]{0}, .floatValues = [0]{}, .int64Values = [0]{}, .bytes = [0]{}, .stringValue = ""}}
12-30 10:07:05.551   398   464 I VehiclePropertyStore: begin to write value to Store: {.timestamp = 5361372892970, .areaId = 0, .prop = 557851030, .status = AVAILABLE, .value = {.int32Values = [1]{0}, .floatValues = [0]{}, .int64Values = [0]{}, .bytes = [0]{}, .stringValue = ""}}
12-30 10:07:05.551   398   464 I DefaultVehicleHal_v2_0: DefaultVehicleHal::onPropertyValue, value:{.timestamp = 5361372892970, .areaId = 0, .prop = 557851030, .status = AVAILABLE, .value = {.int32Values = [1]{0}, .floatValues = [0]{}, .int64Values = [0]{}, .bytes = [0]{}, .stringValue = ""}}
12-30 10:07:05.551   398   464 D DiagPropHandler: is not DiagnosticConfig: 0x21402196
12-30 10:07:05.551   398   464 I VehiclePropertyStore: begin to write value to Store: {.timestamp = 5361372892970, .areaId = 0, .prop = 557851030, .status = AVAILABLE, .value = {.int32Values = [1]{0}, .floatValues = [0]{}, .int64Values = [0]{}, .bytes = [0]{}, .stringValue = ""}}
12-30 10:07:05.551   398   464 D adayocomadapter-CommunicationManager: onUpstreamReceive mPropertyId 0x21402196
12-30 10:07:05.551   398   464 D adayocomadapter-CommunicationManager: onUpstreamReceive mPropertyId 0x21402197
