12-30 11:33:15.421   398   464 I VehiclePropertyStore: begin to write value to Store: {.timestamp = 10531243339253, .areaId = 0, .prop = 557850690, .status = AVAILABLE, .value = {.int32Values = [1]{0}, .floatValues = [0]{}, .int64Values = [0]{}, .bytes = [0]{}, .stringValue = ""}}
12-30 11:33:15.421   398   464 I DefaultVehicleHal_v2_0: DefaultVehicleHal::onPropertyValue, value:{.timestamp = 10531243339253, .areaId = 0, .prop = 557850690, .status = AVAILABLE, .value = {.int32Values = [1]{0}, .floatValues = [0]{}, .int64Values = [0]{}, .bytes = [0]{}, .stringValue = ""}}
12-30 11:33:15.421   398   464 D DiagPropHandler: is not DiagnosticConfig: 0x21402042
12-30 11:33:15.421   398   464 I VehiclePropertyStore: begin to write value to Store: {.timestamp = 10531243339253, .areaId = 0, .prop = 557850690, .status = AVAILABLE, .value = {.int32Values = [1]{0}, .floatValues = [0]{}, .int64Values = [0]{}, .bytes = [0]{}, .stringValue = ""}}
12-30 11:33:15.421   398   464 D adayocomadapter-CommunicationManager: onUpstreamReceive mPropertyId 0x21402042
12-30 11:33:15.421   398   464 D adayocomadapter-CommunicationManager: onUpstreamReceive mPropertyId 0x21402039
12-30 11:33:15.421   398   464 D adayocomadapter-CommunicationManager: convertBytesToInt32Memcpy  0
12-30 11:33:15.421   398   464 I vw-vhal : notifyVehicleProperty, propId = 0x21402039, data = {status: 2, int32Values: [0]}
12-30 11:33:15.421   398   464 I vw-vhal : CanSignalsAdapter::notifyVehicleProperty: solvedValue = {.timestamp = 10531243530253, .areaId = 0, .prop = 557850681, .status = AVAILABLE, .value = {.int32Values = [1]{0}, .floatValues = [0]{}, .int64Values = [0]{}, .bytes = [0]{}, .stringValue = ""}}
12-30 11:33:15.421   398   464 I VehiclePropertyStore: begin to write value to Store: {.timestamp = 10531243530253, .areaId = 0, .prop = 557850681, .status = AVAILABLE, .value = {.int32Values = [1]{0}, .floatValues = [0]{}, .int64Values = [0]{}, .bytes = [0]{}, .stringValue = ""}}
12-30 11:33:15.421   398   464 I DefaultVehicleHal_v2_0: DefaultVehicleHal::onPropertyValue, value:{.timestamp = 10531243530253, .areaId = 0, .prop = 557850681, .status = AVAILABLE, .value = {.int32Values = [1]{0}, .floatValues = [0]{}, .int64Values = [0]{}, .bytes = [0]{}, .stringValue = ""}}
12-30 11:33:15.421   398   464 D DiagPropHandler: is not DiagnosticConfig: 0x21402039
12-30 11:33:15.421   398   464 I VehiclePropertyStore: begin to write value to Store: {.timestamp = 10531243530253, .areaId = 0, .prop = 557850681, .status = AVAILABLE, .value = {.int32Values = [1]{0}, .floatValues = [0]{}, .int64Values = [0]{}, .bytes = [0]{}, .stringValue = ""}}
12-30 11:33:15.421   398   464 D adayocomadapter-CommunicationManager: onUpstreamReceive mPropertyId 0x21402039
12-30 11:33:15.421   398   464 D adayocomadapter-CommunicationManager: onUpstreamReceive mPropertyId 0x2140203d
12-30 11:33:15.421   398   464 D adayocomadapter-CommunicationManager: convertBytesToInt32Memcpy  0
12-30 11:33:15.421   398   464 I vw-vhal : notifyVehicleProperty, propId = 0x2140203d, data = {status: 2, int32Values: [0]}
12-30 11:33:15.421   398   464 I vw-vhal : CanSignalsAdapter::notifyVehicleProperty: solvedValue = {.timestamp = 10531243719920, .areaId = 0, .prop = 557850685, .status = AVAILABLE, .value = {.int32Values = [1]{0}, .floatValues = [0]{}, .int64Values = [0]{}, .bytes = [0]{}, .stringValue = ""}}
12-30 11:33:15.421   398   464 I VehiclePropertyStore: begin to write value to Store: {.timestamp = 10531243719920, .areaId = 0, .prop = 557850685, .status = AVAILABLE, .value = {.int32Values = [1]{0}, .floatValues = [0]{}, .int64Values = [0]{}, .bytes = [0]{}, .stringValue = ""}}
12-30 11:33:15.421   398   464 I DefaultVehicleHal_v2_0: DefaultVehicleHal::onPropertyValue, value:{.timestamp = 10531243719920, .areaId = 0, .prop = 557850685, .status = AVAILABLE, .value = {.int32Values = [1]{0}, .floatValues = [0]{}, .int64Values = [0]{}, .bytes = [0]{}, .stringValue = ""}}
12-30 11:33:15.421   398   464 D DiagPropHandler: is not DiagnosticConfig: 0x2140203d
12-30 11:33:15.421   398   464 I VehiclePropertyStore: begin to write value to Store: {.timestamp = 10531243719920, .areaId = 0, .prop = 557850685, .status = AVAILABLE, .value = {.int32Values = [1]{0}, .floatValues = [0]{}, .int64Values = [0]{}, .bytes = [0]{}, .stringValue = ""}}
12-30 11:33:15.421   398   464 D adayocomadapter-CommunicationManager: onUpstreamReceive mPropertyId 0x2140203d
12-30 11:33:15.422   398   464 D adayocomadapter-CommunicationManager: onUpstreamReceive mPropertyId 0x21402041
12-30 11:33:15.422   398   464 D adayocomadapter-CommunicationManager: convertBytesToInt32Memcpy  0
12-30 11:33:15.422   398   464 I vw-vhal : notifyVehicleProperty, propId = 0x21402041, data = {status: 2, int32Values: [0]}
12-30 11:33:15.422   398   464 I vw-vhal : CanSignalsAdapter::notifyVehicleProperty: solvedValue = {.timestamp = 10531243912586, .areaId = 0, .prop = 557850689, .status = AVAILABLE, .value = {.int32Values = [1]{0}, .floatValues = [0]{}, .int64Values = [0]{}, .bytes = [0]{}, .stringValue = ""}}
12-30 11:33:15.422   398   464 I VehiclePropertyStore: begin to write value to Store: {.timestamp = 10531243912586, .areaId = 0, .prop = 557850689, .status = AVAILABLE, .value = {.int32Values = [1]{0}, .floatValues = [0]{}, .int64Values = [0]{}, .bytes = [0]{}, .stringValue = ""}}
12-30 11:33:15.422   398   464 I DefaultVehicleHal_v2_0: DefaultVehicleHal::onPropertyValue, value:{.timestamp = 10531243912586, .areaId = 0, .prop = 557850689, .status = AVAILABLE, .value = {.int32Values = [1]{0}, .floatValues = [0]{}, .int64Values = [0]{}, .bytes = [0]{}, .stringValue = ""}}
12-30 11:33:15.422   398   464 D DiagPropHandler: is not DiagnosticConfig: 0x21402041
12-30 11:33:15.422   398   464 I VehiclePropertyStore: begin to write value to Store: {.timestamp = 10531243912586, .areaId = 0, .prop = 557850689, .status = AVAILABLE, .value = {.int32Values = [1]{0}, .floatValues = [0]{}, .int64Values = [0]{}, .bytes = [0]{}, .stringValue = ""}}
12-30 11:33:15.422   398   464 D adayocomadapter-CommunicationManager: onUpstreamReceive mPropertyId 0x21402041
12-30 11:33:15.422   398   464 D adayocomadapter-CommunicationManager: onUpstreamReceive mPropertyId 0x21402045
12-30 11:33:15.422   398   464 D adayocomadapter-CommunicationManager: convertBytesToInt32Memcpy  0
12-30 11:33:15.422   398   464 I vw-vhal : notifyVehicleProperty, propId = 0x21402045, data = {status: 2, int32Values: [0]}
12-30 11:33:15.422   398   464 I vw-vhal : CanSignalsAdapter::notifyVehicleProperty: solvedValue = {.timestamp = 10531244127586, .areaId = 0, .prop = 557850693, .status = AVAILABLE, .value = {.int32Values = [1]{0}, .floatValues = [0]{}, .int64Values = [0]{}, .bytes = [0]{}, .stringValue = ""}}
12-30 11:33:15.422   398   464 I VehiclePropertyStore: begin to write value to Store: {.timestamp = 10531244127586, .areaId = 0, .prop = 557850693, .status = AVAILABLE, .value = {.int32Values = [1]{0}, .floatValues = [0]{}, .int64Values = [0]{}, .bytes = [0]{}, .stringValue = ""}}
12-30 11:33:15.422   398   464 I DefaultVehicleHal_v2_0: DefaultVehicleHal::onPropertyValue, value:{.timestamp = 10531244127586, .areaId = 0, .prop = 557850693, .status = AVAILABLE, .value = {.int32Values = [1]{0}, .floatValues = [0]{}, .int64Values = [0]{}, .bytes = [0]{}, .stringValue = ""}}
12-30 11:33:15.422   398   464 D DiagPropHandler: is not DiagnosticConfig: 0x21402045
12-30 11:33:15.422   398   464 I VehiclePropertyStore: begin to write value to Store: {.timestamp = 10531244127586, .areaId = 0, .prop = 557850693, .status = AVAILABLE, .value = {.int32Values = [1]{0}, .floatValues = [0]{}, .int64Values = [0]{}, .bytes = [0]{}, .stringValue = ""}}
12-30 11:33:15.422   398   464 D adayocomadapter-CommunicationManager: onUpstreamReceive mPropertyId 0x21402045
12-30 11:33:15.422   398   464 D adayocomadapter-CommunicationManager: onUpstreamReceive mPropertyId 0x2140204d
12-30 11:33:15.422   398   464 D adayocomadapter-CommunicationManager: convertBytesToInt32Memcpy  0
12-30 11:33:15.422   398   464 I vw-vhal : notifyVehicleProperty, propId = 0x2140204d, data = {status: 2, int32Values: [0]}
12-30 11:33:15.422   398   464 I vw-vhal : CanSignalsAdapter::notifyVehicleProperty: solvedValue = {.timestamp = 10531244324586, .areaId = 0, .prop = 557850701, .status = AVAILABLE, .value = {.int32Values = [1]{0}, .floatValues = [0]{}, .int64Values = [0]{}, .bytes = [0]{}, .stringValue = ""}}
12-30 11:33:15.422   398   464 I VehiclePropertyStore: begin to write value to Store: {.timestamp = 10531244324586, .areaId = 0, .prop = 557850701, .status = AVAILABLE, .value = {.int32Values = [1]{0}, .floatValues = [0]{}, .int64Values = [0]{}, .bytes = [0]{}, .stringValue = ""}}
12-30 11:33:15.422   398   464 I DefaultVehicleHal_v2_0: DefaultVehicleHal::onPropertyValue, value:{.timestamp = 10531244324586, .areaId = 0, .prop = 557850701, .status = AVAILABLE, .value = {.int32Values = [1]{0}, .floatValues = [0]{}, .int64Values = [0]{}, .bytes = [0]{}, .stringValue = ""}}
12-30 11:33:15.422   398   464 D DiagPropHandler: is not DiagnosticConfig: 0x2140204d
12-30 11:33:15.422   398   464 I VehiclePropertyStore: begin to write value to Store: {.timestamp = 10531244324586, .areaId = 0, .prop = 557850701, .status = AVAILABLE, .value = {.int32Values = [1]{0}, .floatValues = [0]{}, .int64Values = [0]{}, .bytes = [0]{}, .stringValue = ""}}
12-30 11:33:15.422   398   464 D adayocomadapter-CommunicationManager: onUpstreamReceive mPropertyId 0x2140204d
12-30 11:33:15.422   398   464 D adayocomadapter-CommunicationManager: onUpstreamReceive mPropertyId 0x2140220b
12-30 11:33:15.422   398   464 D adayocomadapter-CommunicationManager: convertBytesToInt32Memcpy  0
12-30 11:33:15.422   398   464 I vw-vhal : notifyVehicleProperty, propId = 0x2140220b, data = {status: 2, int32Values: [0]}
12-30 11:33:15.422   398   464 I vw-vhal : CanSignalsAdapter::notifyVehicleProperty: solvedValue = {.timestamp = 10531244513586, .areaId = 0, .prop = 557851147, .status = AVAILABLE, .value = {.int32Values = [1]{0}, .floatValues = [0]{}, .int64Values = [0]{}, .bytes = [0]{}, .stringValue = ""}}
12-30 11:33:15.422   398   464 I VehiclePropertyStore: begin to write value to Store: {.timestamp = 10531244513586, .areaId = 0, .prop = 557851147, .status = AVAILABLE, .value = {.int32Values = [1]{0}, .floatValues = [0]{}, .int64Values = [0]{}, .bytes = [0]{}, .stringValue = ""}}
12-30 11:33:15.422   398   464 I DefaultVehicleHal_v2_0: DefaultVehicleHal::onPropertyValue, value:{.timestamp = 10531244513586, .areaId = 0, .prop = 557851147, .status = AVAILABLE, .value = {.int32Values = [1]{0}, .floatValues = [0]{}, .int64Values = [0]{}, .bytes = [0]{}, .stringValue = ""}}
12-30 11:33:15.422   398   464 D DiagPropHandler: is not DiagnosticConfig: 0x2140220b
12-30 11:33:15.422   398   464 I VehiclePropertyStore: begin to write value to Store: {.timestamp = 10531244513586, .areaId = 0, .prop = 557851147, .status = AVAILABLE, .value = {.int32Values = [1]{0}, .floatValues = [0]{}, .int64Values = [0]{}, .bytes = [0]{}, .stringValue = ""}}
12-30 11:33:15.422   398   464 D adayocomadapter-CommunicationManager: onUpstreamReceive mPropertyId 0x2140220b
12-30 11:33:15.433   916  2815 D InputDispatcher: setInputWindows displayId=0 a3d1c2b MosiCarBottomSystemBar fe7c667 MosiCarTopSystemBar 58b392e com.mosi.mosc.aicenter 69603ba com.fawvw.hmi.usbmusic/com.fawvw.hmi.usbmusic.ui.MainActivity b979fba ActivityRecordInputSink com.fawvw.hmi.usbmusic/.ui.MainActivity 594b861 com.fawvw.hmi.btmusic/com.fawvw.hmi.btmusic.ui.MainActivity baeedf7 ActivityRecordInputSink com.fawvw.hmi.btmusic/.ui.MainActivity bafc3a6 ActivityRecordInputSink com.fawvw.hmi.cardesktop/com.mosi.mosc.avatarapp.MainActivity dc3550d ActivityRecordInputSink com.fawvw.hmi.bev.climate/.ui.MainActivity 3a091e6 ActivityRecordInputSink com.fawvw.hmi.bev.carapp/.MainActivity 8da7ea6 ActivityRecordInputSink com.adayo.service.log/com.adayo.log.ui.MainActivity 8b7efe1 ActivityRecordInputSink com.adayo.app.hicar/.HiCarProjectionActivity 1788cd6 ActivityRecordInputSink com.fawvw.hmi.cnslauncher/.Launcher 
12-30 11:33:15.448   360   931 D EvsDriver: forwardFrame
12-30 11:33:15.448   360   931 D EvsDriver: forwardFrameDirect
12-30 11:33:15.448   360   931 D EvsDriver: Delivered 0xb400e2ca9e40d090 as id 1
12-30 11:33:15.448   359   359 D evsmanagerd: /dev/video-evs0 forwarded the buffer #1 to 0xb400f125d2b26dd0 from 0xb400f125e2b20710
12-30 11:33:15.449   360   458 D EvsDriver: doneWithFrame
12-30 11:33:15.461   596  3076 E WifiHAL : Invalid data received from driver
12-30 11:33:15.464  2358  2623 D RcfController: Rcf proxy is not connected!
12-30 11:33:15.466   916  2815 D InputDispatcher: setInputWindows displayId=0 a3d1c2b MosiCarBottomSystemBar fe7c667 MosiCarTopSystemBar 58b392e com.mosi.mosc.aicenter 69603ba com.fawvw.hmi.usbmusic/com.fawvw.hmi.usbmusic.ui.MainActivity b979fba ActivityRecordInputSink com.fawvw.hmi.usbmusic/.ui.MainActivity 594b861 com.fawvw.hmi.btmusic/com.fawvw.hmi.btmusic.ui.MainActivity baeedf7 ActivityRecordInputSink com.fawvw.hmi.btmusic/.ui.MainActivity bafc3a6 ActivityRecordInputSink com.fawvw.hmi.cardesktop/com.mosi.mosc.avatarapp.MainActivity dc3550d ActivityRecordInputSink com.fawvw.hmi.bev.climate/.ui.MainActivity 3a091e6 ActivityRecordInputSink com.fawvw.hmi.bev.carapp/.MainActivity 8da7ea6 ActivityRecordInputSink com.adayo.service.log/com.adayo.log.ui.MainActivity 8b7efe1 ActivityRecordInputSink com.adayo.app.hicar/.HiCarProjectionActivity 1788cd6 ActivityRecordInputSink com.fawvw.hmi.cnslauncher/.Launcher 
12-30 11:33:15.481   360   931 D EvsDriver: forwardFrame
12-30 11:33:15.481   360   931 D EvsDriver: forwardFrameDirect
12-30 11:33:15.482   360   931 D EvsDriver: Delivered 0xb400e2ca9e40e110 as id 0
12-30 11:33:15.482   359   359 D evsmanagerd: /dev/video-evs0 forwarded the buffer #0 to 0xb400f125d2b26dd0 from 0xb400f125e2b20710
12-30 11:33:15.490   360   458 D EvsDriver: doneWithFrame
12-30 11:33:15.500   916  2815 D InputDispatcher: setInputWindows displayId=0 a3d1c2b MosiCarBottomSystemBar fe7c667 MosiCarTopSystemBar 58b392e com.mosi.mosc.aicenter 69603ba com.fawvw.hmi.usbmusic/com.fawvw.hmi.usbmusic.ui.MainActivity b979fba ActivityRecordInputSink com.fawvw.hmi.usbmusic/.ui.MainActivity 594b861 com.fawvw.hmi.btmusic/com.fawvw.hmi.btmusic.ui.MainActivity baeedf7 ActivityRecordInputSink com.fawvw.hmi.btmusic/.ui.MainActivity bafc3a6 ActivityRecordInputSink com.fawvw.hmi.cardesktop/com.mosi.mosc.avatarapp.MainActivity dc3550d ActivityRecordInputSink com.fawvw.hmi.bev.climate/.ui.MainActivity 3a091e6 ActivityRecordInputSink com.fawvw.hmi.bev.carapp/.MainActivity 8da7ea6 ActivityRecordInputSink com.adayo.service.log/com.adayo.log.ui.MainActivity 8b7efe1 ActivityRecordInputSink com.adayo.app.hicar/.HiCarProjectionActivity 1788cd6 ActivityRecordInputSink com.fawvw.hmi.cnslauncher/.Launcher 
12-30 11:33:15.514  2358  2623 D RcfController: Rcf proxy is not connected!
12-30 11:33:15.515   360   931 D EvsDriver: forwardFrame
12-30 11:33:15.515   360   931 D EvsDriver: forwardFrameDirect
12-30 11:33:15.515   360   931 D EvsDriver: Delivered 0xb400e2ca9e40c7a0 as id 1
12-30 11:33:15.515   359   359 D evsmanagerd: /dev/video-evs0 forwarded the buffer #1 to 0xb400f125d2b26dd0 from 0xb400f125e2b20710
12-30 11:33:15.520   360   458 D EvsDriver: doneWithFrame
12-30 11:33:15.533   916  2815 D InputDispatcher: setInputWindows displayId=0 a3d1c2b MosiCarBottomSystemBar fe7c667 MosiCarTopSystemBar 58b392e com.mosi.mosc.aicenter 69603ba com.fawvw.hmi.usbmusic/com.fawvw.hmi.usbmusic.ui.MainActivity b979fba ActivityRecordInputSink com.fawvw.hmi.usbmusic/.ui.MainActivity 594b861 com.fawvw.hmi.btmusic/com.fawvw.hmi.btmusic.ui.MainActivity baeedf7 ActivityRecordInputSink com.fawvw.hmi.btmusic/.ui.MainActivity bafc3a6 ActivityRecordInputSink com.fawvw.hmi.cardesktop/com.mosi.mosc.avatarapp.MainActivity dc3550d ActivityRecordInputSink com.fawvw.hmi.bev.climate/.ui.MainActivity 3a091e6 ActivityRecordInputSink com.fawvw.hmi.bev.carapp/.MainActivity 8da7ea6 ActivityRecordInputSink com.adayo.service.log/com.adayo.log.ui.MainActivity 8b7efe1 ActivityRecordInputSink com.adayo.app.hicar/.HiCarProjectionActivity 1788cd6 ActivityRecordInputSink com.fawvw.hmi.cnslauncher/.Launcher 
12-30 11:33:15.548   360   931 D EvsDriver: forwardFrame
12-30 11:33:15.548   360   931 D EvsDriver: forwardFrameDirect
12-30 11:33:15.548   360   931 D EvsDriver: Delivered 0xb400e2ca9e40e270 as id 0
12-30 11:33:15.548   359   359 D evsmanagerd: /dev/video-evs0 forwarded the buffer #0 to 0xb400f125d2b26dd0 from 0xb400f125e2b20710
12-30 11:33:15.548  1611  1611 I ADAYO_LOG_: handleMessage(UsbFunc.java:3)copyQnx = 0
12-30 11:33:15.549  1611  1611 I ADAYO_LOG_: handleMessage(UsbFunc.java:12)copyState = 2
12-30 11:33:15.550   360   458 D EvsDriver: doneWithFrame
12-30 11:33:15.554  1667  2594 W ContextImpl: Calling a method in the system process without a qualified user: android.app.ContextImpl.bindService:1988 android.content.ContextWrapper.bindService:861 com.ford.sync.fnvservice.FordFnv.c:202 com.ford.sync.fnvservice.FordFnv.c:43 com.ford.sync.fnvservice.FordFnv$RetryHandler.handleMessage:245 
12-30 11:33:15.554   916  2815 W ActivityManager: Unable to start service Intent { cmp=com.ford.sync.fnvservice/.FordFnvService } U=0: not found
12-30 11:33:15.555  1667  2594 W FordFnv :  bind ford fnv failed -> sendRetryMessage 
12-30 11:33:15.563   596  3076 E WifiHAL : Invalid data received from driver
12-30 11:33:15.565  2358  2623 D RcfController: Rcf proxy is not connected!
12-30 11:33:15.566   916  2815 D InputDispatcher: setInputWindows displayId=0 a3d1c2b MosiCarBottomSystemBar fe7c667 MosiCarTopSystemBar 58b392e com.mosi.mosc.aicenter 69603ba com.fawvw.hmi.usbmusic/com.fawvw.hmi.usbmusic.ui.MainActivity b979fba ActivityRecordInputSink com.fawvw.hmi.usbmusic/.ui.MainActivity 594b861 com.fawvw.hmi.btmusic/com.fawvw.hmi.btmusic.ui.MainActivity baeedf7 ActivityRecordInputSink com.fawvw.hmi.btmusic/.ui.MainActivity bafc3a6 ActivityRecordInputSink com.fawvw.hmi.cardesktop/com.mosi.mosc.avatarapp.MainActivity dc3550d ActivityRecordInputSink com.fawvw.hmi.bev.climate/.ui.MainActivity 3a091e6 ActivityRecordInputSink com.fawvw.hmi.bev.carapp/.MainActivity 8da7ea6 ActivityRecordInputSink com.adayo.service.log/com.adayo.log.ui.MainActivity 8b7efe1 ActivityRecordInputSink com.adayo.app.hicar/.HiCarProjectionActivity 1788cd6 ActivityRecordInputSink com.fawvw.hmi.cnslauncher/.Launcher 
12-30 11:33:15.571   665  1525 I gps_hdbd: [gps_upgrade_thread 3403]Enter
12-30 11:33:15.572   665  1525 I gps_hdbd: [gps_upgrade_thread 3432] sys.gps.update:0 ,file:not ,upgrate_ing:0
12-30 11:33:15.581   360   931 D EvsDriver: forwardFrame
12-30 11:33:15.581   360   931 D EvsDriver: forwardFrameDirect
12-30 11:33:15.582   360   931 D EvsDriver: Delivered 0xb400e2ca9e40d4b0 as id 1
12-30 11:33:15.582   359   359 D evsmanagerd: /dev/video-evs0 forwarded the buffer #1 to 0xb400f125d2b26dd0 from 0xb400f125e2b20710
12-30 11:33:15.590   650   729 D fgemcucomm: sd Uart data : 6AA60249E3000292023C
12-30 11:33:15.590   650   729 D fgemcucomm: rev uart=87454,len=20, data : 6AA68149E3000C920200080000000000000000AB
12-30 11:33:15.591   398   398 D adayocomadapter-ParseProtocolFunc: printRaWMsg Name[MCUToUPstream recv] len[12] data[920200080000000000000000]
12-30 11:33:15.591   398   398 D adayocomadapter-CommunicationManager: onUpstreamback   member[0] dataLength[9] timePoint[10531413]
12-30 11:33:15.591   398   398 D adayocomadapter-ParseProtocolFunc: printRaWMsg Name[onUpstreamback] len[9] data[080000000000000000]
12-30 11:33:15.591   360   458 D EvsDriver: doneWithFrame
12-30 11:33:15.591   398   464 D adayocomadapter-UpstreamHandler: processBeforePacket upSreamtProcessTimePoint[10531413] 
12-30 11:33:15.591   398   464 D adayocomadapter-UpstreamHandler: processPacket UPSTREAM_QUEUE_DATA_TIMEOUT
12-30 11:33:15.591   398   464 D adayocomadapter-ParseProtocolFunc: parseCommonIPCLBytes Processing tableNumber[8]
12-30 11:33:15.591   398   464 D adayocomadapter-ParseProtocolFunc: parseCommonIPCLBytes Processing tablename[Table-8] tableSize[9]
12-30 11:33:15.591   398   464 D adayocomadapter-ParseProtocolFunc: printRaWMsg Name[byteStream recv] len[9] data[080000000000000000]
12-30 11:33:15.591   398   464 D adayocomadapter-ParseProtocolFunc: printRaWMsg Name[IPCLtoVHAL] len[7] data[2141208F010000]
12-30 11:33:15.591   398   464 D adayocomadapter-ParseProtocolFunc: printRaWMsg Name[IPCLtoVHAL] len[7] data[21412090010000]
12-30 11:33:15.591   398   464 D adayocomadapter-ParseProtocolFunc: printRaWMsg Name[IPCLtoVHAL] len[7] data[21412091010000]
12-30 11:33:15.591   398   464 D adayocomadapter-ParseProtocolFunc: printRaWMsg Name[IPCLtoVHAL] len[7] data[21412092010000]
12-30 11:33:15.591   398   464 D adayocomadapter-CommunicationManager: onUpstreamReceive mPropertyId 0x2141208f
12-30 11:33:15.591   398   464 I vw-vhal : notifyVehicleProperty, propId = 0x2141208f, data = {status: 2, int32Values: [0, 0]}
12-30 11:33:15.591   398   464 I vw-vhal : CanSignalsAdapter::notifyVehicleProperty: solvedValue = {.timestamp = 10531413419920, .areaId = 0, .prop = 557916303, .status = AVAILABLE, .value = {.int32Values = [2]{0, 0}, .floatValues = [0]{}, .int64Values = [0]{}, .bytes = [0]{}, .stringValue = ""}}
12-30 11:33:15.591   398   464 I VehiclePropertyStore: begin to write value to Store: {.timestamp = 10531413419920, .areaId = 0, .prop = 557916303, .status = AVAILABLE, .value = {.int32Values = [2]{0, 0}, .floatValues = [0]{}, .int64Values = [0]{}, .bytes = [0]{}, .stringValue = ""}}
12-30 11:33:15.591   398   464 I DefaultVehicleHal_v2_0: DefaultVehicleHal::onPropertyValue, value:{.timestamp = 10531413419920, .areaId = 0, .prop = 557916303, .status = AVAILABLE, .value = {.int32Values = [2]{0, 0}, .floatValues = [0]{}, .int64Values = [0]{}, .bytes = [0]{}, .stringValue = ""}}
12-30 11:33:15.591   398   464 D DiagPropHandler: is not DiagnosticConfig: 0x2141208f
12-30 11:33:15.591   398   464 I VehiclePropertyStore: begin to write value to Store: {.timestamp = 10531413419920, .areaId = 0, .prop = 557916303, .status = AVAILABLE, .value = {.int32Values = [2]{0, 0}, .floatValues = [0]{}, .int64Values = [0]{}, .bytes = [0]{}, .stringValue = ""}}
12-30 11:33:15.591   398   464 D adayocomadapter-CommunicationManager: onUpstreamReceive mPropertyId 0x2141208f
12-30 11:33:15.591   398   464 D adayocomadapter-CommunicationManager: onUpstreamReceive mPropertyId 0x21412090
12-30 11:33:15.591   398   464 I vw-vhal : notifyVehicleProperty, propId = 0x21412090, data = {status: 2, int32Values: [0, 0]}
12-30 11:33:15.591   398   464 I vw-vhal : CanSignalsAdapter::notifyVehicleProperty: solvedValue = {.timestamp = 10531413663586, .areaId = 0, .prop = 557916304, .status = AVAILABLE, .value = {.int32Values = [2]{0, 0}, .floatValues = [0]{}, .int64Values = [0]{}, .bytes = [0]{}, .stringValue = ""}}
12-30 11:33:15.591   398   464 I VehiclePropertyStore: begin to write value to Store: {.timestamp = 10531413663586, .areaId = 0, .prop = 557916304, .status = AVAILABLE, .value = {.int32Values = [2]{0, 0}, .floatValues = [0]{}, .int64Values = [0]{}, .bytes = [0]{}, .stringValue = ""}}
12-30 11:33:15.591   398   464 I DefaultVehicleHal_v2_0: DefaultVehicleHal::onPropertyValue, value:{.timestamp = 10531413663586, .areaId = 0, .prop = 557916304, .status = AVAILABLE, .value = {.int32Values = [2]{0, 0}, .floatValues = [0]{}, .int64Values = [0]{}, .bytes = [0]{}, .stringValue = ""}}
12-30 11:33:15.591   398   464 D DiagPropHandler: is not DiagnosticConfig: 0x21412090
12-30 11:33:15.591   398   464 I VehiclePropertyStore: begin to write value to Store: {.timestamp = 10531413663586, .areaId = 0, .prop = 557916304, .status = AVAILABLE, .value = {.int32Values = [2]{0, 0}, .floatValues = [0]{}, .int64Values = [0]{}, .bytes = [0]{}, .stringValue = ""}}
12-30 11:33:15.591   398   464 D adayocomadapter-CommunicationManager: onUpstreamReceive mPropertyId 0x21412090
12-30 11:33:15.591   398   464 D adayocomadapter-CommunicationManager: onUpstreamReceive mPropertyId 0x21412091
12-30 11:33:15.592   398   464 I vw-vhal : notifyVehicleProperty, propId = 0x21412091, data = {status: 2, int32Values: [0, 0]}
12-30 11:33:15.592   398   464 I vw-vhal : CanSignalsAdapter::notifyVehicleProperty: solvedValue = {.timestamp = 10531413871920, .areaId = 0, .prop = 557916305, .status = AVAILABLE, .value = {.int32Values = [2]{0, 0}, .floatValues = [0]{}, .int64Values = [0]{}, .bytes = [0]{}, .stringValue = ""}}
12-30 11:33:15.592   398   464 I VehiclePropertyStore: begin to write value to Store: {.timestamp = 10531413871920, .areaId = 0, .prop = 557916305, .status = AVAILABLE, .value = {.int32Values = [2]{0, 0}, .floatValues = [0]{}, .int64Values = [0]{}, .bytes = [0]{}, .stringValue = ""}}
12-30 11:33:15.592   398   464 I DefaultVehicleHal_v2_0: DefaultVehicleHal::onPropertyValue, value:{.timestamp = 10531413871920, .areaId = 0, .prop = 557916305, .status = AVAILABLE, .value = {.int32Values = [2]{0, 0}, .floatValues = [0]{}, .int64Values = [0]{}, .bytes = [0]{}, .stringValue = ""}}
12-30 11:33:15.592   398   464 D DiagPropHandler: is not DiagnosticConfig: 0x21412091
12-30 11:33:15.592   398   464 I VehiclePropertyStore: begin to write value to Store: {.timestamp = 10531413871920, .areaId = 0, .prop = 557916305, .status = AVAILABLE, .value = {.int32Values = [2]{0, 0}, .floatValues = [0]{}, .int64Values = [0]{}, .bytes = [0]{}, .stringValue = ""}}
12-30 11:33:15.592   398   464 D adayocomadapter-CommunicationManager: onUpstreamReceive mPropertyId 0x21412091
12-30 11:33:15.592   398   464 D adayocomadapter-CommunicationManager: onUpstreamReceive mPropertyId 0x21412092
12-30 11:33:15.592   398   464 I vw-vhal : notifyVehicleProperty, propId = 0x21412092, data = {status: 2, int32Values: [0, 0]}
12-30 11:33:15.592   398   464 I vw-vhal : CanSignalsAdapter::notifyVehicleProperty: solvedValue = {.timestamp = 10531414070586, .areaId = 0, .prop = 557916306, .status = AVAILABLE, .value = {.int32Values = [2]{0, 0}, .floatValues = [0]{}, .int64Values = [0]{}, .bytes = [0]{}, .stringValue = ""}}
12-30 11:33:15.592   398   464 I VehiclePropertyStore: begin to write value to Store: {.timestamp = 10531414070586, .areaId = 0, .prop = 557916306, .status = AVAILABLE, .value = {.int32Values = [2]{0, 0}, .floatValues = [0]{}, .int64Values = [0]{}, .bytes = [0]{}, .stringValue = ""}}
12-30 11:33:15.592   398   464 I DefaultVehicleHal_v2_0: DefaultVehicleHal::onPropertyValue, value:{.timestamp = 10531414070586, .areaId = 0, .prop = 557916306, .status = AVAILABLE, .value = {.int32Values = [2]{0, 0}, .floatValues = [0]{}, .int64Values = [0]{}, .bytes = [0]{}, .stringValue = ""}}
12-30 11:33:15.592   398   464 D DiagPropHandler: is not DiagnosticConfig: 0x21412092
12-30 11:33:15.592   398   464 I VehiclePropertyStore: begin to write value to Store: {.timestamp = 10531414070586, .areaId = 0, .prop = 557916306, .status = AVAILABLE, .value = {.int32Values = [2]{0, 0}, .floatValues = [0]{}, .int64Values = [0]{}, .bytes = [0]{}, .stringValue = ""}}
12-30 11:33:15.592   398   464 D adayocomadapter-CommunicationManager: onUpstreamReceive mPropertyId 0x21412092
12-30 11:33:15.600   916  2815 D InputDispatcher: setInputWindows displayId=0 a3d1c2b MosiCarBottomSystemBar fe7c667 MosiCarTopSystemBar 58b392e com.mosi.mosc.aicenter 69603ba com.fawvw.hmi.usbmusic/com.fawvw.hmi.usbmusic.ui.MainActivity b979fba ActivityRecordInputSink com.fawvw.hmi.usbmusic/.ui.MainActivity 594b861 com.fawvw.hmi.btmusic/com.fawvw.hmi.btmusic.ui.MainActivity baeedf7 ActivityRecordInputSink com.fawvw.hmi.btmusic/.ui.MainActivity bafc3a6 ActivityRecordInputSink com.fawvw.hmi.cardesktop/com.mosi.mosc.avatarapp.MainActivity dc3550d ActivityRecordInputSink com.fawvw.hmi.bev.climate/.ui.MainActivity 3a091e6 ActivityRecordInputSink com.fawvw.hmi.bev.carapp/.MainActivity 8da7ea6 ActivityRecordInputSink com.adayo.service.log/com.adayo.log.ui.MainActivity 8b7efe1 ActivityRecordInputSink com.adayo.app.hicar/.HiCarProjectionActivity 1788cd6 ActivityRecordInputSink com.fawvw.hmi.cnslauncher/.Launcher 
12-30 11:33:15.615   360   931 D EvsDriver: forwardFrame
12-30 11:33:15.615   360   931 D EvsDriver: forwardFrameDirect
12-30 11:33:15.615  2358  2623 D RcfController: Rcf proxy is not connected!
12-30 11:33:15.615   360   931 D EvsDriver: Delivered 0xb400e2ca9e40c2d0 as id 0
12-30 11:33:15.615   359   359 D evsmanagerd: /dev/video-evs0 forwarded the buffer #0 to 0xb400f125d2b26dd0 from 0xb400f125e2b20710
12-30 11:33:15.619   916  1072 I wm_stop_activity: [0,34524034,com.fawvw.hmi.btmusic/.ui.MainActivity]
12-30 11:33:15.620   916  1073 E WindowManager: Unknown window type: 2105
12-30 11:33:15.620   916  1073 E WindowManager: Unknown window type: 2102
12-30 11:33:15.621   360   458 D EvsDriver: doneWithFrame
12-30 11:33:15.623   916  1292 D NetworkPolicy: no need to update restrict data rules for uid 10051
12-30 11:33:15.624   916  1292 D NetworkPolicy: no need to update restrict power rules for uid 10051
12-30 11:33:15.624   916  1073 E WindowManager: Unknown window type: 2105
12-30 11:33:15.624   916  1073 E WindowManager: Unknown window type: 2102
12-30 11:33:15.624   916  1189 D JobScheduler: UID 10051 proc state changed to LAST with capabilities=------
12-30 11:33:15.624   916  1189 D JobScheduler: UID 10051 bias changed from 40 to 0
12-30 11:33:15.624   916  1189 D JobScheduler.Battery: maybeReportNewChargingStateLocked: false/true/true
12-30 11:33:15.625   916  1189 D JobScheduler: pending queue: 0 jobs.
12-30 11:33:15.625   916  1189 D JobScheduler.Concurrency: Pending queue: 
12-30 11:33:15.625   916  1189 D JobScheduler: MSG_CHECK_JOB_GREEDY
12-30 11:33:15.625   916  1189 D JobScheduler: queuing all ready jobs for execution:
12-30 11:33:15.625   916  1189 W JobScheduler.JobStatus: Exempted app com.fawvw.mw.onlinecore.account considered buggy
12-30 11:33:15.625   916  1189 W JobScheduler.JobStatus: Exempted app com.fawvw.mw.onlinecore.account considered buggy
12-30 11:33:15.625   916  1189 W JobScheduler.JobStatus: Exempted app com.fawvw.mw.onlinecore.account considered buggy
12-30 11:33:15.625   916  1189 W JobScheduler.JobStatus: Exempted app com.fawvw.mw.onlinecore.account considered buggy
12-30 11:33:15.626   916  1189 W JobScheduler.JobStatus: Exempted app com.fawvw.mw.onlinecore.account considered buggy
12-30 11:33:15.626   916  1189 W JobScheduler.JobStatus: Exempted app com.fawvw.mw.onlinecore.account considered buggy
12-30 11:33:15.626   916  1189 W JobScheduler.JobStatus: Exempted app com.fawvw.mw.onlinecore.account considered buggy
12-30 11:33:15.626   916  1189 I JobScheduler.Connectivity: evaluateStateLocked finds job JobStatus{ccd3786 #u0a43/201 com.android.dialer/com.android.voicemail.impl.StatusCheckJobService u=0 s=10043 TIME=+21h4m52s48ms:+1d21h4m52s48ms NET CHARGING PERIODIC satisfied:0xb400003 unsatisfied:0x90000000} would not be ready.
12-30 11:33:15.626   916  1189 D JobScheduler.Connectivity: UID 10031 current state allows metered network=false procState=IMPF capabilities=------
12-30 11:33:15.627   916  1189 D JobScheduler.Connectivity: UID 10031 current state allows metered network=false procState=IMPF capabilities=------
12-30 11:33:15.627   916  1189 D JobScheduler.Connectivity: UID 10031 current state allows metered network=false procState=IMPF capabilities=------
12-30 11:33:15.627   916  1189 D JobScheduler.Connectivity: UID 10031 current state allows metered network=false procState=IMPF capabilities=------
12-30 11:33:15.627   916  1189 D JobScheduler.Connectivity: UID 10031 current state allows metered network=false procState=IMPF capabilities=------
12-30 11:33:15.627   916  1189 D JobScheduler.Connectivity: UID 10031 current state allows metered network=false procState=IMPF capabilities=------
12-30 11:33:15.627   916  1189 I JobScheduler.Connectivity: evaluateStateLocked finds job JobStatus{9bc8434 #u0a31/100 com.huawei.hiviewlite/.UploadJobService u=0 s=10031 TIME=-1h37m35s80ms:+21h52m24s920ms NET PERSISTED satisfied:0x8b400000 unsatisfied:0x10000000} would not be ready.
12-30 11:33:15.627   916  1189 I JobScheduler.Connectivity: evaluateStateLocked finds job JobStatus{b26b727 #u0a18/0 com.android.statementservice/androidx.work.impl.background.systemjob.SystemJobService u=0 s=10018 TIME=+2d12h20m42s875ms:none NET IDLE satisfied:0xb400000 unsatisfied:0x90000004} would not be ready.
12-30 11:33:15.628   916  1189 D JobScheduler: No jobs pending.
12-30 11:33:15.628   916  1189 D JobScheduler: pending queue: 0 jobs.
12-30 11:33:15.628   916  1189 D JobScheduler.Concurrency: Pending queue: 
12-30 11:33:15.633   351   351 I BpBinder: onLastStrongRef automatically unlinking death recipients: 
12-30 11:33:15.634   916  2815 D InputDispatcher: setInputWindows displayId=0 a3d1c2b MosiCarBottomSystemBar fe7c667 MosiCarTopSystemBar 58b392e com.mosi.mosc.aicenter 69603ba com.fawvw.hmi.usbmusic/com.fawvw.hmi.usbmusic.ui.MainActivity b979fba ActivityRecordInputSink com.fawvw.hmi.usbmusic/.ui.MainActivity 594b861 com.fawvw.hmi.btmusic/com.fawvw.hmi.btmusic.ui.MainActivity baeedf7 ActivityRecordInputSink com.fawvw.hmi.btmusic/.ui.MainActivity bafc3a6 ActivityRecordInputSink com.fawvw.hmi.cardesktop/com.mosi.mosc.avatarapp.MainActivity dc3550d ActivityRecordInputSink com.fawvw.hmi.bev.climate/.ui.MainActivity 3a091e6 ActivityRecordInputSink com.fawvw.hmi.bev.carapp/.MainActivity 8da7ea6 ActivityRecordInputSink com.adayo.service.log/com.adayo.log.ui.MainActivity 8b7efe1 ActivityRecordInputSink com.adayo.app.hicar/.HiCarProjectionActivity 1788cd6 ActivityRecordInputSink com.fawvw.hmi.cnslauncher/.Launcher 
12-30 11:33:15.644   916  2815 E WindowManager: Unknown window type: 2105
12-30 11:33:15.644   916  2815 E WindowManager: Unknown window type: 2102
12-30 11:33:15.640   699   699 I auditd  : type=1400 audit(0.0:1179792): avc:  denied  { read } for  comm="name_server" laddr=172.20.2.35 lport=34880 faddr=172.20.2.36 fport=60000 scontext=u:r:name_server:s0 tcontext=u:r:name_server:s0 tclass=tcp_socket permissive=1
12-30 11:33:15.640   699   699 I name_server: type=1400 audit(0.0:1179792): avc:  denied  { read } for  laddr=172.20.2.35 lport=34880 faddr=172.20.2.36 fport=60000 scontext=u:r:name_server:s0 tcontext=u:r:name_server:s0 tclass=tcp_socket permissive=1
12-30 11:33:15.640   699   699 I auditd  : type=1400 audit(0.0:1179793): avc:  denied  { write } for  comm="name_server" laddr=172.20.2.35 lport=34880 faddr=172.20.2.36 fport=60000 scontext=u:r:name_server:s0 tcontext=u:r:name_server:s0 tclass=tcp_socket permissive=1
12-30 11:33:15.640   699   699 I name_server: type=1400 audit(0.0:1179793): avc:  denied  { write } for  laddr=172.20.2.35 lport=34880 faddr=172.20.2.36 fport=60000 scontext=u:r:name_server:s0 tcontext=u:r:name_server:s0 tclass=tcp_socket permissive=1
12-30 11:33:15.644   705   705 I auditd  : type=1400 audit(0.0:1179794): avc:  denied  { read } for  comm="sDefaultContext" laddr=239.0.2.1 lport=30490 scontext=u:r:generic-someip-gateway:s0 tcontext=u:r:generic-someip-gateway:s0 tclass=udp_socket permissive=1
12-30 11:33:15.644   705   705 I sDefaultContext: type=1400 audit(0.0:1179794): avc:  denied  { read } for  laddr=239.0.2.1 lport=30490 scontext=u:r:generic-someip-gateway:s0 tcontext=u:r:generic-someip-gateway:s0 tclass=udp_socket permissive=1
12-30 11:33:15.648   360   931 D EvsDriver: forwardFrame
12-30 11:33:15.648 21940 21940 D LruBitmapPool: trimMemory, level=20
12-30 11:33:15.648   360   931 D EvsDriver: forwardFrameDirect
12-30 11:33:15.648 21940 21940 D LruBitmapPool: clearMemory
12-30 11:33:15.648   360   931 D EvsDriver: Delivered 0xb400e2ca9e40d090 as id 1
12-30 11:33:15.648   359   359 D evsmanagerd: /dev/video-evs0 forwarded the buffer #1 to 0xb400f125d2b26dd0 from 0xb400f125e2b20710
12-30 11:33:15.648   798 23295 W adbd    : timed out while waiting for FUNCTIONFS_BIND, trying again
12-30 11:33:15.649   798 23295 I adbd    : UsbFfs: connection terminated: monitor thread finished
12-30 11:33:15.649   798   798 I adbd    : UsbFfs: already offline
12-30 11:33:15.649   798   798 I adbd    : destroying transport UsbFfs
12-30 11:33:15.649   798   798 I adbd    : UsbFfsConnection being destroyed
12-30 11:33:15.649 21940 21940 I CNS_MEDIA_BT_MUSIC__BTMusicApplication: onActivityStopped: com.fawvw.hmi.btmusic.ui.MainActivity@c95c88f
12-30 11:33:15.648 15305 15305 I auditd  : type=1400 audit(0.0:1179795): avc:  denied  { syslog_mod } for  comm="cat" scontext=u:r:trace_kernel:s0 tcontext=u:r:kernel:s0 tclass=system permissive=1
12-30 11:33:15.648 15305 15305 I cat     : type=1400 audit(0.0:1179795): avc:  denied  { syslog_mod } for  scontext=u:r:trace_kernel:s0 tcontext=u:r:kernel:s0 tclass=system permissive=1
12-30 11:33:15.650   916  1073 E WindowManager: Unknown window type: 2105
12-30 11:33:15.650   916  1073 E WindowManager: Unknown window type: 2102
12-30 11:33:15.651 21940 21940 D FragmentManager: movefrom STARTED: NavHostFragment{305eab} (c8f7fb28-4615-4d12-9259-495cb12581f1 id=0x7f0900d6)
12-30 11:33:15.651 21940 21940 D FragmentManager: movefrom STARTED: BTHomeFragment{9258f4c} (f12a2b9f-47d4-4956-b2a9-397851a00070 id=0x7f0900d6)
12-30 11:33:15.651 21940 21940 I CNS_MEDIA_BT_MUSIC__BTHomeFragment: onStop: this = BTHomeFragment{9258f4c} (f12a2b9f-47d4-4956-b2a9-397851a00070 id=0x7f0900d6)
12-30 11:33:15.651 21940 21940 I CNS_MEDIA_BT_MUSIC__MainActivity: onStop
12-30 11:33:15.651   360   458 D EvsDriver: doneWithFrame
12-30 11:33:15.652 21940 21940 I CNS_MEDIA_BT_MUSIC__a: uploadData, eventId: localMediaAppExit, data: {"durationtime":10886,"method":"关闭","operationType":""}
12-30 11:33:15.652 21940 21940 I wm_on_stop_called: [34524034,com.fawvw.hmi.btmusic.ui.MainActivity,STOP_ACTIVITY_ITEM,3]
12-30 11:33:15.652 21940 21940 I CNS_MEDIA_BT_MUSIC__BTMusicApplication: onActivitySaveInstanceState: com.fawvw.hmi.btmusic.ui.MainActivity@c95c88f
12-30 11:33:15.652 15305 15305 I auditd  : type=1400 audit(0.0:1179796): avc:  denied  { syslog_mod } for  comm="cat" scontext=u:r:trace_kernel:s0 tcontext=u:r:kernel:s0 tclass=system permissive=1
12-30 11:33:15.652 15305 15305 I cat     : type=1400 audit(0.0:1179796): avc:  denied  { syslog_mod } for  scontext=u:r:trace_kernel:s0 tcontext=u:r:kernel:s0 tclass=system permissive=1
12-30 11:33:15.663  1628  1851 I CCarServiceManager: CarServiceManager->t()35:link:[48]     ---26:pool-2-thread-1
12-30 11:33:15.663  1628  1851 I CCarServiceManager: CarServiceManager->t()64:link 转换后:48     ---26:pool-2-thread-1
12-30 11:33:15.663  1628  1851 I CCarServiceManager: CarServiceManager->t()84:link 转换后:48     ---26:pool-2-thread-1
12-30 11:33:15.664  1628  1851 D CarPropertyManager: setProperty, propertyId: 0x2141400f, areaId: 0x0, class: class [Ljava.lang.Integer;, val: [Ljava.lang.Integer;@7ba453b
12-30 11:33:15.665  2358  2623 D RcfController: Rcf proxy is not connected!
12-30 11:33:15.666  1365  2014 D CarPropertyService: mSyncGetSetPropertyOpCount: 1
12-30 11:33:15.667   596  3076 E WifiHAL : Invalid data received from driver
12-30 11:33:15.669   398   398 I DefaultVehicleHal_v2_0: DefaultVehicleHal::set, current value:{.timestamp = 0, .areaId = 0, .prop = 557924367, .status = AVAILABLE, .value = {.int32Values = [1]{0}, .floatValues = [0]{}, .int64Values = [0]{}, .bytes = [0]{}, .stringValue = ""}}
12-30 11:33:15.669   398   398 I DefaultVehicleHalServer: onSetProperty(0x2141400f)
12-30 11:33:15.669   398   398 D vw-vhal : CanSignalsAdapter::setVehicleProperty: propValue = {.timestamp = 0, .areaId = 0, .prop = 557924367, .status = AVAILABLE, .value = {.int32Values = [1]{1}, .floatValues = [0]{}, .int64Values = [0]{}, .bytes = [0]{}, .stringValue = ""}}
12-30 11:33:15.669   398   398 D vw-vhal : CanSignalsAdapter::setVehicleProperty: propId = 0x2141400f, data = {status: 0, int32Values: [1]}
12-30 11:33:15.669   398   398 D adayocomadapter-CommunicationManager: setProperty id=[557924367]
12-30 11:33:15.669   398   398 D adayocomadapter-CommunicationManager: writeValue id=[557924367]
12-30 11:33:15.669   398   398 D adayocomadapter-VehiclePropertyStore: writeValue id=[557924367]
12-30 11:33:15.669   398   398 D adayocomadapter-CommunicationManager: sendToDownstream mPropertyId 0x2141400f
12-30 11:33:15.669   398   398 D adayocomadapter-ParseProtocolFunc: printRaWMsg Name[sendToDownstream] len[4] data[00000000]
12-30 11:33:15.669   398   398 D adayocomadapter-ParseProtocolFunc: printRaWMsg Name[sendToDownstream] len[4] data[2141400F]
12-30 11:33:15.669   398   398 D adayocomadapter-ParseProtocolFunc: printRaWMsg Name[sendToDownstream] len[5] data[2141400F01]
12-30 11:33:15.669   398   398 D adayocomadapter-CommunicationManager: sendToDownstream ret[0]   member[130] dataLength[1] timePoint[10531491] 
12-30 11:33:15.669   398   398 D adayocomadapter-ParseProtocolFunc: printRaWMsg Name[sendToDownstream] len[5] data[2141400F01]
12-30 11:33:15.669   398   398 D adayocomadapter-CommunicationManager: sendToDownstream  000 mPropertyId[0x557924367]  
12-30 11:33:15.670   398   698 D adayocomadapter-DownstreamHandler: processBeforePacket downSreamtProcessTimePoint[10531492] 
12-30 11:33:15.670   398   698 D adayocomadapter-DownstreamHandler: DownstreamHandler processPacket 
12-30 11:33:15.670   398   698 D adayocomadapter-DownstreamHandler: DownstreamHandler processPacket valueIndex 0x2141400f
12-30 11:33:15.670   398   698 D adayocomadapter-DownstreamHandler: DownstreamHandler processPacket 0002
12-30 11:33:15.670   398   698 D adayocomadapter-DownstreamHandler: DownstreamHandler processPacket sendMCUData2 
12-30 11:33:15.670   398   698 D adayocomadapter-CommunicationManager: sendMCUData 
12-30 11:33:15.670   398   698 D adayocomadapter-MCUInterfaceHandler: sendToMCU start
12-30 11:33:15.671   650   730 D fgemcucomm: sd Uart data : 6AA601204C00081202022141400F01C3
12-30 11:33:15.671   398   698 D adayocomadapter-ParseProtocolFunc: printRaWMsg Name[sendToMCU] len[8] data[1202022141400F01]
12-30 11:33:15.671  1365  2014 D CarPropertyService: mSyncGetSetPropertyOpCount: 0
12-30 11:33:15.672  1628  1851 I CCarServiceManager: CarServiceManager->t()118:link:0     ---26:pool-2-thread-1
12-30 11:33:15.682   360   931 D EvsDriver: forwardFrame
12-30 11:33:15.682   360   931 D EvsDriver: forwardFrameDirect
12-30 11:33:15.682   360   931 D EvsDriver: Delivered 0xb400e2ca9e40e110 as id 0
12-30 11:33:15.682   359   359 D evsmanagerd: /dev/video-evs0 forwarded the buffer #0 to 0xb400f125d2b26dd0 from 0xb400f125e2b20710
12-30 11:33:15.686   916  2815 D InputDispatcher: setInputWindows displayId=0 a3d1c2b MosiCarBottomSystemBar fe7c667 MosiCarTopSystemBar 58b392e com.mosi.mosc.aicenter 69603ba com.fawvw.hmi.usbmusic/com.fawvw.hmi.usbmusic.ui.MainActivity b979fba ActivityRecordInputSink com.fawvw.hmi.usbmusic/.ui.MainActivity 594b861 com.fawvw.hmi.btmusic/com.fawvw.hmi.btmusic.ui.MainActivity baeedf7 ActivityRecordInputSink com.fawvw.hmi.btmusic/.ui.MainActivity bafc3a6 ActivityRecordInputSink com.fawvw.hmi.cardesktop/com.mosi.mosc.avatarapp.MainActivity dc3550d ActivityRecordInputSink com.fawvw.hmi.bev.climate/.ui.MainActivity 3a091e6 ActivityRecordInputSink com.fawvw.hmi.bev.carapp/.MainActivity 8da7ea6 ActivityRecordInputSink com.adayo.service.log/com.adayo.log.ui.MainActivity 8b7efe1 ActivityRecordInputSink com.adayo.app.hicar/.HiCarProjectionActivity 1788cd6 ActivityRecordInputSink com.fawvw.hmi.cnslauncher/.Launcher 
12-30 11:33:15.690   916  1189 D JobScheduler.Quota: Processing event 23 for <0>com.fawvw.hmi.btmusic
12-30 11:33:15.692   650   730 D fgemcucomm: file = hardware/interfaces/fgemcucomm/1.0/default/mcucomm/src/mcuCommFunctionTimer.cpp, function = startTimer  start timer OK = 8268 
12-30 11:33:15.692  1365  2014 D CAR.AM  : onForegroundActivitiesChanged uid 10051 pid 21940 fg false
12-30 11:33:15.693   360   458 D EvsDriver: doneWithFrame
12-30 11:33:15.698   798   838 I adbd    : opening control endpoint /dev/usb-ffs/adb/ep0
12-30 11:33:15.699   798   838 I adbd    : UsbFfsConnection constructed
12-30 11:33:15.699   798 23313 I adbd    : UsbFfs-monitor thread spawned
12-30 11:33:15.714   650   729 D fgemcucomm: file = hardware/interfaces/fgemcucomm/1.0/default/mcucomm/src/mcuCommFunctionTimer.cpp, func = stopTimer  stop timer = 8268 
12-30 11:33:15.714   650   729 D fgemcucomm: rev uart=87455,len=10, data : 6AA682204C00021202FC
12-30 11:33:15.714   650   729 D fgemcucomm: sd Uart data : 6AA60249E4000292023B
12-30 11:33:15.715   650   729 D fgemcucomm: rev uart=87456,len=57, data : 6AA68149E40031920200120000000000000000000000000000000000000000000000000000000000000000000000000000000000000000007B
12-30 11:33:15.715   360   931 D EvsDriver: forwardFrame
12-30 11:33:15.715   360   931 D EvsDriver: forwardFrameDirect
12-30 11:33:15.715   398   398 D adayocomadapter-ParseProtocolFunc: printRaWMsg Name[MCUToUPstream recv] len[49] data[92020012000000000000000000000000000000000000000000000000000000000000000000000000000000000000000000]
12-30 11:33:15.715   360   931 D EvsDriver: Delivered 0xb400e2ca9e40c7a0 as id 1
12-30 11:33:15.715   398   398 D adayocomadapter-CommunicationManager: onUpstreamback   member[0] dataLength[46] timePoint[10531537]
12-30 11:33:15.715   398   398 D adayocomadapter-ParseProtocolFunc: printRaWMsg Name[onUpstreamback] len[46] data[12000000000000000000000000000000000000000000000000000000000000000000000000000000000000000000]
12-30 11:33:15.715   359   359 D evsmanagerd: /dev/video-evs0 forwarded the buffer #1 to 0xb400f125d2b26dd0 from 0xb400f125e2b20710
12-30 11:33:15.715   398   464 D adayocomadapter-UpstreamHandler: processBeforePacket upSreamtProcessTimePoint[10531537] 
12-30 11:33:15.715   398   464 D adayocomadapter-UpstreamHandler: processPacket UPSTREAM_QUEUE_DATA_TIMEOUT
12-30 11:33:15.715   398   464 D adayocomadapter-ParseProtocolFunc: parseCommonIPCLBytes Processing tableNumber[18]
12-30 11:33:15.715   398   464 D adayocomadapter-ParseProtocolFunc: parseCommonIPCLBytes Processing tablename[Table-18] tableSize[46]
12-30 11:33:15.715   398   464 D adayocomadapter-ParseProtocolFunc: printRaWMsg Name[byteStream recv] len[46] data[12000000000000000000000000000000000000000000000000000000000000000000000000000000000000000000]
12-30 11:33:15.715   398   464 D adayocomadapter-ParseProtocolFunc: printRaWMsg Name[IPCLtoVHAL] len[6] data[214010020000]
12-30 11:33:15.715   398   464 D adayocomadapter-ParseProtocolFunc: printRaWMsg Name[IPCLtoVHAL] len[6] data[2140101A0000]
12-30 11:33:15.715   398   464 D adayocomadapter-ParseProtocolFunc: printRaWMsg Name[IPCLtoVHAL] len[6] data[2140100E0000]
12-30 11:33:15.715   398   464 D adayocomadapter-ParseProtocolFunc: printRaWMsg Name[IPCLtoVHAL] len[6] data[214021DD0000]
12-30 11:33:15.715   398   464 D adayocomadapter-ParseProtocolFunc: printRaWMsg Name[IPCLtoVHAL] len[6] data[2140103C0000]
12-30 11:33:15.715   398   464 D adayocomadapter-ParseProtocolFunc: printRaWMsg Name[IPCLtoVHAL] len[6] data[2140101E0000]
12-30 11:33:15.715   398   464 D adayocomadapter-ParseProtocolFunc: printRaWMsg Name[IPCLtoVHAL] len[6] data[214010350000]
12-30 11:33:15.715   398   464 D adayocomadapter-ParseProtocolFunc: printRaWMsg Name[IPCLtoVHAL] len[6] data[214022040000]
12-30 11:33:15.715   398   464 D adayocomadapter-ParseProtocolFunc: printRaWMsg Name[IPCLtoVHAL] len[6] data[214010120000]
12-30 11:33:15.715   398   464 D adayocomadapter-ParseProtocolFunc: printRaWMsg Name[IPCLtoVHAL] len[6] data[214010140000]
12-30 11:33:15.715   398   464 D adayocomadapter-ParseProtocolFunc: printRaWMsg Name[IPCLtoVHAL] len[6] data[214010430000]
12-30 11:33:15.715   398   464 D adayocomadapter-ParseProtocolFunc: printRaWMsg Name[IPCLtoVHAL] len[6] data[214010420000]
12-30 11:33:15.715   398   464 D adayocomadapter-ParseProtocolFunc: printRaWMsg Name[IPCLtoVHAL] len[6] data[214010160000]
12-30 11:33:15.715   398   464 D adayocomadapter-ParseProtocolFunc: printRaWMsg Name[IPCLtoVHAL] len[6] data[2140101C0000]
12-30 11:33:15.715   398   464 D adayocomadapter-ParseProtocolFunc: printRaWMsg Name[IPCLtoVHAL] len[6] data[214010330000]
12-30 11:33:15.715   398   464 D adayocomadapter-ParseProtocolFunc: printRaWMsg Name[IPCLtoVHAL] len[6] data[214010040000]
12-30 11:33:15.715   398   464 D adayocomadapter-ParseProtocolFunc: printRaWMsg Name[IPCLtoVHAL] len[6] data[214010200000]
12-30 11:33:15.715   398   464 D adayocomadapter-ParseProtocolFunc: printRaWMsg Name[IPCLtoVHAL] len[6] data[214021620000]
12-30 11:33:15.715   398   464 D adayocomadapter-ParseProtocolFunc: printRaWMsg Name[IPCLtoVHAL] len[6] data[214010370000]
12-30 11:33:15.715   398   464 D adayocomadapter-ParseProtocolFunc: printRaWMsg Name[IPCLtoVHAL] len[6] data[214010080000]
12-30 11:33:15.715   398   464 D adayocomadapter-ParseProtocolFunc: printRaWMsg Name[IPCLtoVHAL] len[6] data[214010220000]
12-30 11:33:15.715   398   464 D adayocomadapter-ParseProtocolFunc: printRaWMsg Name[IPCLtoVHAL] len[6] data[214021640000]
12-30 11:33:15.715   398   464 D adayocomadapter-ParseProtocolFunc: printRaWMsg Name[IPCLtoVHAL] len[6] data[214010390000]
12-30 11:33:15.716   398   464 D adayocomadapter-ParseProtocolFunc: printRaWMsg Name[IPCLtoVHAL] len[6] data[214021D90000]
12-30 11:33:15.716   398   464 D adayocomadapter-ParseProtocolFunc: printRaWMsg Name[IPCLtoVHAL] len[6] data[214010240000]
12-30 11:33:15.716   398   464 D adayocomadapter-ParseProtocolFunc: printRaWMsg Name[IPCLtoVHAL] len[6] data[2140103B0000]
12-30 11:33:15.716   398   464 D adayocomadapter-ParseProtocolFunc: printRaWMsg Name[IPCLtoVHAL] len[6] data[2140100C0000]
12-30 11:33:15.716   398   464 D adayocomadapter-ParseProtocolFunc: printRaWMsg Name[IPCLtoVHAL] len[6] data[214021DB0000]
12-30 11:33:15.716   398   464 D adayocomadapter-ParseProtocolFunc: printRaWMsg Name[IPCLtoVHAL] len[6] data[214010260000]
12-30 11:33:15.716   398   464 D adayocomadapter-ParseProtocolFunc: printRaWMsg Name[IPCLtoVHAL] len[6] data[214021680000]
12-30 11:33:15.716   398   464 D adayocomadapter-ParseProtocolFunc: printRaWMsg Name[IPCLtoVHAL] len[6] data[2140103E0000]
