12-30 11:33:14.877   916  1262 D InputTransport: channel 'PointerEventDispatcher0 (server)' ~ receive message failed, errno=11
12-30 11:33:14.877   916  1262 D InputTransport: channel 'PointerEventDispatcher0 (server)' publisher ~ receiveConsumerResponse: Unknown error -11
12-30 11:33:14.877   916  1262 D InputDispatcher: channel 'PointerEventDispatcher0 (server)' ~ startDispatchCycle
12-30 11:33:14.881   916  1263 D InputReader: BatchSize: 3 Count: 3
12-30 11:33:14.881   916  1263 D InputReader: Input event: eventHubDevice=1 type=EV_ABS code=ABS_MT_TOUCH_MAJOR value=17 when=10530703060000
12-30 11:33:14.881   916  1263 D InputReader: Input event: eventHubDevice=1 type=EV_ABS code=ABS_MT_WIDTH_MAJOR value=17 when=10530703060000
12-30 11:33:14.881   916  1263 D InputReader: Input event: eventHubDevice=1 type=EV_SYN code=SYN_REPORT value=0 when=10530703060000
12-30 11:33:14.881   916  1263 D InputReader: syncTouch: pointerCount 1 -> 1, touching ids 0x80000000 -> 0x80000000, hovering ids 0x00000000 -> 0x00000000, canceled ids 0x00000000
12-30 11:33:14.882   916  1263 D UnwantedInteractionBlocker: notifyMotion: NotifyMotionArgs(id=468651855, eventTime=10530703060000, deviceId=2, source=TOUCHSCREEN, action=MOVE, pointerCount=1 pointers={0: id=0 x=1059.6 y=821.4 pressure=1.0 major=17.0 minor=17.0 orientation=0.0}, flags=0x00000000)
12-30 11:33:14.882   360   931 D EvsDriver: forwardFrame
12-30 11:33:14.882   360   931 D EvsDriver: forwardFrameDirect
12-30 11:33:14.882   916  1263 D UnwantedInteractionBlocker: enqueueOutboundMotionLocked: NotifyMotionArgs(id=468651855, eventTime=10530703060000, deviceId=2, source=TOUCHSCREEN, action=MOVE, pointerCount=1 pointers={0: id=0 x=1059.6 y=821.4 pressure=1.0 major=17.0 minor=17.0 orientation=0.0}, flags=0x00000000)
12-30 11:33:14.882   916  1263 D InputDispatcher: notifyMotion - id=1bef0f4f eventTime=10530703060000, deviceId=2, source=TOUCHSCREEN, displayId=0, policyFlags=0x0, action=MOVE, actionButton=0x0, flags=0x0, metaState=0x0, buttonState=0x0, edgeFlags=0x0, xPrecision=1.000391, yPrecision=1.000695, xCursorPosition=nan, yCursorPosition=nan, downTime=10530695709000
12-30 11:33:14.882   360   931 D EvsDriver: Delivered 0xb400e2ca9e40e110 as id 0
12-30 11:33:14.882   916  1263 D InputDispatcher:   Pointer 0: id=0, toolType=FINGER, x=1059.586060, y=821.429565, pressure=1.000000, size=0.066667, touchMajor=16.990782, touchMinor=16.990782, toolMajor=16.990782, toolMinor=16.990782, orientation=0.000000
12-30 11:33:14.882   359   359 D evsmanagerd: /dev/video-evs0 forwarded the buffer #0 to 0xb400f125d2b26dd0 from 0xb400f125e2b20710
12-30 11:33:14.882   916  1263 I InputVerifier: input: Processing MOVE for device DeviceId(2) (1 pointer) on display 0
12-30 11:33:14.882   916  1262 D InputDispatcher: dispatchMotion - eventTime=10530703060000, deviceId=2, source=TOUCHSCREEN, displayId=0, policyFlags=0x62000000, action=MOVE, actionButton=0x0, flags=0x0, metaState=0x0, buttonState=0x0,edgeFlags=0x0, xPrecision=1.000391, yPrecision=1.000695, downTime=10530695709000
12-30 11:33:14.882   916  1262 D InputDispatcher:   Pointer 0: id=0, toolType=FINGER, x=1059.586060, y=821.429565, pressure=1.000000, size=0.066667, touchMajor=16.990782, touchMinor=16.990782, toolMajor=16.990782, toolMinor=16.990782, orientation=0.000000
12-30 11:33:14.883   916  1262 D InputDispatcher: dispatchEventToCurrentInputTargets
12-30 11:33:14.883   916  1262 D InputDispatcher: channel '7d7903b com.fawvw.hmi.btmusic/com.fawvw.hmi.btmusic.ui.MainActivity (server)' ~ prepareDispatchCycle - flags=FOREGROUND | SPLIT | DISPATCH_AS_IS, globalScaleFactor=1.000000, pointerIds=00000000000000000000000000000001 
12-30 11:33:14.883   916  1262 D InputDispatcher:         pointerId 0: (ROT_0) (TRANSLATE)
12-30 11:33:14.883   916  1262 D InputDispatcher:             1.0000  -0.0000  -922.0000
12-30 11:33:14.883   916  1262 D InputDispatcher:             -0.0000  1.0000  -328.0000
12-30 11:33:14.883   916  1262 D InputDispatcher:             0.0000  0.0000  1.0000
12-30 11:33:14.883   916  1262 D InputDispatcher: channel '7d7903b com.fawvw.hmi.btmusic/com.fawvw.hmi.btmusic.ui.MainActivity (server)' ~ startDispatchCycle
12-30 11:33:14.883   916  1262 D InputDispatcher: Publishing DispatchEntry{resolvedAction=MOVE, resolvedFlags=0, targetFlags=FOREGROUND | SPLIT | DISPATCH_AS_IS, transform=transform (ROT_0) (TRANSLATE)
12-30 11:33:14.883   916  1262 D InputDispatcher:     1.0000  -0.0000  -922.0000
12-30 11:33:14.883   916  1262 D InputDispatcher:     -0.0000  1.0000  -328.0000
12-30 11:33:14.883   916  1262 D InputDispatcher:     0.0000  0.0000  1.0000
12-30 11:33:14.883   916  1262 D InputDispatcher: } original: MotionEvent(deviceId=2, eventTime=10530703060000, source=TOUCHSCREEN, displayId=0, action=MOVE, actionButton=0x00000000, flags=0x00000000, metaState=0x00000000, buttonState=0x00000000, classification=NONE, edgeFlags=0x00000000, xPrecision=1.0, yPrecision=1.0, xCursorPosition=nan, yCursorPosition=nan, pointers=[0: (1059.6, 821.4)]), policyFlags=0x62000000 to 7d7903b com.fawvw.hmi.btmusic/com.fawvw.hmi.btmusic.ui.MainActivity (server)
12-30 11:33:14.883   916  1262 I InputVerifier: input: Processing MOVE for device DeviceId(2) (1 pointer) on 7d7903b com.fawvw.hmi.btmusic/com.fawvw.hmi.btmusic.ui.MainActivity (server)
12-30 11:33:14.883   916  1262 D InputTransport: channel '7d7903b com.fawvw.hmi.btmusic/com.fawvw.hmi.btmusic.ui.MainActivity (server)' publisher ~ publishMotionEvent: seq=21009, id=468651855, deviceId=2, source=TOUCHSCREEN, displayId=0, action=MOVE, actionButton=0x00000000, flags=0x0, edgeFlags=0x0, metaState=0x0, buttonState=0x0, classification=NONE,xPrecision=1.000391, yPrecision=1.000695, downTime=10530695709000, eventTime=10530703060000, pointerCount=1 
12-30 11:33:14.883   916  1262 D InputTransport:         transform (ROT_0) (TRANSLATE)
12-30 11:33:14.883   916  1262 D InputTransport:             1.0000  -0.0000  -922.0000
12-30 11:33:14.883   916  1262 D InputTransport:             -0.0000  1.0000  -328.0000
12-30 11:33:14.883   916  1262 D InputTransport:             0.0000  0.0000  1.0000
12-30 11:33:14.883   916  1262 D InputTransport: channel '7d7903b com.fawvw.hmi.btmusic/com.fawvw.hmi.btmusic.ui.MainActivity (server)' ~ sent message of type MOTION
12-30 11:33:14.883   916  1262 D InputDispatcher: channel 'PointerEventDispatcher0 (server)' ~ prepareDispatchCycle - flags=DISPATCH_AS_IS, globalScaleFactor=1.000000, pointerIds=<none> 
12-30 11:33:14.883   916  1262 D InputDispatcher:         default (ROT_0) (IDENTITY)
12-30 11:33:14.883   916  1262 D InputDispatcher: channel 'PointerEventDispatcher0 (server)' ~ startDispatchCycle
12-30 11:33:14.883   916  1262 D InputDispatcher: Publishing DispatchEntry{resolvedAction=MOVE, resolvedFlags=0, targetFlags=DISPATCH_AS_IS, transform=transform (ROT_0) (IDENTITY)
12-30 11:33:14.883   916  1262 D InputDispatcher: } original: MotionEvent(deviceId=2, eventTime=10530703060000, source=TOUCHSCREEN, displayId=0, action=MOVE, actionButton=0x00000000, flags=0x00000000, metaState=0x00000000, buttonState=0x00000000, classification=NONE, edgeFlags=0x00000000, xPrecision=1.0, yPrecision=1.0, xCursorPosition=nan, yCursorPosition=nan, pointers=[0: (1059.6, 821.4)]), policyFlags=0x62000000 to PointerEventDispatcher0 (server)
12-30 11:33:14.883   916  1262 I InputVerifier: input: Processing MOVE for device DeviceId(2) (1 pointer) on PointerEventDispatcher0 (server)
12-30 11:33:14.883   916  1262 D InputTransport: channel 'PointerEventDispatcher0 (server)' publisher ~ publishMotionEvent: seq=21010, id=468651855, deviceId=2, source=TOUCHSCREEN, displayId=0, action=MOVE, actionButton=0x00000000, flags=0x0, edgeFlags=0x0, metaState=0x0, buttonState=0x0, classification=NONE,xPrecision=1.000391, yPrecision=1.000695, downTime=10530695709000, eventTime=10530703060000, pointerCount=1 
12-30 11:33:14.883   916  1262 D InputTransport:         transform (ROT_0) (IDENTITY)
12-30 11:33:14.883   916  1262 D InputTransport: channel 'PointerEventDispatcher0 (server)' ~ sent message of type MOTION
12-30 11:33:14.883   916  1070 D InputTransport: channel 'PointerEventDispatcher0 (client)' consumer ~ consume: consumeBatches=false, frameTime=-1
12-30 11:33:14.883   916  1070 D InputTransport: channel 'PointerEventDispatcher0 (client)' ~ received message of type MOTION
12-30 11:33:14.883   916  1070 D InputTransport: channel 'PointerEventDispatcher0 (client)' consumer ~ started batch event
12-30 11:33:14.883   916  1070 D InputTransport: channel 'PointerEventDispatcher0 (client)' ~ receive message failed, errno=11
12-30 11:33:14.883   916  1070 D InputTransport: channel 'PointerEventDispatcher0 (client)' consumer ~ consume: consumeBatches=true, frameTime=-1
12-30 11:33:14.883   916  1070 D InputTransport: channel 'PointerEventDispatcher0 (client)' ~ receive message failed, errno=11
12-30 11:33:14.883   916  1070 D InputTransport: channel 'PointerEventDispatcher0 (client)' consumer ~ consumed batch event, seq=21010
12-30 11:33:14.883   916  1070 D VelocityTracker: VelocityTracker: addMovement eventTime=10530703060000, pointerId=0, activePointerId=0
12-30 11:33:14.884   916  1070 D VelocityTracker: solveLeastSquares: m=2, n=2, x=[ 0.000000, -0.007351 ], y=[ 1059.585938, 1059.585938 ], w=[ 1.000000, 1.000000 ]
12-30 11:33:14.884   916  1070 D VelocityTracker:   - a=[ [ 1.000000, 0.000000 ], [ 1.000000, -0.007351 ] ]
12-30 11:33:14.884   916  1070 D VelocityTracker:   - q=[ [ 0.707107, 0.707107 ], [ 0.707107, -0.707107 ] ]
12-30 11:33:14.884   916  1070 D VelocityTracker:   - r=[ [ 1.414214, -0.005198 ], [ 0.000000, 0.005198 ] ]
12-30 11:33:14.884   916  1070 D VelocityTracker:   - qr=[ [ 1.000000, 0.000000 ], [ 1.000000, -0.007351 ] ]
12-30 11:33:14.884   916  1070 D VelocityTracker:   - b=[ 1059.585938, 0.000000 ]
12-30 11:33:14.884   916  1070 D VelocityTracker:   - sserr=0.000000
12-30 11:33:14.884   916  1070 D VelocityTracker:   - sstot=0.000000
12-30 11:33:14.884 23302 23302 I ADAYO_LOG_TRACE_RESOURCE: execute interrupt
12-30 11:33:14.884   916  1070 D VelocityTracker:   - det=1.000000
12-30 11:33:14.884   916  1070 D VelocityTracker: estimate: degree=1, coeff=[ 1059.585938, 0.000000 ], confidence=1.000000
12-30 11:33:14.884   916  1070 D VelocityTracker:   0: axis=0, position=1059.586, estimator (degree=1, coeff=[ 1059.585938, 0.000000 ], confidence=1.000000)
12-30 11:33:14.884   916  1070 D VelocityTracker: VelocityTracker: addMovement eventTime=10530703060000, pointerId=0, activePointerId=0
12-30 11:33:14.884   916  1070 D VelocityTracker: solveLeastSquares: m=2, n=2, x=[ 0.000000, -0.007351 ], y=[ 821.429688, 821.429688 ], w=[ 1.000000, 1.000000 ]
12-30 11:33:14.884   916  1070 D VelocityTracker:   - a=[ [ 1.000000, 0.000000 ], [ 1.000000, -0.007351 ] ]
12-30 11:33:14.884   916  1070 D VelocityTracker:   - q=[ [ 0.707107, 0.707107 ], [ 0.707107, -0.707107 ] ]
12-30 11:33:14.884   916  1070 D VelocityTracker:   - r=[ [ 1.414214, -0.005198 ], [ 0.000000, 0.005198 ] ]
12-30 11:33:14.884   916  1070 D VelocityTracker:   - qr=[ [ 1.000000, 0.000000 ], [ 1.000000, -0.007351 ] ]
12-30 11:33:14.884   916  1070 D VelocityTracker:   - b=[ 821.429688, 0.000000 ]
12-30 11:33:14.884   916  1070 D VelocityTracker:   - sserr=0.000000
12-30 11:33:14.884   916  1070 D VelocityTracker:   - sstot=0.000000
12-30 11:33:14.884   916  1070 D VelocityTracker:   - det=1.000000
12-30 11:33:14.884   916  1070 D VelocityTracker: estimate: degree=1, coeff=[ 821.429688, 0.000000 ], confidence=1.000000
12-30 11:33:14.884   916  1070 D VelocityTracker:   0: axis=1, position=821.430, estimator (degree=1, coeff=[ 821.429688, 0.000000 ], confidence=1.000000)
12-30 11:33:14.884   916  1070 D InputTransport: channel 'PointerEventDispatcher0 (client)' consumer ~ sendFinishedSignal: seq=21010, handled=false
12-30 11:33:14.884   916  1070 D InputTransport: channel 'PointerEventDispatcher0 (client)' ~ sent message of type FINISHED
12-30 11:33:14.884   916  1070 D InputTransport: channel 'PointerEventDispatcher0 (client)' consumer ~ consume: consumeBatches=true, frameTime=-1
12-30 11:33:14.884   916  1070 D InputTransport: channel 'PointerEventDispatcher0 (client)' ~ receive message failed, errno=11
12-30 11:33:14.884   916  1262 D InputTransport: channel 'PointerEventDispatcher0 (server)' ~ received message of type FINISHED
12-30 11:33:14.884   916  1262 D InputTransport: channel 'PointerEventDispatcher0 (server)' publisher ~ receiveConsumerResponse: finished: seq=21010, handled=false
12-30 11:33:14.884   916  1262 D InputDispatcher: channel 'PointerEventDispatcher0 (server)' ~ finishDispatchCycle - seq=21010, handled=false
12-30 11:33:14.885   916  1262 D InputTransport: channel 'PointerEventDispatcher0 (server)' ~ receive message failed, errno=11
12-30 11:33:14.885   916  1262 D InputTransport: channel 'PointerEventDispatcher0 (server)' publisher ~ receiveConsumerResponse: Unknown error -11
12-30 11:33:14.885   916  1262 D InputDispatcher: channel 'PointerEventDispatcher0 (server)' ~ startDispatchCycle
12-30 11:33:14.888   916  1263 D InputReader: BatchSize: 3 Count: 3
12-30 11:33:14.888   916  1263 D InputReader: Input event: eventHubDevice=1 type=EV_ABS code=ABS_MT_TOUCH_MAJOR value=24 when=10530710668000
12-30 11:33:14.889   916  1263 D InputReader: Input event: eventHubDevice=1 type=EV_ABS code=ABS_MT_WIDTH_MAJOR value=24 when=10530710668000
12-30 11:33:14.889   916  1263 D InputReader: Input event: eventHubDevice=1 type=EV_SYN code=SYN_REPORT value=0 when=10530710668000
12-30 11:33:14.889   916  1263 D InputReader: syncTouch: pointerCount 1 -> 1, touching ids 0x80000000 -> 0x80000000, hovering ids 0x00000000 -> 0x00000000, canceled ids 0x00000000
12-30 11:33:14.889   916  1263 D UnwantedInteractionBlocker: notifyMotion: NotifyMotionArgs(id=236766133, eventTime=10530710668000, deviceId=2, source=TOUCHSCREEN, action=MOVE, pointerCount=1 pointers={0: id=0 x=1059.6 y=821.4 pressure=1.0 major=24.0 minor=24.0 orientation=0.0}, flags=0x00000000)
12-30 11:33:14.889   916  1263 D UnwantedInteractionBlocker: enqueueOutboundMotionLocked: NotifyMotionArgs(id=236766133, eventTime=10530710668000, deviceId=2, source=TOUCHSCREEN, action=MOVE, pointerCount=1 pointers={0: id=0 x=1059.6 y=821.4 pressure=1.0 major=24.0 minor=24.0 orientation=0.0}, flags=0x00000000)
12-30 11:33:14.889 21940 21940 D InputTransport: channel '7d7903b com.fawvw.hmi.btmusic/com.fawvw.hmi.btmusic.ui.MainActivity (client)' consumer ~ consume: consumeBatches=false, frameTime=-1
12-30 11:33:14.889 21940 21940 D InputTransport: channel '7d7903b com.fawvw.hmi.btmusic/com.fawvw.hmi.btmusic.ui.MainActivity (client)' ~ received message of type MOTION
12-30 11:33:14.889   916  1263 D InputDispatcher: notifyMotion - id=e1cc3b5 eventTime=10530710668000, deviceId=2, source=TOUCHSCREEN, displayId=0, policyFlags=0x0, action=MOVE, actionButton=0x0, flags=0x0, metaState=0x0, buttonState=0x0, edgeFlags=0x0, xPrecision=1.000391, yPrecision=1.000695, xCursorPosition=nan, yCursorPosition=nan, downTime=10530695709000
12-30 11:33:14.889 21940 21940 D InputTransport: channel '7d7903b com.fawvw.hmi.btmusic/com.fawvw.hmi.btmusic.ui.MainActivity (client)' consumer ~ consumed motion event, seq=21007
12-30 11:33:14.889   916  1263 D InputDispatcher:   Pointer 0: id=0, toolType=FINGER, x=1059.586060, y=821.429565, pressure=1.000000, size=0.094118, touchMajor=23.986986, touchMinor=23.986986, toolMajor=23.986986, toolMinor=23.986986, orientation=0.000000
12-30 11:33:14.889   916  1263 I InputVerifier: input: Processing MOVE for device DeviceId(2) (1 pointer) on display 0
12-30 11:33:14.889   916  1262 D InputDispatcher: dispatchMotion - eventTime=10530710668000, deviceId=2, source=TOUCHSCREEN, displayId=0, policyFlags=0x62000000, action=MOVE, actionButton=0x0, flags=0x0, metaState=0x0, buttonState=0x0,edgeFlags=0x0, xPrecision=1.000391, yPrecision=1.000695, downTime=10530695709000
12-30 11:33:14.889   916  1262 D InputDispatcher:   Pointer 0: id=0, toolType=FINGER, x=1059.586060, y=821.429565, pressure=1.000000, size=0.094118, touchMajor=23.986986, touchMinor=23.986986, toolMajor=23.986986, toolMinor=23.986986, orientation=0.000000
12-30 11:33:14.889 21940 21940 D VelocityTracker: VelocityTracker: addMovement eventTime=10530695709000, pointerId=0, activePointerId=0
12-30 11:33:14.889 21940 21940 D VelocityTracker:   0: axis=0, position=110.586, estimator (degree=0, coeff=[ 110.585938 ], confidence=1.000000)
12-30 11:33:14.889   916  1262 D InputDispatcher: dispatchEventToCurrentInputTargets
12-30 11:33:14.889 21940 21940 D VelocityTracker: VelocityTracker: addMovement eventTime=10530695709000, pointerId=0, activePointerId=0
12-30 11:33:14.889 21940 21940 D VelocityTracker:   0: axis=1, position=456.430, estimator (degree=0, coeff=[ 456.429688 ], confidence=1.000000)
12-30 11:33:14.889   916  1262 D InputDispatcher: channel '7d7903b com.fawvw.hmi.btmusic/com.fawvw.hmi.btmusic.ui.MainActivity (server)' ~ prepareDispatchCycle - flags=FOREGROUND | SPLIT | DISPATCH_AS_IS, globalScaleFactor=1.000000, pointerIds=00000000000000000000000000000001 
12-30 11:33:14.889   916  1262 D InputDispatcher:         pointerId 0: (ROT_0) (TRANSLATE)
12-30 11:33:14.889   916  1262 D InputDispatcher:             1.0000  -0.0000  -922.0000
12-30 11:33:14.889   916  1262 D InputDispatcher:             -0.0000  1.0000  -328.0000
12-30 11:33:14.889   916  1262 D InputDispatcher:             0.0000  0.0000  1.0000
12-30 11:33:14.889   916  1262 D InputDispatcher: channel '7d7903b com.fawvw.hmi.btmusic/com.fawvw.hmi.btmusic.ui.MainActivity (server)' ~ startDispatchCycle
12-30 11:33:14.889   916  1262 D InputDispatcher: Publishing DispatchEntry{resolvedAction=MOVE, resolvedFlags=0, targetFlags=FOREGROUND | SPLIT | DISPATCH_AS_IS, transform=transform (ROT_0) (TRANSLATE)
12-30 11:33:14.889   916  1262 D InputDispatcher:     1.0000  -0.0000  -922.0000
12-30 11:33:14.889   916  1262 D InputDispatcher:     -0.0000  1.0000  -328.0000
12-30 11:33:14.889   916  1262 D InputDispatcher:     0.0000  0.0000  1.0000
12-30 11:33:14.889   916  1262 D InputDispatcher: } original: MotionEvent(deviceId=2, eventTime=10530710668000, source=TOUCHSCREEN, displayId=0, action=MOVE, actionButton=0x00000000, flags=0x00000000, metaState=0x00000000, buttonState=0x00000000, classification=NONE, edgeFlags=0x00000000, xPrecision=1.0, yPrecision=1.0, xCursorPosition=nan, yCursorPosition=nan, pointers=[0: (1059.6, 821.4)]), policyFlags=0x62000000 to 7d7903b com.fawvw.hmi.btmusic/com.fawvw.hmi.btmusic.ui.MainActivity (server)
12-30 11:33:14.889 21940 21940 D InputTransport: channel '7d7903b com.fawvw.hmi.btmusic/com.fawvw.hmi.btmusic.ui.MainActivity (client)' consumer ~ sendFinishedSignal: seq=21007, handled=true
12-30 11:33:14.889   916  1262 I InputVerifier: input: Processing MOVE for device DeviceId(2) (1 pointer) on 7d7903b com.fawvw.hmi.btmusic/com.fawvw.hmi.btmusic.ui.MainActivity (server)
12-30 11:33:14.889 21940 21940 D InputTransport: channel '7d7903b com.fawvw.hmi.btmusic/com.fawvw.hmi.btmusic.ui.MainActivity (client)' ~ sent message of type FINISHED
12-30 11:33:14.889   916  1262 D InputTransport: channel '7d7903b com.fawvw.hmi.btmusic/com.fawvw.hmi.btmusic.ui.MainActivity (server)' publisher ~ publishMotionEvent: seq=21011, id=236766133, deviceId=2, source=TOUCHSCREEN, displayId=0, action=MOVE, actionButton=0x00000000, flags=0x0, edgeFlags=0x0, metaState=0x0, buttonState=0x0, classification=NONE,xPrecision=1.000391, yPrecision=1.000695, downTime=10530695709000, eventTime=10530710668000, pointerCount=1 
12-30 11:33:14.889   916  1262 D InputTransport:         transform (ROT_0) (TRANSLATE)
12-30 11:33:14.889   916  1262 D InputTransport:             1.0000  -0.0000  -922.0000
12-30 11:33:14.889   916  1262 D InputTransport:             -0.0000  1.0000  -328.0000
12-30 11:33:14.889   916  1262 D InputTransport:             0.0000  0.0000  1.0000
12-30 11:33:14.889 21940 21940 D InputTransport: channel '7d7903b com.fawvw.hmi.btmusic/com.fawvw.hmi.btmusic.ui.MainActivity (client)' consumer ~ consume: consumeBatches=false, frameTime=-1
12-30 11:33:14.890   916  1262 D InputTransport: channel '7d7903b com.fawvw.hmi.btmusic/com.fawvw.hmi.btmusic.ui.MainActivity (server)' ~ sent message of type MOTION
12-30 11:33:14.890 21940 21940 D InputTransport: channel '7d7903b com.fawvw.hmi.btmusic/com.fawvw.hmi.btmusic.ui.MainActivity (client)' ~ received message of type MOTION
12-30 11:33:14.890 21940 21940 D InputTransport: channel '7d7903b com.fawvw.hmi.btmusic/com.fawvw.hmi.btmusic.ui.MainActivity (client)' consumer ~ started batch event
12-30 11:33:14.890   916  1262 D InputDispatcher: channel 'PointerEventDispatcher0 (server)' ~ prepareDispatchCycle - flags=DISPATCH_AS_IS, globalScaleFactor=1.000000, pointerIds=<none> 
12-30 11:33:14.890   916  1262 D InputDispatcher:         default (ROT_0) (IDENTITY)
12-30 11:33:14.890 21940 21940 D InputTransport: channel '7d7903b com.fawvw.hmi.btmusic/com.fawvw.hmi.btmusic.ui.MainActivity (client)' ~ received message of type MOTION
12-30 11:33:14.890   916  1262 D InputDispatcher: channel 'PointerEventDispatcher0 (server)' ~ startDispatchCycle
12-30 11:33:14.890   916  1262 D InputDispatcher: Publishing DispatchEntry{resolvedAction=MOVE, resolvedFlags=0, targetFlags=DISPATCH_AS_IS, transform=transform (ROT_0) (IDENTITY)
12-30 11:33:14.890   916  1262 D InputDispatcher: } original: MotionEvent(deviceId=2, eventTime=10530710668000, source=TOUCHSCREEN, displayId=0, action=MOVE, actionButton=0x00000000, flags=0x00000000, metaState=0x00000000, buttonState=0x00000000, classification=NONE, edgeFlags=0x00000000, xPrecision=1.0, yPrecision=1.0, xCursorPosition=nan, yCursorPosition=nan, pointers=[0: (1059.6, 821.4)]), policyFlags=0x62000000 to PointerEventDispatcher0 (server)
12-30 11:33:14.890   916  1262 I InputVerifier: input: Processing MOVE for device DeviceId(2) (1 pointer) on PointerEventDispatcher0 (server)
12-30 11:33:14.890   916  1262 D InputTransport: channel 'PointerEventDispatcher0 (server)' publisher ~ publishMotionEvent: seq=21012, id=236766133, deviceId=2, source=TOUCHSCREEN, displayId=0, action=MOVE, actionButton=0x00000000, flags=0x0, edgeFlags=0x0, metaState=0x0, buttonState=0x0, classification=NONE,xPrecision=1.000391, yPrecision=1.000695, downTime=10530695709000, eventTime=10530710668000, pointerCount=1 
12-30 11:33:14.890   916  1262 D InputTransport:         transform (ROT_0) (IDENTITY)
12-30 11:33:14.890 21940 21940 D InputTransport: channel '7d7903b com.fawvw.hmi.btmusic/com.fawvw.hmi.btmusic.ui.MainActivity (client)' consumer ~ appended to batch event
12-30 11:33:14.890   916  1262 D InputTransport: channel 'PointerEventDispatcher0 (server)' ~ sent message of type MOTION
12-30 11:33:14.890 21940 21940 D InputTransport: channel '7d7903b com.fawvw.hmi.btmusic/com.fawvw.hmi.btmusic.ui.MainActivity (client)' ~ receive message failed, errno=11
12-30 11:33:14.890   916  1070 D InputTransport: channel 'PointerEventDispatcher0 (client)' consumer ~ consume: consumeBatches=false, frameTime=-1
12-30 11:33:14.890   916  1262 D InputTransport: channel '7d7903b com.fawvw.hmi.btmusic/com.fawvw.hmi.btmusic.ui.MainActivity (server)' ~ received message of type FINISHED
12-30 11:33:14.890   916  1262 D InputTransport: channel '7d7903b com.fawvw.hmi.btmusic/com.fawvw.hmi.btmusic.ui.MainActivity (server)' publisher ~ receiveConsumerResponse: finished: seq=21007, handled=true
12-30 11:33:14.890   916  1262 D InputDispatcher: channel '7d7903b com.fawvw.hmi.btmusic/com.fawvw.hmi.btmusic.ui.MainActivity (server)' ~ finishDispatchCycle - seq=21007, handled=true
12-30 11:33:14.890 21940 21940 D InputTransport: channel '7d7903b com.fawvw.hmi.btmusic/com.fawvw.hmi.btmusic.ui.MainActivity (client)' consumer ~ consume: consumeBatches=true, frameTime=10530698423587
12-30 11:33:14.890   916  1262 D InputTransport: channel '7d7903b com.fawvw.hmi.btmusic/com.fawvw.hmi.btmusic.ui.MainActivity (server)' ~ receive message failed, errno=11
12-30 11:33:14.890 21940 21940 D InputTransport: channel '7d7903b com.fawvw.hmi.btmusic/com.fawvw.hmi.btmusic.ui.MainActivity (client)' ~ receive message failed, errno=11
12-30 11:33:14.890   916  1262 D InputTransport: channel '7d7903b com.fawvw.hmi.btmusic/com.fawvw.hmi.btmusic.ui.MainActivity (server)' publisher ~ receiveConsumerResponse: Unknown error -11
12-30 11:33:14.890   916  1262 D InputDispatcher: channel '7d7903b com.fawvw.hmi.btmusic/com.fawvw.hmi.btmusic.ui.MainActivity (server)' ~ startDispatchCycle
12-30 11:33:14.890   916  1070 D InputTransport: channel 'PointerEventDispatcher0 (client)' ~ received message of type MOTION
12-30 11:33:14.890   916  1070 D InputTransport: channel 'PointerEventDispatcher0 (client)' consumer ~ started batch event
12-30 11:33:14.890   916  1070 D InputTransport: channel 'PointerEventDispatcher0 (client)' ~ receive message failed, errno=11
12-30 11:33:14.890   916  1070 D InputTransport: channel 'PointerEventDispatcher0 (client)' consumer ~ consume: consumeBatches=true, frameTime=-1
12-30 11:33:14.890   916  1070 D InputTransport: channel 'PointerEventDispatcher0 (client)' ~ receive message failed, errno=11
12-30 11:33:14.890   916  1070 D InputTransport: channel 'PointerEventDispatcher0 (client)' consumer ~ consumed batch event, seq=21012
12-30 11:33:14.891   916  1070 D VelocityTracker: VelocityTracker: addMovement eventTime=10530710668000, pointerId=0, activePointerId=0
12-30 11:33:14.891   916  1070 D VelocityTracker:   0: axis=0, position=1059.586, estimator (degree=2, coeff=[ 1059.585938, 0.000000, 0.000000 ], confidence=1.000000)
12-30 11:33:14.891   916  1070 D VelocityTracker: VelocityTracker: addMovement eventTime=10530710668000, pointerId=0, activePointerId=0
12-30 11:33:14.891   916  1070 D VelocityTracker:   0: axis=1, position=821.430, estimator (degree=2, coeff=[ 821.429688, 0.000000, 0.000000 ], confidence=1.000000)
12-30 11:33:14.891   916  1070 D InputTransport: channel 'PointerEventDispatcher0 (client)' consumer ~ sendFinishedSignal: seq=21012, handled=false
12-30 11:33:14.891   916  1070 D InputTransport: channel 'PointerEventDispatcher0 (client)' ~ sent message of type FINISHED
12-30 11:33:14.891   916  1070 D InputTransport: channel 'PointerEventDispatcher0 (client)' consumer ~ consume: consumeBatches=true, frameTime=-1
12-30 11:33:14.891   916  1070 D InputTransport: channel 'PointerEventDispatcher0 (client)' ~ receive message failed, errno=11
12-30 11:33:14.891   916  1262 D InputTransport: channel 'PointerEventDispatcher0 (server)' ~ received message of type FINISHED
12-30 11:33:14.891   916  1262 D InputTransport: channel 'PointerEventDispatcher0 (server)' publisher ~ receiveConsumerResponse: finished: seq=21012, handled=false
12-30 11:33:14.891   916  1262 D InputDispatcher: channel 'PointerEventDispatcher0 (server)' ~ finishDispatchCycle - seq=21012, handled=false
12-30 11:33:14.891   916  1262 D InputTransport: channel 'PointerEventDispatcher0 (server)' ~ receive message failed, errno=11
12-30 11:33:14.891   916  1262 D InputTransport: channel 'PointerEventDispatcher0 (server)' publisher ~ receiveConsumerResponse: Unknown error -11
12-30 11:33:14.891   916  1262 D InputDispatcher: channel 'PointerEventDispatcher0 (server)' ~ startDispatchCycle
12-30 11:33:14.891   360   458 D EvsDriver: doneWithFrame
12-30 11:33:14.897   916  1263 D InputReader: BatchSize: 3 Count: 3
12-30 11:33:14.897   916  1263 D InputReader: Input event: eventHubDevice=1 type=EV_ABS code=ABS_MT_TOUCH_MAJOR value=30 when=10530719524000
12-30 11:33:14.897   916  1263 D InputReader: Input event: eventHubDevice=1 type=EV_ABS code=ABS_MT_WIDTH_MAJOR value=30 when=10530719524000
12-30 11:33:14.897   916  1263 D InputReader: Input event: eventHubDevice=1 type=EV_SYN code=SYN_REPORT value=0 when=10530719524000
12-30 11:33:14.897   916  1263 D InputReader: syncTouch: pointerCount 1 -> 1, touching ids 0x80000000 -> 0x80000000, hovering ids 0x00000000 -> 0x00000000, canceled ids 0x00000000
12-30 11:33:14.898   916  1263 D UnwantedInteractionBlocker: notifyMotion: NotifyMotionArgs(id=600485941, eventTime=10530719524000, deviceId=2, source=TOUCHSCREEN, action=MOVE, pointerCount=1 pointers={0: id=0 x=1059.6 y=821.4 pressure=1.0 major=30.0 minor=30.0 orientation=0.0}, flags=0x00000000)
12-30 11:33:14.898   916  1263 D UnwantedInteractionBlocker: enqueueOutboundMotionLocked: NotifyMotionArgs(id=600485941, eventTime=10530719524000, deviceId=2, source=TOUCHSCREEN, action=MOVE, pointerCount=1 pointers={0: id=0 x=1059.6 y=821.4 pressure=1.0 major=30.0 minor=30.0 orientation=0.0}, flags=0x00000000)
12-30 11:33:14.898   916  1263 D InputDispatcher: notifyMotion - id=23cab035 eventTime=10530719524000, deviceId=2, source=TOUCHSCREEN, displayId=0, policyFlags=0x0, action=MOVE, actionButton=0x0, flags=0x0, metaState=0x0, buttonState=0x0, edgeFlags=0x0, xPrecision=1.000391, yPrecision=1.000695, xCursorPosition=nan, yCursorPosition=nan, downTime=10530695709000
12-30 11:33:14.898   916  1263 D InputDispatcher:   Pointer 0: id=0, toolType=FINGER, x=1059.586060, y=821.429565, pressure=1.000000, size=0.117647, touchMajor=29.983734, touchMinor=29.983734, toolMajor=29.983734, toolMinor=29.983734, orientation=0.000000
12-30 11:33:14.898   916  1263 I InputVerifier: input: Processing MOVE for device DeviceId(2) (1 pointer) on display 0
12-30 11:33:14.898   916  1262 D InputDispatcher: dispatchMotion - eventTime=10530719524000, deviceId=2, source=TOUCHSCREEN, displayId=0, policyFlags=0x62000000, action=MOVE, actionButton=0x0, flags=0x0, metaState=0x0, buttonState=0x0,edgeFlags=0x0, xPrecision=1.000391, yPrecision=1.000695, downTime=10530695709000
12-30 11:33:14.898   916  1262 D InputDispatcher:   Pointer 0: id=0, toolType=FINGER, x=1059.586060, y=821.429565, pressure=1.000000, size=0.117647, touchMajor=29.983734, touchMinor=29.983734, toolMajor=29.983734, toolMinor=29.983734, orientation=0.000000
12-30 11:33:14.898   916  1262 D InputDispatcher: dispatchEventToCurrentInputTargets
12-30 11:33:14.898   916  1262 D InputDispatcher: channel '7d7903b com.fawvw.hmi.btmusic/com.fawvw.hmi.btmusic.ui.MainActivity (server)' ~ prepareDispatchCycle - flags=FOREGROUND | SPLIT | DISPATCH_AS_IS, globalScaleFactor=1.000000, pointerIds=00000000000000000000000000000001 
12-30 11:33:14.898   916  1262 D InputDispatcher:         pointerId 0: (ROT_0) (TRANSLATE)
12-30 11:33:14.898   916  1262 D InputDispatcher:             1.0000  -0.0000  -922.0000
12-30 11:33:14.898   916  1262 D InputDispatcher:             -0.0000  1.0000  -328.0000
12-30 11:33:14.898   916  1262 D InputDispatcher:             0.0000  0.0000  1.0000
12-30 11:33:14.898   916  1262 D InputDispatcher: channel '7d7903b com.fawvw.hmi.btmusic/com.fawvw.hmi.btmusic.ui.MainActivity (server)' ~ startDispatchCycle
12-30 11:33:14.898   916  1262 D InputDispatcher: Publishing DispatchEntry{resolvedAction=MOVE, resolvedFlags=0, targetFlags=FOREGROUND | SPLIT | DISPATCH_AS_IS, transform=transform (ROT_0) (TRANSLATE)
12-30 11:33:14.898   916  1262 D InputDispatcher:     1.0000  -0.0000  -922.0000
12-30 11:33:14.898   916  1262 D InputDispatcher:     -0.0000  1.0000  -328.0000
12-30 11:33:14.898   916  1262 D InputDispatcher:     0.0000  0.0000  1.0000
12-30 11:33:14.898   916  1262 D InputDispatcher: } original: MotionEvent(deviceId=2, eventTime=10530719524000, source=TOUCHSCREEN, displayId=0, action=MOVE, actionButton=0x00000000, flags=0x00000000, metaState=0x00000000, buttonState=0x00000000, classification=NONE, edgeFlags=0x00000000, xPrecision=1.0, yPrecision=1.0, xCursorPosition=nan, yCursorPosition=nan, pointers=[0: (1059.6, 821.4)]), policyFlags=0x62000000 to 7d7903b com.fawvw.hmi.btmusic/com.fawvw.hmi.btmusic.ui.MainActivity (server)
12-30 11:33:14.898   916  1262 I InputVerifier: input: Processing MOVE for device DeviceId(2) (1 pointer) on 7d7903b com.fawvw.hmi.btmusic/com.fawvw.hmi.btmusic.ui.MainActivity (server)
12-30 11:33:14.899   916  1262 D InputTransport: channel '7d7903b com.fawvw.hmi.btmusic/com.fawvw.hmi.btmusic.ui.MainActivity (server)' publisher ~ publishMotionEvent: seq=21013, id=600485941, deviceId=2, source=TOUCHSCREEN, displayId=0, action=MOVE, actionButton=0x00000000, flags=0x0, edgeFlags=0x0, metaState=0x0, buttonState=0x0, classification=NONE,xPrecision=1.000391, yPrecision=1.000695, downTime=10530695709000, eventTime=10530719524000, pointerCount=1 
12-30 11:33:14.899   916  1262 D InputTransport:         transform (ROT_0) (TRANSLATE)
12-30 11:33:14.899   916  1262 D InputTransport:             1.0000  -0.0000  -922.0000
12-30 11:33:14.899   916  1262 D InputTransport:             -0.0000  1.0000  -328.0000
12-30 11:33:14.899   916  1262 D InputTransport:             0.0000  0.0000  1.0000
12-30 11:33:14.899   916  1262 D InputTransport: channel '7d7903b com.fawvw.hmi.btmusic/com.fawvw.hmi.btmusic.ui.MainActivity (server)' ~ sent message of type MOTION
12-30 11:33:14.899   916  1262 D InputDispatcher: channel 'PointerEventDispatcher0 (server)' ~ prepareDispatchCycle - flags=DISPATCH_AS_IS, globalScaleFactor=1.000000, pointerIds=<none> 
12-30 11:33:14.899   916  1262 D InputDispatcher:         default (ROT_0) (IDENTITY)
12-30 11:33:14.899   916  1262 D InputDispatcher: channel 'PointerEventDispatcher0 (server)' ~ startDispatchCycle
12-30 11:33:14.899   916  1262 D InputDispatcher: Publishing DispatchEntry{resolvedAction=MOVE, resolvedFlags=0, targetFlags=DISPATCH_AS_IS, transform=transform (ROT_0) (IDENTITY)
12-30 11:33:14.899   916  1262 D InputDispatcher: } original: MotionEvent(deviceId=2, eventTime=10530719524000, source=TOUCHSCREEN, displayId=0, action=MOVE, actionButton=0x00000000, flags=0x00000000, metaState=0x00000000, buttonState=0x00000000, classification=NONE, edgeFlags=0x00000000, xPrecision=1.0, yPrecision=1.0, xCursorPosition=nan, yCursorPosition=nan, pointers=[0: (1059.6, 821.4)]), policyFlags=0x62000000 to PointerEventDispatcher0 (server)
12-30 11:33:14.899   916  1262 I InputVerifier: input: Processing MOVE for device DeviceId(2) (1 pointer) on PointerEventDispatcher0 (server)
12-30 11:33:14.899   916  1262 D InputTransport: channel 'PointerEventDispatcher0 (server)' publisher ~ publishMotionEvent: seq=21014, id=600485941, deviceId=2, source=TOUCHSCREEN, displayId=0, action=MOVE, actionButton=0x00000000, flags=0x0, edgeFlags=0x0, metaState=0x0, buttonState=0x0, classification=NONE,xPrecision=1.000391, yPrecision=1.000695, downTime=10530695709000, eventTime=10530719524000, pointerCount=1 
12-30 11:33:14.899   916  1262 D InputTransport:         transform (ROT_0) (IDENTITY)
12-30 11:33:14.899   916  1262 D InputTransport: channel 'PointerEventDispatcher0 (server)' ~ sent message of type MOTION
12-30 11:33:14.899   916  1070 D InputTransport: channel 'PointerEventDispatcher0 (client)' consumer ~ consume: consumeBatches=false, frameTime=-1
12-30 11:33:14.899   916  1070 D InputTransport: channel 'PointerEventDispatcher0 (client)' ~ received message of type MOTION
12-30 11:33:14.899   916  1070 D InputTransport: channel 'PointerEventDispatcher0 (client)' consumer ~ started batch event
12-30 11:33:14.899   916  1070 D InputTransport: channel 'PointerEventDispatcher0 (client)' ~ receive message failed, errno=11
12-30 11:33:14.899   916  1070 D InputTransport: channel 'PointerEventDispatcher0 (client)' consumer ~ consume: consumeBatches=true, frameTime=-1
12-30 11:33:14.899   916  1070 D InputTransport: channel 'PointerEventDispatcher0 (client)' ~ receive message failed, errno=11
12-30 11:33:14.899   916  1070 D InputTransport: channel 'PointerEventDispatcher0 (client)' consumer ~ consumed batch event, seq=21014
12-30 11:33:14.900   916  1070 D VelocityTracker: VelocityTracker: addMovement eventTime=10530719524000, pointerId=0, activePointerId=0
12-30 11:33:14.900   916  1070 D VelocityTracker:   0: axis=0, position=1059.586, estimator (degree=2, coeff=[ 1059.585938, 0.000000, 0.000000 ], confidence=1.000000)
12-30 11:33:14.900   916  1070 D VelocityTracker: VelocityTracker: addMovement eventTime=10530719524000, pointerId=0, activePointerId=0
12-30 11:33:14.900   916  1070 D VelocityTracker:   0: axis=1, position=821.430, estimator (degree=2, coeff=[ 821.429199, -0.144514, -5.595444 ], confidence=1.000000)
12-30 11:33:14.900   916  1070 D InputTransport: channel 'PointerEventDispatcher0 (client)' consumer ~ sendFinishedSignal: seq=21014, handled=false
12-30 11:33:14.900   916  1070 D InputTransport: channel 'PointerEventDispatcher0 (client)' ~ sent message of type FINISHED
12-30 11:33:14.900   916  1070 D InputTransport: channel 'PointerEventDispatcher0 (client)' consumer ~ consume: consumeBatches=true, frameTime=-1
12-30 11:33:14.900   916  1070 D InputTransport: channel 'PointerEventDispatcher0 (client)' ~ receive message failed, errno=11
12-30 11:33:14.900   916  1262 D InputTransport: channel 'PointerEventDispatcher0 (server)' ~ received message of type FINISHED
12-30 11:33:14.900   916  1262 D InputTransport: channel 'PointerEventDispatcher0 (server)' publisher ~ receiveConsumerResponse: finished: seq=21014, handled=false
12-30 11:33:14.900   916  1262 D InputDispatcher: channel 'PointerEventDispatcher0 (server)' ~ finishDispatchCycle - seq=21014, handled=false
12-30 11:33:14.900   916  1262 D InputTransport: channel 'PointerEventDispatcher0 (server)' ~ receive message failed, errno=11
12-30 11:33:14.900   916  1262 D InputTransport: channel 'PointerEventDispatcher0 (server)' publisher ~ receiveConsumerResponse: Unknown error -11
12-30 11:33:14.900   916  1262 D InputDispatcher: channel 'PointerEventDispatcher0 (server)' ~ startDispatchCycle
12-30 11:33:14.902   650   729 D fgemcucomm: sd Uart data : 6AA60249DB0002920244
12-30 11:33:14.902   650   729 D fgemcucomm: rev uart=87446,len=43, data : 6AA68149DB0023920200140000000000000000000000000000000000000000000000000000000000000090
12-30 11:33:14.902   398   398 D adayocomadapter-ParseProtocolFunc: printRaWMsg Name[MCUToUPstream recv] len[35] data[9202001400000000000000000000000000000000000000000000000000000000000000]
12-30 11:33:14.902   398   398 D adayocomadapter-CommunicationManager: onUpstreamback   member[0] dataLength[32] timePoint[10530724]
12-30 11:33:14.902   398   398 D adayocomadapter-ParseProtocolFunc: printRaWMsg Name[onUpstreamback] len[32] data[1400000000000000000000000000000000000000000000000000000000000000]
12-30 11:33:14.903   398   464 D adayocomadapter-UpstreamHandler: processBeforePacket upSreamtProcessTimePoint[10530724] 
12-30 11:33:14.903   398   464 D adayocomadapter-UpstreamHandler: processPacket UPSTREAM_QUEUE_DATA_TIMEOUT
12-30 11:33:14.903   398   464 D adayocomadapter-ParseProtocolFunc: parseCommonIPCLBytes Processing tableNumber[20]
12-30 11:33:14.903   398   464 D adayocomadapter-ParseProtocolFunc: parseCommonIPCLBytes Processing tablename[Table-20] tableSize[32]
12-30 11:33:14.903   398   464 D adayocomadapter-ParseProtocolFunc: printRaWMsg Name[byteStream recv] len[32] data[1400000000000000000000000000000000000000000000000000000000000000]
12-30 11:33:14.903   398   464 D adayocomadapter-ParseProtocolFunc: printRaWMsg Name[IPCLtoVHAL] len[6] data[2140200F0000]
12-30 11:33:14.903   398   464 D adayocomadapter-ParseProtocolFunc: printRaWMsg Name[IPCLtoVHAL] len[6] data[214020B00000]
12-30 11:33:14.903   398   464 D adayocomadapter-ParseProtocolFunc: printRaWMsg Name[IPCLtoVHAL] len[8] data[2141201601000000]
12-30 11:33:14.903   398   464 D adayocomadapter-ParseProtocolFunc: printRaWMsg Name[IPCLtoVHAL] len[6] data[214020590000]
12-30 11:33:14.903   398   464 D adayocomadapter-ParseProtocolFunc: printRaWMsg Name[IPCLtoVHAL] len[6] data[2140201A0000]
12-30 11:33:14.903   398   464 D adayocomadapter-ParseProtocolFunc: printRaWMsg Name[IPCLtoVHAL] len[6] data[214020100000]
12-30 11:33:14.903   398   464 D adayocomadapter-ParseProtocolFunc: printRaWMsg Name[IPCLtoVHAL] len[6] data[214020550000]
12-30 11:33:14.903   398   464 D adayocomadapter-ParseProtocolFunc: printRaWMsg Name[IPCLtoVHAL] len[6] data[214020B10000]
12-30 11:33:14.903   398   464 D adayocomadapter-ParseProtocolFunc: printRaWMsg Name[IPCLtoVHAL] len[6] data[2140201B0000]
12-30 11:33:14.903   398   464 D adayocomadapter-ParseProtocolFunc: printRaWMsg Name[IPCLtoVHAL] len[6] data[214020180000]
12-30 11:33:14.903   398   464 D adayocomadapter-ParseProtocolFunc: printRaWMsg Name[IPCLtoVHAL] len[6] data[214021900000]
12-30 11:33:14.903   398   464 D adayocomadapter-ParseProtocolFunc: printRaWMsg Name[IPCLtoVHAL] len[6] data[214020210000]
12-30 11:33:14.903   398   464 D adayocomadapter-ParseProtocolFunc: printRaWMsg Name[IPCLtoVHAL] len[6] data[214021C80000]
12-30 11:33:14.903   398   464 D adayocomadapter-ParseProtocolFunc: printRaWMsg Name[IPCLtoVHAL] len[7] data[2140200A000000]
12-30 11:33:14.903   398   464 D adayocomadapter-ParseProtocolFunc: printRaWMsg Name[IPCLtoVHAL] len[6] data[2140223E0000]
12-30 11:33:14.903   398   464 D adayocomadapter-ParseProtocolFunc: printRaWMsg Name[IPCLtoVHAL] len[6] data[214021190000]
12-30 11:33:14.903   398   464 D adayocomadapter-ParseProtocolFunc: printRaWMsg Name[IPCLtoVHAL] len[6] data[214020050000]
12-30 11:33:14.903   398   464 D adayocomadapter-ParseProtocolFunc: printRaWMsg Name[IPCLtoVHAL] len[6] data[2140214E0000]
12-30 11:33:14.903   398   464 D adayocomadapter-ParseProtocolFunc: printRaWMsg Name[IPCLtoVHAL] len[6] data[214020560000]
12-30 11:33:14.903   398   464 D adayocomadapter-ParseProtocolFunc: printRaWMsg Name[IPCLtoVHAL] len[6] data[214020570000]
12-30 11:33:14.903   398   464 D adayocomadapter-ParseProtocolFunc: printRaWMsg Name[IPCLtoVHAL] len[6] data[214020580000]
12-30 11:33:14.903   398   464 D adayocomadapter-ParseProtocolFunc: printRaWMsg Name[IPCLtoVHAL] len[6] data[2140205A0000]
12-30 11:33:14.903   398   464 D adayocomadapter-ParseProtocolFunc: printRaWMsg Name[IPCLtoVHAL] len[6] data[2140205B0000]
12-30 11:33:14.903   398   464 D adayocomadapter-ParseProtocolFunc: printRaWMsg Name[IPCLtoVHAL] len[6] data[2140205C0000]
12-30 11:33:14.903   398   464 D adayocomadapter-ParseProtocolFunc: printRaWMsg Name[IPCLtoVHAL] len[6] data[2140218E0000]
12-30 11:33:14.903   398   464 D adayocomadapter-ParseProtocolFunc: printRaWMsg Name[IPCLtoVHAL] len[6] data[2140218F0000]
12-30 11:33:14.903   398   464 D adayocomadapter-ParseProtocolFunc: printRaWMsg Name[IPCLtoVHAL] len[6] data[214021910000]
12-30 11:33:14.903   398   464 D adayocomadapter-ParseProtocolFunc: printRaWMsg Name[IPCLtoVHAL] len[6] data[2140223D0000]
12-30 11:33:14.903   398   464 D adayocomadapter-CommunicationManager: onUpstreamReceive mPropertyId 0x2140200f
12-30 11:33:14.903   398   464 D adayocomadapter-CommunicationManager: convertBytesToInt32Memcpy  0
12-30 11:33:14.903   398   464 I vw-vhal : notifyVehicleProperty, propId = 0x2140200f, data = {status: 2, int32Values: [0]}
12-30 11:33:14.903   398   464 I vw-vhal : CanSignalsAdapter::notifyVehicleProperty: solvedValue = {.timestamp = 10530725577920, .areaId = 0, .prop = 557850639, .status = AVAILABLE, .value = {.int32Values = [1]{0}, .floatValues = [0]{}, .int64Values = [0]{}, .bytes = [0]{}, .stringValue = ""}}
12-30 11:33:14.903   398   464 I VehiclePropertyStore: begin to write value to Store: {.timestamp = 10530725577920, .areaId = 0, .prop = 557850639, .status = AVAILABLE, .value = {.int32Values = [1]{0}, .floatValues = [0]{}, .int64Values = [0]{}, .bytes = [0]{}, .stringValue = ""}}
12-30 11:33:14.903   398   464 I DefaultVehicleHal_v2_0: DefaultVehicleHal::onPropertyValue, value:{.timestamp = 10530725577920, .areaId = 0, .prop = 557850639, .status = AVAILABLE, .value = {.int32Values = [1]{0}, .floatValues = [0]{}, .int64Values = [0]{}, .bytes = [0]{}, .stringValue = ""}}
12-30 11:33:14.903   398   464 D DiagPropHandler: is not DiagnosticConfig: 0x2140200f
12-30 11:33:14.903   398   464 I VehiclePropertyStore: begin to write value to Store: {.timestamp = 10530725577920, .areaId = 0, .prop = 557850639, .status = AVAILABLE, .value = {.int32Values = [1]{0}, .floatValues = [0]{}, .int64Values = [0]{}, .bytes = [0]{}, .stringValue = ""}}
12-30 11:33:14.903   398   464 D adayocomadapter-CommunicationManager: onUpstreamReceive mPropertyId 0x2140200f
12-30 11:33:14.903   398   464 D adayocomadapter-CommunicationManager: onUpstreamReceive mPropertyId 0x214020b0
12-30 11:33:14.903   398   464 D adayocomadapter-CommunicationManager: convertBytesToInt32Memcpy  0
12-30 11:33:14.903   398   464 I vw-vhal : notifyVehicleProperty, propId = 0x214020b0, data = {status: 2, int32Values: [0]}
12-30 11:33:14.904   398   464 I vw-vhal : CanSignalsAdapter::notifyVehicleProperty: solvedValue = {.timestamp = 10530725859586, .areaId = 0, .prop = 557850800, .status = AVAILABLE, .value = {.int32Values = [1]{0}, .floatValues = [0]{}, .int64Values = [0]{}, .bytes = [0]{}, .stringValue = ""}}
12-30 11:33:14.904   398   464 I VehiclePropertyStore: begin to write value to Store: {.timestamp = 10530725859586, .areaId = 0, .prop = 557850800, .status = AVAILABLE, .value = {.int32Values = [1]{0}, .floatValues = [0]{}, .int64Values = [0]{}, .bytes = [0]{}, .stringValue = ""}}
12-30 11:33:14.904   398   464 I DefaultVehicleHal_v2_0: DefaultVehicleHal::onPropertyValue, value:{.timestamp = 10530725859586, .areaId = 0, .prop = 557850800, .status = AVAILABLE, .value = {.int32Values = [1]{0}, .floatValues = [0]{}, .int64Values = [0]{}, .bytes = [0]{}, .stringValue = ""}}
12-30 11:33:14.904   398   464 D DiagPropHandler: is not DiagnosticConfig: 0x214020b0
12-30 11:33:14.904   398   464 I VehiclePropertyStore: begin to write value to Store: {.timestamp = 10530725859586, .areaId = 0, .prop = 557850800, .status = AVAILABLE, .value = {.int32Values = [1]{0}, .floatValues = [0]{}, .int64Values = [0]{}, .bytes = [0]{}, .stringValue = ""}}
12-30 11:33:14.904   398   464 D adayocomadapter-CommunicationManager: onUpstreamReceive mPropertyId 0x214020b0
12-30 11:33:14.904   398   464 D adayocomadapter-CommunicationManager: onUpstreamReceive mPropertyId 0x21412016
12-30 11:33:14.904   398   464 I vw-vhal : notifyVehicleProperty, propId = 0x21412016, data = {status: 2, int32Values: [0, 0, 0]}
12-30 11:33:14.904   398   464 I vw-vhal : CanSignalsAdapter::notifyVehicleProperty: solvedValue = {.timestamp = 10530726073920, .areaId = 0, .prop = 557916182, .status = AVAILABLE, .value = {.int32Values = [3]{0, 0, 0}, .floatValues = [0]{}, .int64Values = [0]{}, .bytes = [0]{}, .stringValue = ""}}
12-30 11:33:14.904   398   464 I VehiclePropertyStore: begin to write value to Store: {.timestamp = 10530726073920, .areaId = 0, .prop = 557916182, .status = AVAILABLE, .value = {.int32Values = [3]{0, 0, 0}, .floatValues = [0]{}, .int64Values = [0]{}, .bytes = [0]{}, .stringValue = ""}}
12-30 11:33:14.904   398   464 I DefaultVehicleHal_v2_0: DefaultVehicleHal::onPropertyValue, value:{.timestamp = 10530726073920, .areaId = 0, .prop = 557916182, .status = AVAILABLE, .value = {.int32Values = [3]{0, 0, 0}, .floatValues = [0]{}, .int64Values = [0]{}, .bytes = [0]{}, .stringValue = ""}}
12-30 11:33:14.904   398   464 D DiagPropHandler: is not DiagnosticConfig: 0x21412016
12-30 11:33:14.904   398   464 I VehiclePropertyStore: begin to write value to Store: {.timestamp = 10530726073920, .areaId = 0, .prop = 557916182, .status = AVAILABLE, .value = {.int32Values = [3]{0, 0, 0}, .floatValues = [0]{}, .int64Values = [0]{}, .bytes = [0]{}, .stringValue = ""}}
12-30 11:33:14.904   398   464 D adayocomadapter-CommunicationManager: onUpstreamReceive mPropertyId 0x21412016
12-30 11:33:14.904   398   464 D adayocomadapter-CommunicationManager: onUpstreamReceive mPropertyId 0x21402059
12-30 11:33:14.904   398   464 D adayocomadapter-CommunicationManager: convertBytesToInt32Memcpy  0
12-30 11:33:14.904   398   464 I vw-vhal : notifyVehicleProperty, propId = 0x21402059, data = {status: 2, int32Values: [0]}
12-30 11:33:14.904   398   464 I vw-vhal : CanSignalsAdapter::notifyVehicleProperty: solvedValue = {.timestamp = 10530726303586, .areaId = 0, .prop = 557850713, .status = AVAILABLE, .value = {.int32Values = [1]{0}, .floatValues = [0]{}, .int64Values = [0]{}, .bytes = [0]{}, .stringValue = ""}}
12-30 11:33:14.904   398   464 I VehiclePropertyStore: begin to write value to Store: {.timestamp = 10530726303586, .areaId = 0, .prop = 557850713, .status = AVAILABLE, .value = {.int32Values = [1]{0}, .floatValues = [0]{}, .int64Values = [0]{}, .bytes = [0]{}, .stringValue = ""}}
12-30 11:33:14.904   398   464 I DefaultVehicleHal_v2_0: DefaultVehicleHal::onPropertyValue, value:{.timestamp = 10530726303586, .areaId = 0, .prop = 557850713, .status = AVAILABLE, .value = {.int32Values = [1]{0}, .floatValues = [0]{}, .int64Values = [0]{}, .bytes = [0]{}, .stringValue = ""}}
12-30 11:33:14.904   398   464 D DiagPropHandler: is not DiagnosticConfig: 0x21402059
12-30 11:33:14.904   398   464 I VehiclePropertyStore: begin to write value to Store: {.timestamp = 10530726303586, .areaId = 0, .prop = 557850713, .status = AVAILABLE, .value = {.int32Values = [1]{0}, .floatValues = [0]{}, .int64Values = [0]{}, .bytes = [0]{}, .stringValue = ""}}
12-30 11:33:14.904   398   464 D adayocomadapter-CommunicationManager: onUpstreamReceive mPropertyId 0x21402059
12-30 11:33:14.904   398   464 D adayocomadapter-CommunicationManager: onUpstreamReceive mPropertyId 0x2140201a
12-30 11:33:14.904   398   464 D adayocomadapter-CommunicationManager: convertBytesToInt32Memcpy  0
12-30 11:33:14.904   398   464 I vw-vhal : notifyVehicleProperty, propId = 0x2140201a, data = {status: 2, int32Values: [0]}
12-30 11:33:14.904   398   464 I vw-vhal : CanSignalsAdapter::notifyVehicleProperty: solvedValue = {.timestamp = 10530726523586, .areaId = 0, .prop = 557850650, .status = AVAILABLE, .value = {.int32Values = [1]{0}, .floatValues = [0]{}, .int64Values = [0]{}, .bytes = [0]{}, .stringValue = ""}}
