12-30 11:33:14.211   398   464 I DefaultVehicleHal_v2_0: DefaultVehicleHal::onPropertyValue, value:{.timestamp = 10530033449253, .areaId = 0, .prop = 557850636, .status = AVAILABLE, .value = {.int32Values = [1]{0}, .floatValues = [0]{}, .int64Values = [0]{}, .bytes = [0]{}, .stringValue = ""}}
12-30 11:33:14.211   398   464 D DiagPropHandler: is not DiagnosticConfig: 0x2140200c
12-30 11:33:14.211   398   464 I VehiclePropertyStore: begin to write value to Store: {.timestamp = 10530033449253, .areaId = 0, .prop = 557850636, .status = AVAILABLE, .value = {.int32Values = [1]{0}, .floatValues = [0]{}, .int64Values = [0]{}, .bytes = [0]{}, .stringValue = ""}}
12-30 11:33:14.211   398   464 D adayocomadapter-CommunicationManager: onUpstreamReceive mPropertyId 0x2140200c
12-30 11:33:14.211   398   464 D adayocomadapter-CommunicationManager: onUpstreamReceive mPropertyId 0x2140200d
12-30 11:33:14.211   398   464 D adayocomadapter-CommunicationManager: convertBytesToInt32Memcpy  0
12-30 11:33:14.211   916  1883 D InputDispatcher: channel '7d7903b com.fawvw.hmi.btmusic/com.fawvw.hmi.btmusic.ui.MainActivity' ~ createInputChannel
12-30 11:33:14.211   398   464 I vw-vhal : notifyVehicleProperty, propId = 0x2140200d, data = {status: 2, int32Values: [0]}
12-30 11:33:14.211   398   464 I vw-vhal : CanSignalsAdapter::notifyVehicleProperty: solvedValue = {.timestamp = 10530033690919, .areaId = 0, .prop = 557850637, .status = AVAILABLE, .value = {.int32Values = [1]{0}, .floatValues = [0]{}, .int64Values = [0]{}, .bytes = [0]{}, .stringValue = ""}}
12-30 11:33:14.211   398   464 I VehiclePropertyStore: begin to write value to Store: {.timestamp = 10530033690919, .areaId = 0, .prop = 557850637, .status = AVAILABLE, .value = {.int32Values = [1]{0}, .floatValues = [0]{}, .int64Values = [0]{}, .bytes = [0]{}, .stringValue = ""}}
12-30 11:33:14.211   398   464 I DefaultVehicleHal_v2_0: DefaultVehicleHal::onPropertyValue, value:{.timestamp = 10530033690919, .areaId = 0, .prop = 557850637, .status = AVAILABLE, .value = {.int32Values = [1]{0}, .floatValues = [0]{}, .int64Values = [0]{}, .bytes = [0]{}, .stringValue = ""}}
12-30 11:33:14.211   398   464 D DiagPropHandler: is not DiagnosticConfig: 0x2140200d
12-30 11:33:14.211   916  1883 D InputTransport: Input channel constructed: name='7d7903b com.fawvw.hmi.btmusic/com.fawvw.hmi.btmusic.ui.MainActivity (server)', fd=585
12-30 11:33:14.211   398   464 I VehiclePropertyStore: begin to write value to Store: {.timestamp = 10530033690919, .areaId = 0, .prop = 557850637, .status = AVAILABLE, .value = {.int32Values = [1]{0}, .floatValues = [0]{}, .int64Values = [0]{}, .bytes = [0]{}, .stringValue = ""}}
12-30 11:33:14.211   916  1883 D InputTransport: Input channel constructed: name='7d7903b com.fawvw.hmi.btmusic/com.fawvw.hmi.btmusic.ui.MainActivity (client)', fd=589
12-30 11:33:14.211   398   464 D adayocomadapter-CommunicationManager: onUpstreamReceive mPropertyId 0x2140200d
12-30 11:33:14.211   398   464 D adayocomadapter-CommunicationManager: onUpstreamReceive mPropertyId 0x21402233
12-30 11:33:14.211   398   464 D adayocomadapter-CommunicationManager: convertBytesToInt32Memcpy  0
12-30 11:33:14.212   398   464 I vw-vhal : notifyVehicleProperty, propId = 0x21402233, data = {status: 2, int32Values: [0]}
12-30 11:33:14.212   398   464 I vw-vhal : CanSignalsAdapter::notifyVehicleProperty: solvedValue = {.timestamp = 10530033885919, .areaId = 0, .prop = 557851187, .status = AVAILABLE, .value = {.int32Values = [1]{0}, .floatValues = [0]{}, .int64Values = [0]{}, .bytes = [0]{}, .stringValue = ""}}
12-30 11:33:14.212   398   464 I VehiclePropertyStore: begin to write value to Store: {.timestamp = 10530033885919, .areaId = 0, .prop = 557851187, .status = AVAILABLE, .value = {.int32Values = [1]{0}, .floatValues = [0]{}, .int64Values = [0]{}, .bytes = [0]{}, .stringValue = ""}}
12-30 11:33:14.212   398   464 I DefaultVehicleHal_v2_0: DefaultVehicleHal::onPropertyValue, value:{.timestamp = 10530033885919, .areaId = 0, .prop = 557851187, .status = AVAILABLE, .value = {.int32Values = [1]{0}, .floatValues = [0]{}, .int64Values = [0]{}, .bytes = [0]{}, .stringValue = ""}}
12-30 11:33:14.212   398   464 D DiagPropHandler: is not DiagnosticConfig: 0x21402233
12-30 11:33:14.212   916  1883 D InputTransport: Input channel constructed: name='7d7903b com.fawvw.hmi.btmusic/com.fawvw.hmi.btmusic.ui.MainActivity (client)', fd=600
12-30 11:33:14.212   398   464 I VehiclePropertyStore: begin to write value to Store: {.timestamp = 10530033885919, .areaId = 0, .prop = 557851187, .status = AVAILABLE, .value = {.int32Values = [1]{0}, .floatValues = [0]{}, .int64Values = [0]{}, .bytes = [0]{}, .stringValue = ""}}
12-30 11:33:14.212   398   464 D adayocomadapter-CommunicationManager: onUpstreamReceive mPropertyId 0x21402233
12-30 11:33:14.212   398   464 D adayocomadapter-CommunicationManager: onUpstreamReceive mPropertyId 0x2140201d
12-30 11:33:14.212   398   464 D adayocomadapter-CommunicationManager: convertBytesToInt32Memcpy  0
12-30 11:33:14.212   398   464 I vw-vhal : notifyVehicleProperty, propId = 0x2140201d, data = {status: 2, int32Values: [0]}
12-30 11:33:14.212   398   464 I vw-vhal : CanSignalsAdapter::notifyVehicleProperty: solvedValue = {.timestamp = 10530034079253, .areaId = 0, .prop = 557850653, .status = AVAILABLE, .value = {.int32Values = [1]{0}, .floatValues = [0]{}, .int64Values = [0]{}, .bytes = [0]{}, .stringValue = ""}}
12-30 11:33:14.212   398   464 I VehiclePropertyStore: begin to write value to Store: {.timestamp = 10530034079253, .areaId = 0, .prop = 557850653, .status = AVAILABLE, .value = {.int32Values = [1]{0}, .floatValues = [0]{}, .int64Values = [0]{}, .bytes = [0]{}, .stringValue = ""}}
12-30 11:33:14.212   398   464 I DefaultVehicleHal_v2_0: DefaultVehicleHal::onPropertyValue, value:{.timestamp = 10530034079253, .areaId = 0, .prop = 557850653, .status = AVAILABLE, .value = {.int32Values = [1]{0}, .floatValues = [0]{}, .int64Values = [0]{}, .bytes = [0]{}, .stringValue = ""}}
12-30 11:33:14.212   398   464 D DiagPropHandler: is not DiagnosticConfig: 0x2140201d
12-30 11:33:14.212   398   464 I VehiclePropertyStore: begin to write value to Store: {.timestamp = 10530034079253, .areaId = 0, .prop = 557850653, .status = AVAILABLE, .value = {.int32Values = [1]{0}, .floatValues = [0]{}, .int64Values = [0]{}, .bytes = [0]{}, .stringValue = ""}}
12-30 11:33:14.212   398   464 D adayocomadapter-CommunicationManager: onUpstreamReceive mPropertyId 0x2140201d
12-30 11:33:14.212   398   464 D adayocomadapter-CommunicationManager: onUpstreamReceive mPropertyId 0x2140201e
12-30 11:33:14.212   398   464 D adayocomadapter-CommunicationManager: convertBytesToInt32Memcpy  0
12-30 11:33:14.212   398   464 I vw-vhal : notifyVehicleProperty, propId = 0x2140201e, data = {status: 2, int32Values: [0]}
12-30 11:33:14.212   398   464 I vw-vhal : CanSignalsAdapter::notifyVehicleProperty: solvedValue = {.timestamp = 10530034268586, .areaId = 0, .prop = 557850654, .status = AVAILABLE, .value = {.int32Values = [1]{0}, .floatValues = [0]{}, .int64Values = [0]{}, .bytes = [0]{}, .stringValue = ""}}
12-30 11:33:14.212   398   464 I VehiclePropertyStore: begin to write value to Store: {.timestamp = 10530034268586, .areaId = 0, .prop = 557850654, .status = AVAILABLE, .value = {.int32Values = [1]{0}, .floatValues = [0]{}, .int64Values = [0]{}, .bytes = [0]{}, .stringValue = ""}}
12-30 11:33:14.212   398   464 I DefaultVehicleHal_v2_0: DefaultVehicleHal::onPropertyValue, value:{.timestamp = 10530034268586, .areaId = 0, .prop = 557850654, .status = AVAILABLE, .value = {.int32Values = [1]{0}, .floatValues = [0]{}, .int64Values = [0]{}, .bytes = [0]{}, .stringValue = ""}}
12-30 11:33:14.212   398   464 D DiagPropHandler: is not DiagnosticConfig: 0x2140201e
12-30 11:33:14.212   398   464 I VehiclePropertyStore: begin to write value to Store: {.timestamp = 10530034268586, .areaId = 0, .prop = 557850654, .status = AVAILABLE, .value = {.int32Values = [1]{0}, .floatValues = [0]{}, .int64Values = [0]{}, .bytes = [0]{}, .stringValue = ""}}
12-30 11:33:14.212   398   464 D adayocomadapter-CommunicationManager: onUpstreamReceive mPropertyId 0x2140201e
12-30 11:33:14.215   360   931 D EvsDriver: forwardFrame
12-30 11:33:14.215   360   931 D EvsDriver: forwardFrameDirect
12-30 11:33:14.215   360   931 D EvsDriver: Delivered 0xb400e2ca9e40c2d0 as id 0
12-30 11:33:14.215   359   359 D evsmanagerd: /dev/video-evs0 forwarded the buffer #0 to 0xb400f125d2b26dd0 from 0xb400f125e2b20710
12-30 11:33:14.216   916  1883 D InputTransport: Input channel destroyed: name='7d7903b com.fawvw.hmi.btmusic/com.fawvw.hmi.btmusic.ui.MainActivity (client)', fd=600
12-30 11:33:14.218   916  1883 D CoreBackPreview: Window{7d7903b u0 com.fawvw.hmi.btmusic/com.fawvw.hmi.btmusic.ui.MainActivity}: Setting back callback OnBackInvokedCallbackInfo{mCallback=android.window.IOnBackInvokedCallback$Stub$Proxy@88272ed, mPriority=0, mIsAnimationCallback=false}
12-30 11:33:14.222   916  1883 D InputDispatcher: setInputWindows displayId=0 a3d1c2b MosiCarBottomSystemBar fe7c667 MosiCarTopSystemBar 58b392e com.mosi.mosc.aicenter 594b861 com.fawvw.hmi.btmusic/com.fawvw.hmi.btmusic.ui.MainActivity baeedf7 ActivityRecordInputSink com.fawvw.hmi.btmusic/.ui.MainActivity b979fba ActivityRecordInputSink com.fawvw.hmi.usbmusic/.ui.MainActivity bafc3a6 ActivityRecordInputSink com.fawvw.hmi.cardesktop/com.mosi.mosc.avatarapp.MainActivity dc3550d ActivityRecordInputSink com.fawvw.hmi.bev.climate/.ui.MainActivity 3a091e6 ActivityRecordInputSink com.fawvw.hmi.bev.carapp/.MainActivity 8da7ea6 ActivityRecordInputSink com.adayo.service.log/com.adayo.log.ui.MainActivity 8b7efe1 ActivityRecordInputSink com.adayo.app.hicar/.HiCarProjectionActivity 1788cd6 ActivityRecordInputSink com.fawvw.hmi.cnslauncher/.Launcher 
12-30 11:33:14.223   360   458 D EvsDriver: doneWithFrame
12-30 11:33:14.225   596  3076 E WifiHAL : Invalid data received from driver
12-30 11:33:14.248   360   931 D EvsDriver: forwardFrame
12-30 11:33:14.248   360   931 D EvsDriver: forwardFrameDirect
12-30 11:33:14.248   360   931 D EvsDriver: Delivered 0xb400e2ca9e40d090 as id 1
12-30 11:33:14.248   359   359 D evsmanagerd: /dev/video-evs0 forwarded the buffer #1 to 0xb400f125d2b26dd0 from 0xb400f125e2b20710
12-30 11:33:14.252   916  1883 E WindowManager: Unknown window type: 2105
12-30 11:33:14.252   916  1883 E WindowManager: Unknown window type: 2102
12-30 11:33:14.254   360   458 D EvsDriver: doneWithFrame
12-30 11:33:14.255   916  1073 I input_focus: [Focus request 7d7903b com.fawvw.hmi.btmusic/com.fawvw.hmi.btmusic.ui.MainActivity,reason=UpdateInputWindows]
12-30 11:33:14.256   916  1883 D InputDispatcher: setInputWindows displayId=0 a3d1c2b MosiCarBottomSystemBar fe7c667 MosiCarTopSystemBar 58b392e com.mosi.mosc.aicenter 594b861 com.fawvw.hmi.btmusic/com.fawvw.hmi.btmusic.ui.MainActivity baeedf7 ActivityRecordInputSink com.fawvw.hmi.btmusic/.ui.MainActivity b979fba ActivityRecordInputSink com.fawvw.hmi.usbmusic/.ui.MainActivity bafc3a6 ActivityRecordInputSink com.fawvw.hmi.cardesktop/com.mosi.mosc.avatarapp.MainActivity dc3550d ActivityRecordInputSink com.fawvw.hmi.bev.climate/.ui.MainActivity 3a091e6 ActivityRecordInputSink com.fawvw.hmi.bev.carapp/.MainActivity 8da7ea6 ActivityRecordInputSink com.adayo.service.log/com.adayo.log.ui.MainActivity 8b7efe1 ActivityRecordInputSink com.adayo.app.hicar/.HiCarProjectionActivity 1788cd6 ActivityRecordInputSink com.fawvw.hmi.cnslauncher/.Launcher 
12-30 11:33:14.256  2358  2623 D RcfController: Rcf proxy is not connected!
12-30 11:33:14.258 21940 21967 E OpenGLRenderer: Unable to match the desired swap behavior.
12-30 11:33:14.281   360   931 D EvsDriver: forwardFrame
12-30 11:33:14.281   360   931 D EvsDriver: forwardFrameDirect
12-30 11:33:14.282   360   931 D EvsDriver: Delivered 0xb400e2ca9e40e110 as id 0
12-30 11:33:14.282   359   359 D evsmanagerd: /dev/video-evs0 forwarded the buffer #0 to 0xb400f125d2b26dd0 from 0xb400f125e2b20710
12-30 11:33:14.283   916  1073 E WindowManager: Unknown window type: 2105
12-30 11:33:14.283   916  1073 E WindowManager: Unknown window type: 2102
12-30 11:33:14.285   360   458 D EvsDriver: doneWithFrame
12-30 11:33:14.287   916  1073 E WindowManager: Unknown window type: 2105
12-30 11:33:14.287   916  1073 E WindowManager: Unknown window type: 2102
12-30 11:33:14.287 21940 21940 D InputTransport: channel '594b861 com.fawvw.hmi.btmusic/com.fawvw.hmi.btmusic.ui.MainActivity (client)' consumer ~ sendTimeline: inputEventId=705862426, gpuCompletedTime=10529981407586, presentTime=10530019506919
12-30 11:33:14.287 21940 21940 D InputTransport: channel '594b861 com.fawvw.hmi.btmusic/com.fawvw.hmi.btmusic.ui.MainActivity (client)' ~ sent message of type TIMELINE
12-30 11:33:14.287   916  1262 D InputTransport: channel '594b861 com.fawvw.hmi.btmusic/com.fawvw.hmi.btmusic.ui.MainActivity (server)' ~ received message of type TIMELINE
12-30 11:33:14.288   916  1262 D InputTransport: channel '594b861 com.fawvw.hmi.btmusic/com.fawvw.hmi.btmusic.ui.MainActivity (server)' publisher ~ receiveConsumerResponse: timeline: id=705862426
12-30 11:33:14.288   916  1262 D InputTransport: channel '594b861 com.fawvw.hmi.btmusic/com.fawvw.hmi.btmusic.ui.MainActivity (server)' ~ receive message failed, errno=11
12-30 11:33:14.288   916  1262 D InputTransport: channel '594b861 com.fawvw.hmi.btmusic/com.fawvw.hmi.btmusic.ui.MainActivity (server)' publisher ~ receiveConsumerResponse: Unknown error -11
12-30 11:33:14.289   916  1883 D InputDispatcher: setInputWindows displayId=0 a3d1c2b MosiCarBottomSystemBar fe7c667 MosiCarTopSystemBar 58b392e com.mosi.mosc.aicenter 7d7903b com.fawvw.hmi.btmusic/com.fawvw.hmi.btmusic.ui.MainActivity 594b861 com.fawvw.hmi.btmusic/com.fawvw.hmi.btmusic.ui.MainActivity baeedf7 ActivityRecordInputSink com.fawvw.hmi.btmusic/.ui.MainActivity b979fba ActivityRecordInputSink com.fawvw.hmi.usbmusic/.ui.MainActivity bafc3a6 ActivityRecordInputSink com.fawvw.hmi.cardesktop/com.mosi.mosc.avatarapp.MainActivity dc3550d ActivityRecordInputSink com.fawvw.hmi.bev.climate/.ui.MainActivity 3a091e6 ActivityRecordInputSink com.fawvw.hmi.bev.carapp/.MainActivity 8da7ea6 ActivityRecordInputSink com.adayo.service.log/com.adayo.log.ui.MainActivity 8b7efe1 ActivityRecordInputSink com.adayo.app.hicar/.HiCarProjectionActivity 1788cd6 ActivityRecordInputSink com.fawvw.hmi.cnslauncher/.Launcher 
12-30 11:33:14.289   916  1262 I input_focus: [Focus leaving 594b861 com.fawvw.hmi.btmusic/com.fawvw.hmi.btmusic.ui.MainActivity (server),reason=Waiting for window because NO_WINDOW]
12-30 11:33:14.289   916  1262 D InputDispatcher: dispatchEventToCurrentInputTargets
12-30 11:33:14.289   916  1262 D InputDispatcher: channel '594b861 com.fawvw.hmi.btmusic/com.fawvw.hmi.btmusic.ui.MainActivity (server)' ~ prepareDispatchCycle - flags=DISPATCH_AS_IS, globalScaleFactor=1.000000, pointerIds=<none> 
12-30 11:33:14.289   916  1262 D InputDispatcher:         default (ROT_0) (IDENTITY)
12-30 11:33:14.289   916  1262 D InputDispatcher: channel '594b861 com.fawvw.hmi.btmusic/com.fawvw.hmi.btmusic.ui.MainActivity (server)' ~ startDispatchCycle
12-30 11:33:14.289   916  1262 D InputTransport: channel '594b861 com.fawvw.hmi.btmusic/com.fawvw.hmi.btmusic.ui.MainActivity (server)' publisher ~ publishFocusEvent: seq=21003, id=1521812224, hasFocus=false
12-30 11:33:14.289   916  1262 D InputTransport: channel '594b861 com.fawvw.hmi.btmusic/com.fawvw.hmi.btmusic.ui.MainActivity (server)' ~ sent message of type FOCUS
12-30 11:33:14.294 21940 21940 D InputTransport: channel '594b861 com.fawvw.hmi.btmusic/com.fawvw.hmi.btmusic.ui.MainActivity (client)' consumer ~ consume: consumeBatches=false, frameTime=-1
12-30 11:33:14.294 21940 21940 D InputTransport: channel '594b861 com.fawvw.hmi.btmusic/com.fawvw.hmi.btmusic.ui.MainActivity (client)' ~ received message of type FOCUS
12-30 11:33:14.294 21940 21940 D InputTransport: channel '594b861 com.fawvw.hmi.btmusic/com.fawvw.hmi.btmusic.ui.MainActivity (client)' consumer ~ sendFinishedSignal: seq=21003, handled=true
12-30 11:33:14.294 21940 21940 D InputTransport: channel '594b861 com.fawvw.hmi.btmusic/com.fawvw.hmi.btmusic.ui.MainActivity (client)' ~ sent message of type FINISHED
12-30 11:33:14.294   916  1262 D InputTransport: channel '594b861 com.fawvw.hmi.btmusic/com.fawvw.hmi.btmusic.ui.MainActivity (server)' ~ received message of type FINISHED
12-30 11:33:14.294   916  1262 D InputTransport: channel '594b861 com.fawvw.hmi.btmusic/com.fawvw.hmi.btmusic.ui.MainActivity (server)' publisher ~ receiveConsumerResponse: finished: seq=21003, handled=true
12-30 11:33:14.294   916  1262 D InputDispatcher: channel '594b861 com.fawvw.hmi.btmusic/com.fawvw.hmi.btmusic.ui.MainActivity (server)' ~ finishDispatchCycle - seq=21003, handled=true
12-30 11:33:14.294   916  1262 D InputTransport: channel '594b861 com.fawvw.hmi.btmusic/com.fawvw.hmi.btmusic.ui.MainActivity (server)' ~ receive message failed, errno=11
12-30 11:33:14.294 21940 21940 D InputTransport: channel '594b861 com.fawvw.hmi.btmusic/com.fawvw.hmi.btmusic.ui.MainActivity (client)' consumer ~ consume: consumeBatches=false, frameTime=-1
12-30 11:33:14.294   916  1262 D InputTransport: channel '594b861 com.fawvw.hmi.btmusic/com.fawvw.hmi.btmusic.ui.MainActivity (server)' publisher ~ receiveConsumerResponse: Unknown error -11
12-30 11:33:14.294 21940 21940 D InputTransport: channel '594b861 com.fawvw.hmi.btmusic/com.fawvw.hmi.btmusic.ui.MainActivity (client)' ~ receive message failed, errno=11
12-30 11:33:14.294   916  1262 D InputDispatcher: channel '594b861 com.fawvw.hmi.btmusic/com.fawvw.hmi.btmusic.ui.MainActivity (server)' ~ startDispatchCycle
12-30 11:33:14.296   916  1073 E WindowManager: Unknown window type: 2105
12-30 11:33:14.296   916  1073 E WindowManager: Unknown window type: 2102
12-30 11:33:14.306  2358  2623 D RcfController: Rcf proxy is not connected!
12-30 11:33:14.315   360   931 D EvsDriver: forwardFrame
12-30 11:33:14.315   360   931 D EvsDriver: forwardFrameDirect
12-30 11:33:14.315   360   931 D EvsDriver: Delivered 0xb400e2ca9e40c7a0 as id 1
12-30 11:33:14.315   359   359 D evsmanagerd: /dev/video-evs0 forwarded the buffer #1 to 0xb400f125d2b26dd0 from 0xb400f125e2b20710
12-30 11:33:14.323   916  1883 D InputDispatcher: setInputWindows displayId=0 a3d1c2b MosiCarBottomSystemBar fe7c667 MosiCarTopSystemBar 58b392e com.mosi.mosc.aicenter 7d7903b com.fawvw.hmi.btmusic/com.fawvw.hmi.btmusic.ui.MainActivity 594b861 com.fawvw.hmi.btmusic/com.fawvw.hmi.btmusic.ui.MainActivity baeedf7 ActivityRecordInputSink com.fawvw.hmi.btmusic/.ui.MainActivity b979fba ActivityRecordInputSink com.fawvw.hmi.usbmusic/.ui.MainActivity bafc3a6 ActivityRecordInputSink com.fawvw.hmi.cardesktop/com.mosi.mosc.avatarapp.MainActivity dc3550d ActivityRecordInputSink com.fawvw.hmi.bev.climate/.ui.MainActivity 3a091e6 ActivityRecordInputSink com.fawvw.hmi.bev.carapp/.MainActivity 8da7ea6 ActivityRecordInputSink com.adayo.service.log/com.adayo.log.ui.MainActivity 8b7efe1 ActivityRecordInputSink com.adayo.app.hicar/.HiCarProjectionActivity 1788cd6 ActivityRecordInputSink com.fawvw.hmi.cnslauncher/.Launcher 
12-30 11:33:14.325   360   458 D EvsDriver: doneWithFrame
12-30 11:33:14.325 21940 21940 D InputTransport: channel '594b861 com.fawvw.hmi.btmusic/com.fawvw.hmi.btmusic.ui.MainActivity (client)' consumer ~ sendTimeline: inputEventId=433224736, gpuCompletedTime=10529998144253, presentTime=10530036212253
12-30 11:33:14.325 21940 21940 D InputTransport: channel '594b861 com.fawvw.hmi.btmusic/com.fawvw.hmi.btmusic.ui.MainActivity (client)' ~ sent message of type TIMELINE
12-30 11:33:14.326   916  1262 D InputTransport: channel '594b861 com.fawvw.hmi.btmusic/com.fawvw.hmi.btmusic.ui.MainActivity (server)' ~ received message of type TIMELINE
12-30 11:33:14.326   916  1262 D InputTransport: channel '594b861 com.fawvw.hmi.btmusic/com.fawvw.hmi.btmusic.ui.MainActivity (server)' publisher ~ receiveConsumerResponse: timeline: id=433224736
12-30 11:33:14.326   916  1262 D InputTransport: channel '594b861 com.fawvw.hmi.btmusic/com.fawvw.hmi.btmusic.ui.MainActivity (server)' ~ receive message failed, errno=11
12-30 11:33:14.326   916  1262 D InputTransport: channel '594b861 com.fawvw.hmi.btmusic/com.fawvw.hmi.btmusic.ui.MainActivity (server)' publisher ~ receiveConsumerResponse: Unknown error -11
12-30 11:33:14.328   596  3076 E WifiHAL : Invalid data received from driver
12-30 11:33:14.328   596  3076 E WifiHAL : Invalid data received from driver
12-30 11:33:14.328   596  3076 E WifiHAL : Invalid data received from driver
12-30 11:33:14.328   596  3076 E WifiHAL : Invalid data received from driver
12-30 11:33:14.328   596  3076 E WifiHAL : Invalid data received from driver
12-30 11:33:14.328   596  3076 E WifiHAL : Invalid data received from driver
12-30 11:33:14.328   596  3076 E WifiHAL : Invalid data received from driver
12-30 11:33:14.328   596  3076 E WifiHAL : Invalid data received from driver
12-30 11:33:14.329 21940 21940 D InputTransport: channel '594b861 com.fawvw.hmi.btmusic/com.fawvw.hmi.btmusic.ui.MainActivity (client)' consumer ~ sendTimeline: inputEventId=91485118, gpuCompletedTime=10530014395586, presentTime=10530052912586
12-30 11:33:14.329 21940 21940 D InputTransport: channel '594b861 com.fawvw.hmi.btmusic/com.fawvw.hmi.btmusic.ui.MainActivity (client)' ~ sent message of type TIMELINE
12-30 11:33:14.329   916  1262 D InputTransport: channel '594b861 com.fawvw.hmi.btmusic/com.fawvw.hmi.btmusic.ui.MainActivity (server)' ~ received message of type TIMELINE
12-30 11:33:14.329   916  1262 D InputTransport: channel '594b861 com.fawvw.hmi.btmusic/com.fawvw.hmi.btmusic.ui.MainActivity (server)' publisher ~ receiveConsumerResponse: timeline: id=91485118
12-30 11:33:14.329   916  1262 D InputTransport: channel '594b861 com.fawvw.hmi.btmusic/com.fawvw.hmi.btmusic.ui.MainActivity (server)' ~ receive message failed, errno=11
12-30 11:33:14.329   916  1262 D InputTransport: channel '594b861 com.fawvw.hmi.btmusic/com.fawvw.hmi.btmusic.ui.MainActivity (server)' publisher ~ receiveConsumerResponse: Unknown error -11
01-01 10:55:31.339     1     1 I init    : starting service 'trace_resource'...
12-30 11:33:14.344   657   908 D EvsApp  : state:255,subState:255,desiredState:0,subDesiredState:0
12-30 11:33:14.348   360   931 D EvsDriver: forwardFrame
12-30 11:33:14.348   360   931 D EvsDriver: forwardFrameDirect
12-30 11:33:14.348   360   931 D EvsDriver: Delivered 0xb400e2ca9e40e270 as id 0
12-30 11:33:14.348   359   359 D evsmanagerd: /dev/video-evs0 forwarded the buffer #0 to 0xb400f125d2b26dd0 from 0xb400f125e2b20710
12-30 11:33:14.355   360   458 D EvsDriver: doneWithFrame
12-30 11:33:14.356   916  1883 D InputDispatcher: setInputWindows displayId=0 a3d1c2b MosiCarBottomSystemBar fe7c667 MosiCarTopSystemBar 58b392e com.mosi.mosc.aicenter 7d7903b com.fawvw.hmi.btmusic/com.fawvw.hmi.btmusic.ui.MainActivity 594b861 com.fawvw.hmi.btmusic/com.fawvw.hmi.btmusic.ui.MainActivity baeedf7 ActivityRecordInputSink com.fawvw.hmi.btmusic/.ui.MainActivity b979fba ActivityRecordInputSink com.fawvw.hmi.usbmusic/.ui.MainActivity bafc3a6 ActivityRecordInputSink com.fawvw.hmi.cardesktop/com.mosi.mosc.avatarapp.MainActivity dc3550d ActivityRecordInputSink com.fawvw.hmi.bev.climate/.ui.MainActivity 3a091e6 ActivityRecordInputSink com.fawvw.hmi.bev.carapp/.MainActivity 8da7ea6 ActivityRecordInputSink com.adayo.service.log/com.adayo.log.ui.MainActivity 8b7efe1 ActivityRecordInputSink com.adayo.app.hicar/.HiCarProjectionActivity 1788cd6 ActivityRecordInputSink com.fawvw.hmi.cnslauncher/.Launcher 
12-30 11:33:14.356   916  1262 I input_focus: [Focus entering 7d7903b com.fawvw.hmi.btmusic/com.fawvw.hmi.btmusic.ui.MainActivity (server),reason=Window became focusable. Previous reason: NOT_VISIBLE]
12-30 11:33:14.356  2358  2623 D RcfController: Rcf proxy is not connected!
12-30 11:33:14.357   916  1262 D InputDispatcher: dispatchEventToCurrentInputTargets
12-30 11:33:14.357   916  1262 D InputDispatcher: channel '7d7903b com.fawvw.hmi.btmusic/com.fawvw.hmi.btmusic.ui.MainActivity (server)' ~ prepareDispatchCycle - flags=DISPATCH_AS_IS, globalScaleFactor=1.000000, pointerIds=<none> 
12-30 11:33:14.357   916  1262 D InputDispatcher:         default (ROT_0) (IDENTITY)
12-30 11:33:14.357   916  1262 D InputDispatcher: channel '7d7903b com.fawvw.hmi.btmusic/com.fawvw.hmi.btmusic.ui.MainActivity (server)' ~ startDispatchCycle
12-30 11:33:14.357   916  1262 D InputTransport: channel '7d7903b com.fawvw.hmi.btmusic/com.fawvw.hmi.btmusic.ui.MainActivity (server)' publisher ~ publishFocusEvent: seq=21004, id=1848952086, hasFocus=true
12-30 11:33:14.357   916  1262 D InputTransport: channel '7d7903b com.fawvw.hmi.btmusic/com.fawvw.hmi.btmusic.ui.MainActivity (server)' ~ sent message of type FOCUS
12-30 11:33:14.356 23282 23282 I auditd  : type=1400 audit(0.0:1179178): avc:  denied  { entrypoint } for  comm="init" path="/system/bin/sh" dev="dm-1" ino=8660711 scontext=u:r:trace_resource:s0 tcontext=u:object_r:shell_exec:s0 tclass=file permissive=1
12-30 11:33:14.356 23282 23282 I init    : type=1400 audit(0.0:1179178): avc:  denied  { entrypoint } for  path="/system/bin/sh" dev="dm-1" ino=8660711 scontext=u:r:trace_resource:s0 tcontext=u:object_r:shell_exec:s0 tclass=file permissive=1
01-01 10:55:31.369     1     1 I init    : ... started service 'trace_resource' has pid 23282
12-30 11:33:14.365 21940 21940 D InputTransport: channel '7d7903b com.fawvw.hmi.btmusic/com.fawvw.hmi.btmusic.ui.MainActivity (client)' consumer ~ consume: consumeBatches=false, frameTime=-1
12-30 11:33:14.365 21940 21940 D InputTransport: channel '7d7903b com.fawvw.hmi.btmusic/com.fawvw.hmi.btmusic.ui.MainActivity (client)' ~ received message of type FOCUS
12-30 11:33:14.365 21940 21940 D InputTransport: channel '7d7903b com.fawvw.hmi.btmusic/com.fawvw.hmi.btmusic.ui.MainActivity (client)' consumer ~ sendFinishedSignal: seq=21004, handled=true
12-30 11:33:14.365 21940 21940 D InputTransport: channel '7d7903b com.fawvw.hmi.btmusic/com.fawvw.hmi.btmusic.ui.MainActivity (client)' ~ sent message of type FINISHED
12-30 11:33:14.365 21940 21940 D InputTransport: channel '7d7903b com.fawvw.hmi.btmusic/com.fawvw.hmi.btmusic.ui.MainActivity (client)' consumer ~ consume: consumeBatches=false, frameTime=-1
12-30 11:33:14.365 21940 21940 D InputTransport: channel '7d7903b com.fawvw.hmi.btmusic/com.fawvw.hmi.btmusic.ui.MainActivity (client)' ~ receive message failed, errno=11
12-30 11:33:14.365   916  1262 D InputTransport: channel '7d7903b com.fawvw.hmi.btmusic/com.fawvw.hmi.btmusic.ui.MainActivity (server)' ~ received message of type FINISHED
12-30 11:33:14.365   916  1262 D InputTransport: channel '7d7903b com.fawvw.hmi.btmusic/com.fawvw.hmi.btmusic.ui.MainActivity (server)' publisher ~ receiveConsumerResponse: finished: seq=21004, handled=true
12-30 11:33:14.365   916  1262 D InputDispatcher: channel '7d7903b com.fawvw.hmi.btmusic/com.fawvw.hmi.btmusic.ui.MainActivity (server)' ~ finishDispatchCycle - seq=21004, handled=true
12-30 11:33:14.365   916  1262 D InputTransport: channel '7d7903b com.fawvw.hmi.btmusic/com.fawvw.hmi.btmusic.ui.MainActivity (server)' ~ receive message failed, errno=11
12-30 11:33:14.365   916  1262 D InputTransport: channel '7d7903b com.fawvw.hmi.btmusic/com.fawvw.hmi.btmusic.ui.MainActivity (server)' publisher ~ receiveConsumerResponse: Unknown error -11
12-30 11:33:14.365   916  1262 D InputDispatcher: channel '7d7903b com.fawvw.hmi.btmusic/com.fawvw.hmi.btmusic.ui.MainActivity (server)' ~ startDispatchCycle
12-30 11:33:14.360 23282 23282 I auditd  : type=1400 audit(0.0:1179179): avc:  denied  { map } for  comm="sh" path="/system/bin/sh" dev="dm-1" ino=8660711 scontext=u:r:trace_resource:s0 tcontext=u:object_r:shell_exec:s0 tclass=file permissive=1
12-30 11:33:14.360 23282 23282 I sh      : type=1400 audit(0.0:1179179): avc:  denied  { map } for  path="/system/bin/sh" dev="dm-1" ino=8660711 scontext=u:r:trace_resource:s0 tcontext=u:object_r:shell_exec:s0 tclass=file permissive=1
12-30 11:33:14.364 23282 23282 I auditd  : type=1400 audit(0.0:1179180): avc:  denied  { read } for  comm="sh" path="/system/bin/sh" dev="dm-1" ino=8660711 scontext=u:r:trace_resource:s0 tcontext=u:object_r:shell_exec:s0 tclass=file permissive=1
12-30 11:33:14.364 23282 23282 I sh      : type=1400 audit(0.0:1179180): avc:  denied  { read } for  path="/system/bin/sh" dev="dm-1" ino=8660711 scontext=u:r:trace_resource:s0 tcontext=u:object_r:shell_exec:s0 tclass=file permissive=1
12-30 11:33:14.364 23282 23282 I auditd  : type=1400 audit(0.0:1179181): avc:  denied  { execute } for  comm="sh" path="/system/bin/sh" dev="dm-1" ino=8660711 scontext=u:r:trace_resource:s0 tcontext=u:object_r:shell_exec:s0 tclass=file permissive=1
12-30 11:33:14.364 23282 23282 I sh      : type=1400 audit(0.0:1179181): avc:  denied  { execute } for  path="/system/bin/sh" dev="dm-1" ino=8660711 scontext=u:r:trace_resource:s0 tcontext=u:object_r:shell_exec:s0 tclass=file permissive=1
12-30 11:33:14.364 23282 23282 I auditd  : type=1400 audit(0.0:1179182): avc:  denied  { getattr } for  comm="sh" path="/system/bin/sh" dev="dm-1" ino=8660711 scontext=u:r:trace_resource:s0 tcontext=u:object_r:shell_exec:s0 tclass=file permissive=1
12-30 11:33:14.364 23282 23282 I sh      : type=1400 audit(0.0:1179182): avc:  denied  { getattr } for  path="/system/bin/sh" dev="dm-1" ino=8660711 scontext=u:r:trace_resource:s0 tcontext=u:object_r:shell_exec:s0 tclass=file permissive=1
12-30 11:33:14.376 23282 23282 I auditd  : type=1400 audit(0.0:1179183): avc:  denied  { getattr } for  comm="sh" path="/system/bin/toybox" dev="dm-1" ino=8926292 scontext=u:r:trace_resource:s0 tcontext=u:object_r:toolbox_exec:s0 tclass=file permissive=1
12-30 11:33:14.376 23282 23282 I sh      : type=1400 audit(0.0:1179183): avc:  denied  { getattr } for  path="/system/bin/toybox" dev="dm-1" ino=8926292 scontext=u:r:trace_resource:s0 tcontext=u:object_r:toolbox_exec:s0 tclass=file permissive=1
12-30 11:33:14.376 23282 23282 I auditd  : type=1400 audit(0.0:1179184): avc:  denied  { execute } for  comm="sh" name="toybox" dev="dm-1" ino=8926292 scontext=u:r:trace_resource:s0 tcontext=u:object_r:toolbox_exec:s0 tclass=file permissive=1
12-30 11:33:14.376 23282 23282 I sh      : type=1400 audit(0.0:1179184): avc:  denied  { execute } for  name="toybox" dev="dm-1" ino=8926292 scontext=u:r:trace_resource:s0 tcontext=u:object_r:toolbox_exec:s0 tclass=file permissive=1
12-30 11:33:14.381   360   931 D EvsDriver: forwardFrame
12-30 11:33:14.381   360   931 D EvsDriver: forwardFrameDirect
12-30 11:33:14.382   360   931 D EvsDriver: Delivered 0xb400e2ca9e40d4b0 as id 1
12-30 11:33:14.382   359   359 D evsmanagerd: /dev/video-evs0 forwarded the buffer #1 to 0xb400f125d2b26dd0 from 0xb400f125e2b20710
12-30 11:33:14.376 23283 23283 I auditd  : type=1400 audit(0.0:1179185): avc:  denied  { read open } for  comm="sh" path="/system/bin/toybox" dev="dm-1" ino=8926292 scontext=u:r:trace_resource:s0 tcontext=u:object_r:toolbox_exec:s0 tclass=file permissive=1
12-30 11:33:14.376 23283 23283 I sh      : type=1400 audit(0.0:1179185): avc:  denied  { read open } for  path="/system/bin/toybox" dev="dm-1" ino=8926292 scontext=u:r:trace_resource:s0 tcontext=u:object_r:toolbox_exec:s0 tclass=file permissive=1
12-30 11:33:14.385   360   458 D EvsDriver: doneWithFrame
12-30 11:33:14.389   916  1883 D InputDispatcher: setInputWindows displayId=0 a3d1c2b MosiCarBottomSystemBar fe7c667 MosiCarTopSystemBar 58b392e com.mosi.mosc.aicenter 7d7903b com.fawvw.hmi.btmusic/com.fawvw.hmi.btmusic.ui.MainActivity 594b861 com.fawvw.hmi.btmusic/com.fawvw.hmi.btmusic.ui.MainActivity baeedf7 ActivityRecordInputSink com.fawvw.hmi.btmusic/.ui.MainActivity b979fba ActivityRecordInputSink com.fawvw.hmi.usbmusic/.ui.MainActivity bafc3a6 ActivityRecordInputSink com.fawvw.hmi.cardesktop/com.mosi.mosc.avatarapp.MainActivity dc3550d ActivityRecordInputSink com.fawvw.hmi.bev.climate/.ui.MainActivity 3a091e6 ActivityRecordInputSink com.fawvw.hmi.bev.carapp/.MainActivity 8da7ea6 ActivityRecordInputSink com.adayo.service.log/com.adayo.log.ui.MainActivity 8b7efe1 ActivityRecordInputSink com.adayo.app.hicar/.HiCarProjectionActivity 1788cd6 ActivityRecordInputSink com.fawvw.hmi.cnslauncher/.Launcher 
12-30 11:33:14.394 21940 21940 D InputTransport: channel '594b861 com.fawvw.hmi.btmusic/com.fawvw.hmi.btmusic.ui.MainActivity (client)' consumer ~ sendTimeline: inputEventId=1039963061, gpuCompletedTime=10530032417253, presentTime=10530086322253
12-30 11:33:14.394 21940 21940 D InputTransport: channel '594b861 com.fawvw.hmi.btmusic/com.fawvw.hmi.btmusic.ui.MainActivity (client)' ~ sent message of type TIMELINE
12-30 11:33:14.394   916  1262 D InputTransport: channel '594b861 com.fawvw.hmi.btmusic/com.fawvw.hmi.btmusic.ui.MainActivity (server)' ~ received message of type TIMELINE
12-30 11:33:14.394   916  1262 D InputTransport: channel '594b861 com.fawvw.hmi.btmusic/com.fawvw.hmi.btmusic.ui.MainActivity (server)' publisher ~ receiveConsumerResponse: timeline: id=1039963061
12-30 11:33:14.394   916  1262 D InputTransport: channel '594b861 com.fawvw.hmi.btmusic/com.fawvw.hmi.btmusic.ui.MainActivity (server)' ~ receive message failed, errno=11
12-30 11:33:14.394   916  1262 D InputTransport: channel '594b861 com.fawvw.hmi.btmusic/com.fawvw.hmi.btmusic.ui.MainActivity (server)' publisher ~ receiveConsumerResponse: Unknown error -11
12-30 11:33:14.396   916  1883 I ImeTracker: com.fawvw.hmi.btmusic:3087e697: onRequestHide at ORIGIN_SERVER_HIDE_INPUT reason HIDE_UNSPECIFIED_WINDOW
12-30 11:33:14.397   916  1883 I ImeTracker: com.fawvw.hmi.btmusic:3087e697: onCancelled at PHASE_SERVER_SHOULD_HIDE
12-30 11:33:14.399   916  1883 D InputTransport: Input channel constructed: name='ClientState{4db040d mUid=10051 mPid=21940 mSelfReportedDisplayId=0} (server)', fd=600
12-30 11:33:14.399   916  1883 D InputTransport: Input channel destroyed: name='ClientState{4db040d mUid=10051 mPid=21940 mSelfReportedDisplayId=0} (server)', fd=600
12-30 11:33:14.399  4128  4128 D FawvwIMELog_FawvwIMSWrapper: onFinishInput() called
12-30 11:33:14.399  4128  4128 I FawvwIMELog_FawvwIME: onFinishInput() end
12-30 11:33:14.399  4128  4128 I FawvwIMELog_FawvwIMSWrapper: onStartInput() called with: attribute = [com.fawvw.hmi.btmusic],inputType = [0],restarting = [false]
12-30 11:33:14.402   916  1073 E WindowManager: Unknown window type: 2105
12-30 11:33:14.402   916  1073 E WindowManager: Unknown window type: 2102
12-30 11:33:14.402   916  2591 I ImeTracker: com.fawvw.hmi.btmusic:dbaa256e: onRequestHide at ORIGIN_SERVER_HIDE_INPUT reason HIDE_SOFT_INPUT_FROM_IME
12-30 11:33:14.402   916  2591 I ImeTracker: com.fawvw.hmi.btmusic:dbaa256e: onCancelled at PHASE_SERVER_SHOULD_HIDE
12-30 11:33:14.404 23283 23283 I ADAYO_LOG_TRACE_RESOURCE: execute start
12-30 11:33:14.407  2358  2623 D RcfController: Rcf proxy is not connected!
12-30 11:33:14.415   360   931 D EvsDriver: forwardFrame
12-30 11:33:14.415   360   931 D EvsDriver: forwardFrameDirect
12-30 11:33:14.415   360   931 D EvsDriver: Delivered 0xb400e2ca9e40c2d0 as id 0
12-30 11:33:14.415   359   359 D evsmanagerd: /dev/video-evs0 forwarded the buffer #0 to 0xb400f125d2b26dd0 from 0xb400f125e2b20710
12-30 11:33:14.421   916  1073 W Choreographer: Frame time is 0.157001 ms in the future!  Check that graphics HAL is generating vsync timestamps using the correct timebase.
12-30 11:33:14.421   916  1074 W Choreographer: Frame time is 0.157001 ms in the future!  Check that graphics HAL is generating vsync timestamps using the correct timebase.
12-30 11:33:14.423   916  2591 D InputDispatcher: setInputWindows displayId=0 a3d1c2b MosiCarBottomSystemBar fe7c667 MosiCarTopSystemBar 58b392e com.mosi.mosc.aicenter 7d7903b com.fawvw.hmi.btmusic/com.fawvw.hmi.btmusic.ui.MainActivity 594b861 com.fawvw.hmi.btmusic/com.fawvw.hmi.btmusic.ui.MainActivity baeedf7 ActivityRecordInputSink com.fawvw.hmi.btmusic/.ui.MainActivity b979fba ActivityRecordInputSink com.fawvw.hmi.usbmusic/.ui.MainActivity bafc3a6 ActivityRecordInputSink com.fawvw.hmi.cardesktop/com.mosi.mosc.avatarapp.MainActivity dc3550d ActivityRecordInputSink com.fawvw.hmi.bev.climate/.ui.MainActivity 3a091e6 ActivityRecordInputSink com.fawvw.hmi.bev.carapp/.MainActivity 8da7ea6 ActivityRecordInputSink com.adayo.service.log/com.adayo.log.ui.MainActivity 8b7efe1 ActivityRecordInputSink com.adayo.app.hicar/.HiCarProjectionActivity 1788cd6 ActivityRecordInputSink com.fawvw.hmi.cnslauncher/.Launcher 
12-30 11:33:14.426   360   458 D EvsDriver: doneWithFrame
12-30 11:33:14.436   596  3076 E WifiHAL : Invalid data received from driver
12-30 11:33:14.446 23285 23285 I ADAYO_LOG_TRACE_RESOURCE: executing
12-30 11:33:14.448   360   931 D EvsDriver: forwardFrame
12-30 11:33:14.448   360   931 D EvsDriver: forwardFrameDirect
12-30 11:33:14.448   360   931 D EvsDriver: Delivered 0xb400e2ca9e40d090 as id 1
12-30 11:33:14.448   359   359 D evsmanagerd: /dev/video-evs0 forwarded the buffer #1 to 0xb400f125d2b26dd0 from 0xb400f125e2b20710
12-30 11:33:14.449   650   729 D fgemcucomm: sd Uart data : 6AA60249D900028B301F
12-30 11:33:14.449   650   729 D fgemcucomm: rev uart=87444,len=120, data : 6AA68149D900708B30B01E0B210C000100000000025D0100010201010000000000A55A820001000000010000000C00000000000100000000000000A55A830504500000000000000000000000000101010101000000000000A55A84101009000000070001000000000000A6A55A8500019B62000001000079
12-30 11:33:14.449   650   730 D fgemcucomm: sd Uart data : 6AA600204B000206018C
12-30 11:33:14.456   360   458 D EvsDriver: doneWithFrame
12-30 11:33:14.457  2358  2623 D RcfController: Rcf proxy is not connected!
12-30 11:33:14.457   916  1883 D InputDispatcher: setInputWindows displayId=0 a3d1c2b MosiCarBottomSystemBar fe7c667 MosiCarTopSystemBar 58b392e com.mosi.mosc.aicenter 7d7903b com.fawvw.hmi.btmusic/com.fawvw.hmi.btmusic.ui.MainActivity 594b861 com.fawvw.hmi.btmusic/com.fawvw.hmi.btmusic.ui.MainActivity baeedf7 ActivityRecordInputSink com.fawvw.hmi.btmusic/.ui.MainActivity b979fba ActivityRecordInputSink com.fawvw.hmi.usbmusic/.ui.MainActivity bafc3a6 ActivityRecordInputSink com.fawvw.hmi.cardesktop/com.mosi.mosc.avatarapp.MainActivity dc3550d ActivityRecordInputSink com.fawvw.hmi.bev.climate/.ui.MainActivity 3a091e6 ActivityRecordInputSink com.fawvw.hmi.bev.carapp/.MainActivity 8da7ea6 ActivityRecordInputSink com.adayo.service.log/com.adayo.log.ui.MainActivity 8b7efe1 ActivityRecordInputSink com.adayo.app.hicar/.HiCarProjectionActivity 1788cd6 ActivityRecordInputSink com.fawvw.hmi.cnslauncher/.Launcher 
12-30 11:33:14.472  1667 19370 E CarPlay_Service: isConnected(MFiClientApiImpl.java:123)isConnected： true
12-30 11:33:14.472   879  2332 I mfiserver: [MFiProxy.cpp][675]messageMID =11 LID=03 com.adayo.carplay 
12-30 11:33:14.472   879  2332 I mfiserver: [MFiProxy.cpp][970]message channle=60 type=4 mode=1 buf=0xb400fc8d1fa65640 len=28 
12-30 11:33:14.472   879 19383 I libmfi  : [iAPUtils.c][134]buflen:28 packetlen=28
12-30 11:33:14.472   879 19383 E libmfi  : [iAP2BuffPoolImplementation.c][312]__iAP2BuffPoolGetRecvPacket malloc lenth = 4152 
12-30 11:33:14.472   879 19383 I libmfi  : [iAP2Link.c][2715]iAP2LinkHandleReadyPacket bDeletePacket = FALSE 
12-30 11:33:14.472   879 19383 I libmfi  : [iAP2Link.c][2802]_CleanupAckedPackets 
12-30 11:33:14.472   879 19383 I libmfi  : [iAP2Link.c][3046]_iAP2LinkProcessInOrderPacketACK 
12-30 11:33:14.472   879 19383 I libmfi  : [iAP2Control.c][208]Recieve Control MessageID = 0x5001 length = 18 
12-30 11:33:14.472   879 19383 E libmfi  : [iAP2BuffPoolImplementation.c][209]__iAP2BuffPoolGetSendPacket malloc lenth = 65591 
12-30 11:33:14.473   879 19383 I mfiserver: [MFiDataChannleSocket.cpp][127]len =16 
12-30 11:33:14.473   879 19383 E libmfi  : [iAP2BuffPoolImplementation.c][359]__iAP2BuffPoolReturnRecvPacket
12-30 11:33:14.473  1667  2331 I libmficlient: [MFiClient.cpp][120]Receive Data MID=50 LID=01 
12-30 11:33:14.473  1667  2331 W libmficlientjni: [MFiClientJniUtils.cpp][427]Set array[MediaItemMediaType] Value Failed 
12-30 11:33:14.473  1667  2331 W libmficlientjni: [MFiClientJniUtils.cpp][427]Set array[MediaItemArtworkData] Value Failed 
12-30 11:33:14.473  1667  2331 W CarPlay_Service: playbackUpdate(MediaInfoTrans.java:429)isMediaProxyConnected is false
12-30 11:33:14.473  1667  2331 I libmficlient: [MFiClient.cpp][120]Receive Data MID=11 LID=04 
12-30 11:33:14.481   360   931 D EvsDriver: forwardFrame
12-30 11:33:14.481   360   931 D EvsDriver: forwardFrameDirect
12-30 11:33:14.482   360   931 D EvsDriver: Delivered 0xb400e2ca9e40e110 as id 0
12-30 11:33:14.482   359   359 D evsmanagerd: /dev/video-evs0 forwarded the buffer #0 to 0xb400f125d2b26dd0 from 0xb400f125e2b20710
12-30 11:33:14.486   360   458 D EvsDriver: doneWithFrame
12-30 11:33:14.489 23287 23287 I ADAYO_LOG_TRACE_RESOURCE: collect_dest_path:/mnt/sdcard/logcat_GNSS/
12-30 11:33:14.490   916  1883 D InputDispatcher: setInputWindows displayId=0 a3d1c2b MosiCarBottomSystemBar fe7c667 MosiCarTopSystemBar 58b392e com.mosi.mosc.aicenter 7d7903b com.fawvw.hmi.btmusic/com.fawvw.hmi.btmusic.ui.MainActivity 594b861 com.fawvw.hmi.btmusic/com.fawvw.hmi.btmusic.ui.MainActivity baeedf7 ActivityRecordInputSink com.fawvw.hmi.btmusic/.ui.MainActivity b979fba ActivityRecordInputSink com.fawvw.hmi.usbmusic/.ui.MainActivity bafc3a6 ActivityRecordInputSink com.fawvw.hmi.cardesktop/com.mosi.mosc.avatarapp.MainActivity dc3550d ActivityRecordInputSink com.fawvw.hmi.bev.climate/.ui.MainActivity 3a091e6 ActivityRecordInputSink com.fawvw.hmi.bev.carapp/.MainActivity 8da7ea6 ActivityRecordInputSink com.adayo.service.log/com.adayo.log.ui.MainActivity 8b7efe1 ActivityRecordInputSink com.adayo.app.hicar/.HiCarProjectionActivity 1788cd6 ActivityRecordInputSink com.fawvw.hmi.cnslauncher/.Launcher 
12-30 11:33:14.507  2358  2623 D RcfController: Rcf proxy is not connected!
12-30 11:33:14.515   360   931 D EvsDriver: forwardFrame
12-30 11:33:14.515   360   931 D EvsDriver: forwardFrameDirect
12-30 11:33:14.515   360   931 D EvsDriver: Delivered 0xb400e2ca9e40c7a0 as id 1
12-30 11:33:14.515   359   359 D evsmanagerd: /dev/video-evs0 forwarded the buffer #1 to 0xb400f125d2b26dd0 from 0xb400f125e2b20710
12-30 11:33:14.516   360   458 D EvsDriver: doneWithFrame
12-30 11:33:14.524   916  1883 D InputDispatcher: setInputWindows displayId=0 a3d1c2b MosiCarBottomSystemBar fe7c667 MosiCarTopSystemBar 58b392e com.mosi.mosc.aicenter 7d7903b com.fawvw.hmi.btmusic/com.fawvw.hmi.btmusic.ui.MainActivity 594b861 com.fawvw.hmi.btmusic/com.fawvw.hmi.btmusic.ui.MainActivity baeedf7 ActivityRecordInputSink com.fawvw.hmi.btmusic/.ui.MainActivity b979fba ActivityRecordInputSink com.fawvw.hmi.usbmusic/.ui.MainActivity bafc3a6 ActivityRecordInputSink com.fawvw.hmi.cardesktop/com.mosi.mosc.avatarapp.MainActivity dc3550d ActivityRecordInputSink com.fawvw.hmi.bev.climate/.ui.MainActivity 3a091e6 ActivityRecordInputSink com.fawvw.hmi.bev.carapp/.MainActivity 8da7ea6 ActivityRecordInputSink com.adayo.service.log/com.adayo.log.ui.MainActivity 8b7efe1 ActivityRecordInputSink com.adayo.app.hicar/.HiCarProjectionActivity 1788cd6 ActivityRecordInputSink com.fawvw.hmi.cnslauncher/.Launcher 
12-30 11:33:14.525  1547  2118 D ANWAPI  : (1547|0x6EF3FCB0)[BTAPI] BT Addres is NULL , checking which array is connected
12-30 11:33:14.525  1547  2118 D ANWAPI  : 
12-30 11:33:14.526  1547  2118 D ANWAPI  : (1547|0x6EF3FCB0)[BTAPI] SPPMIN(0)SPPMAX(1)
12-30 11:33:14.526  1547  2118 D ANWAPI  : 
12-30 11:33:14.526  1547  2118 D ANWAPI  : (1547|0x6EF3FCB0)[BTAPI] In Three Step Get Device ID(0)
12-30 11:33:14.526  1547  2118 D ANWAPI  : 
12-30 11:33:14.526  1547  2118 D ANWAPI  : (1547|0x6EF3FCB0)[BTAPI] AVRCP_Connected ID(0), state(4)
12-30 11:33:14.526  1547  2118 D ANWAPI  : 
12-30 11:33:14.526  1547  2118 D ANWAPI  : (1547|0x6EF3FCB0)[BTAPI] in Get_ID3, Get Device ID(0)
12-30 11:33:14.526  1547  2118 D ANWAPI  : 
12-30 11:33:14.526  1547  2118 D ANWAPI  : (1547|0x6EF3FCB0)[BTAPI] AVRCP_Auto_Get_ID3
12-30 11:33:14.526  1547  2118 D ANWAPI  : 
12-30 11:33:14.527  1547  2118 D ANWAPI  : (1547|0x6EF3FCB0)[BTAPI] SDK >>>>AnWBT_AVRCP_GetSongDetail
12-30 11:33:14.527  1547  2118 D ANWAPI  : (1547|0x6EF3FCB0)[BTAPI] SDK <<<<AnWBT_AVRCP_GetSongDetail 0
12-30 11:33:14.527  1547  2118 D ANWAPI  : (1547|0x6EF3FCB0)[BTAPI] >>>>_anwbt_AVRCP_GetSongDetail
12-30 11:33:14.527  1547  2118 D ANWAPI  : (1547|0x6EF3FCB0)[BTAPI] btsdk_avrcp_GetElementAttributes
12-30 11:33:14.527  1547  2118 D ANW_AVRCP: (1547|0x6EF3FCB0)[AVRCP] API AVRCP_GetElementAttributes attMask=0x0
12-30 11:33:14.527  1547  2118 D ANWStack: [  10530349][ANWBT] <<Avctp_Send_Message 0/1:
12-30 11:33:14.527  1547  2118 D ANWStack: 
12-30 11:33:14.527  1547  2118 D ANWStack: [  10530349][ANWBT] L2CAP: L2_RetrieveHandle called, cid=0x83
12-30 11:33:14.527  1547  2118 D ANWStack: 
12-30 11:33:14.527  1547  2118 D ANWAPI  : (1547|0x6EF3FCB0)[BTAPI] ===BTAPI_MallocIdxMsg 1029 980
12-30 11:33:14.527  1547  2118 D ANWAPI  : (1547|0x6EF3FCB0)[BTAPI] <<<<_anwbt_AVRCP_GetSongDetail 0
12-30 11:33:14.538   596  3076 E WifiHAL : Invalid data received from driver
12-30 11:33:14.546  1547  2118 D ANWAPI  : (1547|0x6EF3FCB0)[BTAPI] AnwhciEventCallback 19 1
12-30 11:33:14.548   360   931 D EvsDriver: forwardFrame
12-30 11:33:14.548   360   931 D EvsDriver: forwardFrameDirect
12-30 11:33:14.548   360   931 D EvsDriver: Delivered 0xb400e2ca9e40e270 as id 0
12-30 11:33:14.548   359   359 D evsmanagerd: /dev/video-evs0 forwarded the buffer #0 to 0xb400f125d2b26dd0 from 0xb400f125e2b20710
12-30 11:33:14.552  1667  2594 W ContextImpl: Calling a method in the system process without a qualified user: android.app.ContextImpl.bindService:1988 android.content.ContextWrapper.bindService:861 com.ford.sync.fnvservice.FordFnv.c:202 com.ford.sync.fnvservice.FordFnv.c:43 com.ford.sync.fnvservice.FordFnv$RetryHandler.handleMessage:245 
12-30 11:33:14.553   916  1883 W ActivityManager: Unable to start service Intent { cmp=com.ford.sync.fnvservice/.FordFnvService } U=0: not found
12-30 11:33:14.553  1667  2594 W FordFnv :  bind ford fnv failed -> sendRetryMessage 
12-30 11:33:14.557   360   458 D EvsDriver: doneWithFrame
12-30 11:33:14.557   916  1073 E WindowManager: Unknown window type: 2105
12-30 11:33:14.557   916  1073 E WindowManager: Unknown window type: 2102
12-30 11:33:14.557  2358  2623 D RcfController: Rcf proxy is not connected!
12-30 11:33:14.558   916  1883 D InputDispatcher: setInputWindows displayId=0 a3d1c2b MosiCarBottomSystemBar fe7c667 MosiCarTopSystemBar 58b392e com.mosi.mosc.aicenter 7d7903b com.fawvw.hmi.btmusic/com.fawvw.hmi.btmusic.ui.MainActivity 594b861 com.fawvw.hmi.btmusic/com.fawvw.hmi.btmusic.ui.MainActivity baeedf7 ActivityRecordInputSink com.fawvw.hmi.btmusic/.ui.MainActivity b979fba ActivityRecordInputSink com.fawvw.hmi.usbmusic/.ui.MainActivity bafc3a6 ActivityRecordInputSink com.fawvw.hmi.cardesktop/com.mosi.mosc.avatarapp.MainActivity dc3550d ActivityRecordInputSink com.fawvw.hmi.bev.climate/.ui.MainActivity 3a091e6 ActivityRecordInputSink com.fawvw.hmi.bev.carapp/.MainActivity 8da7ea6 ActivityRecordInputSink com.adayo.service.log/com.adayo.log.ui.MainActivity 8b7efe1 ActivityRecordInputSink com.adayo.app.hicar/.HiCarProjectionActivity 1788cd6 ActivityRecordInputSink com.fawvw.hmi.cnslauncher/.Launcher 
12-30 11:33:14.564  1547  2118 D ANWStack: [  10530386][ANWBT] >>Avctp_L2cap_Data_Ind_Cb
12-30 11:33:14.564  1547  2118 D ANWStack: 
12-30 11:33:14.564  1547  2118 D ANWStack: [  10530386][ANWBT] AVCTP Message Length = 171
12-30 11:33:14.564  1547  2118 D ANWStack: [  10530386][ANWBT] Receive AVCTP_SINGLE_PACKET
12-30 11:33:14.564  1547  2118 D ANW_AVRCP: (1547|0x6EF3FCB0)[AVRCP] [**AVRCP**] 0x72 0x110e
12-30 11:33:14.564  1547  2118 D ANW_AVRCP: (1547|0x6EF3FCB0)[AVRCP] opcode match 0x0
12-30 11:33:14.564  1547  2118 D ANW_AVRCP: 
12-30 11:33:14.564  1547  2118 D ANW_AVRCP: (1547|0x6EF3FCB0)[AVRCP] subopcode match 0x20, update ctype 0x1->0xc
12-30 11:33:14.564  1547  2118 D ANW_AVRCP: 
12-30 11:33:14.564  1547  2118 D ANW_AVRCP: (1547|0x6EF3FCB0)[AVRCP] AVRCP_Packet_Parser Response
12-30 11:33:14.564  1547  2118 D ANW_AVRCP: 
12-30 11:33:14.564  1547  2118 D ANW_AVRCP: (1547|0x6EF3FCB0)[AVRCP] AVRCP_Get_Element_Attributes_RSP_Handler
12-30 11:33:14.564  1547  2118 D ANW_AVRCP: (1547|0x6EF3FCB0)[AVRCP] num of attributes: 8
12-30 11:33:14.564  1547  2118 D ANW_AVRCP: 
12-30 11:33:14.564  1547  2118 D ANWAPI  : (1547|0x6EF3FCB0)[BTAPI] connmgr_find_by_handle pData = 0xb400fa68ee34c5e0,7
12-30 11:33:14.564  1547  2118 D ANWAPI  : (1547|0x6EF3FCB0)[BTAPI] AVRCP_GET_ELEMENT_ATTRIBUTES
12-30 11:33:14.564  1547  2118 D ANWAPI  : (1547|0x6EF3FCB0)[BTAPI] connmgr_find_by_handle pData = 0xb400fa68ee34c5e0,7
12-30 11:33:14.564  1547  2118 D ANWAPI  : (1547|0x6EF3FCB0)[BTAPI] media attrib id(1)
12-30 11:33:14.564  1547  2118 D ANWAPI  : (1547|0x6EF3FCB0)[BTAPI] MediaAttr_MediaTitle 30 106
12-30 11:33:14.564  1547  2118 D ANWAPI  : (1547|0x6EF3FCB0)[BTAPI] connmgr_find_by_handle pData = 0xb400fa68ee34c5e0,7
12-30 11:33:14.564  1547  2118 D ANWAPI  : (1547|0x6EF3FCB0)[BTAPI] media attrib id(2)
12-30 11:33:14.564  1547  2118 D ANWAPI  : (1547|0x6EF3FCB0)[BTAPI] MediaAttr_ArtistName 50 106
12-30 11:33:14.564  1547  2118 D ANWAPI  : (1547|0x6EF3FCB0)[BTAPI] connmgr_find_by_handle pData = 0xb400fa68ee34c5e0,7
12-30 11:33:14.564  1547  2118 D ANWAPI  : (1547|0x6EF3FCB0)[BTAPI] media attrib id(3)
12-30 11:33:14.564  1547  2118 D ANWAPI  : (1547|0x6EF3FCB0)[BTAPI] MediaAttr_AlbumName 0 106
12-30 11:33:14.564  1547  2118 D ANWAPI  : (1547|0x6EF3FCB0)[BTAPI] connmgr_find_by_handle pData = 0xb400fa68ee34c5e0,7
12-30 11:33:14.564  1547  2118 D ANWAPI  : (1547|0x6EF3FCB0)[BTAPI] media attrib id(4)
12-30 11:33:14.565  1547  2118 D ANWAPI  : (1547|0x6EF3FCB0)[BTAPI] MediaAttr_MediaNum 0 106
12-30 11:33:14.565  1547  2118 D ANWAPI  : (1547|0x6EF3FCB0)[BTAPI] connmgr_find_by_handle pData = 0xb400fa68ee34c5e0,7
