12-30 11:33:13.470   916  1262 D InputDispatcher:         default (ROT_0) (IDENTITY)
12-30 11:33:13.470   916  1262 D InputDispatcher: channel 'PointerEventDispatcher0 (server)' ~ startDispatchCycle
12-30 11:33:13.470   916  1262 D InputDispatcher: Publishing DispatchEntry{resolvedAction=MOVE, resolvedFlags=0, targetFlags=DISPATCH_AS_IS, transform=transform (ROT_0) (IDENTITY)
12-30 11:33:13.470   916  1262 D InputDispatcher: } original: MotionEvent(deviceId=2, eventTime=10529290787000, source=TOUCHSCREEN, displayId=0, action=MOVE, actionButton=0x00000000, flags=0x00000000, metaState=0x00000000, buttonState=0x00000000, classification=NONE, edgeFlags=0x00000000, xPrecision=1.0, yPrecision=1.0, xCursorPosition=nan, yCursorPosition=nan, pointers=[0: (992.6, 252.8)]), policyFlags=0x62000000 to PointerEventDispatcher0 (server)
12-30 11:33:13.470   916  1262 I InputVerifier: input: Processing MOVE for device DeviceId(2) (1 pointer) on PointerEventDispatcher0 (server)
12-30 11:33:13.470   916  1262 D InputTransport: channel 'PointerEventDispatcher0 (server)' publisher ~ publishMotionEvent: seq=20984, id=707517360, deviceId=2, source=TOUCHSCREEN, displayId=0, action=MOVE, actionButton=0x00000000, flags=0x0, edgeFlags=0x0, metaState=0x0, buttonState=0x0, classification=NONE,xPrecision=1.000391, yPrecision=1.000695, downTime=10529268098000, eventTime=10529290787000, pointerCount=1 
12-30 11:33:13.470   916  1262 D InputTransport:         transform (ROT_0) (IDENTITY)
12-30 11:33:13.470   916  1262 D InputTransport: channel 'PointerEventDispatcher0 (server)' ~ sent message of type MOTION
12-30 11:33:13.470   916  1070 D InputTransport: channel 'PointerEventDispatcher0 (client)' consumer ~ consume: consumeBatches=false, frameTime=-1
12-30 11:33:13.470   916  1070 D InputTransport: channel 'PointerEventDispatcher0 (client)' ~ received message of type MOTION
12-30 11:33:13.470   916  1070 D InputTransport: channel 'PointerEventDispatcher0 (client)' consumer ~ started batch event
12-30 11:33:13.470   916  1070 D InputTransport: channel 'PointerEventDispatcher0 (client)' ~ receive message failed, errno=11
12-30 11:33:13.470   916  1070 D InputTransport: channel 'PointerEventDispatcher0 (client)' consumer ~ consume: consumeBatches=true, frameTime=-1
12-30 11:33:13.470   916  1070 D InputTransport: channel 'PointerEventDispatcher0 (client)' ~ receive message failed, errno=11
12-30 11:33:13.470   916  1070 D InputTransport: channel 'PointerEventDispatcher0 (client)' consumer ~ consumed batch event, seq=20984
12-30 11:33:13.470   916  1070 D VelocityTracker: VelocityTracker: addMovement eventTime=10529290787000, pointerId=0, activePointerId=0
12-30 11:33:13.470   916  1070 D VelocityTracker:   0: axis=0, position=992.612, estimator (degree=2, coeff=[ 992.612305, 0.000000, 0.000000 ], confidence=1.000000)
12-30 11:33:13.470   916  1070 D VelocityTracker: VelocityTracker: addMovement eventTime=10529290787000, pointerId=0, activePointerId=0
12-30 11:33:13.470   916  1070 D VelocityTracker:   0: axis=1, position=252.824, estimator (degree=2, coeff=[ 252.824280, 0.015815, 0.557708 ], confidence=1.000000)
12-30 11:33:13.470   916  1070 D InputTransport: channel 'PointerEventDispatcher0 (client)' consumer ~ sendFinishedSignal: seq=20984, handled=false
12-30 11:33:13.470   916  1070 D InputTransport: channel 'PointerEventDispatcher0 (client)' ~ sent message of type FINISHED
12-30 11:33:13.470   916  1070 D InputTransport: channel 'PointerEventDispatcher0 (client)' consumer ~ consume: consumeBatches=true, frameTime=-1
12-30 11:33:13.470   916  1070 D InputTransport: channel 'PointerEventDispatcher0 (client)' ~ receive message failed, errno=11
12-30 11:33:13.470   916  1262 D InputTransport: channel 'PointerEventDispatcher0 (server)' ~ received message of type FINISHED
12-30 11:33:13.470   916  1262 D InputTransport: channel 'PointerEventDispatcher0 (server)' publisher ~ receiveConsumerResponse: finished: seq=20984, handled=false
12-30 11:33:13.470   916  1262 D InputDispatcher: channel 'PointerEventDispatcher0 (server)' ~ finishDispatchCycle - seq=20984, handled=false
12-30 11:33:13.470   916  1262 D InputTransport: channel 'PointerEventDispatcher0 (server)' ~ receive message failed, errno=11
12-30 11:33:13.470   916  1262 D InputTransport: channel 'PointerEventDispatcher0 (server)' publisher ~ receiveConsumerResponse: Unknown error -11
12-30 11:33:13.470   916  1262 D InputDispatcher: channel 'PointerEventDispatcher0 (server)' ~ startDispatchCycle
12-30 11:33:13.481   360   931 D EvsDriver: forwardFrame
12-30 11:33:13.481   360   931 D EvsDriver: forwardFrameDirect
12-30 11:33:13.482   360   931 D EvsDriver: Delivered 0xb400e2ca9e40e110 as id 0
12-30 11:33:13.482   359   359 D evsmanagerd: /dev/video-evs0 forwarded the buffer #0 to 0xb400f125d2b26dd0 from 0xb400f125e2b20710
12-30 11:33:13.485 21940 21940 D InputTransport: channel '594b861 com.fawvw.hmi.btmusic/com.fawvw.hmi.btmusic.ui.MainActivity (client)' consumer ~ consume: consumeBatches=false, frameTime=-1
12-30 11:33:13.485 21940 21940 D InputTransport: channel '594b861 com.fawvw.hmi.btmusic/com.fawvw.hmi.btmusic.ui.MainActivity (client)' ~ received message of type MOTION
12-30 11:33:13.485 21940 21940 D InputTransport: channel '594b861 com.fawvw.hmi.btmusic/com.fawvw.hmi.btmusic.ui.MainActivity (client)' consumer ~ appended to batch event
12-30 11:33:13.485 21940 21940 D InputTransport: channel '594b861 com.fawvw.hmi.btmusic/com.fawvw.hmi.btmusic.ui.MainActivity (client)' ~ receive message failed, errno=11
12-30 11:33:13.485   360   458 D EvsDriver: doneWithFrame
12-30 11:33:13.485 21940 21940 D InputTransport: channel '594b861 com.fawvw.hmi.btmusic/com.fawvw.hmi.btmusic.ui.MainActivity (client)' consumer ~ consume: consumeBatches=true, frameTime=10529300076920
12-30 11:33:13.485 21940 21940 D InputTransport: channel '594b861 com.fawvw.hmi.btmusic/com.fawvw.hmi.btmusic.ui.MainActivity (client)' ~ receive message failed, errno=11
12-30 11:33:13.485 21940 21940 D InputTransport: [0] - rewrite (992.612, 252.824), old (992.612, 252.824)
12-30 11:33:13.485 21940 21940 D InputTransport: [0] - rewrite (992.612, 252.824), old (992.612, 252.824)
12-30 11:33:13.485 21940 21940 D InputTransport: Sample time is too far in the future, adjusting prediction from 4289920 to 3921500 ns.
12-30 11:33:13.485 21940 21940 D InputTransport: channel '594b861 com.fawvw.hmi.btmusic/com.fawvw.hmi.btmusic.ui.MainActivity (client)' consumer ~ consumed batch event, seq=20983
12-30 11:33:13.485 21940 21940 D InputTransport: channel '594b861 com.fawvw.hmi.btmusic/com.fawvw.hmi.btmusic.ui.MainActivity (client)' consumer ~ sendFinishedSignal: seq=20983, handled=false
12-30 11:33:13.485 21940 21940 D InputTransport: channel '594b861 com.fawvw.hmi.btmusic/com.fawvw.hmi.btmusic.ui.MainActivity (client)' ~ sent message of type FINISHED
12-30 11:33:13.485 21940 21940 D InputTransport: channel '594b861 com.fawvw.hmi.btmusic/com.fawvw.hmi.btmusic.ui.MainActivity (client)' ~ sent message of type FINISHED
12-30 11:33:13.485 21940 21940 D InputTransport: channel '594b861 com.fawvw.hmi.btmusic/com.fawvw.hmi.btmusic.ui.MainActivity (client)' consumer ~ consume: consumeBatches=true, frameTime=10529300076920
12-30 11:33:13.485 21940 21940 D InputTransport: channel '594b861 com.fawvw.hmi.btmusic/com.fawvw.hmi.btmusic.ui.MainActivity (client)' ~ receive message failed, errno=11
12-30 11:33:13.485   916  1262 D InputTransport: channel '594b861 com.fawvw.hmi.btmusic/com.fawvw.hmi.btmusic.ui.MainActivity (server)' ~ received message of type FINISHED
12-30 11:33:13.485   916  1262 D InputTransport: channel '594b861 com.fawvw.hmi.btmusic/com.fawvw.hmi.btmusic.ui.MainActivity (server)' publisher ~ receiveConsumerResponse: finished: seq=20981, handled=false
12-30 11:33:13.485   916  1262 D InputDispatcher: channel '594b861 com.fawvw.hmi.btmusic/com.fawvw.hmi.btmusic.ui.MainActivity (server)' ~ finishDispatchCycle - seq=20981, handled=false
12-30 11:33:13.485   916  1262 D InputTransport: channel '594b861 com.fawvw.hmi.btmusic/com.fawvw.hmi.btmusic.ui.MainActivity (server)' ~ received message of type FINISHED
12-30 11:33:13.485   916  1262 D InputTransport: channel '594b861 com.fawvw.hmi.btmusic/com.fawvw.hmi.btmusic.ui.MainActivity (server)' publisher ~ receiveConsumerResponse: finished: seq=20983, handled=false
12-30 11:33:13.485   916  1262 D InputDispatcher: channel '594b861 com.fawvw.hmi.btmusic/com.fawvw.hmi.btmusic.ui.MainActivity (server)' ~ finishDispatchCycle - seq=20983, handled=false
12-30 11:33:13.485   916  1262 D InputTransport: channel '594b861 com.fawvw.hmi.btmusic/com.fawvw.hmi.btmusic.ui.MainActivity (server)' ~ receive message failed, errno=11
12-30 11:33:13.485   916  1262 D InputTransport: channel '594b861 com.fawvw.hmi.btmusic/com.fawvw.hmi.btmusic.ui.MainActivity (server)' publisher ~ receiveConsumerResponse: Unknown error -11
12-30 11:33:13.485   916  1262 D InputDispatcher: channel '594b861 com.fawvw.hmi.btmusic/com.fawvw.hmi.btmusic.ui.MainActivity (server)' ~ startDispatchCycle
12-30 11:33:13.486   916  1262 D InputDispatcher: channel '594b861 com.fawvw.hmi.btmusic/com.fawvw.hmi.btmusic.ui.MainActivity (server)' ~ startDispatchCycle
12-30 11:33:13.488   916  1263 D InputReader: BatchSize: 7 Count: 7
12-30 11:33:13.488   916  1263 D InputReader: Input event: eventHubDevice=1 type=EV_ABS code=ABS_MT_TRACKING_ID value=-1 when=10529310298000
12-30 11:33:13.488   916  1263 D InputReader: Input event: eventHubDevice=1 type=EV_ABS code=ABS_MT_POSITION_X value=0 when=10529310298000
12-30 11:33:13.488   916  1263 W InputReader: Received unexpected event (0x35, 0x0) for slot 0 with tracking id 975
12-30 11:33:13.488   916  1263 D InputReader: Input event: eventHubDevice=1 type=EV_ABS code=ABS_MT_POSITION_Y value=0 when=10529310298000
12-30 11:33:13.488   916  1263 W InputReader: Received unexpected event (0x36, 0x0) for slot 0 with tracking id 975
12-30 11:33:13.488   916  1263 D InputReader: Input event: eventHubDevice=1 type=EV_ABS code=ABS_MT_TOUCH_MAJOR value=0 when=10529310298000
12-30 11:33:13.488   916  1263 D InputReader: Input event: eventHubDevice=1 type=EV_ABS code=ABS_MT_WIDTH_MAJOR value=0 when=10529310298000
12-30 11:33:13.488   916  1263 D InputReader: Input event: eventHubDevice=1 type=EV_KEY code=BTN_TOUCH value=UP when=10529310298000
12-30 11:33:13.488   916  1263 D InputReader: Input event: eventHubDevice=1 type=EV_SYN code=SYN_REPORT value=0 when=10529310298000
12-30 11:33:13.488   916  1263 D InputReader: syncTouch: pointerCount 1 -> 0, touching ids 0x80000000 -> 0x00000000, hovering ids 0x00000000 -> 0x00000000, canceled ids 0x00000000
12-30 11:33:13.488   916  1263 D UnwantedInteractionBlocker: notifyMotion: NotifyMotionArgs(id=170103733, eventTime=10529310298000, deviceId=2, source=TOUCHSCREEN, action=UP, pointerCount=1 pointers={0: id=0 x=992.6 y=252.8 pressure=1.0 major=29.0 minor=29.0 orientation=0.0}, flags=0x00000000)
12-30 11:33:13.488   916  1263 D UnwantedInteractionBlocker: enqueueOutboundMotionLocked: NotifyMotionArgs(id=170103733, eventTime=10529310298000, deviceId=2, source=TOUCHSCREEN, action=UP, pointerCount=1 pointers={0: id=0 x=992.6 y=252.8 pressure=1.0 major=29.0 minor=29.0 orientation=0.0}, flags=0x00000000)
12-30 11:33:13.488   916  1263 D InputDispatcher: notifyMotion - id=a2393b5 eventTime=10529310298000, deviceId=2, source=TOUCHSCREEN, displayId=0, policyFlags=0x0, action=UP, actionButton=0x0, flags=0x0, metaState=0x0, buttonState=0x0, edgeFlags=0x0, xPrecision=1.000391, yPrecision=1.000695, xCursorPosition=nan, yCursorPosition=nan, downTime=10529268098000
12-30 11:33:13.488   916  1263 D InputDispatcher:   Pointer 0: id=0, toolType=FINGER, x=992.612244, y=252.824417, pressure=1.000000, size=0.113725, touchMajor=28.984276, touchMinor=28.984276, toolMajor=28.984276, toolMinor=28.984276, orientation=0.000000
12-30 11:33:13.489   916  1263 I InputVerifier: input: Processing UP for device DeviceId(2) (1 pointer) on display 0
12-30 11:33:13.489   916  1262 D InputDispatcher: dispatchMotion - eventTime=10529310298000, deviceId=2, source=TOUCHSCREEN, displayId=0, policyFlags=0x62000000, action=UP, actionButton=0x0, flags=0x0, metaState=0x0, buttonState=0x0,edgeFlags=0x0, xPrecision=1.000391, yPrecision=1.000695, downTime=10529268098000
12-30 11:33:13.489   916  1262 D InputDispatcher:   Pointer 0: id=0, toolType=FINGER, x=992.612244, y=252.824417, pressure=1.000000, size=0.113725, touchMajor=28.984276, touchMinor=28.984276, toolMajor=28.984276, toolMinor=28.984276, orientation=0.000000
12-30 11:33:13.489   916  1262 D InputDispatcher: dispatchEventToCurrentInputTargets
12-30 11:33:13.489   916  1262 D InputDispatcher: channel '594b861 com.fawvw.hmi.btmusic/com.fawvw.hmi.btmusic.ui.MainActivity (server)' ~ prepareDispatchCycle - flags=FOREGROUND | SPLIT | DISPATCH_AS_IS | WINDOW_IS_PARTIALLY_OBSCURED, globalScaleFactor=1.000000, pointerIds=00000000000000000000000000000001 
12-30 11:33:13.489   916  1262 D InputDispatcher:         pointerId 0: (ROT_0) (IDENTITY)
12-30 11:33:13.489   916  1262 D InputDispatcher: channel '594b861 com.fawvw.hmi.btmusic/com.fawvw.hmi.btmusic.ui.MainActivity (server)' ~ startDispatchCycle
12-30 11:33:13.489   916  1262 D InputDispatcher: Publishing DispatchEntry{resolvedAction=UP, resolvedFlags=2, targetFlags=FOREGROUND | SPLIT | DISPATCH_AS_IS | WINDOW_IS_PARTIALLY_OBSCURED, transform=transform (ROT_0) (IDENTITY)
12-30 11:33:13.489   916  1262 D InputDispatcher: } original: MotionEvent(deviceId=2, eventTime=10529310298000, source=TOUCHSCREEN, displayId=0, action=UP, actionButton=0x00000000, flags=0x00000000, metaState=0x00000000, buttonState=0x00000000, classification=NONE, edgeFlags=0x00000000, xPrecision=1.0, yPrecision=1.0, xCursorPosition=nan, yCursorPosition=nan, pointers=[0: (992.6, 252.8)]), policyFlags=0x62000000 to 594b861 com.fawvw.hmi.btmusic/com.fawvw.hmi.btmusic.ui.MainActivity (server)
12-30 11:33:13.489   916  1262 I InputVerifier: input: Processing UP for device DeviceId(2) (1 pointer) on 594b861 com.fawvw.hmi.btmusic/com.fawvw.hmi.btmusic.ui.MainActivity (server)
12-30 11:33:13.489   916  1262 D InputTransport: channel '594b861 com.fawvw.hmi.btmusic/com.fawvw.hmi.btmusic.ui.MainActivity (server)' publisher ~ publishMotionEvent: seq=20985, id=170103733, deviceId=2, source=TOUCHSCREEN, displayId=0, action=UP, actionButton=0x00000000, flags=0x2, edgeFlags=0x0, metaState=0x0, buttonState=0x0, classification=NONE,xPrecision=1.000391, yPrecision=1.000695, downTime=10529268098000, eventTime=10529310298000, pointerCount=1 
12-30 11:33:13.489   916  1262 D InputTransport:         transform (ROT_0) (IDENTITY)
12-30 11:33:13.489   916  1262 D InputTransport: channel '594b861 com.fawvw.hmi.btmusic/com.fawvw.hmi.btmusic.ui.MainActivity (server)' ~ sent message of type MOTION
12-30 11:33:13.489   916  1262 D InputDispatcher: channel 'PointerEventDispatcher0 (server)' ~ prepareDispatchCycle - flags=DISPATCH_AS_IS, globalScaleFactor=1.000000, pointerIds=<none> 
12-30 11:33:13.489   916  1262 D InputDispatcher:         default (ROT_0) (IDENTITY)
12-30 11:33:13.489   916  1262 D InputDispatcher: channel 'PointerEventDispatcher0 (server)' ~ startDispatchCycle
12-30 11:33:13.489   916  1262 D InputDispatcher: Publishing DispatchEntry{resolvedAction=UP, resolvedFlags=0, targetFlags=DISPATCH_AS_IS, transform=transform (ROT_0) (IDENTITY)
12-30 11:33:13.489   916  1262 D InputDispatcher: } original: MotionEvent(deviceId=2, eventTime=10529310298000, source=TOUCHSCREEN, displayId=0, action=UP, actionButton=0x00000000, flags=0x00000000, metaState=0x00000000, buttonState=0x00000000, classification=NONE, edgeFlags=0x00000000, xPrecision=1.0, yPrecision=1.0, xCursorPosition=nan, yCursorPosition=nan, pointers=[0: (992.6, 252.8)]), policyFlags=0x62000000 to PointerEventDispatcher0 (server)
12-30 11:33:13.489   916  1262 I InputVerifier: input: Processing UP for device DeviceId(2) (1 pointer) on PointerEventDispatcher0 (server)
12-30 11:33:13.489   916  1262 D InputTransport: channel 'PointerEventDispatcher0 (server)' publisher ~ publishMotionEvent: seq=20986, id=170103733, deviceId=2, source=TOUCHSCREEN, displayId=0, action=UP, actionButton=0x00000000, flags=0x0, edgeFlags=0x0, metaState=0x0, buttonState=0x0, classification=NONE,xPrecision=1.000391, yPrecision=1.000695, downTime=10529268098000, eventTime=10529310298000, pointerCount=1 
12-30 11:33:13.489   916  1262 D InputTransport:         transform (ROT_0) (IDENTITY)
12-30 11:33:13.490   916  1262 D InputTransport: channel 'PointerEventDispatcher0 (server)' ~ sent message of type MOTION
12-30 11:33:13.490   916  1070 D InputTransport: channel 'PointerEventDispatcher0 (client)' consumer ~ consume: consumeBatches=false, frameTime=-1
12-30 11:33:13.490   916  1070 D InputTransport: channel 'PointerEventDispatcher0 (client)' ~ received message of type MOTION
12-30 11:33:13.490   916  1070 D InputTransport: channel 'PointerEventDispatcher0 (client)' consumer ~ consumed motion event, seq=20986
01-01 10:55:30.496   131   131 E sd_touch soc: ipcc@2.sdrv-touch.-1.190: semidrive_process_events:up id=0,x=0,y=0,DOWN[0xa0],dn_count=976,976
12-30 11:33:13.490   916  1070 D InputTransport: channel 'PointerEventDispatcher0 (client)' consumer ~ sendFinishedSignal: seq=20986, handled=false
12-30 11:33:13.490   916  1070 D InputTransport: channel 'PointerEventDispatcher0 (client)' ~ sent message of type FINISHED
12-30 11:33:13.490   916  1070 D InputTransport: channel 'PointerEventDispatcher0 (client)' consumer ~ consume: consumeBatches=false, frameTime=-1
12-30 11:33:13.490   916  1070 D InputTransport: channel 'PointerEventDispatcher0 (client)' ~ receive message failed, errno=11
12-30 11:33:13.490   916  1262 D InputTransport: channel 'PointerEventDispatcher0 (server)' ~ received message of type FINISHED
12-30 11:33:13.490   916  1262 D InputTransport: channel 'PointerEventDispatcher0 (server)' publisher ~ receiveConsumerResponse: finished: seq=20986, handled=false
12-30 11:33:13.490   916  1262 D InputDispatcher: channel 'PointerEventDispatcher0 (server)' ~ finishDispatchCycle - seq=20986, handled=false
12-30 11:33:13.490   916  1262 D InputTransport: channel 'PointerEventDispatcher0 (server)' ~ receive message failed, errno=11
12-30 11:33:13.490   916  1262 D InputTransport: channel 'PointerEventDispatcher0 (server)' publisher ~ receiveConsumerResponse: Unknown error -11
12-30 11:33:13.490   916  1262 D InputDispatcher: channel 'PointerEventDispatcher0 (server)' ~ startDispatchCycle
12-30 11:33:13.501 21940 21940 D InputTransport: channel '594b861 com.fawvw.hmi.btmusic/com.fawvw.hmi.btmusic.ui.MainActivity (client)' consumer ~ consume: consumeBatches=false, frameTime=-1
12-30 11:33:13.501 21940 21940 D InputTransport: channel '594b861 com.fawvw.hmi.btmusic/com.fawvw.hmi.btmusic.ui.MainActivity (client)' ~ received message of type MOTION
12-30 11:33:13.501 21940 21940 D InputTransport: [0] - rewrite (992.612, 252.824), old (992.612, 252.824)
12-30 11:33:13.502 21940 21940 D InputTransport: channel '594b861 com.fawvw.hmi.btmusic/com.fawvw.hmi.btmusic.ui.MainActivity (client)' consumer ~ consumed motion event, seq=20985
12-30 11:33:13.502 21940 21940 D InputTransport: channel '594b861 com.fawvw.hmi.btmusic/com.fawvw.hmi.btmusic.ui.MainActivity (client)' consumer ~ sendFinishedSignal: seq=20985, handled=false
12-30 11:33:13.502 21940 21940 D InputTransport: channel '594b861 com.fawvw.hmi.btmusic/com.fawvw.hmi.btmusic.ui.MainActivity (client)' ~ sent message of type FINISHED
12-30 11:33:13.502 21940 21940 D InputTransport: channel '594b861 com.fawvw.hmi.btmusic/com.fawvw.hmi.btmusic.ui.MainActivity (client)' consumer ~ consume: consumeBatches=false, frameTime=-1
12-30 11:33:13.502 21940 21940 D InputTransport: channel '594b861 com.fawvw.hmi.btmusic/com.fawvw.hmi.btmusic.ui.MainActivity (client)' ~ receive message failed, errno=11
12-30 11:33:13.502   916  1262 D InputTransport: channel '594b861 com.fawvw.hmi.btmusic/com.fawvw.hmi.btmusic.ui.MainActivity (server)' ~ received message of type FINISHED
12-30 11:33:13.502   916  1262 D InputTransport: channel '594b861 com.fawvw.hmi.btmusic/com.fawvw.hmi.btmusic.ui.MainActivity (server)' publisher ~ receiveConsumerResponse: finished: seq=20985, handled=false
12-30 11:33:13.502   916  1262 D InputDispatcher: channel '594b861 com.fawvw.hmi.btmusic/com.fawvw.hmi.btmusic.ui.MainActivity (server)' ~ finishDispatchCycle - seq=20985, handled=false
12-30 11:33:13.502   916  1262 D InputTransport: channel '594b861 com.fawvw.hmi.btmusic/com.fawvw.hmi.btmusic.ui.MainActivity (server)' ~ receive message failed, errno=11
12-30 11:33:13.502   916  1262 D InputTransport: channel '594b861 com.fawvw.hmi.btmusic/com.fawvw.hmi.btmusic.ui.MainActivity (server)' publisher ~ receiveConsumerResponse: Unknown error -11
12-30 11:33:13.502 21940 21940 D InputTransport: channel '594b861 com.fawvw.hmi.btmusic/com.fawvw.hmi.btmusic.ui.MainActivity (client)' consumer ~ consume: consumeBatches=true, frameTime=10529316947920
12-30 11:33:13.502 21940 21940 D InputTransport: channel '594b861 com.fawvw.hmi.btmusic/com.fawvw.hmi.btmusic.ui.MainActivity (client)' ~ receive message failed, errno=11
12-30 11:33:13.502   916  1262 D InputDispatcher: channel '594b861 com.fawvw.hmi.btmusic/com.fawvw.hmi.btmusic.ui.MainActivity (server)' ~ startDispatchCycle
12-30 11:33:13.502  2358  2623 D RcfController: Rcf proxy is not connected!
12-30 11:33:13.514   596  3076 E WifiHAL : Invalid data received from driver
12-30 11:33:13.515   360   931 D EvsDriver: forwardFrame
12-30 11:33:13.515   360   931 D EvsDriver: forwardFrameDirect
12-30 11:33:13.515   360   931 D EvsDriver: Delivered 0xb400e2ca9e40c7a0 as id 1
12-30 11:33:13.515   359   359 D evsmanagerd: /dev/video-evs0 forwarded the buffer #1 to 0xb400f125d2b26dd0 from 0xb400f125e2b20710
12-30 11:33:13.525   360   458 D EvsDriver: doneWithFrame
12-30 11:33:13.534  1667 19370 E CarPlay_Service: isConnected(MFiClientApiImpl.java:123)isConnected： true
12-30 11:33:13.534   879  2332 I mfiserver: [MFiProxy.cpp][675]messageMID =11 LID=03 com.adayo.carplay 
12-30 11:33:13.534   879  2332 I mfiserver: [MFiProxy.cpp][970]message channle=60 type=4 mode=1 buf=0xb400fc8d1fa65640 len=28 
12-30 11:33:13.534   879 19383 I libmfi  : [iAPUtils.c][134]buflen:28 packetlen=28
12-30 11:33:13.534   879 19383 E libmfi  : [iAP2BuffPoolImplementation.c][312]__iAP2BuffPoolGetRecvPacket malloc lenth = 4152 
12-30 11:33:13.535   879 19383 I libmfi  : [iAP2Link.c][2715]iAP2LinkHandleReadyPacket bDeletePacket = FALSE 
12-30 11:33:13.535   879 19383 I libmfi  : [iAP2Link.c][2802]_CleanupAckedPackets 
12-30 11:33:13.535   879 19383 I libmfi  : [iAP2Link.c][3046]_iAP2LinkProcessInOrderPacketACK 
12-30 11:33:13.535   879 19383 I libmfi  : [iAP2Control.c][208]Recieve Control MessageID = 0x5001 length = 18 
12-30 11:33:13.535   879 19383 E libmfi  : [iAP2BuffPoolImplementation.c][209]__iAP2BuffPoolGetSendPacket malloc lenth = 65591 
12-30 11:33:13.535   879 19383 I mfiserver: [MFiDataChannleSocket.cpp][127]len =16 
12-30 11:33:13.535   879 19383 E libmfi  : [iAP2BuffPoolImplementation.c][359]__iAP2BuffPoolReturnRecvPacket
12-30 11:33:13.535  1667  2331 I libmficlient: [MFiClient.cpp][120]Receive Data MID=50 LID=01 
12-30 11:33:13.535  1667  2331 W libmficlientjni: [MFiClientJniUtils.cpp][427]Set array[MediaItemMediaType] Value Failed 
12-30 11:33:13.535  1667  2331 W libmficlientjni: [MFiClientJniUtils.cpp][427]Set array[MediaItemArtworkData] Value Failed 
12-30 11:33:13.535  1667  2331 W CarPlay_Service: playbackUpdate(MediaInfoTrans.java:429)isMediaProxyConnected is false
12-30 11:33:13.535  1667  2331 I libmficlient: [MFiClient.cpp][120]Receive Data MID=11 LID=04 
12-30 11:33:13.546  1611  1611 I ADAYO_LOG_: handleMessage(UsbFunc.java:3)copyQnx = 0
12-30 11:33:13.546  1611  1611 I ADAYO_LOG_: handleMessage(UsbFunc.java:12)copyState = 2
12-30 11:33:13.548   360   931 D EvsDriver: forwardFrame
12-30 11:33:13.548   360   931 D EvsDriver: forwardFrameDirect
12-30 11:33:13.548   360   931 D EvsDriver: Delivered 0xb400e2ca9e40e270 as id 0
12-30 11:33:13.548   359   359 D evsmanagerd: /dev/video-evs0 forwarded the buffer #0 to 0xb400f125d2b26dd0 from 0xb400f125e2b20710
12-30 11:33:13.550  1667  2594 W ContextImpl: Calling a method in the system process without a qualified user: android.app.ContextImpl.bindService:1988 android.content.ContextWrapper.bindService:861 com.ford.sync.fnvservice.FordFnv.c:202 com.ford.sync.fnvservice.FordFnv.c:43 com.ford.sync.fnvservice.FordFnv$RetryHandler.handleMessage:245 
12-30 11:33:13.551   916  1883 W ActivityManager: Unable to start service Intent { cmp=com.ford.sync.fnvservice/.FordFnvService } U=0: not found
12-30 11:33:13.551  1667  2594 W FordFnv :  bind ford fnv failed -> sendRetryMessage 
12-30 11:33:13.552  2358  2623 D RcfController: Rcf proxy is not connected!
12-30 11:33:13.553 21940 21940 D InputTransport: channel '594b861 com.fawvw.hmi.btmusic/com.fawvw.hmi.btmusic.ui.MainActivity (client)' consumer ~ sendTimeline: inputEventId=463722200, gpuCompletedTime=10529306550919, presentTime=10529351357253
12-30 11:33:13.553 21940 21940 D InputTransport: channel '594b861 com.fawvw.hmi.btmusic/com.fawvw.hmi.btmusic.ui.MainActivity (client)' ~ sent message of type TIMELINE
12-30 11:33:13.553   916  1262 D InputTransport: channel '594b861 com.fawvw.hmi.btmusic/com.fawvw.hmi.btmusic.ui.MainActivity (server)' ~ received message of type TIMELINE
12-30 11:33:13.553   916  1262 D InputTransport: channel '594b861 com.fawvw.hmi.btmusic/com.fawvw.hmi.btmusic.ui.MainActivity (server)' publisher ~ receiveConsumerResponse: timeline: id=463722200
12-30 11:33:13.553   916  1262 D InputTransport: channel '594b861 com.fawvw.hmi.btmusic/com.fawvw.hmi.btmusic.ui.MainActivity (server)' ~ receive message failed, errno=11
12-30 11:33:13.553   916  1262 D InputTransport: channel '594b861 com.fawvw.hmi.btmusic/com.fawvw.hmi.btmusic.ui.MainActivity (server)' publisher ~ receiveConsumerResponse: Unknown error -11
12-30 11:33:13.556   360   458 D EvsDriver: doneWithFrame
12-30 11:33:13.564   798 23277 W adbd    : timed out while waiting for FUNCTIONFS_BIND, trying again
12-30 11:33:13.564   798 23277 I adbd    : UsbFfs: connection terminated: monitor thread finished
12-30 11:33:13.564   798   798 I adbd    : UsbFfs: already offline
12-30 11:33:13.564   798   798 I adbd    : destroying transport UsbFfs
12-30 11:33:13.564   798   798 I adbd    : UsbFfsConnection being destroyed
12-30 11:33:13.569 21940 21940 D InputTransport: channel '594b861 com.fawvw.hmi.btmusic/com.fawvw.hmi.btmusic.ui.MainActivity (client)' consumer ~ sendTimeline: inputEventId=1032897228, gpuCompletedTime=10529323212253, presentTime=10529368060919
12-30 11:33:13.569 21940 21940 D InputTransport: channel '594b861 com.fawvw.hmi.btmusic/com.fawvw.hmi.btmusic.ui.MainActivity (client)' ~ sent message of type TIMELINE
12-30 11:33:13.569   916  1262 D InputTransport: channel '594b861 com.fawvw.hmi.btmusic/com.fawvw.hmi.btmusic.ui.MainActivity (server)' ~ received message of type TIMELINE
12-30 11:33:13.569   916  1262 D InputTransport: channel '594b861 com.fawvw.hmi.btmusic/com.fawvw.hmi.btmusic.ui.MainActivity (server)' publisher ~ receiveConsumerResponse: timeline: id=1032897228
12-30 11:33:13.569   916  1262 D InputTransport: channel '594b861 com.fawvw.hmi.btmusic/com.fawvw.hmi.btmusic.ui.MainActivity (server)' ~ receive message failed, errno=11
12-30 11:33:13.569   916  1262 D InputTransport: channel '594b861 com.fawvw.hmi.btmusic/com.fawvw.hmi.btmusic.ui.MainActivity (server)' publisher ~ receiveConsumerResponse: Unknown error -11
12-30 11:33:13.581   360   931 D EvsDriver: forwardFrame
12-30 11:33:13.582   360   931 D EvsDriver: forwardFrameDirect
12-30 11:33:13.582   360   931 D EvsDriver: Delivered 0xb400e2ca9e40d4b0 as id 1
12-30 11:33:13.582   359   359 D evsmanagerd: /dev/video-evs0 forwarded the buffer #1 to 0xb400f125d2b26dd0 from 0xb400f125e2b20710
12-30 11:33:13.586 21940 21940 D InputTransport: channel '594b861 com.fawvw.hmi.btmusic/com.fawvw.hmi.btmusic.ui.MainActivity (client)' consumer ~ sendTimeline: inputEventId=1027892340, gpuCompletedTime=10529341457586, presentTime=10529384764253
12-30 11:33:13.586 21940 21940 D InputTransport: channel '594b861 com.fawvw.hmi.btmusic/com.fawvw.hmi.btmusic.ui.MainActivity (client)' ~ sent message of type TIMELINE
12-30 11:33:13.586   360   458 D EvsDriver: doneWithFrame
12-30 11:33:13.586   916  1262 D InputTransport: channel '594b861 com.fawvw.hmi.btmusic/com.fawvw.hmi.btmusic.ui.MainActivity (server)' ~ received message of type TIMELINE
12-30 11:33:13.586   916  1262 D InputTransport: channel '594b861 com.fawvw.hmi.btmusic/com.fawvw.hmi.btmusic.ui.MainActivity (server)' publisher ~ receiveConsumerResponse: timeline: id=1027892340
12-30 11:33:13.586   916  1262 D InputTransport: channel '594b861 com.fawvw.hmi.btmusic/com.fawvw.hmi.btmusic.ui.MainActivity (server)' ~ receive message failed, errno=11
12-30 11:33:13.586   916  1262 D InputTransport: channel '594b861 com.fawvw.hmi.btmusic/com.fawvw.hmi.btmusic.ui.MainActivity (server)' publisher ~ receiveConsumerResponse: Unknown error -11
12-30 11:33:13.602 21940 21940 D InputTransport: channel '594b861 com.fawvw.hmi.btmusic/com.fawvw.hmi.btmusic.ui.MainActivity (client)' consumer ~ sendTimeline: inputEventId=170103733, gpuCompletedTime=10529357073253, presentTime=10529401467586
12-30 11:33:13.602  2358  2623 D RcfController: Rcf proxy is not connected!
12-30 11:33:13.602 21940 21940 D InputTransport: channel '594b861 com.fawvw.hmi.btmusic/com.fawvw.hmi.btmusic.ui.MainActivity (client)' ~ sent message of type TIMELINE
12-30 11:33:13.602   916  1262 D InputTransport: channel '594b861 com.fawvw.hmi.btmusic/com.fawvw.hmi.btmusic.ui.MainActivity (server)' ~ received message of type TIMELINE
12-30 11:33:13.602   916  1262 D InputTransport: channel '594b861 com.fawvw.hmi.btmusic/com.fawvw.hmi.btmusic.ui.MainActivity (server)' publisher ~ receiveConsumerResponse: timeline: id=170103733
12-30 11:33:13.603   916  1262 D InputTransport: channel '594b861 com.fawvw.hmi.btmusic/com.fawvw.hmi.btmusic.ui.MainActivity (server)' ~ receive message failed, errno=11
12-30 11:33:13.603   916  1262 D InputTransport: channel '594b861 com.fawvw.hmi.btmusic/com.fawvw.hmi.btmusic.ui.MainActivity (server)' publisher ~ receiveConsumerResponse: Unknown error -11
12-30 11:33:13.610   798   838 I adbd    : opening control endpoint /dev/usb-ffs/adb/ep0
12-30 11:33:13.610   798   838 I adbd    : UsbFfsConnection constructed
12-30 11:33:13.611   798 23280 I adbd    : UsbFfs-monitor thread spawned
01-01 10:55:30.620   838   838 I         : read descriptors
12-30 11:33:13.615   360   931 D EvsDriver: forwardFrame
12-30 11:33:13.615   360   931 D EvsDriver: forwardFrameDirect
12-30 11:33:13.615   360   931 D EvsDriver: Delivered 0xb400e2ca9e40c2d0 as id 0
12-30 11:33:13.615   359   359 D evsmanagerd: /dev/video-evs0 forwarded the buffer #0 to 0xb400f125d2b26dd0 from 0xb400f125e2b20710
12-30 11:33:13.616   360   458 D EvsDriver: doneWithFrame
12-30 11:33:13.618   596  3076 E WifiHAL : Invalid data received from driver
12-30 11:33:13.618   596  3076 E WifiHAL : Invalid data received from driver
12-30 11:33:13.619   596  3076 E WifiHAL : Invalid data received from driver
12-30 11:33:13.619   596  3076 E WifiHAL : Invalid data received from driver
12-30 11:33:13.619   596  3076 E WifiHAL : Invalid data received from driver
12-30 11:33:13.619   596  3076 E WifiHAL : Invalid data received from driver
12-30 11:33:13.619   596  3076 E WifiHAL : Invalid data received from driver
12-30 11:33:13.619   596  3076 E WifiHAL : Invalid data received from driver
12-30 11:33:13.648   360   931 D EvsDriver: forwardFrame
12-30 11:33:13.648   360   931 D EvsDriver: forwardFrameDirect
12-30 11:33:13.648   360   931 D EvsDriver: Delivered 0xb400e2ca9e40d090 as id 1
12-30 11:33:13.648   359   359 D evsmanagerd: /dev/video-evs0 forwarded the buffer #1 to 0xb400f125d2b26dd0 from 0xb400f125e2b20710
12-30 11:33:13.653  2358  2623 D RcfController: Rcf proxy is not connected!
12-30 11:33:13.657   360   458 D EvsDriver: doneWithFrame
12-30 11:33:13.670   650   729 D fgemcucomm: sd Uart data : 6AA60249D3000292024C
12-30 11:33:13.670   650   729 D fgemcucomm: rev uart=87438,len=18, data : 6AA68149D3000A92020007000000000000BE
12-30 11:33:13.670   398   398 D adayocomadapter-ParseProtocolFunc: printRaWMsg Name[MCUToUPstream recv] len[10] data[92020007000000000000]
12-30 11:33:13.670   398   398 D adayocomadapter-CommunicationManager: onUpstreamback   member[0] dataLength[7] timePoint[10529492]
12-30 11:33:13.670   398   398 D adayocomadapter-ParseProtocolFunc: printRaWMsg Name[onUpstreamback] len[7] data[07000000000000]
12-30 11:33:13.670   398   464 D adayocomadapter-UpstreamHandler: processBeforePacket upSreamtProcessTimePoint[10529492] 
12-30 11:33:13.670   398   464 D adayocomadapter-UpstreamHandler: processPacket UPSTREAM_QUEUE_DATA_TIMEOUT
12-30 11:33:13.670   398   464 D adayocomadapter-ParseProtocolFunc: parseCommonIPCLBytes Processing tableNumber[7]
12-30 11:33:13.670   398   464 D adayocomadapter-ParseProtocolFunc: parseCommonIPCLBytes Processing tablename[Table-7] tableSize[7]
12-30 11:33:13.671   398   464 D adayocomadapter-ParseProtocolFunc: printRaWMsg Name[byteStream recv] len[7] data[07000000000000]
12-30 11:33:13.671   398   464 D adayocomadapter-ParseProtocolFunc: printRaWMsg Name[IPCLtoVHAL] len[6] data[214020530000]
12-30 11:33:13.671   398   464 D adayocomadapter-ParseProtocolFunc: printRaWMsg Name[IPCLtoVHAL] len[6] data[214020A00000]
12-30 11:33:13.671   398   464 D adayocomadapter-ParseProtocolFunc: printRaWMsg Name[IPCLtoVHAL] len[6] data[214021310000]
12-30 11:33:13.671   398   464 D adayocomadapter-ParseProtocolFunc: printRaWMsg Name[IPCLtoVHAL] len[6] data[214020A20000]
12-30 11:33:13.671   398   464 D adayocomadapter-ParseProtocolFunc: printRaWMsg Name[IPCLtoVHAL] len[6] data[214020A40000]
12-30 11:33:13.671   398   464 D adayocomadapter-ParseProtocolFunc: printRaWMsg Name[IPCLtoVHAL] len[6] data[214021CE0000]
12-30 11:33:13.671   398   464 D adayocomadapter-CommunicationManager: onUpstreamReceive mPropertyId 0x21402053
12-30 11:33:13.671   398   464 D adayocomadapter-CommunicationManager: convertBytesToInt32Memcpy  0
12-30 11:33:13.671   398   464 I vw-vhal : notifyVehicleProperty, propId = 0x21402053, data = {status: 2, int32Values: [0]}
12-30 11:33:13.671   398   464 I vw-vhal : CanSignalsAdapter::notifyVehicleProperty: solvedValue = {.timestamp = 10529493089253, .areaId = 0, .prop = 557850707, .status = AVAILABLE, .value = {.int32Values = [1]{0}, .floatValues = [0]{}, .int64Values = [0]{}, .bytes = [0]{}, .stringValue = ""}}
12-30 11:33:13.671   398   464 I VehiclePropertyStore: begin to write value to Store: {.timestamp = 10529493089253, .areaId = 0, .prop = 557850707, .status = AVAILABLE, .value = {.int32Values = [1]{0}, .floatValues = [0]{}, .int64Values = [0]{}, .bytes = [0]{}, .stringValue = ""}}
12-30 11:33:13.671   398   464 I DefaultVehicleHal_v2_0: DefaultVehicleHal::onPropertyValue, value:{.timestamp = 10529493089253, .areaId = 0, .prop = 557850707, .status = AVAILABLE, .value = {.int32Values = [1]{0}, .floatValues = [0]{}, .int64Values = [0]{}, .bytes = [0]{}, .stringValue = ""}}
12-30 11:33:13.671   398   464 D DiagPropHandler: is not DiagnosticConfig: 0x21402053
12-30 11:33:13.671   398   464 I VehiclePropertyStore: begin to write value to Store: {.timestamp = 10529493089253, .areaId = 0, .prop = 557850707, .status = AVAILABLE, .value = {.int32Values = [1]{0}, .floatValues = [0]{}, .int64Values = [0]{}, .bytes = [0]{}, .stringValue = ""}}
12-30 11:33:13.671   398   464 D adayocomadapter-CommunicationManager: onUpstreamReceive mPropertyId 0x21402053
12-30 11:33:13.671   398   464 D adayocomadapter-CommunicationManager: onUpstreamReceive mPropertyId 0x214020a0
12-30 11:33:13.671   398   464 D adayocomadapter-CommunicationManager: convertBytesToInt32Memcpy  0
12-30 11:33:13.671   398   464 I vw-vhal : notifyVehicleProperty, propId = 0x214020a0, data = {status: 2, int32Values: [0]}
12-30 11:33:13.671   398   464 I vw-vhal : CanSignalsAdapter::notifyVehicleProperty: solvedValue = {.timestamp = 10529493329586, .areaId = 0, .prop = 557850784, .status = AVAILABLE, .value = {.int32Values = [1]{0}, .floatValues = [0]{}, .int64Values = [0]{}, .bytes = [0]{}, .stringValue = ""}}
12-30 11:33:13.671   398   464 I VehiclePropertyStore: begin to write value to Store: {.timestamp = 10529493329586, .areaId = 0, .prop = 557850784, .status = AVAILABLE, .value = {.int32Values = [1]{0}, .floatValues = [0]{}, .int64Values = [0]{}, .bytes = [0]{}, .stringValue = ""}}
12-30 11:33:13.671   398   464 I DefaultVehicleHal_v2_0: DefaultVehicleHal::onPropertyValue, value:{.timestamp = 10529493329586, .areaId = 0, .prop = 557850784, .status = AVAILABLE, .value = {.int32Values = [1]{0}, .floatValues = [0]{}, .int64Values = [0]{}, .bytes = [0]{}, .stringValue = ""}}
12-30 11:33:13.671   398   464 D DiagPropHandler: is not DiagnosticConfig: 0x214020a0
12-30 11:33:13.671   398   464 I VehiclePropertyStore: begin to write value to Store: {.timestamp = 10529493329586, .areaId = 0, .prop = 557850784, .status = AVAILABLE, .value = {.int32Values = [1]{0}, .floatValues = [0]{}, .int64Values = [0]{}, .bytes = [0]{}, .stringValue = ""}}
12-30 11:33:13.671   398   464 D adayocomadapter-CommunicationManager: onUpstreamReceive mPropertyId 0x214020a0
12-30 11:33:13.671   398   464 D adayocomadapter-CommunicationManager: onUpstreamReceive mPropertyId 0x21402131
12-30 11:33:13.671   398   464 D adayocomadapter-CommunicationManager: convertBytesToInt32Memcpy  0
12-30 11:33:13.671   398   464 I vw-vhal : notifyVehicleProperty, propId = 0x21402131, data = {status: 2, int32Values: [0]}
12-30 11:33:13.671   398   464 I vw-vhal : CanSignalsAdapter::notifyVehicleProperty: solvedValue = {.timestamp = 10529493562253, .areaId = 0, .prop = 557850929, .status = AVAILABLE, .value = {.int32Values = [1]{0}, .floatValues = [0]{}, .int64Values = [0]{}, .bytes = [0]{}, .stringValue = ""}}
12-30 11:33:13.671   398   464 I VehiclePropertyStore: begin to write value to Store: {.timestamp = 10529493562253, .areaId = 0, .prop = 557850929, .status = AVAILABLE, .value = {.int32Values = [1]{0}, .floatValues = [0]{}, .int64Values = [0]{}, .bytes = [0]{}, .stringValue = ""}}
12-30 11:33:13.671   398   464 I DefaultVehicleHal_v2_0: DefaultVehicleHal::onPropertyValue, value:{.timestamp = 10529493562253, .areaId = 0, .prop = 557850929, .status = AVAILABLE, .value = {.int32Values = [1]{0}, .floatValues = [0]{}, .int64Values = [0]{}, .bytes = [0]{}, .stringValue = ""}}
12-30 11:33:13.671   398   464 D DiagPropHandler: is not DiagnosticConfig: 0x21402131
12-30 11:33:13.671   398   464 I VehiclePropertyStore: begin to write value to Store: {.timestamp = 10529493562253, .areaId = 0, .prop = 557850929, .status = AVAILABLE, .value = {.int32Values = [1]{0}, .floatValues = [0]{}, .int64Values = [0]{}, .bytes = [0]{}, .stringValue = ""}}
12-30 11:33:13.671   398   464 D adayocomadapter-CommunicationManager: onUpstreamReceive mPropertyId 0x21402131
12-30 11:33:13.671   398   464 D adayocomadapter-CommunicationManager: onUpstreamReceive mPropertyId 0x214020a2
12-30 11:33:13.671   398   464 D adayocomadapter-CommunicationManager: convertBytesToInt32Memcpy  0
12-30 11:33:13.671   398   464 I vw-vhal : notifyVehicleProperty, propId = 0x214020a2, data = {status: 2, int32Values: [0]}
12-30 11:33:13.671   398   464 I vw-vhal : CanSignalsAdapter::notifyVehicleProperty: solvedValue = {.timestamp = 10529493763586, .areaId = 0, .prop = 557850786, .status = AVAILABLE, .value = {.int32Values = [1]{0}, .floatValues = [0]{}, .int64Values = [0]{}, .bytes = [0]{}, .stringValue = ""}}
12-30 11:33:13.671   398   464 I VehiclePropertyStore: begin to write value to Store: {.timestamp = 10529493763586, .areaId = 0, .prop = 557850786, .status = AVAILABLE, .value = {.int32Values = [1]{0}, .floatValues = [0]{}, .int64Values = [0]{}, .bytes = [0]{}, .stringValue = ""}}
12-30 11:33:13.671   398   464 I DefaultVehicleHal_v2_0: DefaultVehicleHal::onPropertyValue, value:{.timestamp = 10529493763586, .areaId = 0, .prop = 557850786, .status = AVAILABLE, .value = {.int32Values = [1]{0}, .floatValues = [0]{}, .int64Values = [0]{}, .bytes = [0]{}, .stringValue = ""}}
12-30 11:33:13.671   398   464 D DiagPropHandler: is not DiagnosticConfig: 0x214020a2
12-30 11:33:13.672   398   464 I VehiclePropertyStore: begin to write value to Store: {.timestamp = 10529493763586, .areaId = 0, .prop = 557850786, .status = AVAILABLE, .value = {.int32Values = [1]{0}, .floatValues = [0]{}, .int64Values = [0]{}, .bytes = [0]{}, .stringValue = ""}}
12-30 11:33:13.672   398   464 D adayocomadapter-CommunicationManager: onUpstreamReceive mPropertyId 0x214020a2
12-30 11:33:13.672   398   464 D adayocomadapter-CommunicationManager: onUpstreamReceive mPropertyId 0x214020a4
12-30 11:33:13.672   398   464 D adayocomadapter-CommunicationManager: convertBytesToInt32Memcpy  0
12-30 11:33:13.672   398   464 I vw-vhal : notifyVehicleProperty, propId = 0x214020a4, data = {status: 2, int32Values: [0]}
12-30 11:33:13.672   398   464 I vw-vhal : CanSignalsAdapter::notifyVehicleProperty: solvedValue = {.timestamp = 10529493960253, .areaId = 0, .prop = 557850788, .status = AVAILABLE, .value = {.int32Values = [1]{0}, .floatValues = [0]{}, .int64Values = [0]{}, .bytes = [0]{}, .stringValue = ""}}
12-30 11:33:13.672   398   464 I VehiclePropertyStore: begin to write value to Store: {.timestamp = 10529493960253, .areaId = 0, .prop = 557850788, .status = AVAILABLE, .value = {.int32Values = [1]{0}, .floatValues = [0]{}, .int64Values = [0]{}, .bytes = [0]{}, .stringValue = ""}}
12-30 11:33:13.672   398   464 I DefaultVehicleHal_v2_0: DefaultVehicleHal::onPropertyValue, value:{.timestamp = 10529493960253, .areaId = 0, .prop = 557850788, .status = AVAILABLE, .value = {.int32Values = [1]{0}, .floatValues = [0]{}, .int64Values = [0]{}, .bytes = [0]{}, .stringValue = ""}}
12-30 11:33:13.672   398   464 D DiagPropHandler: is not DiagnosticConfig: 0x214020a4
12-30 11:33:13.672   398   464 I VehiclePropertyStore: begin to write value to Store: {.timestamp = 10529493960253, .areaId = 0, .prop = 557850788, .status = AVAILABLE, .value = {.int32Values = [1]{0}, .floatValues = [0]{}, .int64Values = [0]{}, .bytes = [0]{}, .stringValue = ""}}
12-30 11:33:13.672   398   464 D adayocomadapter-CommunicationManager: onUpstreamReceive mPropertyId 0x214020a4
12-30 11:33:13.672   398   464 D adayocomadapter-CommunicationManager: onUpstreamReceive mPropertyId 0x214021ce
12-30 11:33:13.672   398   464 D adayocomadapter-CommunicationManager: convertBytesToInt32Memcpy  0
12-30 11:33:13.672   398   464 I vw-vhal : notifyVehicleProperty, propId = 0x214021ce, data = {status: 2, int32Values: [0]}
12-30 11:33:13.672   398   464 I vw-vhal : CanSignalsAdapter::notifyVehicleProperty: solvedValue = {.timestamp = 10529494152919, .areaId = 0, .prop = 557851086, .status = AVAILABLE, .value = {.int32Values = [1]{0}, .floatValues = [0]{}, .int64Values = [0]{}, .bytes = [0]{}, .stringValue = ""}}
12-30 11:33:13.672   398   464 I VehiclePropertyStore: begin to write value to Store: {.timestamp = 10529494152919, .areaId = 0, .prop = 557851086, .status = AVAILABLE, .value = {.int32Values = [1]{0}, .floatValues = [0]{}, .int64Values = [0]{}, .bytes = [0]{}, .stringValue = ""}}
12-30 11:33:13.672   398   464 I DefaultVehicleHal_v2_0: DefaultVehicleHal::onPropertyValue, value:{.timestamp = 10529494152919, .areaId = 0, .prop = 557851086, .status = AVAILABLE, .value = {.int32Values = [1]{0}, .floatValues = [0]{}, .int64Values = [0]{}, .bytes = [0]{}, .stringValue = ""}}
12-30 11:33:13.672   398   464 D DiagPropHandler: is not DiagnosticConfig: 0x214021ce
12-30 11:33:13.672   398   464 I VehiclePropertyStore: begin to write value to Store: {.timestamp = 10529494152919, .areaId = 0, .prop = 557851086, .status = AVAILABLE, .value = {.int32Values = [1]{0}, .floatValues = [0]{}, .int64Values = [0]{}, .bytes = [0]{}, .stringValue = ""}}
12-30 11:33:13.672   398   464 D adayocomadapter-CommunicationManager: onUpstreamReceive mPropertyId 0x214021ce
12-30 11:33:13.681   360   931 D EvsDriver: forwardFrame
12-30 11:33:13.681   360   931 D EvsDriver: forwardFrameDirect
12-30 11:33:13.682   360   931 D EvsDriver: Delivered 0xb400e2ca9e40e110 as id 0
12-30 11:33:13.682   359   359 D evsmanagerd: /dev/video-evs0 forwarded the buffer #0 to 0xb400f125d2b26dd0 from 0xb400f125e2b20710
12-30 11:33:13.687   360   458 D EvsDriver: doneWithFrame
12-30 11:33:13.703  2358  2623 D RcfController: Rcf proxy is not connected!
12-30 11:33:13.715   360   931 D EvsDriver: forwardFrame
12-30 11:33:13.715   360   931 D EvsDriver: forwardFrameDirect
12-30 11:33:13.715   360   931 D EvsDriver: Delivered 0xb400e2ca9e40c7a0 as id 1
12-30 11:33:13.715   359   359 D evsmanagerd: /dev/video-evs0 forwarded the buffer #1 to 0xb400f125d2b26dd0 from 0xb400f125e2b20710
12-30 11:33:13.717   360   458 D EvsDriver: doneWithFrame
12-30 11:33:13.718   596  3076 E WifiHAL : Invalid data received from driver
12-30 11:33:13.748   360   931 I EvsDriver: /dev/video-evs0 VideoCapture fps 30.0002
12-30 11:33:13.748   360   931 D EvsDriver: forwardFrame
12-30 11:33:13.748   360   931 D EvsDriver: forwardFrameDirect
12-30 11:33:13.748   360   931 D EvsDriver: Delivered 0xb400e2ca9e40e270 as id 0
12-30 11:33:13.748   359   359 D evsmanagerd: /dev/video-evs0 forwarded the buffer #0 to 0xb400f125d2b26dd0 from 0xb400f125e2b20710
12-30 11:33:13.753  2358  2623 D RcfController: Rcf proxy is not connected!
12-30 11:33:13.758   360   458 D EvsDriver: doneWithFrame
12-30 11:33:13.781   360   931 D EvsDriver: forwardFrame
12-30 11:33:13.781   360   931 D EvsDriver: forwardFrameDirect
12-30 11:33:13.782   360   931 D EvsDriver: Delivered 0xb400e2ca9e40d4b0 as id 1
12-30 11:33:13.782   359   359 D evsmanagerd: /dev/video-evs0 forwarded the buffer #1 to 0xb400f125d2b26dd0 from 0xb400f125e2b20710
12-30 11:33:13.788   360   458 D EvsDriver: doneWithFrame
12-30 11:33:13.803  2358  2623 D RcfController: Rcf proxy is not connected!
12-30 11:33:13.815   360   931 D EvsDriver: forwardFrame
12-30 11:33:13.815   360   931 D EvsDriver: forwardFrameDirect
12-30 11:33:13.815   360   931 D EvsDriver: Delivered 0xb400e2ca9e40c2d0 as id 0
12-30 11:33:13.816   359   359 D evsmanagerd: /dev/video-evs0 forwarded the buffer #0 to 0xb400f125d2b26dd0 from 0xb400f125e2b20710
12-30 11:33:13.818   360   458 D EvsDriver: doneWithFrame
12-30 11:33:13.821   650   729 D fgemcucomm: sd Uart data : 6AA60249D4000292024B
12-30 11:33:13.821   650   729 D fgemcucomm: rev uart=87439,len=29, data : 6AA68149D40015920200130000000000000000000000000000000000A6
12-30 11:33:13.821   398   398 D adayocomadapter-ParseProtocolFunc: printRaWMsg Name[MCUToUPstream recv] len[21] data[920200130000000000000000000000000000000000]
12-30 11:33:13.821   398   398 D adayocomadapter-CommunicationManager: onUpstreamback   member[0] dataLength[18] timePoint[10529643]
12-30 11:33:13.821   398   398 D adayocomadapter-ParseProtocolFunc: printRaWMsg Name[onUpstreamback] len[18] data[130000000000000000000000000000000000]
12-30 11:33:13.821   398   464 D adayocomadapter-UpstreamHandler: processBeforePacket upSreamtProcessTimePoint[10529643] 
12-30 11:33:13.821   398   464 D adayocomadapter-UpstreamHandler: processPacket UPSTREAM_QUEUE_DATA_TIMEOUT
12-30 11:33:13.821   398   464 D adayocomadapter-ParseProtocolFunc: parseCommonIPCLBytes Processing tableNumber[19]
12-30 11:33:13.821   398   464 D adayocomadapter-ParseProtocolFunc: parseCommonIPCLBytes Processing tablename[Table-19] tableSize[18]
12-30 11:33:13.821   398   464 D adayocomadapter-ParseProtocolFunc: printRaWMsg Name[byteStream recv] len[18] data[130000000000000000000000000000000000]
12-30 11:33:13.821   398   464 D adayocomadapter-ParseProtocolFunc: printRaWMsg Name[IPCLtoVHAL] len[6] data[214010280000]
12-30 11:33:13.821   398   464 D adayocomadapter-ParseProtocolFunc: printRaWMsg Name[IPCLtoVHAL] len[6] data[214010290000]
12-30 11:33:13.822   398   464 D adayocomadapter-ParseProtocolFunc: printRaWMsg Name[IPCLtoVHAL] len[6] data[2140102E0000]
12-30 11:33:13.822   398   464 D adayocomadapter-ParseProtocolFunc: printRaWMsg Name[IPCLtoVHAL] len[6] data[2140102B0000]
12-30 11:33:13.822   398   464 D adayocomadapter-ParseProtocolFunc: printRaWMsg Name[IPCLtoVHAL] len[6] data[2140104C0000]
12-30 11:33:13.822   398   464 D adayocomadapter-ParseProtocolFunc: printRaWMsg Name[IPCLtoVHAL] len[6] data[2140102C0000]
12-30 11:33:13.822   398   464 D adayocomadapter-ParseProtocolFunc: printRaWMsg Name[IPCLtoVHAL] len[7] data[21402007000000]
12-30 11:33:13.822   398   464 D adayocomadapter-ParseProtocolFunc: printRaWMsg Name[IPCLtoVHAL] len[6] data[2140102F0000]
12-30 11:33:13.822   398   464 D adayocomadapter-ParseProtocolFunc: printRaWMsg Name[IPCLtoVHAL] len[6] data[214010310000]
12-30 11:33:13.822   398   464 D adayocomadapter-ParseProtocolFunc: printRaWMsg Name[IPCLtoVHAL] len[7] data[21402022000000]
12-30 11:33:13.822   398   464 D adayocomadapter-ParseProtocolFunc: printRaWMsg Name[IPCLtoVHAL] len[9] data[214020230000000000]
12-30 11:33:13.822   398   464 D adayocomadapter-ParseProtocolFunc: printRaWMsg Name[IPCLtoVHAL] len[6] data[2140104D0000]
12-30 11:33:13.822   398   464 D adayocomadapter-CommunicationManager: onUpstreamReceive mPropertyId 0x21401028
12-30 11:33:13.822   398   464 D adayocomadapter-CommunicationManager: convertBytesToInt32Memcpy  0
12-30 11:33:13.822   398   464 I vw-vhal : notifyVehicleProperty, propId = 0x21401028, data = {status: 2, int32Values: [0]}
12-30 11:33:13.822   398   464 I vw-vhal : CanSignalsAdapter::notifyVehicleProperty: solvedValue = {.timestamp = 10529644234586, .areaId = 0, .prop = 557846568, .status = AVAILABLE, .value = {.int32Values = [1]{0}, .floatValues = [0]{}, .int64Values = [0]{}, .bytes = [0]{}, .stringValue = ""}}
