12-30 11:33:16.071   398   464 I VehiclePropertyStore: begin to write value to Store: {.timestamp = 10531892957253, .areaId = 0, .prop = 557851094, .status = AVAILABLE, .value = {.int32Values = [1]{0}, .floatValues = [0]{}, .int64Values = [0]{}, .bytes = [0]{}, .stringValue = ""}}
12-30 11:33:16.071   398   464 I DefaultVehicleHal_v2_0: DefaultVehicleHal::onPropertyValue, value:{.timestamp = 10531892957253, .areaId = 0, .prop = 557851094, .status = AVAILABLE, .value = {.int32Values = [1]{0}, .floatValues = [0]{}, .int64Values = [0]{}, .bytes = [0]{}, .stringValue = ""}}
12-30 11:33:16.071   398   464 D DiagPropHandler: is not DiagnosticConfig: 0x214021d6
12-30 11:33:16.071   398   464 I VehiclePropertyStore: begin to write value to Store: {.timestamp = 10531892957253, .areaId = 0, .prop = 557851094, .status = AVAILABLE, .value = {.int32Values = [1]{0}, .floatValues = [0]{}, .int64Values = [0]{}, .bytes = [0]{}, .stringValue = ""}}
12-30 11:33:16.071   398   464 D adayocomadapter-CommunicationManager: onUpstreamReceive mPropertyId 0x214021d6
12-30 11:33:16.074   596  3076 E WifiHAL : Invalid data received from driver
12-30 11:33:16.081   360   931 D EvsDriver: forwardFrame
12-30 11:33:16.081   360   931 D EvsDriver: forwardFrameDirect
12-30 11:33:16.081   360   931 D EvsDriver: Delivered 0xb400e2ca9e40e110 as id 0
12-30 11:33:16.082   359   359 D evsmanagerd: /dev/video-evs0 forwarded the buffer #0 to 0xb400f125d2b26dd0 from 0xb400f125e2b20710
12-30 11:33:16.086   360   458 D EvsDriver: doneWithFrame
12-30 11:33:16.115   360   931 D EvsDriver: forwardFrame
12-30 11:33:16.115   360   931 D EvsDriver: forwardFrameDirect
12-30 11:33:16.115   360   931 D EvsDriver: Delivered 0xb400e2ca9e40c7a0 as id 1
12-30 11:33:16.115   359   359 D evsmanagerd: /dev/video-evs0 forwarded the buffer #1 to 0xb400f125d2b26dd0 from 0xb400f125e2b20710
12-30 11:33:16.116   360   458 D EvsDriver: doneWithFrame
12-30 11:33:16.118  2358  2623 D RcfController: Rcf proxy is not connected!
12-30 11:33:16.122  1667  2513 W ContextImpl: Calling a method in the system process without a qualified user: android.app.ContextImpl.bindService:1988 android.content.ContextWrapper.bindService:861 com.ford.sync.fnvservice.analytics.AnalyticsManager$RetryHandler.a:126 com.ford.sync.fnvservice.analytics.AnalyticsManager$RetryHandler.handleMessage:103 android.os.Handler.dispatchMessage:106 
12-30 11:33:16.122   916  2815 W ActivityManager: Unable to start service Intent { cmp=com.ford.sync.fnvservice/.analytics.AnalyticsService } U=0: not found
12-30 11:33:16.123  1667  2513 W AnalyticsManager:  bind ford Analytics failed -> sendRetryMessage 
12-30 11:33:16.128  1547  2118 D ANWAPI  : (1547|0x6EF3FCB0)[BTAPI] BT Addres is NULL , checking which array is connected
12-30 11:33:16.128  1547  2118 D ANWAPI  : 
12-30 11:33:16.128  1547  2118 D ANWAPI  : (1547|0x6EF3FCB0)[BTAPI] SPPMIN(0)SPPMAX(1)
12-30 11:33:16.128  1547  2118 D ANWAPI  : 
12-30 11:33:16.128  1547  2118 D ANWAPI  : (1547|0x6EF3FCB0)[BTAPI] In Three Step Get Device ID(0)
12-30 11:33:16.128  1547  2118 D ANWAPI  : 
12-30 11:33:16.128  1547  2118 D ANWAPI  : (1547|0x6EF3FCB0)[BTAPI] AVRCP_Connected ID(0), state(4)
12-30 11:33:16.128  1547  2118 D ANWAPI  : 
12-30 11:33:16.128  1547  2118 D ANWAPI  : (1547|0x6EF3FCB0)[BTAPI] in Get_ID3, Get Device ID(0)
12-30 11:33:16.128  1547  2118 D ANWAPI  : 
12-30 11:33:16.128  1547  2118 D ANWAPI  : (1547|0x6EF3FCB0)[BTAPI] AVRCP_Auto_Get_ID3
12-30 11:33:16.128  1547  2118 D ANWAPI  : 
12-30 11:33:16.128  1547  2118 D ANWAPI  : (1547|0x6EF3FCB0)[BTAPI] SDK >>>>AnWBT_AVRCP_GetSongDetail
12-30 11:33:16.128  1547  2118 D ANWAPI  : (1547|0x6EF3FCB0)[BTAPI] SDK <<<<AnWBT_AVRCP_GetSongDetail 0
12-30 11:33:16.128  1547  2118 D ANWAPI  : (1547|0x6EF3FCB0)[BTAPI] >>>>_anwbt_AVRCP_GetSongDetail
12-30 11:33:16.128  1547  2118 D ANWAPI  : (1547|0x6EF3FCB0)[BTAPI] btsdk_avrcp_GetElementAttributes
12-30 11:33:16.128  1547  2118 D ANW_AVRCP: (1547|0x6EF3FCB0)[AVRCP] API AVRCP_GetElementAttributes attMask=0x0
12-30 11:33:16.128  1547  2118 D ANWStack: [  10531950][ANWBT] <<Avctp_Send_Message 0/1:
12-30 11:33:16.128  1547  2118 D ANWStack: 
12-30 11:33:16.128  1547  2118 D ANWStack: [  10531950][ANWBT] L2CAP: L2_RetrieveHandle called, cid=0x83
12-30 11:33:16.128  1547  2118 D ANWStack: 
12-30 11:33:16.128  1547  2118 D ANWAPI  : (1547|0x6EF3FCB0)[BTAPI] ===BTAPI_MallocIdxMsg 1029 980
12-30 11:33:16.128  1547  2118 D ANWAPI  : (1547|0x6EF3FCB0)[BTAPI] <<<<_anwbt_AVRCP_GetSongDetail 0
12-30 11:33:16.134  1547  2118 D ANWAPI  : (1547|0x6EF3FCB0)[BTAPI] AnwhciEventCallback 19 1
12-30 11:33:16.148   360   931 D EvsDriver: forwardFrame
12-30 11:33:16.148   360   931 D EvsDriver: forwardFrameDirect
12-30 11:33:16.148   360   931 D EvsDriver: Delivered 0xb400e2ca9e40e270 as id 0
12-30 11:33:16.148   359   359 D evsmanagerd: /dev/video-evs0 forwarded the buffer #0 to 0xb400f125d2b26dd0 from 0xb400f125e2b20710
12-30 11:33:16.156   360   458 D EvsDriver: doneWithFrame
12-30 11:33:16.164  2475  2681 I TtsServiceAgent: check thread start checking, threadId = 29
12-30 11:33:16.164  2475  2681 D TtsServiceAgent: start bind service...
12-30 11:33:16.164  2475  2681 D TtsServiceAgent: ----->initService, usage = 16
12-30 11:33:16.165  2475  2681 W ContextImpl: Calling a method in the system process without a qualified user: android.app.ContextImpl.bindService:1988 android.content.ContextWrapper.bindService:861 com.iflytek.autofly.ttsaidl.ttsproxy.TtsServiceAgent.initService:189 com.iflytek.autofly.ttsaidl.ttsproxy.TtsServiceAgent.initService:133 com.iflytek.autofly.ttsaidl.ttsproxy.TtsServiceAgent$2.run:517 
12-30 11:33:16.165   916  2815 W ActivityManager: Unable to start service Intent { act=com.iflytek.autofly.tts.ttsservice.TtsAdapterService cmp=com.iflytek.cutefly.speechclient.hmi/com.iflytek.autofly.tts.ttsservice.TtsAdapterService } U=0: not found
12-30 11:33:16.165  2475  2681 D TtsServiceAgent: bindService: false
12-30 11:33:16.165  2475  2681 D TtsServiceAgent: start reInitService
12-30 11:33:16.165  2475  2681 D TtsServiceAgent: aidlCheckThreadRunning = true
12-30 11:33:16.165  2475  2681 D TtsServiceAgent: ----->check connection status in 1000s...
12-30 11:33:16.168  2358  2623 D RcfController: Rcf proxy is not connected!
12-30 11:33:16.171   596  3076 E WifiHAL : Invalid data received from driver
12-30 11:33:16.176  1582  3078 I c       : checkService in back thread add: adayo.upgrade.v2.0
12-30 11:33:16.177  1582  3078 E upgradeApp_251223_V1  l: d(null:11)pre->c(null:23)-> serviceBinder is null
12-30 11:33:16.177  1582  3078 W c       : doBindService in back thread fail: adayo.upgrade.v2.0
12-30 11:33:16.181   360   931 D EvsDriver: forwardFrame
12-30 11:33:16.181   360   931 D EvsDriver: forwardFrameDirect
12-30 11:33:16.181   360   931 D EvsDriver: Delivered 0xb400e2ca9e40d4b0 as id 1
12-30 11:33:16.182   359   359 D evsmanagerd: /dev/video-evs0 forwarded the buffer #1 to 0xb400f125d2b26dd0 from 0xb400f125e2b20710
12-30 11:33:16.187   360   458 D EvsDriver: doneWithFrame
12-30 11:33:16.208  1667  2410 I media_message_log->MediaMessageUserProxy: (SourceFile:1)b connectToService action bind
12-30 11:33:16.209   916  2815 W ActivityManager: Unable to start service Intent { cmp=com.adayo.server.mediamessagetransfer/.MediaMessTransferService (has extras) } U=0: not found
12-30 11:33:16.209  1667  2410 E media_message_log->MediaMessageUserProxy: (SourceFile:7)a bindServiceAsUser isBound = false
12-30 11:33:16.215   360   931 D EvsDriver: forwardFrame
12-30 11:33:16.215   360   931 D EvsDriver: forwardFrameDirect
12-30 11:33:16.215   360   931 D EvsDriver: Delivered 0xb400e2ca9e40c2d0 as id 0
12-30 11:33:16.215   359   359 D evsmanagerd: /dev/video-evs0 forwarded the buffer #0 to 0xb400f125d2b26dd0 from 0xb400f125e2b20710
12-30 11:33:16.217   360   458 D EvsDriver: doneWithFrame
12-30 11:33:16.219  2358  2623 D RcfController: Rcf proxy is not connected!
12-30 11:33:16.248   360   931 D EvsDriver: forwardFrame
12-30 11:33:16.248   360   931 D EvsDriver: forwardFrameDirect
12-30 11:33:16.248   360   931 D EvsDriver: Delivered 0xb400e2ca9e40d090 as id 1
12-30 11:33:16.248   359   359 D evsmanagerd: /dev/video-evs0 forwarded the buffer #1 to 0xb400f125d2b26dd0 from 0xb400f125e2b20710
12-30 11:33:16.254   596  3076 E WifiHAL : Invalid data received from driver
12-30 11:33:16.254   596  3076 E WifiHAL : Invalid data received from driver
12-30 11:33:16.257   360   458 D EvsDriver: doneWithFrame
12-30 11:33:16.269  2358  2623 D RcfController: Rcf proxy is not connected!
12-30 11:33:16.273   596  3076 E WifiHAL : Invalid data received from driver
12-30 11:33:16.279   596  3076 E WifiHAL : Invalid data received from driver
12-30 11:33:16.281   360   931 D EvsDriver: forwardFrame
12-30 11:33:16.281   360   931 D EvsDriver: forwardFrameDirect
12-30 11:33:16.281  1547  2118 D ANWStack: [  10532103][ANWBT] >>Avctp_L2cap_Data_Ind_Cb
12-30 11:33:16.281  1547  2118 D ANWStack: 
12-30 11:33:16.281  1547  2118 D ANWStack: [  10532103][ANWBT] AVCTP Message Length = 171
12-30 11:33:16.281  1547  2118 D ANWStack: [  10532103][ANWBT] Receive AVCTP_SINGLE_PACKET
12-30 11:33:16.281  1547  2118 D ANW_AVRCP: (1547|0x6EF3FCB0)[AVRCP] [**AVRCP**] 0x92 0x110e
12-30 11:33:16.281  1547  2118 D ANW_AVRCP: (1547|0x6EF3FCB0)[AVRCP] opcode match 0x0
12-30 11:33:16.281  1547  2118 D ANW_AVRCP: 
12-30 11:33:16.281  1547  2118 D ANW_AVRCP: (1547|0x6EF3FCB0)[AVRCP] subopcode match 0x20, update ctype 0x1->0xc
12-30 11:33:16.281  1547  2118 D ANW_AVRCP: 
12-30 11:33:16.281  1547  2118 D ANW_AVRCP: (1547|0x6EF3FCB0)[AVRCP] AVRCP_Packet_Parser Response
12-30 11:33:16.281  1547  2118 D ANW_AVRCP: 
12-30 11:33:16.281   360   931 D EvsDriver: Delivered 0xb400e2ca9e40e110 as id 0
12-30 11:33:16.281  1547  2118 D ANW_AVRCP: (1547|0x6EF3FCB0)[AVRCP] AVRCP_Get_Element_Attributes_RSP_Handler
12-30 11:33:16.281  1547  2118 D ANW_AVRCP: (1547|0x6EF3FCB0)[AVRCP] num of attributes: 8
12-30 11:33:16.281  1547  2118 D ANW_AVRCP: 
12-30 11:33:16.282  1547  2118 D ANWAPI  : (1547|0x6EF3FCB0)[BTAPI] connmgr_find_by_handle pData = 0xb400fa68ee34c5e0,7
12-30 11:33:16.282  1547  2118 D ANWAPI  : (1547|0x6EF3FCB0)[BTAPI] AVRCP_GET_ELEMENT_ATTRIBUTES
12-30 11:33:16.282  1547  2118 D ANWAPI  : (1547|0x6EF3FCB0)[BTAPI] connmgr_find_by_handle pData = 0xb400fa68ee34c5e0,7
12-30 11:33:16.282  1547  2118 D ANWAPI  : (1547|0x6EF3FCB0)[BTAPI] media attrib id(1)
12-30 11:33:16.282   359   359 D evsmanagerd: /dev/video-evs0 forwarded the buffer #0 to 0xb400f125d2b26dd0 from 0xb400f125e2b20710
12-30 11:33:16.282  1547  2118 D ANWAPI  : (1547|0x6EF3FCB0)[BTAPI] MediaAttr_MediaTitle 30 106
12-30 11:33:16.282  1547  2118 D ANWAPI  : (1547|0x6EF3FCB0)[BTAPI] connmgr_find_by_handle pData = 0xb400fa68ee34c5e0,7
12-30 11:33:16.282  1547  2118 D ANWAPI  : (1547|0x6EF3FCB0)[BTAPI] media attrib id(2)
12-30 11:33:16.282  1547  2118 D ANWAPI  : (1547|0x6EF3FCB0)[BTAPI] MediaAttr_ArtistName 50 106
12-30 11:33:16.282  1547  2118 D ANWAPI  : (1547|0x6EF3FCB0)[BTAPI] connmgr_find_by_handle pData = 0xb400fa68ee34c5e0,7
12-30 11:33:16.282  1547  2118 D ANWAPI  : (1547|0x6EF3FCB0)[BTAPI] media attrib id(3)
12-30 11:33:16.282  1547  2118 D ANWAPI  : (1547|0x6EF3FCB0)[BTAPI] MediaAttr_AlbumName 0 106
12-30 11:33:16.282  1547  2118 D ANWAPI  : (1547|0x6EF3FCB0)[BTAPI] connmgr_find_by_handle pData = 0xb400fa68ee34c5e0,7
12-30 11:33:16.282  1547  2118 D ANWAPI  : (1547|0x6EF3FCB0)[BTAPI] media attrib id(4)
12-30 11:33:16.282  1547  2118 D ANWAPI  : (1547|0x6EF3FCB0)[BTAPI] MediaAttr_MediaNum 0 106
12-30 11:33:16.282  1547  2118 D ANWAPI  : (1547|0x6EF3FCB0)[BTAPI] connmgr_find_by_handle pData = 0xb400fa68ee34c5e0,7
12-30 11:33:16.282  1547  2118 D ANWAPI  : (1547|0x6EF3FCB0)[BTAPI] media attrib id(5)
12-30 11:33:16.282  1547  2118 D ANWAPI  : (1547|0x6EF3FCB0)[BTAPI] MediaAttr_TotalMediaNum 0 106
12-30 11:33:16.282  1547  2118 D ANWAPI  : (1547|0x6EF3FCB0)[BTAPI] connmgr_find_by_handle pData = 0xb400fa68ee34c5e0,7
12-30 11:33:16.282  1547  2118 D ANWAPI  : (1547|0x6EF3FCB0)[BTAPI] media attrib id(6)
12-30 11:33:16.282  1547  2118 D ANWAPI  : (1547|0x6EF3FCB0)[BTAPI] MediaAttr_Genre 0 106
12-30 11:33:16.282  1547  2118 D ANWAPI  : (1547|0x6EF3FCB0)[BTAPI] connmgr_find_by_handle pData = 0xb400fa68ee34c5e0,7
12-30 11:33:16.282  1547  2118 D ANWAPI  : (1547|0x6EF3FCB0)[BTAPI] media attrib id(7)
12-30 11:33:16.282  1547  2118 D ANWAPI  : (1547|0x6EF3FCB0)[BTAPI] MediaAttr_PlayingTimeMs 6 106
12-30 11:33:16.282  1547  2118 D ANWAPI  : (1547|0x6EF3FCB0)[BTAPI] connmgr_find_by_handle pData = 0xb400fa68ee34c5e0,7
12-30 11:33:16.282  1547  2118 D ANWAPI  : (1547|0x6EF3FCB0)[BTAPI] media attrib id(8)
12-30 11:33:16.282  1547  2118 D ANWAPI  : (1547|0x6EF3FCB0)[BTAPI] MediaAttr_CoverArt 7 106 0
12-30 11:33:16.282  1547  2118 D ANWAPI  : (1547|0x6EF3FCB0)[BTAPI] connmgr_find_by_handle pData = 0xb400fa68ee34c5e0,7
12-30 11:33:16.282  1547  2118 D ANWAPI  : (1547|0x6EF3FCB0)[BTAPI] AVRCP_GET_ELEMENT_ATTRIBUTES_FINISH
12-30 11:33:16.282  1547  2118 D ANWAPI  : (1547|0x6EF3FCB0)[BTAPI] btsdk_avrcp_post_songdetails
12-30 11:33:16.282  1547  2118 D ANWAPI  : (1547|0x6EF3FCB0)[BTAPI] *BT_CB_Dispatch
12-30 11:33:16.282  1547  2118 D ANWAPI  : (1547|0x6EF3FCB0)[BTAPI] *****SDK callback(0x405)
12-30 11:33:16.282  1547  2118 D ANWAPI  : (1547|0x6EF3FCB0)[BTAPI] SDK***** [34:10:be:3d:c6:77][0]
12-30 11:33:16.282  1547  2118 D ANWAPI  : (1547|0x6EF3FCB0)[BTAPI] btsdk_exec_apicb start
12-30 11:33:16.282  1547  2118 D ANWAPI  : (1547|0x6EF3FCB0)[BTAPI] Up: AvrcpMsgHandler receive[34:10:BE:3D:C6:77], Get Device ID(0)
12-30 11:33:16.282  1547  2118 D ANWAPI  : 
12-30 11:33:16.282  1547  2118 D ANWAPI  : (1547|0x6EF3FCB0)[BTAPI] Up: AnWBT_AVRCP_CURRENT_SONG_DETAIL_IND(6)
12-30 11:33:16.282  1547  2118 D ANWAPI  : 
12-30 11:33:16.282  1547  2118 D ANWAPI  : (1547|0x6EF3FCB0)[BTAPI] MediaTitle   : 黑夜的牢笼困我在原地
12-30 11:33:16.282  1547  2118 D ANWAPI  : 
12-30 11:33:16.282  1547  2118 D ANWAPI  : (1547|0x6EF3FCB0)[BTAPI] PlayingTimeMs: 205014
12-30 11:33:16.282  1547  2118 D ANWAPI  : 
12-30 11:33:16.282  1547  2118 D ANWAPI  : (1547|0x6EF3FCB0)[BTAPI] ArtistName   : Star Crossing Night(feat. GALI) · 徐明浩, GALI
12-30 11:33:16.282  1547  2118 D ANWAPI  : 
12-30 11:33:16.282  1547  2118 D ANWAPI  : (1547|0x6EF3FCB0)[BTAPI] BipHandle: 1000015)
12-30 11:33:16.282  1547  2118 D ANWAPI  : 
12-30 11:33:16.282  1547  2118 D ANWAPI  : (1547|0x6EF3FCB0)[BTAPI] inform track changed cb, num_attr:4
12-30 11:33:16.282  1547  2118 D ANWAPI  : 
12-30 11:33:16.282  1547  2118 I ANW bt_btif: inform_track_changed_cb: HAL bt_rc_ctrl_callbacks->track_changed_cb
12-30 11:33:16.282  1547  2118 I BluetoothAvrcpControllerJni: btavrcp_track_changed_callback
12-30 11:33:16.282  1547  2118 D AvrcpControllerService: onTrackChanged
12-30 11:33:16.283  1547  2118 D AvrcpItem.Builder: 2 = Star Crossing Night(feat. GALI) · 徐明浩, GALI
12-30 11:33:16.283  1547  2118 D AvrcpItem.Builder: 1 = 黑夜的牢笼困我在原地
12-30 11:33:16.283  1547  2118 D AvrcpItem.Builder: 7 = 205014
12-30 11:33:16.283  1547  2118 D AvrcpItem.Builder: 8 = 1000015
12-30 11:33:16.283  1547  2118 D ANWAPI  : (1547|0x6EF3FCB0)[BTAPI] Up: per 1.5S get ID3 information
12-30 11:33:16.283  1547  2118 D ANWAPI  : 
12-30 11:33:16.283  1547  2118 D ANWAPI  : (1547|0x6EF3FCB0)[BTAPI] AVRCP_Cancel_Auto_Get_ID3(0)
12-30 11:33:16.283  1547  2118 D ANWAPI  : 
12-30 11:33:16.283  1547 19344 D AvrcpControllerStateMachine: Avrcp.ConnectedAvrcpController processMessage MESSAGE_PROCESS_TRACK_CHANGED
12-30 11:33:16.283  1547  2118 D ANWAPI  : (1547|0x6EF3FCB0)[BTAPI] btsdk_exec_apicb end
12-30 11:33:16.283  1547 19344 D AvrcpCoverArtProvider: getImageUri -> content://com.android.bluetooth.avrcpcontroller.AvrcpCoverArtProvider?device=34%3A10%3ABE%3A3D%3AC6%3A77&uuid=0136c232-deb1-4cee-8dee-c09eba3317f8
12-30 11:33:16.283  1547 19344 D BluetoothMediaBrowserService: trackChanged setMetadata=AvrcpItem{mUuid=eb9d230c-d726-41f3-a8aa-8417a8fb8590, mUid=0, mItemType=3, mType=0, mDisplayableName=null, mTitle=黑夜的牢笼困我在原地 mPlayingTime=205014 mTrack=0/0, mPlayable=false, mBrowsable=false, mCoverArtHandle=1000015, mImageUuid=0136c232-deb1-4cee-8dee-c09eba3317f8, mImageUricontent://com.android.bluetooth.avrcpcontroller.AvrcpCoverArtProvider?device=34%3A10%3ABE%3A3D%3AC6%3A77&uuid=0136c232-deb1-4cee-8dee-c09eba3317f8}
12-30 11:33:16.284  1547 19344 D AvrcpControllerStateMachine: removeUnusedArtwork(0136c232-deb1-4cee-8dee-c09eba3317f8)
12-30 11:33:16.284  1547 19344 D AvrcpControllerStateMachine: removeUnusedArtworkFromBrowseTree()
12-30 11:33:16.286  1547  2889 D A2dpSinkService: getDevicesMatchingConnectionStates[2]
12-30 11:33:16.287  1547  2889 D A2dpSinkService: Device: XX:XX:XX:XX:C6:77State: 2
12-30 11:33:16.287  1547  2889 D A2dpSinkService: Device: XX:XX:XX:XX:F8:60State: 0
12-30 11:33:16.287  1547  2889 D A2dpSinkService: Device: XX:XX:XX:XX:8D:47State: 0
12-30 11:33:16.287  1547  2889 D A2dpSinkService: [XX:XX:XX:XX:C6:77]
12-30 11:33:16.287  1547  2889 D A2dpSinkService: GetDevicesDone
12-30 11:33:16.288   360   458 D EvsDriver: doneWithFrame
12-30 11:33:16.288  1547  2889 D A2dpSinkService: getDevicesMatchingConnectionStates[2]
12-30 11:33:16.288  1547  2889 D A2dpSinkService: Device: XX:XX:XX:XX:C6:77State: 2
12-30 11:33:16.288  1547  2889 D A2dpSinkService: Device: XX:XX:XX:XX:F8:60State: 0
12-30 11:33:16.288  1547  2889 D A2dpSinkService: Device: XX:XX:XX:XX:8D:47State: 0
12-30 11:33:16.289  1547  2889 D A2dpSinkService: [XX:XX:XX:XX:C6:77]
12-30 11:33:16.289  1547  2889 D A2dpSinkService: GetDevicesDone
12-30 11:33:16.289  2425  2425 D ME_MEDIA_BTSessionPlayer: onMetadataChanged, mMediaItem: MediaItem{Media Id=MEDIA_BT_SONG_ID, mMetadata=Bundle[{android.media.metadata.ARTIST=Star Crossing Night(feat. GALI) · 徐明浩, GALI, androidx.media2.metadata.BROWSABLE=1, androidx.media2.metadata.EXTRAS=Bundle[{com.mosi.mlsc.mediaengine.EXTRA_KEY_DEVICE_TYPE=5, com.mosi.mlsc.mediaengine.EXTRA_KEY_DEVICE_ID=34:10:BE:3D:C6:77}], android.media.metadata.DURATION=205014, android.media.metadata.ALBUM_ART_URI=content://com.android.bluetooth.avrcpcontroller.AvrcpCoverArtProvider?device=34%3A10%3ABE%3A3D%3AC6%3A77&uuid=0136c232-deb1-4cee-8dee-c09eba3317f8, android.media.metadata.MEDIA_ID=MEDIA_BT_SONG_ID, android.media.metadata.ALBUM=未知专辑, android.media.metadata.TITLE=黑夜的牢笼困我在原地}], mStartPositionMs=0, mEndPositionMs=576460752303423487}
12-30 11:33:16.290   596  3076 E WifiHAL : Invalid data received from driver
12-30 11:33:16.290   596  3076 E WifiHAL : Invalid data received from driver
12-30 11:33:16.290   596  3076 E WifiHAL : Invalid data received from driver
12-30 11:33:16.290   596  3076 E WifiHAL : Invalid data received from driver
12-30 11:33:16.290   596  3076 E WifiHAL : Invalid data received from driver
12-30 11:33:16.290   596  3076 E WifiHAL : Invalid data received from driver
12-30 11:33:16.290   596  3076 E WifiHAL : Invalid data received from driver
12-30 11:33:16.290 21940 22414 D MC2ImplBase: onCustomCommand cmd=com.fawvw.mw.mediaengine.ACTION_MEDIA_STATE_CHANGED
12-30 11:33:16.290 21940 21940 I CNS_MEDIA_BT_MUSIC__MediaClient: onCustomCommand, action: com.fawvw.mw.mediaengine.ACTION_MEDIA_STATE_CHANGED, extra: Bundle[mParcelledData.dataSize=1856]
12-30 11:33:16.291 21940 21940 D CNS_MEDIA_BT_MUSIC__c: sendMediaInfo2SDS: state = 2, item = Bundle[mParcelledData.dataSize=1340]
12-30 11:33:16.291 21940 21940 I CNS_MEDIA_BT_MUSIC__MediaMetadataUtil: get title: 黑夜的牢笼困我在原地 and artist: Star Crossing Night(feat. GALI) · 徐明浩, GALI
12-30 11:33:16.291 21940 21940 I CNS_MEDIA_BT_MUSIC__MediaMetadataUtil: get title: 黑夜的牢笼困我在原地 and artist: Star Crossing Night(feat. GALI) · 徐明浩, GALI
12-30 11:33:16.291 21940 21940 D CNS_MEDIA_BT_MUSIC__c: notifyCurrentMediaItemChanged: isActive = true, item = MediaItem{Media Id=MEDIA_BT_SONG_ID, mMetadata=Bundle[{android.media.metadata.ARTIST=Star Crossing Night(feat. GALI) · 徐明浩, GALI, androidx.media2.metadata.BROWSABLE=1, androidx.media2.metadata.EXTRAS=Bundle[mParcelledData.dataSize=252], android.media.metadata.DURATION=205014, android.media.metadata.ALBUM_ART_URI=content://com.android.bluetooth.avrcpcontroller.AvrcpCoverArtProvider?device=34%3A10%3ABE%3A3D%3AC6%3A77&uuid=0136c232-deb1-4cee-8dee-c09eba3317f8, android.media.metadata.MEDIA_ID=MEDIA_BT_SONG_ID, android.media.metadata.ALBUM=未知专辑, android.media.metadata.TITLE=黑夜的牢笼困我在原地}], mStartPositionMs=0, mEndPositionMs=576460752303423487}
12-30 11:33:16.291 21940 21940 I CNS_MEDIA_BT_MUSIC__b: notifyMediaInfo: metadata = Bundle[{android.media.metadata.ARTIST=Star Crossing Night(feat. GALI) · 徐明浩, GALI, androidx.media2.metadata.BROWSABLE=1, androidx.media2.metadata.EXTRAS=Bundle[mParcelledData.dataSize=252], android.media.metadata.DURATION=205014, android.media.metadata.ALBUM_ART_URI=content://com.android.bluetooth.avrcpcontroller.AvrcpCoverArtProvider?device=34%3A10%3ABE%3A3D%3AC6%3A77&uuid=0136c232-deb1-4cee-8dee-c09eba3317f8, android.media.metadata.MEDIA_ID=MEDIA_BT_SONG_ID, android.media.metadata.ALBUM=未知专辑, android.media.metadata.TITLE=黑夜的牢笼困我在原地}]
12-30 11:33:16.291 21940 21940 I CNS_MEDIA_BT_MUSIC__MediaMetadataUtil: get title: 黑夜的牢笼困我在原地 and artist: Star Crossing Night(feat. GALI) · 徐明浩, GALI
12-30 11:33:16.315   360   931 D EvsDriver: forwardFrame
12-30 11:33:16.315   360   931 D EvsDriver: forwardFrameDirect
12-30 11:33:16.315   360   931 D EvsDriver: Delivered 0xb400e2ca9e40c7a0 as id 1
12-30 11:33:16.315   359   359 D evsmanagerd: /dev/video-evs0 forwarded the buffer #1 to 0xb400f125d2b26dd0 from 0xb400f125e2b20710
12-30 11:33:16.318   360   458 D EvsDriver: doneWithFrame
12-30 11:33:16.319  2358  2623 D RcfController: Rcf proxy is not connected!
12-30 11:33:16.321 21940 21940 I CNS_MEDIA_BT_MUSIC__MediaMetadataUtil: get title: 黑夜的牢笼困我在原地 and artist: Star Crossing Night(feat. GALI) · 徐明浩, GALI
12-30 11:33:16.321 21940 21940 I CNS_MEDIA_BT_MUSIC__HMIAdapter: notifyMediaInfo, mDeviceType: MT_BT_Music,lastPlayInfo: com.fawvw.hmi.cnslauncher.service.MediaPlayingInfo@b953da1
12-30 11:33:16.323 21845 21857 I MediaMiniApp: onPlayingInfoChanged MT_BT_Music ; mediaPlayingInfo = {"albumName":"黑夜的牢笼困我在原地","artistName":"Star Crossing Night(feat. GALI) · 徐明浩, GALI","coverDescriptor":{"mClosed":false,"mFd":{"descriptor":158,"ownerId":576460752489586666,"releaseLock":{}},"mGuard":{"closerNameOrAllocationInfo":"close"}},"deviceType":"MT_BT_Music","duration":205014,"isFavor":false,"mediaId":"MEDIA_BT_SONG_ID","state":"MPS_PLAYING"}
12-30 11:33:16.323 21845 21857 D MediaCardController: curDeviceType = MT_USB
12-30 11:33:16.323 21845 21857 D MediaCardController: deviceType = MT_BT_Music
12-30 11:33:16.324 21940 21940 I CNS_MEDIA_BT_MUSIC__a: uploadData, eventId: lmPlayNewContent, data: {"songName":"黑夜的牢笼困我在原地","singerName":"Star Crossing Night(feat. GALI) · 徐明浩, GALI","albumName":"未知专辑","totalTime":205014,"songStatus":"新歌曲","operationType":"","source":"其他"}
12-30 11:33:16.324 21940 21940 D CNS_MEDIA_BT_MUSIC__c: sendMediaInfo2SDS: state = 2, item = Bundle[{android.media.metadata.ARTIST=Star Crossing Night(feat. GALI) · 徐明浩, GALI, androidx.media2.metadata.BROWSABLE=1, androidx.media2.metadata.EXTRAS=Bundle[mParcelledData.dataSize=252], android.media.metadata.DURATION=205014, android.media.metadata.ALBUM_ART_URI=content://com.android.bluetooth.avrcpcontroller.AvrcpCoverArtProvider?device=34%3A10%3ABE%3A3D%3AC6%3A77&uuid=0136c232-deb1-4cee-8dee-c09eba3317f8, android.media.metadata.MEDIA_ID=MEDIA_BT_SONG_ID, android.media.metadata.ALBUM=未知专辑, android.media.metadata.TITLE=黑夜的牢笼困我在原地}]
12-30 11:33:16.324 21940 21940 I CNS_MEDIA_BT_MUSIC__MediaMetadataUtil: get title: 黑夜的牢笼困我在原地 and artist: Star Crossing Night(feat. GALI) · 徐明浩, GALI
12-30 11:33:16.324 21940 21940 I CNS_MEDIA_BT_MUSIC__MediaMetadataUtil: get title: 黑夜的牢笼困我在原地 and artist: Star Crossing Night(feat. GALI) · 徐明浩, GALI
12-30 11:33:16.324 21940 21940 I CNS_MEDIA_BT_MUSIC__HMIAdapter: mDeviceType: MT_BT_Music, state: MPS_PLAYING
12-30 11:33:16.324 21845 21857 I MediaMiniApp: onPlayStateChanged MT_BT_Music ; playState = MPS_PLAYING
12-30 11:33:16.324 21940 21940 D CNS_MEDIA_BT_MUSIC__b: handleLoadSucceed: title = 黑夜的牢笼困我在原地,artist = Star Crossing Night(feat. GALI) · 徐明浩, GALI,duration= 205014
12-30 11:33:16.325 21940 21940 I CNS_MEDIA_BT_MUSIC__FsgAudioHelper: notifyMediaInfo: mIsConnected = true, songInfo = 黑夜的牢笼困我在原地, bitmap width = 200, bitmap height = 200
12-30 11:33:16.325  2045  2131 D InfotainmentBridge_Native: fireSongInfo
12-30 11:33:16.326  2045  2131 D InfotainmentBridge_Native: fireSongInfo() -- source: 3
12-30 11:33:16.326  2045  2131 I JNI     : 黑夜的牢笼困我在原地
12-30 11:33:16.326  2045  2131 D InfotainmentBridge_Native: fireSongInfo() -- name: 黑夜的牢笼困我在原地
12-30 11:33:16.326  2045  2131 I JNI     : Star Crossing Night(feat. GALI) · 徐明浩, GALI
12-30 11:33:16.326  2045  2131 D InfotainmentBridge_Native: fireSongInfo() -- signer: Star Crossing Night(feat. GALI) · 徐明浩, GALI
12-30 11:33:16.326  2045  2131 D InfotainmentBridge_Native: fireSongInfo() -- duration: 205
12-30 11:33:16.326  2045  2131 D InfotainmentBridge_Native: fireSongInfo() -- duration: 200
12-30 11:33:16.326  2045  2131 D InfotainmentBridge_Native: fireSongInfo() -- duration: 200
12-30 11:33:16.326  2045  2131 D InfotainmentBridge_Native: fireSongInfo() -- cover size: 80000
12-30 11:33:16.328  1547  2118 D ANW_AVRCP: (1547|0x6EF3FCB0)[AVRCP] API getPlayStatusTimerHandler
12-30 11:33:16.328  1547  2118 D ANW_AVRCP: (1547|0x6EF3FCB0)[AVRCP] API AVRCP_GetPlayStatus
12-30 11:33:16.328  1547  2118 D ANWStack: [  10532150][ANWBT] <<Avctp_Send_Message 0/1:
12-30 11:33:16.328  1547  2118 D ANWStack: 
12-30 11:33:16.328  1547  2118 D ANWStack: [  10532150][ANWBT] L2CAP: L2_RetrieveHandle called, cid=0x83
12-30 11:33:16.328  1547  2118 D ANWStack: 
12-30 11:33:16.338  1667 19384 E CarPlay_Service: isConnected(MFiClientApiImpl.java:123)isConnected： true
12-30 11:33:16.338   879  2332 I mfiserver: [MFiProxy.cpp][675]messageMID =11 LID=03 com.adayo.carplay 
12-30 11:33:16.338   879  2332 I mfiserver: [MFiProxy.cpp][970]message channle=60 type=4 mode=1 buf=0xb400fc8d1fa65640 len=28 
12-30 11:33:16.338   879 19383 I libmfi  : [iAPUtils.c][134]buflen:28 packetlen=28
12-30 11:33:16.338   879 19383 E libmfi  : [iAP2BuffPoolImplementation.c][312]__iAP2BuffPoolGetRecvPacket malloc lenth = 4152 
12-30 11:33:16.339   879 19383 I libmfi  : [iAP2Link.c][2715]iAP2LinkHandleReadyPacket bDeletePacket = FALSE 
12-30 11:33:16.339   879 19383 I libmfi  : [iAP2Link.c][2802]_CleanupAckedPackets 
12-30 11:33:16.339   879 19383 I libmfi  : [iAP2Link.c][3046]_iAP2LinkProcessInOrderPacketACK 
12-30 11:33:16.339   879 19383 I libmfi  : [iAP2Control.c][208]Recieve Control MessageID = 0x5001 length = 18 
12-30 11:33:16.339   879 19383 E libmfi  : [iAP2BuffPoolImplementation.c][209]__iAP2BuffPoolGetSendPacket malloc lenth = 65591 
12-30 11:33:16.339   879 19383 I mfiserver: [MFiDataChannleSocket.cpp][127]len =16 
12-30 11:33:16.339  1667  2331 I libmficlient: [MFiClient.cpp][120]Receive Data MID=50 LID=01 
12-30 11:33:16.339   879 19383 E libmfi  : [iAP2BuffPoolImplementation.c][359]__iAP2BuffPoolReturnRecvPacket
12-30 11:33:16.339  1547  2118 D ANWAPI  : (1547|0x6EF3FCB0)[BTAPI] AnwhciEventCallback 19 1
12-30 11:33:16.339  1667  2331 W libmficlientjni: [MFiClientJniUtils.cpp][427]Set array[MediaItemMediaType] Value Failed 
12-30 11:33:16.339  1547  2118 D ANWStack: [  10532161][ANWBT] >>Avctp_L2cap_Data_Ind_Cb
12-30 11:33:16.339  1547  2118 D ANWStack: 
12-30 11:33:16.339  1547  2118 D ANWStack: [  10532161][ANWBT] AVCTP Message Length = 22
12-30 11:33:16.339  1547  2118 D ANWStack: [  10532161][ANWBT] Receive AVCTP_SINGLE_PACKET
12-30 11:33:16.339  1667  2331 W libmficlientjni: [MFiClientJniUtils.cpp][427]Set array[MediaItemArtworkData] Value Failed 
12-30 11:33:16.339  1547  2118 D ANW_AVRCP: (1547|0x6EF3FCB0)[AVRCP] [**AVRCP**] 0xa2 0x110e
12-30 11:33:16.339  1547  2118 D ANW_AVRCP: (1547|0x6EF3FCB0)[AVRCP] opcode match 0x0
12-30 11:33:16.339  1547  2118 D ANW_AVRCP: 
12-30 11:33:16.339  1547  2118 D ANW_AVRCP: (1547|0x6EF3FCB0)[AVRCP] subopcode match 0x30, update ctype 0x1->0xc
12-30 11:33:16.339  1547  2118 D ANW_AVRCP: 
12-30 11:33:16.339  1547  2118 D ANW_AVRCP: (1547|0x6EF3FCB0)[AVRCP] AVRCP_Packet_Parser Response
12-30 11:33:16.339  1547  2118 D ANW_AVRCP: 
12-30 11:33:16.339  1547  2118 D ANW_AVRCP: (1547|0x6EF3FCB0)[AVRCP] AVRCP_Get_Play_Status_RSP_Handler 153908/205014 1
12-30 11:33:16.339  1547  2118 D ANWAPI  : (1547|0x6EF3FCB0)[BTAPI] connmgr_find_by_handle pData = 0xb400fa68ee34c5e0,7
12-30 11:33:16.339  1547  2118 D ANWAPI  : (1547|0x6EF3FCB0)[BTAPI] ===BTAPI_MallocIdxMsg 1030 16
12-30 11:33:16.339  1547  2118 D ANWAPI  : (1547|0x6EF3FCB0)[BTAPI] *BT_CB_Dispatch
12-30 11:33:16.339  1547  2118 D ANWAPI  : (1547|0x6EF3FCB0)[BTAPI] *****SDK callback(0x406)
12-30 11:33:16.339  1667  2331 W CarPlay_Service: playbackUpdate(MediaInfoTrans.java:429)isMediaProxyConnected is false
12-30 11:33:16.339  1547  2118 D ANWAPI  : (1547|0x6EF3FCB0)[BTAPI] SDK***** [34:10:be:3d:c6:77][0]
12-30 11:33:16.339  1547  2118 D ANWAPI  : (1547|0x6EF3FCB0)[BTAPI] btsdk_exec_apicb start
12-30 11:33:16.339  1667  2331 I libmficlient: [MFiClient.cpp][120]Receive Data MID=11 LID=04 
12-30 11:33:16.339  1547  2118 D ANWAPI  : (1547|0x6EF3FCB0)[BTAPI] Up: AvrcpMsgHandler receive[34:10:BE:3D:C6:77], Get Device ID(0)
12-30 11:33:16.339  1547  2118 D ANWAPI  : 
12-30 11:33:16.339  1547  2118 D ANWAPI  : (1547|0x6EF3FCB0)[BTAPI] Up: AnWBT_AVRCP_CURRENT_PLAY_STATUS_IND
12-30 11:33:16.339  1547  2118 D ANWAPI  : 
12-30 11:33:16.339  1547  2118 D ANWAPI  : (1547|0x6EF3FCB0)[BTAPI] songLengthMs     =205014
12-30 11:33:16.339  1547  2118 D ANWAPI  : 
12-30 11:33:16.339  1547  2118 D ANWAPI  : (1547|0x6EF3FCB0)[BTAPI] songPositionMs   =153908
12-30 11:33:16.339  1547  2118 D ANWAPI  : 
12-30 11:33:16.339  1547  2118 I ANW bt_btif: AvrcpMsgHandler: HAL bt_rc_ctrl_callbacks->play_position_changed_cb
12-30 11:33:16.339  1547  2118 I BluetoothAvrcpControllerJni: btavrcp_play_position_changed_callback
12-30 11:33:16.339  1547  2118 D AvrcpControllerService: onPlayPositionChanged pos 153908
12-30 11:33:16.340  1547  2118 D ANWAPI  : (1547|0x6EF3FCB0)[BTAPI] currentPlayStatus=1
12-30 11:33:16.340  1547  2118 D ANWAPI  : 
12-30 11:33:16.340  1547  2118 I ANW bt_btif: AvrcpMsgHandler: HAL bt_rc_ctrl_callbacks->play_status_changed_cb
12-30 11:33:16.340  1547  2118 I BluetoothAvrcpControllerJni: btavrcp_play_status_changed_callback
12-30 11:33:16.340  1547 19344 D AvrcpControllerStateMachine: Avrcp.ConnectedAvrcpController processMessage MESSAGE_PROCESS_PLAY_POS_CHANGED
12-30 11:33:16.340  1547  2118 D AvrcpControllerService: onPlayStatusChanged 1
12-30 11:33:16.340  1547 19344 D AvrcpPlayer: getPlayBackState state 3 time 153908
12-30 11:33:16.340  1547  2118 D ANWAPI  : (1547|0x6EF3FCB0)[BTAPI] btsdk_exec_apicb end
12-30 11:33:16.340  1547 19344 D BluetoothMediaBrowserService: notifyChanged PlaybackStatePlaybackState {state=3, position=153908, buffered position=0, speed=1.0, updated=10532162, actions=2375735, error code=0, error message=null, custom actions=[], active item id=-1}
12-30 11:33:16.340  1547 19344 D AvrcpControllerStateMachine: Avrcp.ConnectedAvrcpController processMessage MESSAGE_PROCESS_PLAY_STATUS_CHANGED
12-30 11:33:16.340  1547 19344 D AvrcpControllerStateMachine: Playback status changed to 3
12-30 11:33:16.340  1547 19344 D AvrcpPlayer: getPlayBackState state 3 time 153908
12-30 11:33:16.341  1547 19344 D BluetoothMediaBrowserService: notifyChanged PlaybackStatePlaybackState {state=3, position=153908, buffered position=0, speed=1.0, updated=10532162, actions=2375735, error code=0, error message=null, custom actions=[], active item id=-1}
12-30 11:33:16.341 21666 21666 D MediaSessionMonitor: onPlaybackStateChanged: [com.android.bluetooth] state = 3
12-30 11:33:16.341 21666 21666 D MediaSessionMonitor: updateSourcePlayState: pkg = com.android.bluetooth, state = 3
12-30 11:33:16.341 21940 21953 D MC2ImplBase: onCustomCommand cmd=com.fawvw.mw.mediaengine.ACTION_PLAYER_POSITION_CHANGED
12-30 11:33:16.341 21940 21940 D MediaSessionMonitor: onPlaybackStateChanged: [com.android.bluetooth] state = 3
12-30 11:33:16.341 21940 21940 D MediaSessionMonitor: updateSourcePlayState: pkg = com.android.bluetooth, state = 3
12-30 11:33:16.341  1547 19344 D AvrcpPlayer: getPlayBackState state 3 time 153908
12-30 11:33:16.341 21666 21666 D MediaSessionMonitor: onPlaybackStateChanged: [com.android.bluetooth] state = 3
12-30 11:33:16.341 21666 21666 D MediaSessionMonitor: updateSourcePlayState: pkg = com.android.bluetooth, state = 3
12-30 11:33:16.341 21940 21940 I CNS_MEDIA_BT_MUSIC__MediaClient: onCustomCommand, action: com.fawvw.mw.mediaengine.ACTION_PLAYER_POSITION_CHANGED, extra: Bundle[mParcelledData.dataSize=124]
12-30 11:33:16.341  2045  2131 D InfotainmentBridge_Native: fireDuration
12-30 11:33:16.341  2045  2131 D InfotainmentBridge_Native: fireDuration() -- source: 3
12-30 11:33:16.341  2045  2131 D InfotainmentBridge_Native: fireDuration() -- value_16: 153
12-30 11:33:16.342 21940 21940 D MediaSessionMonitor: onPlaybackStateChanged: [com.android.bluetooth] state = 3
12-30 11:33:16.342 21940 21940 D MediaSessionMonitor: updateSourcePlayState: pkg = com.android.bluetooth, state = 3
12-30 11:33:16.346   596  3076 E WifiHAL : Invalid data received from driver
12-30 11:33:16.348   360   931 D EvsDriver: forwardFrame
12-30 11:33:16.348   360   931 D EvsDriver: forwardFrameDirect
12-30 11:33:16.348   360   931 D EvsDriver: Delivered 0xb400e2ca9e40e270 as id 0
12-30 11:33:16.348   359   359 D evsmanagerd: /dev/video-evs0 forwarded the buffer #0 to 0xb400f125d2b26dd0 from 0xb400f125e2b20710
12-30 11:33:16.358   360   458 D EvsDriver: doneWithFrame
12-30 11:33:16.369  2358  2623 D RcfController: Rcf proxy is not connected!
12-30 11:33:16.381   360   931 D EvsDriver: forwardFrame
12-30 11:33:16.381   360   931 D EvsDriver: forwardFrameDirect
12-30 11:33:16.381   360   931 D EvsDriver: Delivered 0xb400e2ca9e40d4b0 as id 1
12-30 11:33:16.382   359   359 D evsmanagerd: /dev/video-evs0 forwarded the buffer #1 to 0xb400f125d2b26dd0 from 0xb400f125e2b20710
12-30 11:33:16.388   360   458 D EvsDriver: doneWithFrame
12-30 11:33:16.415   360   931 D EvsDriver: forwardFrame
12-30 11:33:16.415   360   931 D EvsDriver: forwardFrameDirect
12-30 11:33:16.415   360   931 D EvsDriver: Delivered 0xb400e2ca9e40c2d0 as id 0
12-30 11:33:16.415   359   359 D evsmanagerd: /dev/video-evs0 forwarded the buffer #0 to 0xb400f125d2b26dd0 from 0xb400f125e2b20710
12-30 11:33:16.418   360   458 D EvsDriver: doneWithFrame
12-30 11:33:16.420  2358  2623 D RcfController: Rcf proxy is not connected!
12-30 11:33:16.420   650   729 D fgemcucomm: sd Uart data : 6AA60249E80002920237
12-30 11:33:16.420   650   729 D fgemcucomm: rev uart=87460,len=14, data : 6AA68149E800069202000B0000A9
12-30 11:33:16.420   398   398 D adayocomadapter-ParseProtocolFunc: printRaWMsg Name[MCUToUPstream recv] len[6] data[9202000B0000]
12-30 11:33:16.420   398   398 D adayocomadapter-CommunicationManager: onUpstreamback   member[0] dataLength[3] timePoint[10532242]
12-30 11:33:16.420   398   398 D adayocomadapter-ParseProtocolFunc: printRaWMsg Name[onUpstreamback] len[3] data[0B0000]
12-30 11:33:16.420   398   464 D adayocomadapter-UpstreamHandler: processBeforePacket upSreamtProcessTimePoint[10532242] 
12-30 11:33:16.420   398   464 D adayocomadapter-UpstreamHandler: processPacket UPSTREAM_QUEUE_DATA_TIMEOUT
12-30 11:33:16.420   398   464 D adayocomadapter-ParseProtocolFunc: parseCommonIPCLBytes Processing tableNumber[11]
12-30 11:33:16.420   398   464 D adayocomadapter-ParseProtocolFunc: parseCommonIPCLBytes Processing tablename[Table-11] tableSize[3]
12-30 11:33:16.420   398   464 D adayocomadapter-ParseProtocolFunc: printRaWMsg Name[byteStream recv] len[3] data[0B0000]
12-30 11:33:16.420   398   464 D adayocomadapter-ParseProtocolFunc: printRaWMsg Name[IPCLtoVHAL] len[7] data[2140200B000000]
12-30 11:33:16.420   398   464 D adayocomadapter-CommunicationManager: onUpstreamReceive mPropertyId 0x2140200b
12-30 11:33:16.420   398   464 D adayocomadapter-CommunicationManager: convertBytesToInt32Memcpy  0
12-30 11:33:16.420   398   464 I vw-vhal : notifyVehicleProperty, propId = 0x2140200b, data = {status: 2, int32Values: [0]}
12-30 11:33:16.420   398   464 I vw-vhal : CanSignalsAdapter::notifyVehicleProperty: solvedValue = {.timestamp = 10532242716586, .areaId = 0, .prop = 557850635, .status = AVAILABLE, .value = {.int32Values = [1]{0}, .floatValues = [0]{}, .int64Values = [0]{}, .bytes = [0]{}, .stringValue = ""}}
12-30 11:33:16.420   398   464 I VehiclePropertyStore: begin to write value to Store: {.timestamp = 10532242716586, .areaId = 0, .prop = 557850635, .status = AVAILABLE, .value = {.int32Values = [1]{0}, .floatValues = [0]{}, .int64Values = [0]{}, .bytes = [0]{}, .stringValue = ""}}
12-30 11:33:16.420   398   464 I DefaultVehicleHal_v2_0: DefaultVehicleHal::onPropertyValue, value:{.timestamp = 10532242716586, .areaId = 0, .prop = 557850635, .status = AVAILABLE, .value = {.int32Values = [1]{0}, .floatValues = [0]{}, .int64Values = [0]{}, .bytes = [0]{}, .stringValue = ""}}
12-30 11:33:16.420   398   464 D DiagPropHandler: is not DiagnosticConfig: 0x2140200b
12-30 11:33:16.421   398   464 I VehiclePropertyStore: begin to write value to Store: {.timestamp = 10532242716586, .areaId = 0, .prop = 557850635, .status = AVAILABLE, .value = {.int32Values = [1]{0}, .floatValues = [0]{}, .int64Values = [0]{}, .bytes = [0]{}, .stringValue = ""}}
12-30 11:33:16.421   398   464 D adayocomadapter-CommunicationManager: onUpstreamReceive mPropertyId 0x2140200b
12-30 11:33:16.448   360   931 D EvsDriver: forwardFrame
12-30 11:33:16.448   360   931 D EvsDriver: forwardFrameDirect
12-30 11:33:16.448   360   931 D EvsDriver: Delivered 0xb400e2ca9e40d090 as id 1
12-30 11:33:16.448   359   359 D evsmanagerd: /dev/video-evs0 forwarded the buffer #1 to 0xb400f125d2b26dd0 from 0xb400f125e2b20710
12-30 11:33:16.449   360   458 D EvsDriver: doneWithFrame
12-30 11:33:16.449   650   730 D fgemcucomm: sd Uart data : 6AA600204D000206018A
12-30 11:33:16.470  2358  2623 D RcfController: Rcf proxy is not connected!
12-30 11:33:16.470   650   729 D fgemcucomm: sd Uart data : 6AA60249E90002920236
12-30 11:33:16.470   650   729 D fgemcucomm: rev uart=87461,len=19, data : 6AA68149E9000B9202000F000000000000009F
12-30 11:33:16.470   398   398 D adayocomadapter-ParseProtocolFunc: printRaWMsg Name[MCUToUPstream recv] len[11] data[9202000F00000000000000]
12-30 11:33:16.470   398   398 D adayocomadapter-CommunicationManager: onUpstreamback   member[0] dataLength[8] timePoint[10532292]
12-30 11:33:16.470   398   398 D adayocomadapter-ParseProtocolFunc: printRaWMsg Name[onUpstreamback] len[8] data[0F00000000000000]
12-30 11:33:16.470   398   464 D adayocomadapter-UpstreamHandler: processBeforePacket upSreamtProcessTimePoint[10532292] 
12-30 11:33:16.470   398   464 D adayocomadapter-UpstreamHandler: processPacket UPSTREAM_QUEUE_DATA_TIMEOUT
12-30 11:33:16.470   398   464 D adayocomadapter-ParseProtocolFunc: parseCommonIPCLBytes Processing tableNumber[15]
12-30 11:33:16.470   398   464 D adayocomadapter-ParseProtocolFunc: parseCommonIPCLBytes Processing tablename[Table-15] tableSize[8]
12-30 11:33:16.470   398   464 D adayocomadapter-ParseProtocolFunc: printRaWMsg Name[byteStream recv] len[8] data[0F00000000000000]
12-30 11:33:16.470   398   464 D adayocomadapter-ParseProtocolFunc: printRaWMsg Name[IPCLtoVHAL] len[6] data[214020F30000]
12-30 11:33:16.470   398   464 D adayocomadapter-ParseProtocolFunc: printRaWMsg Name[IPCLtoVHAL] len[6] data[214020F40000]
12-30 11:33:16.470   398   464 D adayocomadapter-ParseProtocolFunc: printRaWMsg Name[IPCLtoVHAL] len[6] data[214020F50000]
12-30 11:33:16.470   398   464 D adayocomadapter-ParseProtocolFunc: printRaWMsg Name[IPCLtoVHAL] len[6] data[214020F60000]
12-30 11:33:16.471   398   464 D adayocomadapter-ParseProtocolFunc: printRaWMsg Name[IPCLtoVHAL] len[6] data[214020F70000]
12-30 11:33:16.471   398   464 D adayocomadapter-ParseProtocolFunc: printRaWMsg Name[IPCLtoVHAL] len[6] data[214020F80000]
12-30 11:33:16.471   398   464 D adayocomadapter-ParseProtocolFunc: printRaWMsg Name[IPCLtoVHAL] len[6] data[214020F90000]
12-30 11:33:16.471   398   464 D adayocomadapter-CommunicationManager: onUpstreamReceive mPropertyId 0x214020f3
12-30 11:33:16.471   398   464 D adayocomadapter-CommunicationManager: convertBytesToInt32Memcpy  0
12-30 11:33:16.471   398   464 I vw-vhal : notifyVehicleProperty, propId = 0x214020f3, data = {status: 2, int32Values: [0]}
12-30 11:33:16.471   398   464 I vw-vhal : CanSignalsAdapter::notifyVehicleProperty: solvedValue = {.timestamp = 10532293007586, .areaId = 0, .prop = 557850867, .status = AVAILABLE, .value = {.int32Values = [1]{0}, .floatValues = [0]{}, .int64Values = [0]{}, .bytes = [0]{}, .stringValue = ""}}
12-30 11:33:16.471   398   464 I VehiclePropertyStore: begin to write value to Store: {.timestamp = 10532293007586, .areaId = 0, .prop = 557850867, .status = AVAILABLE, .value = {.int32Values = [1]{0}, .floatValues = [0]{}, .int64Values = [0]{}, .bytes = [0]{}, .stringValue = ""}}
12-30 11:33:16.471   398   464 I DefaultVehicleHal_v2_0: DefaultVehicleHal::onPropertyValue, value:{.timestamp = 10532293007586, .areaId = 0, .prop = 557850867, .status = AVAILABLE, .value = {.int32Values = [1]{0}, .floatValues = [0]{}, .int64Values = [0]{}, .bytes = [0]{}, .stringValue = ""}}
12-30 11:33:16.471   398   464 D DiagPropHandler: is not DiagnosticConfig: 0x214020f3
12-30 11:33:16.471   398   464 I VehiclePropertyStore: begin to write value to Store: {.timestamp = 10532293007586, .areaId = 0, .prop = 557850867, .status = AVAILABLE, .value = {.int32Values = [1]{0}, .floatValues = [0]{}, .int64Values = [0]{}, .bytes = [0]{}, .stringValue = ""}}
12-30 11:33:16.471   398   464 D adayocomadapter-CommunicationManager: onUpstreamReceive mPropertyId 0x214020f3
12-30 11:33:16.471   398   464 D adayocomadapter-CommunicationManager: onUpstreamReceive mPropertyId 0x214020f4
12-30 11:33:16.471   398   464 D adayocomadapter-CommunicationManager: convertBytesToInt32Memcpy  0
12-30 11:33:16.471   398   464 I vw-vhal : notifyVehicleProperty, propId = 0x214020f4, data = {status: 2, int32Values: [0]}
12-30 11:33:16.471   398   464 I vw-vhal : CanSignalsAdapter::notifyVehicleProperty: solvedValue = {.timestamp = 10532293264920, .areaId = 0, .prop = 557850868, .status = AVAILABLE, .value = {.int32Values = [1]{0}, .floatValues = [0]{}, .int64Values = [0]{}, .bytes = [0]{}, .stringValue = ""}}
12-30 11:33:16.471   398   464 I VehiclePropertyStore: begin to write value to Store: {.timestamp = 10532293264920, .areaId = 0, .prop = 557850868, .status = AVAILABLE, .value = {.int32Values = [1]{0}, .floatValues = [0]{}, .int64Values = [0]{}, .bytes = [0]{}, .stringValue = ""}}
12-30 11:33:16.471   398   464 I DefaultVehicleHal_v2_0: DefaultVehicleHal::onPropertyValue, value:{.timestamp = 10532293264920, .areaId = 0, .prop = 557850868, .status = AVAILABLE, .value = {.int32Values = [1]{0}, .floatValues = [0]{}, .int64Values = [0]{}, .bytes = [0]{}, .stringValue = ""}}
12-30 11:33:16.471   398   464 D DiagPropHandler: is not DiagnosticConfig: 0x214020f4
12-30 11:33:16.471   398   464 I VehiclePropertyStore: begin to write value to Store: {.timestamp = 10532293264920, .areaId = 0, .prop = 557850868, .status = AVAILABLE, .value = {.int32Values = [1]{0}, .floatValues = [0]{}, .int64Values = [0]{}, .bytes = [0]{}, .stringValue = ""}}
12-30 11:33:16.471   398   464 D adayocomadapter-CommunicationManager: onUpstreamReceive mPropertyId 0x214020f4
12-30 11:33:16.471   398   464 D adayocomadapter-CommunicationManager: onUpstreamReceive mPropertyId 0x214020f5
12-30 11:33:16.471   398   464 D adayocomadapter-CommunicationManager: convertBytesToInt32Memcpy  0
12-30 11:33:16.471   398   464 I vw-vhal : notifyVehicleProperty, propId = 0x214020f5, data = {status: 2, int32Values: [0]}
12-30 11:33:16.471   398   464 I vw-vhal : CanSignalsAdapter::notifyVehicleProperty: solvedValue = {.timestamp = 10532293468920, .areaId = 0, .prop = 557850869, .status = AVAILABLE, .value = {.int32Values = [1]{0}, .floatValues = [0]{}, .int64Values = [0]{}, .bytes = [0]{}, .stringValue = ""}}
12-30 11:33:16.471   398   464 I VehiclePropertyStore: begin to write value to Store: {.timestamp = 10532293468920, .areaId = 0, .prop = 557850869, .status = AVAILABLE, .value = {.int32Values = [1]{0}, .floatValues = [0]{}, .int64Values = [0]{}, .bytes = [0]{}, .stringValue = ""}}
12-30 11:33:16.471   398   464 I DefaultVehicleHal_v2_0: DefaultVehicleHal::onPropertyValue, value:{.timestamp = 10532293468920, .areaId = 0, .prop = 557850869, .status = AVAILABLE, .value = {.int32Values = [1]{0}, .floatValues = [0]{}, .int64Values = [0]{}, .bytes = [0]{}, .stringValue = ""}}
12-30 11:33:16.471   398   464 D DiagPropHandler: is not DiagnosticConfig: 0x214020f5
12-30 11:33:16.471   398   464 I VehiclePropertyStore: begin to write value to Store: {.timestamp = 10532293468920, .areaId = 0, .prop = 557850869, .status = AVAILABLE, .value = {.int32Values = [1]{0}, .floatValues = [0]{}, .int64Values = [0]{}, .bytes = [0]{}, .stringValue = ""}}
12-30 11:33:16.471   398   464 D adayocomadapter-CommunicationManager: onUpstreamReceive mPropertyId 0x214020f5
12-30 11:33:16.471   398   464 D adayocomadapter-CommunicationManager: onUpstreamReceive mPropertyId 0x214020f6
12-30 11:33:16.471   398   464 D adayocomadapter-CommunicationManager: convertBytesToInt32Memcpy  0
12-30 11:33:16.471   398   464 I vw-vhal : notifyVehicleProperty, propId = 0x214020f6, data = {status: 2, int32Values: [0]}
12-30 11:33:16.471   398   464 I vw-vhal : CanSignalsAdapter::notifyVehicleProperty: solvedValue = {.timestamp = 10532293664253, .areaId = 0, .prop = 557850870, .status = AVAILABLE, .value = {.int32Values = [1]{0}, .floatValues = [0]{}, .int64Values = [0]{}, .bytes = [0]{}, .stringValue = ""}}
12-30 11:33:16.471   398   464 I VehiclePropertyStore: begin to write value to Store: {.timestamp = 10532293664253, .areaId = 0, .prop = 557850870, .status = AVAILABLE, .value = {.int32Values = [1]{0}, .floatValues = [0]{}, .int64Values = [0]{}, .bytes = [0]{}, .stringValue = ""}}
12-30 11:33:16.471   398   464 I DefaultVehicleHal_v2_0: DefaultVehicleHal::onPropertyValue, value:{.timestamp = 10532293664253, .areaId = 0, .prop = 557850870, .status = AVAILABLE, .value = {.int32Values = [1]{0}, .floatValues = [0]{}, .int64Values = [0]{}, .bytes = [0]{}, .stringValue = ""}}
12-30 11:33:16.471   398   464 D DiagPropHandler: is not DiagnosticConfig: 0x214020f6
12-30 11:33:16.471   398   464 I VehiclePropertyStore: begin to write value to Store: {.timestamp = 10532293664253, .areaId = 0, .prop = 557850870, .status = AVAILABLE, .value = {.int32Values = [1]{0}, .floatValues = [0]{}, .int64Values = [0]{}, .bytes = [0]{}, .stringValue = ""}}
12-30 11:33:16.471   398   464 D adayocomadapter-CommunicationManager: onUpstreamReceive mPropertyId 0x214020f6
12-30 11:33:16.471   398   464 D adayocomadapter-CommunicationManager: onUpstreamReceive mPropertyId 0x214020f7
12-30 11:33:16.471   398   464 D adayocomadapter-CommunicationManager: convertBytesToInt32Memcpy  0
12-30 11:33:16.471   398   464 I vw-vhal : notifyVehicleProperty, propId = 0x214020f7, data = {status: 2, int32Values: [0]}
12-30 11:33:16.472   398   464 I vw-vhal : CanSignalsAdapter::notifyVehicleProperty: solvedValue = {.timestamp = 10532293858253, .areaId = 0, .prop = 557850871, .status = AVAILABLE, .value = {.int32Values = [1]{0}, .floatValues = [0]{}, .int64Values = [0]{}, .bytes = [0]{}, .stringValue = ""}}
12-30 11:33:16.472   398   464 I VehiclePropertyStore: begin to write value to Store: {.timestamp = 10532293858253, .areaId = 0, .prop = 557850871, .status = AVAILABLE, .value = {.int32Values = [1]{0}, .floatValues = [0]{}, .int64Values = [0]{}, .bytes = [0]{}, .stringValue = ""}}
12-30 11:33:16.472   398   464 I DefaultVehicleHal_v2_0: DefaultVehicleHal::onPropertyValue, value:{.timestamp = 10532293858253, .areaId = 0, .prop = 557850871, .status = AVAILABLE, .value = {.int32Values = [1]{0}, .floatValues = [0]{}, .int64Values = [0]{}, .bytes = [0]{}, .stringValue = ""}}
12-30 11:33:16.472   398   464 D DiagPropHandler: is not DiagnosticConfig: 0x214020f7
12-30 11:33:16.472   398   464 I VehiclePropertyStore: begin to write value to Store: {.timestamp = 10532293858253, .areaId = 0, .prop = 557850871, .status = AVAILABLE, .value = {.int32Values = [1]{0}, .floatValues = [0]{}, .int64Values = [0]{}, .bytes = [0]{}, .stringValue = ""}}
12-30 11:33:16.472   398   464 D adayocomadapter-CommunicationManager: onUpstreamReceive mPropertyId 0x214020f7
12-30 11:33:16.472   398   464 D adayocomadapter-CommunicationManager: onUpstreamReceive mPropertyId 0x214020f8
12-30 11:33:16.472   398   464 D adayocomadapter-CommunicationManager: convertBytesToInt32Memcpy  0
12-30 11:33:16.472   398   464 I vw-vhal : notifyVehicleProperty, propId = 0x214020f8, data = {status: 2, int32Values: [0]}
12-30 11:33:16.472   398   464 I vw-vhal : CanSignalsAdapter::notifyVehicleProperty: solvedValue = {.timestamp = 10532294068586, .areaId = 0, .prop = 557850872, .status = AVAILABLE, .value = {.int32Values = [1]{0}, .floatValues = [0]{}, .int64Values = [0]{}, .bytes = [0]{}, .stringValue = ""}}
12-30 11:33:16.472   398   464 I VehiclePropertyStore: begin to write value to Store: {.timestamp = 10532294068586, .areaId = 0, .prop = 557850872, .status = AVAILABLE, .value = {.int32Values = [1]{0}, .floatValues = [0]{}, .int64Values = [0]{}, .bytes = [0]{}, .stringValue = ""}}
12-30 11:33:16.472   398   464 I DefaultVehicleHal_v2_0: DefaultVehicleHal::onPropertyValue, value:{.timestamp = 10532294068586, .areaId = 0, .prop = 557850872, .status = AVAILABLE, .value = {.int32Values = [1]{0}, .floatValues = [0]{}, .int64Values = [0]{}, .bytes = [0]{}, .stringValue = ""}}
12-30 11:33:16.472   398   464 D DiagPropHandler: is not DiagnosticConfig: 0x214020f8
