12-30 11:33:14.911   916  1262 D InputDispatcher: channel 'PointerEventDispatcher0 (server)' ~ finishDispatchCycle - seq=21016, handled=false
12-30 11:33:14.911   916  1262 D InputTransport: channel 'PointerEventDispatcher0 (server)' ~ receive message failed, errno=11
12-30 11:33:14.911   916  1262 D InputTransport: channel 'PointerEventDispatcher0 (server)' publisher ~ receiveConsumerResponse: Unknown error -11
12-30 11:33:14.911   916  1262 D InputDispatcher: channel 'PointerEventDispatcher0 (server)' ~ startDispatchCycle
12-30 11:33:14.911 21940 21940 D InputTransport: channel '7d7903b com.fawvw.hmi.btmusic/com.fawvw.hmi.btmusic.ui.MainActivity (client)' consumer ~ consume: consumeBatches=false, frameTime=-1
12-30 11:33:14.911 21940 21940 D InputTransport: channel '7d7903b com.fawvw.hmi.btmusic/com.fawvw.hmi.btmusic.ui.MainActivity (client)' ~ received message of type MOTION
12-30 11:33:14.911 21940 21940 D InputTransport: channel '7d7903b com.fawvw.hmi.btmusic/com.fawvw.hmi.btmusic.ui.MainActivity (client)' consumer ~ appended to batch event
12-30 11:33:14.911 21940 21940 D InputTransport: channel '7d7903b com.fawvw.hmi.btmusic/com.fawvw.hmi.btmusic.ui.MainActivity (client)' ~ received message of type MOTION
12-30 11:33:14.911 21940 21940 D InputTransport: channel '7d7903b com.fawvw.hmi.btmusic/com.fawvw.hmi.btmusic.ui.MainActivity (client)' consumer ~ appended to batch event
12-30 11:33:14.911 21940 21940 D InputTransport: channel '7d7903b com.fawvw.hmi.btmusic/com.fawvw.hmi.btmusic.ui.MainActivity (client)' ~ receive message failed, errno=11
12-30 11:33:14.911 21940 21940 D InputTransport: channel '7d7903b com.fawvw.hmi.btmusic/com.fawvw.hmi.btmusic.ui.MainActivity (client)' consumer ~ consume: consumeBatches=true, frameTime=10530732699587
12-30 11:33:14.911 21940 21940 D InputTransport: channel '7d7903b com.fawvw.hmi.btmusic/com.fawvw.hmi.btmusic.ui.MainActivity (client)' ~ receive message failed, errno=11
12-30 11:33:14.911 21940 21940 D InputTransport: [0] - out (1059.586, 821.430), cur (1059.586, 821.430), other (1059.586, 821.430), alpha -0.030
12-30 11:33:14.911 21940 21940 D InputTransport: channel '7d7903b com.fawvw.hmi.btmusic/com.fawvw.hmi.btmusic.ui.MainActivity (client)' consumer ~ consumed batch event, seq=21015
12-30 11:33:14.911 21940 21940 D VelocityTracker: VelocityTracker: addMovement eventTime=10530703060000, pointerId=0, activePointerId=0
12-30 11:33:14.911   916  1070 D InputTransport: channel 'PointerEventDispatcher0 (client)' ~ receive message failed, errno=11
12-30 11:33:14.911 21940 21940 D VelocityTracker: solveLeastSquares: m=2, n=2, x=[ 0.000000, -0.007351 ], y=[ 110.585938, 110.585938 ], w=[ 1.000000, 1.000000 ]
12-30 11:33:14.911 21940 21940 D VelocityTracker:   - a=[ [ 1.000000, 0.000000 ], [ 1.000000, -0.007351 ] ]
12-30 11:33:14.911 21940 21940 D VelocityTracker:   - q=[ [ 0.707107, 0.707107 ], [ 0.707107, -0.707107 ] ]
12-30 11:33:14.911 21940 21940 D VelocityTracker:   - r=[ [ 1.414214, -0.005198 ], [ 0.000000, 0.005198 ] ]
12-30 11:33:14.911 21940 21940 D VelocityTracker:   - qr=[ [ 1.000000, 0.000000 ], [ 1.000000, -0.007351 ] ]
12-30 11:33:14.911 21940 21940 D VelocityTracker:   - b=[ 110.585945, 0.000000 ]
12-30 11:33:14.912 21940 21940 D VelocityTracker:   - sserr=0.000000
12-30 11:33:14.912 21940 21940 D VelocityTracker:   - sstot=0.000000
12-30 11:33:14.912 21940 21940 D VelocityTracker:   - det=1.000000
12-30 11:33:14.912 21940 21940 D VelocityTracker: estimate: degree=1, coeff=[ 110.585945, 0.000000 ], confidence=1.000000
12-30 11:33:14.912 21940 21940 D VelocityTracker:   0: axis=0, position=110.586, estimator (degree=1, coeff=[ 110.585945, 0.000000 ], confidence=1.000000)
12-30 11:33:14.912 21940 21940 D VelocityTracker: VelocityTracker: addMovement eventTime=10530703060000, pointerId=0, activePointerId=0
12-30 11:33:14.912 21940 21940 D VelocityTracker: solveLeastSquares: m=2, n=2, x=[ 0.000000, -0.007351 ], y=[ 456.429688, 456.429688 ], w=[ 1.000000, 1.000000 ]
12-30 11:33:14.912 21940 21940 D VelocityTracker:   - a=[ [ 1.000000, 0.000000 ], [ 1.000000, -0.007351 ] ]
12-30 11:33:14.912 21940 21940 D VelocityTracker:   - q=[ [ 0.707107, 0.707107 ], [ 0.707107, -0.707107 ] ]
12-30 11:33:14.912 21940 21940 D VelocityTracker:   - r=[ [ 1.414214, -0.005198 ], [ 0.000000, 0.005198 ] ]
12-30 11:33:14.912 21940 21940 D VelocityTracker:   - qr=[ [ 1.000000, 0.000000 ], [ 1.000000, -0.007351 ] ]
12-30 11:33:14.912 21940 21940 D VelocityTracker:   - b=[ 456.429657, 0.000000 ]
12-30 11:33:14.912 21940 21940 D VelocityTracker:   - sserr=0.000000
12-30 11:33:14.912 21940 21940 D VelocityTracker:   - sstot=0.000000
12-30 11:33:14.912 21940 21940 D VelocityTracker:   - det=1.000000
12-30 11:33:14.912 21940 21940 D VelocityTracker: estimate: degree=1, coeff=[ 456.429657, 0.000000 ], confidence=1.000000
12-30 11:33:14.912 21940 21940 D VelocityTracker:   0: axis=1, position=456.430, estimator (degree=1, coeff=[ 456.429657, 0.000000 ], confidence=1.000000)
12-30 11:33:14.912 21940 21940 D VelocityTracker: VelocityTracker: addMovement eventTime=10530710668000, pointerId=0, activePointerId=0
12-30 11:33:14.912 21940 21940 D VelocityTracker:   0: axis=0, position=110.586, estimator (degree=2, coeff=[ 110.585938, 0.000000, 0.000000 ], confidence=1.000000)
12-30 11:33:14.912 21940 21940 D VelocityTracker: VelocityTracker: addMovement eventTime=10530710668000, pointerId=0, activePointerId=0
12-30 11:33:14.912 21940 21940 D VelocityTracker:   0: axis=1, position=456.430, estimator (degree=2, coeff=[ 456.429688, 0.000000, 0.000000 ], confidence=1.000000)
12-30 11:33:14.912 21940 21940 D VelocityTracker: VelocityTracker: addMovement eventTime=10530719524000, pointerId=0, activePointerId=0
12-30 11:33:14.912 21940 21940 D VelocityTracker:   0: axis=0, position=110.586, estimator (degree=2, coeff=[ 110.585938, 0.000000, 0.000000 ], confidence=1.000000)
12-30 11:33:14.912 21940 21940 D VelocityTracker: VelocityTracker: addMovement eventTime=10530719524000, pointerId=0, activePointerId=0
12-30 11:33:14.912 21940 21940 D VelocityTracker:   0: axis=1, position=456.430, estimator (degree=2, coeff=[ 456.429688, 0.000000, 0.000000 ], confidence=1.000000)
12-30 11:33:14.912 21940 21940 D VelocityTracker: VelocityTracker: addMovement eventTime=10530727461000, pointerId=0, activePointerId=0
12-30 11:33:14.912 21940 21940 D VelocityTracker:   0: axis=0, position=110.586, estimator (degree=2, coeff=[ 110.585808, -0.027792, -0.831337 ], confidence=1.000000)
12-30 11:33:14.912 21940 21940 D VelocityTracker: VelocityTracker: addMovement eventTime=10530727461000, pointerId=0, activePointerId=0
12-30 11:33:14.912 21940 21940 D VelocityTracker:   0: axis=1, position=456.430, estimator (degree=2, coeff=[ 456.429688, 0.000000, 0.000000 ], confidence=1.000000)
12-30 11:33:14.912 21940 21940 D InputTransport: channel '7d7903b com.fawvw.hmi.btmusic/com.fawvw.hmi.btmusic.ui.MainActivity (client)' consumer ~ sendFinishedSignal: seq=21015, handled=true
12-30 11:33:14.912 21940 21940 D InputTransport: channel '7d7903b com.fawvw.hmi.btmusic/com.fawvw.hmi.btmusic.ui.MainActivity (client)' ~ sent message of type FINISHED
12-30 11:33:14.912 21940 21940 D InputTransport: channel '7d7903b com.fawvw.hmi.btmusic/com.fawvw.hmi.btmusic.ui.MainActivity (client)' ~ sent message of type FINISHED
12-30 11:33:14.912 21940 21940 D InputTransport: channel '7d7903b com.fawvw.hmi.btmusic/com.fawvw.hmi.btmusic.ui.MainActivity (client)' ~ sent message of type FINISHED
12-30 11:33:14.912 21940 21940 D InputTransport: channel '7d7903b com.fawvw.hmi.btmusic/com.fawvw.hmi.btmusic.ui.MainActivity (client)' ~ sent message of type FINISHED
12-30 11:33:14.912 21940 21940 D InputTransport: channel '7d7903b com.fawvw.hmi.btmusic/com.fawvw.hmi.btmusic.ui.MainActivity (client)' consumer ~ consume: consumeBatches=true, frameTime=10530732699587
12-30 11:33:14.912 21940 21940 D InputTransport: channel '7d7903b com.fawvw.hmi.btmusic/com.fawvw.hmi.btmusic.ui.MainActivity (client)' ~ receive message failed, errno=11
12-30 11:33:14.913 23303 23303 I ADAYO_LOG_TRACE_RESOURCE: execute end
12-30 11:33:14.913   916  1262 D InputTransport: channel '7d7903b com.fawvw.hmi.btmusic/com.fawvw.hmi.btmusic.ui.MainActivity (server)' ~ received message of type FINISHED
12-30 11:33:14.913   916  1262 D InputTransport: channel '7d7903b com.fawvw.hmi.btmusic/com.fawvw.hmi.btmusic.ui.MainActivity (server)' publisher ~ receiveConsumerResponse: finished: seq=21009, handled=true
12-30 11:33:14.913   916  1262 D InputDispatcher: channel '7d7903b com.fawvw.hmi.btmusic/com.fawvw.hmi.btmusic.ui.MainActivity (server)' ~ finishDispatchCycle - seq=21009, handled=true
12-30 11:33:14.913   916  1262 D InputTransport: channel '7d7903b com.fawvw.hmi.btmusic/com.fawvw.hmi.btmusic.ui.MainActivity (server)' ~ received message of type FINISHED
12-30 11:33:14.913   916  1262 D InputTransport: channel '7d7903b com.fawvw.hmi.btmusic/com.fawvw.hmi.btmusic.ui.MainActivity (server)' publisher ~ receiveConsumerResponse: finished: seq=21011, handled=true
12-30 11:33:14.913   916  1262 D InputDispatcher: channel '7d7903b com.fawvw.hmi.btmusic/com.fawvw.hmi.btmusic.ui.MainActivity (server)' ~ finishDispatchCycle - seq=21011, handled=true
12-30 11:33:14.913   916  1262 D InputTransport: channel '7d7903b com.fawvw.hmi.btmusic/com.fawvw.hmi.btmusic.ui.MainActivity (server)' ~ received message of type FINISHED
12-30 11:33:14.913   916  1262 D InputTransport: channel '7d7903b com.fawvw.hmi.btmusic/com.fawvw.hmi.btmusic.ui.MainActivity (server)' publisher ~ receiveConsumerResponse: finished: seq=21013, handled=true
12-30 11:33:14.913   916  1262 D InputDispatcher: channel '7d7903b com.fawvw.hmi.btmusic/com.fawvw.hmi.btmusic.ui.MainActivity (server)' ~ finishDispatchCycle - seq=21013, handled=true
12-30 11:33:14.913   916  1262 D InputTransport: channel '7d7903b com.fawvw.hmi.btmusic/com.fawvw.hmi.btmusic.ui.MainActivity (server)' ~ received message of type FINISHED
12-30 11:33:14.913   916  1262 D InputTransport: channel '7d7903b com.fawvw.hmi.btmusic/com.fawvw.hmi.btmusic.ui.MainActivity (server)' publisher ~ receiveConsumerResponse: finished: seq=21015, handled=true
12-30 11:33:14.913   916  1262 D InputDispatcher: channel '7d7903b com.fawvw.hmi.btmusic/com.fawvw.hmi.btmusic.ui.MainActivity (server)' ~ finishDispatchCycle - seq=21015, handled=true
12-30 11:33:14.913   916  1262 D InputTransport: channel '7d7903b com.fawvw.hmi.btmusic/com.fawvw.hmi.btmusic.ui.MainActivity (server)' ~ receive message failed, errno=11
12-30 11:33:14.913   916  1262 D InputTransport: channel '7d7903b com.fawvw.hmi.btmusic/com.fawvw.hmi.btmusic.ui.MainActivity (server)' publisher ~ receiveConsumerResponse: Unknown error -11
12-30 11:33:14.913   916  1262 D InputDispatcher: channel '7d7903b com.fawvw.hmi.btmusic/com.fawvw.hmi.btmusic.ui.MainActivity (server)' ~ startDispatchCycle
12-30 11:33:14.913   916  1262 D InputDispatcher: channel '7d7903b com.fawvw.hmi.btmusic/com.fawvw.hmi.btmusic.ui.MainActivity (server)' ~ startDispatchCycle
12-30 11:33:14.914   916  1262 D InputDispatcher: channel '7d7903b com.fawvw.hmi.btmusic/com.fawvw.hmi.btmusic.ui.MainActivity (server)' ~ startDispatchCycle
12-30 11:33:14.914   916  1262 D InputDispatcher: channel '7d7903b com.fawvw.hmi.btmusic/com.fawvw.hmi.btmusic.ui.MainActivity (server)' ~ startDispatchCycle
12-30 11:33:14.914   916  1263 D InputReader: BatchSize: 3 Count: 3
12-30 11:33:14.914   916  1263 D InputReader: Input event: eventHubDevice=1 type=EV_ABS code=ABS_MT_TOUCH_MAJOR value=36 when=10530736165000
12-30 11:33:14.914   916  1263 D InputReader: Input event: eventHubDevice=1 type=EV_ABS code=ABS_MT_WIDTH_MAJOR value=36 when=10530736165000
12-30 11:33:14.914   916  1263 D InputReader: Input event: eventHubDevice=1 type=EV_SYN code=SYN_REPORT value=0 when=10530736165000
12-30 11:33:14.914   916  1263 D InputReader: syncTouch: pointerCount 1 -> 1, touching ids 0x80000000 -> 0x80000000, hovering ids 0x00000000 -> 0x00000000, canceled ids 0x00000000
12-30 11:33:14.914   916  1263 D UnwantedInteractionBlocker: notifyMotion: NotifyMotionArgs(id=579490553, eventTime=10530736165000, deviceId=2, source=TOUCHSCREEN, action=MOVE, pointerCount=1 pointers={0: id=0 x=1059.6 y=821.4 pressure=1.0 major=36.0 minor=36.0 orientation=0.0}, flags=0x00000000)
12-30 11:33:14.914   916  1263 D UnwantedInteractionBlocker: enqueueOutboundMotionLocked: NotifyMotionArgs(id=579490553, eventTime=10530736165000, deviceId=2, source=TOUCHSCREEN, action=MOVE, pointerCount=1 pointers={0: id=0 x=1059.6 y=821.4 pressure=1.0 major=36.0 minor=36.0 orientation=0.0}, flags=0x00000000)
12-30 11:33:14.914   916  1263 D InputDispatcher: notifyMotion - id=228a52f9 eventTime=10530736165000, deviceId=2, source=TOUCHSCREEN, displayId=0, policyFlags=0x0, action=MOVE, actionButton=0x0, flags=0x0, metaState=0x0, buttonState=0x0, edgeFlags=0x0, xPrecision=1.000391, yPrecision=1.000695, xCursorPosition=nan, yCursorPosition=nan, downTime=10530695709000
12-30 11:33:14.914   916  1263 D InputDispatcher:   Pointer 0: id=0, toolType=FINGER, x=1059.586060, y=821.429565, pressure=1.000000, size=0.141176, touchMajor=35.980480, touchMinor=35.980480, toolMajor=35.980480, toolMinor=35.980480, orientation=0.000000
12-30 11:33:14.914   916  1263 I InputVerifier: input: Processing MOVE for device DeviceId(2) (1 pointer) on display 0
12-30 11:33:14.915   916  1262 D InputDispatcher: dispatchMotion - eventTime=10530736165000, deviceId=2, source=TOUCHSCREEN, displayId=0, policyFlags=0x62000000, action=MOVE, actionButton=0x0, flags=0x0, metaState=0x0, buttonState=0x0,edgeFlags=0x0, xPrecision=1.000391, yPrecision=1.000695, downTime=10530695709000
12-30 11:33:14.915   916  1262 D InputDispatcher:   Pointer 0: id=0, toolType=FINGER, x=1059.586060, y=821.429565, pressure=1.000000, size=0.141176, touchMajor=35.980480, touchMinor=35.980480, toolMajor=35.980480, toolMinor=35.980480, orientation=0.000000
12-30 11:33:14.915   916  1262 D InputDispatcher: dispatchEventToCurrentInputTargets
12-30 11:33:14.915   360   931 D EvsDriver: forwardFrame
12-30 11:33:14.915   360   931 D EvsDriver: forwardFrameDirect
12-30 11:33:14.915   916  1262 D InputDispatcher: channel '7d7903b com.fawvw.hmi.btmusic/com.fawvw.hmi.btmusic.ui.MainActivity (server)' ~ prepareDispatchCycle - flags=FOREGROUND | SPLIT | DISPATCH_AS_IS, globalScaleFactor=1.000000, pointerIds=00000000000000000000000000000001 
12-30 11:33:14.915   916  1262 D InputDispatcher:         pointerId 0: (ROT_0) (TRANSLATE)
12-30 11:33:14.915   916  1262 D InputDispatcher:             1.0000  -0.0000  -922.0000
12-30 11:33:14.915   916  1262 D InputDispatcher:             -0.0000  1.0000  -328.0000
12-30 11:33:14.915   916  1262 D InputDispatcher:             0.0000  0.0000  1.0000
12-30 11:33:14.915   916  1262 D InputDispatcher: channel '7d7903b com.fawvw.hmi.btmusic/com.fawvw.hmi.btmusic.ui.MainActivity (server)' ~ startDispatchCycle
12-30 11:33:14.915   916  1262 D InputDispatcher: Publishing DispatchEntry{resolvedAction=MOVE, resolvedFlags=0, targetFlags=FOREGROUND | SPLIT | DISPATCH_AS_IS, transform=transform (ROT_0) (TRANSLATE)
12-30 11:33:14.915   916  1262 D InputDispatcher:     1.0000  -0.0000  -922.0000
12-30 11:33:14.915   916  1262 D InputDispatcher:     -0.0000  1.0000  -328.0000
12-30 11:33:14.915   916  1262 D InputDispatcher:     0.0000  0.0000  1.0000
12-30 11:33:14.915   916  1262 D InputDispatcher: } original: MotionEvent(deviceId=2, eventTime=10530736165000, source=TOUCHSCREEN, displayId=0, action=MOVE, actionButton=0x00000000, flags=0x00000000, metaState=0x00000000, buttonState=0x00000000, classification=NONE, edgeFlags=0x00000000, xPrecision=1.0, yPrecision=1.0, xCursorPosition=nan, yCursorPosition=nan, pointers=[0: (1059.6, 821.4)]), policyFlags=0x62000000 to 7d7903b com.fawvw.hmi.btmusic/com.fawvw.hmi.btmusic.ui.MainActivity (server)
12-30 11:33:14.915   916  1262 I InputVerifier: input: Processing MOVE for device DeviceId(2) (1 pointer) on 7d7903b com.fawvw.hmi.btmusic/com.fawvw.hmi.btmusic.ui.MainActivity (server)
12-30 11:33:14.915   360   931 D EvsDriver: Delivered 0xb400e2ca9e40c7a0 as id 1
12-30 11:33:14.915   916  1262 D InputTransport: channel '7d7903b com.fawvw.hmi.btmusic/com.fawvw.hmi.btmusic.ui.MainActivity (server)' publisher ~ publishMotionEvent: seq=21017, id=579490553, deviceId=2, source=TOUCHSCREEN, displayId=0, action=MOVE, actionButton=0x00000000, flags=0x0, edgeFlags=0x0, metaState=0x0, buttonState=0x0, classification=NONE,xPrecision=1.000391, yPrecision=1.000695, downTime=10530695709000, eventTime=10530736165000, pointerCount=1 
12-30 11:33:14.915   916  1262 D InputTransport:         transform (ROT_0) (TRANSLATE)
12-30 11:33:14.915   916  1262 D InputTransport:             1.0000  -0.0000  -922.0000
12-30 11:33:14.915   916  1262 D InputTransport:             -0.0000  1.0000  -328.0000
12-30 11:33:14.915   916  1262 D InputTransport:             0.0000  0.0000  1.0000
12-30 11:33:14.915   359   359 D evsmanagerd: /dev/video-evs0 forwarded the buffer #1 to 0xb400f125d2b26dd0 from 0xb400f125e2b20710
12-30 11:33:14.915   916  1262 D InputTransport: channel '7d7903b com.fawvw.hmi.btmusic/com.fawvw.hmi.btmusic.ui.MainActivity (server)' ~ sent message of type MOTION
12-30 11:33:14.915   916  1262 D InputDispatcher: channel 'PointerEventDispatcher0 (server)' ~ prepareDispatchCycle - flags=DISPATCH_AS_IS, globalScaleFactor=1.000000, pointerIds=<none> 
12-30 11:33:14.915   916  1262 D InputDispatcher:         default (ROT_0) (IDENTITY)
12-30 11:33:14.915   916  1262 D InputDispatcher: channel 'PointerEventDispatcher0 (server)' ~ startDispatchCycle
12-30 11:33:14.915   916  1262 D InputDispatcher: Publishing DispatchEntry{resolvedAction=MOVE, resolvedFlags=0, targetFlags=DISPATCH_AS_IS, transform=transform (ROT_0) (IDENTITY)
12-30 11:33:14.915   916  1262 D InputDispatcher: } original: MotionEvent(deviceId=2, eventTime=10530736165000, source=TOUCHSCREEN, displayId=0, action=MOVE, actionButton=0x00000000, flags=0x00000000, metaState=0x00000000, buttonState=0x00000000, classification=NONE, edgeFlags=0x00000000, xPrecision=1.0, yPrecision=1.0, xCursorPosition=nan, yCursorPosition=nan, pointers=[0: (1059.6, 821.4)]), policyFlags=0x62000000 to PointerEventDispatcher0 (server)
12-30 11:33:14.915   916  1262 I InputVerifier: input: Processing MOVE for device DeviceId(2) (1 pointer) on PointerEventDispatcher0 (server)
12-30 11:33:14.915   916  1262 D InputTransport: channel 'PointerEventDispatcher0 (server)' publisher ~ publishMotionEvent: seq=21018, id=579490553, deviceId=2, source=TOUCHSCREEN, displayId=0, action=MOVE, actionButton=0x00000000, flags=0x0, edgeFlags=0x0, metaState=0x0, buttonState=0x0, classification=NONE,xPrecision=1.000391, yPrecision=1.000695, downTime=10530695709000, eventTime=10530736165000, pointerCount=1 
12-30 11:33:14.915   916  1262 D InputTransport:         transform (ROT_0) (IDENTITY)
12-30 11:33:14.915   916  1262 D InputTransport: channel 'PointerEventDispatcher0 (server)' ~ sent message of type MOTION
12-30 11:33:14.916   916  1070 D InputTransport: channel 'PointerEventDispatcher0 (client)' consumer ~ consume: consumeBatches=false, frameTime=-1
12-30 11:33:14.916   916  1070 D InputTransport: channel 'PointerEventDispatcher0 (client)' ~ received message of type MOTION
12-30 11:33:14.916   916  1070 D InputTransport: channel 'PointerEventDispatcher0 (client)' consumer ~ started batch event
12-30 11:33:14.916   916  1070 D InputTransport: channel 'PointerEventDispatcher0 (client)' ~ receive message failed, errno=11
12-30 11:33:14.916   916  1070 D InputTransport: channel 'PointerEventDispatcher0 (client)' consumer ~ consume: consumeBatches=true, frameTime=-1
12-30 11:33:14.916   916  1070 D InputTransport: channel 'PointerEventDispatcher0 (client)' ~ receive message failed, errno=11
12-30 11:33:14.916   916  1070 D InputTransport: channel 'PointerEventDispatcher0 (client)' consumer ~ consumed batch event, seq=21018
12-30 11:33:14.916   916  1070 D VelocityTracker: VelocityTracker: addMovement eventTime=10530736165000, pointerId=0, activePointerId=0
12-30 11:33:14.916   916  1070 D VelocityTracker:   0: axis=0, position=1059.586, estimator (degree=2, coeff=[ 1059.585693, -0.061373, -1.513173 ], confidence=1.000000)
12-30 11:33:14.916   916  1070 D VelocityTracker: VelocityTracker: addMovement eventTime=10530736165000, pointerId=0, activePointerId=0
12-30 11:33:14.916   916  1070 D VelocityTracker:   0: axis=1, position=821.430, estimator (degree=2, coeff=[ 821.429138, -0.086256, -1.963942 ], confidence=1.000000)
12-30 11:33:14.916   916  1070 D InputTransport: channel 'PointerEventDispatcher0 (client)' consumer ~ sendFinishedSignal: seq=21018, handled=false
12-30 11:33:14.916   916  1070 D InputTransport: channel 'PointerEventDispatcher0 (client)' ~ sent message of type FINISHED
12-30 11:33:14.916   916  1070 D InputTransport: channel 'PointerEventDispatcher0 (client)' consumer ~ consume: consumeBatches=true, frameTime=-1
12-30 11:33:14.916   916  1070 D InputTransport: channel 'PointerEventDispatcher0 (client)' ~ receive message failed, errno=11
12-30 11:33:14.916   916  1262 D InputTransport: channel 'PointerEventDispatcher0 (server)' ~ received message of type FINISHED
12-30 11:33:14.916   916  1262 D InputTransport: channel 'PointerEventDispatcher0 (server)' publisher ~ receiveConsumerResponse: finished: seq=21018, handled=false
12-30 11:33:14.916   916  1262 D InputDispatcher: channel 'PointerEventDispatcher0 (server)' ~ finishDispatchCycle - seq=21018, handled=false
12-30 11:33:14.916   916  1262 D InputTransport: channel 'PointerEventDispatcher0 (server)' ~ receive message failed, errno=11
12-30 11:33:14.916   916  1262 D InputTransport: channel 'PointerEventDispatcher0 (server)' publisher ~ receiveConsumerResponse: Unknown error -11
12-30 11:33:14.917   916  1262 D InputDispatcher: channel 'PointerEventDispatcher0 (server)' ~ startDispatchCycle
01-01 10:55:31.927     1     1 I init    : Sending signal 9 to service 'trace_resource' (pid 23282) process group...
01-01 10:55:31.927     1     1 E init    : process with updatable components 'trace_resource' exited 4 times in 4 minutes
12-30 11:33:14.920   650   729 D fgemcucomm: sd Uart data : 6AA60249DC0002920243
12-30 11:33:14.920   650   729 D fgemcucomm: rev uart=87447,len=20, data : 6AA68149DC000C920200050000000000000000B5
12-30 11:33:14.921   398   398 D adayocomadapter-ParseProtocolFunc: printRaWMsg Name[MCUToUPstream recv] len[12] data[920200050000000000000000]
12-30 11:33:14.921   398   398 D adayocomadapter-CommunicationManager: onUpstreamback   member[0] dataLength[9] timePoint[10530742]
12-30 11:33:14.921   398   398 D adayocomadapter-ParseProtocolFunc: printRaWMsg Name[onUpstreamback] len[9] data[050000000000000000]
12-30 11:33:14.921   398   464 D adayocomadapter-UpstreamHandler: processBeforePacket upSreamtProcessTimePoint[10530743] 
12-30 11:33:14.921   398   464 D adayocomadapter-UpstreamHandler: processPacket UPSTREAM_QUEUE_DATA_TIMEOUT
12-30 11:33:14.921   398   464 D adayocomadapter-ParseProtocolFunc: parseCommonIPCLBytes Processing tableNumber[5]
12-30 11:33:14.921   398   464 D adayocomadapter-ParseProtocolFunc: parseCommonIPCLBytes Processing tablename[Table-5] tableSize[9]
12-30 11:33:14.921   398   464 D adayocomadapter-ParseProtocolFunc: printRaWMsg Name[byteStream recv] len[9] data[050000000000000000]
12-30 11:33:14.921   398   464 D adayocomadapter-ParseProtocolFunc: printRaWMsg Name[IPCLtoVHAL] len[7] data[21402134000000]
12-30 11:33:14.921   398   464 D adayocomadapter-ParseProtocolFunc: printRaWMsg Name[IPCLtoVHAL] len[7] data[21402135000000]
12-30 11:33:14.921   398   464 D adayocomadapter-ParseProtocolFunc: printRaWMsg Name[IPCLtoVHAL] len[7] data[21402136000000]
12-30 11:33:14.921   398   464 D adayocomadapter-ParseProtocolFunc: printRaWMsg Name[IPCLtoVHAL] len[7] data[21402137000000]
12-30 11:33:14.921   398   464 D adayocomadapter-CommunicationManager: onUpstreamReceive mPropertyId 0x21402134
12-30 11:33:14.921   398   464 D adayocomadapter-CommunicationManager: convertBytesToInt32Memcpy  0
12-30 11:33:14.921   398   464 I vw-vhal : notifyVehicleProperty, propId = 0x21402134, data = {status: 2, int32Values: [0]}
12-30 11:33:14.921   398   464 I vw-vhal : CanSignalsAdapter::notifyVehicleProperty: solvedValue = {.timestamp = 10530743435253, .areaId = 0, .prop = 557850932, .status = AVAILABLE, .value = {.int32Values = [1]{0}, .floatValues = [0]{}, .int64Values = [0]{}, .bytes = [0]{}, .stringValue = ""}}
12-30 11:33:14.921   398   464 I VehiclePropertyStore: begin to write value to Store: {.timestamp = 10530743435253, .areaId = 0, .prop = 557850932, .status = AVAILABLE, .value = {.int32Values = [1]{0}, .floatValues = [0]{}, .int64Values = [0]{}, .bytes = [0]{}, .stringValue = ""}}
12-30 11:33:14.921   398   464 I DefaultVehicleHal_v2_0: DefaultVehicleHal::onPropertyValue, value:{.timestamp = 10530743435253, .areaId = 0, .prop = 557850932, .status = AVAILABLE, .value = {.int32Values = [1]{0}, .floatValues = [0]{}, .int64Values = [0]{}, .bytes = [0]{}, .stringValue = ""}}
12-30 11:33:14.921   398   464 D DiagPropHandler: is not DiagnosticConfig: 0x21402134
12-30 11:33:14.921   398   464 I VehiclePropertyStore: begin to write value to Store: {.timestamp = 10530743435253, .areaId = 0, .prop = 557850932, .status = AVAILABLE, .value = {.int32Values = [1]{0}, .floatValues = [0]{}, .int64Values = [0]{}, .bytes = [0]{}, .stringValue = ""}}
12-30 11:33:14.921   398   464 D adayocomadapter-CommunicationManager: onUpstreamReceive mPropertyId 0x21402134
12-30 11:33:14.921   398   464 D adayocomadapter-CommunicationManager: onUpstreamReceive mPropertyId 0x21402135
12-30 11:33:14.921   398   464 D adayocomadapter-CommunicationManager: convertBytesToInt32Memcpy  0
12-30 11:33:14.921   398   464 I vw-vhal : notifyVehicleProperty, propId = 0x21402135, data = {status: 2, int32Values: [0]}
12-30 11:33:14.921   398   464 I vw-vhal : CanSignalsAdapter::notifyVehicleProperty: solvedValue = {.timestamp = 10530743680253, .areaId = 0, .prop = 557850933, .status = AVAILABLE, .value = {.int32Values = [1]{0}, .floatValues = [0]{}, .int64Values = [0]{}, .bytes = [0]{}, .stringValue = ""}}
12-30 11:33:14.921   398   464 I VehiclePropertyStore: begin to write value to Store: {.timestamp = 10530743680253, .areaId = 0, .prop = 557850933, .status = AVAILABLE, .value = {.int32Values = [1]{0}, .floatValues = [0]{}, .int64Values = [0]{}, .bytes = [0]{}, .stringValue = ""}}
12-30 11:33:14.921   398   464 I DefaultVehicleHal_v2_0: DefaultVehicleHal::onPropertyValue, value:{.timestamp = 10530743680253, .areaId = 0, .prop = 557850933, .status = AVAILABLE, .value = {.int32Values = [1]{0}, .floatValues = [0]{}, .int64Values = [0]{}, .bytes = [0]{}, .stringValue = ""}}
12-30 11:33:14.921   360   458 D EvsDriver: doneWithFrame
12-30 11:33:14.921   398   464 D DiagPropHandler: is not DiagnosticConfig: 0x21402135
12-30 11:33:14.921   398   464 I VehiclePropertyStore: begin to write value to Store: {.timestamp = 10530743680253, .areaId = 0, .prop = 557850933, .status = AVAILABLE, .value = {.int32Values = [1]{0}, .floatValues = [0]{}, .int64Values = [0]{}, .bytes = [0]{}, .stringValue = ""}}
12-30 11:33:14.921   398   464 D adayocomadapter-CommunicationManager: onUpstreamReceive mPropertyId 0x21402135
12-30 11:33:14.921   398   464 D adayocomadapter-CommunicationManager: onUpstreamReceive mPropertyId 0x21402136
12-30 11:33:14.921   398   464 D adayocomadapter-CommunicationManager: convertBytesToInt32Memcpy  0
12-30 11:33:14.922   398   464 I vw-vhal : notifyVehicleProperty, propId = 0x21402136, data = {status: 2, int32Values: [0]}
12-30 11:33:14.922   398   464 I vw-vhal : CanSignalsAdapter::notifyVehicleProperty: solvedValue = {.timestamp = 10530743895253, .areaId = 0, .prop = 557850934, .status = AVAILABLE, .value = {.int32Values = [1]{0}, .floatValues = [0]{}, .int64Values = [0]{}, .bytes = [0]{}, .stringValue = ""}}
12-30 11:33:14.922   398   464 I VehiclePropertyStore: begin to write value to Store: {.timestamp = 10530743895253, .areaId = 0, .prop = 557850934, .status = AVAILABLE, .value = {.int32Values = [1]{0}, .floatValues = [0]{}, .int64Values = [0]{}, .bytes = [0]{}, .stringValue = ""}}
12-30 11:33:14.922   398   464 I DefaultVehicleHal_v2_0: DefaultVehicleHal::onPropertyValue, value:{.timestamp = 10530743895253, .areaId = 0, .prop = 557850934, .status = AVAILABLE, .value = {.int32Values = [1]{0}, .floatValues = [0]{}, .int64Values = [0]{}, .bytes = [0]{}, .stringValue = ""}}
12-30 11:33:14.922   398   464 D DiagPropHandler: is not DiagnosticConfig: 0x21402136
12-30 11:33:14.922   398   464 I VehiclePropertyStore: begin to write value to Store: {.timestamp = 10530743895253, .areaId = 0, .prop = 557850934, .status = AVAILABLE, .value = {.int32Values = [1]{0}, .floatValues = [0]{}, .int64Values = [0]{}, .bytes = [0]{}, .stringValue = ""}}
12-30 11:33:14.922   398   464 D adayocomadapter-CommunicationManager: onUpstreamReceive mPropertyId 0x21402136
12-30 11:33:14.922   398   464 D adayocomadapter-CommunicationManager: onUpstreamReceive mPropertyId 0x21402137
12-30 11:33:14.922   398   464 D adayocomadapter-CommunicationManager: convertBytesToInt32Memcpy  0
12-30 11:33:14.922   398   464 I vw-vhal : notifyVehicleProperty, propId = 0x21402137, data = {status: 2, int32Values: [0]}
12-30 11:33:14.922   398   464 I vw-vhal : CanSignalsAdapter::notifyVehicleProperty: solvedValue = {.timestamp = 10530744177253, .areaId = 0, .prop = 557850935, .status = AVAILABLE, .value = {.int32Values = [1]{0}, .floatValues = [0]{}, .int64Values = [0]{}, .bytes = [0]{}, .stringValue = ""}}
12-30 11:33:14.922   398   464 I VehiclePropertyStore: begin to write value to Store: {.timestamp = 10530744177253, .areaId = 0, .prop = 557850935, .status = AVAILABLE, .value = {.int32Values = [1]{0}, .floatValues = [0]{}, .int64Values = [0]{}, .bytes = [0]{}, .stringValue = ""}}
12-30 11:33:14.922   398   464 I DefaultVehicleHal_v2_0: DefaultVehicleHal::onPropertyValue, value:{.timestamp = 10530744177253, .areaId = 0, .prop = 557850935, .status = AVAILABLE, .value = {.int32Values = [1]{0}, .floatValues = [0]{}, .int64Values = [0]{}, .bytes = [0]{}, .stringValue = ""}}
12-30 11:33:14.922   398   464 D DiagPropHandler: is not DiagnosticConfig: 0x21402137
12-30 11:33:14.922   398   464 I VehiclePropertyStore: begin to write value to Store: {.timestamp = 10530744177253, .areaId = 0, .prop = 557850935, .status = AVAILABLE, .value = {.int32Values = [1]{0}, .floatValues = [0]{}, .int64Values = [0]{}, .bytes = [0]{}, .stringValue = ""}}
12-30 11:33:14.922   398   464 D adayocomadapter-CommunicationManager: onUpstreamReceive mPropertyId 0x21402137
12-30 11:33:14.925   916  1263 D InputReader: BatchSize: 7 Count: 7
12-30 11:33:14.925   916  1263 D InputReader: Input event: eventHubDevice=1 type=EV_ABS code=ABS_MT_TRACKING_ID value=-1 when=10530746935000
12-30 11:33:14.925   916  1263 D InputReader: Input event: eventHubDevice=1 type=EV_ABS code=ABS_MT_POSITION_X value=0 when=10530746935000
12-30 11:33:14.925   916  1263 W InputReader: Received unexpected event (0x35, 0x0) for slot 0 with tracking id 977
12-30 11:33:14.925   916  1263 D InputReader: Input event: eventHubDevice=1 type=EV_ABS code=ABS_MT_POSITION_Y value=0 when=10530746935000
12-30 11:33:14.925   916  1263 W InputReader: Received unexpected event (0x36, 0x0) for slot 0 with tracking id 977
12-30 11:33:14.925   916  1263 D InputReader: Input event: eventHubDevice=1 type=EV_ABS code=ABS_MT_TOUCH_MAJOR value=0 when=10530746935000
12-30 11:33:14.925   916  1263 D InputReader: Input event: eventHubDevice=1 type=EV_ABS code=ABS_MT_WIDTH_MAJOR value=0 when=10530746935000
12-30 11:33:14.925   916  1263 D InputReader: Input event: eventHubDevice=1 type=EV_KEY code=BTN_TOUCH value=UP when=10530746935000
12-30 11:33:14.925   916  1263 D InputReader: Input event: eventHubDevice=1 type=EV_SYN code=SYN_REPORT value=0 when=10530746935000
12-30 11:33:14.925   916  1263 D InputReader: syncTouch: pointerCount 1 -> 0, touching ids 0x80000000 -> 0x00000000, hovering ids 0x00000000 -> 0x00000000, canceled ids 0x00000000
12-30 11:33:14.925   916  1263 D UnwantedInteractionBlocker: notifyMotion: NotifyMotionArgs(id=520204493, eventTime=10530746935000, deviceId=2, source=TOUCHSCREEN, action=UP, pointerCount=1 pointers={0: id=0 x=1059.6 y=821.4 pressure=1.0 major=36.0 minor=36.0 orientation=0.0}, flags=0x00000000)
12-30 11:33:14.925   916  1263 D UnwantedInteractionBlocker: enqueueOutboundMotionLocked: NotifyMotionArgs(id=520204493, eventTime=10530746935000, deviceId=2, source=TOUCHSCREEN, action=UP, pointerCount=1 pointers={0: id=0 x=1059.6 y=821.4 pressure=1.0 major=36.0 minor=36.0 orientation=0.0}, flags=0x00000000)
12-30 11:33:14.925   916  1263 D InputDispatcher: notifyMotion - id=1f01b0cd eventTime=10530746935000, deviceId=2, source=TOUCHSCREEN, displayId=0, policyFlags=0x0, action=UP, actionButton=0x0, flags=0x0, metaState=0x0, buttonState=0x0, edgeFlags=0x0, xPrecision=1.000391, yPrecision=1.000695, xCursorPosition=nan, yCursorPosition=nan, downTime=10530695709000
12-30 11:33:14.925   916  1263 D InputDispatcher:   Pointer 0: id=0, toolType=FINGER, x=1059.586060, y=821.429565, pressure=1.000000, size=0.141176, touchMajor=35.980480, touchMinor=35.980480, toolMajor=35.980480, toolMinor=35.980480, orientation=0.000000
12-30 11:33:14.925   916  1263 I InputVerifier: input: Processing UP for device DeviceId(2) (1 pointer) on display 0
12-30 11:33:14.925   916  1262 D InputDispatcher: dispatchMotion - eventTime=10530746935000, deviceId=2, source=TOUCHSCREEN, displayId=0, policyFlags=0x62000000, action=UP, actionButton=0x0, flags=0x0, metaState=0x0, buttonState=0x0,edgeFlags=0x0, xPrecision=1.000391, yPrecision=1.000695, downTime=10530695709000
12-30 11:33:14.925   916  1262 D InputDispatcher:   Pointer 0: id=0, toolType=FINGER, x=1059.586060, y=821.429565, pressure=1.000000, size=0.141176, touchMajor=35.980480, touchMinor=35.980480, toolMajor=35.980480, toolMinor=35.980480, orientation=0.000000
12-30 11:33:14.925   916  1262 D InputDispatcher: dispatchEventToCurrentInputTargets
12-30 11:33:14.925   916  1262 D InputDispatcher: channel '7d7903b com.fawvw.hmi.btmusic/com.fawvw.hmi.btmusic.ui.MainActivity (server)' ~ prepareDispatchCycle - flags=FOREGROUND | SPLIT | DISPATCH_AS_IS, globalScaleFactor=1.000000, pointerIds=00000000000000000000000000000001 
12-30 11:33:14.925   916  1262 D InputDispatcher:         pointerId 0: (ROT_0) (TRANSLATE)
12-30 11:33:14.925   916  1262 D InputDispatcher:             1.0000  -0.0000  -922.0000
12-30 11:33:14.925   916  1262 D InputDispatcher:             -0.0000  1.0000  -328.0000
12-30 11:33:14.925   916  1262 D InputDispatcher:             0.0000  0.0000  1.0000
12-30 11:33:14.926   916  1262 D InputDispatcher: channel '7d7903b com.fawvw.hmi.btmusic/com.fawvw.hmi.btmusic.ui.MainActivity (server)' ~ startDispatchCycle
12-30 11:33:14.926   916  1262 D InputDispatcher: Publishing DispatchEntry{resolvedAction=UP, resolvedFlags=0, targetFlags=FOREGROUND | SPLIT | DISPATCH_AS_IS, transform=transform (ROT_0) (TRANSLATE)
12-30 11:33:14.926   916  1262 D InputDispatcher:     1.0000  -0.0000  -922.0000
12-30 11:33:14.926   916  1262 D InputDispatcher:     -0.0000  1.0000  -328.0000
12-30 11:33:14.926   916  1262 D InputDispatcher:     0.0000  0.0000  1.0000
12-30 11:33:14.926   916  1262 D InputDispatcher: } original: MotionEvent(deviceId=2, eventTime=10530746935000, source=TOUCHSCREEN, displayId=0, action=UP, actionButton=0x00000000, flags=0x00000000, metaState=0x00000000, buttonState=0x00000000, classification=NONE, edgeFlags=0x00000000, xPrecision=1.0, yPrecision=1.0, xCursorPosition=nan, yCursorPosition=nan, pointers=[0: (1059.6, 821.4)]), policyFlags=0x62000000 to 7d7903b com.fawvw.hmi.btmusic/com.fawvw.hmi.btmusic.ui.MainActivity (server)
12-30 11:33:14.926   916  1262 I InputVerifier: input: Processing UP for device DeviceId(2) (1 pointer) on 7d7903b com.fawvw.hmi.btmusic/com.fawvw.hmi.btmusic.ui.MainActivity (server)
12-30 11:33:14.926   916  1262 D InputTransport: channel '7d7903b com.fawvw.hmi.btmusic/com.fawvw.hmi.btmusic.ui.MainActivity (server)' publisher ~ publishMotionEvent: seq=21019, id=520204493, deviceId=2, source=TOUCHSCREEN, displayId=0, action=UP, actionButton=0x00000000, flags=0x0, edgeFlags=0x0, metaState=0x0, buttonState=0x0, classification=NONE,xPrecision=1.000391, yPrecision=1.000695, downTime=10530695709000, eventTime=10530746935000, pointerCount=1 
12-30 11:33:14.926   916  1262 D InputTransport:         transform (ROT_0) (TRANSLATE)
12-30 11:33:14.926   916  1262 D InputTransport:             1.0000  -0.0000  -922.0000
12-30 11:33:14.926   916  1262 D InputTransport:             -0.0000  1.0000  -328.0000
12-30 11:33:14.926   916  1262 D InputTransport:             0.0000  0.0000  1.0000
12-30 11:33:14.926   916  1262 D InputTransport: channel '7d7903b com.fawvw.hmi.btmusic/com.fawvw.hmi.btmusic.ui.MainActivity (server)' ~ sent message of type MOTION
12-30 11:33:14.926   916  1262 D InputDispatcher: channel 'PointerEventDispatcher0 (server)' ~ prepareDispatchCycle - flags=DISPATCH_AS_IS, globalScaleFactor=1.000000, pointerIds=<none> 
12-30 11:33:14.926   916  1262 D InputDispatcher:         default (ROT_0) (IDENTITY)
12-30 11:33:14.926   916  1262 D InputDispatcher: channel 'PointerEventDispatcher0 (server)' ~ startDispatchCycle
12-30 11:33:14.926   916  1070 D InputTransport: channel 'PointerEventDispatcher0 (client)' ~ sent message of type FINISHED
12-30 11:33:14.926   916  1070 D InputTransport: channel 'PointerEventDispatcher0 (client)' consumer ~ consume: consumeBatches=false, frameTime=-1
12-30 11:33:14.927   916  1262 D InputTransport: channel 'PointerEventDispatcher0 (server)' ~ received message of type FINISHED
12-30 11:33:14.927   916  1070 D InputTransport: channel 'PointerEventDispatcher0 (client)' ~ receive message failed, errno=11
12-30 11:33:14.927   916  1262 D InputTransport: channel 'PointerEventDispatcher0 (server)' publisher ~ receiveConsumerResponse: finished: seq=21020, handled=false
12-30 11:33:14.927   916  1262 D InputDispatcher: channel 'PointerEventDispatcher0 (server)' ~ finishDispatchCycle - seq=21020, handled=false
12-30 11:33:14.927   916  1262 D InputTransport: channel 'PointerEventDispatcher0 (server)' ~ receive message failed, errno=11
12-30 11:33:14.927   916  1262 D InputTransport: channel 'PointerEventDispatcher0 (server)' publisher ~ receiveConsumerResponse: Unknown error -11
12-30 11:33:14.927   916  1262 D InputDispatcher: channel 'PointerEventDispatcher0 (server)' ~ startDispatchCycle
12-30 11:33:14.933 21940 21940 D InputTransport: channel '7d7903b com.fawvw.hmi.btmusic/com.fawvw.hmi.btmusic.ui.MainActivity (client)' consumer ~ consume: consumeBatches=false, frameTime=-1
12-30 11:33:14.933 21940 21940 D InputTransport: channel '7d7903b com.fawvw.hmi.btmusic/com.fawvw.hmi.btmusic.ui.MainActivity (client)' ~ received message of type MOTION
12-30 11:33:14.933 21940 21940 D InputTransport: channel '7d7903b com.fawvw.hmi.btmusic/com.fawvw.hmi.btmusic.ui.MainActivity (client)' consumer ~ started batch event
12-30 11:33:14.933 21940 21940 D InputTransport: channel '7d7903b com.fawvw.hmi.btmusic/com.fawvw.hmi.btmusic.ui.MainActivity (client)' ~ received message of type MOTION
12-30 11:33:14.933 21940 21940 D InputTransport: [0] - rewrite (1059.586, 821.430), old (1059.586, 821.430)
12-30 11:33:14.933 21940 21940 D InputTransport: channel '7d7903b com.fawvw.hmi.btmusic/com.fawvw.hmi.btmusic.ui.MainActivity (client)' consumer ~ consumed batch event and deferred current event, seq=21017
12-30 11:33:14.934 21940 21940 D InputTransport: channel '7d7903b com.fawvw.hmi.btmusic/com.fawvw.hmi.btmusic.ui.MainActivity (client)' consumer ~ sendFinishedSignal: seq=21017, handled=true
12-30 11:33:14.934 21940 21940 D InputTransport: channel '7d7903b com.fawvw.hmi.btmusic/com.fawvw.hmi.btmusic.ui.MainActivity (client)' ~ sent message of type FINISHED
12-30 11:33:14.934 21940 21940 D InputTransport: channel '7d7903b com.fawvw.hmi.btmusic/com.fawvw.hmi.btmusic.ui.MainActivity (client)' consumer ~ consume: consumeBatches=false, frameTime=-1
12-30 11:33:14.934   916  1262 D InputTransport: channel '7d7903b com.fawvw.hmi.btmusic/com.fawvw.hmi.btmusic.ui.MainActivity (server)' ~ received message of type FINISHED
12-30 11:33:14.934 21940 21940 D InputTransport: [0] - rewrite (1059.586, 821.430), old (1059.586, 821.430)
12-30 11:33:14.934 21940 21940 D InputTransport: channel '7d7903b com.fawvw.hmi.btmusic/com.fawvw.hmi.btmusic.ui.MainActivity (client)' consumer ~ consumed motion event, seq=21019
12-30 11:33:14.934   916  1262 D InputTransport: channel '7d7903b com.fawvw.hmi.btmusic/com.fawvw.hmi.btmusic.ui.MainActivity (server)' publisher ~ receiveConsumerResponse: finished: seq=21017, handled=true
12-30 11:33:14.934   916  1262 D InputDispatcher: channel '7d7903b com.fawvw.hmi.btmusic/com.fawvw.hmi.btmusic.ui.MainActivity (server)' ~ finishDispatchCycle - seq=21017, handled=true
12-30 11:33:14.934   916  1262 D InputTransport: channel '7d7903b com.fawvw.hmi.btmusic/com.fawvw.hmi.btmusic.ui.MainActivity (server)' ~ receive message failed, errno=11
12-30 11:33:14.934   916  1262 D InputTransport: channel '7d7903b com.fawvw.hmi.btmusic/com.fawvw.hmi.btmusic.ui.MainActivity (server)' publisher ~ receiveConsumerResponse: Unknown error -11
12-30 11:33:14.934   916  1262 D InputDispatcher: channel '7d7903b com.fawvw.hmi.btmusic/com.fawvw.hmi.btmusic.ui.MainActivity (server)' ~ startDispatchCycle
12-30 11:33:14.934 21940 21940 D InputTransport: channel '7d7903b com.fawvw.hmi.btmusic/com.fawvw.hmi.btmusic.ui.MainActivity (client)' consumer ~ sendFinishedSignal: seq=21019, handled=true
12-30 11:33:14.934 21940 21940 D InputTransport: channel '7d7903b com.fawvw.hmi.btmusic/com.fawvw.hmi.btmusic.ui.MainActivity (client)' ~ sent message of type FINISHED
12-30 11:33:14.934   916  1262 D InputTransport: channel '7d7903b com.fawvw.hmi.btmusic/com.fawvw.hmi.btmusic.ui.MainActivity (server)' ~ received message of type FINISHED
12-30 11:33:14.934 21940 21940 D InputTransport: channel '7d7903b com.fawvw.hmi.btmusic/com.fawvw.hmi.btmusic.ui.MainActivity (client)' consumer ~ consume: consumeBatches=false, frameTime=-1
12-30 11:33:14.934 21940 21940 D InputTransport: channel '7d7903b com.fawvw.hmi.btmusic/com.fawvw.hmi.btmusic.ui.MainActivity (client)' ~ receive message failed, errno=11
12-30 11:33:14.934   916  1262 D InputTransport: channel '7d7903b com.fawvw.hmi.btmusic/com.fawvw.hmi.btmusic.ui.MainActivity (server)' publisher ~ receiveConsumerResponse: finished: seq=21019, handled=true
12-30 11:33:14.934   916  1262 D InputDispatcher: channel '7d7903b com.fawvw.hmi.btmusic/com.fawvw.hmi.btmusic.ui.MainActivity (server)' ~ finishDispatchCycle - seq=21019, handled=true
12-30 11:33:14.934   916  1262 D InputTransport: channel '7d7903b com.fawvw.hmi.btmusic/com.fawvw.hmi.btmusic.ui.MainActivity (server)' ~ receive message failed, errno=11
12-30 11:33:14.934   916  1262 D InputTransport: channel '7d7903b com.fawvw.hmi.btmusic/com.fawvw.hmi.btmusic.ui.MainActivity (server)' publisher ~ receiveConsumerResponse: Unknown error -11
12-30 11:33:14.934   916  1262 D InputDispatcher: channel '7d7903b com.fawvw.hmi.btmusic/com.fawvw.hmi.btmusic.ui.MainActivity (server)' ~ startDispatchCycle
12-30 11:33:14.934 21940 21940 D InputTransport: channel '7d7903b com.fawvw.hmi.btmusic/com.fawvw.hmi.btmusic.ui.MainActivity (client)' consumer ~ consume: consumeBatches=true, frameTime=10530749552253
12-30 11:33:14.934 21940 21940 D InputTransport: channel '7d7903b com.fawvw.hmi.btmusic/com.fawvw.hmi.btmusic.ui.MainActivity (client)' ~ receive message failed, errno=11
12-30 11:33:14.937  1667 19378 E CarPlay_Service: isConnected(MFiClientApiImpl.java:123)isConnected： true
12-30 11:33:14.938   879  2332 I mfiserver: [MFiProxy.cpp][675]messageMID =11 LID=03 com.adayo.carplay 
12-30 11:33:14.938   879  2332 I mfiserver: [MFiProxy.cpp][970]message channle=60 type=4 mode=1 buf=0xb400fc8d1fa65640 len=28 
12-30 11:33:14.938   879 19383 I libmfi  : [iAPUtils.c][134]buflen:28 packetlen=28
12-30 11:33:14.938   879 19383 E libmfi  : [iAP2BuffPoolImplementation.c][312]__iAP2BuffPoolGetRecvPacket malloc lenth = 4152 
12-30 11:33:14.938   879 19383 I libmfi  : [iAP2Link.c][2715]iAP2LinkHandleReadyPacket bDeletePacket = FALSE 
12-30 11:33:14.938   879 19383 I libmfi  : [iAP2Link.c][2802]_CleanupAckedPackets 
12-30 11:33:14.938   879 19383 I libmfi  : [iAP2Link.c][3046]_iAP2LinkProcessInOrderPacketACK 
12-30 11:33:14.938   879 19383 I libmfi  : [iAP2Control.c][208]Recieve Control MessageID = 0x5001 length = 18 
12-30 11:33:14.938   879 19383 E libmfi  : [iAP2BuffPoolImplementation.c][209]__iAP2BuffPoolGetSendPacket malloc lenth = 65591 
12-30 11:33:14.938   879 19383 I mfiserver: [MFiDataChannleSocket.cpp][127]len =16 
12-30 11:33:14.938  1667  2331 I libmficlient: [MFiClient.cpp][120]Receive Data MID=50 LID=01 
12-30 11:33:14.938   879 19383 E libmfi  : [iAP2BuffPoolImplementation.c][359]__iAP2BuffPoolReturnRecvPacket
12-30 11:33:14.938  1667  2331 W libmficlientjni: [MFiClientJniUtils.cpp][427]Set array[MediaItemMediaType] Value Failed 
12-30 11:33:14.938  1667  2331 W libmficlientjni: [MFiClientJniUtils.cpp][427]Set array[MediaItemArtworkData] Value Failed 
12-30 11:33:14.939  1667  2331 W CarPlay_Service: playbackUpdate(MediaInfoTrans.java:429)isMediaProxyConnected is false
12-30 11:33:14.939  1667  2331 I libmficlient: [MFiClient.cpp][120]Receive Data MID=11 LID=04 
12-30 11:33:14.942   650   729 D fgemcucomm: sd Uart data : 6AA60249DD0002920242
12-30 11:33:14.942   596  3076 E WifiHAL : Invalid data received from driver
12-30 11:33:14.942   650   729 D fgemcucomm: rev uart=87448,len=40, data : 6AA68149DD002092020016000000000000000000000000000000000000000000000000000000008F
12-30 11:33:14.942   398   398 D adayocomadapter-ParseProtocolFunc: printRaWMsg Name[MCUToUPstream recv] len[32] data[9202001600000000000000000000000000000000000000000000000000000000]
12-30 11:33:14.942   398   398 D adayocomadapter-CommunicationManager: onUpstreamback   member[0] dataLength[29] timePoint[10530764]
12-30 11:33:14.942   398   398 D adayocomadapter-ParseProtocolFunc: printRaWMsg Name[onUpstreamback] len[29] data[1600000000000000000000000000000000000000000000000000000000]
12-30 11:33:14.942   398   464 D adayocomadapter-UpstreamHandler: processBeforePacket upSreamtProcessTimePoint[10530764] 
12-30 11:33:14.942   398   464 D adayocomadapter-UpstreamHandler: processPacket UPSTREAM_QUEUE_DATA_TIMEOUT
12-30 11:33:14.942   398   464 D adayocomadapter-ParseProtocolFunc: parseCommonIPCLBytes Processing tableNumber[22]
12-30 11:33:14.942   398   464 D adayocomadapter-ParseProtocolFunc: parseCommonIPCLBytes Processing tablename[Table-22] tableSize[29]
12-30 11:33:14.942   398   464 D adayocomadapter-ParseProtocolFunc: printRaWMsg Name[byteStream recv] len[29] data[1600000000000000000000000000000000000000000000000000000000]
12-30 11:33:14.942   398   464 D adayocomadapter-ParseProtocolFunc: printRaWMsg Name[IPCLtoVHAL] len[6] data[2140213F0000]
12-30 11:33:14.942   398   464 D adayocomadapter-ParseProtocolFunc: printRaWMsg Name[IPCLtoVHAL] len[6] data[214021400000]
12-30 11:33:14.942   398   464 D adayocomadapter-ParseProtocolFunc: printRaWMsg Name[IPCLtoVHAL] len[9] data[214021CA0000000000]
12-30 11:33:14.943   398   464 D adayocomadapter-ParseProtocolFunc: printRaWMsg Name[IPCLtoVHAL] len[6] data[2140214B0000]
12-30 11:33:14.943   398   464 D adayocomadapter-ParseProtocolFunc: printRaWMsg Name[IPCLtoVHAL] len[6] data[214021410000]
12-30 11:33:14.943   398   464 D adayocomadapter-ParseProtocolFunc: printRaWMsg Name[IPCLtoVHAL] len[6] data[214021420000]
12-30 11:33:14.943   398   464 D adayocomadapter-ParseProtocolFunc: printRaWMsg Name[IPCLtoVHAL] len[6] data[2140214D0000]
12-30 11:33:14.943   398   464 D adayocomadapter-ParseProtocolFunc: printRaWMsg Name[IPCLtoVHAL] len[6] data[214021D70000]
12-30 11:33:14.943   398   464 D adayocomadapter-ParseProtocolFunc: printRaWMsg Name[IPCLtoVHAL] len[6] data[214021430000]
12-30 11:33:14.943   398   464 D adayocomadapter-ParseProtocolFunc: printRaWMsg Name[IPCLtoVHAL] len[6] data[214021460000]
12-30 11:33:14.943   398   464 D adayocomadapter-ParseProtocolFunc: printRaWMsg Name[IPCLtoVHAL] len[6] data[214021470000]
12-30 11:33:14.943   398   464 D adayocomadapter-ParseProtocolFunc: printRaWMsg Name[IPCLtoVHAL] len[6] data[214021480000]
12-30 11:33:14.943   398   464 D adayocomadapter-ParseProtocolFunc: printRaWMsg Name[IPCLtoVHAL] len[6] data[214021490000]
12-30 11:33:14.943   398   464 D adayocomadapter-ParseProtocolFunc: printRaWMsg Name[IPCLtoVHAL] len[6] data[2140214F0000]
12-30 11:33:14.943   398   464 D adayocomadapter-ParseProtocolFunc: printRaWMsg Name[IPCLtoVHAL] len[6] data[214021500000]
12-30 11:33:14.943   398   464 D adayocomadapter-ParseProtocolFunc: printRaWMsg Name[IPCLtoVHAL] len[7] data[21402144010000]
12-30 11:33:14.943   398   464 D adayocomadapter-ParseProtocolFunc: printRaWMsg Name[IPCLtoVHAL] len[6] data[214021510000]
12-30 11:33:14.943   398   464 D adayocomadapter-ParseProtocolFunc: printRaWMsg Name[IPCLtoVHAL] len[7] data[21402145010000]
12-30 11:33:14.943   398   464 D adayocomadapter-ParseProtocolFunc: printRaWMsg Name[IPCLtoVHAL] len[6] data[2140213D0000]
12-30 11:33:14.943   398   464 D adayocomadapter-ParseProtocolFunc: printRaWMsg Name[IPCLtoVHAL] len[6] data[2140213E0000]
12-30 11:33:14.943   398   464 D adayocomadapter-ParseProtocolFunc: printRaWMsg Name[IPCLtoVHAL] len[6] data[2140214A0000]
12-30 11:33:14.943   398   464 D adayocomadapter-CommunicationManager: onUpstreamReceive mPropertyId 0x2140213f
12-30 11:33:14.943   398   464 D adayocomadapter-CommunicationManager: convertBytesToInt32Memcpy  0
12-30 11:33:14.943   398   464 I vw-vhal : notifyVehicleProperty, propId = 0x2140213f, data = {status: 2, int32Values: [0]}
