12-30 11:33:14.565  1547  2118 D ANWAPI  : (1547|0x6EF3FCB0)[BTAPI] media attrib id(5)
12-30 11:33:14.565  1547  2118 D ANWAPI  : (1547|0x6EF3FCB0)[BTAPI] MediaAttr_TotalMediaNum 0 106
12-30 11:33:14.565  1547  2118 D ANWAPI  : (1547|0x6EF3FCB0)[BTAPI] connmgr_find_by_handle pData = 0xb400fa68ee34c5e0,7
12-30 11:33:14.565  1547  2118 D ANWAPI  : (1547|0x6EF3FCB0)[BTAPI] media attrib id(6)
12-30 11:33:14.565  1547  2118 D ANWAPI  : (1547|0x6EF3FCB0)[BTAPI] MediaAttr_Genre 0 106
12-30 11:33:14.565  1547  2118 D ANWAPI  : (1547|0x6EF3FCB0)[BTAPI] connmgr_find_by_handle pData = 0xb400fa68ee34c5e0,7
12-30 11:33:14.565  1547  2118 D ANWAPI  : (1547|0x6EF3FCB0)[BTAPI] media attrib id(7)
12-30 11:33:14.565  1547  2118 D ANWAPI  : (1547|0x6EF3FCB0)[BTAPI] MediaAttr_PlayingTimeMs 6 106
12-30 11:33:14.565  1547  2118 D ANWAPI  : (1547|0x6EF3FCB0)[BTAPI] connmgr_find_by_handle pData = 0xb400fa68ee34c5e0,7
12-30 11:33:14.565  1547  2118 D ANWAPI  : (1547|0x6EF3FCB0)[BTAPI] media attrib id(8)
12-30 11:33:14.565  1547  2118 D ANWAPI  : (1547|0x6EF3FCB0)[BTAPI] MediaAttr_CoverArt 7 106 0
12-30 11:33:14.565  1547  2118 D ANWAPI  : (1547|0x6EF3FCB0)[BTAPI] connmgr_find_by_handle pData = 0xb400fa68ee34c5e0,7
12-30 11:33:14.565  1547  2118 D ANWAPI  : (1547|0x6EF3FCB0)[BTAPI] AVRCP_GET_ELEMENT_ATTRIBUTES_FINISH
12-30 11:33:14.565  1547  2118 D ANWAPI  : (1547|0x6EF3FCB0)[BTAPI] btsdk_avrcp_post_songdetails
12-30 11:33:14.565  1547  2118 D ANWAPI  : (1547|0x6EF3FCB0)[BTAPI] *BT_CB_Dispatch
12-30 11:33:14.565  1547  2118 D ANWAPI  : (1547|0x6EF3FCB0)[BTAPI] *****SDK callback(0x405)
12-30 11:33:14.565  1547  2118 D ANWAPI  : (1547|0x6EF3FCB0)[BTAPI] SDK***** [34:10:be:3d:c6:77][0]
12-30 11:33:14.565  1547  2118 D ANWAPI  : (1547|0x6EF3FCB0)[BTAPI] btsdk_exec_apicb start
12-30 11:33:14.565  1547  2118 D ANWAPI  : (1547|0x6EF3FCB0)[BTAPI] Up: AvrcpMsgHandler receive[34:10:BE:3D:C6:77], Get Device ID(0)
12-30 11:33:14.565  1547  2118 D ANWAPI  : 
12-30 11:33:14.565  1547  2118 D ANWAPI  : (1547|0x6EF3FCB0)[BTAPI] Up: AnWBT_AVRCP_CURRENT_SONG_DETAIL_IND(6)
12-30 11:33:14.565  1547  2118 D ANWAPI  : 
12-30 11:33:14.565  1547  2118 D ANWAPI  : (1547|0x6EF3FCB0)[BTAPI] MediaTitle   : 黑夜的牢笼困我在原地
12-30 11:33:14.565  1547  2118 D ANWAPI  : 
12-30 11:33:14.565  1547  2118 D ANWAPI  : (1547|0x6EF3FCB0)[BTAPI] PlayingTimeMs: 205014
12-30 11:33:14.565  1547  2118 D ANWAPI  : 
12-30 11:33:14.565  1547  2118 D ANWAPI  : (1547|0x6EF3FCB0)[BTAPI] ArtistName   : Star Crossing Night(feat. GALI) · 徐明浩, GALI
12-30 11:33:14.565  1547  2118 D ANWAPI  : 
12-30 11:33:14.565  1547  2118 D ANWAPI  : (1547|0x6EF3FCB0)[BTAPI] BipHandle: 1000015)
12-30 11:33:14.565  1547  2118 D ANWAPI  : 
12-30 11:33:14.565  1547  2118 D ANWAPI  : (1547|0x6EF3FCB0)[BTAPI] inform track changed cb, num_attr:4
12-30 11:33:14.565  1547  2118 D ANWAPI  : 
12-30 11:33:14.565  1547  2118 I ANW bt_btif: inform_track_changed_cb: HAL bt_rc_ctrl_callbacks->track_changed_cb
12-30 11:33:14.565  1547  2118 I BluetoothAvrcpControllerJni: btavrcp_track_changed_callback
12-30 11:33:14.565  1547  2118 D AvrcpControllerService: onTrackChanged
12-30 11:33:14.565  1547  2118 D AvrcpItem.Builder: 2 = Star Crossing Night(feat. GALI) · 徐明浩, GALI
12-30 11:33:14.565  1547  2118 D AvrcpItem.Builder: 1 = 黑夜的牢笼困我在原地
12-30 11:33:14.565  1547  2118 D AvrcpItem.Builder: 7 = 205014
12-30 11:33:14.565  1547  2118 D AvrcpItem.Builder: 8 = 1000015
12-30 11:33:14.566  1547  2118 D ANWAPI  : (1547|0x6EF3FCB0)[BTAPI] Up: per 1.5S get ID3 information
12-30 11:33:14.566  1547  2118 D ANWAPI  : 
12-30 11:33:14.566  1547  2118 D ANWAPI  : (1547|0x6EF3FCB0)[BTAPI] AVRCP_Cancel_Auto_Get_ID3(0)
12-30 11:33:14.566  1547  2118 D ANWAPI  : 
12-30 11:33:14.566  1547 19344 D AvrcpControllerStateMachine: Avrcp.ConnectedAvrcpController processMessage MESSAGE_PROCESS_TRACK_CHANGED
12-30 11:33:14.566  1547  2118 D ANWAPI  : (1547|0x6EF3FCB0)[BTAPI] btsdk_exec_apicb end
12-30 11:33:14.566  1547 19344 D AvrcpCoverArtProvider: getImageUri -> content://com.android.bluetooth.avrcpcontroller.AvrcpCoverArtProvider?device=34%3A10%3ABE%3A3D%3AC6%3A77&uuid=0136c232-deb1-4cee-8dee-c09eba3317f8
12-30 11:33:14.566  1547 19344 D BluetoothMediaBrowserService: trackChanged setMetadata=AvrcpItem{mUuid=dc36dfff-cec0-4d23-866b-aaf9f6b8339f, mUid=0, mItemType=3, mType=0, mDisplayableName=null, mTitle=黑夜的牢笼困我在原地 mPlayingTime=205014 mTrack=0/0, mPlayable=false, mBrowsable=false, mCoverArtHandle=1000015, mImageUuid=0136c232-deb1-4cee-8dee-c09eba3317f8, mImageUricontent://com.android.bluetooth.avrcpcontroller.AvrcpCoverArtProvider?device=34%3A10%3ABE%3A3D%3AC6%3A77&uuid=0136c232-deb1-4cee-8dee-c09eba3317f8}
12-30 11:33:14.567  1547 19344 D AvrcpControllerStateMachine: removeUnusedArtwork(0136c232-deb1-4cee-8dee-c09eba3317f8)
12-30 11:33:14.568  1547 19344 D AvrcpControllerStateMachine: removeUnusedArtworkFromBrowseTree()
12-30 11:33:14.569 23290 23290 I ADAYO_LOG_TRACE_RESOURCE: file_path:/mnt/sdcard/logcat_GNSS//gnss_log.log
12-30 11:33:14.571  1547  2889 D A2dpSinkService: getDevicesMatchingConnectionStates[2]
12-30 11:33:14.571  1547  2889 D A2dpSinkService: Device: XX:XX:XX:XX:C6:77State: 2
12-30 11:33:14.571  1547  2889 D A2dpSinkService: Device: XX:XX:XX:XX:F8:60State: 0
12-30 11:33:14.571  1547  2889 D A2dpSinkService: Device: XX:XX:XX:XX:8D:47State: 0
12-30 11:33:14.571  1547  2889 D A2dpSinkService: [XX:XX:XX:XX:C6:77]
12-30 11:33:14.571  1547  2889 D A2dpSinkService: GetDevicesDone
12-30 11:33:14.574  1547  2889 D A2dpSinkService: getDevicesMatchingConnectionStates[2]
12-30 11:33:14.574  1547  2889 D A2dpSinkService: Device: XX:XX:XX:XX:C6:77State: 2
12-30 11:33:14.574  1547  2889 D A2dpSinkService: Device: XX:XX:XX:XX:F8:60State: 0
12-30 11:33:14.574  1547  2889 D A2dpSinkService: Device: XX:XX:XX:XX:8D:47State: 0
12-30 11:33:14.574  1547  2889 D A2dpSinkService: [XX:XX:XX:XX:C6:77]
12-30 11:33:14.574  1547  2889 D A2dpSinkService: GetDevicesDone
12-30 11:33:14.575  2425  2425 D ME_MEDIA_BTSessionPlayer: onMetadataChanged, mMediaItem: MediaItem{Media Id=MEDIA_BT_SONG_ID, mMetadata=Bundle[{android.media.metadata.ARTIST=Star Crossing Night(feat. GALI) · 徐明浩, GALI, androidx.media2.metadata.BROWSABLE=1, androidx.media2.metadata.EXTRAS=Bundle[{com.mosi.mlsc.mediaengine.EXTRA_KEY_DEVICE_TYPE=5, com.mosi.mlsc.mediaengine.EXTRA_KEY_DEVICE_ID=34:10:BE:3D:C6:77}], android.media.metadata.DURATION=205014, android.media.metadata.ALBUM_ART_URI=content://com.android.bluetooth.avrcpcontroller.AvrcpCoverArtProvider?device=34%3A10%3ABE%3A3D%3AC6%3A77&uuid=0136c232-deb1-4cee-8dee-c09eba3317f8, android.media.metadata.MEDIA_ID=MEDIA_BT_SONG_ID, android.media.metadata.ALBUM=未知专辑, android.media.metadata.TITLE=黑夜的牢笼困我在原地}], mStartPositionMs=0, mEndPositionMs=576460752303423487}
12-30 11:33:14.576 21940 22414 D MC2ImplBase: onCustomCommand cmd=com.fawvw.mw.mediaengine.ACTION_MEDIA_STATE_CHANGED
12-30 11:33:14.581   360   931 D EvsDriver: forwardFrame
12-30 11:33:14.581   360   931 D EvsDriver: forwardFrameDirect
12-30 11:33:14.582   360   931 D EvsDriver: Delivered 0xb400e2ca9e40d4b0 as id 1
12-30 11:33:14.582   359   359 D evsmanagerd: /dev/video-evs0 forwarded the buffer #1 to 0xb400f125d2b26dd0 from 0xb400f125e2b20710
12-30 11:33:14.587   360   458 D EvsDriver: doneWithFrame
12-30 11:33:14.591   916  1073 E WindowManager: Unknown window type: 2105
12-30 11:33:14.591   916  1073 E WindowManager: Unknown window type: 2102
12-30 11:33:14.592   916  1883 D InputDispatcher: setInputWindows displayId=0 a3d1c2b MosiCarBottomSystemBar fe7c667 MosiCarTopSystemBar 58b392e com.mosi.mosc.aicenter 7d7903b com.fawvw.hmi.btmusic/com.fawvw.hmi.btmusic.ui.MainActivity 594b861 com.fawvw.hmi.btmusic/com.fawvw.hmi.btmusic.ui.MainActivity baeedf7 ActivityRecordInputSink com.fawvw.hmi.btmusic/.ui.MainActivity b979fba ActivityRecordInputSink com.fawvw.hmi.usbmusic/.ui.MainActivity bafc3a6 ActivityRecordInputSink com.fawvw.hmi.cardesktop/com.mosi.mosc.avatarapp.MainActivity dc3550d ActivityRecordInputSink com.fawvw.hmi.bev.climate/.ui.MainActivity 3a091e6 ActivityRecordInputSink com.fawvw.hmi.bev.carapp/.MainActivity 8da7ea6 ActivityRecordInputSink com.adayo.service.log/com.adayo.log.ui.MainActivity 8b7efe1 ActivityRecordInputSink com.adayo.app.hicar/.HiCarProjectionActivity 1788cd6 ActivityRecordInputSink com.fawvw.hmi.cnslauncher/.Launcher 
12-30 11:33:14.599 21940 21940 I CNS_MEDIA_BT_MUSIC__MediaClient: onCustomCommand, action: com.fawvw.mw.mediaengine.ACTION_MEDIA_STATE_CHANGED, extra: Bundle[mParcelledData.dataSize=1856]
12-30 11:33:14.600 21940 21940 D CNS_MEDIA_BT_MUSIC__c: sendMediaInfo2SDS: state = 2, item = Bundle[mParcelledData.dataSize=1340]
12-30 11:33:14.600 21940 21940 I CNS_MEDIA_BT_MUSIC__MediaMetadataUtil: get title: 黑夜的牢笼困我在原地 and artist: Star Crossing Night(feat. GALI) · 徐明浩, GALI
12-30 11:33:14.600 21940 21940 I CNS_MEDIA_BT_MUSIC__MediaMetadataUtil: get title: 黑夜的牢笼困我在原地 and artist: Star Crossing Night(feat. GALI) · 徐明浩, GALI
12-30 11:33:14.600 21940 21940 D CNS_MEDIA_BT_MUSIC__c: notifyCurrentMediaItemChanged: isActive = true, item = MediaItem{Media Id=MEDIA_BT_SONG_ID, mMetadata=Bundle[{android.media.metadata.ARTIST=Star Crossing Night(feat. GALI) · 徐明浩, GALI, androidx.media2.metadata.BROWSABLE=1, androidx.media2.metadata.EXTRAS=Bundle[mParcelledData.dataSize=252], android.media.metadata.DURATION=205014, android.media.metadata.ALBUM_ART_URI=content://com.android.bluetooth.avrcpcontroller.AvrcpCoverArtProvider?device=34%3A10%3ABE%3A3D%3AC6%3A77&uuid=0136c232-deb1-4cee-8dee-c09eba3317f8, android.media.metadata.MEDIA_ID=MEDIA_BT_SONG_ID, android.media.metadata.ALBUM=未知专辑, android.media.metadata.TITLE=黑夜的牢笼困我在原地}], mStartPositionMs=0, mEndPositionMs=576460752303423487}
12-30 11:33:14.600 21940 21940 I CNS_MEDIA_BT_MUSIC__b: notifyMediaInfo: metadata = Bundle[{android.media.metadata.ARTIST=Star Crossing Night(feat. GALI) · 徐明浩, GALI, androidx.media2.metadata.BROWSABLE=1, androidx.media2.metadata.EXTRAS=Bundle[mParcelledData.dataSize=252], android.media.metadata.DURATION=205014, android.media.metadata.ALBUM_ART_URI=content://com.android.bluetooth.avrcpcontroller.AvrcpCoverArtProvider?device=34%3A10%3ABE%3A3D%3AC6%3A77&uuid=0136c232-deb1-4cee-8dee-c09eba3317f8, android.media.metadata.MEDIA_ID=MEDIA_BT_SONG_ID, android.media.metadata.ALBUM=未知专辑, android.media.metadata.TITLE=黑夜的牢笼困我在原地}]
12-30 11:33:14.600 21940 21940 I CNS_MEDIA_BT_MUSIC__MediaMetadataUtil: get title: 黑夜的牢笼困我在原地 and artist: Star Crossing Night(feat. GALI) · 徐明浩, GALI
12-30 11:33:14.603 21940 21940 I CNS_MEDIA_BT_MUSIC__MainActivity: update ID3 info, uri:, title:黑夜的牢笼困我在原地, artist:Star Crossing Night(feat. GALI) · 徐明浩, GALI
12-30 11:33:14.603 21940 21940 I CNS_MEDIA_BT_MUSIC__MediaMetadataUtil: get title: 黑夜的牢笼困我在原地 and artist: Star Crossing Night(feat. GALI) · 徐明浩, GALI
12-30 11:33:14.604 21940 21940 I CNS_MEDIA_BT_MUSIC__MediaMetadataUtil: get title: 黑夜的牢笼困我在原地 and artist: Star Crossing Night(feat. GALI) · 徐明浩, GALI
12-30 11:33:14.604 21940 21940 I CNS_MEDIA_BT_MUSIC__MediaMetadataUtil: get title: 黑夜的牢笼困我在原地 and artist: Star Crossing Night(feat. GALI) · 徐明浩, GALI
12-30 11:33:14.604 21940 21940 I CNS_MEDIA_BT_MUSIC__MediaMetadataUtil: get title: 黑夜的牢笼困我在原地 and artist: Star Crossing Night(feat. GALI) · 徐明浩, GALI
12-30 11:33:14.605 21940 21940 I CNS_MEDIA_BT_MUSIC__MediaMetadataUtil: get title: 黑夜的牢笼困我在原地 and artist: Star Crossing Night(feat. GALI) · 徐明浩, GALI
12-30 11:33:14.605 21940 21940 I CNS_MEDIA_BT_MUSIC__MainActivity: update bt ID3Info, first: 未知歌手, second: 
12-30 11:33:14.608  2358  2623 D RcfController: Rcf proxy is not connected!
12-30 11:33:14.612   798 23280 W adbd    : timed out while waiting for FUNCTIONFS_BIND, trying again
12-30 11:33:14.612   798 23280 I adbd    : UsbFfs: connection terminated: monitor thread finished
12-30 11:33:14.612   798   798 I adbd    : UsbFfs: already offline
12-30 11:33:14.612   798   798 I adbd    : destroying transport UsbFfs
12-30 11:33:14.612   798   798 I adbd    : UsbFfsConnection being destroyed
12-30 11:33:14.615   360   931 D EvsDriver: forwardFrame
12-30 11:33:14.615   360   931 D EvsDriver: forwardFrameDirect
12-30 11:33:14.615   360   931 D EvsDriver: Delivered 0xb400e2ca9e40c2d0 as id 0
12-30 11:33:14.615   359   359 D evsmanagerd: /dev/video-evs0 forwarded the buffer #0 to 0xb400f125d2b26dd0 from 0xb400f125e2b20710
12-30 11:33:14.618   360   458 D EvsDriver: doneWithFrame
12-30 11:33:14.622 23293 23293 I ADAYO_LOG_TRACE_RESOURCE: folder_size:0
12-30 11:33:14.625   916  1883 D InputDispatcher: setInputWindows displayId=0 a3d1c2b MosiCarBottomSystemBar fe7c667 MosiCarTopSystemBar 58b392e com.mosi.mosc.aicenter 7d7903b com.fawvw.hmi.btmusic/com.fawvw.hmi.btmusic.ui.MainActivity 594b861 com.fawvw.hmi.btmusic/com.fawvw.hmi.btmusic.ui.MainActivity baeedf7 ActivityRecordInputSink com.fawvw.hmi.btmusic/.ui.MainActivity b979fba ActivityRecordInputSink com.fawvw.hmi.usbmusic/.ui.MainActivity bafc3a6 ActivityRecordInputSink com.fawvw.hmi.cardesktop/com.mosi.mosc.avatarapp.MainActivity dc3550d ActivityRecordInputSink com.fawvw.hmi.bev.climate/.ui.MainActivity 3a091e6 ActivityRecordInputSink com.fawvw.hmi.bev.carapp/.MainActivity 8da7ea6 ActivityRecordInputSink com.adayo.service.log/com.adayo.log.ui.MainActivity 8b7efe1 ActivityRecordInputSink com.adayo.app.hicar/.HiCarProjectionActivity 1788cd6 ActivityRecordInputSink com.fawvw.hmi.cnslauncher/.Launcher 
12-30 11:33:14.635   596  3076 E WifiHAL : Invalid data received from driver
12-30 11:33:14.646   798   838 I adbd    : opening control endpoint /dev/usb-ffs/adb/ep0
12-30 11:33:14.647   798   838 I adbd    : UsbFfsConnection constructed
12-30 11:33:14.647   798 23295 I adbd    : UsbFfs-monitor thread spawned
12-30 11:33:14.648   360   931 D EvsDriver: forwardFrame
12-30 11:33:14.648   360   931 D EvsDriver: forwardFrameDirect
12-30 11:33:14.648   360   931 D EvsDriver: Delivered 0xb400e2ca9e40d090 as id 1
12-30 11:33:14.648   359   359 D evsmanagerd: /dev/video-evs0 forwarded the buffer #1 to 0xb400f125d2b26dd0 from 0xb400f125e2b20710
12-30 11:33:14.658  2358  2623 D RcfController: Rcf proxy is not connected!
12-30 11:33:14.658   360   458 D EvsDriver: doneWithFrame
12-30 11:33:14.662 21940 21940 I CNS_MEDIA_BT_MUSIC__MediaMetadataUtil: get title: 黑夜的牢笼困我在原地 and artist: Star Crossing Night(feat. GALI) · 徐明浩, GALI
12-30 11:33:14.662 21940 21940 I CNS_MEDIA_BT_MUSIC__HMIAdapter: notifyMediaInfo, mDeviceType: MT_BT_Music,lastPlayInfo: com.fawvw.hmi.cnslauncher.service.MediaPlayingInfo@e884fa8
12-30 11:33:14.664 21845 21891 I MediaMiniApp: onPlayingInfoChanged MT_BT_Music ; mediaPlayingInfo = {"albumName":"黑夜的牢笼困我在原地","artistName":"Star Crossing Night(feat. GALI) · 徐明浩, GALI","coverDescriptor":{"mClosed":false,"mFd":{"descriptor":157,"ownerId":576460752512784153,"releaseLock":{}},"mGuard":{"closerNameOrAllocationInfo":"close"}},"deviceType":"MT_BT_Music","duration":205014,"isFavor":false,"mediaId":"MEDIA_BT_SONG_ID","state":"MPS_PLAYING"}
12-30 11:33:14.664 21845 21891 D MediaCardController: curDeviceType = MT_USB
12-30 11:33:14.664 21845 21891 D MediaCardController: deviceType = MT_BT_Music
12-30 11:33:14.665 21940 21940 I CNS_MEDIA_BT_MUSIC__a: uploadData, eventId: lmPlayNewContent, data: {"songName":"黑夜的牢笼困我在原地","singerName":"Star Crossing Night(feat. GALI) · 徐明浩, GALI","albumName":"未知专辑","totalTime":205014,"songStatus":"新歌曲","operationType":"","source":"其他"}
12-30 11:33:14.665 21940 21940 D CNS_MEDIA_BT_MUSIC__c: sendMediaInfo2SDS: state = 2, item = Bundle[{android.media.metadata.ARTIST=Star Crossing Night(feat. GALI) · 徐明浩, GALI, androidx.media2.metadata.BROWSABLE=1, androidx.media2.metadata.EXTRAS=Bundle[{com.mosi.mlsc.mediaengine.EXTRA_KEY_DEVICE_TYPE=5, com.mosi.mlsc.mediaengine.EXTRA_KEY_DEVICE_ID=34:10:BE:3D:C6:77}], android.media.metadata.DURATION=205014, android.media.metadata.ALBUM_ART_URI=content://com.android.bluetooth.avrcpcontroller.AvrcpCoverArtProvider?device=34%3A10%3ABE%3A3D%3AC6%3A77&uuid=0136c232-deb1-4cee-8dee-c09eba3317f8, android.media.metadata.MEDIA_ID=MEDIA_BT_SONG_ID, android.media.metadata.ALBUM=未知专辑, android.media.metadata.TITLE=黑夜的牢笼困我在原地}]
12-30 11:33:14.665 21940 21940 I CNS_MEDIA_BT_MUSIC__MediaMetadataUtil: get title: 黑夜的牢笼困我在原地 and artist: Star Crossing Night(feat. GALI) · 徐明浩, GALI
12-30 11:33:14.665 21940 21940 I CNS_MEDIA_BT_MUSIC__MediaMetadataUtil: get title: 黑夜的牢笼困我在原地 and artist: Star Crossing Night(feat. GALI) · 徐明浩, GALI
12-30 11:33:14.665 21940 21940 I CNS_MEDIA_BT_MUSIC__HMIAdapter: mDeviceType: MT_BT_Music, state: MPS_PLAYING
12-30 11:33:14.665 21845 21891 I MediaMiniApp: onPlayStateChanged MT_BT_Music ; playState = MPS_PLAYING
12-30 11:33:14.666 21940 21940 D CNS_MEDIA_BT_MUSIC__b: handleLoadSucceed: title = 黑夜的牢笼困我在原地,artist = Star Crossing Night(feat. GALI) · 徐明浩, GALI,duration= 205014
12-30 11:33:14.666 21940 21940 I CNS_MEDIA_BT_MUSIC__FsgAudioHelper: notifyMediaInfo: mIsConnected = true, songInfo = 黑夜的牢笼困我在原地, bitmap width = 200, bitmap height = 200
12-30 11:33:14.666  2045  2131 D InfotainmentBridge_Native: fireSongInfo
12-30 11:33:14.667  2045  2131 D InfotainmentBridge_Native: fireSongInfo() -- source: 3
12-30 11:33:14.667  2045  2131 I JNI     : 黑夜的牢笼困我在原地
12-30 11:33:14.667  2045  2131 D InfotainmentBridge_Native: fireSongInfo() -- name: 黑夜的牢笼困我在原地
12-30 11:33:14.667  2045  2131 I JNI     : Star Crossing Night(feat. GALI) · 徐明浩, GALI
12-30 11:33:14.667  2045  2131 D InfotainmentBridge_Native: fireSongInfo() -- signer: Star Crossing Night(feat. GALI) · 徐明浩, GALI
12-30 11:33:14.667  2045  2131 D InfotainmentBridge_Native: fireSongInfo() -- duration: 205
12-30 11:33:14.667  2045  2131 D InfotainmentBridge_Native: fireSongInfo() -- duration: 200
12-30 11:33:14.667  2045  2131 D InfotainmentBridge_Native: fireSongInfo() -- duration: 200
12-30 11:33:14.667  2045  2131 D InfotainmentBridge_Native: fireSongInfo() -- cover size: 80000
12-30 11:33:14.674   596  3076 E WifiHAL : Invalid data received from driver
12-30 11:33:14.674   596  3076 E WifiHAL : Invalid data received from driver
12-30 11:33:14.674   596  3076 E WifiHAL : Invalid data received from driver
12-30 11:33:14.674   596  3076 E WifiHAL : Invalid data received from driver
12-30 11:33:14.674   596  3076 E WifiHAL : Invalid data received from driver
12-30 11:33:14.674   596  3076 E WifiHAL : Invalid data received from driver
12-30 11:33:14.674   596  3076 E WifiHAL : Invalid data received from driver
12-30 11:33:14.681   360   931 D EvsDriver: forwardFrame
12-30 11:33:14.681   360   931 D EvsDriver: forwardFrameDirect
12-30 11:33:14.682   360   931 D EvsDriver: Delivered 0xb400e2ca9e40e110 as id 0
12-30 11:33:14.682   359   359 D evsmanagerd: /dev/video-evs0 forwarded the buffer #0 to 0xb400f125d2b26dd0 from 0xb400f125e2b20710
12-30 11:33:14.689   360   458 D EvsDriver: doneWithFrame
12-30 11:33:14.708  2358  2623 D RcfController: Rcf proxy is not connected!
12-30 11:33:14.715   360   931 D EvsDriver: forwardFrame
12-30 11:33:14.715   360   931 D EvsDriver: forwardFrameDirect
12-30 11:33:14.715   360   931 D EvsDriver: Delivered 0xb400e2ca9e40c7a0 as id 1
12-30 11:33:14.715   359   359 D evsmanagerd: /dev/video-evs0 forwarded the buffer #1 to 0xb400f125d2b26dd0 from 0xb400f125e2b20710
12-30 11:33:14.719   360   458 D EvsDriver: doneWithFrame
12-30 11:33:14.730   650   729 D fgemcucomm: sd Uart data : 6AA60249DA0002920245
12-30 11:33:14.731   650   729 D fgemcucomm: rev uart=87445,len=17, data : 6AA68149DA0009920200060000000000B9
12-30 11:33:14.731   398   398 D adayocomadapter-ParseProtocolFunc: printRaWMsg Name[MCUToUPstream recv] len[9] data[920200060000000000]
12-30 11:33:14.731   398   398 D adayocomadapter-CommunicationManager: onUpstreamback   member[0] dataLength[6] timePoint[10530553]
12-30 11:33:14.731   398   398 D adayocomadapter-ParseProtocolFunc: printRaWMsg Name[onUpstreamback] len[6] data[060000000000]
12-30 11:33:14.731   398   464 D adayocomadapter-UpstreamHandler: processBeforePacket upSreamtProcessTimePoint[10530553] 
12-30 11:33:14.731   398   464 D adayocomadapter-UpstreamHandler: processPacket UPSTREAM_QUEUE_DATA_TIMEOUT
12-30 11:33:14.731   398   464 D adayocomadapter-ParseProtocolFunc: parseCommonIPCLBytes Processing tableNumber[6]
12-30 11:33:14.731   398   464 D adayocomadapter-ParseProtocolFunc: parseCommonIPCLBytes Processing tablename[Table-6] tableSize[6]
12-30 11:33:14.731   398   464 D adayocomadapter-ParseProtocolFunc: printRaWMsg Name[byteStream recv] len[6] data[060000000000]
12-30 11:33:14.731   398   464 D adayocomadapter-ParseProtocolFunc: printRaWMsg Name[IPCLtoVHAL] len[6] data[214020020000]
12-30 11:33:14.731   398   464 D adayocomadapter-ParseProtocolFunc: printRaWMsg Name[IPCLtoVHAL] len[6] data[214020200000]
12-30 11:33:14.731   398   464 D adayocomadapter-ParseProtocolFunc: printRaWMsg Name[IPCLtoVHAL] len[6] data[214020040000]
12-30 11:33:14.731   398   464 D adayocomadapter-ParseProtocolFunc: printRaWMsg Name[IPCLtoVHAL] len[6] data[214020090000]
12-30 11:33:14.731   398   464 D adayocomadapter-ParseProtocolFunc: printRaWMsg Name[IPCLtoVHAL] len[6] data[214020080000]
12-30 11:33:14.731   398   464 D adayocomadapter-CommunicationManager: onUpstreamReceive mPropertyId 0x21402002
12-30 11:33:14.731   398   464 D adayocomadapter-CommunicationManager: convertBytesToInt32Memcpy  0
12-30 11:33:14.731   398   464 I vw-vhal : notifyVehicleProperty, propId = 0x21402002, data = {status: 2, int32Values: [0]}
12-30 11:33:14.731   398   464 I vw-vhal : CanSignalsAdapter::notifyVehicleProperty: solvedValue = {.timestamp = 10530553662586, .areaId = 0, .prop = 557850626, .status = AVAILABLE, .value = {.int32Values = [1]{0}, .floatValues = [0]{}, .int64Values = [0]{}, .bytes = [0]{}, .stringValue = ""}}
12-30 11:33:14.731   398   464 I VehiclePropertyStore: begin to write value to Store: {.timestamp = 10530553662586, .areaId = 0, .prop = 557850626, .status = AVAILABLE, .value = {.int32Values = [1]{0}, .floatValues = [0]{}, .int64Values = [0]{}, .bytes = [0]{}, .stringValue = ""}}
12-30 11:33:14.731   398   464 I DefaultVehicleHal_v2_0: DefaultVehicleHal::onPropertyValue, value:{.timestamp = 10530553662586, .areaId = 0, .prop = 557850626, .status = AVAILABLE, .value = {.int32Values = [1]{0}, .floatValues = [0]{}, .int64Values = [0]{}, .bytes = [0]{}, .stringValue = ""}}
12-30 11:33:14.731   398   464 D DiagPropHandler: is not DiagnosticConfig: 0x21402002
12-30 11:33:14.731   398   464 I VehiclePropertyStore: begin to write value to Store: {.timestamp = 10530553662586, .areaId = 0, .prop = 557850626, .status = AVAILABLE, .value = {.int32Values = [1]{0}, .floatValues = [0]{}, .int64Values = [0]{}, .bytes = [0]{}, .stringValue = ""}}
12-30 11:33:14.731   398   464 D adayocomadapter-CommunicationManager: onUpstreamReceive mPropertyId 0x21402002
12-30 11:33:14.731   398   464 D adayocomadapter-CommunicationManager: onUpstreamReceive mPropertyId 0x21402020
12-30 11:33:14.732   398   464 D adayocomadapter-CommunicationManager: convertBytesToInt32Memcpy  0
12-30 11:33:14.732   398   464 I vw-vhal : notifyVehicleProperty, propId = 0x21402020, data = {status: 2, int32Values: [0]}
12-30 11:33:14.732   398   464 I vw-vhal : CanSignalsAdapter::notifyVehicleProperty: solvedValue = {.timestamp = 10530553907920, .areaId = 0, .prop = 557850656, .status = AVAILABLE, .value = {.int32Values = [1]{0}, .floatValues = [0]{}, .int64Values = [0]{}, .bytes = [0]{}, .stringValue = ""}}
12-30 11:33:14.732   398   464 I VehiclePropertyStore: begin to write value to Store: {.timestamp = 10530553907920, .areaId = 0, .prop = 557850656, .status = AVAILABLE, .value = {.int32Values = [1]{0}, .floatValues = [0]{}, .int64Values = [0]{}, .bytes = [0]{}, .stringValue = ""}}
12-30 11:33:14.732   398   464 I DefaultVehicleHal_v2_0: DefaultVehicleHal::onPropertyValue, value:{.timestamp = 10530553907920, .areaId = 0, .prop = 557850656, .status = AVAILABLE, .value = {.int32Values = [1]{0}, .floatValues = [0]{}, .int64Values = [0]{}, .bytes = [0]{}, .stringValue = ""}}
12-30 11:33:14.732   398   464 D DiagPropHandler: is not DiagnosticConfig: 0x21402020
12-30 11:33:14.732   398   464 I VehiclePropertyStore: begin to write value to Store: {.timestamp = 10530553907920, .areaId = 0, .prop = 557850656, .status = AVAILABLE, .value = {.int32Values = [1]{0}, .floatValues = [0]{}, .int64Values = [0]{}, .bytes = [0]{}, .stringValue = ""}}
12-30 11:33:14.732   398   464 D adayocomadapter-CommunicationManager: onUpstreamReceive mPropertyId 0x21402020
12-30 11:33:14.732   398   464 D adayocomadapter-CommunicationManager: onUpstreamReceive mPropertyId 0x21402004
12-30 11:33:14.732   398   464 D adayocomadapter-CommunicationManager: convertBytesToInt32Memcpy  0
12-30 11:33:14.732   398   464 I vw-vhal : notifyVehicleProperty, propId = 0x21402004, data = {status: 2, int32Values: [0]}
12-30 11:33:14.732   398   464 I vw-vhal : CanSignalsAdapter::notifyVehicleProperty: solvedValue = {.timestamp = 10530554115586, .areaId = 0, .prop = 557850628, .status = AVAILABLE, .value = {.int32Values = [1]{0}, .floatValues = [0]{}, .int64Values = [0]{}, .bytes = [0]{}, .stringValue = ""}}
12-30 11:33:14.732   398   464 I VehiclePropertyStore: begin to write value to Store: {.timestamp = 10530554115586, .areaId = 0, .prop = 557850628, .status = AVAILABLE, .value = {.int32Values = [1]{0}, .floatValues = [0]{}, .int64Values = [0]{}, .bytes = [0]{}, .stringValue = ""}}
12-30 11:33:14.732   398   464 I DefaultVehicleHal_v2_0: DefaultVehicleHal::onPropertyValue, value:{.timestamp = 10530554115586, .areaId = 0, .prop = 557850628, .status = AVAILABLE, .value = {.int32Values = [1]{0}, .floatValues = [0]{}, .int64Values = [0]{}, .bytes = [0]{}, .stringValue = ""}}
12-30 11:33:14.732   398   464 D DiagPropHandler: is not DiagnosticConfig: 0x21402004
12-30 11:33:14.732   398   464 I VehiclePropertyStore: begin to write value to Store: {.timestamp = 10530554115586, .areaId = 0, .prop = 557850628, .status = AVAILABLE, .value = {.int32Values = [1]{0}, .floatValues = [0]{}, .int64Values = [0]{}, .bytes = [0]{}, .stringValue = ""}}
12-30 11:33:14.732   398   464 D adayocomadapter-CommunicationManager: onUpstreamReceive mPropertyId 0x21402004
12-30 11:33:14.732   398   464 D adayocomadapter-CommunicationManager: onUpstreamReceive mPropertyId 0x21402009
12-30 11:33:14.732   398   464 D adayocomadapter-CommunicationManager: convertBytesToInt32Memcpy  0
12-30 11:33:14.732   398   464 I vw-vhal : notifyVehicleProperty, propId = 0x21402009, data = {status: 2, int32Values: [0]}
12-30 11:33:14.732   398   464 I vw-vhal : CanSignalsAdapter::notifyVehicleProperty: solvedValue = {.timestamp = 10530554318920, .areaId = 0, .prop = 557850633, .status = AVAILABLE, .value = {.int32Values = [1]{0}, .floatValues = [0]{}, .int64Values = [0]{}, .bytes = [0]{}, .stringValue = ""}}
12-30 11:33:14.732   398   464 I VehiclePropertyStore: begin to write value to Store: {.timestamp = 10530554318920, .areaId = 0, .prop = 557850633, .status = AVAILABLE, .value = {.int32Values = [1]{0}, .floatValues = [0]{}, .int64Values = [0]{}, .bytes = [0]{}, .stringValue = ""}}
12-30 11:33:14.732   398   464 I DefaultVehicleHal_v2_0: DefaultVehicleHal::onPropertyValue, value:{.timestamp = 10530554318920, .areaId = 0, .prop = 557850633, .status = AVAILABLE, .value = {.int32Values = [1]{0}, .floatValues = [0]{}, .int64Values = [0]{}, .bytes = [0]{}, .stringValue = ""}}
12-30 11:33:14.732   398   464 D DiagPropHandler: is not DiagnosticConfig: 0x21402009
12-30 11:33:14.732   398   464 I VehiclePropertyStore: begin to write value to Store: {.timestamp = 10530554318920, .areaId = 0, .prop = 557850633, .status = AVAILABLE, .value = {.int32Values = [1]{0}, .floatValues = [0]{}, .int64Values = [0]{}, .bytes = [0]{}, .stringValue = ""}}
12-30 11:33:14.732   398   464 D adayocomadapter-CommunicationManager: onUpstreamReceive mPropertyId 0x21402009
12-30 11:33:14.732   398   464 D adayocomadapter-CommunicationManager: onUpstreamReceive mPropertyId 0x21402008
12-30 11:33:14.732   398   464 D adayocomadapter-CommunicationManager: convertBytesToInt32Memcpy  0
12-30 11:33:14.732   398   464 I vw-vhal : notifyVehicleProperty, propId = 0x21402008, data = {status: 2, int32Values: [0]}
12-30 11:33:14.732   398   464 I vw-vhal : CanSignalsAdapter::notifyVehicleProperty: solvedValue = {.timestamp = 10530554521920, .areaId = 0, .prop = 557850632, .status = AVAILABLE, .value = {.int32Values = [1]{0}, .floatValues = [0]{}, .int64Values = [0]{}, .bytes = [0]{}, .stringValue = ""}}
12-30 11:33:14.732   398   464 I VehiclePropertyStore: begin to write value to Store: {.timestamp = 10530554521920, .areaId = 0, .prop = 557850632, .status = AVAILABLE, .value = {.int32Values = [1]{0}, .floatValues = [0]{}, .int64Values = [0]{}, .bytes = [0]{}, .stringValue = ""}}
12-30 11:33:14.732   398   464 I DefaultVehicleHal_v2_0: DefaultVehicleHal::onPropertyValue, value:{.timestamp = 10530554521920, .areaId = 0, .prop = 557850632, .status = AVAILABLE, .value = {.int32Values = [1]{0}, .floatValues = [0]{}, .int64Values = [0]{}, .bytes = [0]{}, .stringValue = ""}}
12-30 11:33:14.732   398   464 D DiagPropHandler: is not DiagnosticConfig: 0x21402008
12-30 11:33:14.732   398   464 I VehiclePropertyStore: begin to write value to Store: {.timestamp = 10530554521920, .areaId = 0, .prop = 557850632, .status = AVAILABLE, .value = {.int32Values = [1]{0}, .floatValues = [0]{}, .int64Values = [0]{}, .bytes = [0]{}, .stringValue = ""}}
12-30 11:33:14.732   398   464 D adayocomadapter-CommunicationManager: onUpstreamReceive mPropertyId 0x21402008
12-30 11:33:14.748   360   931 D EvsDriver: forwardFrame
12-30 11:33:14.748   360   931 D EvsDriver: forwardFrameDirect
12-30 11:33:14.748   360   931 D EvsDriver: Delivered 0xb400e2ca9e40e270 as id 0
12-30 11:33:14.748   359   359 D evsmanagerd: /dev/video-evs0 forwarded the buffer #0 to 0xb400f125d2b26dd0 from 0xb400f125e2b20710
12-30 11:33:14.749   360   458 D EvsDriver: doneWithFrame
12-30 11:33:14.751   596  3076 E WifiHAL : Invalid data received from driver
12-30 11:33:14.758  2358  2623 D RcfController: Rcf proxy is not connected!
12-30 11:33:14.781   360   931 I EvsDriver: /dev/video-evs0 VideoCapture fps 30.0005
12-30 11:33:14.781   360   931 D EvsDriver: forwardFrame
12-30 11:33:14.781   360   931 D EvsDriver: forwardFrameDirect
12-30 11:33:14.782   360   931 D EvsDriver: Delivered 0xb400e2ca9e40d4b0 as id 1
12-30 11:33:14.782   359   359 D evsmanagerd: /dev/video-evs0 forwarded the buffer #1 to 0xb400f125d2b26dd0 from 0xb400f125e2b20710
12-30 11:33:14.790   360   458 D EvsDriver: doneWithFrame
12-30 11:33:14.808  2358  2623 D RcfController: Rcf proxy is not connected!
12-30 11:33:14.815   360   931 D EvsDriver: forwardFrame
12-30 11:33:14.815   360   931 D EvsDriver: forwardFrameDirect
12-30 11:33:14.815   360   931 D EvsDriver: Delivered 0xb400e2ca9e40c2d0 as id 0
12-30 11:33:14.815   359   359 D evsmanagerd: /dev/video-evs0 forwarded the buffer #0 to 0xb400f125d2b26dd0 from 0xb400f125e2b20710
12-30 11:33:14.820   360   458 D EvsDriver: doneWithFrame
12-30 11:33:14.843   596  3076 E WifiHAL : Invalid data received from driver
12-30 11:33:14.848   360   931 D EvsDriver: forwardFrame
12-30 11:33:14.848   360   931 D EvsDriver: forwardFrameDirect
12-30 11:33:14.849   360   931 D EvsDriver: Delivered 0xb400e2ca9e40d090 as id 1
12-30 11:33:14.849   359   359 D evsmanagerd: /dev/video-evs0 forwarded the buffer #1 to 0xb400f125d2b26dd0 from 0xb400f125e2b20710
12-30 11:33:14.850   360   458 D EvsDriver: doneWithFrame
12-30 11:33:14.859  2358  2623 D RcfController: Rcf proxy is not connected!
12-30 11:33:14.873   916  1263 D InputReader: BatchSize: 9 Count: 9
12-30 11:33:14.874   916  1263 D InputReader: Input event: eventHubDevice=1 type=EV_ABS code=ABS_MT_TRACKING_ID value=977 when=10530695709000
12-30 11:33:14.874   916  1263 D InputReader: Input event: eventHubDevice=1 type=EV_ABS code=ABS_MT_POSITION_X value=1060 when=10530695709000
12-30 11:33:14.874   916  1263 D InputReader: Input event: eventHubDevice=1 type=EV_ABS code=ABS_MT_POSITION_Y value=822 when=10530695709000
12-30 11:33:14.874   916  1263 D InputReader: Input event: eventHubDevice=1 type=EV_ABS code=ABS_MT_TOUCH_MAJOR value=9 when=10530695709000
12-30 11:33:14.874   916  1263 D InputReader: Input event: eventHubDevice=1 type=EV_ABS code=ABS_MT_WIDTH_MAJOR value=9 when=10530695709000
12-30 11:33:14.874   916  1263 D InputReader: Input event: eventHubDevice=1 type=EV_KEY code=BTN_TOUCH value=DOWN when=10530695709000
12-30 11:33:14.874   916  1263 D InputReader: Input event: eventHubDevice=1 type=EV_ABS code=ABS_X value=1060 when=10530695709000
12-30 11:33:14.874   916  1263 D InputReader: Input event: eventHubDevice=1 type=EV_ABS code=ABS_Y value=822 when=10530695709000
12-30 11:33:14.874   916  1263 D InputReader: Input event: eventHubDevice=1 type=EV_SYN code=SYN_REPORT value=0 when=10530695709000
12-30 11:33:14.874   916  1263 D InputReader: syncTouch: pointerCount 0 -> 1, touching ids 0x00000000 -> 0x80000000, hovering ids 0x00000000 -> 0x00000000, canceled ids 0x00000000
12-30 11:33:14.874   916  1263 D UnwantedInteractionBlocker: notifyMotion: NotifyMotionArgs(id=890932888, eventTime=10530695709000, deviceId=2, source=TOUCHSCREEN, action=DOWN, pointerCount=1 pointers={0: id=0 x=1059.6 y=821.4 pressure=1.0 major=9.0 minor=9.0 orientation=0.0}, flags=0x00000000)
12-30 11:33:14.874   916  1263 D UnwantedInteractionBlocker: enqueueOutboundMotionLocked: NotifyMotionArgs(id=890932888, eventTime=10530695709000, deviceId=2, source=TOUCHSCREEN, action=DOWN, pointerCount=1 pointers={0: id=0 x=1059.6 y=821.4 pressure=1.0 major=9.0 minor=9.0 orientation=0.0}, flags=0x00000000)
12-30 11:33:14.874   916  1263 D InputDispatcher: notifyMotion - id=351a8e98 eventTime=10530695709000, deviceId=2, source=TOUCHSCREEN, displayId=0, policyFlags=0x0, action=DOWN, actionButton=0x0, flags=0x0, metaState=0x0, buttonState=0x0, edgeFlags=0x0, xPrecision=1.000391, yPrecision=1.000695, xCursorPosition=nan, yCursorPosition=nan, downTime=10530695709000
12-30 11:33:14.874   916  1263 D InputDispatcher:   Pointer 0: id=0, toolType=FINGER, x=1059.586060, y=821.429565, pressure=1.000000, size=0.035294, touchMajor=8.995120, touchMinor=8.995120, toolMajor=8.995120, toolMinor=8.995120, orientation=0.000000
12-30 11:33:14.874   916  1263 I InputVerifier: input: Processing DOWN for device DeviceId(2) (1 pointer) on display 0
12-30 11:33:14.874   916  1262 D InputDispatcher: dispatchMotion - eventTime=10530695709000, deviceId=2, source=TOUCHSCREEN, displayId=0, policyFlags=0x62000000, action=DOWN, actionButton=0x0, flags=0x0, metaState=0x0, buttonState=0x0,edgeFlags=0x0, xPrecision=1.000391, yPrecision=1.000695, downTime=10530695709000
12-30 11:33:14.874   916  1262 D InputDispatcher:   Pointer 0: id=0, toolType=FINGER, x=1059.586060, y=821.429565, pressure=1.000000, size=0.035294, touchMajor=8.995120, touchMinor=8.995120, toolMajor=8.995120, toolMinor=8.995120, orientation=0.000000
12-30 11:33:14.874   916  1262 D InputDispatcher: dispatchEventToCurrentInputTargets
12-30 11:33:14.875   916  1262 I input_interaction: Interaction with: 7d7903b com.fawvw.hmi.btmusic/com.fawvw.hmi.btmusic.ui.MainActivity (server), PointerEventDispatcher0 (server), 
12-30 11:33:14.875   916  1262 D InputDispatcher: channel 'a3d1c2b MosiCarBottomSystemBar (server)' ~ prepareDispatchCycle - flags=ZERO_COORDS | DISPATCH_AS_OUTSIDE, globalScaleFactor=1.000000, pointerIds=<none> 
12-30 11:33:14.875   916  1262 D InputDispatcher:         default (ROT_0) (TRANSLATE)
12-30 11:33:14.875   916  1262 D InputDispatcher:             1.0000  0.0000  -0.0000
12-30 11:33:14.875   916  1262 D InputDispatcher:             0.0000  1.0000  -1312.0000
12-30 11:33:14.875   916  1262 D InputDispatcher:             0.0000  0.0000  1.0000
12-30 11:33:14.875   916  1262 D InputDispatcher: channel 'a3d1c2b MosiCarBottomSystemBar (server)' ~ startDispatchCycle
12-30 11:33:14.875   916  1262 D InputDispatcher: Publishing DispatchEntry{resolvedAction=OUTSIDE, resolvedFlags=0, targetFlags=ZERO_COORDS | DISPATCH_AS_OUTSIDE, transform=transform (ROT_0) (TRANSLATE)
12-30 11:33:14.875   916  1262 D InputDispatcher:     1.0000  0.0000  -0.0000
12-30 11:33:14.875   916  1262 D InputDispatcher:     0.0000  1.0000  -1312.0000
12-30 11:33:14.875   916  1262 D InputDispatcher:     0.0000  0.0000  1.0000
12-30 11:33:14.875   916  1262 D InputDispatcher: } original: MotionEvent(deviceId=2, eventTime=10530695709000, source=TOUCHSCREEN, displayId=0, action=DOWN, actionButton=0x00000000, flags=0x00000000, metaState=0x00000000, buttonState=0x00000000, classification=NONE, edgeFlags=0x00000000, xPrecision=1.0, yPrecision=1.0, xCursorPosition=nan, yCursorPosition=nan, pointers=[0: (1059.6, 821.4)]), policyFlags=0x62000000 to a3d1c2b MosiCarBottomSystemBar (server)
12-30 11:33:14.875   916  1262 I InputVerifier: input: Processing OUTSIDE for device DeviceId(2) (1 pointer) on a3d1c2b MosiCarBottomSystemBar (server)
12-30 11:33:14.875   916  1262 D InputTransport: channel 'a3d1c2b MosiCarBottomSystemBar (server)' publisher ~ publishMotionEvent: seq=21005, id=2106531958, deviceId=2, source=TOUCHSCREEN, displayId=0, action=OUTSIDE, actionButton=0x00000000, flags=0x0, edgeFlags=0x0, metaState=0x0, buttonState=0x0, classification=NONE,xPrecision=1.000391, yPrecision=1.000695, downTime=10530695709000, eventTime=10530695709000, pointerCount=1 
12-30 11:33:14.875   916  1262 D InputTransport:         transform (ROT_0) (TRANSLATE)
12-30 11:33:14.875   916  1262 D InputTransport:             1.0000  0.0000  -0.0000
12-30 11:33:14.875   916  1262 D InputTransport:             0.0000  1.0000  -1312.0000
12-30 11:33:14.875   916  1262 D InputTransport:             0.0000  0.0000  1.0000
12-30 11:33:14.875   916  1262 D InputTransport: channel 'a3d1c2b MosiCarBottomSystemBar (server)' ~ sent message of type MOTION
12-30 11:33:14.875   916  1262 D InputDispatcher: channel 'fe7c667 MosiCarTopSystemBar (server)' ~ prepareDispatchCycle - flags=ZERO_COORDS | DISPATCH_AS_OUTSIDE, globalScaleFactor=1.000000, pointerIds=<none> 
12-30 11:33:14.875   916  1262 D InputDispatcher:         default (ROT_0) (IDENTITY)
12-30 11:33:14.875   916  1262 D InputDispatcher: channel 'fe7c667 MosiCarTopSystemBar (server)' ~ startDispatchCycle
12-30 11:33:14.875  1702  1702 D InputTransport: channel 'a3d1c2b MosiCarBottomSystemBar (client)' consumer ~ consume: consumeBatches=false, frameTime=-1
12-30 11:33:14.875   916  1262 D InputDispatcher: Publishing DispatchEntry{resolvedAction=OUTSIDE, resolvedFlags=0, targetFlags=ZERO_COORDS | DISPATCH_AS_OUTSIDE, transform=transform (ROT_0) (IDENTITY)
12-30 11:33:14.875   916  1262 D InputDispatcher: } original: MotionEvent(deviceId=2, eventTime=10530695709000, source=TOUCHSCREEN, displayId=0, action=DOWN, actionButton=0x00000000, flags=0x00000000, metaState=0x00000000, buttonState=0x00000000, classification=NONE, edgeFlags=0x00000000, xPrecision=1.0, yPrecision=1.0, xCursorPosition=nan, yCursorPosition=nan, pointers=[0: (1059.6, 821.4)]), policyFlags=0x62000000 to fe7c667 MosiCarTopSystemBar (server)
12-30 11:33:14.875  1702  1702 D InputTransport: channel 'a3d1c2b MosiCarBottomSystemBar (client)' ~ received message of type MOTION
12-30 11:33:14.875   916  1262 I InputVerifier: input: Processing OUTSIDE for device DeviceId(2) (1 pointer) on fe7c667 MosiCarTopSystemBar (server)
12-30 11:33:14.875  1702  1702 D InputTransport: channel 'a3d1c2b MosiCarBottomSystemBar (client)' consumer ~ consumed motion event, seq=21005
12-30 11:33:14.875   916  1262 D InputTransport: channel 'fe7c667 MosiCarTopSystemBar (server)' publisher ~ publishMotionEvent: seq=21006, id=2120014979, deviceId=2, source=TOUCHSCREEN, displayId=0, action=OUTSIDE, actionButton=0x00000000, flags=0x0, edgeFlags=0x0, metaState=0x0, buttonState=0x0, classification=NONE,xPrecision=1.000391, yPrecision=1.000695, downTime=10530695709000, eventTime=10530695709000, pointerCount=1 
12-30 11:33:14.875   916  1262 D InputTransport:         transform (ROT_0) (IDENTITY)
12-30 11:33:14.875   916  1262 D InputTransport: channel 'fe7c667 MosiCarTopSystemBar (server)' ~ sent message of type MOTION
12-30 11:33:14.875   916  1262 D InputDispatcher: channel '7d7903b com.fawvw.hmi.btmusic/com.fawvw.hmi.btmusic.ui.MainActivity (server)' ~ prepareDispatchCycle - flags=FOREGROUND | SPLIT | DISPATCH_AS_IS, globalScaleFactor=1.000000, pointerIds=00000000000000000000000000000001 
12-30 11:33:14.875   916  1262 D InputDispatcher:         pointerId 0: (ROT_0) (TRANSLATE)
12-30 11:33:14.875   916  1262 D InputDispatcher:             1.0000  -0.0000  -922.0000
12-30 11:33:14.875   916  1262 D InputDispatcher:             -0.0000  1.0000  -328.0000
12-30 11:33:14.875   916  1262 D InputDispatcher:             0.0000  0.0000  1.0000
12-30 11:33:14.875  1702  1702 D InputTransport: channel 'a3d1c2b MosiCarBottomSystemBar (client)' consumer ~ sendFinishedSignal: seq=21005, handled=false
12-30 11:33:14.875   916  1262 D InputDispatcher: channel '7d7903b com.fawvw.hmi.btmusic/com.fawvw.hmi.btmusic.ui.MainActivity (server)' ~ startDispatchCycle
12-30 11:33:14.875  1702  1702 D InputTransport: channel 'a3d1c2b MosiCarBottomSystemBar (client)' ~ sent message of type FINISHED
12-30 11:33:14.875  1702  1702 D InputTransport: channel 'a3d1c2b MosiCarBottomSystemBar (client)' consumer ~ consume: consumeBatches=false, frameTime=-1
12-30 11:33:14.875  1702  1702 D InputTransport: channel 'a3d1c2b MosiCarBottomSystemBar (client)' ~ receive message failed, errno=11
12-30 11:33:14.875   916  1262 D InputDispatcher: Publishing DispatchEntry{resolvedAction=DOWN, resolvedFlags=0, targetFlags=FOREGROUND | SPLIT | DISPATCH_AS_IS, transform=transform (ROT_0) (TRANSLATE)
12-30 11:33:14.875   916  1262 D InputDispatcher:     1.0000  -0.0000  -922.0000
12-30 11:33:14.875   916  1262 D InputDispatcher:     -0.0000  1.0000  -328.0000
12-30 11:33:14.875   916  1262 D InputDispatcher:     0.0000  0.0000  1.0000
12-30 11:33:14.875   916  1262 D InputDispatcher: } original: MotionEvent(deviceId=2, eventTime=10530695709000, source=TOUCHSCREEN, displayId=0, action=DOWN, actionButton=0x00000000, flags=0x00000000, metaState=0x00000000, buttonState=0x00000000, classification=NONE, edgeFlags=0x00000000, xPrecision=1.0, yPrecision=1.0, xCursorPosition=nan, yCursorPosition=nan, pointers=[0: (1059.6, 821.4)]), policyFlags=0x62000000 to 7d7903b com.fawvw.hmi.btmusic/com.fawvw.hmi.btmusic.ui.MainActivity (server)
12-30 11:33:14.875  1702  1702 D InputTransport: channel 'fe7c667 MosiCarTopSystemBar (client)' consumer ~ consume: consumeBatches=false, frameTime=-1
12-30 11:33:14.875   916  1262 I InputVerifier: input: Processing DOWN for device DeviceId(2) (1 pointer) on 7d7903b com.fawvw.hmi.btmusic/com.fawvw.hmi.btmusic.ui.MainActivity (server)
12-30 11:33:14.875  1702  1702 D InputTransport: channel 'fe7c667 MosiCarTopSystemBar (client)' ~ received message of type MOTION
12-30 11:33:14.875  1702  1702 D InputTransport: channel 'fe7c667 MosiCarTopSystemBar (client)' consumer ~ consumed motion event, seq=21006
12-30 11:33:14.875   916  1262 D InputTransport: channel '7d7903b com.fawvw.hmi.btmusic/com.fawvw.hmi.btmusic.ui.MainActivity (server)' publisher ~ publishMotionEvent: seq=21007, id=890932888, deviceId=2, source=TOUCHSCREEN, displayId=0, action=DOWN, actionButton=0x00000000, flags=0x0, edgeFlags=0x0, metaState=0x0, buttonState=0x0, classification=NONE,xPrecision=1.000391, yPrecision=1.000695, downTime=10530695709000, eventTime=10530695709000, pointerCount=1 
12-30 11:33:14.875   916  1262 D InputTransport:         transform (ROT_0) (TRANSLATE)
12-30 11:33:14.875   916  1262 D InputTransport:             1.0000  -0.0000  -922.0000
12-30 11:33:14.875   916  1262 D InputTransport:             -0.0000  1.0000  -328.0000
12-30 11:33:14.875   916  1262 D InputTransport:             0.0000  0.0000  1.0000
12-30 11:33:14.876  1702  1702 D InputTransport: channel 'fe7c667 MosiCarTopSystemBar (client)' consumer ~ sendFinishedSignal: seq=21006, handled=false
12-30 11:33:14.876   916  1262 D InputTransport: channel '7d7903b com.fawvw.hmi.btmusic/com.fawvw.hmi.btmusic.ui.MainActivity (server)' ~ sent message of type MOTION
12-30 11:33:14.876  1702  1702 D InputTransport: channel 'fe7c667 MosiCarTopSystemBar (client)' ~ sent message of type FINISHED
12-30 11:33:14.876   916  1262 D InputDispatcher: channel 'PointerEventDispatcher0 (server)' ~ prepareDispatchCycle - flags=DISPATCH_AS_IS, globalScaleFactor=1.000000, pointerIds=<none> 
12-30 11:33:14.876   916  1262 D InputDispatcher:         default (ROT_0) (IDENTITY)
12-30 11:33:14.876  1702  1702 D InputTransport: channel 'fe7c667 MosiCarTopSystemBar (client)' consumer ~ consume: consumeBatches=false, frameTime=-1
12-30 11:33:14.876   916  1262 D InputDispatcher: channel 'PointerEventDispatcher0 (server)' ~ startDispatchCycle
12-30 11:33:14.876  1702  1702 D InputTransport: channel 'fe7c667 MosiCarTopSystemBar (client)' ~ receive message failed, errno=11
12-30 11:33:14.876   916  1262 D InputDispatcher: Publishing DispatchEntry{resolvedAction=DOWN, resolvedFlags=0, targetFlags=DISPATCH_AS_IS, transform=transform (ROT_0) (IDENTITY)
12-30 11:33:14.876   916  1262 D InputDispatcher: } original: MotionEvent(deviceId=2, eventTime=10530695709000, source=TOUCHSCREEN, displayId=0, action=DOWN, actionButton=0x00000000, flags=0x00000000, metaState=0x00000000, buttonState=0x00000000, classification=NONE, edgeFlags=0x00000000, xPrecision=1.0, yPrecision=1.0, xCursorPosition=nan, yCursorPosition=nan, pointers=[0: (1059.6, 821.4)]), policyFlags=0x62000000 to PointerEventDispatcher0 (server)
12-30 11:33:14.876   916  1262 I InputVerifier: input: Processing DOWN for device DeviceId(2) (1 pointer) on PointerEventDispatcher0 (server)
12-30 11:33:14.876   916  1262 D InputTransport: channel 'PointerEventDispatcher0 (server)' publisher ~ publishMotionEvent: seq=21008, id=890932888, deviceId=2, source=TOUCHSCREEN, displayId=0, action=DOWN, actionButton=0x00000000, flags=0x0, edgeFlags=0x0, metaState=0x0, buttonState=0x0, classification=NONE,xPrecision=1.000391, yPrecision=1.000695, downTime=10530695709000, eventTime=10530695709000, pointerCount=1 
12-30 11:33:14.876   916  1262 D InputTransport:         transform (ROT_0) (IDENTITY)
12-30 11:33:14.876   916  1262 D InputTransport: channel 'PointerEventDispatcher0 (server)' ~ sent message of type MOTION
12-30 11:33:14.876   916  1070 D InputTransport: channel 'PointerEventDispatcher0 (client)' consumer ~ consume: consumeBatches=false, frameTime=-1
12-30 11:33:14.876   916  1070 D InputTransport: channel 'PointerEventDispatcher0 (client)' ~ received message of type MOTION
12-30 11:33:14.876   916  1070 D InputTransport: channel 'PointerEventDispatcher0 (client)' consumer ~ consumed motion event, seq=21008
12-30 11:33:14.876   916  1070 D VelocityTracker: VelocityTracker: addMovement eventTime=10530695709000, pointerId=0, activePointerId=0
12-30 11:33:14.876   916  1070 D VelocityTracker:   0: axis=0, position=1059.586, estimator (degree=0, coeff=[ 1059.585938 ], confidence=1.000000)
12-30 11:33:14.876   916  1070 D VelocityTracker: VelocityTracker: addMovement eventTime=10530695709000, pointerId=0, activePointerId=0
12-30 11:33:14.876   916  1070 D VelocityTracker:   0: axis=1, position=821.430, estimator (degree=0, coeff=[ 821.429688 ], confidence=1.000000)
12-30 11:33:14.876   916  1070 D InputTransport: channel 'PointerEventDispatcher0 (client)' consumer ~ sendFinishedSignal: seq=21008, handled=false
12-30 11:33:14.876   916  1070 D InputTransport: channel 'PointerEventDispatcher0 (client)' ~ sent message of type FINISHED
12-30 11:33:14.876   916  1070 D InputTransport: channel 'PointerEventDispatcher0 (client)' consumer ~ consume: consumeBatches=false, frameTime=-1
12-30 11:33:14.876   916  1070 D InputTransport: channel 'PointerEventDispatcher0 (client)' ~ receive message failed, errno=11
12-30 11:33:14.877   916  1262 D InputTransport: channel 'a3d1c2b MosiCarBottomSystemBar (server)' ~ received message of type FINISHED
12-30 11:33:14.877   916  1262 D InputTransport: channel 'a3d1c2b MosiCarBottomSystemBar (server)' publisher ~ receiveConsumerResponse: finished: seq=21005, handled=false
12-30 11:33:14.877   916  1262 D InputDispatcher: channel 'a3d1c2b MosiCarBottomSystemBar (server)' ~ finishDispatchCycle - seq=21005, handled=false
12-30 11:33:14.877   916  1262 D InputTransport: channel 'a3d1c2b MosiCarBottomSystemBar (server)' ~ receive message failed, errno=11
12-30 11:33:14.877   916  1262 D InputTransport: channel 'a3d1c2b MosiCarBottomSystemBar (server)' publisher ~ receiveConsumerResponse: Unknown error -11
12-30 11:33:14.877   916  1262 D InputDispatcher: channel 'a3d1c2b MosiCarBottomSystemBar (server)' ~ startDispatchCycle
12-30 11:33:14.877   916  1262 D InputTransport: channel 'fe7c667 MosiCarTopSystemBar (server)' ~ received message of type FINISHED
12-30 11:33:14.877   916  1262 D InputTransport: channel 'fe7c667 MosiCarTopSystemBar (server)' publisher ~ receiveConsumerResponse: finished: seq=21006, handled=false
12-30 11:33:14.877   916  1262 D InputDispatcher: channel 'fe7c667 MosiCarTopSystemBar (server)' ~ finishDispatchCycle - seq=21006, handled=false
12-30 11:33:14.877   916  1262 D InputTransport: channel 'fe7c667 MosiCarTopSystemBar (server)' ~ receive message failed, errno=11
12-30 11:33:14.877   916  1262 D InputTransport: channel 'fe7c667 MosiCarTopSystemBar (server)' publisher ~ receiveConsumerResponse: Unknown error -11
12-30 11:33:14.877   916  1262 D InputDispatcher: channel 'fe7c667 MosiCarTopSystemBar (server)' ~ startDispatchCycle
12-30 11:33:14.877   916  1262 D InputTransport: channel 'PointerEventDispatcher0 (server)' ~ received message of type FINISHED
12-30 11:33:14.877   916  1262 D InputTransport: channel 'PointerEventDispatcher0 (server)' publisher ~ receiveConsumerResponse: finished: seq=21008, handled=false
12-30 11:33:14.877   916  1262 D InputDispatcher: channel 'PointerEventDispatcher0 (server)' ~ finishDispatchCycle - seq=21008, handled=false
