12-30 11:33:11.340   398   464 D adayocomadapter-CommunicationManager: onUpstreamReceive mPropertyId 0x21402041
12-30 11:33:11.340   398   464 D adayocomadapter-CommunicationManager: convertBytesToInt32Memcpy  0
12-30 11:33:11.340   398   464 I vw-vhal : notifyVehicleProperty, propId = 0x21402041, data = {status: 2, int32Values: [0]}
12-30 11:33:11.340   398   464 I vw-vhal : CanSignalsAdapter::notifyVehicleProperty: solvedValue = {.timestamp = 10527162175252, .areaId = 0, .prop = 557850689, .status = AVAILABLE, .value = {.int32Values = [1]{0}, .floatValues = [0]{}, .int64Values = [0]{}, .bytes = [0]{}, .stringValue = ""}}
12-30 11:33:11.340   398   464 I VehiclePropertyStore: begin to write value to Store: {.timestamp = 10527162175252, .areaId = 0, .prop = 557850689, .status = AVAILABLE, .value = {.int32Values = [1]{0}, .floatValues = [0]{}, .int64Values = [0]{}, .bytes = [0]{}, .stringValue = ""}}
12-30 11:33:11.340   398   464 I DefaultVehicleHal_v2_0: DefaultVehicleHal::onPropertyValue, value:{.timestamp = 10527162175252, .areaId = 0, .prop = 557850689, .status = AVAILABLE, .value = {.int32Values = [1]{0}, .floatValues = [0]{}, .int64Values = [0]{}, .bytes = [0]{}, .stringValue = ""}}
12-30 11:33:11.340   398   464 D DiagPropHandler: is not DiagnosticConfig: 0x21402041
12-30 11:33:11.340   398   464 I VehiclePropertyStore: begin to write value to Store: {.timestamp = 10527162175252, .areaId = 0, .prop = 557850689, .status = AVAILABLE, .value = {.int32Values = [1]{0}, .floatValues = [0]{}, .int64Values = [0]{}, .bytes = [0]{}, .stringValue = ""}}
12-30 11:33:11.340   398   464 D adayocomadapter-CommunicationManager: onUpstreamReceive mPropertyId 0x21402041
12-30 11:33:11.340   398   464 D adayocomadapter-CommunicationManager: onUpstreamReceive mPropertyId 0x21402045
12-30 11:33:11.340   398   464 D adayocomadapter-CommunicationManager: convertBytesToInt32Memcpy  0
12-30 11:33:11.340   398   464 I vw-vhal : notifyVehicleProperty, propId = 0x21402045, data = {status: 2, int32Values: [0]}
12-30 11:33:11.340   398   464 I vw-vhal : CanSignalsAdapter::notifyVehicleProperty: solvedValue = {.timestamp = 10527162380252, .areaId = 0, .prop = 557850693, .status = AVAILABLE, .value = {.int32Values = [1]{0}, .floatValues = [0]{}, .int64Values = [0]{}, .bytes = [0]{}, .stringValue = ""}}
12-30 11:33:11.340   398   464 I VehiclePropertyStore: begin to write value to Store: {.timestamp = 10527162380252, .areaId = 0, .prop = 557850693, .status = AVAILABLE, .value = {.int32Values = [1]{0}, .floatValues = [0]{}, .int64Values = [0]{}, .bytes = [0]{}, .stringValue = ""}}
12-30 11:33:11.340   398   464 I DefaultVehicleHal_v2_0: DefaultVehicleHal::onPropertyValue, value:{.timestamp = 10527162380252, .areaId = 0, .prop = 557850693, .status = AVAILABLE, .value = {.int32Values = [1]{0}, .floatValues = [0]{}, .int64Values = [0]{}, .bytes = [0]{}, .stringValue = ""}}
12-30 11:33:11.340   398   464 D DiagPropHandler: is not DiagnosticConfig: 0x21402045
12-30 11:33:11.340   398   464 I VehiclePropertyStore: begin to write value to Store: {.timestamp = 10527162380252, .areaId = 0, .prop = 557850693, .status = AVAILABLE, .value = {.int32Values = [1]{0}, .floatValues = [0]{}, .int64Values = [0]{}, .bytes = [0]{}, .stringValue = ""}}
12-30 11:33:11.340   398   464 D adayocomadapter-CommunicationManager: onUpstreamReceive mPropertyId 0x21402045
12-30 11:33:11.340   398   464 D adayocomadapter-CommunicationManager: onUpstreamReceive mPropertyId 0x2140204d
12-30 11:33:11.340   398   464 D adayocomadapter-CommunicationManager: convertBytesToInt32Memcpy  0
12-30 11:33:11.340   398   464 I vw-vhal : notifyVehicleProperty, propId = 0x2140204d, data = {status: 2, int32Values: [0]}
12-30 11:33:11.340   398   464 I vw-vhal : CanSignalsAdapter::notifyVehicleProperty: solvedValue = {.timestamp = 10527162581586, .areaId = 0, .prop = 557850701, .status = AVAILABLE, .value = {.int32Values = [1]{0}, .floatValues = [0]{}, .int64Values = [0]{}, .bytes = [0]{}, .stringValue = ""}}
12-30 11:33:11.340   398   464 I VehiclePropertyStore: begin to write value to Store: {.timestamp = 10527162581586, .areaId = 0, .prop = 557850701, .status = AVAILABLE, .value = {.int32Values = [1]{0}, .floatValues = [0]{}, .int64Values = [0]{}, .bytes = [0]{}, .stringValue = ""}}
12-30 11:33:11.340   398   464 I DefaultVehicleHal_v2_0: DefaultVehicleHal::onPropertyValue, value:{.timestamp = 10527162581586, .areaId = 0, .prop = 557850701, .status = AVAILABLE, .value = {.int32Values = [1]{0}, .floatValues = [0]{}, .int64Values = [0]{}, .bytes = [0]{}, .stringValue = ""}}
12-30 11:33:11.340   398   464 D DiagPropHandler: is not DiagnosticConfig: 0x2140204d
12-30 11:33:11.340   398   464 I VehiclePropertyStore: begin to write value to Store: {.timestamp = 10527162581586, .areaId = 0, .prop = 557850701, .status = AVAILABLE, .value = {.int32Values = [1]{0}, .floatValues = [0]{}, .int64Values = [0]{}, .bytes = [0]{}, .stringValue = ""}}
12-30 11:33:11.340   398   464 D adayocomadapter-CommunicationManager: onUpstreamReceive mPropertyId 0x2140204d
12-30 11:33:11.340   398   464 D adayocomadapter-CommunicationManager: onUpstreamReceive mPropertyId 0x2140220b
12-30 11:33:11.340   398   464 D adayocomadapter-CommunicationManager: convertBytesToInt32Memcpy  0
12-30 11:33:11.340   398   464 I vw-vhal : notifyVehicleProperty, propId = 0x2140220b, data = {status: 2, int32Values: [0]}
12-30 11:33:11.340   398   464 I vw-vhal : CanSignalsAdapter::notifyVehicleProperty: solvedValue = {.timestamp = 10527162791586, .areaId = 0, .prop = 557851147, .status = AVAILABLE, .value = {.int32Values = [1]{0}, .floatValues = [0]{}, .int64Values = [0]{}, .bytes = [0]{}, .stringValue = ""}}
12-30 11:33:11.340   398   464 I VehiclePropertyStore: begin to write value to Store: {.timestamp = 10527162791586, .areaId = 0, .prop = 557851147, .status = AVAILABLE, .value = {.int32Values = [1]{0}, .floatValues = [0]{}, .int64Values = [0]{}, .bytes = [0]{}, .stringValue = ""}}
12-30 11:33:11.341   398   464 I DefaultVehicleHal_v2_0: DefaultVehicleHal::onPropertyValue, value:{.timestamp = 10527162791586, .areaId = 0, .prop = 557851147, .status = AVAILABLE, .value = {.int32Values = [1]{0}, .floatValues = [0]{}, .int64Values = [0]{}, .bytes = [0]{}, .stringValue = ""}}
12-30 11:33:11.341   398   464 D DiagPropHandler: is not DiagnosticConfig: 0x2140220b
12-30 11:33:11.341   398   464 I VehiclePropertyStore: begin to write value to Store: {.timestamp = 10527162791586, .areaId = 0, .prop = 557851147, .status = AVAILABLE, .value = {.int32Values = [1]{0}, .floatValues = [0]{}, .int64Values = [0]{}, .bytes = [0]{}, .stringValue = ""}}
12-30 11:33:11.341   398   464 D adayocomadapter-CommunicationManager: onUpstreamReceive mPropertyId 0x2140220b
12-30 11:33:11.341   398   464 D adayocomadapter-UpstreamHandler: processPacket UPSTREAM_QUEUE_DATA_TIMEOUT
12-30 11:33:11.341   398   464 D adayocomadapter-ParseProtocolFunc: parseCommonIPCLBytes Processing tableNumber[27]
12-30 11:33:11.341   398   464 D adayocomadapter-ParseProtocolFunc: parseCommonIPCLBytes Processing tablename[Table-27] tableSize[37]
12-30 11:33:11.341   398   464 D adayocomadapter-ParseProtocolFunc: printRaWMsg Name[byteStream recv] len[37] data[1B4A503130333531353242204A503130333531353242204130310000000000000000000000]
12-30 11:33:11.341   398   464 D adayocomadapter-ParseProtocolFunc: printRaWMsg Name[IPCLtoVHAL] len[16] data[21414157014A50313033353135324220]
12-30 11:33:11.341   398   464 D adayocomadapter-ParseProtocolFunc: printRaWMsg Name[IPCLtoVHAL] len[16] data[21414158014A50313033353135324220]
12-30 11:33:11.341   398   464 D adayocomadapter-ParseProtocolFunc: printRaWMsg Name[IPCLtoVHAL] len[8] data[2141415901413031]
12-30 11:33:11.341   398   464 D adayocomadapter-ParseProtocolFunc: printRaWMsg Name[IPCLtoVHAL] len[16] data[2141415A010000000000000000000000]
12-30 11:33:11.341   398   464 D adayocomadapter-CommunicationManager: onUpstreamReceive mPropertyId 0x21414157
12-30 11:33:11.341   398   464 D adayocomadapter-CommunicationManager: writeValue id=[557924695]
12-30 11:33:11.341   398   464 D adayocomadapter-VehiclePropertyStore: writeValue id=[557924695]
12-30 11:33:11.341   398   464 I vw-vhal : notifyVehicleProperty, propId = 0x21414157, data = {status: 2, int32Values: [74, 80, 49, 48, 51, 53, 49, 53, 50, 66, 32]}
12-30 11:33:11.341   398   464 I vw-vhal : CanSignalsAdapter::notifyDiagProperty: propId = 0x21414157, data = {status: 2, int32Values: [74, 80, 49, 48, 51, 53, 49, 53, 50, 66, 32]}
12-30 11:33:11.341   398   464 I vw-vhal : CanSignalsAdapter::notifyVehicleProperty: solvedValue = {.timestamp = 10527163312919, .areaId = 0, .prop = 557924695, .status = AVAILABLE, .value = {.int32Values = [11]{74, 80, 49, 48, 51, 53, 49, 53, 50, 66, 32}, .floatValues = [0]{}, .int64Values = [0]{}, .bytes = [0]{}, .stringValue = ""}}
12-30 11:33:11.341   398   464 I VehiclePropertyStore: begin to write value to Store: {.timestamp = 10527163312919, .areaId = 0, .prop = 557924695, .status = AVAILABLE, .value = {.int32Values = [11]{74, 80, 49, 48, 51, 53, 49, 53, 50, 66, 32}, .floatValues = [0]{}, .int64Values = [0]{}, .bytes = [0]{}, .stringValue = ""}}
12-30 11:33:11.341   398   464 I DefaultVehicleHal_v2_0: DefaultVehicleHal::onPropertyValue, value:{.timestamp = 10527163312919, .areaId = 0, .prop = 557924695, .status = AVAILABLE, .value = {.int32Values = [11]{74, 80, 49, 48, 51, 53, 49, 53, 50, 66, 32}, .floatValues = [0]{}, .int64Values = [0]{}, .bytes = [0]{}, .stringValue = ""}}
12-30 11:33:11.341   398   464 D DiagPropHandler: isDiagnosticConfig: 0x21414157
12-30 11:33:11.341   398   464 D DefaultVehicleHal_v2_0: onPropertyValue: Diagnostic config property: 0x21414157
12-30 11:33:11.341   398   464 D DiagPropHandler: Processing request for prop: 0x21414157
12-30 11:33:11.341   398   464 D DiagPropHandler: String length: 11, size = 11
12-30 11:33:11.342   682   682 I vendor.fawvw.hardware.persistenceservice: [193][persistence_client_library_prct_access::get_db_context] key VW_Spare_Part_Number is not in RCT,will be stored in cached
12-30 11:33:11.342  2358  2623 D RcfController: Rcf proxy is not connected!
12-30 11:33:11.342   682   682 I vendor.fawvw.hardware.persistenceservice: [39][PersistenceService::setValue]Receive aidl setValue:key is VW_Spare_Part_Number,value is JP1035152B ,serviceid is 2
12-30 11:33:11.342   398   464 D DiagPropHandler: Successfully set property [VW_Spare_Part_Number] = JP1035152B 
12-30 11:33:11.342   398   464 I VehiclePropertyStore: begin to write value to Store: {.timestamp = 10527163312919, .areaId = 0, .prop = 557924695, .status = AVAILABLE, .value = {.int32Values = [11]{74, 80, 49, 48, 51, 53, 49, 53, 50, 66, 32}, .floatValues = [0]{}, .int64Values = [0]{}, .bytes = [0]{}, .stringValue = ""}}
12-30 11:33:11.342   398   464 D adayocomadapter-CommunicationManager: onUpstreamReceive mPropertyId 0x21414157
12-30 11:33:11.342   398   464 D adayocomadapter-CommunicationManager: onUpstreamReceive mPropertyId 0x21414158
12-30 11:33:11.342   398   464 D adayocomadapter-CommunicationManager: writeValue id=[557924696]
12-30 11:33:11.342   398   464 D adayocomadapter-VehiclePropertyStore: writeValue id=[557924696]
12-30 11:33:11.342   398   464 I vw-vhal : notifyVehicleProperty, propId = 0x21414158, data = {status: 2, int32Values: [74, 80, 49, 48, 51, 53, 49, 53, 50, 66, 32]}
12-30 11:33:11.342   398   464 I vw-vhal : CanSignalsAdapter::notifyDiagProperty: propId = 0x21414158, data = {status: 2, int32Values: [74, 80, 49, 48, 51, 53, 49, 53, 50, 66, 32]}
12-30 11:33:11.342   398   464 I vw-vhal : CanSignalsAdapter::notifyVehicleProperty: solvedValue = {.timestamp = 10527164797252, .areaId = 0, .prop = 557924696, .status = AVAILABLE, .value = {.int32Values = [11]{74, 80, 49, 48, 51, 53, 49, 53, 50, 66, 32}, .floatValues = [0]{}, .int64Values = [0]{}, .bytes = [0]{}, .stringValue = ""}}
12-30 11:33:11.343   398   464 I VehiclePropertyStore: begin to write value to Store: {.timestamp = 10527164797252, .areaId = 0, .prop = 557924696, .status = AVAILABLE, .value = {.int32Values = [11]{74, 80, 49, 48, 51, 53, 49, 53, 50, 66, 32}, .floatValues = [0]{}, .int64Values = [0]{}, .bytes = [0]{}, .stringValue = ""}}
12-30 11:33:11.343   398   464 I DefaultVehicleHal_v2_0: DefaultVehicleHal::onPropertyValue, value:{.timestamp = 10527164797252, .areaId = 0, .prop = 557924696, .status = AVAILABLE, .value = {.int32Values = [11]{74, 80, 49, 48, 51, 53, 49, 53, 50, 66, 32}, .floatValues = [0]{}, .int64Values = [0]{}, .bytes = [0]{}, .stringValue = ""}}
12-30 11:33:11.343   398   464 D DiagPropHandler: is not DiagnosticConfig: 0x21414158
12-30 11:33:11.343   398   464 I VehiclePropertyStore: begin to write value to Store: {.timestamp = 10527164797252, .areaId = 0, .prop = 557924696, .status = AVAILABLE, .value = {.int32Values = [11]{74, 80, 49, 48, 51, 53, 49, 53, 50, 66, 32}, .floatValues = [0]{}, .int64Values = [0]{}, .bytes = [0]{}, .stringValue = ""}}
12-30 11:33:11.343   398   464 D adayocomadapter-CommunicationManager: onUpstreamReceive mPropertyId 0x21414158
12-30 11:33:11.343   398   464 D adayocomadapter-CommunicationManager: onUpstreamReceive mPropertyId 0x21414159
12-30 11:33:11.343   398   464 D adayocomadapter-CommunicationManager: writeValue id=[557924697]
12-30 11:33:11.343   398   464 D adayocomadapter-VehiclePropertyStore: writeValue id=[557924697]
12-30 11:33:11.343   398   464 I vw-vhal : notifyVehicleProperty, propId = 0x21414159, data = {status: 2, int32Values: [65, 48, 49]}
12-30 11:33:11.343   398   464 I vw-vhal : CanSignalsAdapter::notifyDiagProperty: propId = 0x21414159, data = {status: 2, int32Values: [65, 48, 49]}
12-30 11:33:11.343   398   464 I vw-vhal : CanSignalsAdapter::notifyVehicleProperty: solvedValue = {.timestamp = 10527165103586, .areaId = 0, .prop = 557924697, .status = AVAILABLE, .value = {.int32Values = [3]{65, 48, 49}, .floatValues = [0]{}, .int64Values = [0]{}, .bytes = [0]{}, .stringValue = ""}}
12-30 11:33:11.343   398   464 I VehiclePropertyStore: begin to write value to Store: {.timestamp = 10527165103586, .areaId = 0, .prop = 557924697, .status = AVAILABLE, .value = {.int32Values = [3]{65, 48, 49}, .floatValues = [0]{}, .int64Values = [0]{}, .bytes = [0]{}, .stringValue = ""}}
12-30 11:33:11.343   398   464 I DefaultVehicleHal_v2_0: DefaultVehicleHal::onPropertyValue, value:{.timestamp = 10527165103586, .areaId = 0, .prop = 557924697, .status = AVAILABLE, .value = {.int32Values = [3]{65, 48, 49}, .floatValues = [0]{}, .int64Values = [0]{}, .bytes = [0]{}, .stringValue = ""}}
12-30 11:33:11.343   398   464 D DiagPropHandler: is not DiagnosticConfig: 0x21414159
12-30 11:33:11.343   398   464 I VehiclePropertyStore: begin to write value to Store: {.timestamp = 10527165103586, .areaId = 0, .prop = 557924697, .status = AVAILABLE, .value = {.int32Values = [3]{65, 48, 49}, .floatValues = [0]{}, .int64Values = [0]{}, .bytes = [0]{}, .stringValue = ""}}
12-30 11:33:11.343   398   464 D adayocomadapter-CommunicationManager: onUpstreamReceive mPropertyId 0x21414159
12-30 11:33:11.343   398   464 D adayocomadapter-CommunicationManager: onUpstreamReceive mPropertyId 0x2141415a
12-30 11:33:11.343   398   464 D adayocomadapter-CommunicationManager: writeValue id=[557924698]
12-30 11:33:11.343   398   464 D adayocomadapter-VehiclePropertyStore: writeValue id=[557924698]
12-30 11:33:11.343   398   464 I vw-vhal : notifyVehicleProperty, propId = 0x2141415a, data = {status: 2, int32Values: [0, 0, 0, 0, 0, 0, 0, 0, 0, 0, 0]}
12-30 11:33:11.343   398   464 I vw-vhal : CanSignalsAdapter::notifyDiagProperty: propId = 0x2141415a, data = {status: 2, int32Values: [0, 0, 0, 0, 0, 0, 0, 0, 0, 0, 0]}
12-30 11:33:11.343   398   464 I vw-vhal : CanSignalsAdapter::notifyVehicleProperty: solvedValue = {.timestamp = 10527165361586, .areaId = 0, .prop = 557924698, .status = AVAILABLE, .value = {.int32Values = [11]{0, 0, 0, 0, 0, 0, 0, 0, 0, 0, 0}, .floatValues = [0]{}, .int64Values = [0]{}, .bytes = [0]{}, .stringValue = ""}}
12-30 11:33:11.343   398   464 I VehiclePropertyStore: begin to write value to Store: {.timestamp = 10527165361586, .areaId = 0, .prop = 557924698, .status = AVAILABLE, .value = {.int32Values = [11]{0, 0, 0, 0, 0, 0, 0, 0, 0, 0, 0}, .floatValues = [0]{}, .int64Values = [0]{}, .bytes = [0]{}, .stringValue = ""}}
12-30 11:33:11.343   398   464 I DefaultVehicleHal_v2_0: DefaultVehicleHal::onPropertyValue, value:{.timestamp = 10527165361586, .areaId = 0, .prop = 557924698, .status = AVAILABLE, .value = {.int32Values = [11]{0, 0, 0, 0, 0, 0, 0, 0, 0, 0, 0}, .floatValues = [0]{}, .int64Values = [0]{}, .bytes = [0]{}, .stringValue = ""}}
12-30 11:33:11.343   398   464 D DiagPropHandler: is not DiagnosticConfig: 0x2141415a
12-30 11:33:11.343   398   464 I VehiclePropertyStore: begin to write value to Store: {.timestamp = 10527165361586, .areaId = 0, .prop = 557924698, .status = AVAILABLE, .value = {.int32Values = [11]{0, 0, 0, 0, 0, 0, 0, 0, 0, 0, 0}, .floatValues = [0]{}, .int64Values = [0]{}, .bytes = [0]{}, .stringValue = ""}}
12-30 11:33:11.343   398   464 D adayocomadapter-CommunicationManager: onUpstreamReceive mPropertyId 0x2141415a
12-30 11:33:11.345   650   729 D fgemcucomm: sd Uart data : 6AA60249C4000292025B
12-30 11:33:11.346   650   729 D fgemcucomm: rev uart=87423,len=23, data : 6AA68149C4000F920200150000000000000000000000BA
12-30 11:33:11.346   398   398 D adayocomadapter-ParseProtocolFunc: printRaWMsg Name[MCUToUPstream recv] len[15] data[920200150000000000000000000000]
12-30 11:33:11.346   398   398 D adayocomadapter-CommunicationManager: onUpstreamback   member[0] dataLength[12] timePoint[10527168]
12-30 11:33:11.346   398   398 D adayocomadapter-ParseProtocolFunc: printRaWMsg Name[onUpstreamback] len[12] data[150000000000000000000000]
12-30 11:33:11.346   398   464 D adayocomadapter-UpstreamHandler: processBeforePacket upSreamtProcessTimePoint[10527168] 
12-30 11:33:11.346   398   464 D adayocomadapter-UpstreamHandler: processPacket UPSTREAM_QUEUE_DATA_TIMEOUT
12-30 11:33:11.346   398   464 D adayocomadapter-ParseProtocolFunc: parseCommonIPCLBytes Processing tableNumber[21]
12-30 11:33:11.346   398   464 D adayocomadapter-ParseProtocolFunc: parseCommonIPCLBytes Processing tablename[Table-21] tableSize[12]
12-30 11:33:11.346   398   464 D adayocomadapter-ParseProtocolFunc: printRaWMsg Name[byteStream recv] len[12] data[150000000000000000000000]
12-30 11:33:11.346   398   464 D adayocomadapter-ParseProtocolFunc: printRaWMsg Name[IPCLtoVHAL] len[6] data[2140208B0000]
12-30 11:33:11.346   398   464 D adayocomadapter-ParseProtocolFunc: printRaWMsg Name[IPCLtoVHAL] len[6] data[214021930000]
12-30 11:33:11.346   398   464 D adayocomadapter-ParseProtocolFunc: printRaWMsg Name[IPCLtoVHAL] len[6] data[2140208C0000]
12-30 11:33:11.346   398   464 D adayocomadapter-ParseProtocolFunc: printRaWMsg Name[IPCLtoVHAL] len[6] data[214021940000]
12-30 11:33:11.346   398   464 D adayocomadapter-ParseProtocolFunc: printRaWMsg Name[IPCLtoVHAL] len[6] data[2140208D0000]
12-30 11:33:11.346   398   464 D adayocomadapter-ParseProtocolFunc: printRaWMsg Name[IPCLtoVHAL] len[6] data[214021950000]
12-30 11:33:11.346   398   464 D adayocomadapter-ParseProtocolFunc: printRaWMsg Name[IPCLtoVHAL] len[6] data[214021920000]
12-30 11:33:11.346   398   464 D adayocomadapter-ParseProtocolFunc: printRaWMsg Name[IPCLtoVHAL] len[6] data[2140208A0000]
12-30 11:33:11.346   398   464 D adayocomadapter-ParseProtocolFunc: printRaWMsg Name[IPCLtoVHAL] len[6] data[214021960000]
12-30 11:33:11.346   398   464 D adayocomadapter-ParseProtocolFunc: printRaWMsg Name[IPCLtoVHAL] len[6] data[214021970000]
12-30 11:33:11.346   398   464 D adayocomadapter-ParseProtocolFunc: printRaWMsg Name[IPCLtoVHAL] len[6] data[214021990000]
12-30 11:33:11.346   398   464 D adayocomadapter-CommunicationManager: onUpstreamReceive mPropertyId 0x2140208b
12-30 11:33:11.346   398   464 D adayocomadapter-CommunicationManager: convertBytesToInt32Memcpy  0
12-30 11:33:11.346   398   464 I vw-vhal : notifyVehicleProperty, propId = 0x2140208b, data = {status: 2, int32Values: [0]}
12-30 11:33:11.346   398   464 I vw-vhal : CanSignalsAdapter::notifyVehicleProperty: solvedValue = {.timestamp = 10527168681252, .areaId = 0, .prop = 557850763, .status = AVAILABLE, .value = {.int32Values = [1]{0}, .floatValues = [0]{}, .int64Values = [0]{}, .bytes = [0]{}, .stringValue = ""}}
12-30 11:33:11.346   398   464 I VehiclePropertyStore: begin to write value to Store: {.timestamp = 10527168681252, .areaId = 0, .prop = 557850763, .status = AVAILABLE, .value = {.int32Values = [1]{0}, .floatValues = [0]{}, .int64Values = [0]{}, .bytes = [0]{}, .stringValue = ""}}
12-30 11:33:11.346   398   464 I DefaultVehicleHal_v2_0: DefaultVehicleHal::onPropertyValue, value:{.timestamp = 10527168681252, .areaId = 0, .prop = 557850763, .status = AVAILABLE, .value = {.int32Values = [1]{0}, .floatValues = [0]{}, .int64Values = [0]{}, .bytes = [0]{}, .stringValue = ""}}
12-30 11:33:11.346   398   464 D DiagPropHandler: is not DiagnosticConfig: 0x2140208b
12-30 11:33:11.346   398   464 I VehiclePropertyStore: begin to write value to Store: {.timestamp = 10527168681252, .areaId = 0, .prop = 557850763, .status = AVAILABLE, .value = {.int32Values = [1]{0}, .floatValues = [0]{}, .int64Values = [0]{}, .bytes = [0]{}, .stringValue = ""}}
12-30 11:33:11.346   398   464 D adayocomadapter-CommunicationManager: onUpstreamReceive mPropertyId 0x2140208b
12-30 11:33:11.347   398   464 D adayocomadapter-CommunicationManager: onUpstreamReceive mPropertyId 0x21402193
12-30 11:33:11.347   398   464 D adayocomadapter-CommunicationManager: convertBytesToInt32Memcpy  0
12-30 11:33:11.347   398   464 I vw-vhal : notifyVehicleProperty, propId = 0x21402193, data = {status: 2, int32Values: [0]}
12-30 11:33:11.347   398   464 I vw-vhal : CanSignalsAdapter::notifyVehicleProperty: solvedValue = {.timestamp = 10527168920919, .areaId = 0, .prop = 557851027, .status = AVAILABLE, .value = {.int32Values = [1]{0}, .floatValues = [0]{}, .int64Values = [0]{}, .bytes = [0]{}, .stringValue = ""}}
12-30 11:33:11.347   398   464 I VehiclePropertyStore: begin to write value to Store: {.timestamp = 10527168920919, .areaId = 0, .prop = 557851027, .status = AVAILABLE, .value = {.int32Values = [1]{0}, .floatValues = [0]{}, .int64Values = [0]{}, .bytes = [0]{}, .stringValue = ""}}
12-30 11:33:11.347   398   464 I DefaultVehicleHal_v2_0: DefaultVehicleHal::onPropertyValue, value:{.timestamp = 10527168920919, .areaId = 0, .prop = 557851027, .status = AVAILABLE, .value = {.int32Values = [1]{0}, .floatValues = [0]{}, .int64Values = [0]{}, .bytes = [0]{}, .stringValue = ""}}
12-30 11:33:11.347   398   464 D DiagPropHandler: is not DiagnosticConfig: 0x21402193
12-30 11:33:11.347   398   464 I VehiclePropertyStore: begin to write value to Store: {.timestamp = 10527168920919, .areaId = 0, .prop = 557851027, .status = AVAILABLE, .value = {.int32Values = [1]{0}, .floatValues = [0]{}, .int64Values = [0]{}, .bytes = [0]{}, .stringValue = ""}}
12-30 11:33:11.347   398   464 D adayocomadapter-CommunicationManager: onUpstreamReceive mPropertyId 0x21402193
12-30 11:33:11.347   398   464 D adayocomadapter-CommunicationManager: onUpstreamReceive mPropertyId 0x2140208c
12-30 11:33:11.347   398   464 D adayocomadapter-CommunicationManager: convertBytesToInt32Memcpy  0
12-30 11:33:11.347   398   464 I vw-vhal : notifyVehicleProperty, propId = 0x2140208c, data = {status: 2, int32Values: [0]}
12-30 11:33:11.347   398   464 I vw-vhal : CanSignalsAdapter::notifyVehicleProperty: solvedValue = {.timestamp = 10527169125586, .areaId = 0, .prop = 557850764, .status = AVAILABLE, .value = {.int32Values = [1]{0}, .floatValues = [0]{}, .int64Values = [0]{}, .bytes = [0]{}, .stringValue = ""}}
12-30 11:33:11.347   398   464 I VehiclePropertyStore: begin to write value to Store: {.timestamp = 10527169125586, .areaId = 0, .prop = 557850764, .status = AVAILABLE, .value = {.int32Values = [1]{0}, .floatValues = [0]{}, .int64Values = [0]{}, .bytes = [0]{}, .stringValue = ""}}
12-30 11:33:11.347   398   464 I DefaultVehicleHal_v2_0: DefaultVehicleHal::onPropertyValue, value:{.timestamp = 10527169125586, .areaId = 0, .prop = 557850764, .status = AVAILABLE, .value = {.int32Values = [1]{0}, .floatValues = [0]{}, .int64Values = [0]{}, .bytes = [0]{}, .stringValue = ""}}
12-30 11:33:11.347   398   464 D DiagPropHandler: is not DiagnosticConfig: 0x2140208c
12-30 11:33:11.347   398   464 I VehiclePropertyStore: begin to write value to Store: {.timestamp = 10527169125586, .areaId = 0, .prop = 557850764, .status = AVAILABLE, .value = {.int32Values = [1]{0}, .floatValues = [0]{}, .int64Values = [0]{}, .bytes = [0]{}, .stringValue = ""}}
12-30 11:33:11.347   398   464 D adayocomadapter-CommunicationManager: onUpstreamReceive mPropertyId 0x2140208c
12-30 11:33:11.347   398   464 D adayocomadapter-CommunicationManager: onUpstreamReceive mPropertyId 0x21402194
12-30 11:33:11.347   398   464 D adayocomadapter-CommunicationManager: convertBytesToInt32Memcpy  0
12-30 11:33:11.347   398   464 I vw-vhal : notifyVehicleProperty, propId = 0x21402194, data = {status: 2, int32Values: [0]}
12-30 11:33:11.347   398   464 I vw-vhal : CanSignalsAdapter::notifyVehicleProperty: solvedValue = {.timestamp = 10527169321919, .areaId = 0, .prop = 557851028, .status = AVAILABLE, .value = {.int32Values = [1]{0}, .floatValues = [0]{}, .int64Values = [0]{}, .bytes = [0]{}, .stringValue = ""}}
12-30 11:33:11.347   398   464 I VehiclePropertyStore: begin to write value to Store: {.timestamp = 10527169321919, .areaId = 0, .prop = 557851028, .status = AVAILABLE, .value = {.int32Values = [1]{0}, .floatValues = [0]{}, .int64Values = [0]{}, .bytes = [0]{}, .stringValue = ""}}
12-30 11:33:11.347   398   464 I DefaultVehicleHal_v2_0: DefaultVehicleHal::onPropertyValue, value:{.timestamp = 10527169321919, .areaId = 0, .prop = 557851028, .status = AVAILABLE, .value = {.int32Values = [1]{0}, .floatValues = [0]{}, .int64Values = [0]{}, .bytes = [0]{}, .stringValue = ""}}
12-30 11:33:11.347   398   464 D DiagPropHandler: is not DiagnosticConfig: 0x21402194
12-30 11:33:11.347   398   464 I VehiclePropertyStore: begin to write value to Store: {.timestamp = 10527169321919, .areaId = 0, .prop = 557851028, .status = AVAILABLE, .value = {.int32Values = [1]{0}, .floatValues = [0]{}, .int64Values = [0]{}, .bytes = [0]{}, .stringValue = ""}}
12-30 11:33:11.347   398   464 D adayocomadapter-CommunicationManager: onUpstreamReceive mPropertyId 0x21402194
12-30 11:33:11.347   398   464 D adayocomadapter-CommunicationManager: onUpstreamReceive mPropertyId 0x2140208d
12-30 11:33:11.347   398   464 D adayocomadapter-CommunicationManager: convertBytesToInt32Memcpy  0
12-30 11:33:11.347   398   464 I vw-vhal : notifyVehicleProperty, propId = 0x2140208d, data = {status: 2, int32Values: [0]}
12-30 11:33:11.347   398   464 I vw-vhal : CanSignalsAdapter::notifyVehicleProperty: solvedValue = {.timestamp = 10527169522252, .areaId = 0, .prop = 557850765, .status = AVAILABLE, .value = {.int32Values = [1]{0}, .floatValues = [0]{}, .int64Values = [0]{}, .bytes = [0]{}, .stringValue = ""}}
12-30 11:33:11.347   398   464 I VehiclePropertyStore: begin to write value to Store: {.timestamp = 10527169522252, .areaId = 0, .prop = 557850765, .status = AVAILABLE, .value = {.int32Values = [1]{0}, .floatValues = [0]{}, .int64Values = [0]{}, .bytes = [0]{}, .stringValue = ""}}
12-30 11:33:11.347   398   464 I DefaultVehicleHal_v2_0: DefaultVehicleHal::onPropertyValue, value:{.timestamp = 10527169522252, .areaId = 0, .prop = 557850765, .status = AVAILABLE, .value = {.int32Values = [1]{0}, .floatValues = [0]{}, .int64Values = [0]{}, .bytes = [0]{}, .stringValue = ""}}
12-30 11:33:11.347   398   464 D DiagPropHandler: is not DiagnosticConfig: 0x2140208d
12-30 11:33:11.347   398   464 I VehiclePropertyStore: begin to write value to Store: {.timestamp = 10527169522252, .areaId = 0, .prop = 557850765, .status = AVAILABLE, .value = {.int32Values = [1]{0}, .floatValues = [0]{}, .int64Values = [0]{}, .bytes = [0]{}, .stringValue = ""}}
12-30 11:33:11.347   398   464 D adayocomadapter-CommunicationManager: onUpstreamReceive mPropertyId 0x2140208d
12-30 11:33:11.347   398   464 D adayocomadapter-CommunicationManager: onUpstreamReceive mPropertyId 0x21402195
12-30 11:33:11.347   398   464 D adayocomadapter-CommunicationManager: convertBytesToInt32Memcpy  0
12-30 11:33:11.347   398   464 I vw-vhal : notifyVehicleProperty, propId = 0x21402195, data = {status: 2, int32Values: [0]}
12-30 11:33:11.347   398   464 I vw-vhal : CanSignalsAdapter::notifyVehicleProperty: solvedValue = {.timestamp = 10527169712586, .areaId = 0, .prop = 557851029, .status = AVAILABLE, .value = {.int32Values = [1]{0}, .floatValues = [0]{}, .int64Values = [0]{}, .bytes = [0]{}, .stringValue = ""}}
12-30 11:33:11.347   398   464 I VehiclePropertyStore: begin to write value to Store: {.timestamp = 10527169712586, .areaId = 0, .prop = 557851029, .status = AVAILABLE, .value = {.int32Values = [1]{0}, .floatValues = [0]{}, .int64Values = [0]{}, .bytes = [0]{}, .stringValue = ""}}
12-30 11:33:11.347   398   464 I DefaultVehicleHal_v2_0: DefaultVehicleHal::onPropertyValue, value:{.timestamp = 10527169712586, .areaId = 0, .prop = 557851029, .status = AVAILABLE, .value = {.int32Values = [1]{0}, .floatValues = [0]{}, .int64Values = [0]{}, .bytes = [0]{}, .stringValue = ""}}
12-30 11:33:11.347   398   464 D DiagPropHandler: is not DiagnosticConfig: 0x21402195
12-30 11:33:11.347   398   464 I VehiclePropertyStore: begin to write value to Store: {.timestamp = 10527169712586, .areaId = 0, .prop = 557851029, .status = AVAILABLE, .value = {.int32Values = [1]{0}, .floatValues = [0]{}, .int64Values = [0]{}, .bytes = [0]{}, .stringValue = ""}}
12-30 11:33:11.347   398   464 D adayocomadapter-CommunicationManager: onUpstreamReceive mPropertyId 0x21402195
12-30 11:33:11.348   398   464 D adayocomadapter-CommunicationManager: onUpstreamReceive mPropertyId 0x21402192
12-30 11:33:11.348   398   464 D adayocomadapter-CommunicationManager: convertBytesToInt32Memcpy  0
12-30 11:33:11.348   398   464 I vw-vhal : notifyVehicleProperty, propId = 0x21402192, data = {status: 2, int32Values: [0]}
12-30 11:33:11.348   398   464 I vw-vhal : CanSignalsAdapter::notifyVehicleProperty: solvedValue = {.timestamp = 10527169901919, .areaId = 0, .prop = 557851026, .status = AVAILABLE, .value = {.int32Values = [1]{0}, .floatValues = [0]{}, .int64Values = [0]{}, .bytes = [0]{}, .stringValue = ""}}
12-30 11:33:11.348   398   464 I VehiclePropertyStore: begin to write value to Store: {.timestamp = 10527169901919, .areaId = 0, .prop = 557851026, .status = AVAILABLE, .value = {.int32Values = [1]{0}, .floatValues = [0]{}, .int64Values = [0]{}, .bytes = [0]{}, .stringValue = ""}}
12-30 11:33:11.348   398   464 I DefaultVehicleHal_v2_0: DefaultVehicleHal::onPropertyValue, value:{.timestamp = 10527169901919, .areaId = 0, .prop = 557851026, .status = AVAILABLE, .value = {.int32Values = [1]{0}, .floatValues = [0]{}, .int64Values = [0]{}, .bytes = [0]{}, .stringValue = ""}}
12-30 11:33:11.348   398   464 D DiagPropHandler: is not DiagnosticConfig: 0x21402192
12-30 11:33:11.348   398   464 I VehiclePropertyStore: begin to write value to Store: {.timestamp = 10527169901919, .areaId = 0, .prop = 557851026, .status = AVAILABLE, .value = {.int32Values = [1]{0}, .floatValues = [0]{}, .int64Values = [0]{}, .bytes = [0]{}, .stringValue = ""}}
12-30 11:33:11.348   398   464 D adayocomadapter-CommunicationManager: onUpstreamReceive mPropertyId 0x21402192
12-30 11:33:11.348   398   464 D adayocomadapter-CommunicationManager: onUpstreamReceive mPropertyId 0x2140208a
12-30 11:33:11.348   398   464 D adayocomadapter-CommunicationManager: convertBytesToInt32Memcpy  0
12-30 11:33:11.348   398   464 I vw-vhal : notifyVehicleProperty, propId = 0x2140208a, data = {status: 2, int32Values: [0]}
12-30 11:33:11.348   398   464 I vw-vhal : CanSignalsAdapter::notifyVehicleProperty: solvedValue = {.timestamp = 10527170097586, .areaId = 0, .prop = 557850762, .status = AVAILABLE, .value = {.int32Values = [1]{0}, .floatValues = [0]{}, .int64Values = [0]{}, .bytes = [0]{}, .stringValue = ""}}
12-30 11:33:11.348   398   464 I VehiclePropertyStore: begin to write value to Store: {.timestamp = 10527170097586, .areaId = 0, .prop = 557850762, .status = AVAILABLE, .value = {.int32Values = [1]{0}, .floatValues = [0]{}, .int64Values = [0]{}, .bytes = [0]{}, .stringValue = ""}}
12-30 11:33:11.348   398   464 I DefaultVehicleHal_v2_0: DefaultVehicleHal::onPropertyValue, value:{.timestamp = 10527170097586, .areaId = 0, .prop = 557850762, .status = AVAILABLE, .value = {.int32Values = [1]{0}, .floatValues = [0]{}, .int64Values = [0]{}, .bytes = [0]{}, .stringValue = ""}}
12-30 11:33:11.348   398   464 D DiagPropHandler: is not DiagnosticConfig: 0x2140208a
12-30 11:33:11.348   398   464 I VehiclePropertyStore: begin to write value to Store: {.timestamp = 10527170097586, .areaId = 0, .prop = 557850762, .status = AVAILABLE, .value = {.int32Values = [1]{0}, .floatValues = [0]{}, .int64Values = [0]{}, .bytes = [0]{}, .stringValue = ""}}
12-30 11:33:11.348   398   464 D adayocomadapter-CommunicationManager: onUpstreamReceive mPropertyId 0x2140208a
12-30 11:33:11.348   398   464 D adayocomadapter-CommunicationManager: onUpstreamReceive mPropertyId 0x21402196
12-30 11:33:11.348   398   464 D adayocomadapter-CommunicationManager: convertBytesToInt32Memcpy  0
12-30 11:33:11.348   398   464 I vw-vhal : notifyVehicleProperty, propId = 0x21402196, data = {status: 2, int32Values: [0]}
12-30 11:33:11.348   398   464 I vw-vhal : CanSignalsAdapter::notifyVehicleProperty: solvedValue = {.timestamp = 10527170288252, .areaId = 0, .prop = 557851030, .status = AVAILABLE, .value = {.int32Values = [1]{0}, .floatValues = [0]{}, .int64Values = [0]{}, .bytes = [0]{}, .stringValue = ""}}
12-30 11:33:11.348   398   464 I VehiclePropertyStore: begin to write value to Store: {.timestamp = 10527170288252, .areaId = 0, .prop = 557851030, .status = AVAILABLE, .value = {.int32Values = [1]{0}, .floatValues = [0]{}, .int64Values = [0]{}, .bytes = [0]{}, .stringValue = ""}}
12-30 11:33:11.348   360   931 D EvsDriver: forwardFrame
12-30 11:33:11.348   398   464 I DefaultVehicleHal_v2_0: DefaultVehicleHal::onPropertyValue, value:{.timestamp = 10527170288252, .areaId = 0, .prop = 557851030, .status = AVAILABLE, .value = {.int32Values = [1]{0}, .floatValues = [0]{}, .int64Values = [0]{}, .bytes = [0]{}, .stringValue = ""}}
12-30 11:33:11.348   398   464 D DiagPropHandler: is not DiagnosticConfig: 0x21402196
12-30 11:33:11.348   360   931 D EvsDriver: forwardFrameDirect
12-30 11:33:11.348   398   464 I VehiclePropertyStore: begin to write value to Store: {.timestamp = 10527170288252, .areaId = 0, .prop = 557851030, .status = AVAILABLE, .value = {.int32Values = [1]{0}, .floatValues = [0]{}, .int64Values = [0]{}, .bytes = [0]{}, .stringValue = ""}}
12-30 11:33:11.348   398   464 D adayocomadapter-CommunicationManager: onUpstreamReceive mPropertyId 0x21402196
12-30 11:33:11.348   398   464 D adayocomadapter-CommunicationManager: onUpstreamReceive mPropertyId 0x21402197
12-30 11:33:11.348   398   464 D adayocomadapter-CommunicationManager: convertBytesToInt32Memcpy  0
12-30 11:33:11.348   398   464 I vw-vhal : notifyVehicleProperty, propId = 0x21402197, data = {status: 2, int32Values: [0]}
12-30 11:33:11.348   398   464 I vw-vhal : CanSignalsAdapter::notifyVehicleProperty: solvedValue = {.timestamp = 10527170486252, .areaId = 0, .prop = 557851031, .status = AVAILABLE, .value = {.int32Values = [1]{0}, .floatValues = [0]{}, .int64Values = [0]{}, .bytes = [0]{}, .stringValue = ""}}
12-30 11:33:11.348   398   464 I VehiclePropertyStore: begin to write value to Store: {.timestamp = 10527170486252, .areaId = 0, .prop = 557851031, .status = AVAILABLE, .value = {.int32Values = [1]{0}, .floatValues = [0]{}, .int64Values = [0]{}, .bytes = [0]{}, .stringValue = ""}}
12-30 11:33:11.348   398   464 I DefaultVehicleHal_v2_0: DefaultVehicleHal::onPropertyValue, value:{.timestamp = 10527170486252, .areaId = 0, .prop = 557851031, .status = AVAILABLE, .value = {.int32Values = [1]{0}, .floatValues = [0]{}, .int64Values = [0]{}, .bytes = [0]{}, .stringValue = ""}}
12-30 11:33:11.348   360   931 D EvsDriver: Delivered 0xb400e2ca9e40e270 as id 0
12-30 11:33:11.348   398   464 D DiagPropHandler: is not DiagnosticConfig: 0x21402197
12-30 11:33:11.348   398   464 I VehiclePropertyStore: begin to write value to Store: {.timestamp = 10527170486252, .areaId = 0, .prop = 557851031, .status = AVAILABLE, .value = {.int32Values = [1]{0}, .floatValues = [0]{}, .int64Values = [0]{}, .bytes = [0]{}, .stringValue = ""}}
12-30 11:33:11.348   398   464 D adayocomadapter-CommunicationManager: onUpstreamReceive mPropertyId 0x21402197
12-30 11:33:11.348   398   464 D adayocomadapter-CommunicationManager: onUpstreamReceive mPropertyId 0x21402199
12-30 11:33:11.348   398   464 D adayocomadapter-CommunicationManager: convertBytesToInt32Memcpy  0
12-30 11:33:11.348   359   359 D evsmanagerd: /dev/video-evs0 forwarded the buffer #0 to 0xb400f125d2b26dd0 from 0xb400f125e2b20710
12-30 11:33:11.348   398   464 I vw-vhal : notifyVehicleProperty, propId = 0x21402199, data = {status: 2, int32Values: [0]}
12-30 11:33:11.348   398   464 I vw-vhal : CanSignalsAdapter::notifyVehicleProperty: solvedValue = {.timestamp = 10527170686252, .areaId = 0, .prop = 557851033, .status = AVAILABLE, .value = {.int32Values = [1]{0}, .floatValues = [0]{}, .int64Values = [0]{}, .bytes = [0]{}, .stringValue = ""}}
12-30 11:33:11.348   398   464 I VehiclePropertyStore: begin to write value to Store: {.timestamp = 10527170686252, .areaId = 0, .prop = 557851033, .status = AVAILABLE, .value = {.int32Values = [1]{0}, .floatValues = [0]{}, .int64Values = [0]{}, .bytes = [0]{}, .stringValue = ""}}
12-30 11:33:11.348   398   464 I DefaultVehicleHal_v2_0: DefaultVehicleHal::onPropertyValue, value:{.timestamp = 10527170686252, .areaId = 0, .prop = 557851033, .status = AVAILABLE, .value = {.int32Values = [1]{0}, .floatValues = [0]{}, .int64Values = [0]{}, .bytes = [0]{}, .stringValue = ""}}
12-30 11:33:11.348   398   464 D DiagPropHandler: is not DiagnosticConfig: 0x21402199
12-30 11:33:11.348   398   464 I VehiclePropertyStore: begin to write value to Store: {.timestamp = 10527170686252, .areaId = 0, .prop = 557851033, .status = AVAILABLE, .value = {.int32Values = [1]{0}, .floatValues = [0]{}, .int64Values = [0]{}, .bytes = [0]{}, .stringValue = ""}}
12-30 11:33:11.348   398   464 D adayocomadapter-CommunicationManager: onUpstreamReceive mPropertyId 0x21402199
12-30 11:33:11.354   360   458 D EvsDriver: doneWithFrame
12-30 11:33:11.377   916  1202 D CpuMonitorService: Added latest delta time in state info for policy id 0
12-30 11:33:11.378   596  3076 E WifiHAL : Invalid data received from driver
12-30 11:33:11.378   916  1202 D CpuMonitorService: Read dynamic policy info DynamicPolicyInfo{curCpuFreqKHz = 2200000, maxCpuFreqKHz = 2200000, avgTimeInStateCpuFreqKHz = 2003852, affectedCpuCores = [0, 1, 2, 3, 4, 5]} for policy id 0
12-30 11:33:11.378   916  1202 D CpuMonitorService: Added CpuInfo{ cpuCore = 0, cpusetCategories = [FLAG_CPUSET_CATEGORY_TOP_APP|FLAG_CPUSET_CATEGORY_BACKGROUND], isOnline = Yes, curCpuFreqKHz = 2200000, maxCpuFreqKHz = 2200000, avgTimeInStateCpuFreqKHz = 2003852, latestCpuUsageStats = CpuUsageStats{ userTimeMillis = 4390, niceTimeMillis = 510, systemTimeMillis = 5280, idleTimeMillis = 46660, iowaitTimeMillis = 40, irqTimeMillis = 1350, softirqTimeMillis = 710, stealTimeMillis = 0, guestTimeMillis = 0, guestNiceTimeMillis = 0 }, mNormalizedAvailableCpuFreqKHz = 1782502 } for CPU core 0
12-30 11:33:11.378   916  1202 D CpuMonitorService: Added CpuInfo{ cpuCore = 1, cpusetCategories = [FLAG_CPUSET_CATEGORY_TOP_APP|FLAG_CPUSET_CATEGORY_BACKGROUND], isOnline = Yes, curCpuFreqKHz = 2200000, maxCpuFreqKHz = 2200000, avgTimeInStateCpuFreqKHz = 2003852, latestCpuUsageStats = CpuUsageStats{ userTimeMillis = 5970, niceTimeMillis = 600, systemTimeMillis = 5110, idleTimeMillis = 46170, iowaitTimeMillis = 40, irqTimeMillis = 640, softirqTimeMillis = 140, stealTimeMillis = 0, guestTimeMillis = 0, guestNiceTimeMillis = 0 }, mNormalizedAvailableCpuFreqKHz = 1773067 } for CPU core 1
12-30 11:33:11.378   916  1202 D CpuMonitorService: Added CpuInfo{ cpuCore = 2, cpusetCategories = [FLAG_CPUSET_CATEGORY_TOP_APP|FLAG_CPUSET_CATEGORY_BACKGROUND], isOnline = Yes, curCpuFreqKHz = 2200000, maxCpuFreqKHz = 2200000, avgTimeInStateCpuFreqKHz = 2003852, latestCpuUsageStats = CpuUsageStats{ userTimeMillis = 6020, niceTimeMillis = 410, systemTimeMillis = 5470, idleTimeMillis = 46010, iowaitTimeMillis = 50, irqTimeMillis = 610, softirqTimeMillis = 160, stealTimeMillis = 0, guestTimeMillis = 0, guestNiceTimeMillis = 0 }, mNormalizedAvailableCpuFreqKHz = 1765996 } for CPU core 2
12-30 11:33:11.378   916  1202 D CpuMonitorService: Added CpuInfo{ cpuCore = 3, cpusetCategories = [FLAG_CPUSET_CATEGORY_TOP_APP|FLAG_CPUSET_CATEGORY_BACKGROUND], isOnline = Yes, curCpuFreqKHz = 2200000, maxCpuFreqKHz = 2200000, avgTimeInStateCpuFreqKHz = 2003852, latestCpuUsageStats = CpuUsageStats{ userTimeMillis = 5100, niceTimeMillis = 240, systemTimeMillis = 4520, idleTimeMillis = 47800, iowaitTimeMillis = 70, irqTimeMillis = 640, softirqTimeMillis = 180, stealTimeMillis = 0, guestTimeMillis = 0, guestNiceTimeMillis = 0 }, mNormalizedAvailableCpuFreqKHz = 1832085 } for CPU core 3
12-30 11:33:11.378   916  1202 D CpuMonitorService: Added CpuInfo{ cpuCore = 4, cpusetCategories = [FLAG_CPUSET_CATEGORY_TOP_APP|FLAG_CPUSET_CATEGORY_BACKGROUND], isOnline = Yes, curCpuFreqKHz = 2200000, maxCpuFreqKHz = 2200000, avgTimeInStateCpuFreqKHz = 2003852, latestCpuUsageStats = CpuUsageStats{ userTimeMillis = 5850, niceTimeMillis = 470, systemTimeMillis = 5150, idleTimeMillis = 46420, iowaitTimeMillis = 100, irqTimeMillis = 570, softirqTimeMillis = 180, stealTimeMillis = 0, guestTimeMillis = 0, guestNiceTimeMillis = 0 }, mNormalizedAvailableCpuFreqKHz = 1779716 } for CPU core 4
12-30 11:33:11.378   916  1202 D CpuMonitorService: Added CpuInfo{ cpuCore = 5, cpusetCategories = [FLAG_CPUSET_CATEGORY_TOP_APP|FLAG_CPUSET_CATEGORY_BACKGROUND], isOnline = Yes, curCpuFreqKHz = 2200000, maxCpuFreqKHz = 2200000, avgTimeInStateCpuFreqKHz = 2003852, latestCpuUsageStats = CpuUsageStats{ userTimeMillis = 6270, niceTimeMillis = 80, systemTimeMillis = 4890, idleTimeMillis = 46740, iowaitTimeMillis = 70, irqTimeMillis = 610, softirqTimeMillis = 190, stealTimeMillis = 0, guestTimeMillis = 0, guestNiceTimeMillis = 0 }, mNormalizedAvailableCpuFreqKHz = 1787652 } for CPU core 5
12-30 11:33:11.381   360   931 D EvsDriver: forwardFrame
12-30 11:33:11.381   360   931 D EvsDriver: forwardFrameDirect
12-30 11:33:11.382   360   931 D EvsDriver: Delivered 0xb400e2ca9e40d4b0 as id 1
12-30 11:33:11.382   359   359 D evsmanagerd: /dev/video-evs0 forwarded the buffer #1 to 0xb400f125d2b26dd0 from 0xb400f125e2b20710
12-30 11:33:11.384   360   458 D EvsDriver: doneWithFrame
12-30 11:33:11.392  2358  2623 D RcfController: Rcf proxy is not connected!
12-30 11:33:11.415   360   931 D EvsDriver: forwardFrame
12-30 11:33:11.415   360   931 D EvsDriver: forwardFrameDirect
12-30 11:33:11.415   360   931 D EvsDriver: Delivered 0xb400e2ca9e40c2d0 as id 0
12-30 11:33:11.415   359   359 D evsmanagerd: /dev/video-evs0 forwarded the buffer #0 to 0xb400f125d2b26dd0 from 0xb400f125e2b20710
12-30 11:33:11.425   360   458 D EvsDriver: doneWithFrame
12-30 11:33:11.442  2358  2623 D RcfController: Rcf proxy is not connected!
12-30 11:33:11.448   360   931 D EvsDriver: forwardFrame
12-30 11:33:11.448   360   931 D EvsDriver: forwardFrameDirect
12-30 11:33:11.448   360   931 D EvsDriver: Delivered 0xb400e2ca9e40d090 as id 1
12-30 11:33:11.448   359   359 D evsmanagerd: /dev/video-evs0 forwarded the buffer #1 to 0xb400f125d2b26dd0 from 0xb400f125e2b20710
12-30 11:33:11.455   360   458 D EvsDriver: doneWithFrame
12-30 11:33:11.468   798 23269 W adbd    : timed out while waiting for FUNCTIONFS_BIND, trying again
12-30 11:33:11.468   798 23269 I adbd    : UsbFfs: connection terminated: monitor thread finished
12-30 11:33:11.468   798   798 I adbd    : UsbFfs: already offline
12-30 11:33:11.468   798   798 I adbd    : destroying transport UsbFfs
12-30 11:33:11.468   798   798 I adbd    : UsbFfsConnection being destroyed
12-30 11:33:11.481   360   931 D EvsDriver: forwardFrame
12-30 11:33:11.481   360   931 D EvsDriver: forwardFrameDirect
12-30 11:33:11.482   360   931 D EvsDriver: Delivered 0xb400e2ca9e40e110 as id 0
12-30 11:33:11.482   359   359 D evsmanagerd: /dev/video-evs0 forwarded the buffer #0 to 0xb400f125d2b26dd0 from 0xb400f125e2b20710
12-30 11:33:11.483   596  3076 E WifiHAL : Invalid data received from driver
12-30 11:33:11.485   360   458 D EvsDriver: doneWithFrame
12-30 11:33:11.493  2358  2623 D RcfController: Rcf proxy is not connected!
12-30 11:33:11.515   360   931 D EvsDriver: forwardFrame
12-30 11:33:11.515   360   931 D EvsDriver: forwardFrameDirect
12-30 11:33:11.515   360   931 D EvsDriver: Delivered 0xb400e2ca9e40c7a0 as id 1
12-30 11:33:11.515   359   359 D evsmanagerd: /dev/video-evs0 forwarded the buffer #1 to 0xb400f125d2b26dd0 from 0xb400f125e2b20710
12-30 11:33:11.522   798   838 I adbd    : opening control endpoint /dev/usb-ffs/adb/ep0
12-30 11:33:11.523   798   838 I adbd    : UsbFfsConnection constructed
12-30 11:33:11.523   798 23271 I adbd    : UsbFfs-monitor thread spawned
12-30 11:33:11.525   360   458 D EvsDriver: doneWithFrame
01-01 10:55:28.532   838   838 I         : read strings
12-30 11:33:11.543  2358  2623 D RcfController: Rcf proxy is not connected!
12-30 11:33:11.544  1611  1611 I ADAYO_LOG_: handleMessage(UsbFunc.java:3)copyQnx = 0
12-30 11:33:11.545  1611  1611 I ADAYO_LOG_: handleMessage(UsbFunc.java:12)copyState = 2
12-30 11:33:11.546  1667  2594 W ContextImpl: Calling a method in the system process without a qualified user: android.app.ContextImpl.bindService:1988 android.content.ContextWrapper.bindService:861 com.ford.sync.fnvservice.FordFnv.c:202 com.ford.sync.fnvservice.FordFnv.c:43 com.ford.sync.fnvservice.FordFnv$RetryHandler.handleMessage:245 
12-30 11:33:11.546   916  1883 W ActivityManager: Unable to start service Intent { cmp=com.ford.sync.fnvservice/.FordFnvService } U=0: not found
12-30 11:33:11.547  1667  2594 W FordFnv :  bind ford fnv failed -> sendRetryMessage 
12-30 11:33:11.548   360   931 D EvsDriver: forwardFrame
12-30 11:33:11.548   360   931 D EvsDriver: forwardFrameDirect
12-30 11:33:11.548   360   931 D EvsDriver: Delivered 0xb400e2ca9e40e270 as id 0
12-30 11:33:11.548   359   359 D evsmanagerd: /dev/video-evs0 forwarded the buffer #0 to 0xb400f125d2b26dd0 from 0xb400f125e2b20710
12-30 11:33:11.556   360   458 D EvsDriver: doneWithFrame
12-30 11:33:11.576   596  3076 E WifiHAL : Invalid data received from driver
12-30 11:33:11.576   596  3076 E WifiHAL : Invalid data received from driver
12-30 11:33:11.576   596  3076 E WifiHAL : Invalid data received from driver
12-30 11:33:11.576   596  3076 E WifiHAL : Invalid data received from driver
12-30 11:33:11.576   596  3076 E WifiHAL : Invalid data received from driver
12-30 11:33:11.576   596  3076 E WifiHAL : Invalid data received from driver
12-30 11:33:11.576   596  3076 E WifiHAL : Invalid data received from driver
12-30 11:33:11.581   360   931 D EvsDriver: forwardFrame
12-30 11:33:11.581   360   931 D EvsDriver: forwardFrameDirect
12-30 11:33:11.582   360   931 D EvsDriver: Delivered 0xb400e2ca9e40d4b0 as id 1
12-30 11:33:11.582   359   359 D evsmanagerd: /dev/video-evs0 forwarded the buffer #1 to 0xb400f125d2b26dd0 from 0xb400f125e2b20710
12-30 11:33:11.586   360   458 D EvsDriver: doneWithFrame
12-30 11:33:11.593   596  3076 E WifiHAL : Invalid data received from driver
12-30 11:33:11.593  2358  2623 D RcfController: Rcf proxy is not connected!
12-30 11:33:11.615   360   931 D EvsDriver: forwardFrame
12-30 11:33:11.615   360   931 D EvsDriver: forwardFrameDirect
12-30 11:33:11.615   360   931 D EvsDriver: Delivered 0xb400e2ca9e40c2d0 as id 0
12-30 11:33:11.615   359   359 D evsmanagerd: /dev/video-evs0 forwarded the buffer #0 to 0xb400f125d2b26dd0 from 0xb400f125e2b20710
12-30 11:33:11.616   360   458 D EvsDriver: doneWithFrame
12-30 11:33:11.644  2358  2623 D RcfController: Rcf proxy is not connected!
12-30 11:33:11.648   360   931 D EvsDriver: forwardFrame
12-30 11:33:11.648   360   931 D EvsDriver: forwardFrameDirect
12-30 11:33:11.648   360   931 D EvsDriver: Delivered 0xb400e2ca9e40d090 as id 1
12-30 11:33:11.648   359   359 D evsmanagerd: /dev/video-evs0 forwarded the buffer #1 to 0xb400f125d2b26dd0 from 0xb400f125e2b20710
12-30 11:33:11.657   360   458 D EvsDriver: doneWithFrame
12-30 11:33:11.667  1667 19378 E CarPlay_Service: isConnected(MFiClientApiImpl.java:123)isConnected： true
12-30 11:33:11.667   879  2332 I mfiserver: [MFiProxy.cpp][675]messageMID =11 LID=03 com.adayo.carplay 
12-30 11:33:11.667   879  2332 I mfiserver: [MFiProxy.cpp][970]message channle=60 type=4 mode=1 buf=0xb400fc8d1fa65640 len=28 
12-30 11:33:11.667   879 19383 I libmfi  : [iAPUtils.c][134]buflen:28 packetlen=28
12-30 11:33:11.667   879 19383 E libmfi  : [iAP2BuffPoolImplementation.c][312]__iAP2BuffPoolGetRecvPacket malloc lenth = 4152 
12-30 11:33:11.667   879 19383 I libmfi  : [iAP2Link.c][2715]iAP2LinkHandleReadyPacket bDeletePacket = FALSE 
12-30 11:33:11.668   879 19383 I libmfi  : [iAP2Link.c][2802]_CleanupAckedPackets 
12-30 11:33:11.668   879 19383 I libmfi  : [iAP2Link.c][3046]_iAP2LinkProcessInOrderPacketACK 
12-30 11:33:11.668   879 19383 I libmfi  : [iAP2Control.c][208]Recieve Control MessageID = 0x5001 length = 18 
12-30 11:33:11.668   879 19383 E libmfi  : [iAP2BuffPoolImplementation.c][209]__iAP2BuffPoolGetSendPacket malloc lenth = 65591 
12-30 11:33:11.668   879 19383 I mfiserver: [MFiDataChannleSocket.cpp][127]len =16 
