12-30 11:33:13.822   398   464 I VehiclePropertyStore: begin to write value to Store: {.timestamp = 10529644234586, .areaId = 0, .prop = 557846568, .status = AVAILABLE, .value = {.int32Values = [1]{0}, .floatValues = [0]{}, .int64Values = [0]{}, .bytes = [0]{}, .stringValue = ""}}
12-30 11:33:13.822   398   464 I DefaultVehicleHal_v2_0: DefaultVehicleHal::onPropertyValue, value:{.timestamp = 10529644234586, .areaId = 0, .prop = 557846568, .status = AVAILABLE, .value = {.int32Values = [1]{0}, .floatValues = [0]{}, .int64Values = [0]{}, .bytes = [0]{}, .stringValue = ""}}
12-30 11:33:13.822   398   464 D DiagPropHandler: is not DiagnosticConfig: 0x21401028
12-30 11:33:13.822   398   464 I VehiclePropertyStore: begin to write value to Store: {.timestamp = 10529644234586, .areaId = 0, .prop = 557846568, .status = AVAILABLE, .value = {.int32Values = [1]{0}, .floatValues = [0]{}, .int64Values = [0]{}, .bytes = [0]{}, .stringValue = ""}}
12-30 11:33:13.822   398   464 D adayocomadapter-CommunicationManager: onUpstreamReceive mPropertyId 0x21401028
12-30 11:33:13.822   398   464 D adayocomadapter-CommunicationManager: onUpstreamReceive mPropertyId 0x21401029
12-30 11:33:13.822   398   464 D adayocomadapter-CommunicationManager: convertBytesToInt32Memcpy  0
12-30 11:33:13.822   398   464 I vw-vhal : notifyVehicleProperty, propId = 0x21401029, data = {status: 2, int32Values: [0]}
12-30 11:33:13.822   398   464 I vw-vhal : CanSignalsAdapter::notifyVehicleProperty: solvedValue = {.timestamp = 10529644474919, .areaId = 0, .prop = 557846569, .status = AVAILABLE, .value = {.int32Values = [1]{0}, .floatValues = [0]{}, .int64Values = [0]{}, .bytes = [0]{}, .stringValue = ""}}
12-30 11:33:13.822   398   464 I VehiclePropertyStore: begin to write value to Store: {.timestamp = 10529644474919, .areaId = 0, .prop = 557846569, .status = AVAILABLE, .value = {.int32Values = [1]{0}, .floatValues = [0]{}, .int64Values = [0]{}, .bytes = [0]{}, .stringValue = ""}}
12-30 11:33:13.822   398   464 I DefaultVehicleHal_v2_0: DefaultVehicleHal::onPropertyValue, value:{.timestamp = 10529644474919, .areaId = 0, .prop = 557846569, .status = AVAILABLE, .value = {.int32Values = [1]{0}, .floatValues = [0]{}, .int64Values = [0]{}, .bytes = [0]{}, .stringValue = ""}}
12-30 11:33:13.822   398   464 D DiagPropHandler: is not DiagnosticConfig: 0x21401029
12-30 11:33:13.822   398   464 I VehiclePropertyStore: begin to write value to Store: {.timestamp = 10529644474919, .areaId = 0, .prop = 557846569, .status = AVAILABLE, .value = {.int32Values = [1]{0}, .floatValues = [0]{}, .int64Values = [0]{}, .bytes = [0]{}, .stringValue = ""}}
12-30 11:33:13.822   398   464 D adayocomadapter-CommunicationManager: onUpstreamReceive mPropertyId 0x21401029
12-30 11:33:13.822   398   464 D adayocomadapter-CommunicationManager: onUpstreamReceive mPropertyId 0x2140102e
12-30 11:33:13.822   398   464 D adayocomadapter-CommunicationManager: convertBytesToInt32Memcpy  0
12-30 11:33:13.822   398   464 I vw-vhal : notifyVehicleProperty, propId = 0x2140102e, data = {status: 2, int32Values: [0]}
12-30 11:33:13.822   398   464 I vw-vhal : CanSignalsAdapter::notifyVehicleProperty: solvedValue = {.timestamp = 10529644685919, .areaId = 0, .prop = 557846574, .status = AVAILABLE, .value = {.int32Values = [1]{0}, .floatValues = [0]{}, .int64Values = [0]{}, .bytes = [0]{}, .stringValue = ""}}
12-30 11:33:13.822   398   464 I VehiclePropertyStore: begin to write value to Store: {.timestamp = 10529644685919, .areaId = 0, .prop = 557846574, .status = AVAILABLE, .value = {.int32Values = [1]{0}, .floatValues = [0]{}, .int64Values = [0]{}, .bytes = [0]{}, .stringValue = ""}}
12-30 11:33:13.822   398   464 I DefaultVehicleHal_v2_0: DefaultVehicleHal::onPropertyValue, value:{.timestamp = 10529644685919, .areaId = 0, .prop = 557846574, .status = AVAILABLE, .value = {.int32Values = [1]{0}, .floatValues = [0]{}, .int64Values = [0]{}, .bytes = [0]{}, .stringValue = ""}}
12-30 11:33:13.822   398   464 D DiagPropHandler: is not DiagnosticConfig: 0x2140102e
12-30 11:33:13.822   398   464 I VehiclePropertyStore: begin to write value to Store: {.timestamp = 10529644685919, .areaId = 0, .prop = 557846574, .status = AVAILABLE, .value = {.int32Values = [1]{0}, .floatValues = [0]{}, .int64Values = [0]{}, .bytes = [0]{}, .stringValue = ""}}
12-30 11:33:13.822   398   464 D adayocomadapter-CommunicationManager: onUpstreamReceive mPropertyId 0x2140102e
12-30 11:33:13.822   398   464 D adayocomadapter-CommunicationManager: onUpstreamReceive mPropertyId 0x2140102b
12-30 11:33:13.822   398   464 D adayocomadapter-CommunicationManager: convertBytesToInt32Memcpy  0
12-30 11:33:13.823   398   464 I vw-vhal : notifyVehicleProperty, propId = 0x2140102b, data = {status: 2, int32Values: [0]}
12-30 11:33:13.823   398   464 I vw-vhal : CanSignalsAdapter::notifyVehicleProperty: solvedValue = {.timestamp = 10529644882919, .areaId = 0, .prop = 557846571, .status = AVAILABLE, .value = {.int32Values = [1]{0}, .floatValues = [0]{}, .int64Values = [0]{}, .bytes = [0]{}, .stringValue = ""}}
12-30 11:33:13.823   398   464 I VehiclePropertyStore: begin to write value to Store: {.timestamp = 10529644882919, .areaId = 0, .prop = 557846571, .status = AVAILABLE, .value = {.int32Values = [1]{0}, .floatValues = [0]{}, .int64Values = [0]{}, .bytes = [0]{}, .stringValue = ""}}
12-30 11:33:13.823   398   464 I DefaultVehicleHal_v2_0: DefaultVehicleHal::onPropertyValue, value:{.timestamp = 10529644882919, .areaId = 0, .prop = 557846571, .status = AVAILABLE, .value = {.int32Values = [1]{0}, .floatValues = [0]{}, .int64Values = [0]{}, .bytes = [0]{}, .stringValue = ""}}
12-30 11:33:13.823   398   464 D DiagPropHandler: is not DiagnosticConfig: 0x2140102b
12-30 11:33:13.823   398   464 I VehiclePropertyStore: begin to write value to Store: {.timestamp = 10529644882919, .areaId = 0, .prop = 557846571, .status = AVAILABLE, .value = {.int32Values = [1]{0}, .floatValues = [0]{}, .int64Values = [0]{}, .bytes = [0]{}, .stringValue = ""}}
12-30 11:33:13.823   398   464 D adayocomadapter-CommunicationManager: onUpstreamReceive mPropertyId 0x2140102b
12-30 11:33:13.823   398   464 D adayocomadapter-CommunicationManager: onUpstreamReceive mPropertyId 0x2140104c
12-30 11:33:13.823   398   464 D adayocomadapter-CommunicationManager: convertBytesToInt32Memcpy  0
12-30 11:33:13.823   398   464 I vw-vhal : notifyVehicleProperty, propId = 0x2140104c, data = {status: 2, int32Values: [0]}
12-30 11:33:13.823   398   464 I vw-vhal : CanSignalsAdapter::notifyVehicleProperty: solvedValue = {.timestamp = 10529645083919, .areaId = 0, .prop = 557846604, .status = AVAILABLE, .value = {.int32Values = [1]{0}, .floatValues = [0]{}, .int64Values = [0]{}, .bytes = [0]{}, .stringValue = ""}}
12-30 11:33:13.823   398   464 I VehiclePropertyStore: begin to write value to Store: {.timestamp = 10529645083919, .areaId = 0, .prop = 557846604, .status = AVAILABLE, .value = {.int32Values = [1]{0}, .floatValues = [0]{}, .int64Values = [0]{}, .bytes = [0]{}, .stringValue = ""}}
12-30 11:33:13.823   398   464 I DefaultVehicleHal_v2_0: DefaultVehicleHal::onPropertyValue, value:{.timestamp = 10529645083919, .areaId = 0, .prop = 557846604, .status = AVAILABLE, .value = {.int32Values = [1]{0}, .floatValues = [0]{}, .int64Values = [0]{}, .bytes = [0]{}, .stringValue = ""}}
12-30 11:33:13.823   398   464 D DiagPropHandler: is not DiagnosticConfig: 0x2140104c
12-30 11:33:13.823   398   464 I VehiclePropertyStore: begin to write value to Store: {.timestamp = 10529645083919, .areaId = 0, .prop = 557846604, .status = AVAILABLE, .value = {.int32Values = [1]{0}, .floatValues = [0]{}, .int64Values = [0]{}, .bytes = [0]{}, .stringValue = ""}}
12-30 11:33:13.823   398   464 D adayocomadapter-CommunicationManager: onUpstreamReceive mPropertyId 0x2140104c
12-30 11:33:13.823   398   464 D adayocomadapter-CommunicationManager: onUpstreamReceive mPropertyId 0x2140102c
12-30 11:33:13.823   398   464 D adayocomadapter-CommunicationManager: convertBytesToInt32Memcpy  0
12-30 11:33:13.823   398   464 I vw-vhal : notifyVehicleProperty, propId = 0x2140102c, data = {status: 2, int32Values: [0]}
12-30 11:33:13.823   596  3076 E WifiHAL : Invalid data received from driver
12-30 11:33:13.823   398   464 I vw-vhal : CanSignalsAdapter::notifyVehicleProperty: solvedValue = {.timestamp = 10529645269253, .areaId = 0, .prop = 557846572, .status = AVAILABLE, .value = {.int32Values = [1]{0}, .floatValues = [0]{}, .int64Values = [0]{}, .bytes = [0]{}, .stringValue = ""}}
12-30 11:33:13.823   398   464 I VehiclePropertyStore: begin to write value to Store: {.timestamp = 10529645269253, .areaId = 0, .prop = 557846572, .status = AVAILABLE, .value = {.int32Values = [1]{0}, .floatValues = [0]{}, .int64Values = [0]{}, .bytes = [0]{}, .stringValue = ""}}
12-30 11:33:13.823   398   464 I DefaultVehicleHal_v2_0: DefaultVehicleHal::onPropertyValue, value:{.timestamp = 10529645269253, .areaId = 0, .prop = 557846572, .status = AVAILABLE, .value = {.int32Values = [1]{0}, .floatValues = [0]{}, .int64Values = [0]{}, .bytes = [0]{}, .stringValue = ""}}
12-30 11:33:13.823   398   464 D DiagPropHandler: is not DiagnosticConfig: 0x2140102c
12-30 11:33:13.823   398   464 I VehiclePropertyStore: begin to write value to Store: {.timestamp = 10529645269253, .areaId = 0, .prop = 557846572, .status = AVAILABLE, .value = {.int32Values = [1]{0}, .floatValues = [0]{}, .int64Values = [0]{}, .bytes = [0]{}, .stringValue = ""}}
12-30 11:33:13.823   398   464 D adayocomadapter-CommunicationManager: onUpstreamReceive mPropertyId 0x2140102c
12-30 11:33:13.823   398   464 D adayocomadapter-CommunicationManager: onUpstreamReceive mPropertyId 0x21402007
12-30 11:33:13.823   398   464 D adayocomadapter-CommunicationManager: convertBytesToInt32Memcpy  0
12-30 11:33:13.823   398   464 I vw-vhal : notifyVehicleProperty, propId = 0x21402007, data = {status: 2, int32Values: [0]}
12-30 11:33:13.823   398   464 I vw-vhal : CanSignalsAdapter::notifyVehicleProperty: solvedValue = {.timestamp = 10529645461253, .areaId = 0, .prop = 557850631, .status = AVAILABLE, .value = {.int32Values = [1]{0}, .floatValues = [0]{}, .int64Values = [0]{}, .bytes = [0]{}, .stringValue = ""}}
12-30 11:33:13.823   398   464 I VehiclePropertyStore: begin to write value to Store: {.timestamp = 10529645461253, .areaId = 0, .prop = 557850631, .status = AVAILABLE, .value = {.int32Values = [1]{0}, .floatValues = [0]{}, .int64Values = [0]{}, .bytes = [0]{}, .stringValue = ""}}
12-30 11:33:13.823   398   464 I DefaultVehicleHal_v2_0: DefaultVehicleHal::onPropertyValue, value:{.timestamp = 10529645461253, .areaId = 0, .prop = 557850631, .status = AVAILABLE, .value = {.int32Values = [1]{0}, .floatValues = [0]{}, .int64Values = [0]{}, .bytes = [0]{}, .stringValue = ""}}
12-30 11:33:13.823   398   464 D DiagPropHandler: is not DiagnosticConfig: 0x21402007
12-30 11:33:13.823   398   464 I VehiclePropertyStore: begin to write value to Store: {.timestamp = 10529645461253, .areaId = 0, .prop = 557850631, .status = AVAILABLE, .value = {.int32Values = [1]{0}, .floatValues = [0]{}, .int64Values = [0]{}, .bytes = [0]{}, .stringValue = ""}}
12-30 11:33:13.823   398   464 D adayocomadapter-CommunicationManager: onUpstreamReceive mPropertyId 0x21402007
12-30 11:33:13.823   398   464 D adayocomadapter-CommunicationManager: onUpstreamReceive mPropertyId 0x2140102f
12-30 11:33:13.823   398   464 D adayocomadapter-CommunicationManager: convertBytesToInt32Memcpy  0
12-30 11:33:13.823   398   464 I vw-vhal : notifyVehicleProperty, propId = 0x2140102f, data = {status: 2, int32Values: [0]}
12-30 11:33:13.823   398   464 I vw-vhal : CanSignalsAdapter::notifyVehicleProperty: solvedValue = {.timestamp = 10529645648586, .areaId = 0, .prop = 557846575, .status = AVAILABLE, .value = {.int32Values = [1]{0}, .floatValues = [0]{}, .int64Values = [0]{}, .bytes = [0]{}, .stringValue = ""}}
12-30 11:33:13.823   398   464 I VehiclePropertyStore: begin to write value to Store: {.timestamp = 10529645648586, .areaId = 0, .prop = 557846575, .status = AVAILABLE, .value = {.int32Values = [1]{0}, .floatValues = [0]{}, .int64Values = [0]{}, .bytes = [0]{}, .stringValue = ""}}
12-30 11:33:13.823   398   464 I DefaultVehicleHal_v2_0: DefaultVehicleHal::onPropertyValue, value:{.timestamp = 10529645648586, .areaId = 0, .prop = 557846575, .status = AVAILABLE, .value = {.int32Values = [1]{0}, .floatValues = [0]{}, .int64Values = [0]{}, .bytes = [0]{}, .stringValue = ""}}
12-30 11:33:13.823   398   464 D DiagPropHandler: is not DiagnosticConfig: 0x2140102f
12-30 11:33:13.823   398   464 I VehiclePropertyStore: begin to write value to Store: {.timestamp = 10529645648586, .areaId = 0, .prop = 557846575, .status = AVAILABLE, .value = {.int32Values = [1]{0}, .floatValues = [0]{}, .int64Values = [0]{}, .bytes = [0]{}, .stringValue = ""}}
12-30 11:33:13.823   398   464 D adayocomadapter-CommunicationManager: onUpstreamReceive mPropertyId 0x2140102f
12-30 11:33:13.823   398   464 D adayocomadapter-CommunicationManager: onUpstreamReceive mPropertyId 0x21401031
12-30 11:33:13.823   398   464 D adayocomadapter-CommunicationManager: convertBytesToInt32Memcpy  0
12-30 11:33:13.823   398   464 I vw-vhal : notifyVehicleProperty, propId = 0x21401031, data = {status: 2, int32Values: [0]}
12-30 11:33:13.823   398   464 I vw-vhal : CanSignalsAdapter::notifyVehicleProperty: solvedValue = {.timestamp = 10529645837919, .areaId = 0, .prop = 557846577, .status = AVAILABLE, .value = {.int32Values = [1]{0}, .floatValues = [0]{}, .int64Values = [0]{}, .bytes = [0]{}, .stringValue = ""}}
12-30 11:33:13.824   398   464 I VehiclePropertyStore: begin to write value to Store: {.timestamp = 10529645837919, .areaId = 0, .prop = 557846577, .status = AVAILABLE, .value = {.int32Values = [1]{0}, .floatValues = [0]{}, .int64Values = [0]{}, .bytes = [0]{}, .stringValue = ""}}
12-30 11:33:13.824   398   464 I DefaultVehicleHal_v2_0: DefaultVehicleHal::onPropertyValue, value:{.timestamp = 10529645837919, .areaId = 0, .prop = 557846577, .status = AVAILABLE, .value = {.int32Values = [1]{0}, .floatValues = [0]{}, .int64Values = [0]{}, .bytes = [0]{}, .stringValue = ""}}
12-30 11:33:13.824   398   464 D DiagPropHandler: is not DiagnosticConfig: 0x21401031
12-30 11:33:13.824   398   464 I VehiclePropertyStore: begin to write value to Store: {.timestamp = 10529645837919, .areaId = 0, .prop = 557846577, .status = AVAILABLE, .value = {.int32Values = [1]{0}, .floatValues = [0]{}, .int64Values = [0]{}, .bytes = [0]{}, .stringValue = ""}}
12-30 11:33:13.824   398   464 D adayocomadapter-CommunicationManager: onUpstreamReceive mPropertyId 0x21401031
12-30 11:33:13.824   398   464 D adayocomadapter-CommunicationManager: onUpstreamReceive mPropertyId 0x21402022
12-30 11:33:13.824   398   464 D adayocomadapter-CommunicationManager: convertBytesToInt32Memcpy  0
12-30 11:33:13.824   398   464 I vw-vhal : notifyVehicleProperty, propId = 0x21402022, data = {status: 2, int32Values: [0]}
12-30 11:33:13.824   398   464 I vw-vhal : CanSignalsAdapter::notifyVehicleProperty: solvedValue = {.timestamp = 10529646034586, .areaId = 0, .prop = 557850658, .status = AVAILABLE, .value = {.int32Values = [1]{0}, .floatValues = [0]{}, .int64Values = [0]{}, .bytes = [0]{}, .stringValue = ""}}
12-30 11:33:13.824   398   464 I VehiclePropertyStore: begin to write value to Store: {.timestamp = 10529646034586, .areaId = 0, .prop = 557850658, .status = AVAILABLE, .value = {.int32Values = [1]{0}, .floatValues = [0]{}, .int64Values = [0]{}, .bytes = [0]{}, .stringValue = ""}}
12-30 11:33:13.824   398   464 I DefaultVehicleHal_v2_0: DefaultVehicleHal::onPropertyValue, value:{.timestamp = 10529646034586, .areaId = 0, .prop = 557850658, .status = AVAILABLE, .value = {.int32Values = [1]{0}, .floatValues = [0]{}, .int64Values = [0]{}, .bytes = [0]{}, .stringValue = ""}}
12-30 11:33:13.824   398   464 D DiagPropHandler: is not DiagnosticConfig: 0x21402022
12-30 11:33:13.824   398   464 I VehiclePropertyStore: begin to write value to Store: {.timestamp = 10529646034586, .areaId = 0, .prop = 557850658, .status = AVAILABLE, .value = {.int32Values = [1]{0}, .floatValues = [0]{}, .int64Values = [0]{}, .bytes = [0]{}, .stringValue = ""}}
12-30 11:33:13.824   398   464 D adayocomadapter-CommunicationManager: onUpstreamReceive mPropertyId 0x21402022
12-30 11:33:13.824   398   464 D adayocomadapter-CommunicationManager: onUpstreamReceive mPropertyId 0x21402023
12-30 11:33:13.824   398   464 D adayocomadapter-CommunicationManager: convertBytesToInt32Memcpy  0
12-30 11:33:13.824   398   464 I vw-vhal : notifyVehicleProperty, propId = 0x21402023, data = {status: 2, int32Values: [0]}
12-30 11:33:13.824   398   464 I vw-vhal : CanSignalsAdapter::notifyVehicleProperty: solvedValue = {.timestamp = 10529646225253, .areaId = 0, .prop = 557850659, .status = AVAILABLE, .value = {.int32Values = [1]{0}, .floatValues = [0]{}, .int64Values = [0]{}, .bytes = [0]{}, .stringValue = ""}}
12-30 11:33:13.824   398   464 I VehiclePropertyStore: begin to write value to Store: {.timestamp = 10529646225253, .areaId = 0, .prop = 557850659, .status = AVAILABLE, .value = {.int32Values = [1]{0}, .floatValues = [0]{}, .int64Values = [0]{}, .bytes = [0]{}, .stringValue = ""}}
12-30 11:33:13.824   398   464 I DefaultVehicleHal_v2_0: DefaultVehicleHal::onPropertyValue, value:{.timestamp = 10529646225253, .areaId = 0, .prop = 557850659, .status = AVAILABLE, .value = {.int32Values = [1]{0}, .floatValues = [0]{}, .int64Values = [0]{}, .bytes = [0]{}, .stringValue = ""}}
12-30 11:33:13.824   398   464 D DiagPropHandler: is not DiagnosticConfig: 0x21402023
12-30 11:33:13.824   398   464 I VehiclePropertyStore: begin to write value to Store: {.timestamp = 10529646225253, .areaId = 0, .prop = 557850659, .status = AVAILABLE, .value = {.int32Values = [1]{0}, .floatValues = [0]{}, .int64Values = [0]{}, .bytes = [0]{}, .stringValue = ""}}
12-30 11:33:13.824   398   464 D adayocomadapter-CommunicationManager: onUpstreamReceive mPropertyId 0x21402023
12-30 11:33:13.824   398   464 D adayocomadapter-CommunicationManager: onUpstreamReceive mPropertyId 0x2140104d
12-30 11:33:13.824   398   464 D adayocomadapter-CommunicationManager: convertBytesToInt32Memcpy  0
12-30 11:33:13.824   398   464 I vw-vhal : notifyVehicleProperty, propId = 0x2140104d, data = {status: 2, int32Values: [0]}
12-30 11:33:13.824   398   464 I vw-vhal : CanSignalsAdapter::notifyVehicleProperty: solvedValue = {.timestamp = 10529646425586, .areaId = 0, .prop = 557846605, .status = AVAILABLE, .value = {.int32Values = [1]{0}, .floatValues = [0]{}, .int64Values = [0]{}, .bytes = [0]{}, .stringValue = ""}}
12-30 11:33:13.824   398   464 I VehiclePropertyStore: begin to write value to Store: {.timestamp = 10529646425586, .areaId = 0, .prop = 557846605, .status = AVAILABLE, .value = {.int32Values = [1]{0}, .floatValues = [0]{}, .int64Values = [0]{}, .bytes = [0]{}, .stringValue = ""}}
12-30 11:33:13.824   398   464 I DefaultVehicleHal_v2_0: DefaultVehicleHal::onPropertyValue, value:{.timestamp = 10529646425586, .areaId = 0, .prop = 557846605, .status = AVAILABLE, .value = {.int32Values = [1]{0}, .floatValues = [0]{}, .int64Values = [0]{}, .bytes = [0]{}, .stringValue = ""}}
12-30 11:33:13.824   398   464 D DiagPropHandler: is not DiagnosticConfig: 0x2140104d
12-30 11:33:13.824   398   464 I VehiclePropertyStore: begin to write value to Store: {.timestamp = 10529646425586, .areaId = 0, .prop = 557846605, .status = AVAILABLE, .value = {.int32Values = [1]{0}, .floatValues = [0]{}, .int64Values = [0]{}, .bytes = [0]{}, .stringValue = ""}}
12-30 11:33:13.824   398   464 D adayocomadapter-CommunicationManager: onUpstreamReceive mPropertyId 0x2140104d
12-30 11:33:13.848   360   931 D EvsDriver: forwardFrame
12-30 11:33:13.848   360   931 D EvsDriver: forwardFrameDirect
12-30 11:33:13.848   360   931 D EvsDriver: Delivered 0xb400e2ca9e40d090 as id 1
12-30 11:33:13.848   359   359 D evsmanagerd: /dev/video-evs0 forwarded the buffer #1 to 0xb400f125d2b26dd0 from 0xb400f125e2b20710
12-30 11:33:13.850   360   458 D EvsDriver: doneWithFrame
12-30 11:33:13.854  2358  2623 D RcfController: Rcf proxy is not connected!
12-30 11:33:13.881   360   931 D EvsDriver: forwardFrame
12-30 11:33:13.881   360   931 D EvsDriver: forwardFrameDirect
12-30 11:33:13.882   360   931 D EvsDriver: Delivered 0xb400e2ca9e40e110 as id 0
12-30 11:33:13.882   359   359 D evsmanagerd: /dev/video-evs0 forwarded the buffer #0 to 0xb400f125d2b26dd0 from 0xb400f125e2b20710
12-30 11:33:13.889   360   458 D EvsDriver: doneWithFrame
12-30 11:33:13.904  2358  2623 D RcfController: Rcf proxy is not connected!
12-30 11:33:13.904  1667  2407 I media_message_log->MediaMessageProxy: (SourceFile:1)b connectToService action bind
12-30 11:33:13.905   916  1883 W ActivityManager: Unable to start service Intent { cmp=com.adayo.server.mediamessagetransfer/.MediaMessTransferService (has extras) } U=0: not found
12-30 11:33:13.905  1667  2407 E media_message_log->MediaMessageProxy: (SourceFile:7)a bindServiceAsUser isBound = false
12-30 11:33:13.915   360   931 D EvsDriver: forwardFrame
12-30 11:33:13.915   360   931 D EvsDriver: forwardFrameDirect
12-30 11:33:13.915   360   931 D EvsDriver: Delivered 0xb400e2ca9e40c7a0 as id 1
12-30 11:33:13.915   359   359 D evsmanagerd: /dev/video-evs0 forwarded the buffer #1 to 0xb400f125d2b26dd0 from 0xb400f125e2b20710
12-30 11:33:13.919   360   458 D EvsDriver: doneWithFrame
12-30 11:33:13.930   650   729 D fgemcucomm: sd Uart data : 6AA60249D5000292024A
12-30 11:33:13.930   650   729 D fgemcucomm: rev uart=87440,len=15, data : 6AA68149D5000792020002000000C4
12-30 11:33:13.930   398   398 D adayocomadapter-ParseProtocolFunc: printRaWMsg Name[MCUToUPstream recv] len[7] data[92020002000000]
12-30 11:33:13.930   398   398 D adayocomadapter-CommunicationManager: onUpstreamback   member[0] dataLength[4] timePoint[10529752]
12-30 11:33:13.930   398   398 D adayocomadapter-ParseProtocolFunc: printRaWMsg Name[onUpstreamback] len[4] data[02000000]
12-30 11:33:13.930   398   464 D adayocomadapter-UpstreamHandler: processBeforePacket upSreamtProcessTimePoint[10529752] 
12-30 11:33:13.930   398   464 D adayocomadapter-UpstreamHandler: processPacket UPSTREAM_QUEUE_DATA_TIMEOUT
12-30 11:33:13.930   398   464 D adayocomadapter-ParseProtocolFunc: parseCommonIPCLBytes Processing tableNumber[2]
12-30 11:33:13.930   398   464 D adayocomadapter-ParseProtocolFunc: parseCommonIPCLBytes Processing tablename[Table-2] tableSize[4]
12-30 11:33:13.930   398   464 D adayocomadapter-ParseProtocolFunc: printRaWMsg Name[byteStream recv] len[4] data[02000000]
12-30 11:33:13.930   398   464 D adayocomadapter-ParseProtocolFunc: printRaWMsg Name[IPCLtoVHAL] len[6] data[214020490000]
12-30 11:33:13.930   398   464 D adayocomadapter-ParseProtocolFunc: printRaWMsg Name[IPCLtoVHAL] len[6] data[214021A20000]
12-30 11:33:13.930   398   464 D adayocomadapter-ParseProtocolFunc: printRaWMsg Name[IPCLtoVHAL] len[6] data[214020EA0000]
12-30 11:33:13.930   398   464 D adayocomadapter-CommunicationManager: onUpstreamReceive mPropertyId 0x21402049
12-30 11:33:13.930   398   464 D adayocomadapter-CommunicationManager: convertBytesToInt32Memcpy  0
12-30 11:33:13.930   398   464 I vw-vhal : notifyVehicleProperty, propId = 0x21402049, data = {status: 2, int32Values: [0]}
12-30 11:33:13.930   398   464 I vw-vhal : CanSignalsAdapter::notifyVehicleProperty: solvedValue = {.timestamp = 10529752688253, .areaId = 0, .prop = 557850697, .status = AVAILABLE, .value = {.int32Values = [1]{0}, .floatValues = [0]{}, .int64Values = [0]{}, .bytes = [0]{}, .stringValue = ""}}
12-30 11:33:13.930   398   464 I VehiclePropertyStore: begin to write value to Store: {.timestamp = 10529752688253, .areaId = 0, .prop = 557850697, .status = AVAILABLE, .value = {.int32Values = [1]{0}, .floatValues = [0]{}, .int64Values = [0]{}, .bytes = [0]{}, .stringValue = ""}}
12-30 11:33:13.930   398   464 I DefaultVehicleHal_v2_0: DefaultVehicleHal::onPropertyValue, value:{.timestamp = 10529752688253, .areaId = 0, .prop = 557850697, .status = AVAILABLE, .value = {.int32Values = [1]{0}, .floatValues = [0]{}, .int64Values = [0]{}, .bytes = [0]{}, .stringValue = ""}}
12-30 11:33:13.930   398   464 D DiagPropHandler: is not DiagnosticConfig: 0x21402049
12-30 11:33:13.930   398   464 I VehiclePropertyStore: begin to write value to Store: {.timestamp = 10529752688253, .areaId = 0, .prop = 557850697, .status = AVAILABLE, .value = {.int32Values = [1]{0}, .floatValues = [0]{}, .int64Values = [0]{}, .bytes = [0]{}, .stringValue = ""}}
12-30 11:33:13.930   398   464 D adayocomadapter-CommunicationManager: onUpstreamReceive mPropertyId 0x21402049
12-30 11:33:13.931   398   464 D adayocomadapter-CommunicationManager: onUpstreamReceive mPropertyId 0x214021a2
12-30 11:33:13.931   398   464 D adayocomadapter-CommunicationManager: convertBytesToInt32Memcpy  0
12-30 11:33:13.931   398   464 I vw-vhal : notifyVehicleProperty, propId = 0x214021a2, data = {status: 2, int32Values: [0]}
12-30 11:33:13.931   398   464 I vw-vhal : CanSignalsAdapter::notifyVehicleProperty: solvedValue = {.timestamp = 10529752928919, .areaId = 0, .prop = 557851042, .status = AVAILABLE, .value = {.int32Values = [1]{0}, .floatValues = [0]{}, .int64Values = [0]{}, .bytes = [0]{}, .stringValue = ""}}
12-30 11:33:13.931   398   464 I VehiclePropertyStore: begin to write value to Store: {.timestamp = 10529752928919, .areaId = 0, .prop = 557851042, .status = AVAILABLE, .value = {.int32Values = [1]{0}, .floatValues = [0]{}, .int64Values = [0]{}, .bytes = [0]{}, .stringValue = ""}}
12-30 11:33:13.931   398   464 I DefaultVehicleHal_v2_0: DefaultVehicleHal::onPropertyValue, value:{.timestamp = 10529752928919, .areaId = 0, .prop = 557851042, .status = AVAILABLE, .value = {.int32Values = [1]{0}, .floatValues = [0]{}, .int64Values = [0]{}, .bytes = [0]{}, .stringValue = ""}}
12-30 11:33:13.931   398   464 D DiagPropHandler: is not DiagnosticConfig: 0x214021a2
12-30 11:33:13.931   398   464 I VehiclePropertyStore: begin to write value to Store: {.timestamp = 10529752928919, .areaId = 0, .prop = 557851042, .status = AVAILABLE, .value = {.int32Values = [1]{0}, .floatValues = [0]{}, .int64Values = [0]{}, .bytes = [0]{}, .stringValue = ""}}
12-30 11:33:13.931   398   464 D adayocomadapter-CommunicationManager: onUpstreamReceive mPropertyId 0x214021a2
12-30 11:33:13.931   398   464 D adayocomadapter-CommunicationManager: onUpstreamReceive mPropertyId 0x214020ea
12-30 11:33:13.931   398   464 D adayocomadapter-CommunicationManager: convertBytesToInt32Memcpy  0
12-30 11:33:13.931   398   464 I vw-vhal : notifyVehicleProperty, propId = 0x214020ea, data = {status: 2, int32Values: [0]}
12-30 11:33:13.931   398   464 I vw-vhal : CanSignalsAdapter::notifyVehicleProperty: solvedValue = {.timestamp = 10529753131586, .areaId = 0, .prop = 557850858, .status = AVAILABLE, .value = {.int32Values = [1]{0}, .floatValues = [0]{}, .int64Values = [0]{}, .bytes = [0]{}, .stringValue = ""}}
12-30 11:33:13.931   398   464 I VehiclePropertyStore: begin to write value to Store: {.timestamp = 10529753131586, .areaId = 0, .prop = 557850858, .status = AVAILABLE, .value = {.int32Values = [1]{0}, .floatValues = [0]{}, .int64Values = [0]{}, .bytes = [0]{}, .stringValue = ""}}
12-30 11:33:13.931   398   464 I DefaultVehicleHal_v2_0: DefaultVehicleHal::onPropertyValue, value:{.timestamp = 10529753131586, .areaId = 0, .prop = 557850858, .status = AVAILABLE, .value = {.int32Values = [1]{0}, .floatValues = [0]{}, .int64Values = [0]{}, .bytes = [0]{}, .stringValue = ""}}
12-30 11:33:13.931   398   464 D DiagPropHandler: is not DiagnosticConfig: 0x214020ea
12-30 11:33:13.931   398   464 I VehiclePropertyStore: begin to write value to Store: {.timestamp = 10529753131586, .areaId = 0, .prop = 557850858, .status = AVAILABLE, .value = {.int32Values = [1]{0}, .floatValues = [0]{}, .int64Values = [0]{}, .bytes = [0]{}, .stringValue = ""}}
12-30 11:33:13.931   398   464 D adayocomadapter-CommunicationManager: onUpstreamReceive mPropertyId 0x214020ea
12-30 11:33:13.940   596  3076 E WifiHAL : Invalid data received from driver
12-30 11:33:13.948   360   931 D EvsDriver: forwardFrame
12-30 11:33:13.948   360   931 D EvsDriver: forwardFrameDirect
12-30 11:33:13.948   360   931 D EvsDriver: Delivered 0xb400e2ca9e40e270 as id 0
12-30 11:33:13.948   359   359 D evsmanagerd: /dev/video-evs0 forwarded the buffer #0 to 0xb400f125d2b26dd0 from 0xb400f125e2b20710
12-30 11:33:13.950   360   458 D EvsDriver: doneWithFrame
12-30 11:33:13.954  2358  2623 D RcfController: Rcf proxy is not connected!
12-30 11:33:13.968   596  3076 E WifiHAL : Invalid data received from driver
12-30 11:33:13.968   596  3076 E WifiHAL : Invalid data received from driver
12-30 11:33:13.968   596  3076 E WifiHAL : Invalid data received from driver
12-30 11:33:13.968   596  3076 E WifiHAL : Invalid data received from driver
12-30 11:33:13.968   596  3076 E WifiHAL : Invalid data received from driver
12-30 11:33:13.968   596  3076 E WifiHAL : Invalid data received from driver
12-30 11:33:13.968   596  3076 E WifiHAL : Invalid data received from driver
12-30 11:33:13.974   650   729 D fgemcucomm: sd Uart data : 6AA60249D60002920249
12-30 11:33:13.974   650   729 D fgemcucomm: rev uart=87441,len=60, data : 6AA68149D600349202001800000000000000000000000000000000000000000000000000000000000000000000000000000000000000000000000080
12-30 11:33:13.974   398   398 D adayocomadapter-ParseProtocolFunc: printRaWMsg Name[MCUToUPstream recv] len[52] data[92020018000000000000000000000000000000000000000000000000000000000000000000000000000000000000000000000000]
12-30 11:33:13.974   398   398 D adayocomadapter-CommunicationManager: onUpstreamback   member[0] dataLength[49] timePoint[10529796]
12-30 11:33:13.974   398   398 D adayocomadapter-ParseProtocolFunc: printRaWMsg Name[onUpstreamback] len[49] data[18000000000000000000000000000000000000000000000000000000000000000000000000000000000000000000000000]
12-30 11:33:13.974   398   464 D adayocomadapter-UpstreamHandler: processBeforePacket upSreamtProcessTimePoint[10529796] 
12-30 11:33:13.974   398   464 D adayocomadapter-UpstreamHandler: processPacket UPSTREAM_QUEUE_DATA_TIMEOUT
12-30 11:33:13.974   398   464 D adayocomadapter-ParseProtocolFunc: parseCommonIPCLBytes Processing tableNumber[24]
12-30 11:33:13.974   398   464 D adayocomadapter-ParseProtocolFunc: parseCommonIPCLBytes Processing tablename[Table-24] tableSize[49]
12-30 11:33:13.974   398   464 D adayocomadapter-ParseProtocolFunc: printRaWMsg Name[byteStream recv] len[49] data[18000000000000000000000000000000000000000000000000000000000000000000000000000000000000000000000000]
12-30 11:33:13.974   398   464 D adayocomadapter-ParseProtocolFunc: printRaWMsg Name[IPCLtoVHAL] len[8] data[2141211D01000000]
12-30 11:33:13.974   398   464 D adayocomadapter-ParseProtocolFunc: printRaWMsg Name[IPCLtoVHAL] len[7] data[2140207A000000]
12-30 11:33:13.974   398   464 D adayocomadapter-ParseProtocolFunc: printRaWMsg Name[IPCLtoVHAL] len[6] data[214020D30000]
12-30 11:33:13.974   398   464 D adayocomadapter-ParseProtocolFunc: printRaWMsg Name[IPCLtoVHAL] len[6] data[214020CB0000]
12-30 11:33:13.974   398   464 D adayocomadapter-ParseProtocolFunc: printRaWMsg Name[IPCLtoVHAL] len[7] data[2140203C000000]
12-30 11:33:13.974   398   464 D adayocomadapter-ParseProtocolFunc: printRaWMsg Name[IPCLtoVHAL] len[6] data[214020C90000]
12-30 11:33:13.974   398   464 D adayocomadapter-ParseProtocolFunc: printRaWMsg Name[IPCLtoVHAL] len[6] data[214020CF0000]
12-30 11:33:13.974   398   464 D adayocomadapter-ParseProtocolFunc: printRaWMsg Name[IPCLtoVHAL] len[7] data[21402040000000]
12-30 11:33:13.974   398   464 D adayocomadapter-ParseProtocolFunc: printRaWMsg Name[IPCLtoVHAL] len[6] data[214020D10000]
12-30 11:33:13.974   398   464 D adayocomadapter-ParseProtocolFunc: printRaWMsg Name[IPCLtoVHAL] len[7] data[21402044000000]
12-30 11:33:13.975   398   464 D adayocomadapter-ParseProtocolFunc: printRaWMsg Name[IPCLtoVHAL] len[6] data[214020D50000]
12-30 11:33:13.975   398   464 D adayocomadapter-ParseProtocolFunc: printRaWMsg Name[IPCLtoVHAL] len[7] data[21402038000000]
12-30 11:33:13.975   398   464 D adayocomadapter-ParseProtocolFunc: printRaWMsg Name[IPCLtoVHAL] len[7] data[2140207D000000]
12-30 11:33:13.975   398   464 D adayocomadapter-ParseProtocolFunc: printRaWMsg Name[IPCLtoVHAL] len[7] data[2140207F000000]
12-30 11:33:13.975   398   464 D adayocomadapter-ParseProtocolFunc: printRaWMsg Name[IPCLtoVHAL] len[6] data[214020520000]
12-30 11:33:13.975   398   464 D adayocomadapter-ParseProtocolFunc: printRaWMsg Name[IPCLtoVHAL] len[7] data[21402081000000]
12-30 11:33:13.975   398   464 D adayocomadapter-ParseProtocolFunc: printRaWMsg Name[IPCLtoVHAL] len[7] data[21402080000000]
12-30 11:33:13.975   398   464 D adayocomadapter-ParseProtocolFunc: printRaWMsg Name[IPCLtoVHAL] len[7] data[21402051000000]
12-30 11:33:13.975   398   464 D adayocomadapter-ParseProtocolFunc: printRaWMsg Name[IPCLtoVHAL] len[7] data[2140207B000000]
12-30 11:33:13.975   398   464 D adayocomadapter-ParseProtocolFunc: printRaWMsg Name[IPCLtoVHAL] len[7] data[2140204C000000]
12-30 11:33:13.975   398   464 D adayocomadapter-ParseProtocolFunc: printRaWMsg Name[IPCLtoVHAL] len[7] data[2140207C000000]
12-30 11:33:13.975   398   464 D adayocomadapter-ParseProtocolFunc: printRaWMsg Name[IPCLtoVHAL] len[7] data[2140207E000000]
12-30 11:33:13.975   398   464 D adayocomadapter-ParseProtocolFunc: printRaWMsg Name[IPCLtoVHAL] len[7] data[21402082000000]
12-30 11:33:13.975   398   464 D adayocomadapter-ParseProtocolFunc: printRaWMsg Name[IPCLtoVHAL] len[7] data[21402083000000]
12-30 11:33:13.975   398   464 D adayocomadapter-ParseProtocolFunc: printRaWMsg Name[IPCLtoVHAL] len[7] data[21402084000000]
12-30 11:33:13.975   398   464 D adayocomadapter-ParseProtocolFunc: printRaWMsg Name[IPCLtoVHAL] len[7] data[21402085000000]
12-30 11:33:13.975   398   464 D adayocomadapter-ParseProtocolFunc: printRaWMsg Name[IPCLtoVHAL] len[6] data[2140220A0000]
12-30 11:33:13.975   398   464 D adayocomadapter-ParseProtocolFunc: printRaWMsg Name[IPCLtoVHAL] len[6] data[214021E60000]
12-30 11:33:13.975   398   464 D adayocomadapter-CommunicationManager: onUpstreamReceive mPropertyId 0x2141211d
12-30 11:33:13.975   398   464 I vw-vhal : notifyVehicleProperty, propId = 0x2141211d, data = {status: 2, int32Values: [0, 0, 0]}
12-30 11:33:13.975   398   464 I vw-vhal : CanSignalsAdapter::notifyVehicleProperty: solvedValue = {.timestamp = 10529797264586, .areaId = 0, .prop = 557916445, .status = AVAILABLE, .value = {.int32Values = [3]{0, 0, 0}, .floatValues = [0]{}, .int64Values = [0]{}, .bytes = [0]{}, .stringValue = ""}}
12-30 11:33:13.975   398   464 I VehiclePropertyStore: begin to write value to Store: {.timestamp = 10529797264586, .areaId = 0, .prop = 557916445, .status = AVAILABLE, .value = {.int32Values = [3]{0, 0, 0}, .floatValues = [0]{}, .int64Values = [0]{}, .bytes = [0]{}, .stringValue = ""}}
12-30 11:33:13.975   398   464 I DefaultVehicleHal_v2_0: DefaultVehicleHal::onPropertyValue, value:{.timestamp = 10529797264586, .areaId = 0, .prop = 557916445, .status = AVAILABLE, .value = {.int32Values = [3]{0, 0, 0}, .floatValues = [0]{}, .int64Values = [0]{}, .bytes = [0]{}, .stringValue = ""}}
12-30 11:33:13.975   398   464 D DiagPropHandler: is not DiagnosticConfig: 0x2141211d
12-30 11:33:13.975   398   464 I VehiclePropertyStore: begin to write value to Store: {.timestamp = 10529797264586, .areaId = 0, .prop = 557916445, .status = AVAILABLE, .value = {.int32Values = [3]{0, 0, 0}, .floatValues = [0]{}, .int64Values = [0]{}, .bytes = [0]{}, .stringValue = ""}}
12-30 11:33:13.975   398   464 D adayocomadapter-CommunicationManager: onUpstreamReceive mPropertyId 0x2141211d
12-30 11:33:13.975   398   464 D adayocomadapter-CommunicationManager: onUpstreamReceive mPropertyId 0x2140207a
12-30 11:33:13.975   398   464 D adayocomadapter-CommunicationManager: convertBytesToInt32Memcpy  0
12-30 11:33:13.975   398   464 I vw-vhal : notifyVehicleProperty, propId = 0x2140207a, data = {status: 2, int32Values: [0]}
12-30 11:33:13.975   398   464 I vw-vhal : CanSignalsAdapter::notifyVehicleProperty: solvedValue = {.timestamp = 10529797501919, .areaId = 0, .prop = 557850746, .status = AVAILABLE, .value = {.int32Values = [1]{0}, .floatValues = [0]{}, .int64Values = [0]{}, .bytes = [0]{}, .stringValue = ""}}
12-30 11:33:13.975   398   464 I VehiclePropertyStore: begin to write value to Store: {.timestamp = 10529797501919, .areaId = 0, .prop = 557850746, .status = AVAILABLE, .value = {.int32Values = [1]{0}, .floatValues = [0]{}, .int64Values = [0]{}, .bytes = [0]{}, .stringValue = ""}}
12-30 11:33:13.975   398   464 I DefaultVehicleHal_v2_0: DefaultVehicleHal::onPropertyValue, value:{.timestamp = 10529797501919, .areaId = 0, .prop = 557850746, .status = AVAILABLE, .value = {.int32Values = [1]{0}, .floatValues = [0]{}, .int64Values = [0]{}, .bytes = [0]{}, .stringValue = ""}}
12-30 11:33:13.975   398   464 D DiagPropHandler: is not DiagnosticConfig: 0x2140207a
12-30 11:33:13.975   398   464 I VehiclePropertyStore: begin to write value to Store: {.timestamp = 10529797501919, .areaId = 0, .prop = 557850746, .status = AVAILABLE, .value = {.int32Values = [1]{0}, .floatValues = [0]{}, .int64Values = [0]{}, .bytes = [0]{}, .stringValue = ""}}
12-30 11:33:13.975   398   464 D adayocomadapter-CommunicationManager: onUpstreamReceive mPropertyId 0x2140207a
12-30 11:33:13.975   398   464 D adayocomadapter-CommunicationManager: onUpstreamReceive mPropertyId 0x214020d3
12-30 11:33:13.975   398   464 D adayocomadapter-CommunicationManager: convertBytesToInt32Memcpy  0
12-30 11:33:13.975   398   464 I vw-vhal : notifyVehicleProperty, propId = 0x214020d3, data = {status: 2, int32Values: [0]}
12-30 11:33:13.975   398   464 I vw-vhal : CanSignalsAdapter::notifyVehicleProperty: solvedValue = {.timestamp = 10529797701253, .areaId = 0, .prop = 557850835, .status = AVAILABLE, .value = {.int32Values = [1]{0}, .floatValues = [0]{}, .int64Values = [0]{}, .bytes = [0]{}, .stringValue = ""}}
12-30 11:33:13.975   398   464 I VehiclePropertyStore: begin to write value to Store: {.timestamp = 10529797701253, .areaId = 0, .prop = 557850835, .status = AVAILABLE, .value = {.int32Values = [1]{0}, .floatValues = [0]{}, .int64Values = [0]{}, .bytes = [0]{}, .stringValue = ""}}
12-30 11:33:13.975   398   464 I DefaultVehicleHal_v2_0: DefaultVehicleHal::onPropertyValue, value:{.timestamp = 10529797701253, .areaId = 0, .prop = 557850835, .status = AVAILABLE, .value = {.int32Values = [1]{0}, .floatValues = [0]{}, .int64Values = [0]{}, .bytes = [0]{}, .stringValue = ""}}
12-30 11:33:13.975   398   464 D DiagPropHandler: is not DiagnosticConfig: 0x214020d3
12-30 11:33:13.975   398   464 I VehiclePropertyStore: begin to write value to Store: {.timestamp = 10529797701253, .areaId = 0, .prop = 557850835, .status = AVAILABLE, .value = {.int32Values = [1]{0}, .floatValues = [0]{}, .int64Values = [0]{}, .bytes = [0]{}, .stringValue = ""}}
12-30 11:33:13.975   398   464 D adayocomadapter-CommunicationManager: onUpstreamReceive mPropertyId 0x214020d3
12-30 11:33:13.975   398   464 D adayocomadapter-CommunicationManager: onUpstreamReceive mPropertyId 0x214020cb
12-30 11:33:13.976   398   464 D adayocomadapter-CommunicationManager: convertBytesToInt32Memcpy  0
12-30 11:33:13.976   398   464 I vw-vhal : notifyVehicleProperty, propId = 0x214020cb, data = {status: 2, int32Values: [0]}
12-30 11:33:13.976   398   464 I vw-vhal : CanSignalsAdapter::notifyVehicleProperty: solvedValue = {.timestamp = 10529797895586, .areaId = 0, .prop = 557850827, .status = AVAILABLE, .value = {.int32Values = [1]{0}, .floatValues = [0]{}, .int64Values = [0]{}, .bytes = [0]{}, .stringValue = ""}}
12-30 11:33:13.976   398   464 I VehiclePropertyStore: begin to write value to Store: {.timestamp = 10529797895586, .areaId = 0, .prop = 557850827, .status = AVAILABLE, .value = {.int32Values = [1]{0}, .floatValues = [0]{}, .int64Values = [0]{}, .bytes = [0]{}, .stringValue = ""}}
12-30 11:33:13.976   398   464 I DefaultVehicleHal_v2_0: DefaultVehicleHal::onPropertyValue, value:{.timestamp = 10529797895586, .areaId = 0, .prop = 557850827, .status = AVAILABLE, .value = {.int32Values = [1]{0}, .floatValues = [0]{}, .int64Values = [0]{}, .bytes = [0]{}, .stringValue = ""}}
12-30 11:33:13.976   398   464 D DiagPropHandler: is not DiagnosticConfig: 0x214020cb
12-30 11:33:13.976   398   464 I VehiclePropertyStore: begin to write value to Store: {.timestamp = 10529797895586, .areaId = 0, .prop = 557850827, .status = AVAILABLE, .value = {.int32Values = [1]{0}, .floatValues = [0]{}, .int64Values = [0]{}, .bytes = [0]{}, .stringValue = ""}}
12-30 11:33:13.976   398   464 D adayocomadapter-CommunicationManager: onUpstreamReceive mPropertyId 0x214020cb
12-30 11:33:13.976   398   464 D adayocomadapter-CommunicationManager: onUpstreamReceive mPropertyId 0x2140203c
12-30 11:33:13.976   398   464 D adayocomadapter-CommunicationManager: convertBytesToInt32Memcpy  0
12-30 11:33:13.976   398   464 I vw-vhal : notifyVehicleProperty, propId = 0x2140203c, data = {status: 2, int32Values: [0]}
12-30 11:33:13.976   398   464 I vw-vhal : CanSignalsAdapter::notifyVehicleProperty: solvedValue = {.timestamp = 10529798091586, .areaId = 0, .prop = 557850684, .status = AVAILABLE, .value = {.int32Values = [1]{0}, .floatValues = [0]{}, .int64Values = [0]{}, .bytes = [0]{}, .stringValue = ""}}
12-30 11:33:13.976   398   464 I VehiclePropertyStore: begin to write value to Store: {.timestamp = 10529798091586, .areaId = 0, .prop = 557850684, .status = AVAILABLE, .value = {.int32Values = [1]{0}, .floatValues = [0]{}, .int64Values = [0]{}, .bytes = [0]{}, .stringValue = ""}}
12-30 11:33:13.976   398   464 I DefaultVehicleHal_v2_0: DefaultVehicleHal::onPropertyValue, value:{.timestamp = 10529798091586, .areaId = 0, .prop = 557850684, .status = AVAILABLE, .value = {.int32Values = [1]{0}, .floatValues = [0]{}, .int64Values = [0]{}, .bytes = [0]{}, .stringValue = ""}}
12-30 11:33:13.976   398   464 D DiagPropHandler: is not DiagnosticConfig: 0x2140203c
12-30 11:33:13.976   398   464 I VehiclePropertyStore: begin to write value to Store: {.timestamp = 10529798091586, .areaId = 0, .prop = 557850684, .status = AVAILABLE, .value = {.int32Values = [1]{0}, .floatValues = [0]{}, .int64Values = [0]{}, .bytes = [0]{}, .stringValue = ""}}
12-30 11:33:13.976   398   464 D adayocomadapter-CommunicationManager: onUpstreamReceive mPropertyId 0x2140203c
12-30 11:33:13.976   398   464 D adayocomadapter-CommunicationManager: onUpstreamReceive mPropertyId 0x214020c9
12-30 11:33:13.976   398   464 D adayocomadapter-CommunicationManager: convertBytesToInt32Memcpy  0
12-30 11:33:13.976   398   464 I vw-vhal : notifyVehicleProperty, propId = 0x214020c9, data = {status: 2, int32Values: [0]}
12-30 11:33:13.976   398   464 I vw-vhal : CanSignalsAdapter::notifyVehicleProperty: solvedValue = {.timestamp = 10529798290253, .areaId = 0, .prop = 557850825, .status = AVAILABLE, .value = {.int32Values = [1]{0}, .floatValues = [0]{}, .int64Values = [0]{}, .bytes = [0]{}, .stringValue = ""}}
12-30 11:33:13.976   398   464 I VehiclePropertyStore: begin to write value to Store: {.timestamp = 10529798290253, .areaId = 0, .prop = 557850825, .status = AVAILABLE, .value = {.int32Values = [1]{0}, .floatValues = [0]{}, .int64Values = [0]{}, .bytes = [0]{}, .stringValue = ""}}
12-30 11:33:13.976   398   464 I DefaultVehicleHal_v2_0: DefaultVehicleHal::onPropertyValue, value:{.timestamp = 10529798290253, .areaId = 0, .prop = 557850825, .status = AVAILABLE, .value = {.int32Values = [1]{0}, .floatValues = [0]{}, .int64Values = [0]{}, .bytes = [0]{}, .stringValue = ""}}
12-30 11:33:13.976   398   464 D DiagPropHandler: is not DiagnosticConfig: 0x214020c9
12-30 11:33:13.976   398   464 I VehiclePropertyStore: begin to write value to Store: {.timestamp = 10529798290253, .areaId = 0, .prop = 557850825, .status = AVAILABLE, .value = {.int32Values = [1]{0}, .floatValues = [0]{}, .int64Values = [0]{}, .bytes = [0]{}, .stringValue = ""}}
12-30 11:33:13.976   398   464 D adayocomadapter-CommunicationManager: onUpstreamReceive mPropertyId 0x214020c9
12-30 11:33:13.976   398   464 D adayocomadapter-CommunicationManager: onUpstreamReceive mPropertyId 0x214020cf
12-30 11:33:13.976   398   464 D adayocomadapter-CommunicationManager: convertBytesToInt32Memcpy  0
12-30 11:33:13.976   398   464 I vw-vhal : notifyVehicleProperty, propId = 0x214020cf, data = {status: 2, int32Values: [0]}
12-30 11:33:13.976   398   464 I vw-vhal : CanSignalsAdapter::notifyVehicleProperty: solvedValue = {.timestamp = 10529798481253, .areaId = 0, .prop = 557850831, .status = AVAILABLE, .value = {.int32Values = [1]{0}, .floatValues = [0]{}, .int64Values = [0]{}, .bytes = [0]{}, .stringValue = ""}}
12-30 11:33:13.976   398   464 I VehiclePropertyStore: begin to write value to Store: {.timestamp = 10529798481253, .areaId = 0, .prop = 557850831, .status = AVAILABLE, .value = {.int32Values = [1]{0}, .floatValues = [0]{}, .int64Values = [0]{}, .bytes = [0]{}, .stringValue = ""}}
12-30 11:33:13.976   398   464 I DefaultVehicleHal_v2_0: DefaultVehicleHal::onPropertyValue, value:{.timestamp = 10529798481253, .areaId = 0, .prop = 557850831, .status = AVAILABLE, .value = {.int32Values = [1]{0}, .floatValues = [0]{}, .int64Values = [0]{}, .bytes = [0]{}, .stringValue = ""}}
12-30 11:33:13.976   398   464 D DiagPropHandler: is not DiagnosticConfig: 0x214020cf
12-30 11:33:13.976   398   464 I VehiclePropertyStore: begin to write value to Store: {.timestamp = 10529798481253, .areaId = 0, .prop = 557850831, .status = AVAILABLE, .value = {.int32Values = [1]{0}, .floatValues = [0]{}, .int64Values = [0]{}, .bytes = [0]{}, .stringValue = ""}}
12-30 11:33:13.976   398   464 D adayocomadapter-CommunicationManager: onUpstreamReceive mPropertyId 0x214020cf
12-30 11:33:13.976   398   464 D adayocomadapter-CommunicationManager: onUpstreamReceive mPropertyId 0x21402040
12-30 11:33:13.976   398   464 D adayocomadapter-CommunicationManager: convertBytesToInt32Memcpy  0
12-30 11:33:13.976   398   464 I vw-vhal : notifyVehicleProperty, propId = 0x21402040, data = {status: 2, int32Values: [0]}
12-30 11:33:13.976   398   464 I vw-vhal : CanSignalsAdapter::notifyVehicleProperty: solvedValue = {.timestamp = 10529798668253, .areaId = 0, .prop = 557850688, .status = AVAILABLE, .value = {.int32Values = [1]{0}, .floatValues = [0]{}, .int64Values = [0]{}, .bytes = [0]{}, .stringValue = ""}}
12-30 11:33:13.976   398   464 I VehiclePropertyStore: begin to write value to Store: {.timestamp = 10529798668253, .areaId = 0, .prop = 557850688, .status = AVAILABLE, .value = {.int32Values = [1]{0}, .floatValues = [0]{}, .int64Values = [0]{}, .bytes = [0]{}, .stringValue = ""}}
12-30 11:33:13.976   398   464 I DefaultVehicleHal_v2_0: DefaultVehicleHal::onPropertyValue, value:{.timestamp = 10529798668253, .areaId = 0, .prop = 557850688, .status = AVAILABLE, .value = {.int32Values = [1]{0}, .floatValues = [0]{}, .int64Values = [0]{}, .bytes = [0]{}, .stringValue = ""}}
12-30 11:33:13.976   398   464 D DiagPropHandler: is not DiagnosticConfig: 0x21402040
12-30 11:33:13.976   398   464 I VehiclePropertyStore: begin to write value to Store: {.timestamp = 10529798668253, .areaId = 0, .prop = 557850688, .status = AVAILABLE, .value = {.int32Values = [1]{0}, .floatValues = [0]{}, .int64Values = [0]{}, .bytes = [0]{}, .stringValue = ""}}
12-30 11:33:13.976   398   464 D adayocomadapter-CommunicationManager: onUpstreamReceive mPropertyId 0x21402040
12-30 11:33:13.976   398   464 D adayocomadapter-CommunicationManager: onUpstreamReceive mPropertyId 0x214020d1
12-30 11:33:13.976   398   464 D adayocomadapter-CommunicationManager: convertBytesToInt32Memcpy  0
12-30 11:33:13.976   398   464 I vw-vhal : notifyVehicleProperty, propId = 0x214020d1, data = {status: 2, int32Values: [0]}
12-30 11:33:13.977   398   464 I vw-vhal : CanSignalsAdapter::notifyVehicleProperty: solvedValue = {.timestamp = 10529798853919, .areaId = 0, .prop = 557850833, .status = AVAILABLE, .value = {.int32Values = [1]{0}, .floatValues = [0]{}, .int64Values = [0]{}, .bytes = [0]{}, .stringValue = ""}}
12-30 11:33:13.977   398   464 I VehiclePropertyStore: begin to write value to Store: {.timestamp = 10529798853919, .areaId = 0, .prop = 557850833, .status = AVAILABLE, .value = {.int32Values = [1]{0}, .floatValues = [0]{}, .int64Values = [0]{}, .bytes = [0]{}, .stringValue = ""}}
12-30 11:33:13.977   398   464 I DefaultVehicleHal_v2_0: DefaultVehicleHal::onPropertyValue, value:{.timestamp = 10529798853919, .areaId = 0, .prop = 557850833, .status = AVAILABLE, .value = {.int32Values = [1]{0}, .floatValues = [0]{}, .int64Values = [0]{}, .bytes = [0]{}, .stringValue = ""}}
12-30 11:33:13.977   398   464 D DiagPropHandler: is not DiagnosticConfig: 0x214020d1
12-30 11:33:13.977   398   464 I VehiclePropertyStore: begin to write value to Store: {.timestamp = 10529798853919, .areaId = 0, .prop = 557850833, .status = AVAILABLE, .value = {.int32Values = [1]{0}, .floatValues = [0]{}, .int64Values = [0]{}, .bytes = [0]{}, .stringValue = ""}}
12-30 11:33:13.977   398   464 D adayocomadapter-CommunicationManager: onUpstreamReceive mPropertyId 0x214020d1
12-30 11:33:13.977   398   464 D adayocomadapter-CommunicationManager: onUpstreamReceive mPropertyId 0x21402044
12-30 11:33:13.977   398   464 D adayocomadapter-CommunicationManager: convertBytesToInt32Memcpy  0
12-30 11:33:13.977   398   464 I vw-vhal : notifyVehicleProperty, propId = 0x21402044, data = {status: 2, int32Values: [0]}
12-30 11:33:13.977   398   464 I vw-vhal : CanSignalsAdapter::notifyVehicleProperty: solvedValue = {.timestamp = 10529799047919, .areaId = 0, .prop = 557850692, .status = AVAILABLE, .value = {.int32Values = [1]{0}, .floatValues = [0]{}, .int64Values = [0]{}, .bytes = [0]{}, .stringValue = ""}}
