12-30 11:33:14.124   916  1262 D InputDispatcher:         default (ROT_0) (IDENTITY)
12-30 11:33:14.124  1702  1702 D InputTransport: channel 'a3d1c2b MosiCarBottomSystemBar (client)' consumer ~ consume: consumeBatches=false, frameTime=-1
12-30 11:33:14.124   916  1262 D InputDispatcher: channel 'fe7c667 MosiCarTopSystemBar (server)' ~ startDispatchCycle
12-30 11:33:14.124  1702  1702 D InputTransport: channel 'a3d1c2b MosiCarBottomSystemBar (client)' ~ received message of type MOTION
12-30 11:33:14.124  1702  1702 D InputTransport: channel 'a3d1c2b MosiCarBottomSystemBar (client)' consumer ~ consumed motion event, seq=20987
12-30 11:33:14.124   916  1262 D InputDispatcher: Publishing DispatchEntry{resolvedAction=OUTSIDE, resolvedFlags=0, targetFlags=ZERO_COORDS | DISPATCH_AS_OUTSIDE, transform=transform (ROT_0) (IDENTITY)
12-30 11:33:14.124   916  1262 D InputDispatcher: } original: MotionEvent(deviceId=2, eventTime=10529944134000, source=TOUCHSCREEN, displayId=0, action=DOWN, actionButton=0x00000000, flags=0x00000000, metaState=0x00000000, buttonState=0x00000000, classification=NONE, edgeFlags=0x00000000, xPrecision=1.0, yPrecision=1.0, xCursorPosition=nan, yCursorPosition=nan, pointers=[0: (1008.6, 226.8)]), policyFlags=0x62000000 to fe7c667 MosiCarTopSystemBar (server)
12-30 11:33:14.124   916  1262 I InputVerifier: input: Processing OUTSIDE for device DeviceId(2) (1 pointer) on fe7c667 MosiCarTopSystemBar (server)
12-30 11:33:14.124   916  1262 D InputTransport: channel 'fe7c667 MosiCarTopSystemBar (server)' publisher ~ publishMotionEvent: seq=20988, id=1915006183, deviceId=2, source=TOUCHSCREEN, displayId=0, action=OUTSIDE, actionButton=0x00000000, flags=0x0, edgeFlags=0x0, metaState=0x0, buttonState=0x0, classification=NONE,xPrecision=1.000391, yPrecision=1.000695, downTime=10529944134000, eventTime=10529944134000, pointerCount=1 
12-30 11:33:14.124   916  1262 D InputTransport:         transform (ROT_0) (IDENTITY)
12-30 11:33:14.124  1702  1702 D InputTransport: channel 'a3d1c2b MosiCarBottomSystemBar (client)' consumer ~ sendFinishedSignal: seq=20987, handled=false
12-30 11:33:14.124   916  1262 D InputTransport: channel 'fe7c667 MosiCarTopSystemBar (server)' ~ sent message of type MOTION
12-30 11:33:14.124  1702  1702 D InputTransport: channel 'a3d1c2b MosiCarBottomSystemBar (client)' ~ sent message of type FINISHED
12-30 11:33:14.124   916  1262 D InputDispatcher: channel '594b861 com.fawvw.hmi.btmusic/com.fawvw.hmi.btmusic.ui.MainActivity (server)' ~ prepareDispatchCycle - flags=FOREGROUND | SPLIT | DISPATCH_AS_IS | WINDOW_IS_PARTIALLY_OBSCURED, globalScaleFactor=1.000000, pointerIds=00000000000000000000000000000001 
12-30 11:33:14.124   916  1262 D InputDispatcher:         pointerId 0: (ROT_0) (IDENTITY)
12-30 11:33:14.124  1702  1702 D InputTransport: channel 'a3d1c2b MosiCarBottomSystemBar (client)' consumer ~ consume: consumeBatches=false, frameTime=-1
12-30 11:33:14.124  1702  1702 D InputTransport: channel 'a3d1c2b MosiCarBottomSystemBar (client)' ~ receive message failed, errno=11
12-30 11:33:14.124   916  1262 D InputDispatcher: channel '594b861 com.fawvw.hmi.btmusic/com.fawvw.hmi.btmusic.ui.MainActivity (server)' ~ startDispatchCycle
12-30 11:33:14.124   916  1262 D InputDispatcher: Publishing DispatchEntry{resolvedAction=DOWN, resolvedFlags=2, targetFlags=FOREGROUND | SPLIT | DISPATCH_AS_IS | WINDOW_IS_PARTIALLY_OBSCURED, transform=transform (ROT_0) (IDENTITY)
12-30 11:33:14.124   916  1262 D InputDispatcher: } original: MotionEvent(deviceId=2, eventTime=10529944134000, source=TOUCHSCREEN, displayId=0, action=DOWN, actionButton=0x00000000, flags=0x00000000, metaState=0x00000000, buttonState=0x00000000, classification=NONE, edgeFlags=0x00000000, xPrecision=1.0, yPrecision=1.0, xCursorPosition=nan, yCursorPosition=nan, pointers=[0: (1008.6, 226.8)]), policyFlags=0x62000000 to 594b861 com.fawvw.hmi.btmusic/com.fawvw.hmi.btmusic.ui.MainActivity (server)
12-30 11:33:14.124  1702  1702 D InputTransport: channel 'fe7c667 MosiCarTopSystemBar (client)' consumer ~ consume: consumeBatches=false, frameTime=-1
12-30 11:33:14.124  1702  1702 D InputTransport: channel 'fe7c667 MosiCarTopSystemBar (client)' ~ received message of type MOTION
12-30 11:33:14.124   916  1262 I InputVerifier: input: Processing DOWN for device DeviceId(2) (1 pointer) on 594b861 com.fawvw.hmi.btmusic/com.fawvw.hmi.btmusic.ui.MainActivity (server)
12-30 11:33:14.124  1702  1702 D InputTransport: channel 'fe7c667 MosiCarTopSystemBar (client)' consumer ~ consumed motion event, seq=20988
12-30 11:33:14.124   916  1262 D InputTransport: channel '594b861 com.fawvw.hmi.btmusic/com.fawvw.hmi.btmusic.ui.MainActivity (server)' publisher ~ publishMotionEvent: seq=20989, id=705862426, deviceId=2, source=TOUCHSCREEN, displayId=0, action=DOWN, actionButton=0x00000000, flags=0x2, edgeFlags=0x0, metaState=0x0, buttonState=0x0, classification=NONE,xPrecision=1.000391, yPrecision=1.000695, downTime=10529944134000, eventTime=10529944134000, pointerCount=1 
12-30 11:33:14.124   916  1262 D InputTransport:         transform (ROT_0) (IDENTITY)
12-30 11:33:14.124   916  1262 D InputTransport: channel '594b861 com.fawvw.hmi.btmusic/com.fawvw.hmi.btmusic.ui.MainActivity (server)' ~ sent message of type MOTION
12-30 11:33:14.124  1702  1702 D InputTransport: channel 'fe7c667 MosiCarTopSystemBar (client)' consumer ~ sendFinishedSignal: seq=20988, handled=false
12-30 11:33:14.124  1702  1702 D InputTransport: channel 'fe7c667 MosiCarTopSystemBar (client)' ~ sent message of type FINISHED
12-30 11:33:14.124   916  1262 D InputDispatcher: channel 'PointerEventDispatcher0 (server)' ~ prepareDispatchCycle - flags=DISPATCH_AS_IS, globalScaleFactor=1.000000, pointerIds=<none> 
12-30 11:33:14.124   916  1262 D InputDispatcher:         default (ROT_0) (IDENTITY)
12-30 11:33:14.124  1702  1702 D InputTransport: channel 'fe7c667 MosiCarTopSystemBar (client)' consumer ~ consume: consumeBatches=false, frameTime=-1
12-30 11:33:14.124  1702  1702 D InputTransport: channel 'fe7c667 MosiCarTopSystemBar (client)' ~ receive message failed, errno=11
12-30 11:33:14.124   916  1262 D InputDispatcher: channel 'PointerEventDispatcher0 (server)' ~ startDispatchCycle
12-30 11:33:14.124   916  1262 D InputDispatcher: Publishing DispatchEntry{resolvedAction=DOWN, resolvedFlags=0, targetFlags=DISPATCH_AS_IS, transform=transform (ROT_0) (IDENTITY)
12-30 11:33:14.124   916  1262 D InputDispatcher: } original: MotionEvent(deviceId=2, eventTime=10529944134000, source=TOUCHSCREEN, displayId=0, action=DOWN, actionButton=0x00000000, flags=0x00000000, metaState=0x00000000, buttonState=0x00000000, classification=NONE, edgeFlags=0x00000000, xPrecision=1.0, yPrecision=1.0, xCursorPosition=nan, yCursorPosition=nan, pointers=[0: (1008.6, 226.8)]), policyFlags=0x62000000 to PointerEventDispatcher0 (server)
12-30 11:33:14.124   916  1262 I InputVerifier: input: Processing DOWN for device DeviceId(2) (1 pointer) on PointerEventDispatcher0 (server)
12-30 11:33:14.125   916  1262 D InputTransport: channel 'PointerEventDispatcher0 (server)' publisher ~ publishMotionEvent: seq=20990, id=705862426, deviceId=2, source=TOUCHSCREEN, displayId=0, action=DOWN, actionButton=0x00000000, flags=0x0, edgeFlags=0x0, metaState=0x0, buttonState=0x0, classification=NONE,xPrecision=1.000391, yPrecision=1.000695, downTime=10529944134000, eventTime=10529944134000, pointerCount=1 
12-30 11:33:14.125   916  1262 D InputTransport:         transform (ROT_0) (IDENTITY)
12-30 11:33:14.125   916  1262 D InputTransport: channel 'PointerEventDispatcher0 (server)' ~ sent message of type MOTION
12-30 11:33:14.125   916  1070 D InputTransport: channel 'PointerEventDispatcher0 (client)' consumer ~ consume: consumeBatches=false, frameTime=-1
12-30 11:33:14.125  1547  2118 D ANW_AVRCP: (1547|0x6EF3FCB0)[AVRCP] API getPlayStatusTimerHandler
12-30 11:33:14.125   916  1070 D InputTransport: channel 'PointerEventDispatcher0 (client)' ~ received message of type MOTION
12-30 11:33:14.125  1547  2118 D ANW_AVRCP: (1547|0x6EF3FCB0)[AVRCP] API AVRCP_GetPlayStatus
12-30 11:33:14.125   916  1070 D InputTransport: channel 'PointerEventDispatcher0 (client)' consumer ~ consumed motion event, seq=20990
12-30 11:33:14.125  1547  2118 D ANWStack: [  10529947][ANWBT] <<Avctp_Send_Message 0/1:
12-30 11:33:14.125  1547  2118 D ANWStack: 
12-30 11:33:14.125  1547  2118 D ANWStack: [  10529947][ANWBT] L2CAP: L2_RetrieveHandle called, cid=0x83
12-30 11:33:14.125  1547  2118 D ANWStack: 
12-30 11:33:14.125   916  1070 D VelocityTracker: VelocityTracker: addMovement eventTime=10529944134000, pointerId=0, activePointerId=0
12-30 11:33:14.125   916  1070 D VelocityTracker:   0: axis=0, position=1008.606, estimator (degree=0, coeff=[ 1008.606445 ], confidence=1.000000)
12-30 11:33:14.125   916  1070 D VelocityTracker: VelocityTracker: addMovement eventTime=10529944134000, pointerId=0, activePointerId=0
12-30 11:33:14.125   916  1070 D VelocityTracker:   0: axis=1, position=226.843, estimator (degree=0, coeff=[ 226.842773 ], confidence=1.000000)
12-30 11:33:14.125   916  1070 D InputTransport: channel 'PointerEventDispatcher0 (client)' consumer ~ sendFinishedSignal: seq=20990, handled=false
12-30 11:33:14.125   916  1070 D InputTransport: channel 'PointerEventDispatcher0 (client)' ~ sent message of type FINISHED
12-30 11:33:14.125   916  1070 D InputTransport: channel 'PointerEventDispatcher0 (client)' consumer ~ consume: consumeBatches=false, frameTime=-1
12-30 11:33:14.125   916  1070 D InputTransport: channel 'PointerEventDispatcher0 (client)' ~ receive message failed, errno=11
12-30 11:33:14.125   916  1262 D InputTransport: channel 'a3d1c2b MosiCarBottomSystemBar (server)' ~ received message of type FINISHED
12-30 11:33:14.125   916  1262 D InputTransport: channel 'a3d1c2b MosiCarBottomSystemBar (server)' publisher ~ receiveConsumerResponse: finished: seq=20987, handled=false
12-30 11:33:14.125   916  1262 D InputDispatcher: channel 'a3d1c2b MosiCarBottomSystemBar (server)' ~ finishDispatchCycle - seq=20987, handled=false
12-30 11:33:14.125   916  1262 D InputTransport: channel 'a3d1c2b MosiCarBottomSystemBar (server)' ~ receive message failed, errno=11
12-30 11:33:14.125   916  1262 D InputTransport: channel 'a3d1c2b MosiCarBottomSystemBar (server)' publisher ~ receiveConsumerResponse: Unknown error -11
12-30 11:33:14.125   916  1262 D InputDispatcher: channel 'a3d1c2b MosiCarBottomSystemBar (server)' ~ startDispatchCycle
12-30 11:33:14.125   916  1262 D InputTransport: channel 'fe7c667 MosiCarTopSystemBar (server)' ~ received message of type FINISHED
12-30 11:33:14.125   916  1262 D InputTransport: channel 'fe7c667 MosiCarTopSystemBar (server)' publisher ~ receiveConsumerResponse: finished: seq=20988, handled=false
12-30 11:33:14.126   916  1262 D InputDispatcher: channel 'fe7c667 MosiCarTopSystemBar (server)' ~ finishDispatchCycle - seq=20988, handled=false
12-30 11:33:14.126   916  1262 D InputTransport: channel 'fe7c667 MosiCarTopSystemBar (server)' ~ receive message failed, errno=11
12-30 11:33:14.126   916  1262 D InputTransport: channel 'fe7c667 MosiCarTopSystemBar (server)' publisher ~ receiveConsumerResponse: Unknown error -11
12-30 11:33:14.126   916  1262 D InputDispatcher: channel 'fe7c667 MosiCarTopSystemBar (server)' ~ startDispatchCycle
12-30 11:33:14.126   916  1262 D InputTransport: channel 'PointerEventDispatcher0 (server)' ~ received message of type FINISHED
12-30 11:33:14.126   916  1262 D InputTransport: channel 'PointerEventDispatcher0 (server)' publisher ~ receiveConsumerResponse: finished: seq=20990, handled=false
01-01 10:55:31.130   131   131 E sd_touch soc: ipcc@2.sdrv-touch.-1.190: semidrive_process_events:dn id=0,x=1009,y=227,DOWN[0xc0],dn_count=976,976
12-30 11:33:14.126   916  1262 D InputDispatcher: channel 'PointerEventDispatcher0 (server)' ~ finishDispatchCycle - seq=20990, handled=false
12-30 11:33:14.126   916  1262 D InputTransport: channel 'PointerEventDispatcher0 (server)' ~ receive message failed, errno=11
12-30 11:33:14.126   916  1262 D InputTransport: channel 'PointerEventDispatcher0 (server)' publisher ~ receiveConsumerResponse: Unknown error -11
12-30 11:33:14.126   916  1262 D InputDispatcher: channel 'PointerEventDispatcher0 (server)' ~ startDispatchCycle
12-30 11:33:14.127 21940 21940 D InputTransport: channel '594b861 com.fawvw.hmi.btmusic/com.fawvw.hmi.btmusic.ui.MainActivity (client)' consumer ~ consume: consumeBatches=false, frameTime=-1
12-30 11:33:14.127 21940 21940 D InputTransport: channel '594b861 com.fawvw.hmi.btmusic/com.fawvw.hmi.btmusic.ui.MainActivity (client)' ~ received message of type MOTION
12-30 11:33:14.127 21940 21940 D InputTransport: channel '594b861 com.fawvw.hmi.btmusic/com.fawvw.hmi.btmusic.ui.MainActivity (client)' consumer ~ consumed motion event, seq=20989
12-30 11:33:14.127 21940 21940 D InputTransport: channel '594b861 com.fawvw.hmi.btmusic/com.fawvw.hmi.btmusic.ui.MainActivity (client)' consumer ~ sendFinishedSignal: seq=20989, handled=true
12-30 11:33:14.127 21940 21940 D InputTransport: channel '594b861 com.fawvw.hmi.btmusic/com.fawvw.hmi.btmusic.ui.MainActivity (client)' ~ sent message of type FINISHED
12-30 11:33:14.127 21940 21940 D InputTransport: channel '594b861 com.fawvw.hmi.btmusic/com.fawvw.hmi.btmusic.ui.MainActivity (client)' consumer ~ consume: consumeBatches=false, frameTime=-1
12-30 11:33:14.127   916  1262 D InputTransport: channel '594b861 com.fawvw.hmi.btmusic/com.fawvw.hmi.btmusic.ui.MainActivity (server)' ~ received message of type FINISHED
12-30 11:33:14.127 21940 21940 D InputTransport: channel '594b861 com.fawvw.hmi.btmusic/com.fawvw.hmi.btmusic.ui.MainActivity (client)' ~ receive message failed, errno=11
12-30 11:33:14.127   916  1262 D InputTransport: channel '594b861 com.fawvw.hmi.btmusic/com.fawvw.hmi.btmusic.ui.MainActivity (server)' publisher ~ receiveConsumerResponse: finished: seq=20989, handled=true
12-30 11:33:14.127   916  1262 D InputDispatcher: channel '594b861 com.fawvw.hmi.btmusic/com.fawvw.hmi.btmusic.ui.MainActivity (server)' ~ finishDispatchCycle - seq=20989, handled=true
12-30 11:33:14.127   916  1262 D InputTransport: channel '594b861 com.fawvw.hmi.btmusic/com.fawvw.hmi.btmusic.ui.MainActivity (server)' ~ receive message failed, errno=11
12-30 11:33:14.127   916  1262 D InputTransport: channel '594b861 com.fawvw.hmi.btmusic/com.fawvw.hmi.btmusic.ui.MainActivity (server)' publisher ~ receiveConsumerResponse: Unknown error -11
12-30 11:33:14.127   916  1262 D InputDispatcher: channel '594b861 com.fawvw.hmi.btmusic/com.fawvw.hmi.btmusic.ui.MainActivity (server)' ~ startDispatchCycle
12-30 11:33:14.129   916  1263 D InputReader: BatchSize: 3 Count: 3
12-30 11:33:14.129   916  1263 D InputReader: Input event: eventHubDevice=1 type=EV_ABS code=ABS_MT_TOUCH_MAJOR value=20 when=10529951110000
12-30 11:33:14.129   916  1263 D InputReader: Input event: eventHubDevice=1 type=EV_ABS code=ABS_MT_WIDTH_MAJOR value=20 when=10529951110000
12-30 11:33:14.129   916  1263 D InputReader: Input event: eventHubDevice=1 type=EV_SYN code=SYN_REPORT value=0 when=10529951110000
12-30 11:33:14.129   916  1263 D InputReader: syncTouch: pointerCount 1 -> 1, touching ids 0x80000000 -> 0x80000000, hovering ids 0x00000000 -> 0x00000000, canceled ids 0x00000000
12-30 11:33:14.129   916  1263 D UnwantedInteractionBlocker: notifyMotion: NotifyMotionArgs(id=433224736, eventTime=10529951110000, deviceId=2, source=TOUCHSCREEN, action=MOVE, pointerCount=1 pointers={0: id=0 x=1008.6 y=226.8 pressure=1.0 major=20.0 minor=20.0 orientation=0.0}, flags=0x00000000)
12-30 11:33:14.129   916  1263 D UnwantedInteractionBlocker: enqueueOutboundMotionLocked: NotifyMotionArgs(id=433224736, eventTime=10529951110000, deviceId=2, source=TOUCHSCREEN, action=MOVE, pointerCount=1 pointers={0: id=0 x=1008.6 y=226.8 pressure=1.0 major=20.0 minor=20.0 orientation=0.0}, flags=0x00000000)
12-30 11:33:14.129   916  1263 D InputDispatcher: notifyMotion - id=19d27c20 eventTime=10529951110000, deviceId=2, source=TOUCHSCREEN, displayId=0, policyFlags=0x0, action=MOVE, actionButton=0x0, flags=0x0, metaState=0x0, buttonState=0x0, edgeFlags=0x0, xPrecision=1.000391, yPrecision=1.000695, xCursorPosition=nan, yCursorPosition=nan, downTime=10529944134000
12-30 11:33:14.129   916  1263 D InputDispatcher:   Pointer 0: id=0, toolType=FINGER, x=1008.606018, y=226.842468, pressure=1.000000, size=0.078431, touchMajor=19.989155, touchMinor=19.989155, toolMajor=19.989155, toolMinor=19.989155, orientation=0.000000
12-30 11:33:14.129   916  1263 I InputVerifier: input: Processing MOVE for device DeviceId(2) (1 pointer) on display 0
12-30 11:33:14.129   916  1262 D InputDispatcher: dispatchMotion - eventTime=10529951110000, deviceId=2, source=TOUCHSCREEN, displayId=0, policyFlags=0x62000000, action=MOVE, actionButton=0x0, flags=0x0, metaState=0x0, buttonState=0x0,edgeFlags=0x0, xPrecision=1.000391, yPrecision=1.000695, downTime=10529944134000
12-30 11:33:14.129   916  1262 D InputDispatcher:   Pointer 0: id=0, toolType=FINGER, x=1008.606018, y=226.842468, pressure=1.000000, size=0.078431, touchMajor=19.989155, touchMinor=19.989155, toolMajor=19.989155, toolMinor=19.989155, orientation=0.000000
12-30 11:33:14.129   916  1262 D InputDispatcher: dispatchEventToCurrentInputTargets
12-30 11:33:14.129   916  1262 D InputDispatcher: channel '594b861 com.fawvw.hmi.btmusic/com.fawvw.hmi.btmusic.ui.MainActivity (server)' ~ prepareDispatchCycle - flags=FOREGROUND | SPLIT | DISPATCH_AS_IS | WINDOW_IS_PARTIALLY_OBSCURED, globalScaleFactor=1.000000, pointerIds=00000000000000000000000000000001 
12-30 11:33:14.129   916  1262 D InputDispatcher:         pointerId 0: (ROT_0) (IDENTITY)
12-30 11:33:14.129   916  1262 D InputDispatcher: channel '594b861 com.fawvw.hmi.btmusic/com.fawvw.hmi.btmusic.ui.MainActivity (server)' ~ startDispatchCycle
12-30 11:33:14.130   916  1262 D InputDispatcher: Publishing DispatchEntry{resolvedAction=MOVE, resolvedFlags=2, targetFlags=FOREGROUND | SPLIT | DISPATCH_AS_IS | WINDOW_IS_PARTIALLY_OBSCURED, transform=transform (ROT_0) (IDENTITY)
12-30 11:33:14.130   916  1262 D InputDispatcher: } original: MotionEvent(deviceId=2, eventTime=10529951110000, source=TOUCHSCREEN, displayId=0, action=MOVE, actionButton=0x00000000, flags=0x00000000, metaState=0x00000000, buttonState=0x00000000, classification=NONE, edgeFlags=0x00000000, xPrecision=1.0, yPrecision=1.0, xCursorPosition=nan, yCursorPosition=nan, pointers=[0: (1008.6, 226.8)]), policyFlags=0x62000000 to 594b861 com.fawvw.hmi.btmusic/com.fawvw.hmi.btmusic.ui.MainActivity (server)
12-30 11:33:14.130   916  1262 I InputVerifier: input: Processing MOVE for device DeviceId(2) (1 pointer) on 594b861 com.fawvw.hmi.btmusic/com.fawvw.hmi.btmusic.ui.MainActivity (server)
12-30 11:33:14.130   916  1262 D InputTransport: channel '594b861 com.fawvw.hmi.btmusic/com.fawvw.hmi.btmusic.ui.MainActivity (server)' publisher ~ publishMotionEvent: seq=20991, id=433224736, deviceId=2, source=TOUCHSCREEN, displayId=0, action=MOVE, actionButton=0x00000000, flags=0x2, edgeFlags=0x0, metaState=0x0, buttonState=0x0, classification=NONE,xPrecision=1.000391, yPrecision=1.000695, downTime=10529944134000, eventTime=10529951110000, pointerCount=1 
12-30 11:33:14.130   916  1262 D InputTransport:         transform (ROT_0) (IDENTITY)
12-30 11:33:14.130   916  1262 D InputTransport: channel '594b861 com.fawvw.hmi.btmusic/com.fawvw.hmi.btmusic.ui.MainActivity (server)' ~ sent message of type MOTION
12-30 11:33:14.130   916  1262 D InputDispatcher: channel 'PointerEventDispatcher0 (server)' ~ prepareDispatchCycle - flags=DISPATCH_AS_IS, globalScaleFactor=1.000000, pointerIds=<none> 
12-30 11:33:14.130   916  1262 D InputDispatcher:         default (ROT_0) (IDENTITY)
12-30 11:33:14.130   916  1262 D InputDispatcher: channel 'PointerEventDispatcher0 (server)' ~ startDispatchCycle
12-30 11:33:14.130   916  1262 D InputDispatcher: Publishing DispatchEntry{resolvedAction=MOVE, resolvedFlags=0, targetFlags=DISPATCH_AS_IS, transform=transform (ROT_0) (IDENTITY)
12-30 11:33:14.130   916  1262 D InputDispatcher: } original: MotionEvent(deviceId=2, eventTime=10529951110000, source=TOUCHSCREEN, displayId=0, action=MOVE, actionButton=0x00000000, flags=0x00000000, metaState=0x00000000, buttonState=0x00000000, classification=NONE, edgeFlags=0x00000000, xPrecision=1.0, yPrecision=1.0, xCursorPosition=nan, yCursorPosition=nan, pointers=[0: (1008.6, 226.8)]), policyFlags=0x62000000 to PointerEventDispatcher0 (server)
12-30 11:33:14.130   916  1262 I InputVerifier: input: Processing MOVE for device DeviceId(2) (1 pointer) on PointerEventDispatcher0 (server)
12-30 11:33:14.130   916  1262 D InputTransport: channel 'PointerEventDispatcher0 (server)' publisher ~ publishMotionEvent: seq=20992, id=433224736, deviceId=2, source=TOUCHSCREEN, displayId=0, action=MOVE, actionButton=0x00000000, flags=0x0, edgeFlags=0x0, metaState=0x0, buttonState=0x0, classification=NONE,xPrecision=1.000391, yPrecision=1.000695, downTime=10529944134000, eventTime=10529951110000, pointerCount=1 
12-30 11:33:14.130   916  1262 D InputTransport:         transform (ROT_0) (IDENTITY)
12-30 11:33:14.130   916  1262 D InputTransport: channel 'PointerEventDispatcher0 (server)' ~ sent message of type MOTION
12-30 11:33:14.130   916  1070 D InputTransport: channel 'PointerEventDispatcher0 (client)' consumer ~ consume: consumeBatches=false, frameTime=-1
12-30 11:33:14.130   916  1070 D InputTransport: channel 'PointerEventDispatcher0 (client)' ~ received message of type MOTION
12-30 11:33:14.130   916  1070 D InputTransport: channel 'PointerEventDispatcher0 (client)' consumer ~ started batch event
12-30 11:33:14.130   916  1070 D InputTransport: channel 'PointerEventDispatcher0 (client)' ~ receive message failed, errno=11
12-30 11:33:14.130   916  1070 D InputTransport: channel 'PointerEventDispatcher0 (client)' consumer ~ consume: consumeBatches=true, frameTime=-1
12-30 11:33:14.130   916  1070 D InputTransport: channel 'PointerEventDispatcher0 (client)' ~ receive message failed, errno=11
12-30 11:33:14.130   916  1070 D InputTransport: channel 'PointerEventDispatcher0 (client)' consumer ~ consumed batch event, seq=20992
12-30 11:33:14.130   916  1070 D VelocityTracker: VelocityTracker: addMovement eventTime=10529951110000, pointerId=0, activePointerId=0
12-30 11:33:14.130   916  1070 D VelocityTracker: solveLeastSquares: m=2, n=2, x=[ 0.000000, -0.006976 ], y=[ 1008.606445, 1008.606445 ], w=[ 1.000000, 1.000000 ]
12-30 11:33:14.130   916  1070 D VelocityTracker:   - a=[ [ 1.000000, 0.000000 ], [ 1.000000, -0.006976 ] ]
12-30 11:33:14.130   916  1070 D VelocityTracker:   - q=[ [ 0.707107, 0.707107 ], [ 0.707107, -0.707107 ] ]
12-30 11:33:14.130   916  1070 D VelocityTracker:   - r=[ [ 1.414214, -0.004933 ], [ 0.000000, 0.004933 ] ]
12-30 11:33:14.130   916  1070 D VelocityTracker:   - qr=[ [ 1.000000, 0.000000 ], [ 1.000000, -0.006976 ] ]
12-30 11:33:14.130   916  1070 D VelocityTracker:   - b=[ 1008.606445, 0.000000 ]
12-30 11:33:14.130   916  1070 D VelocityTracker:   - sserr=0.000000
12-30 11:33:14.130   916  1070 D VelocityTracker:   - sstot=0.000000
12-30 11:33:14.130   916  1070 D VelocityTracker:   - det=1.000000
12-30 11:33:14.130   916  1070 D VelocityTracker: estimate: degree=1, coeff=[ 1008.606445, 0.000000 ], confidence=1.000000
12-30 11:33:14.130   916  1070 D VelocityTracker:   0: axis=0, position=1008.606, estimator (degree=1, coeff=[ 1008.606445, 0.000000 ], confidence=1.000000)
12-30 11:33:14.130   916  1070 D VelocityTracker: VelocityTracker: addMovement eventTime=10529951110000, pointerId=0, activePointerId=0
12-30 11:33:14.130   916  1070 D VelocityTracker: solveLeastSquares: m=2, n=2, x=[ 0.000000, -0.006976 ], y=[ 226.842773, 226.842773 ], w=[ 1.000000, 1.000000 ]
12-30 11:33:14.131   916  1070 D VelocityTracker:   - a=[ [ 1.000000, 0.000000 ], [ 1.000000, -0.006976 ] ]
12-30 11:33:14.131   916  1070 D VelocityTracker:   - q=[ [ 0.707107, 0.707107 ], [ 0.707107, -0.707107 ] ]
12-30 11:33:14.131   916  1070 D VelocityTracker:   - r=[ [ 1.414214, -0.004933 ], [ 0.000000, 0.004933 ] ]
12-30 11:33:14.131   916  1070 D VelocityTracker:   - qr=[ [ 1.000000, 0.000000 ], [ 1.000000, -0.006976 ] ]
12-30 11:33:14.131   916  1070 D VelocityTracker:   - b=[ 226.842758, 0.000000 ]
12-30 11:33:14.131   916  1070 D VelocityTracker:   - sserr=0.000000
12-30 11:33:14.131   916  1070 D VelocityTracker:   - sstot=0.000000
12-30 11:33:14.131   916  1070 D VelocityTracker:   - det=1.000000
12-30 11:33:14.131   916  1070 D VelocityTracker: estimate: degree=1, coeff=[ 226.842758, 0.000000 ], confidence=1.000000
12-30 11:33:14.131   916  1070 D VelocityTracker:   0: axis=1, position=226.843, estimator (degree=1, coeff=[ 226.842758, 0.000000 ], confidence=1.000000)
12-30 11:33:14.131   916  1070 D InputTransport: channel 'PointerEventDispatcher0 (client)' consumer ~ sendFinishedSignal: seq=20992, handled=false
12-30 11:33:14.131   916  1070 D InputTransport: channel 'PointerEventDispatcher0 (client)' ~ sent message of type FINISHED
12-30 11:33:14.131   916  1070 D InputTransport: channel 'PointerEventDispatcher0 (client)' consumer ~ consume: consumeBatches=true, frameTime=-1
12-30 11:33:14.131   916  1070 D InputTransport: channel 'PointerEventDispatcher0 (client)' ~ receive message failed, errno=11
12-30 11:33:14.131   916  1262 D InputTransport: channel 'PointerEventDispatcher0 (server)' ~ received message of type FINISHED
12-30 11:33:14.131   916  1262 D InputTransport: channel 'PointerEventDispatcher0 (server)' publisher ~ receiveConsumerResponse: finished: seq=20992, handled=false
12-30 11:33:14.131   916  1262 D InputDispatcher: channel 'PointerEventDispatcher0 (server)' ~ finishDispatchCycle - seq=20992, handled=false
12-30 11:33:14.131   916  1262 D InputTransport: channel 'PointerEventDispatcher0 (server)' ~ receive message failed, errno=11
12-30 11:33:14.131   916  1262 D InputTransport: channel 'PointerEventDispatcher0 (server)' publisher ~ receiveConsumerResponse: Unknown error -11
12-30 11:33:14.131   916  1262 D InputDispatcher: channel 'PointerEventDispatcher0 (server)' ~ startDispatchCycle
12-30 11:33:14.137   916  1263 D InputReader: BatchSize: 3 Count: 3
12-30 11:33:14.137   916  1263 D InputReader: Input event: eventHubDevice=1 type=EV_ABS code=ABS_MT_TOUCH_MAJOR value=28 when=10529958940000
12-30 11:33:14.137   916  1263 D InputReader: Input event: eventHubDevice=1 type=EV_ABS code=ABS_MT_WIDTH_MAJOR value=28 when=10529958940000
12-30 11:33:14.137   916  1263 D InputReader: Input event: eventHubDevice=1 type=EV_SYN code=SYN_REPORT value=0 when=10529958940000
12-30 11:33:14.137   916  1263 D InputReader: syncTouch: pointerCount 1 -> 1, touching ids 0x80000000 -> 0x80000000, hovering ids 0x00000000 -> 0x00000000, canceled ids 0x00000000
12-30 11:33:14.137   916  1263 D UnwantedInteractionBlocker: notifyMotion: NotifyMotionArgs(id=91485118, eventTime=10529958940000, deviceId=2, source=TOUCHSCREEN, action=MOVE, pointerCount=1 pointers={0: id=0 x=1008.6 y=226.8 pressure=1.0 major=28.0 minor=28.0 orientation=0.0}, flags=0x00000000)
12-30 11:33:14.137   916  1263 D UnwantedInteractionBlocker: enqueueOutboundMotionLocked: NotifyMotionArgs(id=91485118, eventTime=10529958940000, deviceId=2, source=TOUCHSCREEN, action=MOVE, pointerCount=1 pointers={0: id=0 x=1008.6 y=226.8 pressure=1.0 major=28.0 minor=28.0 orientation=0.0}, flags=0x00000000)
12-30 11:33:14.137   916  1263 D InputDispatcher: notifyMotion - id=573f3be eventTime=10529958940000, deviceId=2, source=TOUCHSCREEN, displayId=0, policyFlags=0x0, action=MOVE, actionButton=0x0, flags=0x0, metaState=0x0, buttonState=0x0, edgeFlags=0x0, xPrecision=1.000391, yPrecision=1.000695, xCursorPosition=nan, yCursorPosition=nan, downTime=10529944134000
12-30 11:33:14.137   916  1263 D InputDispatcher:   Pointer 0: id=0, toolType=FINGER, x=1008.606018, y=226.842468, pressure=1.000000, size=0.109804, touchMajor=27.984818, touchMinor=27.984818, toolMajor=27.984818, toolMinor=27.984818, orientation=0.000000
12-30 11:33:14.137   916  1263 I InputVerifier: input: Processing MOVE for device DeviceId(2) (1 pointer) on display 0
12-30 11:33:14.137   916  1262 D InputDispatcher: dispatchMotion - eventTime=10529958940000, deviceId=2, source=TOUCHSCREEN, displayId=0, policyFlags=0x62000000, action=MOVE, actionButton=0x0, flags=0x0, metaState=0x0, buttonState=0x0,edgeFlags=0x0, xPrecision=1.000391, yPrecision=1.000695, downTime=10529944134000
12-30 11:33:14.137   916  1262 D InputDispatcher:   Pointer 0: id=0, toolType=FINGER, x=1008.606018, y=226.842468, pressure=1.000000, size=0.109804, touchMajor=27.984818, touchMinor=27.984818, toolMajor=27.984818, toolMinor=27.984818, orientation=0.000000
12-30 11:33:14.137   916  1262 D InputDispatcher: dispatchEventToCurrentInputTargets
12-30 11:33:14.137   916  1262 D InputDispatcher: channel '594b861 com.fawvw.hmi.btmusic/com.fawvw.hmi.btmusic.ui.MainActivity (server)' ~ prepareDispatchCycle - flags=FOREGROUND | SPLIT | DISPATCH_AS_IS | WINDOW_IS_PARTIALLY_OBSCURED, globalScaleFactor=1.000000, pointerIds=00000000000000000000000000000001 
12-30 11:33:14.137   916  1262 D InputDispatcher:         pointerId 0: (ROT_0) (IDENTITY)
12-30 11:33:14.137   916  1262 D InputDispatcher: channel '594b861 com.fawvw.hmi.btmusic/com.fawvw.hmi.btmusic.ui.MainActivity (server)' ~ startDispatchCycle
12-30 11:33:14.137   916  1262 D InputDispatcher: Publishing DispatchEntry{resolvedAction=MOVE, resolvedFlags=2, targetFlags=FOREGROUND | SPLIT | DISPATCH_AS_IS | WINDOW_IS_PARTIALLY_OBSCURED, transform=transform (ROT_0) (IDENTITY)
12-30 11:33:14.137   916  1262 D InputDispatcher: } original: MotionEvent(deviceId=2, eventTime=10529958940000, source=TOUCHSCREEN, displayId=0, action=MOVE, actionButton=0x00000000, flags=0x00000000, metaState=0x00000000, buttonState=0x00000000, classification=NONE, edgeFlags=0x00000000, xPrecision=1.0, yPrecision=1.0, xCursorPosition=nan, yCursorPosition=nan, pointers=[0: (1008.6, 226.8)]), policyFlags=0x62000000 to 594b861 com.fawvw.hmi.btmusic/com.fawvw.hmi.btmusic.ui.MainActivity (server)
12-30 11:33:14.138   916  1262 I InputVerifier: input: Processing MOVE for device DeviceId(2) (1 pointer) on 594b861 com.fawvw.hmi.btmusic/com.fawvw.hmi.btmusic.ui.MainActivity (server)
12-30 11:33:14.138   916  1262 D InputTransport: channel '594b861 com.fawvw.hmi.btmusic/com.fawvw.hmi.btmusic.ui.MainActivity (server)' publisher ~ publishMotionEvent: seq=20993, id=91485118, deviceId=2, source=TOUCHSCREEN, displayId=0, action=MOVE, actionButton=0x00000000, flags=0x2, edgeFlags=0x0, metaState=0x0, buttonState=0x0, classification=NONE,xPrecision=1.000391, yPrecision=1.000695, downTime=10529944134000, eventTime=10529958940000, pointerCount=1 
12-30 11:33:14.138   916  1262 D InputTransport:         transform (ROT_0) (IDENTITY)
12-30 11:33:14.138   916  1262 D InputTransport: channel '594b861 com.fawvw.hmi.btmusic/com.fawvw.hmi.btmusic.ui.MainActivity (server)' ~ sent message of type MOTION
12-30 11:33:14.138   916  1262 D InputDispatcher: channel 'PointerEventDispatcher0 (server)' ~ prepareDispatchCycle - flags=DISPATCH_AS_IS, globalScaleFactor=1.000000, pointerIds=<none> 
12-30 11:33:14.138   916  1262 D InputDispatcher:         default (ROT_0) (IDENTITY)
12-30 11:33:14.138   916  1262 D InputDispatcher: channel 'PointerEventDispatcher0 (server)' ~ startDispatchCycle
12-30 11:33:14.138   916  1262 D InputDispatcher: Publishing DispatchEntry{resolvedAction=MOVE, resolvedFlags=0, targetFlags=DISPATCH_AS_IS, transform=transform (ROT_0) (IDENTITY)
12-30 11:33:14.138   916  1262 D InputDispatcher: } original: MotionEvent(deviceId=2, eventTime=10529958940000, source=TOUCHSCREEN, displayId=0, action=MOVE, actionButton=0x00000000, flags=0x00000000, metaState=0x00000000, buttonState=0x00000000, classification=NONE, edgeFlags=0x00000000, xPrecision=1.0, yPrecision=1.0, xCursorPosition=nan, yCursorPosition=nan, pointers=[0: (1008.6, 226.8)]), policyFlags=0x62000000 to PointerEventDispatcher0 (server)
12-30 11:33:14.138   916  1262 I InputVerifier: input: Processing MOVE for device DeviceId(2) (1 pointer) on PointerEventDispatcher0 (server)
12-30 11:33:14.138   916  1262 D InputTransport: channel 'PointerEventDispatcher0 (server)' publisher ~ publishMotionEvent: seq=20994, id=91485118, deviceId=2, source=TOUCHSCREEN, displayId=0, action=MOVE, actionButton=0x00000000, flags=0x0, edgeFlags=0x0, metaState=0x0, buttonState=0x0, classification=NONE,xPrecision=1.000391, yPrecision=1.000695, downTime=10529944134000, eventTime=10529958940000, pointerCount=1 
12-30 11:33:14.138   916  1262 D InputTransport:         transform (ROT_0) (IDENTITY)
12-30 11:33:14.138   916  1262 D InputTransport: channel 'PointerEventDispatcher0 (server)' ~ sent message of type MOTION
12-30 11:33:14.138   916  1070 D InputTransport: channel 'PointerEventDispatcher0 (client)' consumer ~ consume: consumeBatches=false, frameTime=-1
12-30 11:33:14.138   916  1070 D InputTransport: channel 'PointerEventDispatcher0 (client)' ~ received message of type MOTION
12-30 11:33:14.138   916  1070 D InputTransport: channel 'PointerEventDispatcher0 (client)' consumer ~ started batch event
12-30 11:33:14.138   916  1070 D InputTransport: channel 'PointerEventDispatcher0 (client)' ~ receive message failed, errno=11
12-30 11:33:14.138   916  1070 D InputTransport: channel 'PointerEventDispatcher0 (client)' consumer ~ consume: consumeBatches=true, frameTime=-1
12-30 11:33:14.138   916  1070 D InputTransport: channel 'PointerEventDispatcher0 (client)' ~ receive message failed, errno=11
12-30 11:33:14.138   916  1070 D InputTransport: channel 'PointerEventDispatcher0 (client)' consumer ~ consumed batch event, seq=20994
12-30 11:33:14.138   916  1070 D VelocityTracker: VelocityTracker: addMovement eventTime=10529958940000, pointerId=0, activePointerId=0
12-30 11:33:14.138   916  1070 D VelocityTracker:   0: axis=0, position=1008.606, estimator (degree=2, coeff=[ 1008.606812, 0.223819, 14.077529 ], confidence=1.000000)
12-30 11:33:14.138   916  1070 D VelocityTracker: VelocityTracker: addMovement eventTime=10529958940000, pointerId=0, activePointerId=0
12-30 11:33:14.138   916  1070 D VelocityTracker:   0: axis=1, position=226.843, estimator (degree=2, coeff=[ 226.842712, -0.054990, -3.749948 ], confidence=1.000000)
12-30 11:33:14.138   916  1070 D InputTransport: channel 'PointerEventDispatcher0 (client)' consumer ~ sendFinishedSignal: seq=20994, handled=false
12-30 11:33:14.138   916  1070 D InputTransport: channel 'PointerEventDispatcher0 (client)' ~ sent message of type FINISHED
12-30 11:33:14.138   916  1070 D InputTransport: channel 'PointerEventDispatcher0 (client)' consumer ~ consume: consumeBatches=true, frameTime=-1
12-30 11:33:14.138   916  1070 D InputTransport: channel 'PointerEventDispatcher0 (client)' ~ receive message failed, errno=11
12-30 11:33:14.138   916  1262 D InputTransport: channel 'PointerEventDispatcher0 (server)' ~ received message of type FINISHED
12-30 11:33:14.138   916  1262 D InputTransport: channel 'PointerEventDispatcher0 (server)' publisher ~ receiveConsumerResponse: finished: seq=20994, handled=false
12-30 11:33:14.138   916  1262 D InputDispatcher: channel 'PointerEventDispatcher0 (server)' ~ finishDispatchCycle - seq=20994, handled=false
12-30 11:33:14.139   916  1262 D InputTransport: channel 'PointerEventDispatcher0 (server)' ~ receive message failed, errno=11
12-30 11:33:14.139   916  1262 D InputTransport: channel 'PointerEventDispatcher0 (server)' publisher ~ receiveConsumerResponse: Unknown error -11
12-30 11:33:14.139   916  1262 D InputDispatcher: channel 'PointerEventDispatcher0 (server)' ~ startDispatchCycle
12-30 11:33:14.142 21940 21940 D InputTransport: channel '594b861 com.fawvw.hmi.btmusic/com.fawvw.hmi.btmusic.ui.MainActivity (client)' consumer ~ consume: consumeBatches=false, frameTime=-1
12-30 11:33:14.142 21940 21940 D InputTransport: channel '594b861 com.fawvw.hmi.btmusic/com.fawvw.hmi.btmusic.ui.MainActivity (client)' ~ received message of type MOTION
12-30 11:33:14.142 21940 21940 D InputTransport: channel '594b861 com.fawvw.hmi.btmusic/com.fawvw.hmi.btmusic.ui.MainActivity (client)' consumer ~ started batch event
12-30 11:33:14.142 21940 21940 D InputTransport: channel '594b861 com.fawvw.hmi.btmusic/com.fawvw.hmi.btmusic.ui.MainActivity (client)' ~ received message of type MOTION
12-30 11:33:14.142 21940 21940 D InputTransport: channel '594b861 com.fawvw.hmi.btmusic/com.fawvw.hmi.btmusic.ui.MainActivity (client)' consumer ~ appended to batch event
12-30 11:33:14.142 21940 21940 D InputTransport: channel '594b861 com.fawvw.hmi.btmusic/com.fawvw.hmi.btmusic.ui.MainActivity (client)' ~ receive message failed, errno=11
12-30 11:33:14.142 21940 21940 D InputTransport: channel '594b861 com.fawvw.hmi.btmusic/com.fawvw.hmi.btmusic.ui.MainActivity (client)' consumer ~ consume: consumeBatches=true, frameTime=10529957246920
12-30 11:33:14.143 21940 21940 D InputTransport: channel '594b861 com.fawvw.hmi.btmusic/com.fawvw.hmi.btmusic.ui.MainActivity (client)' ~ receive message failed, errno=11
12-30 11:33:14.143 21940 21940 D InputTransport: [0] - out (1008.606, 226.842), cur (1008.606, 226.842), other (1008.606, 226.842), alpha 0.145
12-30 11:33:14.143 21940 21940 D InputTransport: channel '594b861 com.fawvw.hmi.btmusic/com.fawvw.hmi.btmusic.ui.MainActivity (client)' consumer ~ consumed batch event, seq=20991
12-30 11:33:14.143 21940 21940 D InputTransport: channel '594b861 com.fawvw.hmi.btmusic/com.fawvw.hmi.btmusic.ui.MainActivity (client)' consumer ~ sendFinishedSignal: seq=20991, handled=true
12-30 11:33:14.143 21940 21940 D InputTransport: channel '594b861 com.fawvw.hmi.btmusic/com.fawvw.hmi.btmusic.ui.MainActivity (client)' ~ sent message of type FINISHED
12-30 11:33:14.143 21940 21940 D InputTransport: channel '594b861 com.fawvw.hmi.btmusic/com.fawvw.hmi.btmusic.ui.MainActivity (client)' consumer ~ consume: consumeBatches=true, frameTime=10529957246920
12-30 11:33:14.143   916  1262 D InputTransport: channel '594b861 com.fawvw.hmi.btmusic/com.fawvw.hmi.btmusic.ui.MainActivity (server)' ~ received message of type FINISHED
12-30 11:33:14.143 21940 21940 D InputTransport: channel '594b861 com.fawvw.hmi.btmusic/com.fawvw.hmi.btmusic.ui.MainActivity (client)' ~ receive message failed, errno=11
12-30 11:33:14.143   916  1262 D InputTransport: channel '594b861 com.fawvw.hmi.btmusic/com.fawvw.hmi.btmusic.ui.MainActivity (server)' publisher ~ receiveConsumerResponse: finished: seq=20991, handled=true
12-30 11:33:14.143   916  1262 D InputDispatcher: channel '594b861 com.fawvw.hmi.btmusic/com.fawvw.hmi.btmusic.ui.MainActivity (server)' ~ finishDispatchCycle - seq=20991, handled=true
12-30 11:33:14.143   916  1262 D InputTransport: channel '594b861 com.fawvw.hmi.btmusic/com.fawvw.hmi.btmusic.ui.MainActivity (server)' ~ receive message failed, errno=11
12-30 11:33:14.143   916  1262 D InputTransport: channel '594b861 com.fawvw.hmi.btmusic/com.fawvw.hmi.btmusic.ui.MainActivity (server)' publisher ~ receiveConsumerResponse: Unknown error -11
12-30 11:33:14.143   916  1262 D InputDispatcher: channel '594b861 com.fawvw.hmi.btmusic/com.fawvw.hmi.btmusic.ui.MainActivity (server)' ~ startDispatchCycle
12-30 11:33:14.144  1547  2118 D ANWStack: [  10529966][ANWBT] >>Avctp_L2cap_Data_Ind_Cb
12-30 11:33:14.144  1547  2118 D ANWStack: 
12-30 11:33:14.144  1547  2118 D ANWStack: [  10529966][ANWBT] AVCTP Message Length = 22
12-30 11:33:14.144  1547  2118 D ANWStack: [  10529966][ANWBT] Receive AVCTP_SINGLE_PACKET
12-30 11:33:14.144  1547  2118 D ANW_AVRCP: (1547|0x6EF3FCB0)[AVRCP] [**AVRCP**] 0x62 0x110e
12-30 11:33:14.144  1547  2118 D ANW_AVRCP: (1547|0x6EF3FCB0)[AVRCP] opcode match 0x0
12-30 11:33:14.144  1547  2118 D ANW_AVRCP: 
12-30 11:33:14.144  1547  2118 D ANW_AVRCP: (1547|0x6EF3FCB0)[AVRCP] subopcode match 0x30, update ctype 0x1->0xc
12-30 11:33:14.144  1547  2118 D ANW_AVRCP: 
12-30 11:33:14.144  1547  2118 D ANW_AVRCP: (1547|0x6EF3FCB0)[AVRCP] AVRCP_Packet_Parser Response
12-30 11:33:14.144  1547  2118 D ANW_AVRCP: 
12-30 11:33:14.144  1547  2118 D ANW_AVRCP: (1547|0x6EF3FCB0)[AVRCP] AVRCP_Get_Play_Status_RSP_Handler 151710/205014 1
12-30 11:33:14.144  1547  2118 D ANWAPI  : (1547|0x6EF3FCB0)[BTAPI] connmgr_find_by_handle pData = 0xb400fa68ee34c5e0,7
12-30 11:33:14.144  1547  2118 D ANWAPI  : (1547|0x6EF3FCB0)[BTAPI] ===BTAPI_MallocIdxMsg 1030 16
12-30 11:33:14.144  1547  2118 D ANWAPI  : (1547|0x6EF3FCB0)[BTAPI] *BT_CB_Dispatch
12-30 11:33:14.144  1547  2118 D ANWAPI  : (1547|0x6EF3FCB0)[BTAPI] *****SDK callback(0x406)
12-30 11:33:14.144  1547  2118 D ANWAPI  : (1547|0x6EF3FCB0)[BTAPI] SDK***** [34:10:be:3d:c6:77][0]
12-30 11:33:14.144  1547  2118 D ANWAPI  : (1547|0x6EF3FCB0)[BTAPI] btsdk_exec_apicb start
12-30 11:33:14.144  1547  2118 D ANWAPI  : (1547|0x6EF3FCB0)[BTAPI] Up: AvrcpMsgHandler receive[34:10:BE:3D:C6:77], Get Device ID(0)
12-30 11:33:14.144  1547  2118 D ANWAPI  : 
12-30 11:33:14.144  1547  2118 D ANWAPI  : (1547|0x6EF3FCB0)[BTAPI] Up: AnWBT_AVRCP_CURRENT_PLAY_STATUS_IND
12-30 11:33:14.144  1547  2118 D ANWAPI  : 
12-30 11:33:14.144  1547  2118 D ANWAPI  : (1547|0x6EF3FCB0)[BTAPI] songLengthMs     =205014
12-30 11:33:14.144  1547  2118 D ANWAPI  : 
12-30 11:33:14.144  1547  2118 D ANWAPI  : (1547|0x6EF3FCB0)[BTAPI] songPositionMs   =151710
12-30 11:33:14.144  1547  2118 D ANWAPI  : 
12-30 11:33:14.144  1547  2118 I ANW bt_btif: AvrcpMsgHandler: HAL bt_rc_ctrl_callbacks->play_position_changed_cb
12-30 11:33:14.144  1547  2118 I BluetoothAvrcpControllerJni: btavrcp_play_position_changed_callback
12-30 11:33:14.144  1547  2118 D AvrcpControllerService: onPlayPositionChanged pos 151710
12-30 11:33:14.144  1547  2118 D ANWAPI  : (1547|0x6EF3FCB0)[BTAPI] currentPlayStatus=1
12-30 11:33:14.144  1547  2118 D ANWAPI  : 
12-30 11:33:14.145  1547  2118 I ANW bt_btif: AvrcpMsgHandler: HAL bt_rc_ctrl_callbacks->play_status_changed_cb
12-30 11:33:14.145  1547 19344 D AvrcpControllerStateMachine: Avrcp.ConnectedAvrcpController processMessage MESSAGE_PROCESS_PLAY_POS_CHANGED
12-30 11:33:14.145  1547  2118 I BluetoothAvrcpControllerJni: btavrcp_play_status_changed_callback
12-30 11:33:14.145  1547 19344 D AvrcpPlayer: getPlayBackState state 3 time 151710
12-30 11:33:14.145  1547  2118 D AvrcpControllerService: onPlayStatusChanged 1
12-30 11:33:14.145  1547 19344 D BluetoothMediaBrowserService: notifyChanged PlaybackStatePlaybackState {state=3, position=151710, buffered position=0, speed=1.0, updated=10529966, actions=2375735, error code=0, error message=null, custom actions=[], active item id=-1}
12-30 11:33:14.145  1547  2118 D ANWAPI  : (1547|0x6EF3FCB0)[BTAPI] btsdk_exec_apicb end
12-30 11:33:14.145  1547 19344 D AvrcpControllerStateMachine: Avrcp.ConnectedAvrcpController processMessage MESSAGE_PROCESS_PLAY_STATUS_CHANGED
12-30 11:33:14.145  1547 19344 D AvrcpControllerStateMachine: Playback status changed to 3
12-30 11:33:14.145  1547 19344 D AvrcpPlayer: getPlayBackState state 3 time 151711
12-30 11:33:14.145  1547 19344 D BluetoothMediaBrowserService: notifyChanged PlaybackStatePlaybackState {state=3, position=151711, buffered position=0, speed=1.0, updated=10529967, actions=2375735, error code=0, error message=null, custom actions=[], active item id=-1}
12-30 11:33:14.145 21940 22414 D MC2ImplBase: onCustomCommand cmd=com.fawvw.mw.mediaengine.ACTION_PLAYER_POSITION_CHANGED
12-30 11:33:14.146   916  1263 D InputReader: BatchSize: 3 Count: 3
12-30 11:33:14.146 21666 21666 D MediaSessionMonitor: onPlaybackStateChanged: [com.android.bluetooth] state = 3
12-30 11:33:14.146   916  1263 D InputReader: Input event: eventHubDevice=1 type=EV_ABS code=ABS_MT_TOUCH_MAJOR value=34 when=10529967809000
12-30 11:33:14.146 21666 21666 D MediaSessionMonitor: updateSourcePlayState: pkg = com.android.bluetooth, state = 3
12-30 11:33:14.146   916  1263 D InputReader: Input event: eventHubDevice=1 type=EV_ABS code=ABS_MT_WIDTH_MAJOR value=34 when=10529967809000
12-30 11:33:14.146   916  1263 D InputReader: Input event: eventHubDevice=1 type=EV_SYN code=SYN_REPORT value=0 when=10529967809000
12-30 11:33:14.146   916  1263 D InputReader: syncTouch: pointerCount 1 -> 1, touching ids 0x80000000 -> 0x80000000, hovering ids 0x00000000 -> 0x00000000, canceled ids 0x00000000
12-30 11:33:14.146   916  1263 D UnwantedInteractionBlocker: notifyMotion: NotifyMotionArgs(id=300459213, eventTime=10529967809000, deviceId=2, source=TOUCHSCREEN, action=MOVE, pointerCount=1 pointers={0: id=0 x=1008.6 y=226.8 pressure=1.0 major=34.0 minor=34.0 orientation=0.0}, flags=0x00000000)
12-30 11:33:14.146   916  1263 D UnwantedInteractionBlocker: enqueueOutboundMotionLocked: NotifyMotionArgs(id=300459213, eventTime=10529967809000, deviceId=2, source=TOUCHSCREEN, action=MOVE, pointerCount=1 pointers={0: id=0 x=1008.6 y=226.8 pressure=1.0 major=34.0 minor=34.0 orientation=0.0}, flags=0x00000000)
12-30 11:33:14.146   916  1263 D InputDispatcher: notifyMotion - id=11e8a4cd eventTime=10529967809000, deviceId=2, source=TOUCHSCREEN, displayId=0, policyFlags=0x0, action=MOVE, actionButton=0x0, flags=0x0, metaState=0x0, buttonState=0x0, edgeFlags=0x0, xPrecision=1.000391, yPrecision=1.000695, xCursorPosition=nan, yCursorPosition=nan, downTime=10529944134000
12-30 11:33:14.146 21666 21666 D MediaSessionMonitor: onPlaybackStateChanged: [com.android.bluetooth] state = 3
12-30 11:33:14.146   916  1263 D InputDispatcher:   Pointer 0: id=0, toolType=FINGER, x=1008.606018, y=226.842468, pressure=1.000000, size=0.133333, touchMajor=33.981564, touchMinor=33.981564, toolMajor=33.981564, toolMinor=33.981564, orientation=0.000000
12-30 11:33:14.146  1547 19344 D AvrcpPlayer: getPlayBackState state 3 time 151711
12-30 11:33:14.146 21666 21666 D MediaSessionMonitor: updateSourcePlayState: pkg = com.android.bluetooth, state = 3
12-30 11:33:14.146   916  1263 I InputVerifier: input: Processing MOVE for device DeviceId(2) (1 pointer) on display 0
12-30 11:33:14.146 21940 19613 D MC2ImplBase: onCustomCommand cmd=com.fawvw.mw.mediaengine.ACTION_PLAYER_POSITION_CHANGED
12-30 11:33:14.146   916  1262 D InputDispatcher: dispatchMotion - eventTime=10529967809000, deviceId=2, source=TOUCHSCREEN, displayId=0, policyFlags=0x62000000, action=MOVE, actionButton=0x0, flags=0x0, metaState=0x0, buttonState=0x0,edgeFlags=0x0, xPrecision=1.000391, yPrecision=1.000695, downTime=10529944134000
12-30 11:33:14.146   916  1262 D InputDispatcher:   Pointer 0: id=0, toolType=FINGER, x=1008.606018, y=226.842468, pressure=1.000000, size=0.133333, touchMajor=33.981564, touchMinor=33.981564, toolMajor=33.981564, toolMinor=33.981564, orientation=0.000000
12-30 11:33:14.146   916  1262 D InputDispatcher: dispatchEventToCurrentInputTargets
12-30 11:33:14.146   916  1262 D InputDispatcher: channel '594b861 com.fawvw.hmi.btmusic/com.fawvw.hmi.btmusic.ui.MainActivity (server)' ~ prepareDispatchCycle - flags=FOREGROUND | SPLIT | DISPATCH_AS_IS | WINDOW_IS_PARTIALLY_OBSCURED, globalScaleFactor=1.000000, pointerIds=00000000000000000000000000000001 
12-30 11:33:14.146   916  1262 D InputDispatcher:         pointerId 0: (ROT_0) (IDENTITY)
12-30 11:33:14.146   916  1262 D InputDispatcher: channel '594b861 com.fawvw.hmi.btmusic/com.fawvw.hmi.btmusic.ui.MainActivity (server)' ~ startDispatchCycle
12-30 11:33:14.146   916  1262 D InputDispatcher: Publishing DispatchEntry{resolvedAction=MOVE, resolvedFlags=2, targetFlags=FOREGROUND | SPLIT | DISPATCH_AS_IS | WINDOW_IS_PARTIALLY_OBSCURED, transform=transform (ROT_0) (IDENTITY)
12-30 11:33:14.146   916  1262 D InputDispatcher: } original: MotionEvent(deviceId=2, eventTime=10529967809000, source=TOUCHSCREEN, displayId=0, action=MOVE, actionButton=0x00000000, flags=0x00000000, metaState=0x00000000, buttonState=0x00000000, classification=NONE, edgeFlags=0x00000000, xPrecision=1.0, yPrecision=1.0, xCursorPosition=nan, yCursorPosition=nan, pointers=[0: (1008.6, 226.8)]), policyFlags=0x62000000 to 594b861 com.fawvw.hmi.btmusic/com.fawvw.hmi.btmusic.ui.MainActivity (server)
12-30 11:33:14.146   916  1262 I InputVerifier: input: Processing MOVE for device DeviceId(2) (1 pointer) on 594b861 com.fawvw.hmi.btmusic/com.fawvw.hmi.btmusic.ui.MainActivity (server)
12-30 11:33:14.146   916  1262 D InputTransport: channel '594b861 com.fawvw.hmi.btmusic/com.fawvw.hmi.btmusic.ui.MainActivity (server)' publisher ~ publishMotionEvent: seq=20995, id=300459213, deviceId=2, source=TOUCHSCREEN, displayId=0, action=MOVE, actionButton=0x00000000, flags=0x2, edgeFlags=0x0, metaState=0x0, buttonState=0x0, classification=NONE,xPrecision=1.000391, yPrecision=1.000695, downTime=10529944134000, eventTime=10529967809000, pointerCount=1 
12-30 11:33:14.146   916  1262 D InputTransport:         transform (ROT_0) (IDENTITY)
12-30 11:33:14.147   916  1262 D InputTransport: channel '594b861 com.fawvw.hmi.btmusic/com.fawvw.hmi.btmusic.ui.MainActivity (server)' ~ sent message of type MOTION
12-30 11:33:14.147   916  1262 D InputDispatcher: channel 'PointerEventDispatcher0 (server)' ~ prepareDispatchCycle - flags=DISPATCH_AS_IS, globalScaleFactor=1.000000, pointerIds=<none> 
12-30 11:33:14.147   916  1262 D InputDispatcher:         default (ROT_0) (IDENTITY)
12-30 11:33:14.147   916  1262 D InputDispatcher: channel 'PointerEventDispatcher0 (server)' ~ startDispatchCycle
12-30 11:33:14.147   916  1262 D InputDispatcher: Publishing DispatchEntry{resolvedAction=MOVE, resolvedFlags=0, targetFlags=DISPATCH_AS_IS, transform=transform (ROT_0) (IDENTITY)
12-30 11:33:14.147   916  1262 D InputDispatcher: } original: MotionEvent(deviceId=2, eventTime=10529967809000, source=TOUCHSCREEN, displayId=0, action=MOVE, actionButton=0x00000000, flags=0x00000000, metaState=0x00000000, buttonState=0x00000000, classification=NONE, edgeFlags=0x00000000, xPrecision=1.0, yPrecision=1.0, xCursorPosition=nan, yCursorPosition=nan, pointers=[0: (1008.6, 226.8)]), policyFlags=0x62000000 to PointerEventDispatcher0 (server)
