12-30 11:33:16.472   398   464 I VehiclePropertyStore: begin to write value to Store: {.timestamp = 10532294068586, .areaId = 0, .prop = 557850872, .status = AVAILABLE, .value = {.int32Values = [1]{0}, .floatValues = [0]{}, .int64Values = [0]{}, .bytes = [0]{}, .stringValue = ""}}
12-30 11:33:16.472   398   464 D adayocomadapter-CommunicationManager: onUpstreamReceive mPropertyId 0x214020f8
12-30 11:33:16.472   398   464 D adayocomadapter-CommunicationManager: onUpstreamReceive mPropertyId 0x214020f9
12-30 11:33:16.472   398   464 D adayocomadapter-CommunicationManager: convertBytesToInt32Memcpy  0
12-30 11:33:16.472   398   464 I vw-vhal : notifyVehicleProperty, propId = 0x214020f9, data = {status: 2, int32Values: [0]}
12-30 11:33:16.472   398   464 I vw-vhal : CanSignalsAdapter::notifyVehicleProperty: solvedValue = {.timestamp = 10532294258586, .areaId = 0, .prop = 557850873, .status = AVAILABLE, .value = {.int32Values = [1]{0}, .floatValues = [0]{}, .int64Values = [0]{}, .bytes = [0]{}, .stringValue = ""}}
12-30 11:33:16.472   398   464 I VehiclePropertyStore: begin to write value to Store: {.timestamp = 10532294258586, .areaId = 0, .prop = 557850873, .status = AVAILABLE, .value = {.int32Values = [1]{0}, .floatValues = [0]{}, .int64Values = [0]{}, .bytes = [0]{}, .stringValue = ""}}
12-30 11:33:16.472   398   464 I DefaultVehicleHal_v2_0: DefaultVehicleHal::onPropertyValue, value:{.timestamp = 10532294258586, .areaId = 0, .prop = 557850873, .status = AVAILABLE, .value = {.int32Values = [1]{0}, .floatValues = [0]{}, .int64Values = [0]{}, .bytes = [0]{}, .stringValue = ""}}
12-30 11:33:16.472   398   464 D DiagPropHandler: is not DiagnosticConfig: 0x214020f9
12-30 11:33:16.472   398   464 I VehiclePropertyStore: begin to write value to Store: {.timestamp = 10532294258586, .areaId = 0, .prop = 557850873, .status = AVAILABLE, .value = {.int32Values = [1]{0}, .floatValues = [0]{}, .int64Values = [0]{}, .bytes = [0]{}, .stringValue = ""}}
12-30 11:33:16.472   398   464 D adayocomadapter-CommunicationManager: onUpstreamReceive mPropertyId 0x214020f9
12-30 11:33:16.478   596  3076 E WifiHAL : Invalid data received from driver
12-30 11:33:16.481   360   931 D EvsDriver: forwardFrame
12-30 11:33:16.481   360   931 D EvsDriver: forwardFrameDirect
12-30 11:33:16.481   360   931 D EvsDriver: Delivered 0xb400e2ca9e40e110 as id 0
12-30 11:33:16.482   359   359 D evsmanagerd: /dev/video-evs0 forwarded the buffer #0 to 0xb400f125d2b26dd0 from 0xb400f125e2b20710
12-30 11:33:16.489   360   458 D EvsDriver: doneWithFrame
12-30 11:33:16.515   360   931 D EvsDriver: forwardFrame
12-30 11:33:16.515   360   931 D EvsDriver: forwardFrameDirect
12-30 11:33:16.515   360   931 D EvsDriver: Delivered 0xb400e2ca9e40c7a0 as id 1
12-30 11:33:16.515   359   359 D evsmanagerd: /dev/video-evs0 forwarded the buffer #1 to 0xb400f125d2b26dd0 from 0xb400f125e2b20710
12-30 11:33:16.519   360   458 D EvsDriver: doneWithFrame
12-30 11:33:16.520  2358  2623 D RcfController: Rcf proxy is not connected!
12-30 11:33:16.548   360   931 D EvsDriver: forwardFrame
12-30 11:33:16.548   360   931 D EvsDriver: forwardFrameDirect
12-30 11:33:16.548   360   931 D EvsDriver: Delivered 0xb400e2ca9e40e270 as id 0
12-30 11:33:16.548   359   359 D evsmanagerd: /dev/video-evs0 forwarded the buffer #0 to 0xb400f125d2b26dd0 from 0xb400f125e2b20710
12-30 11:33:16.549   360   458 D EvsDriver: doneWithFrame
12-30 11:33:16.556  1667  2594 W ContextImpl: Calling a method in the system process without a qualified user: android.app.ContextImpl.bindService:1988 android.content.ContextWrapper.bindService:861 com.ford.sync.fnvservice.FordFnv.c:202 com.ford.sync.fnvservice.FordFnv.c:43 com.ford.sync.fnvservice.FordFnv$RetryHandler.handleMessage:245 
12-30 11:33:16.557   916  2815 W ActivityManager: Unable to start service Intent { cmp=com.ford.sync.fnvservice/.FordFnvService } U=0: not found
12-30 11:33:16.557  1667  2594 W FordFnv :  bind ford fnv failed -> sendRetryMessage 
12-30 11:33:16.570  2358  2623 D RcfController: Rcf proxy is not connected!
12-30 11:33:16.580   596  3076 E WifiHAL : Invalid data received from driver
12-30 11:33:16.580   596  3076 E WifiHAL : Invalid data received from driver
12-30 11:33:16.580   596  3076 E WifiHAL : Invalid data received from driver
12-30 11:33:16.580   596  3076 E WifiHAL : Invalid data received from driver
12-30 11:33:16.580   596  3076 E WifiHAL : Invalid data received from driver
12-30 11:33:16.580   596  3076 E WifiHAL : Invalid data received from driver
12-30 11:33:16.580   596  3076 E WifiHAL : Invalid data received from driver
12-30 11:33:16.581   360   931 D EvsDriver: forwardFrame
12-30 11:33:16.581   360   931 D EvsDriver: forwardFrameDirect
12-30 11:33:16.581   360   931 D EvsDriver: Delivered 0xb400e2ca9e40d4b0 as id 1
12-30 11:33:16.582   359   359 D evsmanagerd: /dev/video-evs0 forwarded the buffer #1 to 0xb400f125d2b26dd0 from 0xb400f125e2b20710
12-30 11:33:16.587   596  3076 E WifiHAL : Invalid data received from driver
12-30 11:33:16.590   360   458 D EvsDriver: doneWithFrame
12-30 11:33:16.615   360   931 D EvsDriver: forwardFrame
12-30 11:33:16.615   360   931 D EvsDriver: forwardFrameDirect
12-30 11:33:16.615   360   931 D EvsDriver: Delivered 0xb400e2ca9e40c2d0 as id 0
12-30 11:33:16.615   359   359 D evsmanagerd: /dev/video-evs0 forwarded the buffer #0 to 0xb400f125d2b26dd0 from 0xb400f125e2b20710
12-30 11:33:16.620   360   458 D EvsDriver: doneWithFrame
12-30 11:33:16.620  2358  2623 D RcfController: Rcf proxy is not connected!
12-30 11:33:16.648   360   931 D EvsDriver: forwardFrame
12-30 11:33:16.648   360   931 D EvsDriver: forwardFrameDirect
12-30 11:33:16.648   360   931 D EvsDriver: Delivered 0xb400e2ca9e40d090 as id 1
12-30 11:33:16.648   359   359 D evsmanagerd: /dev/video-evs0 forwarded the buffer #1 to 0xb400f125d2b26dd0 from 0xb400f125e2b20710
12-30 11:33:16.650   360   458 D EvsDriver: doneWithFrame
12-30 11:33:16.671  2358  2623 D RcfController: Rcf proxy is not connected!
12-30 11:33:16.680   650   729 D fgemcucomm: sd Uart data : 6AA60249EA0002920235
12-30 11:33:16.680   650   729 D fgemcucomm: rev uart=87462,len=15, data : 6AA68149EA000792020009000000A8
12-30 11:33:16.680   398   398 D adayocomadapter-ParseProtocolFunc: printRaWMsg Name[MCUToUPstream recv] len[7] data[92020009000000]
12-30 11:33:16.680   398   398 D adayocomadapter-CommunicationManager: onUpstreamback   member[0] dataLength[4] timePoint[10532502]
12-30 11:33:16.680   398   398 D adayocomadapter-ParseProtocolFunc: printRaWMsg Name[onUpstreamback] len[4] data[09000000]
12-30 11:33:16.680   398   464 D adayocomadapter-UpstreamHandler: processBeforePacket upSreamtProcessTimePoint[10532502] 
12-30 11:33:16.680   398   464 D adayocomadapter-UpstreamHandler: processPacket UPSTREAM_QUEUE_DATA_TIMEOUT
12-30 11:33:16.680   398   464 D adayocomadapter-ParseProtocolFunc: parseCommonIPCLBytes Processing tableNumber[9]
12-30 11:33:16.680   398   464 D adayocomadapter-ParseProtocolFunc: parseCommonIPCLBytes Processing tablename[Table-9] tableSize[4]
12-30 11:33:16.680   398   464 D adayocomadapter-ParseProtocolFunc: printRaWMsg Name[byteStream recv] len[4] data[09000000]
12-30 11:33:16.680   398   464 D adayocomadapter-ParseProtocolFunc: printRaWMsg Name[IPCLtoVHAL] len[6] data[214020600000]
12-30 11:33:16.680   398   464 D adayocomadapter-ParseProtocolFunc: printRaWMsg Name[IPCLtoVHAL] len[6] data[2140218D0000]
12-30 11:33:16.680   398   464 D adayocomadapter-ParseProtocolFunc: printRaWMsg Name[IPCLtoVHAL] len[6] data[214022550000]
12-30 11:33:16.680   398   464 D adayocomadapter-CommunicationManager: onUpstreamReceive mPropertyId 0x21402060
12-30 11:33:16.680   398   464 D adayocomadapter-CommunicationManager: convertBytesToInt32Memcpy  0
12-30 11:33:16.680   398   464 I vw-vhal : notifyVehicleProperty, propId = 0x21402060, data = {status: 2, int32Values: [0]}
12-30 11:33:16.680   398   464 I vw-vhal : CanSignalsAdapter::notifyVehicleProperty: solvedValue = {.timestamp = 10532502527920, .areaId = 0, .prop = 557850720, .status = AVAILABLE, .value = {.int32Values = [1]{0}, .floatValues = [0]{}, .int64Values = [0]{}, .bytes = [0]{}, .stringValue = ""}}
12-30 11:33:16.680   398   464 I VehiclePropertyStore: begin to write value to Store: {.timestamp = 10532502527920, .areaId = 0, .prop = 557850720, .status = AVAILABLE, .value = {.int32Values = [1]{0}, .floatValues = [0]{}, .int64Values = [0]{}, .bytes = [0]{}, .stringValue = ""}}
12-30 11:33:16.680   398   464 I DefaultVehicleHal_v2_0: DefaultVehicleHal::onPropertyValue, value:{.timestamp = 10532502527920, .areaId = 0, .prop = 557850720, .status = AVAILABLE, .value = {.int32Values = [1]{0}, .floatValues = [0]{}, .int64Values = [0]{}, .bytes = [0]{}, .stringValue = ""}}
12-30 11:33:16.680   398   464 D DiagPropHandler: is not DiagnosticConfig: 0x21402060
12-30 11:33:16.680   398   464 I VehiclePropertyStore: begin to write value to Store: {.timestamp = 10532502527920, .areaId = 0, .prop = 557850720, .status = AVAILABLE, .value = {.int32Values = [1]{0}, .floatValues = [0]{}, .int64Values = [0]{}, .bytes = [0]{}, .stringValue = ""}}
12-30 11:33:16.680   398   464 D adayocomadapter-CommunicationManager: onUpstreamReceive mPropertyId 0x21402060
12-30 11:33:16.680   398   464 D adayocomadapter-CommunicationManager: onUpstreamReceive mPropertyId 0x2140218d
12-30 11:33:16.680   398   464 D adayocomadapter-CommunicationManager: convertBytesToInt32Memcpy  0
12-30 11:33:16.680   398   464 I vw-vhal : notifyVehicleProperty, propId = 0x2140218d, data = {status: 2, int32Values: [0]}
12-30 11:33:16.680   398   464 I vw-vhal : CanSignalsAdapter::notifyVehicleProperty: solvedValue = {.timestamp = 10532502808920, .areaId = 0, .prop = 557851021, .status = AVAILABLE, .value = {.int32Values = [1]{0}, .floatValues = [0]{}, .int64Values = [0]{}, .bytes = [0]{}, .stringValue = ""}}
12-30 11:33:16.680   398   464 I VehiclePropertyStore: begin to write value to Store: {.timestamp = 10532502808920, .areaId = 0, .prop = 557851021, .status = AVAILABLE, .value = {.int32Values = [1]{0}, .floatValues = [0]{}, .int64Values = [0]{}, .bytes = [0]{}, .stringValue = ""}}
12-30 11:33:16.681   398   464 I DefaultVehicleHal_v2_0: DefaultVehicleHal::onPropertyValue, value:{.timestamp = 10532502808920, .areaId = 0, .prop = 557851021, .status = AVAILABLE, .value = {.int32Values = [1]{0}, .floatValues = [0]{}, .int64Values = [0]{}, .bytes = [0]{}, .stringValue = ""}}
12-30 11:33:16.681   398   464 D DiagPropHandler: is not DiagnosticConfig: 0x2140218d
12-30 11:33:16.681   398   464 I VehiclePropertyStore: begin to write value to Store: {.timestamp = 10532502808920, .areaId = 0, .prop = 557851021, .status = AVAILABLE, .value = {.int32Values = [1]{0}, .floatValues = [0]{}, .int64Values = [0]{}, .bytes = [0]{}, .stringValue = ""}}
12-30 11:33:16.681   398   464 D adayocomadapter-CommunicationManager: onUpstreamReceive mPropertyId 0x2140218d
12-30 11:33:16.681   398   464 D adayocomadapter-CommunicationManager: onUpstreamReceive mPropertyId 0x21402255
12-30 11:33:16.681   398   464 D adayocomadapter-CommunicationManager: convertBytesToInt32Memcpy  0
12-30 11:33:16.681   398   464 I vw-vhal : notifyVehicleProperty, propId = 0x21402255, data = {status: 2, int32Values: [0]}
12-30 11:33:16.681   398   464 I vw-vhal : CanSignalsAdapter::notifyVehicleProperty: solvedValue = {.timestamp = 10532503010586, .areaId = 0, .prop = 557851221, .status = AVAILABLE, .value = {.int32Values = [1]{0}, .floatValues = [0]{}, .int64Values = [0]{}, .bytes = [0]{}, .stringValue = ""}}
12-30 11:33:16.681   398   464 I VehiclePropertyStore: begin to write value to Store: {.timestamp = 10532503010586, .areaId = 0, .prop = 557851221, .status = AVAILABLE, .value = {.int32Values = [1]{0}, .floatValues = [0]{}, .int64Values = [0]{}, .bytes = [0]{}, .stringValue = ""}}
12-30 11:33:16.681   398   464 I DefaultVehicleHal_v2_0: DefaultVehicleHal::onPropertyValue, value:{.timestamp = 10532503010586, .areaId = 0, .prop = 557851221, .status = AVAILABLE, .value = {.int32Values = [1]{0}, .floatValues = [0]{}, .int64Values = [0]{}, .bytes = [0]{}, .stringValue = ""}}
12-30 11:33:16.681   398   464 D DiagPropHandler: is not DiagnosticConfig: 0x21402255
12-30 11:33:16.681   398   464 I VehiclePropertyStore: begin to write value to Store: {.timestamp = 10532503010586, .areaId = 0, .prop = 557851221, .status = AVAILABLE, .value = {.int32Values = [1]{0}, .floatValues = [0]{}, .int64Values = [0]{}, .bytes = [0]{}, .stringValue = ""}}
12-30 11:33:16.681   398   464 D adayocomadapter-CommunicationManager: onUpstreamReceive mPropertyId 0x21402255
12-30 11:33:16.681   360   931 D EvsDriver: forwardFrame
12-30 11:33:16.681   360   931 D EvsDriver: forwardFrameDirect
12-30 11:33:16.681   360   931 D EvsDriver: Delivered 0xb400e2ca9e40e110 as id 0
12-30 11:33:16.682   359   359 D evsmanagerd: /dev/video-evs0 forwarded the buffer #0 to 0xb400f125d2b26dd0 from 0xb400f125e2b20710
12-30 11:33:16.687   596  3076 E WifiHAL : Invalid data received from driver
12-30 11:33:16.691   360   458 D EvsDriver: doneWithFrame
12-30 11:33:16.692  2475  2705 D navi-libSdk-J01-Sdk: isServiceConnected: true
12-30 11:33:16.692  2475  2705 D NaviAdapter: remote service connected
12-30 11:33:16.700   798 23313 W adbd    : timed out while waiting for FUNCTIONFS_BIND, trying again
12-30 11:33:16.701   798 23313 I adbd    : UsbFfs: connection terminated: monitor thread finished
12-30 11:33:16.701   798   798 I adbd    : UsbFfs: already offline
12-30 11:33:16.701   798   798 I adbd    : destroying transport UsbFfs
12-30 11:33:16.701   798   798 I adbd    : UsbFfsConnection being destroyed
12-30 11:33:16.715   360   931 D EvsDriver: forwardFrame
12-30 11:33:16.715   360   931 D EvsDriver: forwardFrameDirect
12-30 11:33:16.715   360   931 D EvsDriver: Delivered 0xb400e2ca9e40c7a0 as id 1
12-30 11:33:16.715   359   359 D evsmanagerd: /dev/video-evs0 forwarded the buffer #1 to 0xb400f125d2b26dd0 from 0xb400f125e2b20710
12-30 11:33:16.721  2358  2623 D RcfController: Rcf proxy is not connected!
12-30 11:33:16.721   360   458 D EvsDriver: doneWithFrame
12-30 11:33:16.730   798   838 I adbd    : opening control endpoint /dev/usb-ffs/adb/ep0
12-30 11:33:16.731   798   838 I adbd    : UsbFfsConnection constructed
12-30 11:33:16.731   798 23316 I adbd    : UsbFfs-monitor thread spawned
01-01 10:55:33.740   838   838 I         : read strings
12-30 11:33:16.748   360   931 D EvsDriver: forwardFrame
12-30 11:33:16.748   360   931 D EvsDriver: forwardFrameDirect
12-30 11:33:16.748   360   931 D EvsDriver: Delivered 0xb400e2ca9e40e270 as id 0
12-30 11:33:16.748   359   359 D evsmanagerd: /dev/video-evs0 forwarded the buffer #0 to 0xb400f125d2b26dd0 from 0xb400f125e2b20710
12-30 11:33:16.751   360   458 D EvsDriver: doneWithFrame
12-30 11:33:16.770   596  3076 E WifiHAL : Invalid data received from driver
12-30 11:33:16.771  2358  2623 D RcfController: Rcf proxy is not connected!
12-30 11:33:16.781   360   931 D EvsDriver: forwardFrame
12-30 11:33:16.781   360   931 D EvsDriver: forwardFrameDirect
12-30 11:33:16.781   360   931 D EvsDriver: Delivered 0xb400e2ca9e40d4b0 as id 1
12-30 11:33:16.782   359   359 D evsmanagerd: /dev/video-evs0 forwarded the buffer #1 to 0xb400f125d2b26dd0 from 0xb400f125e2b20710
12-30 11:33:16.783   650   729 D fgemcucomm: sd Uart data : 6AA60249EB0002920234
12-30 11:33:16.783   650   729 D fgemcucomm: rev uart=87463,len=51, data : 6AA68149EB002B920200110000000000000000000000000000000000000000000000000000000000000000000000000000007B
12-30 11:33:16.783   398   398 D adayocomadapter-ParseProtocolFunc: printRaWMsg Name[MCUToUPstream recv] len[43] data[92020011000000000000000000000000000000000000000000000000000000000000000000000000000000]
12-30 11:33:16.783   398   398 D adayocomadapter-CommunicationManager: onUpstreamback   member[0] dataLength[40] timePoint[10532605]
12-30 11:33:16.783   398   398 D adayocomadapter-ParseProtocolFunc: printRaWMsg Name[onUpstreamback] len[40] data[11000000000000000000000000000000000000000000000000000000000000000000000000000000]
12-30 11:33:16.783   398   464 D adayocomadapter-UpstreamHandler: processBeforePacket upSreamtProcessTimePoint[10532605] 
12-30 11:33:16.783   398   464 D adayocomadapter-UpstreamHandler: processPacket UPSTREAM_QUEUE_DATA_TIMEOUT
12-30 11:33:16.783   398   464 D adayocomadapter-ParseProtocolFunc: parseCommonIPCLBytes Processing tableNumber[17]
12-30 11:33:16.783   398   464 D adayocomadapter-ParseProtocolFunc: parseCommonIPCLBytes Processing tablename[Table-17] tableSize[40]
12-30 11:33:16.783   398   464 D adayocomadapter-ParseProtocolFunc: printRaWMsg Name[byteStream recv] len[40] data[11000000000000000000000000000000000000000000000000000000000000000000000000000000]
12-30 11:33:16.783   398   464 D adayocomadapter-ParseProtocolFunc: printRaWMsg Name[IPCLtoVHAL] len[22] data[21102047010000000000000000000000000000000000]
12-30 11:33:16.783   398   464 D adayocomadapter-ParseProtocolFunc: printRaWMsg Name[IPCLtoVHAL] len[6] data[214020130000]
12-30 11:33:16.783   398   464 D adayocomadapter-ParseProtocolFunc: printRaWMsg Name[IPCLtoVHAL] len[6] data[2140216C0000]
12-30 11:33:16.783   398   464 D adayocomadapter-ParseProtocolFunc: printRaWMsg Name[IPCLtoVHAL] len[6] data[214020A60000]
12-30 11:33:16.783   398   464 D adayocomadapter-ParseProtocolFunc: printRaWMsg Name[IPCLtoVHAL] len[6] data[214020FC0000]
12-30 11:33:16.783   398   464 D adayocomadapter-ParseProtocolFunc: printRaWMsg Name[IPCLtoVHAL] len[6] data[214021080000]
12-30 11:33:16.783   398   464 D adayocomadapter-ParseProtocolFunc: printRaWMsg Name[IPCLtoVHAL] len[6] data[2140210A0000]
12-30 11:33:16.783   398   464 D adayocomadapter-ParseProtocolFunc: printRaWMsg Name[IPCLtoVHAL] len[6] data[214020240000]
12-30 11:33:16.783   398   464 D adayocomadapter-ParseProtocolFunc: printRaWMsg Name[IPCLtoVHAL] len[6] data[214021200000]
12-30 11:33:16.783   398   464 D adayocomadapter-ParseProtocolFunc: printRaWMsg Name[IPCLtoVHAL] len[6] data[214021090000]
12-30 11:33:16.783   398   464 D adayocomadapter-ParseProtocolFunc: printRaWMsg Name[IPCLtoVHAL] len[6] data[214020A70000]
12-30 11:33:16.783   398   464 D adayocomadapter-ParseProtocolFunc: printRaWMsg Name[IPCLtoVHAL] len[6] data[2140212E0000]
12-30 11:33:16.783   398   464 D adayocomadapter-ParseProtocolFunc: printRaWMsg Name[IPCLtoVHAL] len[6] data[2140205F0000]
12-30 11:33:16.783   398   464 D adayocomadapter-ParseProtocolFunc: printRaWMsg Name[IPCLtoVHAL] len[6] data[214021000000]
12-30 11:33:16.783   398   464 D adayocomadapter-ParseProtocolFunc: printRaWMsg Name[IPCLtoVHAL] len[7] data[214021A1000000]
12-30 11:33:16.783   398   464 D adayocomadapter-ParseProtocolFunc: printRaWMsg Name[IPCLtoVHAL] len[6] data[214020270000]
12-30 11:33:16.784   398   464 D adayocomadapter-ParseProtocolFunc: printRaWMsg Name[IPCLtoVHAL] len[6] data[214021800000]
12-30 11:33:16.784   398   464 D adayocomadapter-ParseProtocolFunc: printRaWMsg Name[IPCLtoVHAL] len[6] data[2140210B0000]
12-30 11:33:16.784   398   464 D adayocomadapter-ParseProtocolFunc: printRaWMsg Name[IPCLtoVHAL] len[6] data[2140217E0000]
12-30 11:33:16.784   398   464 D adayocomadapter-ParseProtocolFunc: printRaWMsg Name[IPCLtoVHAL] len[6] data[214020FE0000]
12-30 11:33:16.784   398   464 D adayocomadapter-ParseProtocolFunc: printRaWMsg Name[IPCLtoVHAL] len[6] data[214020FF0000]
12-30 11:33:16.784   398   464 D adayocomadapter-ParseProtocolFunc: printRaWMsg Name[IPCLtoVHAL] len[6] data[214021820000]
12-30 11:33:16.784   398   464 D adayocomadapter-CommunicationManager: onUpstreamReceive mPropertyId 0x21102047
12-30 11:33:16.784   398   464 D adayocomadapter-CommunicationManager: byteArrayToHexString  
12-30 11:33:16.784   398   464 I vw-vhal : notifyVehicleProperty, propId = 0x21102047, data = {status: 2, stringValue: "
12-30 11:33:16.784   398   464 I vw-vhal : CanSignalsAdapter::notifyVehicleProperty: solvedValue = {.timestamp = 10532606058586, .areaId = 0, .prop = 554704967, .status = AVAILABLE, .value = {.int32Values = [0]{}, .floatValues = [0]{}, .int64Values = [0]{}, .bytes = [0]{}, .stringValue = ""}}
12-30 11:33:16.784   398   464 I VehiclePropertyStore: begin to write value to Store: {.timestamp = 10532606058586, .areaId = 0, .prop = 554704967, .status = AVAILABLE, .value = {.int32Values = [0]{}, .floatValues = [0]{}, .int64Values = [0]{}, .bytes = [0]{}, .stringValue = ""}}
12-30 11:33:16.784   398   464 I DefaultVehicleHal_v2_0: DefaultVehicleHal::onPropertyValue, value:{.timestamp = 10532606058586, .areaId = 0, .prop = 554704967, .status = AVAILABLE, .value = {.int32Values = [0]{}, .floatValues = [0]{}, .int64Values = [0]{}, .bytes = [0]{}, .stringValue = ""}}
12-30 11:33:16.784   398   464 D DiagPropHandler: is not DiagnosticConfig: 0x21102047
12-30 11:33:16.784   398   464 I VehiclePropertyStore: begin to write value to Store: {.timestamp = 10532606058586, .areaId = 0, .prop = 554704967, .status = AVAILABLE, .value = {.int32Values = [0]{}, .floatValues = [0]{}, .int64Values = [0]{}, .bytes = [0]{}, .stringValue = ""}}
12-30 11:33:16.784   398   464 D adayocomadapter-CommunicationManager: onUpstreamReceive mPropertyId 0x21102047
12-30 11:33:16.784   398   464 D adayocomadapter-CommunicationManager: onUpstreamReceive mPropertyId 0x21402013
12-30 11:33:16.784   398   464 D adayocomadapter-CommunicationManager: convertBytesToInt32Memcpy  0
12-30 11:33:16.784   398   464 I vw-vhal : notifyVehicleProperty, propId = 0x21402013, data = {status: 2, int32Values: [0]}
12-30 11:33:16.784   398   464 I vw-vhal : CanSignalsAdapter::notifyVehicleProperty: solvedValue = {.timestamp = 10532606328920, .areaId = 0, .prop = 557850643, .status = AVAILABLE, .value = {.int32Values = [1]{0}, .floatValues = [0]{}, .int64Values = [0]{}, .bytes = [0]{}, .stringValue = ""}}
12-30 11:33:16.784   398   464 I VehiclePropertyStore: begin to write value to Store: {.timestamp = 10532606328920, .areaId = 0, .prop = 557850643, .status = AVAILABLE, .value = {.int32Values = [1]{0}, .floatValues = [0]{}, .int64Values = [0]{}, .bytes = [0]{}, .stringValue = ""}}
12-30 11:33:16.784   398   464 I DefaultVehicleHal_v2_0: DefaultVehicleHal::onPropertyValue, value:{.timestamp = 10532606328920, .areaId = 0, .prop = 557850643, .status = AVAILABLE, .value = {.int32Values = [1]{0}, .floatValues = [0]{}, .int64Values = [0]{}, .bytes = [0]{}, .stringValue = ""}}
12-30 11:33:16.784   398   464 D DiagPropHandler: is not DiagnosticConfig: 0x21402013
12-30 11:33:16.784   398   464 I VehiclePropertyStore: begin to write value to Store: {.timestamp = 10532606328920, .areaId = 0, .prop = 557850643, .status = AVAILABLE, .value = {.int32Values = [1]{0}, .floatValues = [0]{}, .int64Values = [0]{}, .bytes = [0]{}, .stringValue = ""}}
12-30 11:33:16.784   398   464 D adayocomadapter-CommunicationManager: onUpstreamReceive mPropertyId 0x21402013
12-30 11:33:16.784   398   464 D adayocomadapter-CommunicationManager: onUpstreamReceive mPropertyId 0x2140216c
12-30 11:33:16.784   398   464 D adayocomadapter-CommunicationManager: convertBytesToInt32Memcpy  0
12-30 11:33:16.784   398   464 I vw-vhal : notifyVehicleProperty, propId = 0x2140216c, data = {status: 2, int32Values: [0]}
12-30 11:33:16.784   398   464 I vw-vhal : CanSignalsAdapter::notifyVehicleProperty: solvedValue = {.timestamp = 10532606525920, .areaId = 0, .prop = 557850988, .status = AVAILABLE, .value = {.int32Values = [1]{0}, .floatValues = [0]{}, .int64Values = [0]{}, .bytes = [0]{}, .stringValue = ""}}
12-30 11:33:16.784   398   464 I VehiclePropertyStore: begin to write value to Store: {.timestamp = 10532606525920, .areaId = 0, .prop = 557850988, .status = AVAILABLE, .value = {.int32Values = [1]{0}, .floatValues = [0]{}, .int64Values = [0]{}, .bytes = [0]{}, .stringValue = ""}}
12-30 11:33:16.784   398   464 I DefaultVehicleHal_v2_0: DefaultVehicleHal::onPropertyValue, value:{.timestamp = 10532606525920, .areaId = 0, .prop = 557850988, .status = AVAILABLE, .value = {.int32Values = [1]{0}, .floatValues = [0]{}, .int64Values = [0]{}, .bytes = [0]{}, .stringValue = ""}}
12-30 11:33:16.784   398   464 D DiagPropHandler: is not DiagnosticConfig: 0x2140216c
12-30 11:33:16.784   398   464 I VehiclePropertyStore: begin to write value to Store: {.timestamp = 10532606525920, .areaId = 0, .prop = 557850988, .status = AVAILABLE, .value = {.int32Values = [1]{0}, .floatValues = [0]{}, .int64Values = [0]{}, .bytes = [0]{}, .stringValue = ""}}
12-30 11:33:16.784   398   464 D adayocomadapter-CommunicationManager: onUpstreamReceive mPropertyId 0x2140216c
12-30 11:33:16.784   398   464 D adayocomadapter-CommunicationManager: onUpstreamReceive mPropertyId 0x214020a6
12-30 11:33:16.784   398   464 D adayocomadapter-CommunicationManager: convertBytesToInt32Memcpy  0
12-30 11:33:16.784   398   464 I vw-vhal : notifyVehicleProperty, propId = 0x214020a6, data = {status: 2, int32Values: [0]}
12-30 11:33:16.784   398   464 I vw-vhal : CanSignalsAdapter::notifyVehicleProperty: solvedValue = {.timestamp = 10532606732586, .areaId = 0, .prop = 557850790, .status = AVAILABLE, .value = {.int32Values = [1]{0}, .floatValues = [0]{}, .int64Values = [0]{}, .bytes = [0]{}, .stringValue = ""}}
12-30 11:33:16.784   398   464 I VehiclePropertyStore: begin to write value to Store: {.timestamp = 10532606732586, .areaId = 0, .prop = 557850790, .status = AVAILABLE, .value = {.int32Values = [1]{0}, .floatValues = [0]{}, .int64Values = [0]{}, .bytes = [0]{}, .stringValue = ""}}
12-30 11:33:16.784   398   464 I DefaultVehicleHal_v2_0: DefaultVehicleHal::onPropertyValue, value:{.timestamp = 10532606732586, .areaId = 0, .prop = 557850790, .status = AVAILABLE, .value = {.int32Values = [1]{0}, .floatValues = [0]{}, .int64Values = [0]{}, .bytes = [0]{}, .stringValue = ""}}
12-30 11:33:16.784   398   464 D DiagPropHandler: is not DiagnosticConfig: 0x214020a6
12-30 11:33:16.784   398   464 I VehiclePropertyStore: begin to write value to Store: {.timestamp = 10532606732586, .areaId = 0, .prop = 557850790, .status = AVAILABLE, .value = {.int32Values = [1]{0}, .floatValues = [0]{}, .int64Values = [0]{}, .bytes = [0]{}, .stringValue = ""}}
12-30 11:33:16.785   398   464 D adayocomadapter-CommunicationManager: onUpstreamReceive mPropertyId 0x214020a6
12-30 11:33:16.785   398   464 D adayocomadapter-CommunicationManager: onUpstreamReceive mPropertyId 0x214020fc
12-30 11:33:16.785   398   464 D adayocomadapter-CommunicationManager: convertBytesToInt32Memcpy  0
12-30 11:33:16.785   398   464 I vw-vhal : notifyVehicleProperty, propId = 0x214020fc, data = {status: 2, int32Values: [0]}
12-30 11:33:16.785   398   464 I vw-vhal : CanSignalsAdapter::notifyVehicleProperty: solvedValue = {.timestamp = 10532606932253, .areaId = 0, .prop = 557850876, .status = AVAILABLE, .value = {.int32Values = [1]{0}, .floatValues = [0]{}, .int64Values = [0]{}, .bytes = [0]{}, .stringValue = ""}}
12-30 11:33:16.785   398   464 I VehiclePropertyStore: begin to write value to Store: {.timestamp = 10532606932253, .areaId = 0, .prop = 557850876, .status = AVAILABLE, .value = {.int32Values = [1]{0}, .floatValues = [0]{}, .int64Values = [0]{}, .bytes = [0]{}, .stringValue = ""}}
12-30 11:33:16.785   398   464 I DefaultVehicleHal_v2_0: DefaultVehicleHal::onPropertyValue, value:{.timestamp = 10532606932253, .areaId = 0, .prop = 557850876, .status = AVAILABLE, .value = {.int32Values = [1]{0}, .floatValues = [0]{}, .int64Values = [0]{}, .bytes = [0]{}, .stringValue = ""}}
12-30 11:33:16.785   398   464 D DiagPropHandler: is not DiagnosticConfig: 0x214020fc
12-30 11:33:16.785   398   464 I VehiclePropertyStore: begin to write value to Store: {.timestamp = 10532606932253, .areaId = 0, .prop = 557850876, .status = AVAILABLE, .value = {.int32Values = [1]{0}, .floatValues = [0]{}, .int64Values = [0]{}, .bytes = [0]{}, .stringValue = ""}}
12-30 11:33:16.785   398   464 D adayocomadapter-CommunicationManager: onUpstreamReceive mPropertyId 0x214020fc
12-30 11:33:16.785   398   464 D adayocomadapter-CommunicationManager: onUpstreamReceive mPropertyId 0x21402108
12-30 11:33:16.785   398   464 D adayocomadapter-CommunicationManager: convertBytesToInt32Memcpy  0
12-30 11:33:16.785   398   464 I vw-vhal : notifyVehicleProperty, propId = 0x21402108, data = {status: 2, int32Values: [0]}
12-30 11:33:16.785   398   464 I vw-vhal : CanSignalsAdapter::notifyVehicleProperty: solvedValue = {.timestamp = 10532607123920, .areaId = 0, .prop = 557850888, .status = AVAILABLE, .value = {.int32Values = [1]{0}, .floatValues = [0]{}, .int64Values = [0]{}, .bytes = [0]{}, .stringValue = ""}}
12-30 11:33:16.785   398   464 I VehiclePropertyStore: begin to write value to Store: {.timestamp = 10532607123920, .areaId = 0, .prop = 557850888, .status = AVAILABLE, .value = {.int32Values = [1]{0}, .floatValues = [0]{}, .int64Values = [0]{}, .bytes = [0]{}, .stringValue = ""}}
12-30 11:33:16.785   398   464 I DefaultVehicleHal_v2_0: DefaultVehicleHal::onPropertyValue, value:{.timestamp = 10532607123920, .areaId = 0, .prop = 557850888, .status = AVAILABLE, .value = {.int32Values = [1]{0}, .floatValues = [0]{}, .int64Values = [0]{}, .bytes = [0]{}, .stringValue = ""}}
12-30 11:33:16.785   398   464 D DiagPropHandler: is not DiagnosticConfig: 0x21402108
12-30 11:33:16.785   398   464 I VehiclePropertyStore: begin to write value to Store: {.timestamp = 10532607123920, .areaId = 0, .prop = 557850888, .status = AVAILABLE, .value = {.int32Values = [1]{0}, .floatValues = [0]{}, .int64Values = [0]{}, .bytes = [0]{}, .stringValue = ""}}
12-30 11:33:16.785   398   464 D adayocomadapter-CommunicationManager: onUpstreamReceive mPropertyId 0x21402108
12-30 11:33:16.785   398   464 D adayocomadapter-CommunicationManager: onUpstreamReceive mPropertyId 0x2140210a
12-30 11:33:16.785   398   464 D adayocomadapter-CommunicationManager: convertBytesToInt32Memcpy  0
12-30 11:33:16.785   398   464 I vw-vhal : notifyVehicleProperty, propId = 0x2140210a, data = {status: 2, int32Values: [0]}
12-30 11:33:16.785   398   464 I vw-vhal : CanSignalsAdapter::notifyVehicleProperty: solvedValue = {.timestamp = 10532607320253, .areaId = 0, .prop = 557850890, .status = AVAILABLE, .value = {.int32Values = [1]{0}, .floatValues = [0]{}, .int64Values = [0]{}, .bytes = [0]{}, .stringValue = ""}}
12-30 11:33:16.785   398   464 I VehiclePropertyStore: begin to write value to Store: {.timestamp = 10532607320253, .areaId = 0, .prop = 557850890, .status = AVAILABLE, .value = {.int32Values = [1]{0}, .floatValues = [0]{}, .int64Values = [0]{}, .bytes = [0]{}, .stringValue = ""}}
12-30 11:33:16.785   398   464 I DefaultVehicleHal_v2_0: DefaultVehicleHal::onPropertyValue, value:{.timestamp = 10532607320253, .areaId = 0, .prop = 557850890, .status = AVAILABLE, .value = {.int32Values = [1]{0}, .floatValues = [0]{}, .int64Values = [0]{}, .bytes = [0]{}, .stringValue = ""}}
12-30 11:33:16.785   398   464 D DiagPropHandler: is not DiagnosticConfig: 0x2140210a
12-30 11:33:16.785   398   464 I VehiclePropertyStore: begin to write value to Store: {.timestamp = 10532607320253, .areaId = 0, .prop = 557850890, .status = AVAILABLE, .value = {.int32Values = [1]{0}, .floatValues = [0]{}, .int64Values = [0]{}, .bytes = [0]{}, .stringValue = ""}}
12-30 11:33:16.785   398   464 D adayocomadapter-CommunicationManager: onUpstreamReceive mPropertyId 0x2140210a
12-30 11:33:16.785   398   464 D adayocomadapter-CommunicationManager: onUpstreamReceive mPropertyId 0x21402024
12-30 11:33:16.785   398   464 D adayocomadapter-CommunicationManager: convertBytesToInt32Memcpy  0
12-30 11:33:16.785   398   464 I vw-vhal : notifyVehicleProperty, propId = 0x21402024, data = {status: 2, int32Values: [0]}
12-30 11:33:16.785   398   464 I vw-vhal : CanSignalsAdapter::notifyVehicleProperty: solvedValue = {.timestamp = 10532607517586, .areaId = 0, .prop = 557850660, .status = AVAILABLE, .value = {.int32Values = [1]{0}, .floatValues = [0]{}, .int64Values = [0]{}, .bytes = [0]{}, .stringValue = ""}}
12-30 11:33:16.785   398   464 I VehiclePropertyStore: begin to write value to Store: {.timestamp = 10532607517586, .areaId = 0, .prop = 557850660, .status = AVAILABLE, .value = {.int32Values = [1]{0}, .floatValues = [0]{}, .int64Values = [0]{}, .bytes = [0]{}, .stringValue = ""}}
12-30 11:33:16.785   398   464 I DefaultVehicleHal_v2_0: DefaultVehicleHal::onPropertyValue, value:{.timestamp = 10532607517586, .areaId = 0, .prop = 557850660, .status = AVAILABLE, .value = {.int32Values = [1]{0}, .floatValues = [0]{}, .int64Values = [0]{}, .bytes = [0]{}, .stringValue = ""}}
12-30 11:33:16.785   398   464 D DiagPropHandler: is not DiagnosticConfig: 0x21402024
12-30 11:33:16.785   398   464 I VehiclePropertyStore: begin to write value to Store: {.timestamp = 10532607517586, .areaId = 0, .prop = 557850660, .status = AVAILABLE, .value = {.int32Values = [1]{0}, .floatValues = [0]{}, .int64Values = [0]{}, .bytes = [0]{}, .stringValue = ""}}
12-30 11:33:16.785   398   464 D adayocomadapter-CommunicationManager: onUpstreamReceive mPropertyId 0x21402024
12-30 11:33:16.785   398   464 D adayocomadapter-CommunicationManager: onUpstreamReceive mPropertyId 0x21402120
12-30 11:33:16.785   398   464 D adayocomadapter-CommunicationManager: convertBytesToInt32Memcpy  0
12-30 11:33:16.785   398   464 I vw-vhal : notifyVehicleProperty, propId = 0x21402120, data = {status: 2, int32Values: [0]}
12-30 11:33:16.785   398   464 I vw-vhal : CanSignalsAdapter::notifyVehicleProperty: solvedValue = {.timestamp = 10532607711920, .areaId = 0, .prop = 557850912, .status = AVAILABLE, .value = {.int32Values = [1]{0}, .floatValues = [0]{}, .int64Values = [0]{}, .bytes = [0]{}, .stringValue = ""}}
12-30 11:33:16.785   398   464 I VehiclePropertyStore: begin to write value to Store: {.timestamp = 10532607711920, .areaId = 0, .prop = 557850912, .status = AVAILABLE, .value = {.int32Values = [1]{0}, .floatValues = [0]{}, .int64Values = [0]{}, .bytes = [0]{}, .stringValue = ""}}
12-30 11:33:16.785   398   464 I DefaultVehicleHal_v2_0: DefaultVehicleHal::onPropertyValue, value:{.timestamp = 10532607711920, .areaId = 0, .prop = 557850912, .status = AVAILABLE, .value = {.int32Values = [1]{0}, .floatValues = [0]{}, .int64Values = [0]{}, .bytes = [0]{}, .stringValue = ""}}
12-30 11:33:16.785   398   464 D DiagPropHandler: is not DiagnosticConfig: 0x21402120
12-30 11:33:16.785   398   464 I VehiclePropertyStore: begin to write value to Store: {.timestamp = 10532607711920, .areaId = 0, .prop = 557850912, .status = AVAILABLE, .value = {.int32Values = [1]{0}, .floatValues = [0]{}, .int64Values = [0]{}, .bytes = [0]{}, .stringValue = ""}}
12-30 11:33:16.785   398   464 D adayocomadapter-CommunicationManager: onUpstreamReceive mPropertyId 0x21402120
12-30 11:33:16.785   398   464 D adayocomadapter-CommunicationManager: onUpstreamReceive mPropertyId 0x21402109
12-30 11:33:16.786   398   464 D adayocomadapter-CommunicationManager: convertBytesToInt32Memcpy  0
12-30 11:33:16.786   398   464 I vw-vhal : notifyVehicleProperty, propId = 0x21402109, data = {status: 2, int32Values: [0]}
12-30 11:33:16.786   398   464 I vw-vhal : CanSignalsAdapter::notifyVehicleProperty: solvedValue = {.timestamp = 10532607900586, .areaId = 0, .prop = 557850889, .status = AVAILABLE, .value = {.int32Values = [1]{0}, .floatValues = [0]{}, .int64Values = [0]{}, .bytes = [0]{}, .stringValue = ""}}
12-30 11:33:16.786   398   464 I VehiclePropertyStore: begin to write value to Store: {.timestamp = 10532607900586, .areaId = 0, .prop = 557850889, .status = AVAILABLE, .value = {.int32Values = [1]{0}, .floatValues = [0]{}, .int64Values = [0]{}, .bytes = [0]{}, .stringValue = ""}}
12-30 11:33:16.786   398   464 I DefaultVehicleHal_v2_0: DefaultVehicleHal::onPropertyValue, value:{.timestamp = 10532607900586, .areaId = 0, .prop = 557850889, .status = AVAILABLE, .value = {.int32Values = [1]{0}, .floatValues = [0]{}, .int64Values = [0]{}, .bytes = [0]{}, .stringValue = ""}}
12-30 11:33:16.786   398   464 D DiagPropHandler: is not DiagnosticConfig: 0x21402109
12-30 11:33:16.786   398   464 I VehiclePropertyStore: begin to write value to Store: {.timestamp = 10532607900586, .areaId = 0, .prop = 557850889, .status = AVAILABLE, .value = {.int32Values = [1]{0}, .floatValues = [0]{}, .int64Values = [0]{}, .bytes = [0]{}, .stringValue = ""}}
12-30 11:33:16.786   398   464 D adayocomadapter-CommunicationManager: onUpstreamReceive mPropertyId 0x21402109
12-30 11:33:16.786   398   464 D adayocomadapter-CommunicationManager: onUpstreamReceive mPropertyId 0x214020a7
12-30 11:33:16.786   398   464 D adayocomadapter-CommunicationManager: convertBytesToInt32Memcpy  0
12-30 11:33:16.786   398   464 I vw-vhal : notifyVehicleProperty, propId = 0x214020a7, data = {status: 2, int32Values: [0]}
12-30 11:33:16.786   398   464 I vw-vhal : CanSignalsAdapter::notifyVehicleProperty: solvedValue = {.timestamp = 10532608124586, .areaId = 0, .prop = 557850791, .status = AVAILABLE, .value = {.int32Values = [1]{0}, .floatValues = [0]{}, .int64Values = [0]{}, .bytes = [0]{}, .stringValue = ""}}
12-30 11:33:16.786   398   464 I VehiclePropertyStore: begin to write value to Store: {.timestamp = 10532608124586, .areaId = 0, .prop = 557850791, .status = AVAILABLE, .value = {.int32Values = [1]{0}, .floatValues = [0]{}, .int64Values = [0]{}, .bytes = [0]{}, .stringValue = ""}}
12-30 11:33:16.786   398   464 I DefaultVehicleHal_v2_0: DefaultVehicleHal::onPropertyValue, value:{.timestamp = 10532608124586, .areaId = 0, .prop = 557850791, .status = AVAILABLE, .value = {.int32Values = [1]{0}, .floatValues = [0]{}, .int64Values = [0]{}, .bytes = [0]{}, .stringValue = ""}}
12-30 11:33:16.786   398   464 D DiagPropHandler: is not DiagnosticConfig: 0x214020a7
12-30 11:33:16.786   398   464 I VehiclePropertyStore: begin to write value to Store: {.timestamp = 10532608124586, .areaId = 0, .prop = 557850791, .status = AVAILABLE, .value = {.int32Values = [1]{0}, .floatValues = [0]{}, .int64Values = [0]{}, .bytes = [0]{}, .stringValue = ""}}
12-30 11:33:16.786   398   464 D adayocomadapter-CommunicationManager: onUpstreamReceive mPropertyId 0x214020a7
12-30 11:33:16.786   398   464 D adayocomadapter-CommunicationManager: onUpstreamReceive mPropertyId 0x2140212e
12-30 11:33:16.786   398   464 D adayocomadapter-CommunicationManager: convertBytesToInt32Memcpy  0
12-30 11:33:16.786   398   464 I vw-vhal : notifyVehicleProperty, propId = 0x2140212e, data = {status: 2, int32Values: [0]}
12-30 11:33:16.786   398   464 I vw-vhal : CanSignalsAdapter::notifyVehicleProperty: solvedValue = {.timestamp = 10532608319920, .areaId = 0, .prop = 557850926, .status = AVAILABLE, .value = {.int32Values = [1]{0}, .floatValues = [0]{}, .int64Values = [0]{}, .bytes = [0]{}, .stringValue = ""}}
12-30 11:33:16.786   398   464 I VehiclePropertyStore: begin to write value to Store: {.timestamp = 10532608319920, .areaId = 0, .prop = 557850926, .status = AVAILABLE, .value = {.int32Values = [1]{0}, .floatValues = [0]{}, .int64Values = [0]{}, .bytes = [0]{}, .stringValue = ""}}
12-30 11:33:16.786   398   464 I DefaultVehicleHal_v2_0: DefaultVehicleHal::onPropertyValue, value:{.timestamp = 10532608319920, .areaId = 0, .prop = 557850926, .status = AVAILABLE, .value = {.int32Values = [1]{0}, .floatValues = [0]{}, .int64Values = [0]{}, .bytes = [0]{}, .stringValue = ""}}
12-30 11:33:16.786   398   464 D DiagPropHandler: is not DiagnosticConfig: 0x2140212e
12-30 11:33:16.786   398   464 I VehiclePropertyStore: begin to write value to Store: {.timestamp = 10532608319920, .areaId = 0, .prop = 557850926, .status = AVAILABLE, .value = {.int32Values = [1]{0}, .floatValues = [0]{}, .int64Values = [0]{}, .bytes = [0]{}, .stringValue = ""}}
12-30 11:33:16.786   398   464 D adayocomadapter-CommunicationManager: onUpstreamReceive mPropertyId 0x2140212e
12-30 11:33:16.786   398   464 D adayocomadapter-CommunicationManager: onUpstreamReceive mPropertyId 0x2140205f
12-30 11:33:16.786   398   464 D adayocomadapter-CommunicationManager: convertBytesToInt32Memcpy  0
12-30 11:33:16.786   398   464 I vw-vhal : notifyVehicleProperty, propId = 0x2140205f, data = {status: 2, int32Values: [0]}
12-30 11:33:16.786   398   464 I vw-vhal : CanSignalsAdapter::notifyVehicleProperty: solvedValue = {.timestamp = 10532608522920, .areaId = 0, .prop = 557850719, .status = AVAILABLE, .value = {.int32Values = [1]{0}, .floatValues = [0]{}, .int64Values = [0]{}, .bytes = [0]{}, .stringValue = ""}}
12-30 11:33:16.786   398   464 I VehiclePropertyStore: begin to write value to Store: {.timestamp = 10532608522920, .areaId = 0, .prop = 557850719, .status = AVAILABLE, .value = {.int32Values = [1]{0}, .floatValues = [0]{}, .int64Values = [0]{}, .bytes = [0]{}, .stringValue = ""}}
12-30 11:33:16.786   398   464 I DefaultVehicleHal_v2_0: DefaultVehicleHal::onPropertyValue, value:{.timestamp = 10532608522920, .areaId = 0, .prop = 557850719, .status = AVAILABLE, .value = {.int32Values = [1]{0}, .floatValues = [0]{}, .int64Values = [0]{}, .bytes = [0]{}, .stringValue = ""}}
12-30 11:33:16.786   398   464 D DiagPropHandler: is not DiagnosticConfig: 0x2140205f
12-30 11:33:16.786   398   464 I VehiclePropertyStore: begin to write value to Store: {.timestamp = 10532608522920, .areaId = 0, .prop = 557850719, .status = AVAILABLE, .value = {.int32Values = [1]{0}, .floatValues = [0]{}, .int64Values = [0]{}, .bytes = [0]{}, .stringValue = ""}}
12-30 11:33:16.786   398   464 D adayocomadapter-CommunicationManager: onUpstreamReceive mPropertyId 0x2140205f
12-30 11:33:16.786   398   464 D adayocomadapter-CommunicationManager: onUpstreamReceive mPropertyId 0x21402100
12-30 11:33:16.786   398   464 D adayocomadapter-CommunicationManager: convertBytesToInt32Memcpy  0
12-30 11:33:16.786   398   464 I vw-vhal : notifyVehicleProperty, propId = 0x21402100, data = {status: 2, int32Values: [0]}
12-30 11:33:16.786   398   464 I vw-vhal : CanSignalsAdapter::notifyVehicleProperty: solvedValue = {.timestamp = 10532608730253, .areaId = 0, .prop = 557850880, .status = AVAILABLE, .value = {.int32Values = [1]{0}, .floatValues = [0]{}, .int64Values = [0]{}, .bytes = [0]{}, .stringValue = ""}}
12-30 11:33:16.786   398   464 I VehiclePropertyStore: begin to write value to Store: {.timestamp = 10532608730253, .areaId = 0, .prop = 557850880, .status = AVAILABLE, .value = {.int32Values = [1]{0}, .floatValues = [0]{}, .int64Values = [0]{}, .bytes = [0]{}, .stringValue = ""}}
12-30 11:33:16.786   398   464 I DefaultVehicleHal_v2_0: DefaultVehicleHal::onPropertyValue, value:{.timestamp = 10532608730253, .areaId = 0, .prop = 557850880, .status = AVAILABLE, .value = {.int32Values = [1]{0}, .floatValues = [0]{}, .int64Values = [0]{}, .bytes = [0]{}, .stringValue = ""}}
12-30 11:33:16.786   398   464 D DiagPropHandler: is not DiagnosticConfig: 0x21402100
12-30 11:33:16.786   398   464 I VehiclePropertyStore: begin to write value to Store: {.timestamp = 10532608730253, .areaId = 0, .prop = 557850880, .status = AVAILABLE, .value = {.int32Values = [1]{0}, .floatValues = [0]{}, .int64Values = [0]{}, .bytes = [0]{}, .stringValue = ""}}
12-30 11:33:16.786   398   464 D adayocomadapter-CommunicationManager: onUpstreamReceive mPropertyId 0x21402100
12-30 11:33:16.787   398   464 D adayocomadapter-CommunicationManager: onUpstreamReceive mPropertyId 0x214021a1
12-30 11:33:16.787   398   464 D adayocomadapter-CommunicationManager: convertBytesToInt32Memcpy  0
12-30 11:33:16.787   398   464 I vw-vhal : notifyVehicleProperty, propId = 0x214021a1, data = {status: 2, int32Values: [0]}
12-30 11:33:16.787   398   464 I vw-vhal : CanSignalsAdapter::notifyVehicleProperty: solvedValue = {.timestamp = 10532608914253, .areaId = 0, .prop = 557851041, .status = AVAILABLE, .value = {.int32Values = [1]{0}, .floatValues = [0]{}, .int64Values = [0]{}, .bytes = [0]{}, .stringValue = ""}}
12-30 11:33:16.787   398   464 I VehiclePropertyStore: begin to write value to Store: {.timestamp = 10532608914253, .areaId = 0, .prop = 557851041, .status = AVAILABLE, .value = {.int32Values = [1]{0}, .floatValues = [0]{}, .int64Values = [0]{}, .bytes = [0]{}, .stringValue = ""}}
12-30 11:33:16.787   398   464 I DefaultVehicleHal_v2_0: DefaultVehicleHal::onPropertyValue, value:{.timestamp = 10532608914253, .areaId = 0, .prop = 557851041, .status = AVAILABLE, .value = {.int32Values = [1]{0}, .floatValues = [0]{}, .int64Values = [0]{}, .bytes = [0]{}, .stringValue = ""}}
12-30 11:33:16.787   398   464 D DiagPropHandler: is not DiagnosticConfig: 0x214021a1
12-30 11:33:16.787   398   464 I VehiclePropertyStore: begin to write value to Store: {.timestamp = 10532608914253, .areaId = 0, .prop = 557851041, .status = AVAILABLE, .value = {.int32Values = [1]{0}, .floatValues = [0]{}, .int64Values = [0]{}, .bytes = [0]{}, .stringValue = ""}}
12-30 11:33:16.787   398   464 D adayocomadapter-CommunicationManager: onUpstreamReceive mPropertyId 0x214021a1
12-30 11:33:16.787   398   464 D adayocomadapter-CommunicationManager: onUpstreamReceive mPropertyId 0x21402027
12-30 11:33:16.787   398   464 D adayocomadapter-CommunicationManager: convertBytesToInt32Memcpy  0
12-30 11:33:16.787   398   464 I vw-vhal : notifyVehicleProperty, propId = 0x21402027, data = {status: 2, int32Values: [0]}
12-30 11:33:16.787   398   464 I vw-vhal : CanSignalsAdapter::notifyVehicleProperty: solvedValue = {.timestamp = 10532609107586, .areaId = 0, .prop = 557850663, .status = AVAILABLE, .value = {.int32Values = [1]{0}, .floatValues = [0]{}, .int64Values = [0]{}, .bytes = [0]{}, .stringValue = ""}}
12-30 11:33:16.787   398   464 I VehiclePropertyStore: begin to write value to Store: {.timestamp = 10532609107586, .areaId = 0, .prop = 557850663, .status = AVAILABLE, .value = {.int32Values = [1]{0}, .floatValues = [0]{}, .int64Values = [0]{}, .bytes = [0]{}, .stringValue = ""}}
12-30 11:33:16.787   398   464 I DefaultVehicleHal_v2_0: DefaultVehicleHal::onPropertyValue, value:{.timestamp = 10532609107586, .areaId = 0, .prop = 557850663, .status = AVAILABLE, .value = {.int32Values = [1]{0}, .floatValues = [0]{}, .int64Values = [0]{}, .bytes = [0]{}, .stringValue = ""}}
12-30 11:33:16.787   398   464 D DiagPropHandler: is not DiagnosticConfig: 0x21402027
12-30 11:33:16.787   398   464 I VehiclePropertyStore: begin to write value to Store: {.timestamp = 10532609107586, .areaId = 0, .prop = 557850663, .status = AVAILABLE, .value = {.int32Values = [1]{0}, .floatValues = [0]{}, .int64Values = [0]{}, .bytes = [0]{}, .stringValue = ""}}
12-30 11:33:16.787   398   464 D adayocomadapter-CommunicationManager: onUpstreamReceive mPropertyId 0x21402027
12-30 11:33:16.787   398   464 D adayocomadapter-CommunicationManager: onUpstreamReceive mPropertyId 0x21402180
12-30 11:33:16.787   398   464 D adayocomadapter-CommunicationManager: convertBytesToInt32Memcpy  0
12-30 11:33:16.787   398   464 I vw-vhal : notifyVehicleProperty, propId = 0x21402180, data = {status: 2, int32Values: [0]}
12-30 11:33:16.787   398   464 I vw-vhal : CanSignalsAdapter::notifyVehicleProperty: solvedValue = {.timestamp = 10532609304920, .areaId = 0, .prop = 557851008, .status = AVAILABLE, .value = {.int32Values = [1]{0}, .floatValues = [0]{}, .int64Values = [0]{}, .bytes = [0]{}, .stringValue = ""}}
12-30 11:33:16.787   398   464 I VehiclePropertyStore: begin to write value to Store: {.timestamp = 10532609304920, .areaId = 0, .prop = 557851008, .status = AVAILABLE, .value = {.int32Values = [1]{0}, .floatValues = [0]{}, .int64Values = [0]{}, .bytes = [0]{}, .stringValue = ""}}
12-30 11:33:16.787   398   464 I DefaultVehicleHal_v2_0: DefaultVehicleHal::onPropertyValue, value:{.timestamp = 10532609304920, .areaId = 0, .prop = 557851008, .status = AVAILABLE, .value = {.int32Values = [1]{0}, .floatValues = [0]{}, .int64Values = [0]{}, .bytes = [0]{}, .stringValue = ""}}
12-30 11:33:16.787   398   464 D DiagPropHandler: is not DiagnosticConfig: 0x21402180
12-30 11:33:16.787   398   464 I VehiclePropertyStore: begin to write value to Store: {.timestamp = 10532609304920, .areaId = 0, .prop = 557851008, .status = AVAILABLE, .value = {.int32Values = [1]{0}, .floatValues = [0]{}, .int64Values = [0]{}, .bytes = [0]{}, .stringValue = ""}}
12-30 11:33:16.787   398   464 D adayocomadapter-CommunicationManager: onUpstreamReceive mPropertyId 0x21402180
12-30 11:33:16.787   398   464 D adayocomadapter-CommunicationManager: onUpstreamReceive mPropertyId 0x2140210b
12-30 11:33:16.787   398   464 D adayocomadapter-CommunicationManager: convertBytesToInt32Memcpy  0
12-30 11:33:16.787   398   464 I vw-vhal : notifyVehicleProperty, propId = 0x2140210b, data = {status: 2, int32Values: [0]}
12-30 11:33:16.787   398   464 I vw-vhal : CanSignalsAdapter::notifyVehicleProperty: solvedValue = {.timestamp = 10532609508253, .areaId = 0, .prop = 557850891, .status = AVAILABLE, .value = {.int32Values = [1]{0}, .floatValues = [0]{}, .int64Values = [0]{}, .bytes = [0]{}, .stringValue = ""}}
12-30 11:33:16.787   398   464 I VehiclePropertyStore: begin to write value to Store: {.timestamp = 10532609508253, .areaId = 0, .prop = 557850891, .status = AVAILABLE, .value = {.int32Values = [1]{0}, .floatValues = [0]{}, .int64Values = [0]{}, .bytes = [0]{}, .stringValue = ""}}
12-30 11:33:16.787   398   464 I DefaultVehicleHal_v2_0: DefaultVehicleHal::onPropertyValue, value:{.timestamp = 10532609508253, .areaId = 0, .prop = 557850891, .status = AVAILABLE, .value = {.int32Values = [1]{0}, .floatValues = [0]{}, .int64Values = [0]{}, .bytes = [0]{}, .stringValue = ""}}
12-30 11:33:16.787   398   464 D DiagPropHandler: is not DiagnosticConfig: 0x2140210b
12-30 11:33:16.787   398   464 I VehiclePropertyStore: begin to write value to Store: {.timestamp = 10532609508253, .areaId = 0, .prop = 557850891, .status = AVAILABLE, .value = {.int32Values = [1]{0}, .floatValues = [0]{}, .int64Values = [0]{}, .bytes = [0]{}, .stringValue = ""}}
12-30 11:33:16.787   398   464 D adayocomadapter-CommunicationManager: onUpstreamReceive mPropertyId 0x2140210b
12-30 11:33:16.787   398   464 D adayocomadapter-CommunicationManager: onUpstreamReceive mPropertyId 0x2140217e
