12-30 11:33:12.946   398   464 D DiagPropHandler: is not DiagnosticConfig: 0x21402120
12-30 11:33:12.946   398   464 I VehiclePropertyStore: begin to write value to Store: {.timestamp = 10528768439253, .areaId = 0, .prop = 557850912, .status = AVAILABLE, .value = {.int32Values = [1]{0}, .floatValues = [0]{}, .int64Values = [0]{}, .bytes = [0]{}, .stringValue = ""}}
12-30 11:33:12.946   398   464 D adayocomadapter-CommunicationManager: onUpstreamReceive mPropertyId 0x21402120
12-30 11:33:12.946   398   464 D adayocomadapter-CommunicationManager: onUpstreamReceive mPropertyId 0x21402109
12-30 11:33:12.946   398   464 D adayocomadapter-CommunicationManager: convertBytesToInt32Memcpy  0
12-30 11:33:12.946   398   464 I vw-vhal : notifyVehicleProperty, propId = 0x21402109, data = {status: 2, int32Values: [0]}
12-30 11:33:12.946   398   464 I vw-vhal : CanSignalsAdapter::notifyVehicleProperty: solvedValue = {.timestamp = 10528768644253, .areaId = 0, .prop = 557850889, .status = AVAILABLE, .value = {.int32Values = [1]{0}, .floatValues = [0]{}, .int64Values = [0]{}, .bytes = [0]{}, .stringValue = ""}}
12-30 11:33:12.946   398   464 I VehiclePropertyStore: begin to write value to Store: {.timestamp = 10528768644253, .areaId = 0, .prop = 557850889, .status = AVAILABLE, .value = {.int32Values = [1]{0}, .floatValues = [0]{}, .int64Values = [0]{}, .bytes = [0]{}, .stringValue = ""}}
12-30 11:33:12.946   398   464 I DefaultVehicleHal_v2_0: DefaultVehicleHal::onPropertyValue, value:{.timestamp = 10528768644253, .areaId = 0, .prop = 557850889, .status = AVAILABLE, .value = {.int32Values = [1]{0}, .floatValues = [0]{}, .int64Values = [0]{}, .bytes = [0]{}, .stringValue = ""}}
12-30 11:33:12.946   398   464 D DiagPropHandler: is not DiagnosticConfig: 0x21402109
12-30 11:33:12.946   398   464 I VehiclePropertyStore: begin to write value to Store: {.timestamp = 10528768644253, .areaId = 0, .prop = 557850889, .status = AVAILABLE, .value = {.int32Values = [1]{0}, .floatValues = [0]{}, .int64Values = [0]{}, .bytes = [0]{}, .stringValue = ""}}
12-30 11:33:12.946   398   464 D adayocomadapter-CommunicationManager: onUpstreamReceive mPropertyId 0x21402109
12-30 11:33:12.946   398   464 D adayocomadapter-CommunicationManager: onUpstreamReceive mPropertyId 0x214020a7
12-30 11:33:12.946   398   464 D adayocomadapter-CommunicationManager: convertBytesToInt32Memcpy  0
12-30 11:33:12.946   398   464 I vw-vhal : notifyVehicleProperty, propId = 0x214020a7, data = {status: 2, int32Values: [0]}
12-30 11:33:12.947   398   464 I vw-vhal : CanSignalsAdapter::notifyVehicleProperty: solvedValue = {.timestamp = 10528768845253, .areaId = 0, .prop = 557850791, .status = AVAILABLE, .value = {.int32Values = [1]{0}, .floatValues = [0]{}, .int64Values = [0]{}, .bytes = [0]{}, .stringValue = ""}}
12-30 11:33:12.947   398   464 I VehiclePropertyStore: begin to write value to Store: {.timestamp = 10528768845253, .areaId = 0, .prop = 557850791, .status = AVAILABLE, .value = {.int32Values = [1]{0}, .floatValues = [0]{}, .int64Values = [0]{}, .bytes = [0]{}, .stringValue = ""}}
12-30 11:33:12.947   398   464 I DefaultVehicleHal_v2_0: DefaultVehicleHal::onPropertyValue, value:{.timestamp = 10528768845253, .areaId = 0, .prop = 557850791, .status = AVAILABLE, .value = {.int32Values = [1]{0}, .floatValues = [0]{}, .int64Values = [0]{}, .bytes = [0]{}, .stringValue = ""}}
12-30 11:33:12.947   398   464 D DiagPropHandler: is not DiagnosticConfig: 0x214020a7
12-30 11:33:12.947   398   464 I VehiclePropertyStore: begin to write value to Store: {.timestamp = 10528768845253, .areaId = 0, .prop = 557850791, .status = AVAILABLE, .value = {.int32Values = [1]{0}, .floatValues = [0]{}, .int64Values = [0]{}, .bytes = [0]{}, .stringValue = ""}}
12-30 11:33:12.947   398   464 D adayocomadapter-CommunicationManager: onUpstreamReceive mPropertyId 0x214020a7
12-30 11:33:12.947   398   464 D adayocomadapter-CommunicationManager: onUpstreamReceive mPropertyId 0x2140212e
12-30 11:33:12.947   398   464 D adayocomadapter-CommunicationManager: convertBytesToInt32Memcpy  0
12-30 11:33:12.947   398   464 I vw-vhal : notifyVehicleProperty, propId = 0x2140212e, data = {status: 2, int32Values: [0]}
12-30 11:33:12.947   398   464 I vw-vhal : CanSignalsAdapter::notifyVehicleProperty: solvedValue = {.timestamp = 10528769046586, .areaId = 0, .prop = 557850926, .status = AVAILABLE, .value = {.int32Values = [1]{0}, .floatValues = [0]{}, .int64Values = [0]{}, .bytes = [0]{}, .stringValue = ""}}
12-30 11:33:12.947   398   464 I VehiclePropertyStore: begin to write value to Store: {.timestamp = 10528769046586, .areaId = 0, .prop = 557850926, .status = AVAILABLE, .value = {.int32Values = [1]{0}, .floatValues = [0]{}, .int64Values = [0]{}, .bytes = [0]{}, .stringValue = ""}}
12-30 11:33:12.947   398   464 I DefaultVehicleHal_v2_0: DefaultVehicleHal::onPropertyValue, value:{.timestamp = 10528769046586, .areaId = 0, .prop = 557850926, .status = AVAILABLE, .value = {.int32Values = [1]{0}, .floatValues = [0]{}, .int64Values = [0]{}, .bytes = [0]{}, .stringValue = ""}}
12-30 11:33:12.947   398   464 D DiagPropHandler: is not DiagnosticConfig: 0x2140212e
12-30 11:33:12.947   398   464 I VehiclePropertyStore: begin to write value to Store: {.timestamp = 10528769046586, .areaId = 0, .prop = 557850926, .status = AVAILABLE, .value = {.int32Values = [1]{0}, .floatValues = [0]{}, .int64Values = [0]{}, .bytes = [0]{}, .stringValue = ""}}
12-30 11:33:12.947   398   464 D adayocomadapter-CommunicationManager: onUpstreamReceive mPropertyId 0x2140212e
12-30 11:33:12.947   398   464 D adayocomadapter-CommunicationManager: onUpstreamReceive mPropertyId 0x2140205f
12-30 11:33:12.947   398   464 D adayocomadapter-CommunicationManager: convertBytesToInt32Memcpy  0
12-30 11:33:12.947   398   464 I vw-vhal : notifyVehicleProperty, propId = 0x2140205f, data = {status: 2, int32Values: [0]}
12-30 11:33:12.947   398   464 I vw-vhal : CanSignalsAdapter::notifyVehicleProperty: solvedValue = {.timestamp = 10528769245919, .areaId = 0, .prop = 557850719, .status = AVAILABLE, .value = {.int32Values = [1]{0}, .floatValues = [0]{}, .int64Values = [0]{}, .bytes = [0]{}, .stringValue = ""}}
12-30 11:33:12.947   398   464 I VehiclePropertyStore: begin to write value to Store: {.timestamp = 10528769245919, .areaId = 0, .prop = 557850719, .status = AVAILABLE, .value = {.int32Values = [1]{0}, .floatValues = [0]{}, .int64Values = [0]{}, .bytes = [0]{}, .stringValue = ""}}
12-30 11:33:12.947   398   464 I DefaultVehicleHal_v2_0: DefaultVehicleHal::onPropertyValue, value:{.timestamp = 10528769245919, .areaId = 0, .prop = 557850719, .status = AVAILABLE, .value = {.int32Values = [1]{0}, .floatValues = [0]{}, .int64Values = [0]{}, .bytes = [0]{}, .stringValue = ""}}
12-30 11:33:12.947   398   464 D DiagPropHandler: is not DiagnosticConfig: 0x2140205f
12-30 11:33:12.947   398   464 I VehiclePropertyStore: begin to write value to Store: {.timestamp = 10528769245919, .areaId = 0, .prop = 557850719, .status = AVAILABLE, .value = {.int32Values = [1]{0}, .floatValues = [0]{}, .int64Values = [0]{}, .bytes = [0]{}, .stringValue = ""}}
12-30 11:33:12.947   398   464 D adayocomadapter-CommunicationManager: onUpstreamReceive mPropertyId 0x2140205f
12-30 11:33:12.947   398   464 D adayocomadapter-CommunicationManager: onUpstreamReceive mPropertyId 0x21402100
12-30 11:33:12.947   398   464 D adayocomadapter-CommunicationManager: convertBytesToInt32Memcpy  0
12-30 11:33:12.947   398   464 I vw-vhal : notifyVehicleProperty, propId = 0x21402100, data = {status: 2, int32Values: [0]}
12-30 11:33:12.947   398   464 I vw-vhal : CanSignalsAdapter::notifyVehicleProperty: solvedValue = {.timestamp = 10528769443919, .areaId = 0, .prop = 557850880, .status = AVAILABLE, .value = {.int32Values = [1]{0}, .floatValues = [0]{}, .int64Values = [0]{}, .bytes = [0]{}, .stringValue = ""}}
12-30 11:33:12.947   398   464 I VehiclePropertyStore: begin to write value to Store: {.timestamp = 10528769443919, .areaId = 0, .prop = 557850880, .status = AVAILABLE, .value = {.int32Values = [1]{0}, .floatValues = [0]{}, .int64Values = [0]{}, .bytes = [0]{}, .stringValue = ""}}
12-30 11:33:12.947   398   464 I DefaultVehicleHal_v2_0: DefaultVehicleHal::onPropertyValue, value:{.timestamp = 10528769443919, .areaId = 0, .prop = 557850880, .status = AVAILABLE, .value = {.int32Values = [1]{0}, .floatValues = [0]{}, .int64Values = [0]{}, .bytes = [0]{}, .stringValue = ""}}
12-30 11:33:12.947   398   464 D DiagPropHandler: is not DiagnosticConfig: 0x21402100
12-30 11:33:12.947   398   464 I VehiclePropertyStore: begin to write value to Store: {.timestamp = 10528769443919, .areaId = 0, .prop = 557850880, .status = AVAILABLE, .value = {.int32Values = [1]{0}, .floatValues = [0]{}, .int64Values = [0]{}, .bytes = [0]{}, .stringValue = ""}}
12-30 11:33:12.947   398   464 D adayocomadapter-CommunicationManager: onUpstreamReceive mPropertyId 0x21402100
12-30 11:33:12.947   398   464 D adayocomadapter-CommunicationManager: onUpstreamReceive mPropertyId 0x214021a1
12-30 11:33:12.947   398   464 D adayocomadapter-CommunicationManager: convertBytesToInt32Memcpy  0
12-30 11:33:12.947   398   464 I vw-vhal : notifyVehicleProperty, propId = 0x214021a1, data = {status: 2, int32Values: [0]}
12-30 11:33:12.947   398   464 I vw-vhal : CanSignalsAdapter::notifyVehicleProperty: solvedValue = {.timestamp = 10528769634586, .areaId = 0, .prop = 557851041, .status = AVAILABLE, .value = {.int32Values = [1]{0}, .floatValues = [0]{}, .int64Values = [0]{}, .bytes = [0]{}, .stringValue = ""}}
12-30 11:33:12.947   398   464 I VehiclePropertyStore: begin to write value to Store: {.timestamp = 10528769634586, .areaId = 0, .prop = 557851041, .status = AVAILABLE, .value = {.int32Values = [1]{0}, .floatValues = [0]{}, .int64Values = [0]{}, .bytes = [0]{}, .stringValue = ""}}
12-30 11:33:12.947   398   464 I DefaultVehicleHal_v2_0: DefaultVehicleHal::onPropertyValue, value:{.timestamp = 10528769634586, .areaId = 0, .prop = 557851041, .status = AVAILABLE, .value = {.int32Values = [1]{0}, .floatValues = [0]{}, .int64Values = [0]{}, .bytes = [0]{}, .stringValue = ""}}
12-30 11:33:12.947   398   464 D DiagPropHandler: is not DiagnosticConfig: 0x214021a1
12-30 11:33:12.947   398   464 I VehiclePropertyStore: begin to write value to Store: {.timestamp = 10528769634586, .areaId = 0, .prop = 557851041, .status = AVAILABLE, .value = {.int32Values = [1]{0}, .floatValues = [0]{}, .int64Values = [0]{}, .bytes = [0]{}, .stringValue = ""}}
12-30 11:33:12.947   398   464 D adayocomadapter-CommunicationManager: onUpstreamReceive mPropertyId 0x214021a1
12-30 11:33:12.947   398   464 D adayocomadapter-CommunicationManager: onUpstreamReceive mPropertyId 0x21402027
12-30 11:33:12.947   398   464 D adayocomadapter-CommunicationManager: convertBytesToInt32Memcpy  0
12-30 11:33:12.947   398   464 I vw-vhal : notifyVehicleProperty, propId = 0x21402027, data = {status: 2, int32Values: [0]}
12-30 11:33:12.947   398   464 I vw-vhal : CanSignalsAdapter::notifyVehicleProperty: solvedValue = {.timestamp = 10528769828919, .areaId = 0, .prop = 557850663, .status = AVAILABLE, .value = {.int32Values = [1]{0}, .floatValues = [0]{}, .int64Values = [0]{}, .bytes = [0]{}, .stringValue = ""}}
12-30 11:33:12.948   398   464 I VehiclePropertyStore: begin to write value to Store: {.timestamp = 10528769828919, .areaId = 0, .prop = 557850663, .status = AVAILABLE, .value = {.int32Values = [1]{0}, .floatValues = [0]{}, .int64Values = [0]{}, .bytes = [0]{}, .stringValue = ""}}
12-30 11:33:12.948   398   464 I DefaultVehicleHal_v2_0: DefaultVehicleHal::onPropertyValue, value:{.timestamp = 10528769828919, .areaId = 0, .prop = 557850663, .status = AVAILABLE, .value = {.int32Values = [1]{0}, .floatValues = [0]{}, .int64Values = [0]{}, .bytes = [0]{}, .stringValue = ""}}
12-30 11:33:12.948   398   464 D DiagPropHandler: is not DiagnosticConfig: 0x21402027
12-30 11:33:12.948   398   464 I VehiclePropertyStore: begin to write value to Store: {.timestamp = 10528769828919, .areaId = 0, .prop = 557850663, .status = AVAILABLE, .value = {.int32Values = [1]{0}, .floatValues = [0]{}, .int64Values = [0]{}, .bytes = [0]{}, .stringValue = ""}}
12-30 11:33:12.948   398   464 D adayocomadapter-CommunicationManager: onUpstreamReceive mPropertyId 0x21402027
12-30 11:33:12.948   398   464 D adayocomadapter-CommunicationManager: onUpstreamReceive mPropertyId 0x21402180
12-30 11:33:12.948   398   464 D adayocomadapter-CommunicationManager: convertBytesToInt32Memcpy  0
12-30 11:33:12.948   398   464 I vw-vhal : notifyVehicleProperty, propId = 0x21402180, data = {status: 2, int32Values: [0]}
12-30 11:33:12.948   398   464 I vw-vhal : CanSignalsAdapter::notifyVehicleProperty: solvedValue = {.timestamp = 10528770021253, .areaId = 0, .prop = 557851008, .status = AVAILABLE, .value = {.int32Values = [1]{0}, .floatValues = [0]{}, .int64Values = [0]{}, .bytes = [0]{}, .stringValue = ""}}
12-30 11:33:12.948   398   464 I VehiclePropertyStore: begin to write value to Store: {.timestamp = 10528770021253, .areaId = 0, .prop = 557851008, .status = AVAILABLE, .value = {.int32Values = [1]{0}, .floatValues = [0]{}, .int64Values = [0]{}, .bytes = [0]{}, .stringValue = ""}}
12-30 11:33:12.948   398   464 I DefaultVehicleHal_v2_0: DefaultVehicleHal::onPropertyValue, value:{.timestamp = 10528770021253, .areaId = 0, .prop = 557851008, .status = AVAILABLE, .value = {.int32Values = [1]{0}, .floatValues = [0]{}, .int64Values = [0]{}, .bytes = [0]{}, .stringValue = ""}}
12-30 11:33:12.948   398   464 D DiagPropHandler: is not DiagnosticConfig: 0x21402180
12-30 11:33:12.948   398   464 I VehiclePropertyStore: begin to write value to Store: {.timestamp = 10528770021253, .areaId = 0, .prop = 557851008, .status = AVAILABLE, .value = {.int32Values = [1]{0}, .floatValues = [0]{}, .int64Values = [0]{}, .bytes = [0]{}, .stringValue = ""}}
12-30 11:33:12.948   398   464 D adayocomadapter-CommunicationManager: onUpstreamReceive mPropertyId 0x21402180
12-30 11:33:12.948   398   464 D adayocomadapter-CommunicationManager: onUpstreamReceive mPropertyId 0x2140210b
12-30 11:33:12.948   398   464 D adayocomadapter-CommunicationManager: convertBytesToInt32Memcpy  0
12-30 11:33:12.948   398   464 I vw-vhal : notifyVehicleProperty, propId = 0x2140210b, data = {status: 2, int32Values: [0]}
12-30 11:33:12.948   398   464 I vw-vhal : CanSignalsAdapter::notifyVehicleProperty: solvedValue = {.timestamp = 10528770221253, .areaId = 0, .prop = 557850891, .status = AVAILABLE, .value = {.int32Values = [1]{0}, .floatValues = [0]{}, .int64Values = [0]{}, .bytes = [0]{}, .stringValue = ""}}
12-30 11:33:12.948   398   464 I VehiclePropertyStore: begin to write value to Store: {.timestamp = 10528770221253, .areaId = 0, .prop = 557850891, .status = AVAILABLE, .value = {.int32Values = [1]{0}, .floatValues = [0]{}, .int64Values = [0]{}, .bytes = [0]{}, .stringValue = ""}}
12-30 11:33:12.948   398   464 I DefaultVehicleHal_v2_0: DefaultVehicleHal::onPropertyValue, value:{.timestamp = 10528770221253, .areaId = 0, .prop = 557850891, .status = AVAILABLE, .value = {.int32Values = [1]{0}, .floatValues = [0]{}, .int64Values = [0]{}, .bytes = [0]{}, .stringValue = ""}}
12-30 11:33:12.948   398   464 D DiagPropHandler: is not DiagnosticConfig: 0x2140210b
12-30 11:33:12.948   360   931 D EvsDriver: forwardFrame
12-30 11:33:12.948   398   464 I VehiclePropertyStore: begin to write value to Store: {.timestamp = 10528770221253, .areaId = 0, .prop = 557850891, .status = AVAILABLE, .value = {.int32Values = [1]{0}, .floatValues = [0]{}, .int64Values = [0]{}, .bytes = [0]{}, .stringValue = ""}}
12-30 11:33:12.948   398   464 D adayocomadapter-CommunicationManager: onUpstreamReceive mPropertyId 0x2140210b
12-30 11:33:12.948   398   464 D adayocomadapter-CommunicationManager: onUpstreamReceive mPropertyId 0x2140217e
12-30 11:33:12.948   360   931 D EvsDriver: forwardFrameDirect
12-30 11:33:12.948   398   464 D adayocomadapter-CommunicationManager: convertBytesToInt32Memcpy  0
12-30 11:33:12.948   398   464 I vw-vhal : notifyVehicleProperty, propId = 0x2140217e, data = {status: 2, int32Values: [0]}
12-30 11:33:12.948   398   464 I vw-vhal : CanSignalsAdapter::notifyVehicleProperty: solvedValue = {.timestamp = 10528770438253, .areaId = 0, .prop = 557851006, .status = AVAILABLE, .value = {.int32Values = [1]{0}, .floatValues = [0]{}, .int64Values = [0]{}, .bytes = [0]{}, .stringValue = ""}}
12-30 11:33:12.948   398   464 I VehiclePropertyStore: begin to write value to Store: {.timestamp = 10528770438253, .areaId = 0, .prop = 557851006, .status = AVAILABLE, .value = {.int32Values = [1]{0}, .floatValues = [0]{}, .int64Values = [0]{}, .bytes = [0]{}, .stringValue = ""}}
12-30 11:33:12.948   398   464 I DefaultVehicleHal_v2_0: DefaultVehicleHal::onPropertyValue, value:{.timestamp = 10528770438253, .areaId = 0, .prop = 557851006, .status = AVAILABLE, .value = {.int32Values = [1]{0}, .floatValues = [0]{}, .int64Values = [0]{}, .bytes = [0]{}, .stringValue = ""}}
12-30 11:33:12.948   398   464 D DiagPropHandler: is not DiagnosticConfig: 0x2140217e
12-30 11:33:12.948   398   464 I VehiclePropertyStore: begin to write value to Store: {.timestamp = 10528770438253, .areaId = 0, .prop = 557851006, .status = AVAILABLE, .value = {.int32Values = [1]{0}, .floatValues = [0]{}, .int64Values = [0]{}, .bytes = [0]{}, .stringValue = ""}}
12-30 11:33:12.948   398   464 D adayocomadapter-CommunicationManager: onUpstreamReceive mPropertyId 0x2140217e
12-30 11:33:12.948   360   931 D EvsDriver: Delivered 0xb400e2ca9e40e270 as id 0
12-30 11:33:12.948   398   464 D adayocomadapter-CommunicationManager: onUpstreamReceive mPropertyId 0x214020fe
12-30 11:33:12.948   398   464 D adayocomadapter-CommunicationManager: convertBytesToInt32Memcpy  0
12-30 11:33:12.948   398   464 I vw-vhal : notifyVehicleProperty, propId = 0x214020fe, data = {status: 2, int32Values: [0]}
12-30 11:33:12.948   398   464 I vw-vhal : CanSignalsAdapter::notifyVehicleProperty: solvedValue = {.timestamp = 10528770627586, .areaId = 0, .prop = 557850878, .status = AVAILABLE, .value = {.int32Values = [1]{0}, .floatValues = [0]{}, .int64Values = [0]{}, .bytes = [0]{}, .stringValue = ""}}
12-30 11:33:12.948   398   464 I VehiclePropertyStore: begin to write value to Store: {.timestamp = 10528770627586, .areaId = 0, .prop = 557850878, .status = AVAILABLE, .value = {.int32Values = [1]{0}, .floatValues = [0]{}, .int64Values = [0]{}, .bytes = [0]{}, .stringValue = ""}}
12-30 11:33:12.948   359   359 D evsmanagerd: /dev/video-evs0 forwarded the buffer #0 to 0xb400f125d2b26dd0 from 0xb400f125e2b20710
12-30 11:33:12.948   398   464 I DefaultVehicleHal_v2_0: DefaultVehicleHal::onPropertyValue, value:{.timestamp = 10528770627586, .areaId = 0, .prop = 557850878, .status = AVAILABLE, .value = {.int32Values = [1]{0}, .floatValues = [0]{}, .int64Values = [0]{}, .bytes = [0]{}, .stringValue = ""}}
12-30 11:33:12.948   398   464 D DiagPropHandler: is not DiagnosticConfig: 0x214020fe
12-30 11:33:12.948   398   464 I VehiclePropertyStore: begin to write value to Store: {.timestamp = 10528770627586, .areaId = 0, .prop = 557850878, .status = AVAILABLE, .value = {.int32Values = [1]{0}, .floatValues = [0]{}, .int64Values = [0]{}, .bytes = [0]{}, .stringValue = ""}}
12-30 11:33:12.948   398   464 D adayocomadapter-CommunicationManager: onUpstreamReceive mPropertyId 0x214020fe
12-30 11:33:12.948   398   464 D adayocomadapter-CommunicationManager: onUpstreamReceive mPropertyId 0x214020ff
12-30 11:33:12.948   398   464 D adayocomadapter-CommunicationManager: convertBytesToInt32Memcpy  0
12-30 11:33:12.948   398   464 I vw-vhal : notifyVehicleProperty, propId = 0x214020ff, data = {status: 2, int32Values: [0]}
12-30 11:33:12.948   398   464 I vw-vhal : CanSignalsAdapter::notifyVehicleProperty: solvedValue = {.timestamp = 10528770831586, .areaId = 0, .prop = 557850879, .status = AVAILABLE, .value = {.int32Values = [1]{0}, .floatValues = [0]{}, .int64Values = [0]{}, .bytes = [0]{}, .stringValue = ""}}
12-30 11:33:12.949   398   464 I VehiclePropertyStore: begin to write value to Store: {.timestamp = 10528770831586, .areaId = 0, .prop = 557850879, .status = AVAILABLE, .value = {.int32Values = [1]{0}, .floatValues = [0]{}, .int64Values = [0]{}, .bytes = [0]{}, .stringValue = ""}}
12-30 11:33:12.949   398   464 I DefaultVehicleHal_v2_0: DefaultVehicleHal::onPropertyValue, value:{.timestamp = 10528770831586, .areaId = 0, .prop = 557850879, .status = AVAILABLE, .value = {.int32Values = [1]{0}, .floatValues = [0]{}, .int64Values = [0]{}, .bytes = [0]{}, .stringValue = ""}}
12-30 11:33:12.949   398   464 D DiagPropHandler: is not DiagnosticConfig: 0x214020ff
12-30 11:33:12.949  1547  2889 D A2dpSinkService: getDevicesMatchingConnectionStates[2]
12-30 11:33:12.949   398   464 I VehiclePropertyStore: begin to write value to Store: {.timestamp = 10528770831586, .areaId = 0, .prop = 557850879, .status = AVAILABLE, .value = {.int32Values = [1]{0}, .floatValues = [0]{}, .int64Values = [0]{}, .bytes = [0]{}, .stringValue = ""}}
12-30 11:33:12.949   398   464 D adayocomadapter-CommunicationManager: onUpstreamReceive mPropertyId 0x214020ff
12-30 11:33:12.949   398   464 D adayocomadapter-CommunicationManager: onUpstreamReceive mPropertyId 0x21402182
12-30 11:33:12.949   398   464 D adayocomadapter-CommunicationManager: convertBytesToInt32Memcpy  0
12-30 11:33:12.949   398   464 I vw-vhal : notifyVehicleProperty, propId = 0x21402182, data = {status: 2, int32Values: [0]}
12-30 11:33:12.949   398   464 I vw-vhal : CanSignalsAdapter::notifyVehicleProperty: solvedValue = {.timestamp = 10528771022586, .areaId = 0, .prop = 557851010, .status = AVAILABLE, .value = {.int32Values = [1]{0}, .floatValues = [0]{}, .int64Values = [0]{}, .bytes = [0]{}, .stringValue = ""}}
12-30 11:33:12.949   398   464 I VehiclePropertyStore: begin to write value to Store: {.timestamp = 10528771022586, .areaId = 0, .prop = 557851010, .status = AVAILABLE, .value = {.int32Values = [1]{0}, .floatValues = [0]{}, .int64Values = [0]{}, .bytes = [0]{}, .stringValue = ""}}
12-30 11:33:12.949   398   464 I DefaultVehicleHal_v2_0: DefaultVehicleHal::onPropertyValue, value:{.timestamp = 10528771022586, .areaId = 0, .prop = 557851010, .status = AVAILABLE, .value = {.int32Values = [1]{0}, .floatValues = [0]{}, .int64Values = [0]{}, .bytes = [0]{}, .stringValue = ""}}
12-30 11:33:12.949   398   464 D DiagPropHandler: is not DiagnosticConfig: 0x21402182
12-30 11:33:12.949   398   464 I VehiclePropertyStore: begin to write value to Store: {.timestamp = 10528771022586, .areaId = 0, .prop = 557851010, .status = AVAILABLE, .value = {.int32Values = [1]{0}, .floatValues = [0]{}, .int64Values = [0]{}, .bytes = [0]{}, .stringValue = ""}}
12-30 11:33:12.949  1547  2889 D A2dpSinkService: Device: XX:XX:XX:XX:C6:77State: 2
12-30 11:33:12.949   398   464 D adayocomadapter-CommunicationManager: onUpstreamReceive mPropertyId 0x21402182
12-30 11:33:12.949  1547  2889 D A2dpSinkService: Device: XX:XX:XX:XX:F8:60State: 0
12-30 11:33:12.949  1547  2889 D A2dpSinkService: Device: XX:XX:XX:XX:8D:47State: 0
12-30 11:33:12.949  1547  2889 D A2dpSinkService: [XX:XX:XX:XX:C6:77]
12-30 11:33:12.949  1547  2889 D A2dpSinkService: GetDevicesDone
12-30 11:33:12.950  2358  2623 D RcfController: Rcf proxy is not connected!
12-30 11:33:12.950   360   458 D EvsDriver: doneWithFrame
12-30 11:33:12.951  1547  2889 D A2dpSinkService: getDevicesMatchingConnectionStates[2]
12-30 11:33:12.952  1547  2889 D A2dpSinkService: Device: XX:XX:XX:XX:C6:77State: 2
12-30 11:33:12.952  1547  2889 D A2dpSinkService: Device: XX:XX:XX:XX:F8:60State: 0
12-30 11:33:12.952  1547  2889 D A2dpSinkService: Device: XX:XX:XX:XX:8D:47State: 0
12-30 11:33:12.952  1547  2889 D A2dpSinkService: [XX:XX:XX:XX:C6:77]
12-30 11:33:12.952  1547  2889 D A2dpSinkService: GetDevicesDone
12-30 11:33:12.952  2425  2425 D ME_MEDIA_BTSessionPlayer: onMetadataChanged, mMediaItem: MediaItem{Media Id=MEDIA_BT_SONG_ID, mMetadata=Bundle[{android.media.metadata.ARTIST=Star Crossing Night(feat. GALI) · 徐明浩, GALI, androidx.media2.metadata.BROWSABLE=1, androidx.media2.metadata.EXTRAS=Bundle[{com.mosi.mlsc.mediaengine.EXTRA_KEY_DEVICE_TYPE=5, com.mosi.mlsc.mediaengine.EXTRA_KEY_DEVICE_ID=34:10:BE:3D:C6:77}], android.media.metadata.DURATION=205014, android.media.metadata.ALBUM_ART_URI=content://com.android.bluetooth.avrcpcontroller.AvrcpCoverArtProvider?device=34%3A10%3ABE%3A3D%3AC6%3A77&uuid=0136c232-deb1-4cee-8dee-c09eba3317f8, android.media.metadata.MEDIA_ID=MEDIA_BT_SONG_ID, android.media.metadata.ALBUM=未知专辑, android.media.metadata.TITLE=黑夜的牢笼困我在原地}], mStartPositionMs=0, mEndPositionMs=576460752303423487}
12-30 11:33:12.953 21940 22414 D MC2ImplBase: onCustomCommand cmd=com.fawvw.mw.mediaengine.ACTION_MEDIA_STATE_CHANGED
12-30 11:33:12.953 21940 21940 I CNS_MEDIA_BT_MUSIC__MediaClient: onCustomCommand, action: com.fawvw.mw.mediaengine.ACTION_MEDIA_STATE_CHANGED, extra: Bundle[mParcelledData.dataSize=1856]
12-30 11:33:12.953 21940 21940 D CNS_MEDIA_BT_MUSIC__c: sendMediaInfo2SDS: state = 2, item = Bundle[mParcelledData.dataSize=1340]
12-30 11:33:12.953 21940 21940 I CNS_MEDIA_BT_MUSIC__MediaMetadataUtil: get title: 频频回头的人在抗拒 and artist: Star Crossing Night(feat. GALI) · 徐明浩, GALI
12-30 11:33:12.953 21940 21940 I CNS_MEDIA_BT_MUSIC__MediaMetadataUtil: get title: 黑夜的牢笼困我在原地 and artist: Star Crossing Night(feat. GALI) · 徐明浩, GALI
12-30 11:33:12.953 21940 21940 D CNS_MEDIA_BT_MUSIC__c: notifyCurrentMediaItemChanged: isActive = true, item = MediaItem{Media Id=MEDIA_BT_SONG_ID, mMetadata=Bundle[{android.media.metadata.ARTIST=Star Crossing Night(feat. GALI) · 徐明浩, GALI, androidx.media2.metadata.BROWSABLE=1, androidx.media2.metadata.EXTRAS=Bundle[mParcelledData.dataSize=252], android.media.metadata.DURATION=205014, android.media.metadata.ALBUM_ART_URI=content://com.android.bluetooth.avrcpcontroller.AvrcpCoverArtProvider?device=34%3A10%3ABE%3A3D%3AC6%3A77&uuid=0136c232-deb1-4cee-8dee-c09eba3317f8, android.media.metadata.MEDIA_ID=MEDIA_BT_SONG_ID, android.media.metadata.ALBUM=未知专辑, android.media.metadata.TITLE=黑夜的牢笼困我在原地}], mStartPositionMs=0, mEndPositionMs=576460752303423487}
12-30 11:33:12.953 21940 21940 I CNS_MEDIA_BT_MUSIC__b: notifyMediaInfo: metadata = Bundle[{android.media.metadata.ARTIST=Star Crossing Night(feat. GALI) · 徐明浩, GALI, androidx.media2.metadata.BROWSABLE=1, androidx.media2.metadata.EXTRAS=Bundle[mParcelledData.dataSize=252], android.media.metadata.DURATION=205014, android.media.metadata.ALBUM_ART_URI=content://com.android.bluetooth.avrcpcontroller.AvrcpCoverArtProvider?device=34%3A10%3ABE%3A3D%3AC6%3A77&uuid=0136c232-deb1-4cee-8dee-c09eba3317f8, android.media.metadata.MEDIA_ID=MEDIA_BT_SONG_ID, android.media.metadata.ALBUM=未知专辑, android.media.metadata.TITLE=黑夜的牢笼困我在原地}]
12-30 11:33:12.953 21940 21940 I CNS_MEDIA_BT_MUSIC__MediaMetadataUtil: get title: 黑夜的牢笼困我在原地 and artist: Star Crossing Night(feat. GALI) · 徐明浩, GALI
12-30 11:33:12.954 21940 21940 I CNS_MEDIA_BT_MUSIC__MainActivity: update ID3 info, uri:, title:黑夜的牢笼困我在原地, artist:Star Crossing Night(feat. GALI) · 徐明浩, GALI
12-30 11:33:12.954 21940 21940 I CNS_MEDIA_BT_MUSIC__MediaMetadataUtil: get title: 黑夜的牢笼困我在原地 and artist: Star Crossing Night(feat. GALI) · 徐明浩, GALI
12-30 11:33:12.955 21940 21940 I CNS_MEDIA_BT_MUSIC__MediaMetadataUtil: get title: 黑夜的牢笼困我在原地 and artist: Star Crossing Night(feat. GALI) · 徐明浩, GALI
12-30 11:33:12.955 21940 21940 I CNS_MEDIA_BT_MUSIC__MediaMetadataUtil: get title: 黑夜的牢笼困我在原地 and artist: Star Crossing Night(feat. GALI) · 徐明浩, GALI
12-30 11:33:12.955 21940 21940 I CNS_MEDIA_BT_MUSIC__MediaMetadataUtil: get title: 黑夜的牢笼困我在原地 and artist: Star Crossing Night(feat. GALI) · 徐明浩, GALI
12-30 11:33:12.955 21940 21940 I CNS_MEDIA_BT_MUSIC__MediaMetadataUtil: get title: 黑夜的牢笼困我在原地 and artist: Star Crossing Night(feat. GALI) · 徐明浩, GALI
12-30 11:33:12.955 21940 21940 I CNS_MEDIA_BT_MUSIC__MainActivity: update bt ID3Info, first: 未知歌手, second: 
12-30 11:33:12.970   594 23049 D resolv  : retrying_poll: 12 retrying_poll timeout
12-30 11:33:12.970   594 23049 D resolv  : send_dg: timeout
12-30 11:33:12.970   594 23049 I resolv  : res_nsend: used send_dg 0 terrno: 110
12-30 11:33:12.970   594 23049 D resolv  : res_stats_set_sample: rcode = 255, sec = 5003
12-30 11:33:12.970   594 23049 D resolv  : res_cache_add_stats_sample_locked: adding sample to stats, next = 22, count = 64
12-30 11:33:12.970   594 23049 D resolv  : res_nsend: Querying server (# 2) address = 8.8.8.8:53
12-30 11:33:12.970   594 23049 D resolv  : send_dg: new DG socket
12-30 11:33:12.970   594 23049 D resolv  : get_timeout: using timeout of 5000 msec
12-30 11:33:12.970   594 23049 D resolv  : retrying_poll: 15 retrying_poll
12-30 11:33:12.981   360   931 D EvsDriver: forwardFrame
12-30 11:33:12.981   360   931 D EvsDriver: forwardFrameDirect
12-30 11:33:12.982   360   931 D EvsDriver: Delivered 0xb400e2ca9e40d4b0 as id 1
12-30 11:33:12.982   359   359 D evsmanagerd: /dev/video-evs0 forwarded the buffer #1 to 0xb400f125d2b26dd0 from 0xb400f125e2b20710
12-30 11:33:12.989 21940 21940 I CNS_MEDIA_BT_MUSIC__MediaMetadataUtil: get title: 黑夜的牢笼困我在原地 and artist: Star Crossing Night(feat. GALI) · 徐明浩, GALI
12-30 11:33:12.989 21940 21940 I CNS_MEDIA_BT_MUSIC__HMIAdapter: notifyMediaInfo, mDeviceType: MT_BT_Music,lastPlayInfo: com.fawvw.hmi.cnslauncher.service.MediaPlayingInfo@a0d676e
12-30 11:33:12.990   360   458 D EvsDriver: doneWithFrame
12-30 11:33:12.991 21845 21891 I MediaMiniApp: onPlayingInfoChanged MT_BT_Music ; mediaPlayingInfo = {"albumName":"黑夜的牢笼困我在原地","artistName":"Star Crossing Night(feat. GALI) · 徐明浩, GALI","coverDescriptor":{"mClosed":false,"mFd":{"descriptor":156,"ownerId":576460752313529952,"releaseLock":{}},"mGuard":{"closerNameOrAllocationInfo":"close"}},"deviceType":"MT_BT_Music","duration":205014,"isFavor":false,"mediaId":"MEDIA_BT_SONG_ID","state":"MPS_PLAYING"}
12-30 11:33:12.991 21845 21891 D MediaCardController: curDeviceType = MT_USB
12-30 11:33:12.991 21845 21891 D MediaCardController: deviceType = MT_BT_Music
12-30 11:33:12.992 21940 21940 I CNS_MEDIA_BT_MUSIC__a: uploadData, eventId: lmPlayNewContent, data: {"songName":"黑夜的牢笼困我在原地","singerName":"Star Crossing Night(feat. GALI) · 徐明浩, GALI","albumName":"未知专辑","totalTime":205014,"songStatus":"新歌曲","operationType":"","source":"其他"}
12-30 11:33:12.992 21940 21940 D CNS_MEDIA_BT_MUSIC__c: sendMediaInfo2SDS: state = 2, item = Bundle[{android.media.metadata.ARTIST=Star Crossing Night(feat. GALI) · 徐明浩, GALI, androidx.media2.metadata.BROWSABLE=1, androidx.media2.metadata.EXTRAS=Bundle[{com.mosi.mlsc.mediaengine.EXTRA_KEY_DEVICE_TYPE=5, com.mosi.mlsc.mediaengine.EXTRA_KEY_DEVICE_ID=34:10:BE:3D:C6:77}], android.media.metadata.DURATION=205014, android.media.metadata.ALBUM_ART_URI=content://com.android.bluetooth.avrcpcontroller.AvrcpCoverArtProvider?device=34%3A10%3ABE%3A3D%3AC6%3A77&uuid=0136c232-deb1-4cee-8dee-c09eba3317f8, android.media.metadata.MEDIA_ID=MEDIA_BT_SONG_ID, android.media.metadata.ALBUM=未知专辑, android.media.metadata.TITLE=黑夜的牢笼困我在原地}]
12-30 11:33:12.992 21940 21940 I CNS_MEDIA_BT_MUSIC__MediaMetadataUtil: get title: 黑夜的牢笼困我在原地 and artist: Star Crossing Night(feat. GALI) · 徐明浩, GALI
12-30 11:33:12.992 21940 21940 I CNS_MEDIA_BT_MUSIC__MediaMetadataUtil: get title: 黑夜的牢笼困我在原地 and artist: Star Crossing Night(feat. GALI) · 徐明浩, GALI
12-30 11:33:12.992 21940 21940 I CNS_MEDIA_BT_MUSIC__HMIAdapter: mDeviceType: MT_BT_Music, state: MPS_PLAYING
12-30 11:33:12.992 21845 21891 I MediaMiniApp: onPlayStateChanged MT_BT_Music ; playState = MPS_PLAYING
12-30 11:33:12.993 21940 21940 D CNS_MEDIA_BT_MUSIC__b: handleLoadSucceed: title = 黑夜的牢笼困我在原地,artist = Star Crossing Night(feat. GALI) · 徐明浩, GALI,duration= 205014
12-30 11:33:12.993 21940 21940 I CNS_MEDIA_BT_MUSIC__FsgAudioHelper: notifyMediaInfo: mIsConnected = true, songInfo = 黑夜的牢笼困我在原地, bitmap width = 200, bitmap height = 200
12-30 11:33:12.993  2045  2131 D InfotainmentBridge_Native: fireSongInfo
12-30 11:33:12.994  2045  2131 D InfotainmentBridge_Native: fireSongInfo() -- source: 3
12-30 11:33:12.994  2045  2131 I JNI     : 黑夜的牢笼困我在原地
12-30 11:33:12.994  2045  2131 D InfotainmentBridge_Native: fireSongInfo() -- name: 黑夜的牢笼困我在原地
12-30 11:33:12.994  2045  2131 I JNI     : Star Crossing Night(feat. GALI) · 徐明浩, GALI
12-30 11:33:12.994  2045  2131 D InfotainmentBridge_Native: fireSongInfo() -- signer: Star Crossing Night(feat. GALI) · 徐明浩, GALI
12-30 11:33:12.994  2045  2131 D InfotainmentBridge_Native: fireSongInfo() -- duration: 205
12-30 11:33:12.994  2045  2131 D InfotainmentBridge_Native: fireSongInfo() -- duration: 200
12-30 11:33:12.994  2045  2131 D InfotainmentBridge_Native: fireSongInfo() -- duration: 200
12-30 11:33:12.994  2045  2131 D InfotainmentBridge_Native: fireSongInfo() -- cover size: 80000
12-30 11:33:13.000  2358  2623 D RcfController: Rcf proxy is not connected!
12-30 11:33:13.014  1667  3615 I libmficlientjni: [com_adayo_mficlient_Proxy.cpp][759]Enter 
12-30 11:33:13.014  1667  3615 I libmficlientjni: [com_adayo_mficlient_Proxy.cpp][772]Leave 
12-30 11:33:13.014   879  2332 I mfiserver: [MFiProxy.cpp][675]messageMID =1C LID=00 com.adayo.carplay 
12-30 11:33:13.014   879  2332 I libmfi  : [iAPUtils.c][654]Enter int iAPSendLocationData(iAPUtils_t *, char *) 
12-30 11:33:13.014   879  2332 I libmfi  : [iAP2Control.c][360]Send Control MessageID = 0xFFFB length=149
12-30 11:33:13.014   879  2332 I libmfi  : [iAP2Link.c][2399]iAP2LinkQueueSendData 
12-30 11:33:13.014   879  2332 E libmfi  : [iAP2BuffPoolImplementation.c][209]__iAP2BuffPoolGetSendPacket malloc lenth = 65591 
12-30 11:33:13.014   879  2332 I libmfi  : [iAP2Link.c][2310]iAP2LinkProcessOutQueue 
12-30 11:33:13.014   879  2332 I mfiserver: [MFiDataChannleSocket.cpp][127]len =166 
12-30 11:33:13.014   879  2332 I libmfi  : [iAP2Control.c][367]Send Control MessageID = 0xFFFB end state = 1 
12-30 11:33:13.014   879  2332 I libmfi  : [iAPUtils.c][682]Leave int iAPSendLocationData(iAPUtils_t *, char *) 
12-30 11:33:13.014  1667  2331 I libmficlient: [MFiClient.cpp][120]Receive Data MID=11 LID=04 
12-30 11:33:13.015   360   931 D EvsDriver: forwardFrame
12-30 11:33:13.015   360   931 D EvsDriver: forwardFrameDirect
12-30 11:33:13.015   360   931 D EvsDriver: Delivered 0xb400e2ca9e40c2d0 as id 0
12-30 11:33:13.015   359   359 D evsmanagerd: /dev/video-evs0 forwarded the buffer #0 to 0xb400f125d2b26dd0 from 0xb400f125e2b20710
12-30 11:33:13.020   360   458 D EvsDriver: doneWithFrame
12-30 11:33:13.023  1547  2118 D ANW_AVRCP: (1547|0x6EF3FCB0)[AVRCP] API getPlayStatusTimerHandler
12-30 11:33:13.023  1547  2118 D ANW_AVRCP: (1547|0x6EF3FCB0)[AVRCP] API AVRCP_GetPlayStatus
12-30 11:33:13.023  1547  2118 D ANWStack: [  10528845][ANWBT] <<Avctp_Send_Message 0/1:
12-30 11:33:13.023  1547  2118 D ANWStack: 
12-30 11:33:13.023  1547  2118 D ANWStack: [  10528845][ANWBT] L2CAP: L2_RetrieveHandle called, cid=0x83
12-30 11:33:13.023  1547  2118 D ANWStack: 
12-30 11:33:13.033   650   729 D fgemcucomm: sd Uart data : 6AA60249D0000292024F
12-30 11:33:13.033   650   729 D fgemcucomm: rev uart=87435,len=56, data : 6AA68149D0003092020019000000000000000000000000000000000000000000000000000000000000000000000000000000000000000089
12-30 11:33:13.034   398   398 D adayocomadapter-ParseProtocolFunc: printRaWMsg Name[MCUToUPstream recv] len[48] data[920200190000000000000000000000000000000000000000000000000000000000000000000000000000000000000000]
12-30 11:33:13.034   398   398 D adayocomadapter-CommunicationManager: onUpstreamback   member[0] dataLength[45] timePoint[10528855]
12-30 11:33:13.034   398   398 D adayocomadapter-ParseProtocolFunc: printRaWMsg Name[onUpstreamback] len[45] data[190000000000000000000000000000000000000000000000000000000000000000000000000000000000000000]
12-30 11:33:13.034   398   464 D adayocomadapter-UpstreamHandler: processBeforePacket upSreamtProcessTimePoint[10528855] 
12-30 11:33:13.034   398   464 D adayocomadapter-UpstreamHandler: processPacket UPSTREAM_QUEUE_DATA_TIMEOUT
12-30 11:33:13.034   398   464 D adayocomadapter-ParseProtocolFunc: parseCommonIPCLBytes Processing tableNumber[25]
12-30 11:33:13.034   398   464 D adayocomadapter-ParseProtocolFunc: parseCommonIPCLBytes Processing tablename[Table-25] tableSize[45]
12-30 11:33:13.034   398   464 D adayocomadapter-ParseProtocolFunc: printRaWMsg Name[byteStream recv] len[45] data[190000000000000000000000000000000000000000000000000000000000000000000000000000000000000000]
12-30 11:33:13.034   398   464 D adayocomadapter-ParseProtocolFunc: printRaWMsg Name[IPCLtoVHAL] len[6] data[214020C50000]
12-30 11:33:13.034   398   464 D adayocomadapter-ParseProtocolFunc: printRaWMsg Name[IPCLtoVHAL] len[6] data[214021060000]
12-30 11:33:13.034   398   464 D adayocomadapter-ParseProtocolFunc: printRaWMsg Name[IPCLtoVHAL] len[6] data[214021320000]
12-30 11:33:13.034   398   464 D adayocomadapter-ParseProtocolFunc: printRaWMsg Name[IPCLtoVHAL] len[6] data[214020BF0000]
12-30 11:33:13.034   398   464 D adayocomadapter-ParseProtocolFunc: printRaWMsg Name[IPCLtoVHAL] len[6] data[2140212F0000]
12-30 11:33:13.034   398   464 D adayocomadapter-ParseProtocolFunc: printRaWMsg Name[IPCLtoVHAL] len[6] data[214020260000]
12-30 11:33:13.034   398   464 D adayocomadapter-ParseProtocolFunc: printRaWMsg Name[IPCLtoVHAL] len[6] data[214020B30000]
12-30 11:33:13.034   398   464 D adayocomadapter-ParseProtocolFunc: printRaWMsg Name[IPCLtoVHAL] len[6] data[2140219E0000]
12-30 11:33:13.034   398   464 D adayocomadapter-ParseProtocolFunc: printRaWMsg Name[IPCLtoVHAL] len[6] data[214021300000]
12-30 11:33:13.034   398   464 D adayocomadapter-ParseProtocolFunc: printRaWMsg Name[IPCLtoVHAL] len[11] data[2141204A01000000000000]
12-30 11:33:13.034   398   464 D adayocomadapter-ParseProtocolFunc: printRaWMsg Name[IPCLtoVHAL] len[6] data[214020BD0000]
12-30 11:33:13.034   398   464 D adayocomadapter-ParseProtocolFunc: printRaWMsg Name[IPCLtoVHAL] len[6] data[2140213B0000]
12-30 11:33:13.034   398   464 D adayocomadapter-ParseProtocolFunc: printRaWMsg Name[IPCLtoVHAL] len[6] data[214020AE0000]
12-30 11:33:13.034   398   464 D adayocomadapter-ParseProtocolFunc: printRaWMsg Name[IPCLtoVHAL] len[6] data[2140210D0000]
12-30 11:33:13.034   398   464 D adayocomadapter-ParseProtocolFunc: printRaWMsg Name[IPCLtoVHAL] len[6] data[214010180000]
12-30 11:33:13.034   398   464 D adayocomadapter-ParseProtocolFunc: printRaWMsg Name[IPCLtoVHAL] len[6] data[214020A90000]
12-30 11:33:13.034   398   464 D adayocomadapter-ParseProtocolFunc: printRaWMsg Name[IPCLtoVHAL] len[6] data[214020AB0000]
12-30 11:33:13.034   398   464 D adayocomadapter-ParseProtocolFunc: printRaWMsg Name[IPCLtoVHAL] len[6] data[214020AD0000]
12-30 11:33:13.034   398   464 D adayocomadapter-ParseProtocolFunc: printRaWMsg Name[IPCLtoVHAL] len[6] data[2140213A0000]
12-30 11:33:13.034   398   464 D adayocomadapter-ParseProtocolFunc: printRaWMsg Name[IPCLtoVHAL] len[6] data[214021C70000]
12-30 11:33:13.034   398   464 D adayocomadapter-ParseProtocolFunc: printRaWMsg Name[IPCLtoVHAL] len[6] data[214020F20000]
12-30 11:33:13.034   398   464 D adayocomadapter-ParseProtocolFunc: printRaWMsg Name[IPCLtoVHAL] len[6] data[214020F10000]
12-30 11:33:13.034   398   464 D adayocomadapter-ParseProtocolFunc: printRaWMsg Name[IPCLtoVHAL] len[6] data[214021120000]
12-30 11:33:13.034   398   464 D adayocomadapter-ParseProtocolFunc: printRaWMsg Name[IPCLtoVHAL] len[7] data[2140219F000000]
12-30 11:33:13.034   398   464 D adayocomadapter-ParseProtocolFunc: printRaWMsg Name[IPCLtoVHAL] len[6] data[214021390000]
12-30 11:33:13.034   398   464 D adayocomadapter-ParseProtocolFunc: printRaWMsg Name[IPCLtoVHAL] len[7] data[21402025000000]
12-30 11:33:13.034   398   464 D adayocomadapter-ParseProtocolFunc: printRaWMsg Name[IPCLtoVHAL] len[9] data[214020330000000000]
12-30 11:33:13.034   398   464 D adayocomadapter-ParseProtocolFunc: printRaWMsg Name[IPCLtoVHAL] len[6] data[214020340000]
12-30 11:33:13.034   398   464 D adayocomadapter-ParseProtocolFunc: printRaWMsg Name[IPCLtoVHAL] len[6] data[2140218C0000]
12-30 11:33:13.034   398   464 D adayocomadapter-ParseProtocolFunc: printRaWMsg Name[IPCLtoVHAL] len[6] data[2140219B0000]
12-30 11:33:13.034   398   464 D adayocomadapter-ParseProtocolFunc: printRaWMsg Name[IPCLtoVHAL] len[6] data[214021A00000]
12-30 11:33:13.034   398   464 D adayocomadapter-ParseProtocolFunc: printRaWMsg Name[IPCLtoVHAL] len[6] data[214021A30000]
12-30 11:33:13.034   398   464 D adayocomadapter-ParseProtocolFunc: printRaWMsg Name[IPCLtoVHAL] len[6] data[214021A40000]
12-30 11:33:13.034   398   464 D adayocomadapter-ParseProtocolFunc: printRaWMsg Name[IPCLtoVHAL] len[6] data[214021CB0000]
12-30 11:33:13.034   398   464 D adayocomadapter-CommunicationManager: onUpstreamReceive mPropertyId 0x214020c5
12-30 11:33:13.034   398   464 D adayocomadapter-CommunicationManager: convertBytesToInt32Memcpy  0
12-30 11:33:13.034   398   464 I vw-vhal : notifyVehicleProperty, propId = 0x214020c5, data = {status: 2, int32Values: [0]}
12-30 11:33:13.034   398   464 I vw-vhal : CanSignalsAdapter::notifyVehicleProperty: solvedValue = {.timestamp = 10528856805919, .areaId = 0, .prop = 557850821, .status = AVAILABLE, .value = {.int32Values = [1]{0}, .floatValues = [0]{}, .int64Values = [0]{}, .bytes = [0]{}, .stringValue = ""}}
12-30 11:33:13.035   398   464 I VehiclePropertyStore: begin to write value to Store: {.timestamp = 10528856805919, .areaId = 0, .prop = 557850821, .status = AVAILABLE, .value = {.int32Values = [1]{0}, .floatValues = [0]{}, .int64Values = [0]{}, .bytes = [0]{}, .stringValue = ""}}
12-30 11:33:13.035   398   464 I DefaultVehicleHal_v2_0: DefaultVehicleHal::onPropertyValue, value:{.timestamp = 10528856805919, .areaId = 0, .prop = 557850821, .status = AVAILABLE, .value = {.int32Values = [1]{0}, .floatValues = [0]{}, .int64Values = [0]{}, .bytes = [0]{}, .stringValue = ""}}
12-30 11:33:13.035   398   464 D DiagPropHandler: is not DiagnosticConfig: 0x214020c5
12-30 11:33:13.035   398   464 I VehiclePropertyStore: begin to write value to Store: {.timestamp = 10528856805919, .areaId = 0, .prop = 557850821, .status = AVAILABLE, .value = {.int32Values = [1]{0}, .floatValues = [0]{}, .int64Values = [0]{}, .bytes = [0]{}, .stringValue = ""}}
12-30 11:33:13.035   398   464 D adayocomadapter-CommunicationManager: onUpstreamReceive mPropertyId 0x214020c5
12-30 11:33:13.035   398   464 D adayocomadapter-CommunicationManager: onUpstreamReceive mPropertyId 0x21402106
12-30 11:33:13.035   398   464 D adayocomadapter-CommunicationManager: convertBytesToInt32Memcpy  0
12-30 11:33:13.035   398   464 I vw-vhal : notifyVehicleProperty, propId = 0x21402106, data = {status: 2, int32Values: [0]}
12-30 11:33:13.035   398   464 I vw-vhal : CanSignalsAdapter::notifyVehicleProperty: solvedValue = {.timestamp = 10528857043919, .areaId = 0, .prop = 557850886, .status = AVAILABLE, .value = {.int32Values = [1]{0}, .floatValues = [0]{}, .int64Values = [0]{}, .bytes = [0]{}, .stringValue = ""}}
12-30 11:33:13.035   398   464 I VehiclePropertyStore: begin to write value to Store: {.timestamp = 10528857043919, .areaId = 0, .prop = 557850886, .status = AVAILABLE, .value = {.int32Values = [1]{0}, .floatValues = [0]{}, .int64Values = [0]{}, .bytes = [0]{}, .stringValue = ""}}
12-30 11:33:13.035   398   464 I DefaultVehicleHal_v2_0: DefaultVehicleHal::onPropertyValue, value:{.timestamp = 10528857043919, .areaId = 0, .prop = 557850886, .status = AVAILABLE, .value = {.int32Values = [1]{0}, .floatValues = [0]{}, .int64Values = [0]{}, .bytes = [0]{}, .stringValue = ""}}
12-30 11:33:13.035   398   464 D DiagPropHandler: is not DiagnosticConfig: 0x21402106
12-30 11:33:13.035   398   464 I VehiclePropertyStore: begin to write value to Store: {.timestamp = 10528857043919, .areaId = 0, .prop = 557850886, .status = AVAILABLE, .value = {.int32Values = [1]{0}, .floatValues = [0]{}, .int64Values = [0]{}, .bytes = [0]{}, .stringValue = ""}}
12-30 11:33:13.035   398   464 D adayocomadapter-CommunicationManager: onUpstreamReceive mPropertyId 0x21402106
12-30 11:33:13.035   398   464 D adayocomadapter-CommunicationManager: onUpstreamReceive mPropertyId 0x21402132
12-30 11:33:13.035   398   464 D adayocomadapter-CommunicationManager: convertBytesToInt32Memcpy  0
12-30 11:33:13.035   398   464 I vw-vhal : notifyVehicleProperty, propId = 0x21402132, data = {status: 2, int32Values: [0]}
12-30 11:33:13.035   398   464 I vw-vhal : CanSignalsAdapter::notifyVehicleProperty: solvedValue = {.timestamp = 10528857251919, .areaId = 0, .prop = 557850930, .status = AVAILABLE, .value = {.int32Values = [1]{0}, .floatValues = [0]{}, .int64Values = [0]{}, .bytes = [0]{}, .stringValue = ""}}
12-30 11:33:13.035   398   464 I VehiclePropertyStore: begin to write value to Store: {.timestamp = 10528857251919, .areaId = 0, .prop = 557850930, .status = AVAILABLE, .value = {.int32Values = [1]{0}, .floatValues = [0]{}, .int64Values = [0]{}, .bytes = [0]{}, .stringValue = ""}}
12-30 11:33:13.035   398   464 I DefaultVehicleHal_v2_0: DefaultVehicleHal::onPropertyValue, value:{.timestamp = 10528857251919, .areaId = 0, .prop = 557850930, .status = AVAILABLE, .value = {.int32Values = [1]{0}, .floatValues = [0]{}, .int64Values = [0]{}, .bytes = [0]{}, .stringValue = ""}}
12-30 11:33:13.035   398   464 D DiagPropHandler: is not DiagnosticConfig: 0x21402132
12-30 11:33:13.035   398   464 I VehiclePropertyStore: begin to write value to Store: {.timestamp = 10528857251919, .areaId = 0, .prop = 557850930, .status = AVAILABLE, .value = {.int32Values = [1]{0}, .floatValues = [0]{}, .int64Values = [0]{}, .bytes = [0]{}, .stringValue = ""}}
12-30 11:33:13.035   398   464 D adayocomadapter-CommunicationManager: onUpstreamReceive mPropertyId 0x21402132
12-30 11:33:13.035   398   464 D adayocomadapter-CommunicationManager: onUpstreamReceive mPropertyId 0x214020bf
12-30 11:33:13.035   398   464 D adayocomadapter-CommunicationManager: convertBytesToInt32Memcpy  0
12-30 11:33:13.035   398   464 I vw-vhal : notifyVehicleProperty, propId = 0x214020bf, data = {status: 2, int32Values: [0]}
12-30 11:33:13.035   398   464 I vw-vhal : CanSignalsAdapter::notifyVehicleProperty: solvedValue = {.timestamp = 10528857456586, .areaId = 0, .prop = 557850815, .status = AVAILABLE, .value = {.int32Values = [1]{0}, .floatValues = [0]{}, .int64Values = [0]{}, .bytes = [0]{}, .stringValue = ""}}
12-30 11:33:13.035   398   464 I VehiclePropertyStore: begin to write value to Store: {.timestamp = 10528857456586, .areaId = 0, .prop = 557850815, .status = AVAILABLE, .value = {.int32Values = [1]{0}, .floatValues = [0]{}, .int64Values = [0]{}, .bytes = [0]{}, .stringValue = ""}}
12-30 11:33:13.035   398   464 I DefaultVehicleHal_v2_0: DefaultVehicleHal::onPropertyValue, value:{.timestamp = 10528857456586, .areaId = 0, .prop = 557850815, .status = AVAILABLE, .value = {.int32Values = [1]{0}, .floatValues = [0]{}, .int64Values = [0]{}, .bytes = [0]{}, .stringValue = ""}}
12-30 11:33:13.035   398   464 D DiagPropHandler: is not DiagnosticConfig: 0x214020bf
12-30 11:33:13.035   398   464 I VehiclePropertyStore: begin to write value to Store: {.timestamp = 10528857456586, .areaId = 0, .prop = 557850815, .status = AVAILABLE, .value = {.int32Values = [1]{0}, .floatValues = [0]{}, .int64Values = [0]{}, .bytes = [0]{}, .stringValue = ""}}
12-30 11:33:13.035   398   464 D adayocomadapter-CommunicationManager: onUpstreamReceive mPropertyId 0x214020bf
12-30 11:33:13.035   398   464 D adayocomadapter-CommunicationManager: onUpstreamReceive mPropertyId 0x2140212f
12-30 11:33:13.035   398   464 D adayocomadapter-CommunicationManager: convertBytesToInt32Memcpy  0
12-30 11:33:13.035   398   464 I vw-vhal : notifyVehicleProperty, propId = 0x2140212f, data = {status: 2, int32Values: [0]}
12-30 11:33:13.035   398   464 I vw-vhal : CanSignalsAdapter::notifyVehicleProperty: solvedValue = {.timestamp = 10528857642919, .areaId = 0, .prop = 557850927, .status = AVAILABLE, .value = {.int32Values = [1]{0}, .floatValues = [0]{}, .int64Values = [0]{}, .bytes = [0]{}, .stringValue = ""}}
12-30 11:33:13.035   398   464 I VehiclePropertyStore: begin to write value to Store: {.timestamp = 10528857642919, .areaId = 0, .prop = 557850927, .status = AVAILABLE, .value = {.int32Values = [1]{0}, .floatValues = [0]{}, .int64Values = [0]{}, .bytes = [0]{}, .stringValue = ""}}
12-30 11:33:13.035   398   464 I DefaultVehicleHal_v2_0: DefaultVehicleHal::onPropertyValue, value:{.timestamp = 10528857642919, .areaId = 0, .prop = 557850927, .status = AVAILABLE, .value = {.int32Values = [1]{0}, .floatValues = [0]{}, .int64Values = [0]{}, .bytes = [0]{}, .stringValue = ""}}
12-30 11:33:13.035   398   464 D DiagPropHandler: is not DiagnosticConfig: 0x2140212f
12-30 11:33:13.035   398   464 I VehiclePropertyStore: begin to write value to Store: {.timestamp = 10528857642919, .areaId = 0, .prop = 557850927, .status = AVAILABLE, .value = {.int32Values = [1]{0}, .floatValues = [0]{}, .int64Values = [0]{}, .bytes = [0]{}, .stringValue = ""}}
12-30 11:33:13.035   398   464 D adayocomadapter-CommunicationManager: onUpstreamReceive mPropertyId 0x2140212f
12-30 11:33:13.035   398   464 D adayocomadapter-CommunicationManager: onUpstreamReceive mPropertyId 0x21402026
12-30 11:33:13.035   398   464 D adayocomadapter-CommunicationManager: convertBytesToInt32Memcpy  0
12-30 11:33:13.035   398   464 I vw-vhal : notifyVehicleProperty, propId = 0x21402026, data = {status: 2, int32Values: [0]}
12-30 11:33:13.036   398   464 I vw-vhal : CanSignalsAdapter::notifyVehicleProperty: solvedValue = {.timestamp = 10528857854919, .areaId = 0, .prop = 557850662, .status = AVAILABLE, .value = {.int32Values = [1]{0}, .floatValues = [0]{}, .int64Values = [0]{}, .bytes = [0]{}, .stringValue = ""}}
